2026-03-08T23:05:19.768+0000 7ffbad4ce640 1 -- --> [v2:192.168.123.107:3300/0,v1:192.168.123.107:6789/0] -- mon_getmap magic: 0 -- 0x7ffba8109940 con 0x7ffba8105560
2026-03-08T23:05:19.917 INFO:teuthology.orchestra.run.vm07.stdout:/usr/bin/ceph: stderr
2026-03-08T23:05:19.768+0000 7ffba6ffd640 1 --2- >> [v2:192.168.123.107:3300/0,v1:192.168.123.107:6789/0] conn(0x7ffba8105560 0x7ffba81a3eb0 unknown :-1 s=BANNER_CONNECTING pgs=0 cs=0 l=1 rev1=0 crypto rx=0 tx=0 comp rx=0 tx=0)._handle_peer_banner_payload supported=3 required=0
2026-03-08T23:05:19.917 INFO:teuthology.orchestra.run.vm07.stdout:/usr/bin/ceph: stderr
2026-03-08T23:05:19.768+0000 7ffba6ffd640 1 --2- >> [v2:192.168.123.107:3300/0,v1:192.168.123.107:6789/0] conn(0x7ffba8105560 0x7ffba81a3eb0 unknown :-1 s=HELLO_CONNECTING pgs=0 cs=0 l=1 rev1=1 crypto rx=0 tx=0 comp rx=0 tx=0).handle_hello peer v2:192.168.123.107:3300/0 says I am v2:192.168.123.107:39206/0 (socket says 192.168.123.107:39206)
2026-03-08T23:05:19.917 INFO:teuthology.orchestra.run.vm07.stdout:/usr/bin/ceph: stderr
2026-03-08T23:05:19.768+0000 7ffba6ffd640 1 -- 192.168.123.107:0/2327090156 learned_addr learned my addr 192.168.123.107:0/2327090156 (peer_addr_for_me v2:192.168.123.107:0/0)
2026-03-08T23:05:19.917 INFO:teuthology.orchestra.run.vm07.stdout:/usr/bin/ceph: stderr
2026-03-08T23:05:19.768+0000 7ffba6ffd640 1 -- 192.168.123.107:0/2327090156 --> [v2:192.168.123.107:3300/0,v1:192.168.123.107:6789/0] -- mon_subscribe({config=0+,monmap=0+}) -- 0x7ffba81a43f0 con 0x7ffba8105560
2026-03-08T23:05:19.917 INFO:teuthology.orchestra.run.vm07.stdout:/usr/bin/ceph: stderr
2026-03-08T23:05:19.768+0000 7ffba6ffd640 1 --2- 192.168.123.107:0/2327090156 >> [v2:192.168.123.107:3300/0,v1:192.168.123.107:6789/0] conn(0x7ffba8105560 0x7ffba81a3eb0 secure :-1 s=READY pgs=52 cs=0 l=1 rev1=1 crypto rx=0x7ffb9c0039b0 tx=0x7ffb9c0039e0 comp rx=0 tx=0).ready entity=mon.0 client_cookie=0 server_cookie=0 in_seq=0 out_seq=0
2026-03-08T23:05:19.917 INFO:teuthology.orchestra.run.vm07.stdout:/usr/bin/ceph: stderr
2026-03-08T23:05:19.768+0000 7ffb87fff640 1 -- 192.168.123.107:0/2327090156 <== mon.0 v2:192.168.123.107:3300/0 1 ==== mon_map magic: 0 ==== 205+0+0 (secure 0 0 0) 0x7ffb9c03c040 con 0x7ffba8105560
2026-03-08T23:05:19.917 INFO:teuthology.orchestra.run.vm07.stdout:/usr/bin/ceph: stderr
2026-03-08T23:05:19.768+0000 7ffb87fff640 1 -- 192.168.123.107:0/2327090156 <== mon.0 v2:192.168.123.107:3300/0 2 ==== config(25 keys) ==== 1007+0+0 (secure 0 0 0) 0x7ffb9c003c70 con 0x7ffba8105560
2026-03-08T23:05:19.917 INFO:teuthology.orchestra.run.vm07.stdout:/usr/bin/ceph: stderr
2026-03-08T23:05:19.768+0000 7ffb87fff640 1 -- 192.168.123.107:0/2327090156 <== mon.0 v2:192.168.123.107:3300/0 3 ==== mon_map magic: 0 ==== 205+0+0 (secure 0 0 0) 0x7ffb9c035d90 con 0x7ffba8105560
2026-03-08T23:05:19.917 INFO:teuthology.orchestra.run.vm07.stdout:/usr/bin/ceph: stderr
2026-03-08T23:05:19.768+0000 7ffbad4ce640 1 -- 192.168.123.107:0/2327090156 --> [v2:192.168.123.107:3300/0,v1:192.168.123.107:6789/0] -- mon_subscribe({mgrmap=0+}) -- 0x7ffba81a4680 con 0x7ffba8105560
2026-03-08T23:05:19.917 INFO:teuthology.orchestra.run.vm07.stdout:/usr/bin/ceph: stderr
2026-03-08T23:05:19.768+0000 7ffbad4ce640 1 -- 192.168.123.107:0/2327090156 --> [v2:192.168.123.107:3300/0,v1:192.168.123.107:6789/0] -- mon_subscribe({osdmap=0}) -- 0x7ffba81a7370 con 0x7ffba8105560
2026-03-08T23:05:19.917 INFO:teuthology.orchestra.run.vm07.stdout:/usr/bin/ceph: stderr
2026-03-08T23:05:19.768+0000 7ffb87fff640 1 -- 192.168.123.107:0/2327090156 <== mon.0 v2:192.168.123.107:3300/0 4 ==== mgrmap(e 7) ==== 50247+0+0 (secure 0 0 0) 0x7ffb9c02fa10 con 0x7ffba8105560
2026-03-08T23:05:19.917 INFO:teuthology.orchestra.run.vm07.stdout:/usr/bin/ceph: stderr
2026-03-08T23:05:19.768+0000 7ffb87fff640 1 --2- 192.168.123.107:0/2327090156 >> [v2:192.168.123.107:6800/2131720749,v1:192.168.123.107:6801/2131720749] conn(0x7ffb8003d8d0 0x7ffb8003fd90 unknown :-1 s=NONE pgs=0 cs=0 l=1 rev1=0 crypto rx=0 tx=0 comp rx=0 tx=0).connect
2026-03-08T23:05:19.917 INFO:teuthology.orchestra.run.vm07.stdout:/usr/bin/ceph: stderr
2026-03-08T23:05:19.768+0000 7ffb87fff640 1 -- 192.168.123.107:0/2327090156 <== mon.0 v2:192.168.123.107:3300/0 5 ==== osd_map(2..2 src has 1..2) ==== 940+0+0 (secure 0 0 0) 0x7ffb9c0769f0 con 0x7ffba8105560
2026-03-08T23:05:19.917 INFO:teuthology.orchestra.run.vm07.stdout:/usr/bin/ceph: stderr
2026-03-08T23:05:19.768+0000 7ffba67fc640 1 --2- 192.168.123.107:0/2327090156 >> [v2:192.168.123.107:6800/2131720749,v1:192.168.123.107:6801/2131720749] conn(0x7ffb8003d8d0 0x7ffb8003fd90 unknown :-1 s=BANNER_CONNECTING pgs=0 cs=0 l=1 rev1=0 crypto rx=0 tx=0 comp rx=0 tx=0)._handle_peer_banner_payload supported=3 required=0
2026-03-08T23:05:19.917 INFO:teuthology.orchestra.run.vm07.stdout:/usr/bin/ceph: stderr
2026-03-08T23:05:19.772+0000 7ffbad4ce640 1 -- 192.168.123.107:0/2327090156 --> [v2:192.168.123.107:3300/0,v1:192.168.123.107:6789/0] -- mon_command({"prefix": "get_command_descriptions"} v 0) -- 0x7ffba8105960 con 0x7ffba8105560
2026-03-08T23:05:19.917 INFO:teuthology.orchestra.run.vm07.stdout:/usr/bin/ceph: stderr
2026-03-08T23:05:19.772+0000 7ffba67fc640 1 --2- 192.168.123.107:0/2327090156 >> [v2:192.168.123.107:6800/2131720749,v1:192.168.123.107:6801/2131720749] conn(0x7ffb8003d8d0 0x7ffb8003fd90 secure :-1 s=READY pgs=15 cs=0 l=1 rev1=1 crypto rx=0x7ffb90009a10 tx=0x7ffb90006eb0 comp rx=0 tx=0).ready entity=mgr.14118 client_cookie=0 server_cookie=0 in_seq=0 out_seq=0
2026-03-08T23:05:19.917 INFO:teuthology.orchestra.run.vm07.stdout:/usr/bin/ceph: stderr
2026-03-08T23:05:19.772+0000 7ffb87fff640 1 -- 192.168.123.107:0/2327090156 <== mon.0 v2:192.168.123.107:3300/0 6 ==== mon_command_ack([{"prefix": "get_command_descriptions"}]=0 v0) ==== 72+0+195034 (secure 0 0 0) 0x7ffb9c049310 con 0x7ffba8105560
2026-03-08T23:05:19.917 INFO:teuthology.orchestra.run.vm07.stdout:/usr/bin/ceph: stderr
2026-03-08T23:05:19.864+0000 7ffbad4ce640 1 -- 192.168.123.107:0/2327090156 --> [v2:192.168.123.107:3300/0,v1:192.168.123.107:6789/0] -- mon_command([{prefix=config set, name=mgr/dashboard/ssl_server_port}] v 0) -- 0x7ffba81a77d0 con 0x7ffba8105560
2026-03-08T23:05:19.917 INFO:teuthology.orchestra.run.vm07.stdout:/usr/bin/ceph: stderr
2026-03-08T23:05:19.868+0000 7ffb87fff640 1 -- 192.168.123.107:0/2327090156 <== mon.0 v2:192.168.123.107:3300/0 7 ==== mon_command_ack([{prefix=config set, name=mgr/dashboard/ssl_server_port}]=0 v7)=0 v7) ==== 130+0+0 (secure 0 0 0) 0x7ffb9c04a3b0 con 0x7ffba8105560
2026-03-08T23:05:19.917 INFO:teuthology.orchestra.run.vm07.stdout:/usr/bin/ceph: stderr
2026-03-08T23:05:19.876+0000 7ffbad4ce640 1 -- 192.168.123.107:0/2327090156 >> [v2:192.168.123.107:6800/2131720749,v1:192.168.123.107:6801/2131720749] conn(0x7ffb8003d8d0 msgr2=0x7ffb8003fd90 secure :-1 s=STATE_CONNECTION_ESTABLISHED l=1).mark_down
2026-03-08T23:05:19.917 INFO:teuthology.orchestra.run.vm07.stdout:/usr/bin/ceph: stderr
2026-03-08T23:05:19.876+0000 7ffbad4ce640 1 --2- 192.168.123.107:0/2327090156 >> [v2:192.168.123.107:6800/2131720749,v1:192.168.123.107:6801/2131720749] conn(0x7ffb8003d8d0 0x7ffb8003fd90 secure :-1 s=READY pgs=15 cs=0 l=1 rev1=1 crypto rx=0x7ffb90009a10 tx=0x7ffb90006eb0 comp rx=0 tx=0).stop
2026-03-08T23:05:19.917 INFO:teuthology.orchestra.run.vm07.stdout:/usr/bin/ceph: stderr
2026-03-08T23:05:19.876+0000 7ffbad4ce640 1 -- 192.168.123.107:0/2327090156 >> [v2:192.168.123.107:3300/0,v1:192.168.123.107:6789/0] conn(0x7ffba8105560 msgr2=0x7ffba81a3eb0 secure :-1 s=STATE_CONNECTION_ESTABLISHED l=1).mark_down
2026-03-08T23:05:19.917 INFO:teuthology.orchestra.run.vm07.stdout:/usr/bin/ceph: stderr
2026-03-08T23:05:19.876+0000 7ffbad4ce640 1 --2- 192.168.123.107:0/2327090156 >> [v2:192.168.123.107:3300/0,v1:192.168.123.107:6789/0] conn(0x7ffba8105560 0x7ffba81a3eb0 secure :-1 s=READY pgs=52 cs=0 l=1 rev1=1 crypto rx=0x7ffb9c0039b0 tx=0x7ffb9c0039e0 comp rx=0 tx=0).stop
2026-03-08T23:05:19.917 INFO:teuthology.orchestra.run.vm07.stdout:/usr/bin/ceph: stderr
2026-03-08T23:05:19.876+0000 7ffbad4ce640 1 -- 192.168.123.107:0/2327090156 shutdown_connections
2026-03-08T23:05:19.917 INFO:teuthology.orchestra.run.vm07.stdout:/usr/bin/ceph: stderr
2026-03-08T23:05:19.876+0000 7ffbad4ce640 1 --2- 192.168.123.107:0/2327090156 >> [v2:192.168.123.107:6800/2131720749,v1:192.168.123.107:6801/2131720749] conn(0x7ffb8003d8d0 0x7ffb8003fd90 unknown :-1 s=CLOSED pgs=15 cs=0 l=1 rev1=1 crypto rx=0 tx=0 comp rx=0 tx=0).stop
2026-03-08T23:05:19.917 INFO:teuthology.orchestra.run.vm07.stdout:/usr/bin/ceph: stderr
2026-03-08T23:05:19.876+0000 7ffbad4ce640 1 --2- 192.168.123.107:0/2327090156 >> [v2:192.168.123.107:3300/0,v1:192.168.123.107:6789/0] conn(0x7ffba8105560 0x7ffba81a3eb0 unknown :-1 s=CLOSED pgs=52 cs=0 l=1 rev1=1 crypto rx=0 tx=0 comp rx=0 tx=0).stop
2026-03-08T23:05:19.917 INFO:teuthology.orchestra.run.vm07.stdout:/usr/bin/ceph: stderr
2026-03-08T23:05:19.876+0000 7ffbad4ce640 1 -- 192.168.123.107:0/2327090156 >> 192.168.123.107:0/2327090156 conn(0x7ffba8101080 msgr2=0x7ffba8101c70 unknown :-1 s=STATE_NONE l=0).mark_down
2026-03-08T23:05:19.917 INFO:teuthology.orchestra.run.vm07.stdout:/usr/bin/ceph: stderr
2026-03-08T23:05:19.876+0000 7ffbad4ce640 1 -- 192.168.123.107:0/2327090156 shutdown_connections
2026-03-08T23:05:19.917 INFO:teuthology.orchestra.run.vm07.stdout:/usr/bin/ceph: stderr
2026-03-08T23:05:19.876+0000 7ffbad4ce640 1 -- 192.168.123.107:0/2327090156 wait complete.
2026-03-08T23:05:19.917 INFO:teuthology.orchestra.run.vm07.stdout:Enabling the dashboard module...
2026-03-08T23:05:20.970 INFO:teuthology.orchestra.run.vm07.stdout:/usr/bin/ceph: stderr
2026-03-08T23:05:20.032+0000 7fbe26cf5640 1 Processor -- start
2026-03-08T23:05:20.970 INFO:teuthology.orchestra.run.vm07.stdout:/usr/bin/ceph: stderr
2026-03-08T23:05:20.032+0000 7fbe26cf5640 1 -- start start
2026-03-08T23:05:20.971 INFO:teuthology.orchestra.run.vm07.stdout:/usr/bin/ceph: stderr
2026-03-08T23:05:20.032+0000 7fbe26cf5640 1 --2- >> [v2:192.168.123.107:3300/0,v1:192.168.123.107:6789/0] conn(0x7fbe20105560 0x7fbe20105960 unknown :-1 s=NONE pgs=0 cs=0 l=0 rev1=0 crypto rx=0 tx=0 comp rx=0 tx=0).connect
2026-03-08T23:05:20.971 INFO:teuthology.orchestra.run.vm07.stdout:/usr/bin/ceph: stderr
2026-03-08T23:05:20.032+0000 7fbe26cf5640 1 -- --> [v2:192.168.123.107:3300/0,v1:192.168.123.107:6789/0] -- mon_getmap magic: 0 -- 0x7fbe20105f30 con 0x7fbe20105560
2026-03-08T23:05:20.971 INFO:teuthology.orchestra.run.vm07.stdout:/usr/bin/ceph: stderr
2026-03-08T23:05:20.036+0000 7fbe24a6a640 1 --2- >> [v2:192.168.123.107:3300/0,v1:192.168.123.107:6789/0] conn(0x7fbe20105560 0x7fbe20105960 unknown :-1 s=BANNER_CONNECTING pgs=0 cs=0 l=0 rev1=0 crypto rx=0 tx=0 comp rx=0 tx=0)._handle_peer_banner_payload supported=3 required=0
2026-03-08T23:05:20.971 INFO:teuthology.orchestra.run.vm07.stdout:/usr/bin/ceph: stderr
2026-03-08T23:05:20.036+0000 7fbe24a6a640 1 --2- >> [v2:192.168.123.107:3300/0,v1:192.168.123.107:6789/0] conn(0x7fbe20105560 0x7fbe20105960 unknown :-1 s=HELLO_CONNECTING pgs=0 cs=0 l=0 rev1=1 crypto rx=0 tx=0 comp rx=0 tx=0).handle_hello peer v2:192.168.123.107:3300/0 says I am v2:192.168.123.107:39214/0 (socket says 192.168.123.107:39214)
2026-03-08T23:05:20.971 INFO:teuthology.orchestra.run.vm07.stdout:/usr/bin/ceph: stderr
2026-03-08T23:05:20.036+0000 7fbe24a6a640 1 -- 192.168.123.107:0/3213297847 learned_addr learned my addr 192.168.123.107:0/3213297847 (peer_addr_for_me v2:192.168.123.107:0/0)
2026-03-08T23:05:20.971 INFO:teuthology.orchestra.run.vm07.stdout:/usr/bin/ceph: stderr
2026-03-08T23:05:20.036+0000 7fbe24a6a640 1 -- 192.168.123.107:0/3213297847 --> [v2:192.168.123.107:3300/0,v1:192.168.123.107:6789/0] -- mon_subscribe({config=0+,monmap=0+}) -- 0x7fbe201066f0 con 0x7fbe20105560
2026-03-08T23:05:20.971 INFO:teuthology.orchestra.run.vm07.stdout:/usr/bin/ceph: stderr
2026-03-08T23:05:20.036+0000 7fbe24a6a640 1 --2- 192.168.123.107:0/3213297847 >> [v2:192.168.123.107:3300/0,v1:192.168.123.107:6789/0] conn(0x7fbe20105560 0x7fbe20105960 secure :-1 s=READY pgs=53 cs=0 l=1 rev1=1 crypto rx=0x7fbe10009920 tx=0x7fbe1002ef20 comp rx=0 tx=0).ready entity=mon.0 client_cookie=12116d7f2411f7e5 server_cookie=0 in_seq=0 out_seq=0
2026-03-08T23:05:20.971 INFO:teuthology.orchestra.run.vm07.stdout:/usr/bin/ceph: stderr
2026-03-08T23:05:20.040+0000 7fbe177fe640 1 -- 192.168.123.107:0/3213297847 <== mon.0 v2:192.168.123.107:3300/0 1 ==== mon_map magic: 0 ==== 205+0+0 (secure 0 0 0) 0x7fbe1003c070 con 0x7fbe20105560
2026-03-08T23:05:20.971 INFO:teuthology.orchestra.run.vm07.stdout:/usr/bin/ceph: stderr
2026-03-08T23:05:20.040+0000 7fbe177fe640 1 -- 192.168.123.107:0/3213297847 <== mon.0 v2:192.168.123.107:3300/0 2 ==== config(25 keys) ==== 1007+0+0 (secure 0 0 0) 0x7fbe10037440 con 0x7fbe20105560
2026-03-08T23:05:20.971 INFO:teuthology.orchestra.run.vm07.stdout:/usr/bin/ceph: stderr
2026-03-08T23:05:20.040+0000 7fbe177fe640 1 -- 192.168.123.107:0/3213297847 <== mon.0 v2:192.168.123.107:3300/0 3 ==== mon_map magic: 0 ==== 205+0+0 (secure 0 0 0) 0x7fbe100354d0 con 0x7fbe20105560
2026-03-08T23:05:20.971 INFO:teuthology.orchestra.run.vm07.stdout:/usr/bin/ceph: stderr
2026-03-08T23:05:20.040+0000 7fbe26cf5640 1 -- 192.168.123.107:0/3213297847 >> [v2:192.168.123.107:3300/0,v1:192.168.123.107:6789/0] conn(0x7fbe20105560 msgr2=0x7fbe20105960 secure :-1 s=STATE_CONNECTION_ESTABLISHED l=1).mark_down
2026-03-08T23:05:20.971 INFO:teuthology.orchestra.run.vm07.stdout:/usr/bin/ceph: stderr
2026-03-08T23:05:20.040+0000 7fbe26cf5640 1 --2- 192.168.123.107:0/3213297847 >> [v2:192.168.123.107:3300/0,v1:192.168.123.107:6789/0] conn(0x7fbe20105560 0x7fbe20105960 secure :-1 s=READY pgs=53 cs=0 l=1 rev1=1 crypto rx=0x7fbe10009920 tx=0x7fbe1002ef20 comp rx=0 tx=0).stop
2026-03-08T23:05:20.971 INFO:teuthology.orchestra.run.vm07.stdout:/usr/bin/ceph: stderr
2026-03-08T23:05:20.040+0000 7fbe26cf5640 1 -- 192.168.123.107:0/3213297847 shutdown_connections
2026-03-08T23:05:20.971 INFO:teuthology.orchestra.run.vm07.stdout:/usr/bin/ceph: stderr
2026-03-08T23:05:20.040+0000 7fbe26cf5640 1 --2- 192.168.123.107:0/3213297847 >> [v2:192.168.123.107:3300/0,v1:192.168.123.107:6789/0] conn(0x7fbe20105560 0x7fbe20105960 unknown :-1 s=CLOSED pgs=53 cs=0 l=1 rev1=1 crypto rx=0 tx=0 comp rx=0 tx=0).stop
2026-03-08T23:05:20.971 INFO:teuthology.orchestra.run.vm07.stdout:/usr/bin/ceph: stderr
2026-03-08T23:05:20.040+0000 7fbe26cf5640 1 -- 192.168.123.107:0/3213297847 >> 192.168.123.107:0/3213297847 conn(0x7fbe20101080 msgr2=0x7fbe20103500 unknown :-1 s=STATE_NONE l=0).mark_down
2026-03-08T23:05:20.971 INFO:teuthology.orchestra.run.vm07.stdout:/usr/bin/ceph: stderr
2026-03-08T23:05:20.040+0000 7fbe26cf5640 1 -- 192.168.123.107:0/3213297847 shutdown_connections
2026-03-08T23:05:20.971 INFO:teuthology.orchestra.run.vm07.stdout:/usr/bin/ceph: stderr
2026-03-08T23:05:20.040+0000 7fbe26cf5640 1 -- 192.168.123.107:0/3213297847 wait complete.
2026-03-08T23:05:20.971 INFO:teuthology.orchestra.run.vm07.stdout:/usr/bin/ceph: stderr
2026-03-08T23:05:20.040+0000 7fbe26cf5640 1 Processor -- start
2026-03-08T23:05:20.971 INFO:teuthology.orchestra.run.vm07.stdout:/usr/bin/ceph: stderr
2026-03-08T23:05:20.040+0000 7fbe26cf5640 1 -- start start
2026-03-08T23:05:20.971 INFO:teuthology.orchestra.run.vm07.stdout:/usr/bin/ceph: stderr
2026-03-08T23:05:20.040+0000 7fbe26cf5640 1 --2- >> [v2:192.168.123.107:3300/0,v1:192.168.123.107:6789/0] conn(0x7fbe20105560 0x7fbe201a3e70 unknown :-1 s=NONE pgs=0 cs=0 l=1 rev1=0 crypto rx=0 tx=0 comp rx=0 tx=0).connect
2026-03-08T23:05:20.971 INFO:teuthology.orchestra.run.vm07.stdout:/usr/bin/ceph: stderr
2026-03-08T23:05:20.040+0000 7fbe26cf5640 1 -- --> [v2:192.168.123.107:3300/0,v1:192.168.123.107:6789/0] -- mon_getmap magic: 0 -- 0x7fbe20109940 con 0x7fbe20105560
2026-03-08T23:05:20.971 INFO:teuthology.orchestra.run.vm07.stdout:/usr/bin/ceph: stderr
2026-03-08T23:05:20.040+0000 7fbe24a6a640 1 --2- >> [v2:192.168.123.107:3300/0,v1:192.168.123.107:6789/0] conn(0x7fbe20105560 0x7fbe201a3e70 unknown :-1 s=BANNER_CONNECTING pgs=0 cs=0 l=1 rev1=0 crypto rx=0 tx=0 comp rx=0 tx=0)._handle_peer_banner_payload supported=3 required=0
2026-03-08T23:05:20.971 INFO:teuthology.orchestra.run.vm07.stdout:/usr/bin/ceph: stderr
2026-03-08T23:05:20.040+0000 7fbe24a6a640 1 --2- >> [v2:192.168.123.107:3300/0,v1:192.168.123.107:6789/0] conn(0x7fbe20105560 0x7fbe201a3e70 unknown :-1 s=HELLO_CONNECTING pgs=0 cs=0 l=1 rev1=1 crypto rx=0 tx=0 comp rx=0 tx=0).handle_hello peer v2:192.168.123.107:3300/0 says I am v2:192.168.123.107:39216/0 (socket says 192.168.123.107:39216)
2026-03-08T23:05:20.971 INFO:teuthology.orchestra.run.vm07.stdout:/usr/bin/ceph: stderr
2026-03-08T23:05:20.040+0000 7fbe24a6a640 1 -- 192.168.123.107:0/3081614049 learned_addr learned my addr 192.168.123.107:0/3081614049 (peer_addr_for_me v2:192.168.123.107:0/0)
2026-03-08T23:05:20.971 INFO:teuthology.orchestra.run.vm07.stdout:/usr/bin/ceph: stderr
2026-03-08T23:05:20.040+0000 7fbe24a6a640 1 -- 192.168.123.107:0/3081614049 --> [v2:192.168.123.107:3300/0,v1:192.168.123.107:6789/0] -- mon_subscribe({config=0+,monmap=0+}) -- 0x7fbe201a43b0 con 0x7fbe20105560
2026-03-08T23:05:20.971 INFO:teuthology.orchestra.run.vm07.stdout:/usr/bin/ceph: stderr
2026-03-08T23:05:20.040+0000 7fbe24a6a640 1 --2- 192.168.123.107:0/3081614049 >> [v2:192.168.123.107:3300/0,v1:192.168.123.107:6789/0] conn(0x7fbe20105560 0x7fbe201a3e70 secure :-1 s=READY pgs=54 cs=0 l=1 rev1=1 crypto rx=0x7fbe1002f450 tx=0x7fbe10035a70 comp rx=0 tx=0).ready entity=mon.0 client_cookie=0 server_cookie=0 in_seq=0 out_seq=0
2026-03-08T23:05:20.971 INFO:teuthology.orchestra.run.vm07.stdout:/usr/bin/ceph: stderr
2026-03-08T23:05:20.040+0000 7fbe15ffb640 1 -- 192.168.123.107:0/3081614049 <== mon.0 v2:192.168.123.107:3300/0 1 ==== mon_map magic: 0 ==== 205+0+0 (secure 0 0 0) 0x7fbe1003c030 con 0x7fbe20105560
2026-03-08T23:05:20.971 INFO:teuthology.orchestra.run.vm07.stdout:/usr/bin/ceph: stderr
2026-03-08T23:05:20.044+0000 7fbe15ffb640 1 -- 192.168.123.107:0/3081614049 <== mon.0 v2:192.168.123.107:3300/0 2 ==== config(25 keys) ==== 1007+0+0 (secure 0 0 0) 0x7fbe1003e070 con 0x7fbe20105560
2026-03-08T23:05:20.971 INFO:teuthology.orchestra.run.vm07.stdout:/usr/bin/ceph: stderr
2026-03-08T23:05:20.044+0000 7fbe15ffb640 1 -- 192.168.123.107:0/3081614049 <== mon.0 v2:192.168.123.107:3300/0 3 ==== mon_map magic: 0 ==== 205+0+0 (secure 0 0 0) 0x7fbe100429b0 con 0x7fbe20105560
2026-03-08T23:05:20.971 INFO:teuthology.orchestra.run.vm07.stdout:/usr/bin/ceph: stderr
2026-03-08T23:05:20.048+0000 7fbe26cf5640 1 -- 192.168.123.107:0/3081614049 --> [v2:192.168.123.107:3300/0,v1:192.168.123.107:6789/0] -- mon_subscribe({mgrmap=0+}) -- 0x7fbe201a4640 con 0x7fbe20105560
2026-03-08T23:05:20.971 INFO:teuthology.orchestra.run.vm07.stdout:/usr/bin/ceph: stderr
2026-03-08T23:05:20.048+0000 7fbe26cf5640 1 -- 192.168.123.107:0/3081614049 --> [v2:192.168.123.107:3300/0,v1:192.168.123.107:6789/0] -- mon_subscribe({osdmap=0}) -- 0x7fbe201a7330 con 0x7fbe20105560
2026-03-08T23:05:20.971 INFO:teuthology.orchestra.run.vm07.stdout:/usr/bin/ceph: stderr
2026-03-08T23:05:20.048+0000 7fbe26cf5640 1 -- 192.168.123.107:0/3081614049 --> [v2:192.168.123.107:3300/0,v1:192.168.123.107:6789/0] -- mon_command({"prefix": "get_command_descriptions"} v 0) -- 0x7fbde8005390 con 0x7fbe20105560
2026-03-08T23:05:20.971 INFO:teuthology.orchestra.run.vm07.stdout:/usr/bin/ceph: stderr
2026-03-08T23:05:20.052+0000 7fbe15ffb640 1 -- 192.168.123.107:0/3081614049 <== mon.0 v2:192.168.123.107:3300/0 4 ==== mgrmap(e 7) ==== 50247+0+0 (secure 0 0 0) 0x7fbe10042c20 con 0x7fbe20105560
2026-03-08T23:05:20.971 INFO:teuthology.orchestra.run.vm07.stdout:/usr/bin/ceph: stderr
2026-03-08T23:05:20.052+0000 7fbe15ffb640 1 --2- 192.168.123.107:0/3081614049 >> [v2:192.168.123.107:6800/2131720749,v1:192.168.123.107:6801/2131720749] conn(0x7fbdf803d830 0x7fbdf803fcf0 unknown :-1 s=NONE pgs=0 cs=0 l=1 rev1=0 crypto rx=0 tx=0 comp rx=0 tx=0).connect
2026-03-08T23:05:20.971 INFO:teuthology.orchestra.run.vm07.stdout:/usr/bin/ceph: stderr
2026-03-08T23:05:20.052+0000 7fbe15ffb640 1 -- 192.168.123.107:0/3081614049 <== mon.0 v2:192.168.123.107:3300/0 5 ==== osd_map(2..2 src has 1..2) ==== 940+0+0 (secure 0 0 0) 0x7fbe1003d070 con 0x7fbe20105560
2026-03-08T23:05:20.971 INFO:teuthology.orchestra.run.vm07.stdout:/usr/bin/ceph: stderr
2026-03-08T23:05:20.056+0000 7fbe15ffb640 1 -- 192.168.123.107:0/3081614049 <== mon.0 v2:192.168.123.107:3300/0 6 ==== mon_command_ack([{"prefix": "get_command_descriptions"}]=0 v0) ==== 72+0+195034 (secure 0 0 0) 0x7fbe100770e0 con 0x7fbe20105560
2026-03-08T23:05:20.971 INFO:teuthology.orchestra.run.vm07.stdout:/usr/bin/ceph: stderr
2026-03-08T23:05:20.056+0000 7fbe17fff640 1 --2- 192.168.123.107:0/3081614049 >> [v2:192.168.123.107:6800/2131720749,v1:192.168.123.107:6801/2131720749] conn(0x7fbdf803d830 0x7fbdf803fcf0 unknown :-1 s=BANNER_CONNECTING pgs=0 cs=0 l=1 rev1=0 crypto rx=0 tx=0 comp rx=0 tx=0)._handle_peer_banner_payload supported=3 required=0
2026-03-08T23:05:20.971 INFO:teuthology.orchestra.run.vm07.stdout:/usr/bin/ceph: stderr
2026-03-08T23:05:20.056+0000 7fbe17fff640 1 --2- 192.168.123.107:0/3081614049 >> [v2:192.168.123.107:6800/2131720749,v1:192.168.123.107:6801/2131720749] conn(0x7fbdf803d830 0x7fbdf803fcf0 secure :-1 s=READY pgs=16 cs=0 l=1 rev1=1 crypto rx=0x7fbe08009a10 tx=0x7fbe08006eb0 comp rx=0 tx=0).ready entity=mgr.14118 client_cookie=0 server_cookie=0 in_seq=0 out_seq=0
2026-03-08T23:05:20.971 INFO:teuthology.orchestra.run.vm07.stdout:/usr/bin/ceph: stderr
2026-03-08T23:05:20.192+0000 7fbe26cf5640 1 -- 192.168.123.107:0/3081614049 --> [v2:192.168.123.107:3300/0,v1:192.168.123.107:6789/0] -- mon_command({"prefix": "mgr module enable", "module": "dashboard"} v 0) -- 0x7fbde8005950 con 0x7fbe20105560
2026-03-08T23:05:20.971 INFO:teuthology.orchestra.run.vm07.stdout:/usr/bin/ceph: stderr
2026-03-08T23:05:20.260+0000 7fbe15ffb640 1 -- 192.168.123.107:0/3081614049 <== mon.0 v2:192.168.123.107:3300/0 7 ==== config(25 keys) ==== 1038+0+0 (secure 0 0 0) 0x7fbe10035d90 con 0x7fbe20105560
2026-03-08T23:05:20.971 INFO:teuthology.orchestra.run.vm07.stdout:/usr/bin/ceph: stderr
2026-03-08T23:05:20.872+0000 7fbe15ffb640 1 -- 192.168.123.107:0/3081614049 <== mon.0 v2:192.168.123.107:3300/0 8 ==== mon_command_ack([{"prefix": "mgr module enable", "module": "dashboard"}]=0 v8) ==== 88+0+0 (secure 0 0 0) 0x7fbe1002f9b0 con 0x7fbe20105560
2026-03-08T23:05:20.971 INFO:teuthology.orchestra.run.vm07.stdout:/usr/bin/ceph: stderr
2026-03-08T23:05:20.872+0000 7fbe15ffb640 1 -- 192.168.123.107:0/3081614049 <== mon.0 v2:192.168.123.107:3300/0 9 ==== mgrmap(e 8) ==== 50260+0+0 (secure 0 0 0) 0x7fbe10041ca0 con 0x7fbe20105560
2026-03-08T23:05:20.971 INFO:teuthology.orchestra.run.vm07.stdout:/usr/bin/ceph: stderr
2026-03-08T23:05:20.872+0000 7fbdef7fe640 1 -- 192.168.123.107:0/3081614049 >> [v2:192.168.123.107:6800/2131720749,v1:192.168.123.107:6801/2131720749] conn(0x7fbdf803d830 msgr2=0x7fbdf803fcf0 secure :-1 s=STATE_CONNECTION_ESTABLISHED l=1).mark_down
2026-03-08T23:05:20.971 INFO:teuthology.orchestra.run.vm07.stdout:/usr/bin/ceph: stderr
2026-03-08T23:05:20.872+0000 7fbdef7fe640 1 --2- 192.168.123.107:0/3081614049 >> [v2:192.168.123.107:6800/2131720749,v1:192.168.123.107:6801/2131720749] conn(0x7fbdf803d830 0x7fbdf803fcf0 secure :-1 s=READY pgs=16 cs=0 l=1 rev1=1 crypto rx=0x7fbe08009a10 tx=0x7fbe08006eb0 comp rx=0 tx=0).stop
2026-03-08T23:05:20.971 INFO:teuthology.orchestra.run.vm07.stdout:/usr/bin/ceph: stderr
2026-03-08T23:05:20.872+0000 7fbdef7fe640 1 -- 192.168.123.107:0/3081614049 >> [v2:192.168.123.107:3300/0,v1:192.168.123.107:6789/0] conn(0x7fbe20105560 msgr2=0x7fbe201a3e70 secure :-1 s=STATE_CONNECTION_ESTABLISHED l=1).mark_down
2026-03-08T23:05:20.971 INFO:teuthology.orchestra.run.vm07.stdout:/usr/bin/ceph: stderr
2026-03-08T23:05:20.872+0000 7fbdef7fe640 1 --2- 192.168.123.107:0/3081614049 >> [v2:192.168.123.107:3300/0,v1:192.168.123.107:6789/0] conn(0x7fbe20105560 0x7fbe201a3e70 secure :-1 s=READY pgs=54 cs=0 l=1 rev1=1 crypto rx=0x7fbe1002f450 tx=0x7fbe10035a70 comp rx=0 tx=0).stop
2026-03-08T23:05:20.971 INFO:teuthology.orchestra.run.vm07.stdout:/usr/bin/ceph: stderr
2026-03-08T23:05:20.872+0000 7fbdef7fe640 1 -- 192.168.123.107:0/3081614049 shutdown_connections
2026-03-08T23:05:20.971 INFO:teuthology.orchestra.run.vm07.stdout:/usr/bin/ceph: stderr
2026-03-08T23:05:20.872+0000 7fbdef7fe640 1 --2- 192.168.123.107:0/3081614049 >> [v2:192.168.123.107:6800/2131720749,v1:192.168.123.107:6801/2131720749] conn(0x7fbdf803d830 0x7fbdf803fcf0 unknown :-1 s=CLOSED pgs=16 cs=0 l=1 rev1=1 crypto rx=0 tx=0 comp rx=0 tx=0).stop
2026-03-08T23:05:20.971 INFO:teuthology.orchestra.run.vm07.stdout:/usr/bin/ceph: stderr
2026-03-08T23:05:20.872+0000 7fbdef7fe640 1 --2- 192.168.123.107:0/3081614049 >> [v2:192.168.123.107:3300/0,v1:192.168.123.107:6789/0] conn(0x7fbe20105560 0x7fbe201a3e70 unknown :-1 s=CLOSED pgs=54 cs=0 l=1 rev1=1 crypto rx=0 tx=0 comp rx=0 tx=0).stop
2026-03-08T23:05:20.971 INFO:teuthology.orchestra.run.vm07.stdout:/usr/bin/ceph: stderr
2026-03-08T23:05:20.872+0000 7fbdef7fe640 1 -- 192.168.123.107:0/3081614049 >> 192.168.123.107:0/3081614049 conn(0x7fbe20101080 msgr2=0x7fbe20101b60 unknown :-1 s=STATE_NONE l=0).mark_down
2026-03-08T23:05:20.971 INFO:teuthology.orchestra.run.vm07.stdout:/usr/bin/ceph: stderr
2026-03-08T23:05:20.872+0000 7fbdef7fe640 1 -- 192.168.123.107:0/3081614049 shutdown_connections
2026-03-08T23:05:20.971 INFO:teuthology.orchestra.run.vm07.stdout:/usr/bin/ceph: stderr
2026-03-08T23:05:20.872+0000 7fbdef7fe640 1 -- 192.168.123.107:0/3081614049 wait complete.
2026-03-08T23:05:21.202 INFO:journalctl@ceph.mgr.x.vm07.stdout:Mar 08 23:05:20 vm07 bash[20914]: ignoring --setuser ceph since I am not root
2026-03-08T23:05:21.202 INFO:journalctl@ceph.mgr.x.vm07.stdout:Mar 08 23:05:20 vm07 bash[20914]: ignoring --setgroup ceph since I am not root
2026-03-08T23:05:21.202 INFO:journalctl@ceph.mgr.x.vm07.stdout:Mar 08 23:05:21 vm07 bash[20914]: debug
2026-03-08T23:05:21.016+0000 7fae32166140 -1 mgr[py] Module status has missing NOTIFY_TYPES member
2026-03-08T23:05:21.202 INFO:journalctl@ceph.mgr.x.vm07.stdout:Mar 08 23:05:21 vm07 bash[20914]: debug
2026-03-08T23:05:21.076+0000 7fae32166140 -1 mgr[py] Module osd_support has missing NOTIFY_TYPES member
2026-03-08T23:05:21.202 INFO:journalctl@ceph.mon.a.vm07.stdout:Mar 08 23:05:20 vm07 bash[20642]: audit
2026-03-08T23:05:19.081056+0000 mgr.x (mgr.14118) 17 : audit [DBG] from='client.14140 -' entity='client.admin' cmd=[{"prefix": "orch apply", "service_type": "mon", "unmanaged": true, "target": ["mon-mgr", ""]}]: dispatch
2026-03-08T23:05:21.202 INFO:journalctl@ceph.mon.a.vm07.stdout:Mar 08 23:05:20 vm07 bash[20642]: audit
2026-03-08T23:05:19.081056+0000 mgr.x (mgr.14118) 17 : audit [DBG] from='client.14140 -' entity='client.admin' cmd=[{"prefix": "orch apply", "service_type": "mon", "unmanaged": true, "target": ["mon-mgr", ""]}]: dispatch
2026-03-08T23:05:21.202 INFO:journalctl@ceph.mon.a.vm07.stdout:Mar 08 23:05:20 vm07 bash[20642]: cephadm
2026-03-08T23:05:19.081919+0000 mgr.x (mgr.14118) 18 : cephadm [INF] Saving service mon spec with placement count:5
2026-03-08T23:05:21.202 INFO:journalctl@ceph.mon.a.vm07.stdout:Mar 08 23:05:20 vm07 bash[20642]: cephadm
2026-03-08T23:05:19.081919+0000 mgr.x (mgr.14118) 18 : cephadm [INF] Saving service mon spec with placement count:5
2026-03-08T23:05:21.202 INFO:journalctl@ceph.mon.a.vm07.stdout:Mar 08 23:05:20 vm07 bash[20642]: audit
2026-03-08T23:05:19.354533+0000 mgr.x (mgr.14118) 19 : audit [DBG] from='client.14142 -' entity='client.admin' cmd=[{"prefix": "orch apply", "service_type": "mgr", "unmanaged": true, "target": ["mon-mgr", ""]}]: dispatch
2026-03-08T23:05:21.202 INFO:journalctl@ceph.mon.a.vm07.stdout:Mar 08 23:05:20 vm07 bash[20642]: audit
2026-03-08T23:05:19.354533+0000 mgr.x (mgr.14118) 19 : audit [DBG] from='client.14142 -' entity='client.admin' cmd=[{"prefix": "orch apply", "service_type": "mgr", "unmanaged": true, "target": ["mon-mgr", ""]}]: dispatch
2026-03-08T23:05:21.202 INFO:journalctl@ceph.mon.a.vm07.stdout:Mar 08 23:05:20 vm07 bash[20642]: cephadm
2026-03-08T23:05:19.355283+0000 mgr.x (mgr.14118) 20 : cephadm [INF] Saving service mgr spec with placement count:2
2026-03-08T23:05:21.202 INFO:journalctl@ceph.mon.a.vm07.stdout:Mar 08 23:05:20 vm07 bash[20642]: cephadm
2026-03-08T23:05:19.355283+0000 mgr.x (mgr.14118) 20 : cephadm [INF] Saving service mgr spec with placement count:2
2026-03-08T23:05:21.202 INFO:journalctl@ceph.mon.a.vm07.stdout:Mar 08 23:05:20 vm07 bash[20642]: audit
2026-03-08T23:05:19.873217+0000 mon.a (mon.0) 68 : audit [INF] from='client.? 192.168.123.107:0/2327090156' entity='client.admin'
2026-03-08T23:05:21.202 INFO:journalctl@ceph.mon.a.vm07.stdout:Mar 08 23:05:20 vm07 bash[20642]: audit
2026-03-08T23:05:19.873217+0000 mon.a (mon.0) 68 : audit [INF] from='client.? 192.168.123.107:0/2327090156' entity='client.admin'
2026-03-08T23:05:21.203 INFO:journalctl@ceph.mon.a.vm07.stdout:Mar 08 23:05:20 vm07 bash[20642]: audit
2026-03-08T23:05:20.198965+0000 mon.a (mon.0) 69 : audit [INF] from='client.? 192.168.123.107:0/3081614049' entity='client.admin' cmd=[{"prefix": "mgr module enable", "module": "dashboard"}]: dispatch
2026-03-08T23:05:21.203 INFO:journalctl@ceph.mon.a.vm07.stdout:Mar 08 23:05:20 vm07 bash[20642]: audit
2026-03-08T23:05:20.198965+0000 mon.a (mon.0) 69 : audit [INF] from='client.? 192.168.123.107:0/3081614049' entity='client.admin' cmd=[{"prefix": "mgr module enable", "module": "dashboard"}]: dispatch
2026-03-08T23:05:21.203 INFO:journalctl@ceph.mon.a.vm07.stdout:Mar 08 23:05:20 vm07 bash[20642]: audit
2026-03-08T23:05:20.262138+0000 mon.a (mon.0) 70 : audit [INF] from='mgr.14118 192.168.123.107:0/2856516459' entity='mgr.x'
2026-03-08T23:05:21.203 INFO:journalctl@ceph.mon.a.vm07.stdout:Mar 08 23:05:20 vm07 bash[20642]: audit
2026-03-08T23:05:20.262138+0000 mon.a (mon.0) 70 : audit [INF] from='mgr.14118 192.168.123.107:0/2856516459' entity='mgr.x'
2026-03-08T23:05:21.203 INFO:journalctl@ceph.mon.a.vm07.stdout:Mar 08 23:05:20 vm07 bash[20642]: audit
2026-03-08T23:05:20.543743+0000 mon.a (mon.0) 71 : audit [INF] from='mgr.14118 192.168.123.107:0/2856516459' entity='mgr.x'
2026-03-08T23:05:21.203 INFO:journalctl@ceph.mon.a.vm07.stdout:Mar 08 23:05:20 vm07 bash[20642]: audit
2026-03-08T23:05:20.543743+0000 mon.a (mon.0) 71 : audit [INF] from='mgr.14118 192.168.123.107:0/2856516459' entity='mgr.x'
2026-03-08T23:05:21.311 INFO:teuthology.orchestra.run.vm07.stdout:/usr/bin/ceph: stdout {
2026-03-08T23:05:21.311 INFO:teuthology.orchestra.run.vm07.stdout:/usr/bin/ceph: stdout "epoch": 8,
2026-03-08T23:05:21.311 INFO:teuthology.orchestra.run.vm07.stdout:/usr/bin/ceph: stdout "available": true,
2026-03-08T23:05:21.311 INFO:teuthology.orchestra.run.vm07.stdout:/usr/bin/ceph: stdout "active_name": "x",
2026-03-08T23:05:21.311 INFO:teuthology.orchestra.run.vm07.stdout:/usr/bin/ceph: stdout "num_standby": 0
2026-03-08T23:05:21.312 INFO:teuthology.orchestra.run.vm07.stdout:/usr/bin/ceph: stdout }
2026-03-08T23:05:21.312 INFO:teuthology.orchestra.run.vm07.stdout:/usr/bin/ceph: stderr
2026-03-08T23:05:21.120+0000 7f9361d5e640 1 Processor -- start
2026-03-08T23:05:21.312 INFO:teuthology.orchestra.run.vm07.stdout:/usr/bin/ceph: stderr
2026-03-08T23:05:21.120+0000 7f9361d5e640 1 -- start start
2026-03-08T23:05:21.312 INFO:teuthology.orchestra.run.vm07.stdout:/usr/bin/ceph: stderr
2026-03-08T23:05:21.120+0000 7f9361d5e640 1 --2- >> [v2:192.168.123.107:3300/0,v1:192.168.123.107:6789/0] conn(0x7f9354005570 0x7f9354005970 unknown :-1 s=NONE pgs=0 cs=0 l=0 rev1=0 crypto rx=0 tx=0 comp rx=0 tx=0).connect
2026-03-08T23:05:21.312 INFO:teuthology.orchestra.run.vm07.stdout:/usr/bin/ceph: stderr
2026-03-08T23:05:21.120+0000 7f9361d5e640 1 -- --> [v2:192.168.123.107:3300/0,v1:192.168.123.107:6789/0] -- mon_getmap magic: 0 -- 0x7f9354005f40 con 0x7f9354005570
2026-03-08T23:05:21.312 INFO:teuthology.orchestra.run.vm07.stdout:/usr/bin/ceph: stderr
2026-03-08T23:05:21.120+0000 7f9360d5c640 1 --2- >> [v2:192.168.123.107:3300/0,v1:192.168.123.107:6789/0] conn(0x7f9354005570 0x7f9354005970 unknown :-1 s=BANNER_CONNECTING pgs=0 cs=0 l=0 rev1=0 crypto rx=0 tx=0 comp rx=0 tx=0)._handle_peer_banner_payload supported=3 required=0
2026-03-08T23:05:21.312 INFO:teuthology.orchestra.run.vm07.stdout:/usr/bin/ceph: stderr
2026-03-08T23:05:21.120+0000 7f9360d5c640 1 --2- >> [v2:192.168.123.107:3300/0,v1:192.168.123.107:6789/0] conn(0x7f9354005570 0x7f9354005970 unknown :-1 s=HELLO_CONNECTING pgs=0 cs=0 l=0 rev1=1 crypto rx=0 tx=0 comp rx=0 tx=0).handle_hello peer v2:192.168.123.107:3300/0 says I am v2:192.168.123.107:39236/0 (socket says 192.168.123.107:39236)
2026-03-08T23:05:21.312 INFO:teuthology.orchestra.run.vm07.stdout:/usr/bin/ceph: stderr
2026-03-08T23:05:21.120+0000 7f9360d5c640 1 -- 192.168.123.107:0/3755583524 learned_addr learned my addr 192.168.123.107:0/3755583524 (peer_addr_for_me v2:192.168.123.107:0/0)
2026-03-08T23:05:21.312 INFO:teuthology.orchestra.run.vm07.stdout:/usr/bin/ceph: stderr
2026-03-08T23:05:21.124+0000 7f9360d5c640 1 -- 192.168.123.107:0/3755583524 --> [v2:192.168.123.107:3300/0,v1:192.168.123.107:6789/0] -- mon_subscribe({config=0+,monmap=0+}) -- 0x7f93540067c0 con 0x7f9354005570
2026-03-08T23:05:21.312 INFO:teuthology.orchestra.run.vm07.stdout:/usr/bin/ceph: stderr
2026-03-08T23:05:21.124+0000 7f9360d5c640 1 --2- 192.168.123.107:0/3755583524 >> [v2:192.168.123.107:3300/0,v1:192.168.123.107:6789/0] conn(0x7f9354005570 0x7f9354005970 secure :-1 s=READY pgs=57 cs=0 l=1 rev1=1 crypto rx=0x7f9350008970 tx=0x7f93500312f0 comp rx=0 tx=0).ready entity=mon.0 client_cookie=f52238655ec40b6c server_cookie=0 in_seq=0 out_seq=0
2026-03-08T23:05:21.312 INFO:teuthology.orchestra.run.vm07.stdout:/usr/bin/ceph: stderr
2026-03-08T23:05:21.124+0000 7f935b7fe640 1 -- 192.168.123.107:0/3755583524 <== mon.0 v2:192.168.123.107:3300/0 1 ==== mon_map magic: 0 ==== 205+0+0 (secure 0 0 0) 0x7f9350037070 con 0x7f9354005570
2026-03-08T23:05:21.312 INFO:teuthology.orchestra.run.vm07.stdout:/usr/bin/ceph: stderr
2026-03-08T23:05:21.124+0000 7f935b7fe640 1 -- 192.168.123.107:0/3755583524 <== mon.0 v2:192.168.123.107:3300/0 2 ==== config(25 keys) ==== 1038+0+0 (secure 0 0 0) 0x7f9350031e30 con 0x7f9354005570
2026-03-08T23:05:21.312 INFO:teuthology.orchestra.run.vm07.stdout:/usr/bin/ceph: stderr
2026-03-08T23:05:21.124+0000 7f935b7fe640 1 -- 192.168.123.107:0/3755583524 <== mon.0 v2:192.168.123.107:3300/0 3 ==== mon_map magic: 0 ==== 205+0+0 (secure 0 0 0) 0x7f935003a6e0 con 0x7f9354005570
2026-03-08T23:05:21.312 INFO:teuthology.orchestra.run.vm07.stdout:/usr/bin/ceph: stderr
2026-03-08T23:05:21.124+0000 7f9361d5e640 1 -- 192.168.123.107:0/3755583524 >> [v2:192.168.123.107:3300/0,v1:192.168.123.107:6789/0] conn(0x7f9354005570 msgr2=0x7f9354005970 secure :-1 s=STATE_CONNECTION_ESTABLISHED l=1).mark_down
2026-03-08T23:05:21.312 INFO:teuthology.orchestra.run.vm07.stdout:/usr/bin/ceph: stderr
2026-03-08T23:05:21.124+0000 7f9361d5e640 1 --2- 192.168.123.107:0/3755583524 >> [v2:192.168.123.107:3300/0,v1:192.168.123.107:6789/0] conn(0x7f9354005570 0x7f9354005970 secure :-1 s=READY pgs=57 cs=0 l=1 rev1=1 crypto rx=0x7f9350008970 tx=0x7f93500312f0 comp rx=0 tx=0).stop
2026-03-08T23:05:21.312 INFO:teuthology.orchestra.run.vm07.stdout:/usr/bin/ceph: stderr
2026-03-08T23:05:21.128+0000 7f9361d5e640 1 -- 192.168.123.107:0/3755583524 shutdown_connections
2026-03-08T23:05:21.312 INFO:teuthology.orchestra.run.vm07.stdout:/usr/bin/ceph: stderr
2026-03-08T23:05:21.128+0000 7f9361d5e640 1 --2- 192.168.123.107:0/3755583524 >> [v2:192.168.123.107:3300/0,v1:192.168.123.107:6789/0] conn(0x7f9354005570 0x7f9354005970 unknown :-1 s=CLOSED pgs=57 cs=0 l=1 rev1=1 crypto rx=0 tx=0 comp rx=0 tx=0).stop
2026-03-08T23:05:21.312 INFO:teuthology.orchestra.run.vm07.stdout:/usr/bin/ceph: stderr
2026-03-08T23:05:21.128+0000 7f9361d5e640 1 -- 192.168.123.107:0/3755583524 >> 192.168.123.107:0/3755583524 conn(0x7f935409fc30 msgr2=0x7f93540a2090 unknown :-1 s=STATE_NONE l=0).mark_down
2026-03-08T23:05:21.312 INFO:teuthology.orchestra.run.vm07.stdout:/usr/bin/ceph: stderr
2026-03-08T23:05:21.128+0000 7f9361d5e640 1 -- 192.168.123.107:0/3755583524 shutdown_connections
2026-03-08T23:05:21.312 INFO:teuthology.orchestra.run.vm07.stdout:/usr/bin/ceph: stderr
2026-03-08T23:05:21.128+0000 7f9361d5e640 1 -- 192.168.123.107:0/3755583524 wait complete.
2026-03-08T23:05:21.312 INFO:teuthology.orchestra.run.vm07.stdout:/usr/bin/ceph: stderr
2026-03-08T23:05:21.128+0000 7f9361d5e640 1 Processor -- start
2026-03-08T23:05:21.312 INFO:teuthology.orchestra.run.vm07.stdout:/usr/bin/ceph: stderr
2026-03-08T23:05:21.128+0000 7f9361d5e640 1 -- start start
2026-03-08T23:05:21.312 INFO:teuthology.orchestra.run.vm07.stdout:/usr/bin/ceph: stderr
2026-03-08T23:05:21.128+0000 7f9361d5e640 1 --2- >> [v2:192.168.123.107:3300/0,v1:192.168.123.107:6789/0] conn(0x7f9354005570 0x7f935400bda0 unknown :-1 s=NONE pgs=0 cs=0 l=1 rev1=0 crypto rx=0 tx=0 comp rx=0 tx=0).connect
2026-03-08T23:05:21.312 INFO:teuthology.orchestra.run.vm07.stdout:/usr/bin/ceph: stderr
2026-03-08T23:05:21.128+0000 7f9361d5e640 1 -- --> [v2:192.168.123.107:3300/0,v1:192.168.123.107:6789/0] -- mon_getmap magic: 0 -- 0x7f9354009a10 con 0x7f9354005570
2026-03-08T23:05:21.312 INFO:teuthology.orchestra.run.vm07.stdout:/usr/bin/ceph: stderr
2026-03-08T23:05:21.128+0000 7f9360d5c640 1 --2- >> [v2:192.168.123.107:3300/0,v1:192.168.123.107:6789/0] conn(0x7f9354005570 0x7f935400bda0 unknown :-1 s=BANNER_CONNECTING pgs=0 cs=0 l=1 rev1=0 crypto rx=0 tx=0 comp rx=0 tx=0)._handle_peer_banner_payload supported=3 required=0
2026-03-08T23:05:21.312 INFO:teuthology.orchestra.run.vm07.stdout:/usr/bin/ceph: stderr
2026-03-08T23:05:21.128+0000 7f9360d5c640 1 --2- >> [v2:192.168.123.107:3300/0,v1:192.168.123.107:6789/0] conn(0x7f9354005570 0x7f935400bda0 unknown :-1 s=HELLO_CONNECTING pgs=0 cs=0 l=1 rev1=1 crypto rx=0 tx=0 comp rx=0 tx=0).handle_hello peer v2:192.168.123.107:3300/0 says I am v2:192.168.123.107:39246/0 (socket says 192.168.123.107:39246)
2026-03-08T23:05:21.312 INFO:teuthology.orchestra.run.vm07.stdout:/usr/bin/ceph: stderr
2026-03-08T23:05:21.128+0000 7f9360d5c640 1 -- 192.168.123.107:0/2943598272 learned_addr learned my addr 192.168.123.107:0/2943598272 (peer_addr_for_me v2:192.168.123.107:0/0)
2026-03-08T23:05:21.312 INFO:teuthology.orchestra.run.vm07.stdout:/usr/bin/ceph: stderr
2026-03-08T23:05:21.128+0000 7f9360d5c640 1 -- 192.168.123.107:0/2943598272 --> [v2:192.168.123.107:3300/0,v1:192.168.123.107:6789/0] -- mon_subscribe({config=0+,monmap=0+}) -- 0x7f935400c2e0 con 0x7f9354005570
2026-03-08T23:05:21.312 INFO:teuthology.orchestra.run.vm07.stdout:/usr/bin/ceph: stderr
2026-03-08T23:05:21.128+0000 7f9360d5c640 1 --2- 192.168.123.107:0/2943598272 >> [v2:192.168.123.107:3300/0,v1:192.168.123.107:6789/0] conn(0x7f9354005570 0x7f935400bda0 secure :-1 s=READY pgs=58 cs=0 l=1 rev1=1 crypto rx=0x7f9350031870 tx=0x7f935003ac60 comp rx=0 tx=0).ready entity=mon.0 client_cookie=0 server_cookie=0 in_seq=0 out_seq=0
2026-03-08T23:05:21.312 INFO:teuthology.orchestra.run.vm07.stdout:/usr/bin/ceph: stderr
2026-03-08T23:05:21.128+0000 7f9359ffb640 1 -- 192.168.123.107:0/2943598272 <== mon.0 v2:192.168.123.107:3300/0 1 ==== mon_map magic: 0 ==== 205+0+0 (secure 0 0 0) 0x7f9350049070 con 0x7f9354005570
2026-03-08T23:05:21.312 INFO:teuthology.orchestra.run.vm07.stdout:/usr/bin/ceph: stderr
2026-03-08T23:05:21.128+0000 7f9361d5e640 1 -- 192.168.123.107:0/2943598272 --> [v2:192.168.123.107:3300/0,v1:192.168.123.107:6789/0] -- mon_subscribe({mgrmap=0+}) -- 0x7f935400c570 con 0x7f9354005570
2026-03-08T23:05:21.312 INFO:teuthology.orchestra.run.vm07.stdout:/usr/bin/ceph: stderr
2026-03-08T23:05:21.128+0000 7f9361d5e640 1 -- 192.168.123.107:0/2943598272 --> [v2:192.168.123.107:3300/0,v1:192.168.123.107:6789/0] -- mon_subscribe({osdmap=0}) -- 0x7f935400f2a0 con 0x7f9354005570
2026-03-08T23:05:21.312 INFO:teuthology.orchestra.run.vm07.stdout:/usr/bin/ceph: stderr
2026-03-08T23:05:21.128+0000 7f9359ffb640 1 -- 192.168.123.107:0/2943598272 <== mon.0 v2:192.168.123.107:3300/0 2 ==== config(25 keys) ==== 1038+0+0 (secure 0 0 0) 0x7f935003ba80 con 0x7f9354005570
2026-03-08T23:05:21.312 INFO:teuthology.orchestra.run.vm07.stdout:/usr/bin/ceph: stderr
2026-03-08T23:05:21.128+0000 7f9359ffb640 1 -- 192.168.123.107:0/2943598272 <== mon.0 v2:192.168.123.107:3300/0 3 ==== mon_map magic: 0 ==== 205+0+0 (secure 0 0 0) 0x7f9350037040 con 0x7f9354005570
2026-03-08T23:05:21.312 INFO:teuthology.orchestra.run.vm07.stdout:/usr/bin/ceph: stderr
2026-03-08T23:05:21.128+0000 7f9359ffb640 1 -- 192.168.123.107:0/2943598272 <== mon.0 v2:192.168.123.107:3300/0 4 ==== mgrmap(e 8) ==== 50260+0+0 (secure 0 0 0) 0x7f935004e430 con 0x7f9354005570
2026-03-08T23:05:21.312 INFO:teuthology.orchestra.run.vm07.stdout:/usr/bin/ceph: stderr
2026-03-08T23:05:21.128+0000 7f9359ffb640 1 --2- 192.168.123.107:0/2943598272 >> [v2:192.168.123.107:6800/2131720749,v1:192.168.123.107:6801/2131720749] conn(0x7f933403dce0 0x7f93340401a0 unknown :-1 s=NONE pgs=0 cs=0 l=1 rev1=0 crypto rx=0 tx=0 comp rx=0 tx=0).connect
2026-03-08T23:05:21.312 INFO:teuthology.orchestra.run.vm07.stdout:/usr/bin/ceph: stderr
2026-03-08T23:05:21.128+0000 7f935bfff640 1 -- 192.168.123.107:0/2943598272 >> [v2:192.168.123.107:6800/2131720749,v1:192.168.123.107:6801/2131720749] conn(0x7f933403dce0 msgr2=0x7f93340401a0 unknown :-1 s=STATE_CONNECTING_RE l=1).process reconnect failed to v2:192.168.123.107:6800/2131720749
2026-03-08T23:05:21.312 INFO:teuthology.orchestra.run.vm07.stdout:/usr/bin/ceph: stderr
2026-03-08T23:05:21.128+0000 7f9359ffb640 1 -- 192.168.123.107:0/2943598272 <== mon.0 v2:192.168.123.107:3300/0 5 ==== osd_map(2..2 src has 1..2) ==== 940+0+0 (secure 0 0 0) 0x7f9350077980 con 0x7f9354005570
2026-03-08T23:05:21.312 INFO:teuthology.orchestra.run.vm07.stdout:/usr/bin/ceph: stderr
2026-03-08T23:05:21.128+0000 7f9361d5e640 1 -- 192.168.123.107:0/2943598272 --> [v2:192.168.123.107:3300/0,v1:192.168.123.107:6789/0] -- mon_command({"prefix": "get_command_descriptions"} v 0) -- 0x7f932c005390 con 0x7f9354005570
2026-03-08T23:05:21.312 INFO:teuthology.orchestra.run.vm07.stdout:/usr/bin/ceph: stderr
2026-03-08T23:05:21.128+0000 7f935bfff640 1 --2- 192.168.123.107:0/2943598272 >> [v2:192.168.123.107:6800/2131720749,v1:192.168.123.107:6801/2131720749] conn(0x7f933403dce0 0x7f93340401a0 unknown :-1 s=START_CONNECT pgs=0 cs=0 l=1 rev1=0 crypto rx=0 tx=0 comp rx=0 tx=0)._fault waiting 0.200000
2026-03-08T23:05:21.312 INFO:teuthology.orchestra.run.vm07.stdout:/usr/bin/ceph: stderr
2026-03-08T23:05:21.132+0000 7f9359ffb640 1 -- 192.168.123.107:0/2943598272 <== mon.0 v2:192.168.123.107:3300/0 6 ==== mon_command_ack([{"prefix": "get_command_descriptions"}]=0 v0) ==== 72+0+195034 (secure 0 0 0) 0x7f9350040240 con 0x7f9354005570
2026-03-08T23:05:21.312 INFO:teuthology.orchestra.run.vm07.stdout:/usr/bin/ceph: stderr
2026-03-08T23:05:21.244+0000 7f9361d5e640 1 -- 192.168.123.107:0/2943598272 --> [v2:192.168.123.107:3300/0,v1:192.168.123.107:6789/0] -- mon_command({"prefix": "mgr stat"} v 0) -- 0x7f932c005e90 con 0x7f9354005570
2026-03-08T23:05:21.313 INFO:teuthology.orchestra.run.vm07.stdout:/usr/bin/ceph: stderr
2026-03-08T23:05:21.248+0000 7f9359ffb640 1 -- 192.168.123.107:0/2943598272 <== mon.0 v2:192.168.123.107:3300/0 7 ==== mon_command_ack([{"prefix": "mgr stat"}]=0 v8) ==== 56+0+88 (secure 0 0 0) 0x7f9350007c20 con 0x7f9354005570
2026-03-08T23:05:21.313 INFO:teuthology.orchestra.run.vm07.stdout:/usr/bin/ceph: stderr
2026-03-08T23:05:21.252+0000 7f933b7fe640 1 -- 192.168.123.107:0/2943598272 >> [v2:192.168.123.107:6800/2131720749,v1:192.168.123.107:6801/2131720749] conn(0x7f933403dce0 msgr2=0x7f93340401a0 unknown :-1 s=STATE_CONNECTING l=1).mark_down
2026-03-08T23:05:21.313 INFO:teuthology.orchestra.run.vm07.stdout:/usr/bin/ceph: stderr
2026-03-08T23:05:21.252+0000 7f933b7fe640 1 --2- 192.168.123.107:0/2943598272 >> [v2:192.168.123.107:6800/2131720749,v1:192.168.123.107:6801/2131720749] conn(0x7f933403dce0 0x7f93340401a0 unknown :-1 s=START_CONNECT pgs=0 cs=0 l=1 rev1=0 crypto rx=0 tx=0 comp rx=0 tx=0).stop
2026-03-08T23:05:21.313 INFO:teuthology.orchestra.run.vm07.stdout:/usr/bin/ceph: stderr
2026-03-08T23:05:21.252+0000 7f933b7fe640 1 -- 192.168.123.107:0/2943598272 >> [v2:192.168.123.107:3300/0,v1:192.168.123.107:6789/0] conn(0x7f9354005570 msgr2=0x7f935400bda0 secure :-1 s=STATE_CONNECTION_ESTABLISHED l=1).mark_down
2026-03-08T23:05:21.313 INFO:teuthology.orchestra.run.vm07.stdout:/usr/bin/ceph: stderr
2026-03-08T23:05:21.252+0000 7f933b7fe640 1 --2- 192.168.123.107:0/2943598272 >> [v2:192.168.123.107:3300/0,v1:192.168.123.107:6789/0] conn(0x7f9354005570 0x7f935400bda0 secure :-1 s=READY pgs=58 cs=0 l=1 rev1=1 crypto rx=0x7f9350031870 tx=0x7f935003ac60 comp rx=0 tx=0).stop
2026-03-08T23:05:21.313 INFO:teuthology.orchestra.run.vm07.stdout:/usr/bin/ceph: stderr
2026-03-08T23:05:21.252+0000 7f933b7fe640 1 -- 192.168.123.107:0/2943598272 shutdown_connections
2026-03-08T23:05:21.313 INFO:teuthology.orchestra.run.vm07.stdout:/usr/bin/ceph: stderr
2026-03-08T23:05:21.252+0000 7f933b7fe640 1 --2- 192.168.123.107:0/2943598272 >> [v2:192.168.123.107:6800/2131720749,v1:192.168.123.107:6801/2131720749] conn(0x7f933403dce0 0x7f93340401a0 unknown :-1 s=CLOSED pgs=0 cs=0 l=1 rev1=0 crypto rx=0 tx=0 comp rx=0 tx=0).stop
2026-03-08T23:05:21.313 INFO:teuthology.orchestra.run.vm07.stdout:/usr/bin/ceph: stderr
2026-03-08T23:05:21.252+0000 7f933b7fe640 1 --2- 192.168.123.107:0/2943598272 >> [v2:192.168.123.107:3300/0,v1:192.168.123.107:6789/0] conn(0x7f9354005570 0x7f935400bda0 unknown :-1 s=CLOSED pgs=58 cs=0 l=1 rev1=1 crypto rx=0 tx=0 comp rx=0 tx=0).stop
2026-03-08T23:05:21.313 INFO:teuthology.orchestra.run.vm07.stdout:/usr/bin/ceph: stderr
2026-03-08T23:05:21.252+0000 7f933b7fe640 1 -- 192.168.123.107:0/2943598272 >> 192.168.123.107:0/2943598272 conn(0x7f935409fc30 msgr2=0x7f93540a0620 unknown :-1 s=STATE_NONE l=0).mark_down
2026-03-08T23:05:21.313 INFO:teuthology.orchestra.run.vm07.stdout:/usr/bin/ceph: stderr
2026-03-08T23:05:21.252+0000 7f933b7fe640 1 -- 192.168.123.107:0/2943598272 shutdown_connections
2026-03-08T23:05:21.313 INFO:teuthology.orchestra.run.vm07.stdout:/usr/bin/ceph: stderr
2026-03-08T23:05:21.252+0000 7f933b7fe640 1 -- 192.168.123.107:0/2943598272 wait complete.
2026-03-08T23:05:21.313 INFO:teuthology.orchestra.run.vm07.stdout:Waiting for the mgr to restart...
2026-03-08T23:05:21.313 INFO:teuthology.orchestra.run.vm07.stdout:Waiting for mgr epoch 8...
2026-03-08T23:05:21.519 INFO:journalctl@ceph.mgr.x.vm07.stdout:Mar 08 23:05:21 vm07 bash[20914]: debug
2026-03-08T23:05:21.196+0000 7fae32166140 -1 mgr[py] Module rgw has missing NOTIFY_TYPES member
2026-03-08T23:05:21.938 INFO:journalctl@ceph.mgr.x.vm07.stdout:Mar 08 23:05:21 vm07 bash[20914]: debug
2026-03-08T23:05:21.540+0000 7fae32166140 -1 mgr[py] Module rook has missing NOTIFY_TYPES member
2026-03-08T23:05:22.190 INFO:journalctl@ceph.mgr.x.vm07.stdout:Mar 08 23:05:21 vm07 bash[20914]: debug
2026-03-08T23:05:21.976+0000 7fae32166140 -1 mgr[py] Module pg_autoscaler has missing NOTIFY_TYPES member
2026-03-08T23:05:22.190 INFO:journalctl@ceph.mgr.x.vm07.stdout:Mar 08 23:05:22 vm07 bash[20914]: debug
2026-03-08T23:05:22.064+0000 7fae32166140 -1 mgr[py] Module telemetry has missing NOTIFY_TYPES member
2026-03-08T23:05:22.190 INFO:journalctl@ceph.mon.a.vm07.stdout:Mar 08 23:05:21 vm07 bash[20642]: audit
2026-03-08T23:05:20.873901+0000 mon.a (mon.0) 72 : audit [INF] from='client.? 192.168.123.107:0/3081614049' entity='client.admin' cmd='[{"prefix": "mgr module enable", "module": "dashboard"}]': finished
2026-03-08T23:05:22.190 INFO:journalctl@ceph.mon.a.vm07.stdout:Mar 08 23:05:21 vm07 bash[20642]: audit
2026-03-08T23:05:20.873901+0000 mon.a (mon.0) 72 : audit [INF] from='client.? 192.168.123.107:0/3081614049' entity='client.admin' cmd='[{"prefix": "mgr module enable", "module": "dashboard"}]': finished
2026-03-08T23:05:22.190 INFO:journalctl@ceph.mon.a.vm07.stdout:Mar 08 23:05:21 vm07 bash[20642]: cluster
2026-03-08T23:05:20.877745+0000 mon.a (mon.0) 73 : cluster [DBG] mgrmap e8: x(active, since 6s)
2026-03-08T23:05:22.190 INFO:journalctl@ceph.mon.a.vm07.stdout:Mar 08 23:05:21 vm07 bash[20642]: cluster
2026-03-08T23:05:20.877745+0000 mon.a (mon.0) 73 : cluster [DBG] mgrmap e8: x(active, since 6s)
2026-03-08T23:05:22.190 INFO:journalctl@ceph.mon.a.vm07.stdout:Mar 08 23:05:21 vm07 bash[20642]: audit
2026-03-08T23:05:21.251322+0000 mon.a (mon.0) 74 : audit [DBG] from='client.? 192.168.123.107:0/2943598272' entity='client.admin' cmd=[{"prefix": "mgr stat"}]: dispatch
2026-03-08T23:05:22.190 INFO:journalctl@ceph.mon.a.vm07.stdout:Mar 08 23:05:21 vm07 bash[20642]: audit
2026-03-08T23:05:21.251322+0000 mon.a (mon.0) 74 : audit [DBG] from='client.? 192.168.123.107:0/2943598272' entity='client.admin' cmd=[{"prefix": "mgr stat"}]: dispatch
2026-03-08T23:05:22.454 INFO:journalctl@ceph.mgr.x.vm07.stdout:Mar 08 23:05:22 vm07 bash[20914]: /lib64/python3.9/site-packages/scipy/__init__.py:73: UserWarning: NumPy was imported from a Python sub-interpreter but NumPy does not properly support sub-interpreters. This will likely work for most users but might cause hard to track down issues or subtle bugs. A common user of the rare sub-interpreter feature is wsgi which also allows single-interpreter mode.
2026-03-08T23:05:22.454 INFO:journalctl@ceph.mgr.x.vm07.stdout:Mar 08 23:05:22 vm07 bash[20914]: Improvements in the case of bugs are welcome, but is not on the NumPy roadmap, and full support may require significant effort to achieve.
2026-03-08T23:05:22.454 INFO:journalctl@ceph.mgr.x.vm07.stdout:Mar 08 23:05:22 vm07 bash[20914]: from numpy import show_config as show_numpy_config
2026-03-08T23:05:22.454 INFO:journalctl@ceph.mgr.x.vm07.stdout:Mar 08 23:05:22 vm07 bash[20914]: debug
