2026-03-08T23:05:09.920+0000 7f4cf18e2640 1 -- 192.168.123.107:0/97229132 --> [v2:192.168.123.107:3300/0,v1:192.168.123.107:6789/0] -- mon_subscribe({config=0+,monmap=0+}) -- 0x7f4cec108280 con 0x7f4cec1077c0
2026-03-08T23:05:10.114 INFO:teuthology.orchestra.run.vm07.stdout:/usr/bin/ceph: stderr
2026-03-08T23:05:09.920+0000 7f4cf18e2640 1 --2- 192.168.123.107:0/97229132 >> [v2:192.168.123.107:3300/0,v1:192.168.123.107:6789/0] conn(0x7f4cec1077c0 0x7f4cec107bc0 secure :-1 s=READY pgs=16 cs=0 l=1 rev1=1 crypto rx=0x7f4ce0009920 tx=0x7f4ce002ef20 comp rx=0 tx=0).ready entity=mon.0 client_cookie=38bc85535eb90222 server_cookie=0 in_seq=0 out_seq=0
2026-03-08T23:05:10.114 INFO:teuthology.orchestra.run.vm07.stdout:/usr/bin/ceph: stderr
2026-03-08T23:05:09.920+0000 7f4cf08e0640 1 -- 192.168.123.107:0/97229132 <== mon.0 v2:192.168.123.107:3300/0 1 ==== mon_map magic: 0 ==== 205+0+0 (secure 0 0 0) 0x7f4ce003c070 con 0x7f4cec1077c0
2026-03-08T23:05:10.114 INFO:teuthology.orchestra.run.vm07.stdout:/usr/bin/ceph: stderr
2026-03-08T23:05:09.920+0000 7f4cf08e0640 1 -- 192.168.123.107:0/97229132 <== mon.0 v2:192.168.123.107:3300/0 2 ==== config(25 keys) ==== 1007+0+0 (secure 0 0 0) 0x7f4ce0037440 con 0x7f4cec1077c0
2026-03-08T23:05:10.114 INFO:teuthology.orchestra.run.vm07.stdout:/usr/bin/ceph: stderr
2026-03-08T23:05:09.920+0000 7f4cf3b6d640 1 -- 192.168.123.107:0/97229132 >> [v2:192.168.123.107:3300/0,v1:192.168.123.107:6789/0] conn(0x7f4cec1077c0 msgr2=0x7f4cec107bc0 secure :-1 s=STATE_CONNECTION_ESTABLISHED l=1).mark_down
2026-03-08T23:05:10.114 INFO:teuthology.orchestra.run.vm07.stdout:/usr/bin/ceph: stderr
2026-03-08T23:05:09.920+0000 7f4cf3b6d640 1 --2- 192.168.123.107:0/97229132 >> [v2:192.168.123.107:3300/0,v1:192.168.123.107:6789/0] conn(0x7f4cec1077c0 0x7f4cec107bc0 secure :-1 s=READY pgs=16 cs=0 l=1 rev1=1 crypto rx=0x7f4ce0009920 tx=0x7f4ce002ef20 comp rx=0 tx=0).stop
2026-03-08T23:05:10.114 INFO:teuthology.orchestra.run.vm07.stdout:/usr/bin/ceph: stderr
2026-03-08T23:05:09.920+0000 7f4cf3b6d640 1 -- 192.168.123.107:0/97229132 shutdown_connections
2026-03-08T23:05:10.114 INFO:teuthology.orchestra.run.vm07.stdout:/usr/bin/ceph: stderr
2026-03-08T23:05:09.920+0000 7f4cf3b6d640 1 --2- 192.168.123.107:0/97229132 >> [v2:192.168.123.107:3300/0,v1:192.168.123.107:6789/0] conn(0x7f4cec1077c0 0x7f4cec107bc0 unknown :-1 s=CLOSED pgs=16 cs=0 l=1 rev1=1 crypto rx=0 tx=0 comp rx=0 tx=0).stop
2026-03-08T23:05:10.114 INFO:teuthology.orchestra.run.vm07.stdout:/usr/bin/ceph: stderr
2026-03-08T23:05:09.920+0000 7f4cf3b6d640 1 -- 192.168.123.107:0/97229132 >> 192.168.123.107:0/97229132 conn(0x7f4cec102fb0 msgr2=0x7f4cec105430 unknown :-1 s=STATE_NONE l=0).mark_down
2026-03-08T23:05:10.114 INFO:teuthology.orchestra.run.vm07.stdout:/usr/bin/ceph: stderr
2026-03-08T23:05:09.920+0000 7f4cf3b6d640 1 -- 192.168.123.107:0/97229132 shutdown_connections
2026-03-08T23:05:10.114 INFO:teuthology.orchestra.run.vm07.stdout:/usr/bin/ceph: stderr
2026-03-08T23:05:09.920+0000 7f4cf3b6d640 1 -- 192.168.123.107:0/97229132 wait complete.
2026-03-08T23:05:10.114 INFO:teuthology.orchestra.run.vm07.stdout:/usr/bin/ceph: stderr
2026-03-08T23:05:09.920+0000 7f4cf3b6d640 1 Processor -- start
2026-03-08T23:05:10.114 INFO:teuthology.orchestra.run.vm07.stdout:/usr/bin/ceph: stderr
2026-03-08T23:05:09.920+0000 7f4cf3b6d640 1 -- start start
2026-03-08T23:05:10.114 INFO:teuthology.orchestra.run.vm07.stdout:/usr/bin/ceph: stderr
2026-03-08T23:05:09.920+0000 7f4cf3b6d640 1 --2- >> [v2:192.168.123.107:3300/0,v1:192.168.123.107:6789/0] conn(0x7f4cec19b460 0x7f4cec19b880 unknown :-1 s=NONE pgs=0 cs=0 l=1 rev1=0 crypto rx=0 tx=0 comp rx=0 tx=0).connect
2026-03-08T23:05:10.114 INFO:teuthology.orchestra.run.vm07.stdout:/usr/bin/ceph: stderr
2026-03-08T23:05:09.920+0000 7f4cf3b6d640 1 -- --> [v2:192.168.123.107:3300/0,v1:192.168.123.107:6789/0] -- mon_getmap magic: 0 -- 0x7f4cec1096d0 con 0x7f4cec19b460
2026-03-08T23:05:10.114 INFO:teuthology.orchestra.run.vm07.stdout:/usr/bin/ceph: stderr
2026-03-08T23:05:09.920+0000 7f4cf18e2640 1 --2- >> [v2:192.168.123.107:3300/0,v1:192.168.123.107:6789/0] conn(0x7f4cec19b460 0x7f4cec19b880 unknown :-1 s=BANNER_CONNECTING pgs=0 cs=0 l=1 rev1=0 crypto rx=0 tx=0 comp rx=0 tx=0)._handle_peer_banner_payload supported=3 required=0
2026-03-08T23:05:10.114 INFO:teuthology.orchestra.run.vm07.stdout:/usr/bin/ceph: stderr
2026-03-08T23:05:09.920+0000 7f4cf18e2640 1 --2- >> [v2:192.168.123.107:3300/0,v1:192.168.123.107:6789/0] conn(0x7f4cec19b460 0x7f4cec19b880 unknown :-1 s=HELLO_CONNECTING pgs=0 cs=0 l=1 rev1=1 crypto rx=0 tx=0 comp rx=0 tx=0).handle_hello peer v2:192.168.123.107:3300/0 says I am v2:192.168.123.107:52370/0 (socket says 192.168.123.107:52370)
2026-03-08T23:05:10.114 INFO:teuthology.orchestra.run.vm07.stdout:/usr/bin/ceph: stderr
2026-03-08T23:05:09.920+0000 7f4cf18e2640 1 -- 192.168.123.107:0/2218627435 learned_addr learned my addr 192.168.123.107:0/2218627435 (peer_addr_for_me v2:192.168.123.107:0/0)
2026-03-08T23:05:10.114 INFO:teuthology.orchestra.run.vm07.stdout:/usr/bin/ceph: stderr
2026-03-08T23:05:09.920+0000 7f4cf18e2640 1 -- 192.168.123.107:0/2218627435 --> [v2:192.168.123.107:3300/0,v1:192.168.123.107:6789/0] -- mon_subscribe({config=0+,monmap=0+}) -- 0x7f4cec19bdc0 con 0x7f4cec19b460
2026-03-08T23:05:10.114 INFO:teuthology.orchestra.run.vm07.stdout:/usr/bin/ceph: stderr
2026-03-08T23:05:09.920+0000 7f4cf18e2640 1 --2- 192.168.123.107:0/2218627435 >> [v2:192.168.123.107:3300/0,v1:192.168.123.107:6789/0] conn(0x7f4cec19b460 0x7f4cec19b880 secure :-1 s=READY pgs=17 cs=0 l=1 rev1=1 crypto rx=0x7f4ce002f450 tx=0x7f4ce0035d60 comp rx=0 tx=0).ready entity=mon.0 client_cookie=0 server_cookie=0 in_seq=0 out_seq=0
2026-03-08T23:05:10.114 INFO:teuthology.orchestra.run.vm07.stdout:/usr/bin/ceph: stderr
2026-03-08T23:05:09.920+0000 7f4cdaffd640 1 -- 192.168.123.107:0/2218627435 <== mon.0 v2:192.168.123.107:3300/0 1 ==== mon_map magic: 0 ==== 205+0+0 (secure 0 0 0) 0x7f4ce0045070 con 0x7f4cec19b460
2026-03-08T23:05:10.114 INFO:teuthology.orchestra.run.vm07.stdout:/usr/bin/ceph: stderr
2026-03-08T23:05:09.920+0000 7f4cdaffd640 1 -- 192.168.123.107:0/2218627435 <== mon.0 v2:192.168.123.107:3300/0 2 ==== config(25 keys) ==== 1007+0+0 (secure 0 0 0) 0x7f4ce002fcf0 con 0x7f4cec19b460
2026-03-08T23:05:10.114 INFO:teuthology.orchestra.run.vm07.stdout:/usr/bin/ceph: stderr
2026-03-08T23:05:09.920+0000 7f4cdaffd640 1 -- 192.168.123.107:0/2218627435 <== mon.0 v2:192.168.123.107:3300/0 3 ==== mon_map magic: 0 ==== 205+0+0 (secure 0 0 0) 0x7f4ce003c030 con 0x7f4cec19b460
2026-03-08T23:05:10.114 INFO:teuthology.orchestra.run.vm07.stdout:/usr/bin/ceph: stderr
2026-03-08T23:05:09.920+0000 7f4cf3b6d640 1 -- 192.168.123.107:0/2218627435 --> [v2:192.168.123.107:3300/0,v1:192.168.123.107:6789/0] -- mon_subscribe({mgrmap=0+}) -- 0x7f4cec19c050 con 0x7f4cec19b460
2026-03-08T23:05:10.114 INFO:teuthology.orchestra.run.vm07.stdout:/usr/bin/ceph: stderr
2026-03-08T23:05:09.920+0000 7f4cf3b6d640 1 -- 192.168.123.107:0/2218627435 --> [v2:192.168.123.107:3300/0,v1:192.168.123.107:6789/0] -- mon_subscribe({osdmap=0}) -- 0x7f4cec19e840 con 0x7f4cec19b460
2026-03-08T23:05:10.114 INFO:teuthology.orchestra.run.vm07.stdout:/usr/bin/ceph: stderr
2026-03-08T23:05:09.924+0000 7f4cdaffd640 1 -- 192.168.123.107:0/2218627435 <== mon.0 v2:192.168.123.107:3300/0 4 ==== mgrmap(e 3) ==== 50130+0+0 (secure 0 0 0) 0x7f4ce0037660 con 0x7f4cec19b460
2026-03-08T23:05:10.114 INFO:teuthology.orchestra.run.vm07.stdout:/usr/bin/ceph: stderr
2026-03-08T23:05:09.924+0000 7f4cf3b6d640 1 -- 192.168.123.107:0/2218627435 --> [v2:192.168.123.107:3300/0,v1:192.168.123.107:6789/0] -- mon_command({"prefix": "get_command_descriptions"} v 0) -- 0x7f4cec1077c0 con 0x7f4cec19b460
2026-03-08T23:05:10.114 INFO:teuthology.orchestra.run.vm07.stdout:/usr/bin/ceph: stderr
2026-03-08T23:05:09.924+0000 7f4cdaffd640 1 --2- 192.168.123.107:0/2218627435 >> [v2:192.168.123.107:6800/3782330641,v1:192.168.123.107:6801/3782330641] conn(0x7f4cc803dad0 0x7f4cc803ff90 unknown :-1 s=NONE pgs=0 cs=0 l=1 rev1=0 crypto rx=0 tx=0 comp rx=0 tx=0).connect
2026-03-08T23:05:10.114 INFO:teuthology.orchestra.run.vm07.stdout:/usr/bin/ceph: stderr
2026-03-08T23:05:09.924+0000 7f4cdaffd640 1 -- 192.168.123.107:0/2218627435 <== mon.0 v2:192.168.123.107:3300/0 5 ==== osd_map(1..1 src has 1..1) ==== 725+0+0 (secure 0 0 0) 0x7f4ce003d070 con 0x7f4cec19b460
2026-03-08T23:05:10.114 INFO:teuthology.orchestra.run.vm07.stdout:/usr/bin/ceph: stderr
2026-03-08T23:05:09.924+0000 7f4cf10e1640 1 --2- 192.168.123.107:0/2218627435 >> [v2:192.168.123.107:6800/3782330641,v1:192.168.123.107:6801/3782330641] conn(0x7f4cc803dad0 0x7f4cc803ff90 unknown :-1 s=BANNER_CONNECTING pgs=0 cs=0 l=1 rev1=0 crypto rx=0 tx=0 comp rx=0 tx=0)._handle_peer_banner_payload supported=3 required=0
2026-03-08T23:05:10.115 INFO:teuthology.orchestra.run.vm07.stdout:/usr/bin/ceph: stderr
2026-03-08T23:05:09.924+0000 7f4cf10e1640 1 --2- 192.168.123.107:0/2218627435 >> [v2:192.168.123.107:6800/3782330641,v1:192.168.123.107:6801/3782330641] conn(0x7f4cc803dad0 0x7f4cc803ff90 secure :-1 s=READY pgs=6 cs=0 l=1 rev1=1 crypto rx=0x7f4ce800ad30 tx=0x7f4ce80093f0 comp rx=0 tx=0).ready entity=mgr.14102 client_cookie=0 server_cookie=0 in_seq=0 out_seq=0
2026-03-08T23:05:10.115 INFO:teuthology.orchestra.run.vm07.stdout:/usr/bin/ceph: stderr
2026-03-08T23:05:09.928+0000 7f4cdaffd640 1 -- 192.168.123.107:0/2218627435 <== mon.0 v2:192.168.123.107:3300/0 6 ==== mon_command_ack([{"prefix": "get_command_descriptions"}]=0 v0) ==== 72+0+195034 (secure 0 0 0) 0x7f4ce0009580 con 0x7f4cec19b460
2026-03-08T23:05:10.115 INFO:teuthology.orchestra.run.vm07.stdout:/usr/bin/ceph: stderr
2026-03-08T23:05:10.068+0000 7f4cf3b6d640 1 -- 192.168.123.107:0/2218627435 --> [v2:192.168.123.107:3300/0,v1:192.168.123.107:6789/0] -- mon_command({"prefix": "status", "format": "json-pretty"} v 0) -- 0x7f4cec10dae0 con 0x7f4cec19b460
2026-03-08T23:05:10.115 INFO:teuthology.orchestra.run.vm07.stdout:/usr/bin/ceph: stderr
2026-03-08T23:05:10.068+0000 7f4cdaffd640 1 -- 192.168.123.107:0/2218627435 <== mon.0 v2:192.168.123.107:3300/0 7 ==== mon_command_ack([{"prefix": "status", "format": "json-pretty"}]=0 v0) ==== 79+0+1290 (secure 0 0 0) 0x7f4cec10dae0 con 0x7f4cec19b460
2026-03-08T23:05:10.115 INFO:teuthology.orchestra.run.vm07.stdout:/usr/bin/ceph: stderr
2026-03-08T23:05:10.072+0000 7f4cf3b6d640 1 -- 192.168.123.107:0/2218627435 >> [v2:192.168.123.107:6800/3782330641,v1:192.168.123.107:6801/3782330641] conn(0x7f4cc803dad0 msgr2=0x7f4cc803ff90 secure :-1 s=STATE_CONNECTION_ESTABLISHED l=1).mark_down
2026-03-08T23:05:10.115 INFO:teuthology.orchestra.run.vm07.stdout:/usr/bin/ceph: stderr
2026-03-08T23:05:10.072+0000 7f4cf3b6d640 1 --2- 192.168.123.107:0/2218627435 >> [v2:192.168.123.107:6800/3782330641,v1:192.168.123.107:6801/3782330641] conn(0x7f4cc803dad0 0x7f4cc803ff90 secure :-1 s=READY pgs=6 cs=0 l=1 rev1=1 crypto rx=0x7f4ce800ad30 tx=0x7f4ce80093f0 comp rx=0 tx=0).stop
2026-03-08T23:05:10.115 INFO:teuthology.orchestra.run.vm07.stdout:/usr/bin/ceph: stderr
2026-03-08T23:05:10.072+0000 7f4cf3b6d640 1 -- 192.168.123.107:0/2218627435 >> [v2:192.168.123.107:3300/0,v1:192.168.123.107:6789/0] conn(0x7f4cec19b460 msgr2=0x7f4cec19b880 secure :-1 s=STATE_CONNECTION_ESTABLISHED l=1).mark_down
2026-03-08T23:05:10.115 INFO:teuthology.orchestra.run.vm07.stdout:/usr/bin/ceph: stderr
2026-03-08T23:05:10.072+0000 7f4cf3b6d640 1 --2- 192.168.123.107:0/2218627435 >> [v2:192.168.123.107:3300/0,v1:192.168.123.107:6789/0] conn(0x7f4cec19b460 0x7f4cec19b880 secure :-1 s=READY pgs=17 cs=0 l=1 rev1=1 crypto rx=0x7f4ce002f450 tx=0x7f4ce0035d60 comp rx=0 tx=0).stop
2026-03-08T23:05:10.115 INFO:teuthology.orchestra.run.vm07.stdout:/usr/bin/ceph: stderr
2026-03-08T23:05:10.072+0000 7f4cf3b6d640 1 -- 192.168.123.107:0/2218627435 shutdown_connections
2026-03-08T23:05:10.115 INFO:teuthology.orchestra.run.vm07.stdout:/usr/bin/ceph: stderr
2026-03-08T23:05:10.072+0000 7f4cf3b6d640 1 --2- 192.168.123.107:0/2218627435 >> [v2:192.168.123.107:6800/3782330641,v1:192.168.123.107:6801/3782330641] conn(0x7f4cc803dad0 0x7f4cc803ff90 unknown :-1 s=CLOSED pgs=6 cs=0 l=1 rev1=1 crypto rx=0 tx=0 comp rx=0 tx=0).stop
2026-03-08T23:05:10.115 INFO:teuthology.orchestra.run.vm07.stdout:/usr/bin/ceph: stderr
2026-03-08T23:05:10.072+0000 7f4cf3b6d640 1 --2- 192.168.123.107:0/2218627435 >> [v2:192.168.123.107:3300/0,v1:192.168.123.107:6789/0] conn(0x7f4cec19b460 0x7f4cec19b880 unknown :-1 s=CLOSED pgs=17 cs=0 l=1 rev1=1 crypto rx=0 tx=0 comp rx=0 tx=0).stop
2026-03-08T23:05:10.115 INFO:teuthology.orchestra.run.vm07.stdout:/usr/bin/ceph: stderr
2026-03-08T23:05:10.072+0000 7f4cf3b6d640 1 -- 192.168.123.107:0/2218627435 >> 192.168.123.107:0/2218627435 conn(0x7f4cec102fb0 msgr2=0x7f4cec103c40 unknown :-1 s=STATE_NONE l=0).mark_down
2026-03-08T23:05:10.115 INFO:teuthology.orchestra.run.vm07.stdout:/usr/bin/ceph: stderr
2026-03-08T23:05:10.072+0000 7f4cf3b6d640 1 -- 192.168.123.107:0/2218627435 shutdown_connections
2026-03-08T23:05:10.115 INFO:teuthology.orchestra.run.vm07.stdout:/usr/bin/ceph: stderr
2026-03-08T23:05:10.072+0000 7f4cf3b6d640 1 -- 192.168.123.107:0/2218627435 wait complete.
2026-03-08T23:05:10.115 INFO:teuthology.orchestra.run.vm07.stdout:mgr is available
2026-03-08T23:05:10.369 INFO:teuthology.orchestra.run.vm07.stdout:/usr/bin/ceph: stdout
2026-03-08T23:05:10.369 INFO:teuthology.orchestra.run.vm07.stdout:/usr/bin/ceph: stdout [global]
2026-03-08T23:05:10.369 INFO:teuthology.orchestra.run.vm07.stdout:/usr/bin/ceph: stdout fsid = 0c88464c-1b43-11f1-a89a-5f322c2564e4
2026-03-08T23:05:10.369 INFO:teuthology.orchestra.run.vm07.stdout:/usr/bin/ceph: stdout mon_cluster_log_file_level = debug
2026-03-08T23:05:10.369 INFO:teuthology.orchestra.run.vm07.stdout:/usr/bin/ceph: stdout mon_host = [v2:192.168.123.107:3300,v1:192.168.123.107:6789]
2026-03-08T23:05:10.369 INFO:teuthology.orchestra.run.vm07.stdout:/usr/bin/ceph: stdout mon_osd_allow_pg_remap = true
2026-03-08T23:05:10.369 INFO:teuthology.orchestra.run.vm07.stdout:/usr/bin/ceph: stdout mon_osd_allow_primary_affinity = true
2026-03-08T23:05:10.369 INFO:teuthology.orchestra.run.vm07.stdout:/usr/bin/ceph: stdout mon_warn_on_no_sortbitwise = false
2026-03-08T23:05:10.369 INFO:teuthology.orchestra.run.vm07.stdout:/usr/bin/ceph: stdout osd_crush_chooseleaf_type = 0
2026-03-08T23:05:10.369 INFO:teuthology.orchestra.run.vm07.stdout:/usr/bin/ceph: stdout
2026-03-08T23:05:10.370 INFO:teuthology.orchestra.run.vm07.stdout:/usr/bin/ceph: stdout [mgr]
2026-03-08T23:05:10.370 INFO:teuthology.orchestra.run.vm07.stdout:/usr/bin/ceph: stdout mgr/telemetry/nag = false
2026-03-08T23:05:10.370 INFO:teuthology.orchestra.run.vm07.stdout:/usr/bin/ceph: stdout
2026-03-08T23:05:10.370 INFO:teuthology.orchestra.run.vm07.stdout:/usr/bin/ceph: stdout [osd]
2026-03-08T23:05:10.370 INFO:teuthology.orchestra.run.vm07.stdout:/usr/bin/ceph: stdout osd_map_max_advance = 10
2026-03-08T23:05:10.370 INFO:teuthology.orchestra.run.vm07.stdout:/usr/bin/ceph: stdout osd_sloppy_crc = true
2026-03-08T23:05:10.370 INFO:teuthology.orchestra.run.vm07.stdout:/usr/bin/ceph: stderr
2026-03-08T23:05:10.220+0000 7f674fb81640 1 Processor -- start
2026-03-08T23:05:10.370 INFO:teuthology.orchestra.run.vm07.stdout:/usr/bin/ceph: stderr
2026-03-08T23:05:10.220+0000 7f674fb81640 1 -- start start
2026-03-08T23:05:10.370 INFO:teuthology.orchestra.run.vm07.stdout:/usr/bin/ceph: stderr
2026-03-08T23:05:10.220+0000 7f674fb81640 1 --2- >> [v2:192.168.123.107:3300/0,v1:192.168.123.107:6789/0] conn(0x7f6748109a70 0x7f6748109e70 unknown :-1 s=NONE pgs=0 cs=0 l=0 rev1=0 crypto rx=0 tx=0 comp rx=0 tx=0).connect
2026-03-08T23:05:10.370 INFO:teuthology.orchestra.run.vm07.stdout:/usr/bin/ceph: stderr
2026-03-08T23:05:10.220+0000 7f674fb81640 1 -- --> [v2:192.168.123.107:3300/0,v1:192.168.123.107:6789/0] -- mon_getmap magic: 0 -- 0x7f674810a440 con 0x7f6748109a70
2026-03-08T23:05:10.370 INFO:teuthology.orchestra.run.vm07.stdout:/usr/bin/ceph: stderr
2026-03-08T23:05:10.220+0000 7f674d8f6640 1 --2- >> [v2:192.168.123.107:3300/0,v1:192.168.123.107:6789/0] conn(0x7f6748109a70 0x7f6748109e70 unknown :-1 s=BANNER_CONNECTING pgs=0 cs=0 l=0 rev1=0 crypto rx=0 tx=0 comp rx=0 tx=0)._handle_peer_banner_payload supported=3 required=0
2026-03-08T23:05:10.370 INFO:teuthology.orchestra.run.vm07.stdout:/usr/bin/ceph: stderr
2026-03-08T23:05:10.220+0000 7f674d8f6640 1 --2- >> [v2:192.168.123.107:3300/0,v1:192.168.123.107:6789/0] conn(0x7f6748109a70 0x7f6748109e70 unknown :-1 s=HELLO_CONNECTING pgs=0 cs=0 l=0 rev1=1 crypto rx=0 tx=0 comp rx=0 tx=0).handle_hello peer v2:192.168.123.107:3300/0 says I am v2:192.168.123.107:52380/0 (socket says 192.168.123.107:52380)
2026-03-08T23:05:10.370 INFO:teuthology.orchestra.run.vm07.stdout:/usr/bin/ceph: stderr
2026-03-08T23:05:10.220+0000 7f674d8f6640 1 -- 192.168.123.107:0/4070536092 learned_addr learned my addr 192.168.123.107:0/4070536092 (peer_addr_for_me v2:192.168.123.107:0/0)
2026-03-08T23:05:10.370 INFO:teuthology.orchestra.run.vm07.stdout:/usr/bin/ceph: stderr
2026-03-08T23:05:10.220+0000 7f674d8f6640 1 -- 192.168.123.107:0/4070536092 --> [v2:192.168.123.107:3300/0,v1:192.168.123.107:6789/0] -- mon_subscribe({config=0+,monmap=0+}) -- 0x7f674810ac10 con 0x7f6748109a70
2026-03-08T23:05:10.370 INFO:teuthology.orchestra.run.vm07.stdout:/usr/bin/ceph: stderr
2026-03-08T23:05:10.220+0000 7f674d8f6640 1 --2- 192.168.123.107:0/4070536092 >> [v2:192.168.123.107:3300/0,v1:192.168.123.107:6789/0] conn(0x7f6748109a70 0x7f6748109e70 secure :-1 s=READY pgs=18 cs=0 l=1 rev1=1 crypto rx=0x7f6738009b80 tx=0x7f673802f190 comp rx=0 tx=0).ready entity=mon.0 client_cookie=1d170105ae2cbd3a server_cookie=0 in_seq=0 out_seq=0
2026-03-08T23:05:10.370 INFO:teuthology.orchestra.run.vm07.stdout:/usr/bin/ceph: stderr
2026-03-08T23:05:10.220+0000 7f674c8f4640 1 -- 192.168.123.107:0/4070536092 <== mon.0 v2:192.168.123.107:3300/0 1 ==== mon_map magic: 0 ==== 205+0+0 (secure 0 0 0) 0x7f673803c070 con 0x7f6748109a70
2026-03-08T23:05:10.370 INFO:teuthology.orchestra.run.vm07.stdout:/usr/bin/ceph: stderr
2026-03-08T23:05:10.220+0000 7f674c8f4640 1 -- 192.168.123.107:0/4070536092 <== mon.0 v2:192.168.123.107:3300/0 2 ==== config(25 keys) ==== 1007+0+0 (secure 0 0 0) 0x7f6738037440 con 0x7f6748109a70
2026-03-08T23:05:10.370 INFO:teuthology.orchestra.run.vm07.stdout:/usr/bin/ceph: stderr
2026-03-08T23:05:10.220+0000 7f674c8f4640 1 -- 192.168.123.107:0/4070536092 <== mon.0 v2:192.168.123.107:3300/0 3 ==== mon_map magic: 0 ==== 205+0+0 (secure 0 0 0) 0x7f67380353a0 con 0x7f6748109a70
2026-03-08T23:05:10.370 INFO:teuthology.orchestra.run.vm07.stdout:/usr/bin/ceph: stderr
2026-03-08T23:05:10.220+0000 7f674fb81640 1 -- 192.168.123.107:0/4070536092 >> [v2:192.168.123.107:3300/0,v1:192.168.123.107:6789/0] conn(0x7f6748109a70 msgr2=0x7f6748109e70 secure :-1 s=STATE_CONNECTION_ESTABLISHED l=1).mark_down
2026-03-08T23:05:10.370 INFO:teuthology.orchestra.run.vm07.stdout:/usr/bin/ceph: stderr
2026-03-08T23:05:10.220+0000 7f674fb81640 1 --2- 192.168.123.107:0/4070536092 >> [v2:192.168.123.107:3300/0,v1:192.168.123.107:6789/0] conn(0x7f6748109a70 0x7f6748109e70 secure :-1 s=READY pgs=18 cs=0 l=1 rev1=1 crypto rx=0x7f6738009b80 tx=0x7f673802f190 comp rx=0 tx=0).stop
2026-03-08T23:05:10.370 INFO:teuthology.orchestra.run.vm07.stdout:/usr/bin/ceph: stderr
2026-03-08T23:05:10.220+0000 7f674fb81640 1 -- 192.168.123.107:0/4070536092 shutdown_connections
2026-03-08T23:05:10.370 INFO:teuthology.orchestra.run.vm07.stdout:/usr/bin/ceph: stderr
2026-03-08T23:05:10.220+0000 7f674fb81640 1 --2- 192.168.123.107:0/4070536092 >> [v2:192.168.123.107:3300/0,v1:192.168.123.107:6789/0] conn(0x7f6748109a70 0x7f6748109e70 unknown :-1 s=CLOSED pgs=18 cs=0 l=1 rev1=1 crypto rx=0 tx=0 comp rx=0 tx=0).stop
2026-03-08T23:05:10.370 INFO:teuthology.orchestra.run.vm07.stdout:/usr/bin/ceph: stderr
2026-03-08T23:05:10.220+0000 7f674fb81640 1 -- 192.168.123.107:0/4070536092 >> 192.168.123.107:0/4070536092 conn(0x7f674807d070 msgr2=0x7f674807d4c0 unknown :-1 s=STATE_NONE l=0).mark_down
2026-03-08T23:05:10.370 INFO:teuthology.orchestra.run.vm07.stdout:/usr/bin/ceph: stderr
2026-03-08T23:05:10.220+0000 7f674fb81640 1 -- 192.168.123.107:0/4070536092 shutdown_connections
2026-03-08T23:05:10.370 INFO:teuthology.orchestra.run.vm07.stdout:/usr/bin/ceph: stderr
2026-03-08T23:05:10.220+0000 7f674fb81640 1 -- 192.168.123.107:0/4070536092 wait complete.
2026-03-08T23:05:10.370 INFO:teuthology.orchestra.run.vm07.stdout:/usr/bin/ceph: stderr
2026-03-08T23:05:10.228+0000 7f674fb81640 1 Processor -- start
2026-03-08T23:05:10.370 INFO:teuthology.orchestra.run.vm07.stdout:/usr/bin/ceph: stderr
2026-03-08T23:05:10.228+0000 7f674fb81640 1 -- start start
2026-03-08T23:05:10.370 INFO:teuthology.orchestra.run.vm07.stdout:/usr/bin/ceph: stderr
2026-03-08T23:05:10.228+0000 7f674fb81640 1 --2- >> [v2:192.168.123.107:3300/0,v1:192.168.123.107:6789/0] conn(0x7f6748109a70 0x7f674819f8d0 unknown :-1 s=NONE pgs=0 cs=0 l=1 rev1=0 crypto rx=0 tx=0 comp rx=0 tx=0).connect
2026-03-08T23:05:10.370 INFO:teuthology.orchestra.run.vm07.stdout:/usr/bin/ceph: stderr
2026-03-08T23:05:10.228+0000 7f674fb81640 1 -- --> [v2:192.168.123.107:3300/0,v1:192.168.123.107:6789/0] -- mon_getmap magic: 0 -- 0x7f674810de40 con 0x7f6748109a70
2026-03-08T23:05:10.370 INFO:teuthology.orchestra.run.vm07.stdout:/usr/bin/ceph: stderr
2026-03-08T23:05:10.228+0000 7f674d8f6640 1 --2- >> [v2:192.168.123.107:3300/0,v1:192.168.123.107:6789/0] conn(0x7f6748109a70 0x7f674819f8d0 unknown :-1 s=BANNER_CONNECTING pgs=0 cs=0 l=1 rev1=0 crypto rx=0 tx=0 comp rx=0 tx=0)._handle_peer_banner_payload supported=3 required=0
2026-03-08T23:05:10.370 INFO:teuthology.orchestra.run.vm07.stdout:/usr/bin/ceph: stderr
2026-03-08T23:05:10.228+0000 7f674d8f6640 1 --2- >> [v2:192.168.123.107:3300/0,v1:192.168.123.107:6789/0] conn(0x7f6748109a70 0x7f674819f8d0 unknown :-1 s=HELLO_CONNECTING pgs=0 cs=0 l=1 rev1=1 crypto rx=0 tx=0 comp rx=0 tx=0).handle_hello peer v2:192.168.123.107:3300/0 says I am v2:192.168.123.107:52384/0 (socket says 192.168.123.107:52384)
2026-03-08T23:05:10.371 INFO:teuthology.orchestra.run.vm07.stdout:/usr/bin/ceph: stderr
2026-03-08T23:05:10.228+0000 7f674d8f6640 1 -- 192.168.123.107:0/4274593850 learned_addr learned my addr 192.168.123.107:0/4274593850 (peer_addr_for_me v2:192.168.123.107:0/0)
2026-03-08T23:05:10.371 INFO:teuthology.orchestra.run.vm07.stdout:/usr/bin/ceph: stderr
2026-03-08T23:05:10.228+0000 7f674d8f6640 1 -- 192.168.123.107:0/4274593850 --> [v2:192.168.123.107:3300/0,v1:192.168.123.107:6789/0] -- mon_subscribe({config=0+,monmap=0+}) -- 0x7f674819fe10 con 0x7f6748109a70
2026-03-08T23:05:10.371 INFO:teuthology.orchestra.run.vm07.stdout:/usr/bin/ceph: stderr
2026-03-08T23:05:10.228+0000 7f674d8f6640 1 --2- 192.168.123.107:0/4274593850 >> [v2:192.168.123.107:3300/0,v1:192.168.123.107:6789/0] conn(0x7f6748109a70 0x7f674819f8d0 secure :-1 s=READY pgs=19 cs=0 l=1 rev1=1 crypto rx=0x7f6738037b90 tx=0x7f6738035570 comp rx=0 tx=0).ready entity=mon.0 client_cookie=0 server_cookie=0 in_seq=0 out_seq=0
2026-03-08T23:05:10.371 INFO:teuthology.orchestra.run.vm07.stdout:/usr/bin/ceph: stderr
2026-03-08T23:05:10.228+0000 7f6736ffd640 1 -- 192.168.123.107:0/4274593850 <== mon.0 v2:192.168.123.107:3300/0 1 ==== mon_map magic: 0 ==== 205+0+0 (secure 0 0 0) 0x7f6738047070 con 0x7f6748109a70
2026-03-08T23:05:10.371 INFO:teuthology.orchestra.run.vm07.stdout:/usr/bin/ceph: stderr
2026-03-08T23:05:10.228+0000 7f674fb81640 1 -- 192.168.123.107:0/4274593850 --> [v2:192.168.123.107:3300/0,v1:192.168.123.107:6789/0] -- mon_subscribe({mgrmap=0+}) -- 0x7f67481a00a0 con 0x7f6748109a70
2026-03-08T23:05:10.371 INFO:teuthology.orchestra.run.vm07.stdout:/usr/bin/ceph: stderr
2026-03-08T23:05:10.228+0000 7f674fb81640 1 -- 192.168.123.107:0/4274593850 --> [v2:192.168.123.107:3300/0,v1:192.168.123.107:6789/0] -- mon_subscribe({osdmap=0}) -- 0x7f67481a2d90 con 0x7f6748109a70
2026-03-08T23:05:10.371 INFO:teuthology.orchestra.run.vm07.stdout:/usr/bin/ceph: stderr
2026-03-08T23:05:10.228+0000 7f6736ffd640 1 -- 192.168.123.107:0/4274593850 <== mon.0 v2:192.168.123.107:3300/0 2 ==== config(25 keys) ==== 1007+0+0 (secure 0 0 0) 0x7f6738035c50 con 0x7f6748109a70
2026-03-08T23:05:10.371 INFO:teuthology.orchestra.run.vm07.stdout:/usr/bin/ceph: stderr
2026-03-08T23:05:10.228+0000 7f6736ffd640 1 -- 192.168.123.107:0/4274593850 <== mon.0 v2:192.168.123.107:3300/0 3 ==== mon_map magic: 0 ==== 205+0+0 (secure 0 0 0) 0x7f673803c070 con 0x7f6748109a70
2026-03-08T23:05:10.371 INFO:teuthology.orchestra.run.vm07.stdout:/usr/bin/ceph: stderr
2026-03-08T23:05:10.228+0000 7f6736ffd640 1 -- 192.168.123.107:0/4274593850 <== mon.0 v2:192.168.123.107:3300/0 4 ==== mgrmap(e 3) ==== 50130+0+0 (secure 0 0 0) 0x7f67380413e0 con 0x7f6748109a70
2026-03-08T23:05:10.371 INFO:teuthology.orchestra.run.vm07.stdout:/usr/bin/ceph: stderr
2026-03-08T23:05:10.228+0000 7f6736ffd640 1 --2- 192.168.123.107:0/4274593850 >> [v2:192.168.123.107:6800/3782330641,v1:192.168.123.107:6801/3782330641] conn(0x7f671c03db70 0x7f671c040030 unknown :-1 s=NONE pgs=0 cs=0 l=1 rev1=0 crypto rx=0 tx=0 comp rx=0 tx=0).connect
2026-03-08T23:05:10.371 INFO:teuthology.orchestra.run.vm07.stdout:/usr/bin/ceph: stderr
2026-03-08T23:05:10.228+0000 7f6736ffd640 1 -- 192.168.123.107:0/4274593850 <== mon.0 v2:192.168.123.107:3300/0 5 ==== osd_map(1..1 src has 1..1) ==== 725+0+0 (secure 0 0 0) 0x7f673807a750 con 0x7f6748109a70
2026-03-08T23:05:10.371 INFO:teuthology.orchestra.run.vm07.stdout:/usr/bin/ceph: stderr
2026-03-08T23:05:10.228+0000 7f674fb81640 1 -- 192.168.123.107:0/4274593850 --> [v2:192.168.123.107:3300/0,v1:192.168.123.107:6789/0] -- mon_command({"prefix": "get_command_descriptions"} v 0) -- 0x7f6748109ef0 con 0x7f6748109a70
2026-03-08T23:05:10.371 INFO:teuthology.orchestra.run.vm07.stdout:/usr/bin/ceph: stderr
2026-03-08T23:05:10.228+0000 7f674d0f5640 1 --2- 192.168.123.107:0/4274593850 >> [v2:192.168.123.107:6800/3782330641,v1:192.168.123.107:6801/3782330641] conn(0x7f671c03db70 0x7f671c040030 unknown :-1 s=BANNER_CONNECTING pgs=0 cs=0 l=1 rev1=0 crypto rx=0 tx=0 comp rx=0 tx=0)._handle_peer_banner_payload supported=3 required=0
2026-03-08T23:05:10.371 INFO:teuthology.orchestra.run.vm07.stdout:/usr/bin/ceph: stderr
2026-03-08T23:05:10.232+0000 7f674d0f5640 1 --2- 192.168.123.107:0/4274593850 >> [v2:192.168.123.107:6800/3782330641,v1:192.168.123.107:6801/3782330641] conn(0x7f671c03db70 0x7f671c040030 secure :-1 s=READY pgs=7 cs=0 l=1 rev1=1 crypto rx=0x7f673c0099c0 tx=0x7f673c006eb0 comp rx=0 tx=0).ready entity=mgr.14102 client_cookie=0 server_cookie=0 in_seq=0 out_seq=0
2026-03-08T23:05:10.371 INFO:teuthology.orchestra.run.vm07.stdout:/usr/bin/ceph: stderr
2026-03-08T23:05:10.232+0000 7f6736ffd640 1 -- 192.168.123.107:0/4274593850 <== mon.0 v2:192.168.123.107:3300/0 6 ==== mon_command_ack([{"prefix": "get_command_descriptions"}]=0 v0) ==== 72+0+195034 (secure 0 0 0) 0x7f6738040e80 con 0x7f6748109a70
2026-03-08T23:05:10.371 INFO:teuthology.orchestra.run.vm07.stdout:/usr/bin/ceph: stderr
2026-03-08T23:05:10.324+0000 7f674fb81640 1 -- 192.168.123.107:0/4274593850 --> [v2:192.168.123.107:3300/0,v1:192.168.123.107:6789/0] -- mon_command({"prefix": "config assimilate-conf"} v 0) -- 0x7f67481a2f60 con 0x7f6748109a70
2026-03-08T23:05:10.371 INFO:teuthology.orchestra.run.vm07.stdout:/usr/bin/ceph: stderr
2026-03-08T23:05:10.328+0000 7f6736ffd640 1 -- 192.168.123.107:0/4274593850 <== mon.0 v2:192.168.123.107:3300/0 7 ==== mon_command_ack([{"prefix": "config assimilate-conf"}]=0 v3) ==== 70+0+380 (secure 0 0 0) 0x7f6738035e00 con 0x7f6748109a70
2026-03-08T23:05:10.371 INFO:teuthology.orchestra.run.vm07.stdout:/usr/bin/ceph: stderr
2026-03-08T23:05:10.328+0000 7f674fb81640 1 -- 192.168.123.107:0/4274593850 >> [v2:192.168.123.107:6800/3782330641,v1:192.168.123.107:6801/3782330641] conn(0x7f671c03db70 msgr2=0x7f671c040030 secure :-1 s=STATE_CONNECTION_ESTABLISHED l=1).mark_down
2026-03-08T23:05:10.371 INFO:teuthology.orchestra.run.vm07.stdout:/usr/bin/ceph: stderr
2026-03-08T23:05:10.328+0000 7f674fb81640 1 --2- 192.168.123.107:0/4274593850 >> [v2:192.168.123.107:6800/3782330641,v1:192.168.123.107:6801/3782330641] conn(0x7f671c03db70 0x7f671c040030 secure :-1 s=READY pgs=7 cs=0 l=1 rev1=1 crypto rx=0x7f673c0099c0 tx=0x7f673c006eb0 comp rx=0 tx=0).stop
2026-03-08T23:05:10.371 INFO:teuthology.orchestra.run.vm07.stdout:/usr/bin/ceph: stderr
2026-03-08T23:05:10.328+0000 7f674fb81640 1 -- 192.168.123.107:0/4274593850 >> [v2:192.168.123.107:3300/0,v1:192.168.123.107:6789/0] conn(0x7f6748109a70 msgr2=0x7f674819f8d0 secure :-1 s=STATE_CONNECTION_ESTABLISHED l=1).mark_down
2026-03-08T23:05:10.371 INFO:teuthology.orchestra.run.vm07.stdout:/usr/bin/ceph: stderr
2026-03-08T23:05:10.328+0000 7f674fb81640 1 --2- 192.168.123.107:0/4274593850 >> [v2:192.168.123.107:3300/0,v1:192.168.123.107:6789/0] conn(0x7f6748109a70 0x7f674819f8d0 secure :-1 s=READY pgs=19 cs=0 l=1 rev1=1 crypto rx=0x7f6738037b90 tx=0x7f6738035570 comp rx=0 tx=0).stop
2026-03-08T23:05:10.371 INFO:teuthology.orchestra.run.vm07.stdout:/usr/bin/ceph: stderr
2026-03-08T23:05:10.328+0000 7f674fb81640 1 -- 192.168.123.107:0/4274593850 shutdown_connections
2026-03-08T23:05:10.371 INFO:teuthology.orchestra.run.vm07.stdout:/usr/bin/ceph: stderr
2026-03-08T23:05:10.328+0000 7f674fb81640 1 --2- 192.168.123.107:0/4274593850 >> [v2:192.168.123.107:6800/3782330641,v1:192.168.123.107:6801/3782330641] conn(0x7f671c03db70 0x7f671c040030 unknown :-1 s=CLOSED pgs=7 cs=0 l=1 rev1=1 crypto rx=0 tx=0 comp rx=0 tx=0).stop
2026-03-08T23:05:10.371 INFO:teuthology.orchestra.run.vm07.stdout:/usr/bin/ceph: stderr
2026-03-08T23:05:10.328+0000 7f674fb81640 1 --2- 192.168.123.107:0/4274593850 >> [v2:192.168.123.107:3300/0,v1:192.168.123.107:6789/0] conn(0x7f6748109a70 0x7f674819f8d0 unknown :-1 s=CLOSED pgs=19 cs=0 l=1 rev1=1 crypto rx=0 tx=0 comp rx=0 tx=0).stop
2026-03-08T23:05:10.371 INFO:teuthology.orchestra.run.vm07.stdout:/usr/bin/ceph: stderr
2026-03-08T23:05:10.328+0000 7f674fb81640 1 -- 192.168.123.107:0/4274593850 >> 192.168.123.107:0/4274593850 conn(0x7f674807d070 msgr2=0x7f67481077c0 unknown :-1 s=STATE_NONE l=0).mark_down
2026-03-08T23:05:10.371 INFO:teuthology.orchestra.run.vm07.stdout:/usr/bin/ceph: stderr
2026-03-08T23:05:10.328+0000 7f674fb81640 1 -- 192.168.123.107:0/4274593850 shutdown_connections
2026-03-08T23:05:10.371 INFO:teuthology.orchestra.run.vm07.stdout:/usr/bin/ceph: stderr
2026-03-08T23:05:10.328+0000 7f674fb81640 1 -- 192.168.123.107:0/4274593850 wait complete.
2026-03-08T23:05:10.371 INFO:teuthology.orchestra.run.vm07.stdout:Enabling cephadm module...
2026-03-08T23:05:10.992 INFO:teuthology.orchestra.run.vm07.stdout:/usr/bin/ceph: stderr
2026-03-08T23:05:10.488+0000 7fce13e16640 1 Processor -- start
2026-03-08T23:05:10.992 INFO:teuthology.orchestra.run.vm07.stdout:/usr/bin/ceph: stderr
2026-03-08T23:05:10.488+0000 7fce13e16640 1 -- start start
2026-03-08T23:05:10.992 INFO:teuthology.orchestra.run.vm07.stdout:/usr/bin/ceph: stderr
2026-03-08T23:05:10.488+0000 7fce13e16640 1 --2- >> [v2:192.168.123.107:3300/0,v1:192.168.123.107:6789/0] conn(0x7fce0c107790 0x7fce0c107b90 unknown :-1 s=NONE pgs=0 cs=0 l=0 rev1=0 crypto rx=0 tx=0 comp rx=0 tx=0).connect
2026-03-08T23:05:10.992 INFO:teuthology.orchestra.run.vm07.stdout:/usr/bin/ceph: stderr
2026-03-08T23:05:10.488+0000 7fce13e16640 1 -- --> [v2:192.168.123.107:3300/0,v1:192.168.123.107:6789/0] -- mon_getmap magic: 0 -- 0x7fce0c108160 con 0x7fce0c107790
2026-03-08T23:05:10.992 INFO:teuthology.orchestra.run.vm07.stdout:/usr/bin/ceph: stderr
2026-03-08T23:05:10.488+0000 7fce11b8b640 1 --2- >> [v2:192.168.123.107:3300/0,v1:192.168.123.107:6789/0] conn(0x7fce0c107790 0x7fce0c107b90 unknown :-1 s=BANNER_CONNECTING pgs=0 cs=0 l=0 rev1=0 crypto rx=0 tx=0 comp rx=0 tx=0)._handle_peer_banner_payload supported=3 required=0
2026-03-08T23:05:10.992 INFO:teuthology.orchestra.run.vm07.stdout:/usr/bin/ceph: stderr
2026-03-08T23:05:10.488+0000 7fce11b8b640 1 --2- >> [v2:192.168.123.107:3300/0,v1:192.168.123.107:6789/0] conn(0x7fce0c107790 0x7fce0c107b90 unknown :-1 s=HELLO_CONNECTING pgs=0 cs=0 l=0 rev1=1 crypto rx=0 tx=0 comp rx=0 tx=0).handle_hello peer v2:192.168.123.107:3300/0 says I am v2:192.168.123.107:52400/0 (socket says 192.168.123.107:52400)
2026-03-08T23:05:10.992 INFO:teuthology.orchestra.run.vm07.stdout:/usr/bin/ceph: stderr
2026-03-08T23:05:10.488+0000 7fce11b8b640 1 -- 192.168.123.107:0/2137725426 learned_addr learned my addr 192.168.123.107:0/2137725426 (peer_addr_for_me v2:192.168.123.107:0/0)
2026-03-08T23:05:10.992 INFO:teuthology.orchestra.run.vm07.stdout:/usr/bin/ceph: stderr
2026-03-08T23:05:10.488+0000 7fce11b8b640 1 -- 192.168.123.107:0/2137725426 --> [v2:192.168.123.107:3300/0,v1:192.168.123.107:6789/0] -- mon_subscribe({config=0+,monmap=0+}) -- 0x7fce0c108940 con 0x7fce0c107790
2026-03-08T23:05:10.992 INFO:teuthology.orchestra.run.vm07.stdout:/usr/bin/ceph: stderr
2026-03-08T23:05:10.492+0000 7fce11b8b640 1 --2- 192.168.123.107:0/2137725426 >> [v2:192.168.123.107:3300/0,v1:192.168.123.107:6789/0] conn(0x7fce0c107790 0x7fce0c107b90 secure :-1 s=READY pgs=20 cs=0 l=1 rev1=1 crypto rx=0x7fce00009b80 tx=0x7fce0002f190 comp rx=0 tx=0).ready entity=mon.0 client_cookie=7b675cbe90581164 server_cookie=0 in_seq=0 out_seq=0
2026-03-08T23:05:10.992 INFO:teuthology.orchestra.run.vm07.stdout:/usr/bin/ceph: stderr
2026-03-08T23:05:10.492+0000 7fce10b89640 1 -- 192.168.123.107:0/2137725426 <== mon.0 v2:192.168.123.107:3300/0 1 ==== mon_map magic: 0 ==== 205+0+0 (secure 0 0 0) 0x7fce0003c070 con 0x7fce0c107790
2026-03-08T23:05:10.992 INFO:teuthology.orchestra.run.vm07.stdout:/usr/bin/ceph: stderr
2026-03-08T23:05:10.492+0000 7fce10b89640 1 -- 192.168.123.107:0/2137725426 <== mon.0 v2:192.168.123.107:3300/0 2 ==== config(25 keys) ==== 1007+0+0 (secure 0 0 0) 0x7fce00037440 con 0x7fce0c107790
2026-03-08T23:05:10.992 INFO:teuthology.orchestra.run.vm07.stdout:/usr/bin/ceph: stderr
2026-03-08T23:05:10.492+0000 7fce10b89640 1 -- 192.168.123.107:0/2137725426 <== mon.0 v2:192.168.123.107:3300/0 3 ==== mon_map magic: 0 ==== 205+0+0 (secure 0 0 0) 0x7fce000353a0 con 0x7fce0c107790
2026-03-08T23:05:10.992 INFO:teuthology.orchestra.run.vm07.stdout:/usr/bin/ceph: stderr
2026-03-08T23:05:10.492+0000 7fce13e16640 1 -- 192.168.123.107:0/2137725426 >> [v2:192.168.123.107:3300/0,v1:192.168.123.107:6789/0] conn(0x7fce0c107790 msgr2=0x7fce0c107b90 secure :-1 s=STATE_CONNECTION_ESTABLISHED l=1).mark_down
2026-03-08T23:05:10.992 INFO:teuthology.orchestra.run.vm07.stdout:/usr/bin/ceph: stderr
2026-03-08T23:05:10.492+0000 7fce13e16640 1 --2- 192.168.123.107:0/2137725426 >> [v2:192.168.123.107:3300/0,v1:192.168.123.107:6789/0] conn(0x7fce0c107790 0x7fce0c107b90 secure :-1 s=READY pgs=20 cs=0 l=1 rev1=1 crypto rx=0x7fce00009b80 tx=0x7fce0002f190 comp rx=0 tx=0).stop
2026-03-08T23:05:10.993 INFO:teuthology.orchestra.run.vm07.stdout:/usr/bin/ceph: stderr
2026-03-08T23:05:10.492+0000 7fce13e16640 1 -- 192.168.123.107:0/2137725426 shutdown_connections
2026-03-08T23:05:10.993 INFO:teuthology.orchestra.run.vm07.stdout:/usr/bin/ceph: stderr
2026-03-08T23:05:10.492+0000 7fce13e16640 1 --2- 192.168.123.107:0/2137725426 >> [v2:192.168.123.107:3300/0,v1:192.168.123.107:6789/0] conn(0x7fce0c107790 0x7fce0c107b90 unknown :-1 s=CLOSED pgs=20 cs=0 l=1 rev1=1 crypto rx=0 tx=0 comp rx=0 tx=0).stop
2026-03-08T23:05:10.993 INFO:teuthology.orchestra.run.vm07.stdout:/usr/bin/ceph: stderr
2026-03-08T23:05:10.492+0000 7fce13e16640 1 -- 192.168.123.107:0/2137725426 >> 192.168.123.107:0/2137725426 conn(0x7fce0c102ee0 msgr2=0x7fce0c105360 unknown :-1 s=STATE_NONE l=0).mark_down
2026-03-08T23:05:10.993 INFO:teuthology.orchestra.run.vm07.stdout:/usr/bin/ceph: stderr
2026-03-08T23:05:10.492+0000 7fce13e16640 1 -- 192.168.123.107:0/2137725426 shutdown_connections
2026-03-08T23:05:10.993 INFO:teuthology.orchestra.run.vm07.stdout:/usr/bin/ceph: stderr
2026-03-08T23:05:10.492+0000 7fce13e16640 1 -- 192.168.123.107:0/2137725426 wait complete.
2026-03-08T23:05:10.993 INFO:teuthology.orchestra.run.vm07.stdout:/usr/bin/ceph: stderr
2026-03-08T23:05:10.492+0000 7fce13e16640 1 Processor -- start
2026-03-08T23:05:10.993 INFO:teuthology.orchestra.run.vm07.stdout:/usr/bin/ceph: stderr
2026-03-08T23:05:10.492+0000 7fce13e16640 1 -- start start
2026-03-08T23:05:10.993 INFO:teuthology.orchestra.run.vm07.stdout:/usr/bin/ceph: stderr
2026-03-08T23:05:10.492+0000 7fce13e16640 1 --2- >> [v2:192.168.123.107:3300/0,v1:192.168.123.107:6789/0] conn(0x7fce0c107790 0x7fce0c19f980 unknown :-1 s=NONE pgs=0 cs=0 l=1 rev1=0 crypto rx=0 tx=0 comp rx=0 tx=0).connect
2026-03-08T23:05:10.993 INFO:teuthology.orchestra.run.vm07.stdout:/usr/bin/ceph: stderr
2026-03-08T23:05:10.492+0000 7fce13e16640 1 -- --> [v2:192.168.123.107:3300/0,v1:192.168.123.107:6789/0] -- mon_getmap magic: 0 -- 0x7fce0c10bb70 con 0x7fce0c107790
2026-03-08T23:05:10.993 INFO:teuthology.orchestra.run.vm07.stdout:/usr/bin/ceph: stderr
2026-03-08T23:05:10.492+0000 7fce11b8b640 1 --2- >> [v2:192.168.123.107:3300/0,v1:192.168.123.107:6789/0] conn(0x7fce0c107790 0x7fce0c19f980 unknown :-1 s=BANNER_CONNECTING pgs=0 cs=0 l=1 rev1=0 crypto rx=0 tx=0 comp rx=0 tx=0)._handle_peer_banner_payload supported=3 required=0
2026-03-08T23:05:10.993 INFO:teuthology.orchestra.run.vm07.stdout:/usr/bin/ceph: stderr
2026-03-08T23:05:10.492+0000 7fce11b8b640 1 --2- >> [v2:192.168.123.107:3300/0,v1:192.168.123.107:6789/0] conn(0x7fce0c107790 0x7fce0c19f980 unknown :-1 s=HELLO_CONNECTING pgs=0 cs=0 l=1 rev1=1 crypto rx=0 tx=0 comp rx=0 tx=0).handle_hello peer v2:192.168.123.107:3300/0 says I am v2:192.168.123.107:52402/0 (socket says 192.168.123.107:52402)
2026-03-08T23:05:10.993 INFO:teuthology.orchestra.run.vm07.stdout:/usr/bin/ceph: stderr
2026-03-08T23:05:10.492+0000 7fce11b8b640 1 -- 192.168.123.107:0/3792529182 learned_addr learned my addr 192.168.123.107:0/3792529182 (peer_addr_for_me v2:192.168.123.107:0/0)
2026-03-08T23:05:10.993 INFO:teuthology.orchestra.run.vm07.stdout:/usr/bin/ceph: stderr
2026-03-08T23:05:10.492+0000 7fce11b8b640 1 -- 192.168.123.107:0/3792529182 --> [v2:192.168.123.107:3300/0,v1:192.168.123.107:6789/0] -- mon_subscribe({config=0+,monmap=0+}) -- 0x7fce0c19fec0 con 0x7fce0c107790
2026-03-08T23:05:10.993 INFO:teuthology.orchestra.run.vm07.stdout:/usr/bin/ceph: stderr
2026-03-08T23:05:10.492+0000 7fce11b8b640 1 --2- 192.168.123.107:0/3792529182 >> [v2:192.168.123.107:3300/0,v1:192.168.123.107:6789/0] conn(0x7fce0c107790 0x7fce0c19f980 secure :-1 s=READY pgs=21 cs=0 l=1 rev1=1 crypto rx=0x7fce0003a040 tx=0x7fce00037b70 comp rx=0 tx=0).ready entity=mon.0 client_cookie=0 server_cookie=0 in_seq=0 out_seq=0
2026-03-08T23:05:10.993 INFO:teuthology.orchestra.run.vm07.stdout:/usr/bin/ceph: stderr
2026-03-08T23:05:10.492+0000 7fcdfaffd640 1 -- 192.168.123.107:0/3792529182 <== mon.0 v2:192.168.123.107:3300/0 1 ==== mon_map magic: 0 ==== 205+0+0 (secure 0 0 0) 0x7fce0003c070 con 0x7fce0c107790
2026-03-08T23:05:10.993 INFO:teuthology.orchestra.run.vm07.stdout:/usr/bin/ceph: stderr
2026-03-08T23:05:10.492+0000 7fcdfaffd640 1 -- 192.168.123.107:0/3792529182 <== mon.0 v2:192.168.123.107:3300/0 2 ==== config(25 keys) ==== 1007+0+0 (secure 0 0 0) 0x7fce00044070 con 0x7fce0c107790
2026-03-08T23:05:10.993 INFO:teuthology.orchestra.run.vm07.stdout:/usr/bin/ceph: stderr
2026-03-08T23:05:10.492+0000 7fcdfaffd640 1 -- 192.168.123.107:0/3792529182 <== mon.0 v2:192.168.123.107:3300/0 3 ==== mon_map magic: 0 ==== 205+0+0 (secure 0 0 0) 0x7fce00035830 con 0x7fce0c107790
2026-03-08T23:05:10.993 INFO:teuthology.orchestra.run.vm07.stdout:/usr/bin/ceph: stderr
2026-03-08T23:05:10.492+0000 7fce13e16640 1 -- 192.168.123.107:0/3792529182 --> [v2:192.168.123.107:3300/0,v1:192.168.123.107:6789/0] -- mon_subscribe({mgrmap=0+}) -- 0x7fce0c1a0150 con 0x7fce0c107790
2026-03-08T23:05:10.993 INFO:teuthology.orchestra.run.vm07.stdout:/usr/bin/ceph: stderr
2026-03-08T23:05:10.492+0000 7fce13e16640 1 -- 192.168.123.107:0/3792529182 --> [v2:192.168.123.107:3300/0,v1:192.168.123.107:6789/0] -- mon_subscribe({osdmap=0}) -- 0x7fce0c1a0570 con 0x7fce0c107790
2026-03-08T23:05:10.993 INFO:teuthology.orchestra.run.vm07.stdout:/usr/bin/ceph: stderr
2026-03-08T23:05:10.496+0000 7fcdfaffd640 1 -- 192.168.123.107:0/3792529182 <== mon.0 v2:192.168.123.107:3300/0 4 ==== mgrmap(e 3) ==== 50130+0+0 (secure 0 0 0) 0x7fce000359d0 con 0x7fce0c107790
2026-03-08T23:05:10.993 INFO:teuthology.orchestra.run.vm07.stdout:/usr/bin/ceph: stderr
2026-03-08T23:05:10.496+0000 7fce13e16640 1 -- 192.168.123.107:0/3792529182 --> [v2:192.168.123.107:3300/0,v1:192.168.123.107:6789/0] -- mon_command({"prefix": "get_command_descriptions"} v 0) -- 0x7fcdd4005390 con 0x7fce0c107790
2026-03-08T23:05:10.993 INFO:teuthology.orchestra.run.vm07.stdout:/usr/bin/ceph: stderr
2026-03-08T23:05:10.496+0000 7fcdfaffd640 1 --2- 192.168.123.107:0/3792529182 >> [v2:192.168.123.107:6800/3782330641,v1:192.168.123.107:6801/3782330641] conn(0x7fcde803dad0 0x7fcde803ff90 unknown :-1 s=NONE pgs=0 cs=0 l=1 rev1=0 crypto rx=0 tx=0 comp rx=0 tx=0).connect
2026-03-08T23:05:10.993 INFO:teuthology.orchestra.run.vm07.stdout:/usr/bin/ceph: stderr
2026-03-08T23:05:10.496+0000 7fcdfaffd640 1 -- 192.168.123.107:0/3792529182 <== mon.0 v2:192.168.123.107:3300/0 5 ==== osd_map(1..1 src has 1..1) ==== 725+0+0 (secure 0 0 0) 0x7fce00076540 con 0x7fce0c107790
2026-03-08T23:05:10.993 INFO:teuthology.orchestra.run.vm07.stdout:/usr/bin/ceph: stderr
2026-03-08T23:05:10.496+0000 7fce1138a640 1 --2- 192.168.123.107:0/3792529182 >> [v2:192.168.123.107:6800/3782330641,v1:192.168.123.107:6801/3782330641] conn(0x7fcde803dad0 0x7fcde803ff90 unknown :-1 s=BANNER_CONNECTING pgs=0 cs=0 l=1 rev1=0 crypto rx=0 tx=0 comp rx=0 tx=0)._handle_peer_banner_payload supported=3 required=0
2026-03-08T23:05:10.993 INFO:teuthology.orchestra.run.vm07.stdout:/usr/bin/ceph: stderr
2026-03-08T23:05:10.496+0000 7fce1138a640 1 --2- 192.168.123.107:0/3792529182 >> [v2:192.168.123.107:6800/3782330641,v1:192.168.123.107:6801/3782330641] conn(0x7fcde803dad0 0x7fcde803ff90 secure :-1 s=READY pgs=8 cs=0 l=1 rev1=1 crypto rx=0x7fcdfc0099c0 tx=0x7fcdfc006eb0 comp rx=0 tx=0).ready entity=mgr.14102 client_cookie=0 server_cookie=0 in_seq=0 out_seq=0
2026-03-08T23:05:10.993 INFO:teuthology.orchestra.run.vm07.stdout:/usr/bin/ceph: stderr
2026-03-08T23:05:10.500+0000 7fcdfaffd640 1 -- 192.168.123.107:0/3792529182 <== mon.0 v2:192.168.123.107:3300/0 6 ==== mon_command_ack([{"prefix": "get_command_descriptions"}]=0 v0) ==== 72+0+195034 (secure 0 0 0) 0x7fce00047360 con 0x7fce0c107790
2026-03-08T23:05:10.993 INFO:teuthology.orchestra.run.vm07.stdout:/usr/bin/ceph: stderr
2026-03-08T23:05:10.620+0000 7fce13e16640 1 -- 192.168.123.107:0/3792529182 --> [v2:192.168.123.107:3300/0,v1:192.168.123.107:6789/0] -- mon_command({"prefix": "mgr module enable", "module": "cephadm"} v 0) -- 0x7fcdd4005680 con 0x7fce0c107790
2026-03-08T23:05:10.993 INFO:teuthology.orchestra.run.vm07.stdout:/usr/bin/ceph: stderr
2026-03-08T23:05:10.920+0000 7fcdfaffd640 1 -- 192.168.123.107:0/3792529182 <== mon.0 v2:192.168.123.107:3300/0 7 ==== mon_command_ack([{"prefix": "mgr module enable", "module": "cephadm"}]=0 v4) ==== 86+0+0 (secure 0 0 0) 0x7fce00033200 con 0x7fce0c107790
2026-03-08T23:05:10.993 INFO:teuthology.orchestra.run.vm07.stdout:/usr/bin/ceph: stderr
2026-03-08T23:05:10.928+0000 7fcdfaffd640 1 -- 192.168.123.107:0/3792529182 <== mon.0 v2:192.168.123.107:3300/0 8 ==== mgrmap(e 4) ==== 50247+0+0 (secure 0 0 0) 0x7fce00049460 con 0x7fce0c107790
2026-03-08T23:05:10.993 INFO:teuthology.orchestra.run.vm07.stdout:/usr/bin/ceph: stderr
2026-03-08T23:05:10.928+0000 7fce13e16640 1 -- 192.168.123.107:0/3792529182 >> [v2:192.168.123.107:6800/3782330641,v1:192.168.123.107:6801/3782330641] conn(0x7fcde803dad0 msgr2=0x7fcde803ff90 secure :-1 s=STATE_CONNECTION_ESTABLISHED l=1).mark_down
2026-03-08T23:05:10.993 INFO:teuthology.orchestra.run.vm07.stdout:/usr/bin/ceph: stderr
2026-03-08T23:05:10.928+0000 7fce13e16640 1 --2- 192.168.123.107:0/3792529182 >> [v2:192.168.123.107:6800/3782330641,v1:192.168.123.107:6801/3782330641] conn(0x7fcde803dad0 0x7fcde803ff90 secure :-1 s=READY pgs=8 cs=0 l=1 rev1=1 crypto rx=0x7fcdfc0099c0 tx=0x7fcdfc006eb0 comp rx=0 tx=0).stop
2026-03-08T23:05:10.993 INFO:teuthology.orchestra.run.vm07.stdout:/usr/bin/ceph: stderr
2026-03-08T23:05:10.928+0000 7fce13e16640 1 -- 192.168.123.107:0/3792529182 >> [v2:192.168.123.107:3300/0,v1:192.168.123.107:6789/0] conn(0x7fce0c107790 msgr2=0x7fce0c19f980 secure :-1 s=STATE_CONNECTION_ESTABLISHED l=1).mark_down
2026-03-08T23:05:10.993 INFO:teuthology.orchestra.run.vm07.stdout:/usr/bin/ceph: stderr
2026-03-08T23:05:10.928+0000 7fce13e16640 1 --2- 192.168.123.107:0/3792529182 >> [v2:192.168.123.107:3300/0,v1:192.168.123.107:6789/0] conn(0x7fce0c107790 0x7fce0c19f980 secure :-1 s=READY pgs=21 cs=0 l=1 rev1=1 crypto rx=0x7fce0003a040 tx=0x7fce00037b70 comp rx=0 tx=0).stop
2026-03-08T23:05:10.994 INFO:teuthology.orchestra.run.vm07.stdout:/usr/bin/ceph: stderr
2026-03-08T23:05:10.928+0000 7fce13e16640 1 -- 192.168.123.107:0/3792529182 shutdown_connections
2026-03-08T23:05:10.994 INFO:teuthology.orchestra.run.vm07.stdout:/usr/bin/ceph: stderr
2026-03-08T23:05:10.928+0000 7fce13e16640 1 --2- 192.168.123.107:0/3792529182 >> [v2:192.168.123.107:6800/3782330641,v1:192.168.123.107:6801/3782330641] conn(0x7fcde803dad0 0x7fcde803ff90 unknown :-1 s=CLOSED pgs=8 cs=0 l=1 rev1=1 crypto rx=0 tx=0 comp rx=0 tx=0).stop
2026-03-08T23:05:10.994 INFO:teuthology.orchestra.run.vm07.stdout:/usr/bin/ceph: stderr
2026-03-08T23:05:10.928+0000 7fce13e16640 1 --2- 192.168.123.107:0/3792529182 >> [v2:192.168.123.107:3300/0,v1:192.168.123.107:6789/0] conn(0x7fce0c107790 0x7fce0c19f980 unknown :-1 s=CLOSED pgs=21 cs=0 l=1 rev1=1 crypto rx=0 tx=0 comp rx=0 tx=0).stop
2026-03-08T23:05:10.994 INFO:teuthology.orchestra.run.vm07.stdout:/usr/bin/ceph: stderr
2026-03-08T23:05:10.928+0000 7fce13e16640 1 -- 192.168.123.107:0/3792529182 >> 192.168.123.107:0/3792529182 conn(0x7fce0c102ee0 msgr2=0x7fce0c103b50 unknown :-1 s=STATE_NONE l=0).mark_down
2026-03-08T23:05:10.994 INFO:teuthology.orchestra.run.vm07.stdout:/usr/bin/ceph: stderr
2026-03-08T23:05:10.932+0000 7fce13e16640 1 -- 192.168.123.107:0/3792529182 shutdown_connections
2026-03-08T23:05:10.994 INFO:teuthology.orchestra.run.vm07.stdout:/usr/bin/ceph: stderr
2026-03-08T23:05:10.932+0000 7fce13e16640 1 -- 192.168.123.107:0/3792529182 wait complete.
2026-03-08T23:05:11.046 INFO:journalctl@ceph.mgr.x.vm07.stdout:Mar 08 23:05:10 vm07 bash[20914]: ignoring --setuser ceph since I am not root
2026-03-08T23:05:11.046 INFO:journalctl@ceph.mgr.x.vm07.stdout:Mar 08 23:05:10 vm07 bash[20914]: ignoring --setgroup ceph since I am not root
2026-03-08T23:05:11.046 INFO:journalctl@ceph.mon.a.vm07.stdout:Mar 08 23:05:10 vm07 bash[20642]: cluster
2026-03-08T23:05:09.920332+0000 mon.a (mon.0) 31 : cluster [DBG] mgrmap e3: x(active, since 1.01076s)
2026-03-08T23:05:11.046 INFO:journalctl@ceph.mon.a.vm07.stdout:Mar 08 23:05:10 vm07 bash[20642]: cluster
2026-03-08T23:05:09.920332+0000 mon.a (mon.0) 31 : cluster [DBG] mgrmap e3: x(active, since 1.01076s)
2026-03-08T23:05:11.046 INFO:journalctl@ceph.mon.a.vm07.stdout:Mar 08 23:05:10 vm07 bash[20642]: audit
2026-03-08T23:05:10.073149+0000 mon.a (mon.0) 32 : audit [DBG] from='client.? 192.168.123.107:0/2218627435' entity='client.admin' cmd=[{"prefix": "status", "format": "json-pretty"}]: dispatch
2026-03-08T23:05:11.046 INFO:journalctl@ceph.mon.a.vm07.stdout:Mar 08 23:05:10 vm07 bash[20642]: audit
2026-03-08T23:05:10.073149+0000 mon.a (mon.0) 32 : audit [DBG] from='client.? 192.168.123.107:0/2218627435' entity='client.admin' cmd=[{"prefix": "status", "format": "json-pretty"}]: dispatch
2026-03-08T23:05:11.046 INFO:journalctl@ceph.mon.a.vm07.stdout:Mar 08 23:05:10 vm07 bash[20642]: audit
2026-03-08T23:05:10.330272+0000 mon.a (mon.0) 33 : audit [INF] from='client.? 192.168.123.107:0/4274593850' entity='client.admin' cmd=[{"prefix": "config assimilate-conf"}]: dispatch
2026-03-08T23:05:11.046 INFO:journalctl@ceph.mon.a.vm07.stdout:Mar 08 23:05:10 vm07 bash[20642]: audit
2026-03-08T23:05:10.330272+0000 mon.a (mon.0) 33 : audit [INF] from='client.? 192.168.123.107:0/4274593850' entity='client.admin' cmd=[{"prefix": "config assimilate-conf"}]: dispatch
2026-03-08T23:05:11.046 INFO:journalctl@ceph.mon.a.vm07.stdout:Mar 08 23:05:10 vm07 bash[20642]: audit
2026-03-08T23:05:10.625249+0000 mon.a (mon.0) 34 : audit [INF] from='client.? 192.168.123.107:0/3792529182' entity='client.admin' cmd=[{"prefix": "mgr module enable", "module": "cephadm"}]: dispatch
2026-03-08T23:05:11.046 INFO:journalctl@ceph.mon.a.vm07.stdout:Mar 08 23:05:10 vm07 bash[20642]: audit
2026-03-08T23:05:10.625249+0000 mon.a (mon.0) 34 : audit [INF] from='client.? 192.168.123.107:0/3792529182' entity='client.admin' cmd=[{"prefix": "mgr module enable", "module": "cephadm"}]: dispatch
2026-03-08T23:05:11.331 INFO:teuthology.orchestra.run.vm07.stdout:/usr/bin/ceph: stdout {
2026-03-08T23:05:11.331 INFO:teuthology.orchestra.run.vm07.stdout:/usr/bin/ceph: stdout "epoch": 4,
2026-03-08T23:05:11.331 INFO:teuthology.orchestra.run.vm07.stdout:/usr/bin/ceph: stdout "available": true,
2026-03-08T23:05:11.331 INFO:teuthology.orchestra.run.vm07.stdout:/usr/bin/ceph: stdout "active_name": "x",
2026-03-08T23:05:11.331 INFO:teuthology.orchestra.run.vm07.stdout:/usr/bin/ceph: stdout "num_standby": 0
2026-03-08T23:05:11.331 INFO:teuthology.orchestra.run.vm07.stdout:/usr/bin/ceph: stdout }
2026-03-08T23:05:11.331 INFO:teuthology.orchestra.run.vm07.stdout:/usr/bin/ceph: stderr
2026-03-08T23:05:11.120+0000 7fc52a20d640 1 Processor -- start
2026-03-08T23:05:11.331 INFO:teuthology.orchestra.run.vm07.stdout:/usr/bin/ceph: stderr
2026-03-08T23:05:11.120+0000 7fc52a20d640 1 -- start start
2026-03-08T23:05:11.331 INFO:teuthology.orchestra.run.vm07.stdout:/usr/bin/ceph: stderr
