2026-03-08T23:05:19.123 INFO:teuthology.orchestra.run.vm07.stdout:/usr/bin/ceph: stderr
2026-03-08T23:05:18.956+0000 7f10808a1640 1 -- 192.168.123.107:0/2338533904 shutdown_connections
2026-03-08T23:05:19.123 INFO:teuthology.orchestra.run.vm07.stdout:/usr/bin/ceph: stderr
2026-03-08T23:05:18.956+0000 7f10808a1640 1 --2- 192.168.123.107:0/2338533904 >> [v2:192.168.123.107:3300/0,v1:192.168.123.107:6789/0] conn(0x7f10740a4930 0x7f10740a4d30 unknown :-1 s=CLOSED pgs=45 cs=0 l=1 rev1=1 crypto rx=0 tx=0 comp rx=0 tx=0).stop
2026-03-08T23:05:19.123 INFO:teuthology.orchestra.run.vm07.stdout:/usr/bin/ceph: stderr
2026-03-08T23:05:18.956+0000 7f10808a1640 1 -- 192.168.123.107:0/2338533904 >> 192.168.123.107:0/2338533904 conn(0x7f107409fc40 msgr2=0x7f10740a20a0 unknown :-1 s=STATE_NONE l=0).mark_down
2026-03-08T23:05:19.123 INFO:teuthology.orchestra.run.vm07.stdout:/usr/bin/ceph: stderr
2026-03-08T23:05:18.956+0000 7f10808a1640 1 -- 192.168.123.107:0/2338533904 shutdown_connections
2026-03-08T23:05:19.123 INFO:teuthology.orchestra.run.vm07.stdout:/usr/bin/ceph: stderr
2026-03-08T23:05:18.956+0000 7f10808a1640 1 -- 192.168.123.107:0/2338533904 wait complete.
2026-03-08T23:05:19.123 INFO:teuthology.orchestra.run.vm07.stdout:/usr/bin/ceph: stderr
2026-03-08T23:05:18.956+0000 7f10808a1640 1 Processor -- start
2026-03-08T23:05:19.123 INFO:teuthology.orchestra.run.vm07.stdout:/usr/bin/ceph: stderr
2026-03-08T23:05:18.956+0000 7f10808a1640 1 -- start start
2026-03-08T23:05:19.123 INFO:teuthology.orchestra.run.vm07.stdout:/usr/bin/ceph: stderr
2026-03-08T23:05:18.956+0000 7f10808a1640 1 --2- >> [v2:192.168.123.107:3300/0,v1:192.168.123.107:6789/0] conn(0x7f10740a4930 0x7f107412fef0 unknown :-1 s=NONE pgs=0 cs=0 l=1 rev1=0 crypto rx=0 tx=0 comp rx=0 tx=0).connect
2026-03-08T23:05:19.123 INFO:teuthology.orchestra.run.vm07.stdout:/usr/bin/ceph: stderr
2026-03-08T23:05:18.956+0000 7f10808a1640 1 -- --> [v2:192.168.123.107:3300/0,v1:192.168.123.107:6789/0] -- mon_getmap magic: 0 -- 0x7f10740a6590 con 0x7f10740a4930
2026-03-08T23:05:19.123 INFO:teuthology.orchestra.run.vm07.stdout:/usr/bin/ceph: stderr
2026-03-08T23:05:18.956+0000 7f107ad76640 1 --2- >> [v2:192.168.123.107:3300/0,v1:192.168.123.107:6789/0] conn(0x7f10740a4930 0x7f107412fef0 unknown :-1 s=BANNER_CONNECTING pgs=0 cs=0 l=1 rev1=0 crypto rx=0 tx=0 comp rx=0 tx=0)._handle_peer_banner_payload supported=3 required=0
2026-03-08T23:05:19.123 INFO:teuthology.orchestra.run.vm07.stdout:/usr/bin/ceph: stderr
2026-03-08T23:05:18.956+0000 7f107ad76640 1 --2- >> [v2:192.168.123.107:3300/0,v1:192.168.123.107:6789/0] conn(0x7f10740a4930 0x7f107412fef0 unknown :-1 s=HELLO_CONNECTING pgs=0 cs=0 l=1 rev1=1 crypto rx=0 tx=0 comp rx=0 tx=0).handle_hello peer v2:192.168.123.107:3300/0 says I am v2:192.168.123.107:39148/0 (socket says 192.168.123.107:39148)
2026-03-08T23:05:19.123 INFO:teuthology.orchestra.run.vm07.stdout:/usr/bin/ceph: stderr
2026-03-08T23:05:18.956+0000 7f107ad76640 1 -- 192.168.123.107:0/3568793708 learned_addr learned my addr 192.168.123.107:0/3568793708 (peer_addr_for_me v2:192.168.123.107:0/0)
2026-03-08T23:05:19.123 INFO:teuthology.orchestra.run.vm07.stdout:/usr/bin/ceph: stderr
2026-03-08T23:05:18.956+0000 7f107ad76640 1 -- 192.168.123.107:0/3568793708 --> [v2:192.168.123.107:3300/0,v1:192.168.123.107:6789/0] -- mon_subscribe({config=0+,monmap=0+}) -- 0x7f1074130430 con 0x7f10740a4930
2026-03-08T23:05:19.123 INFO:teuthology.orchestra.run.vm07.stdout:/usr/bin/ceph: stderr
2026-03-08T23:05:18.960+0000 7f107ad76640 1 --2- 192.168.123.107:0/3568793708 >> [v2:192.168.123.107:3300/0,v1:192.168.123.107:6789/0] conn(0x7f10740a4930 0x7f107412fef0 secure :-1 s=READY pgs=46 cs=0 l=1 rev1=1 crypto rx=0x7f106c031890 tx=0x7f106c00e8f0 comp rx=0 tx=0).ready entity=mon.0 client_cookie=0 server_cookie=0 in_seq=0 out_seq=0
2026-03-08T23:05:19.123 INFO:teuthology.orchestra.run.vm07.stdout:/usr/bin/ceph: stderr
2026-03-08T23:05:18.960+0000 7f105bfff640 1 -- 192.168.123.107:0/3568793708 <== mon.0 v2:192.168.123.107:3300/0 1 ==== mon_map magic: 0 ==== 205+0+0 (secure 0 0 0) 0x7f106c040070 con 0x7f10740a4930
2026-03-08T23:05:19.123 INFO:teuthology.orchestra.run.vm07.stdout:/usr/bin/ceph: stderr
2026-03-08T23:05:18.960+0000 7f10808a1640 1 -- 192.168.123.107:0/3568793708 --> [v2:192.168.123.107:3300/0,v1:192.168.123.107:6789/0] -- mon_subscribe({mgrmap=0+}) -- 0x7f10741306c0 con 0x7f10740a4930
2026-03-08T23:05:19.123 INFO:teuthology.orchestra.run.vm07.stdout:/usr/bin/ceph: stderr
2026-03-08T23:05:18.960+0000 7f10808a1640 1 -- 192.168.123.107:0/3568793708 --> [v2:192.168.123.107:3300/0,v1:192.168.123.107:6789/0] -- mon_subscribe({osdmap=0}) -- 0x7f1074130b20 con 0x7f10740a4930
2026-03-08T23:05:19.123 INFO:teuthology.orchestra.run.vm07.stdout:/usr/bin/ceph: stderr
2026-03-08T23:05:18.960+0000 7f105bfff640 1 -- 192.168.123.107:0/3568793708 <== mon.0 v2:192.168.123.107:3300/0 2 ==== config(25 keys) ==== 1007+0+0 (secure 0 0 0) 0x7f106c039480 con 0x7f10740a4930
2026-03-08T23:05:19.123 INFO:teuthology.orchestra.run.vm07.stdout:/usr/bin/ceph: stderr
2026-03-08T23:05:18.960+0000 7f105bfff640 1 -- 192.168.123.107:0/3568793708 <== mon.0 v2:192.168.123.107:3300/0 3 ==== mon_map magic: 0 ==== 205+0+0 (secure 0 0 0) 0x7f106c0383e0 con 0x7f10740a4930
2026-03-08T23:05:19.123 INFO:teuthology.orchestra.run.vm07.stdout:/usr/bin/ceph: stderr
2026-03-08T23:05:18.960+0000 7f105bfff640 1 -- 192.168.123.107:0/3568793708 <== mon.0 v2:192.168.123.107:3300/0 4 ==== mgrmap(e 7) ==== 50247+0+0 (secure 0 0 0) 0x7f106c04d020 con 0x7f10740a4930
2026-03-08T23:05:19.123 INFO:teuthology.orchestra.run.vm07.stdout:/usr/bin/ceph: stderr
2026-03-08T23:05:18.960+0000 7f105bfff640 1 --2- 192.168.123.107:0/3568793708 >> [v2:192.168.123.107:6800/2131720749,v1:192.168.123.107:6801/2131720749] conn(0x7f106003dd10 0x7f10600401d0 unknown :-1 s=NONE pgs=0 cs=0 l=1 rev1=0 crypto rx=0 tx=0 comp rx=0 tx=0).connect
2026-03-08T23:05:19.123 INFO:teuthology.orchestra.run.vm07.stdout:/usr/bin/ceph: stderr
2026-03-08T23:05:18.960+0000 7f105bfff640 1 -- 192.168.123.107:0/3568793708 <== mon.0 v2:192.168.123.107:3300/0 5 ==== osd_map(2..2 src has 1..2) ==== 940+0+0 (secure 0 0 0) 0x7f106c077240 con 0x7f10740a4930
2026-03-08T23:05:19.123 INFO:teuthology.orchestra.run.vm07.stdout:/usr/bin/ceph: stderr
2026-03-08T23:05:18.960+0000 7f107a575640 1 --2- 192.168.123.107:0/3568793708 >> [v2:192.168.123.107:6800/2131720749,v1:192.168.123.107:6801/2131720749] conn(0x7f106003dd10 0x7f10600401d0 unknown :-1 s=BANNER_CONNECTING pgs=0 cs=0 l=1 rev1=0 crypto rx=0 tx=0 comp rx=0 tx=0)._handle_peer_banner_payload supported=3 required=0
2026-03-08T23:05:19.123 INFO:teuthology.orchestra.run.vm07.stdout:/usr/bin/ceph: stderr
2026-03-08T23:05:18.960+0000 7f107a575640 1 --2- 192.168.123.107:0/3568793708 >> [v2:192.168.123.107:6800/2131720749,v1:192.168.123.107:6801/2131720749] conn(0x7f106003dd10 0x7f10600401d0 secure :-1 s=READY pgs=12 cs=0 l=1 rev1=1 crypto rx=0x7f107c06b370 tx=0x7f107c065ef0 comp rx=0 tx=0).ready entity=mgr.14118 client_cookie=0 server_cookie=0 in_seq=0 out_seq=0
2026-03-08T23:05:19.123 INFO:teuthology.orchestra.run.vm07.stdout:/usr/bin/ceph: stderr
2026-03-08T23:05:18.960+0000 7f10808a1640 1 -- 192.168.123.107:0/3568793708 --> [v2:192.168.123.107:3300/0,v1:192.168.123.107:6789/0] -- mon_command({"prefix": "get_command_descriptions"} v 0) -- 0x7f1050005390 con 0x7f10740a4930
2026-03-08T23:05:19.123 INFO:teuthology.orchestra.run.vm07.stdout:/usr/bin/ceph: stderr
2026-03-08T23:05:18.964+0000 7f105bfff640 1 -- 192.168.123.107:0/3568793708 <== mon.0 v2:192.168.123.107:3300/0 6 ==== mon_command_ack([{"prefix": "get_command_descriptions"}]=0 v0) ==== 72+0+195034 (secure 0 0 0) 0x7f106c009160 con 0x7f10740a4930
2026-03-08T23:05:19.123 INFO:teuthology.orchestra.run.vm07.stdout:/usr/bin/ceph: stderr
2026-03-08T23:05:19.076+0000 7f10808a1640 1 -- 192.168.123.107:0/3568793708 --> [v2:192.168.123.107:6800/2131720749,v1:192.168.123.107:6801/2131720749] -- mgr_command(tid 0: {"prefix": "orch apply", "service_type": "mon", "unmanaged": true, "target": ["mon-mgr", ""]}) -- 0x7f1050002bf0 con 0x7f106003dd10
2026-03-08T23:05:19.124 INFO:teuthology.orchestra.run.vm07.stdout:/usr/bin/ceph: stderr
2026-03-08T23:05:19.080+0000 7f105bfff640 1 -- 192.168.123.107:0/3568793708 <== mgr.14118 v2:192.168.123.107:6800/2131720749 1 ==== mgr_command_reply(tid 0: 0 ) ==== 8+0+24 (secure 0 0 0) 0x7f1050002bf0 con 0x7f106003dd10
2026-03-08T23:05:19.124 INFO:teuthology.orchestra.run.vm07.stdout:/usr/bin/ceph: stderr
2026-03-08T23:05:19.084+0000 7f10808a1640 1 -- 192.168.123.107:0/3568793708 >> [v2:192.168.123.107:6800/2131720749,v1:192.168.123.107:6801/2131720749] conn(0x7f106003dd10 msgr2=0x7f10600401d0 secure :-1 s=STATE_CONNECTION_ESTABLISHED l=1).mark_down
2026-03-08T23:05:19.124 INFO:teuthology.orchestra.run.vm07.stdout:/usr/bin/ceph: stderr
2026-03-08T23:05:19.084+0000 7f10808a1640 1 --2- 192.168.123.107:0/3568793708 >> [v2:192.168.123.107:6800/2131720749,v1:192.168.123.107:6801/2131720749] conn(0x7f106003dd10 0x7f10600401d0 secure :-1 s=READY pgs=12 cs=0 l=1 rev1=1 crypto rx=0x7f107c06b370 tx=0x7f107c065ef0 comp rx=0 tx=0).stop
2026-03-08T23:05:19.124 INFO:teuthology.orchestra.run.vm07.stdout:/usr/bin/ceph: stderr
2026-03-08T23:05:19.084+0000 7f10808a1640 1 -- 192.168.123.107:0/3568793708 >> [v2:192.168.123.107:3300/0,v1:192.168.123.107:6789/0] conn(0x7f10740a4930 msgr2=0x7f107412fef0 secure :-1 s=STATE_CONNECTION_ESTABLISHED l=1).mark_down
2026-03-08T23:05:19.124 INFO:teuthology.orchestra.run.vm07.stdout:/usr/bin/ceph: stderr
2026-03-08T23:05:19.084+0000 7f10808a1640 1 --2- 192.168.123.107:0/3568793708 >> [v2:192.168.123.107:3300/0,v1:192.168.123.107:6789/0] conn(0x7f10740a4930 0x7f107412fef0 secure :-1 s=READY pgs=46 cs=0 l=1 rev1=1 crypto rx=0x7f106c031890 tx=0x7f106c00e8f0 comp rx=0 tx=0).stop
2026-03-08T23:05:19.124 INFO:teuthology.orchestra.run.vm07.stdout:/usr/bin/ceph: stderr
2026-03-08T23:05:19.084+0000 7f10808a1640 1 -- 192.168.123.107:0/3568793708 shutdown_connections
2026-03-08T23:05:19.124 INFO:teuthology.orchestra.run.vm07.stdout:/usr/bin/ceph: stderr
2026-03-08T23:05:19.084+0000 7f10808a1640 1 --2- 192.168.123.107:0/3568793708 >> [v2:192.168.123.107:6800/2131720749,v1:192.168.123.107:6801/2131720749] conn(0x7f106003dd10 0x7f10600401d0 unknown :-1 s=CLOSED pgs=12 cs=0 l=1 rev1=1 crypto rx=0 tx=0 comp rx=0 tx=0).stop
2026-03-08T23:05:19.124 INFO:teuthology.orchestra.run.vm07.stdout:/usr/bin/ceph: stderr
2026-03-08T23:05:19.084+0000 7f10808a1640 1 --2- 192.168.123.107:0/3568793708 >> [v2:192.168.123.107:3300/0,v1:192.168.123.107:6789/0] conn(0x7f10740a4930 0x7f107412fef0 unknown :-1 s=CLOSED pgs=46 cs=0 l=1 rev1=1 crypto rx=0 tx=0 comp rx=0 tx=0).stop
2026-03-08T23:05:19.124 INFO:teuthology.orchestra.run.vm07.stdout:/usr/bin/ceph: stderr
2026-03-08T23:05:19.084+0000 7f10808a1640 1 -- 192.168.123.107:0/3568793708 >> 192.168.123.107:0/3568793708 conn(0x7f107409fc40 msgr2=0x7f10740a06b0 unknown :-1 s=STATE_NONE l=0).mark_down
2026-03-08T23:05:19.124 INFO:teuthology.orchestra.run.vm07.stdout:/usr/bin/ceph: stderr
2026-03-08T23:05:19.084+0000 7f10808a1640 1 -- 192.168.123.107:0/3568793708 shutdown_connections
2026-03-08T23:05:19.124 INFO:teuthology.orchestra.run.vm07.stdout:/usr/bin/ceph: stderr
2026-03-08T23:05:19.084+0000 7f10808a1640 1 -- 192.168.123.107:0/3568793708 wait complete.
2026-03-08T23:05:19.124 INFO:teuthology.orchestra.run.vm07.stdout:Deploying unmanaged mgr service...
2026-03-08T23:05:19.398 INFO:teuthology.orchestra.run.vm07.stdout:/usr/bin/ceph: stdout Scheduled mgr update...
2026-03-08T23:05:19.398 INFO:teuthology.orchestra.run.vm07.stdout:/usr/bin/ceph: stderr
2026-03-08T23:05:19.232+0000 7f820f53a640 1 Processor -- start
2026-03-08T23:05:19.399 INFO:teuthology.orchestra.run.vm07.stdout:/usr/bin/ceph: stderr
2026-03-08T23:05:19.232+0000 7f820f53a640 1 -- start start
2026-03-08T23:05:19.399 INFO:teuthology.orchestra.run.vm07.stdout:/usr/bin/ceph: stderr
2026-03-08T23:05:19.232+0000 7f820f53a640 1 --2- >> [v2:192.168.123.107:3300/0,v1:192.168.123.107:6789/0] conn(0x7f8208105fd0 0x7f82081083e0 unknown :-1 s=NONE pgs=0 cs=0 l=0 rev1=0 crypto rx=0 tx=0 comp rx=0 tx=0).connect
2026-03-08T23:05:19.399 INFO:teuthology.orchestra.run.vm07.stdout:/usr/bin/ceph: stderr
2026-03-08T23:05:19.232+0000 7f820f53a640 1 -- --> [v2:192.168.123.107:3300/0,v1:192.168.123.107:6789/0] -- mon_getmap magic: 0 -- 0x7f820807bea0 con 0x7f8208105fd0
2026-03-08T23:05:19.399 INFO:teuthology.orchestra.run.vm07.stdout:/usr/bin/ceph: stderr
2026-03-08T23:05:19.232+0000 7f820d2af640 1 --2- >> [v2:192.168.123.107:3300/0,v1:192.168.123.107:6789/0] conn(0x7f8208105fd0 0x7f82081083e0 unknown :-1 s=BANNER_CONNECTING pgs=0 cs=0 l=0 rev1=0 crypto rx=0 tx=0 comp rx=0 tx=0)._handle_peer_banner_payload supported=3 required=0
2026-03-08T23:05:19.399 INFO:teuthology.orchestra.run.vm07.stdout:/usr/bin/ceph: stderr
2026-03-08T23:05:19.232+0000 7f820d2af640 1 --2- >> [v2:192.168.123.107:3300/0,v1:192.168.123.107:6789/0] conn(0x7f8208105fd0 0x7f82081083e0 unknown :-1 s=HELLO_CONNECTING pgs=0 cs=0 l=0 rev1=1 crypto rx=0 tx=0 comp rx=0 tx=0).handle_hello peer v2:192.168.123.107:3300/0 says I am v2:192.168.123.107:39164/0 (socket says 192.168.123.107:39164)
2026-03-08T23:05:19.399 INFO:teuthology.orchestra.run.vm07.stdout:/usr/bin/ceph: stderr
2026-03-08T23:05:19.232+0000 7f820d2af640 1 -- 192.168.123.107:0/1939212075 learned_addr learned my addr 192.168.123.107:0/1939212075 (peer_addr_for_me v2:192.168.123.107:0/0)
2026-03-08T23:05:19.399 INFO:teuthology.orchestra.run.vm07.stdout:/usr/bin/ceph: stderr
2026-03-08T23:05:19.232+0000 7f820d2af640 1 -- 192.168.123.107:0/1939212075 --> [v2:192.168.123.107:3300/0,v1:192.168.123.107:6789/0] -- mon_subscribe({config=0+,monmap=0+}) -- 0x7f8208108920 con 0x7f8208105fd0
2026-03-08T23:05:19.399 INFO:teuthology.orchestra.run.vm07.stdout:/usr/bin/ceph: stderr
2026-03-08T23:05:19.232+0000 7f820d2af640 1 --2- 192.168.123.107:0/1939212075 >> [v2:192.168.123.107:3300/0,v1:192.168.123.107:6789/0] conn(0x7f8208105fd0 0x7f82081083e0 secure :-1 s=READY pgs=47 cs=0 l=1 rev1=1 crypto rx=0x7f81f8009920 tx=0x7f81f802ef20 comp rx=0 tx=0).ready entity=mon.0 client_cookie=ba7eb531bf5bc2f1 server_cookie=0 in_seq=0 out_seq=0
2026-03-08T23:05:19.399 INFO:teuthology.orchestra.run.vm07.stdout:/usr/bin/ceph: stderr
2026-03-08T23:05:19.232+0000 7f81f7fff640 1 -- 192.168.123.107:0/1939212075 <== mon.0 v2:192.168.123.107:3300/0 1 ==== mon_map magic: 0 ==== 205+0+0 (secure 0 0 0) 0x7f81f803c070 con 0x7f8208105fd0
2026-03-08T23:05:19.399 INFO:teuthology.orchestra.run.vm07.stdout:/usr/bin/ceph: stderr
2026-03-08T23:05:19.232+0000 7f81f7fff640 1 -- 192.168.123.107:0/1939212075 <== mon.0 v2:192.168.123.107:3300/0 2 ==== config(25 keys) ==== 1007+0+0 (secure 0 0 0) 0x7f81f8037440 con 0x7f8208105fd0
2026-03-08T23:05:19.399 INFO:teuthology.orchestra.run.vm07.stdout:/usr/bin/ceph: stderr
2026-03-08T23:05:19.236+0000 7f81f7fff640 1 -- 192.168.123.107:0/1939212075 <== mon.0 v2:192.168.123.107:3300/0 3 ==== mon_map magic: 0 ==== 205+0+0 (secure 0 0 0) 0x7f81f80354d0 con 0x7f8208105fd0
2026-03-08T23:05:19.399 INFO:teuthology.orchestra.run.vm07.stdout:/usr/bin/ceph: stderr
2026-03-08T23:05:19.236+0000 7f820f53a640 1 -- 192.168.123.107:0/1939212075 >> [v2:192.168.123.107:3300/0,v1:192.168.123.107:6789/0] conn(0x7f8208105fd0 msgr2=0x7f82081083e0 secure :-1 s=STATE_CONNECTION_ESTABLISHED l=1).mark_down
2026-03-08T23:05:19.399 INFO:teuthology.orchestra.run.vm07.stdout:/usr/bin/ceph: stderr
2026-03-08T23:05:19.236+0000 7f820f53a640 1 --2- 192.168.123.107:0/1939212075 >> [v2:192.168.123.107:3300/0,v1:192.168.123.107:6789/0] conn(0x7f8208105fd0 0x7f82081083e0 secure :-1 s=READY pgs=47 cs=0 l=1 rev1=1 crypto rx=0x7f81f8009920 tx=0x7f81f802ef20 comp rx=0 tx=0).stop
2026-03-08T23:05:19.399 INFO:teuthology.orchestra.run.vm07.stdout:/usr/bin/ceph: stderr
2026-03-08T23:05:19.236+0000 7f820f53a640 1 -- 192.168.123.107:0/1939212075 shutdown_connections
2026-03-08T23:05:19.399 INFO:teuthology.orchestra.run.vm07.stdout:/usr/bin/ceph: stderr
2026-03-08T23:05:19.236+0000 7f820f53a640 1 --2- 192.168.123.107:0/1939212075 >> [v2:192.168.123.107:3300/0,v1:192.168.123.107:6789/0] conn(0x7f8208105fd0 0x7f82081083e0 unknown :-1 s=CLOSED pgs=47 cs=0 l=1 rev1=1 crypto rx=0 tx=0 comp rx=0 tx=0).stop
2026-03-08T23:05:19.399 INFO:teuthology.orchestra.run.vm07.stdout:/usr/bin/ceph: stderr
2026-03-08T23:05:19.236+0000 7f820f53a640 1 -- 192.168.123.107:0/1939212075 >> 192.168.123.107:0/1939212075 conn(0x7f8208101dc0 msgr2=0x7f8208104240 unknown :-1 s=STATE_NONE l=0).mark_down
2026-03-08T23:05:19.399 INFO:teuthology.orchestra.run.vm07.stdout:/usr/bin/ceph: stderr
2026-03-08T23:05:19.236+0000 7f820f53a640 1 -- 192.168.123.107:0/1939212075 shutdown_connections
2026-03-08T23:05:19.399 INFO:teuthology.orchestra.run.vm07.stdout:/usr/bin/ceph: stderr
2026-03-08T23:05:19.236+0000 7f820f53a640 1 -- 192.168.123.107:0/1939212075 wait complete.
2026-03-08T23:05:19.399 INFO:teuthology.orchestra.run.vm07.stdout:/usr/bin/ceph: stderr
2026-03-08T23:05:19.236+0000 7f820f53a640 1 Processor -- start
2026-03-08T23:05:19.399 INFO:teuthology.orchestra.run.vm07.stdout:/usr/bin/ceph: stderr
2026-03-08T23:05:19.236+0000 7f820f53a640 1 -- start start
2026-03-08T23:05:19.399 INFO:teuthology.orchestra.run.vm07.stdout:/usr/bin/ceph: stderr
2026-03-08T23:05:19.236+0000 7f820f53a640 1 --2- >> [v2:192.168.123.107:3300/0,v1:192.168.123.107:6789/0] conn(0x7f8208105fd0 0x7f82081a3df0 unknown :-1 s=NONE pgs=0 cs=0 l=1 rev1=0 crypto rx=0 tx=0 comp rx=0 tx=0).connect
2026-03-08T23:05:19.399 INFO:teuthology.orchestra.run.vm07.stdout:/usr/bin/ceph: stderr
2026-03-08T23:05:19.236+0000 7f820f53a640 1 -- --> [v2:192.168.123.107:3300/0,v1:192.168.123.107:6789/0] -- mon_getmap magic: 0 -- 0x7f8208109860 con 0x7f8208105fd0
2026-03-08T23:05:19.399 INFO:teuthology.orchestra.run.vm07.stdout:/usr/bin/ceph: stderr
2026-03-08T23:05:19.236+0000 7f820d2af640 1 --2- >> [v2:192.168.123.107:3300/0,v1:192.168.123.107:6789/0] conn(0x7f8208105fd0 0x7f82081a3df0 unknown :-1 s=BANNER_CONNECTING pgs=0 cs=0 l=1 rev1=0 crypto rx=0 tx=0 comp rx=0 tx=0)._handle_peer_banner_payload supported=3 required=0
2026-03-08T23:05:19.399 INFO:teuthology.orchestra.run.vm07.stdout:/usr/bin/ceph: stderr
2026-03-08T23:05:19.236+0000 7f820d2af640 1 --2- >> [v2:192.168.123.107:3300/0,v1:192.168.123.107:6789/0] conn(0x7f8208105fd0 0x7f82081a3df0 unknown :-1 s=HELLO_CONNECTING pgs=0 cs=0 l=1 rev1=1 crypto rx=0 tx=0 comp rx=0 tx=0).handle_hello peer v2:192.168.123.107:3300/0 says I am v2:192.168.123.107:39172/0 (socket says 192.168.123.107:39172)
2026-03-08T23:05:19.399 INFO:teuthology.orchestra.run.vm07.stdout:/usr/bin/ceph: stderr
2026-03-08T23:05:19.236+0000 7f820d2af640 1 -- 192.168.123.107:0/3211194539 learned_addr learned my addr 192.168.123.107:0/3211194539 (peer_addr_for_me v2:192.168.123.107:0/0)
2026-03-08T23:05:19.399 INFO:teuthology.orchestra.run.vm07.stdout:/usr/bin/ceph: stderr
2026-03-08T23:05:19.236+0000 7f820d2af640 1 -- 192.168.123.107:0/3211194539 --> [v2:192.168.123.107:3300/0,v1:192.168.123.107:6789/0] -- mon_subscribe({config=0+,monmap=0+}) -- 0x7f82081a4330 con 0x7f8208105fd0
2026-03-08T23:05:19.399 INFO:teuthology.orchestra.run.vm07.stdout:/usr/bin/ceph: stderr
2026-03-08T23:05:19.236+0000 7f820d2af640 1 --2- 192.168.123.107:0/3211194539 >> [v2:192.168.123.107:3300/0,v1:192.168.123.107:6789/0] conn(0x7f8208105fd0 0x7f82081a3df0 secure :-1 s=READY pgs=48 cs=0 l=1 rev1=1 crypto rx=0x7f81f8035700 tx=0x7f81f8035a70 comp rx=0 tx=0).ready entity=mon.0 client_cookie=0 server_cookie=0 in_seq=0 out_seq=0
2026-03-08T23:05:19.399 INFO:teuthology.orchestra.run.vm07.stdout:/usr/bin/ceph: stderr
2026-03-08T23:05:19.236+0000 7f81f67fc640 1 -- 192.168.123.107:0/3211194539 <== mon.0 v2:192.168.123.107:3300/0 1 ==== mon_map magic: 0 ==== 205+0+0 (secure 0 0 0) 0x7f81f803c030 con 0x7f8208105fd0
2026-03-08T23:05:19.399 INFO:teuthology.orchestra.run.vm07.stdout:/usr/bin/ceph: stderr
2026-03-08T23:05:19.236+0000 7f820f53a640 1 -- 192.168.123.107:0/3211194539 --> [v2:192.168.123.107:3300/0,v1:192.168.123.107:6789/0] -- mon_subscribe({mgrmap=0+}) -- 0x7f82081a45c0 con 0x7f8208105fd0
2026-03-08T23:05:19.399 INFO:teuthology.orchestra.run.vm07.stdout:/usr/bin/ceph: stderr
2026-03-08T23:05:19.236+0000 7f820f53a640 1 -- 192.168.123.107:0/3211194539 --> [v2:192.168.123.107:3300/0,v1:192.168.123.107:6789/0] -- mon_subscribe({osdmap=0}) -- 0x7f82081a72b0 con 0x7f8208105fd0
2026-03-08T23:05:19.399 INFO:teuthology.orchestra.run.vm07.stdout:/usr/bin/ceph: stderr
2026-03-08T23:05:19.236+0000 7f81f67fc640 1 -- 192.168.123.107:0/3211194539 <== mon.0 v2:192.168.123.107:3300/0 2 ==== config(25 keys) ==== 1007+0+0 (secure 0 0 0) 0x7f81f803e070 con 0x7f8208105fd0
2026-03-08T23:05:19.399 INFO:teuthology.orchestra.run.vm07.stdout:/usr/bin/ceph: stderr
2026-03-08T23:05:19.236+0000 7f81f67fc640 1 -- 192.168.123.107:0/3211194539 <== mon.0 v2:192.168.123.107:3300/0 3 ==== mon_map magic: 0 ==== 205+0+0 (secure 0 0 0) 0x7f81f8042630 con 0x7f8208105fd0
2026-03-08T23:05:19.399 INFO:teuthology.orchestra.run.vm07.stdout:/usr/bin/ceph: stderr
2026-03-08T23:05:19.236+0000 7f81f67fc640 1 -- 192.168.123.107:0/3211194539 <== mon.0 v2:192.168.123.107:3300/0 4 ==== mgrmap(e 7) ==== 50247+0+0 (secure 0 0 0) 0x7f81f80427d0 con 0x7f8208105fd0
2026-03-08T23:05:19.399 INFO:teuthology.orchestra.run.vm07.stdout:/usr/bin/ceph: stderr
2026-03-08T23:05:19.236+0000 7f81f67fc640 1 --2- 192.168.123.107:0/3211194539 >> [v2:192.168.123.107:6800/2131720749,v1:192.168.123.107:6801/2131720749] conn(0x7f81dc03dbf0 0x7f81dc0400b0 unknown :-1 s=NONE pgs=0 cs=0 l=1 rev1=0 crypto rx=0 tx=0 comp rx=0 tx=0).connect
2026-03-08T23:05:19.399 INFO:teuthology.orchestra.run.vm07.stdout:/usr/bin/ceph: stderr
2026-03-08T23:05:19.236+0000 7f81f67fc640 1 -- 192.168.123.107:0/3211194539 <== mon.0 v2:192.168.123.107:3300/0 5 ==== osd_map(2..2 src has 1..2) ==== 940+0+0 (secure 0 0 0) 0x7f81f803d070 con 0x7f8208105fd0
2026-03-08T23:05:19.399 INFO:teuthology.orchestra.run.vm07.stdout:/usr/bin/ceph: stderr
2026-03-08T23:05:19.240+0000 7f820caae640 1 --2- 192.168.123.107:0/3211194539 >> [v2:192.168.123.107:6800/2131720749,v1:192.168.123.107:6801/2131720749] conn(0x7f81dc03dbf0 0x7f81dc0400b0 unknown :-1 s=BANNER_CONNECTING pgs=0 cs=0 l=1 rev1=0 crypto rx=0 tx=0 comp rx=0 tx=0)._handle_peer_banner_payload supported=3 required=0
2026-03-08T23:05:19.400 INFO:teuthology.orchestra.run.vm07.stdout:/usr/bin/ceph: stderr
2026-03-08T23:05:19.240+0000 7f820f53a640 1 -- 192.168.123.107:0/3211194539 --> [v2:192.168.123.107:3300/0,v1:192.168.123.107:6789/0] -- mon_command({"prefix": "get_command_descriptions"} v 0) -- 0x7f81d0005390 con 0x7f8208105fd0
2026-03-08T23:05:19.400 INFO:teuthology.orchestra.run.vm07.stdout:/usr/bin/ceph: stderr
2026-03-08T23:05:19.240+0000 7f820caae640 1 --2- 192.168.123.107:0/3211194539 >> [v2:192.168.123.107:6800/2131720749,v1:192.168.123.107:6801/2131720749] conn(0x7f81dc03dbf0 0x7f81dc0400b0 secure :-1 s=READY pgs=13 cs=0 l=1 rev1=1 crypto rx=0x7f81fc0099c0 tx=0x7f81fc006eb0 comp rx=0 tx=0).ready entity=mgr.14118 client_cookie=0 server_cookie=0 in_seq=0 out_seq=0
2026-03-08T23:05:19.400 INFO:teuthology.orchestra.run.vm07.stdout:/usr/bin/ceph: stderr
2026-03-08T23:05:19.240+0000 7f81f67fc640 1 -- 192.168.123.107:0/3211194539 <== mon.0 v2:192.168.123.107:3300/0 6 ==== mon_command_ack([{"prefix": "get_command_descriptions"}]=0 v0) ==== 72+0+195034 (secure 0 0 0) 0x7f81f8040390 con 0x7f8208105fd0
2026-03-08T23:05:19.400 INFO:teuthology.orchestra.run.vm07.stdout:/usr/bin/ceph: stderr
2026-03-08T23:05:19.348+0000 7f820f53a640 1 -- 192.168.123.107:0/3211194539 --> [v2:192.168.123.107:6800/2131720749,v1:192.168.123.107:6801/2131720749] -- mgr_command(tid 0: {"prefix": "orch apply", "service_type": "mgr", "unmanaged": true, "target": ["mon-mgr", ""]}) -- 0x7f81d0002bf0 con 0x7f81dc03dbf0
2026-03-08T23:05:19.400 INFO:teuthology.orchestra.run.vm07.stdout:/usr/bin/ceph: stderr
2026-03-08T23:05:19.352+0000 7f81f67fc640 1 -- 192.168.123.107:0/3211194539 <== mgr.14118 v2:192.168.123.107:6800/2131720749 1 ==== mgr_command_reply(tid 0: 0 ) ==== 8+0+24 (secure 0 0 0) 0x7f81d0002bf0 con 0x7f81dc03dbf0
2026-03-08T23:05:19.400 INFO:teuthology.orchestra.run.vm07.stdout:/usr/bin/ceph: stderr
2026-03-08T23:05:19.356+0000 7f820f53a640 1 -- 192.168.123.107:0/3211194539 >> [v2:192.168.123.107:6800/2131720749,v1:192.168.123.107:6801/2131720749] conn(0x7f81dc03dbf0 msgr2=0x7f81dc0400b0 secure :-1 s=STATE_CONNECTION_ESTABLISHED l=1).mark_down
2026-03-08T23:05:19.400 INFO:teuthology.orchestra.run.vm07.stdout:/usr/bin/ceph: stderr
2026-03-08T23:05:19.356+0000 7f820f53a640 1 --2- 192.168.123.107:0/3211194539 >> [v2:192.168.123.107:6800/2131720749,v1:192.168.123.107:6801/2131720749] conn(0x7f81dc03dbf0 0x7f81dc0400b0 secure :-1 s=READY pgs=13 cs=0 l=1 rev1=1 crypto rx=0x7f81fc0099c0 tx=0x7f81fc006eb0 comp rx=0 tx=0).stop
2026-03-08T23:05:19.400 INFO:teuthology.orchestra.run.vm07.stdout:/usr/bin/ceph: stderr
2026-03-08T23:05:19.356+0000 7f820f53a640 1 -- 192.168.123.107:0/3211194539 >> [v2:192.168.123.107:3300/0,v1:192.168.123.107:6789/0] conn(0x7f8208105fd0 msgr2=0x7f82081a3df0 secure :-1 s=STATE_CONNECTION_ESTABLISHED l=1).mark_down
2026-03-08T23:05:19.400 INFO:teuthology.orchestra.run.vm07.stdout:/usr/bin/ceph: stderr
2026-03-08T23:05:19.356+0000 7f820f53a640 1 --2- 192.168.123.107:0/3211194539 >> [v2:192.168.123.107:3300/0,v1:192.168.123.107:6789/0] conn(0x7f8208105fd0 0x7f82081a3df0 secure :-1 s=READY pgs=48 cs=0 l=1 rev1=1 crypto rx=0x7f81f8035700 tx=0x7f81f8035a70 comp rx=0 tx=0).stop
2026-03-08T23:05:19.400 INFO:teuthology.orchestra.run.vm07.stdout:/usr/bin/ceph: stderr
2026-03-08T23:05:19.356+0000 7f820f53a640 1 -- 192.168.123.107:0/3211194539 shutdown_connections
2026-03-08T23:05:19.400 INFO:teuthology.orchestra.run.vm07.stdout:/usr/bin/ceph: stderr
2026-03-08T23:05:19.356+0000 7f820f53a640 1 --2- 192.168.123.107:0/3211194539 >> [v2:192.168.123.107:6800/2131720749,v1:192.168.123.107:6801/2131720749] conn(0x7f81dc03dbf0 0x7f81dc0400b0 unknown :-1 s=CLOSED pgs=13 cs=0 l=1 rev1=1 crypto rx=0 tx=0 comp rx=0 tx=0).stop
2026-03-08T23:05:19.400 INFO:teuthology.orchestra.run.vm07.stdout:/usr/bin/ceph: stderr
2026-03-08T23:05:19.356+0000 7f820f53a640 1 --2- 192.168.123.107:0/3211194539 >> [v2:192.168.123.107:3300/0,v1:192.168.123.107:6789/0] conn(0x7f8208105fd0 0x7f82081a3df0 unknown :-1 s=CLOSED pgs=48 cs=0 l=1 rev1=1 crypto rx=0 tx=0 comp rx=0 tx=0).stop
2026-03-08T23:05:19.400 INFO:teuthology.orchestra.run.vm07.stdout:/usr/bin/ceph: stderr
2026-03-08T23:05:19.356+0000 7f820f53a640 1 -- 192.168.123.107:0/3211194539 >> 192.168.123.107:0/3211194539 conn(0x7f8208101dc0 msgr2=0x7f820810bfa0 unknown :-1 s=STATE_NONE l=0).mark_down
2026-03-08T23:05:19.400 INFO:teuthology.orchestra.run.vm07.stdout:/usr/bin/ceph: stderr
2026-03-08T23:05:19.356+0000 7f820f53a640 1 -- 192.168.123.107:0/3211194539 shutdown_connections
2026-03-08T23:05:19.400 INFO:teuthology.orchestra.run.vm07.stdout:/usr/bin/ceph: stderr
2026-03-08T23:05:19.356+0000 7f820f53a640 1 -- 192.168.123.107:0/3211194539 wait complete.
2026-03-08T23:05:19.657 INFO:teuthology.orchestra.run.vm07.stdout:/usr/bin/ceph: stderr
2026-03-08T23:05:19.504+0000 7f40162cd640 1 Processor -- start
2026-03-08T23:05:19.657 INFO:teuthology.orchestra.run.vm07.stdout:/usr/bin/ceph: stderr
2026-03-08T23:05:19.504+0000 7f40162cd640 1 -- start start
2026-03-08T23:05:19.657 INFO:teuthology.orchestra.run.vm07.stdout:/usr/bin/ceph: stderr
2026-03-08T23:05:19.504+0000 7f40162cd640 1 --2- >> [v2:192.168.123.107:3300/0,v1:192.168.123.107:6789/0] conn(0x7f4010109a70 0x7f4010109e70 unknown :-1 s=NONE pgs=0 cs=0 l=0 rev1=0 crypto rx=0 tx=0 comp rx=0 tx=0).connect
2026-03-08T23:05:19.657 INFO:teuthology.orchestra.run.vm07.stdout:/usr/bin/ceph: stderr
2026-03-08T23:05:19.504+0000 7f40162cd640 1 -- --> [v2:192.168.123.107:3300/0,v1:192.168.123.107:6789/0] -- mon_getmap magic: 0 -- 0x7f401010a440 con 0x7f4010109a70
2026-03-08T23:05:19.657 INFO:teuthology.orchestra.run.vm07.stdout:/usr/bin/ceph: stderr
2026-03-08T23:05:19.504+0000 7f400ffff640 1 --2- >> [v2:192.168.123.107:3300/0,v1:192.168.123.107:6789/0] conn(0x7f4010109a70 0x7f4010109e70 unknown :-1 s=BANNER_CONNECTING pgs=0 cs=0 l=0 rev1=0 crypto rx=0 tx=0 comp rx=0 tx=0)._handle_peer_banner_payload supported=3 required=0
2026-03-08T23:05:19.657 INFO:teuthology.orchestra.run.vm07.stdout:/usr/bin/ceph: stderr
2026-03-08T23:05:19.504+0000 7f400ffff640 1 --2- >> [v2:192.168.123.107:3300/0,v1:192.168.123.107:6789/0] conn(0x7f4010109a70 0x7f4010109e70 unknown :-1 s=HELLO_CONNECTING pgs=0 cs=0 l=0 rev1=1 crypto rx=0 tx=0 comp rx=0 tx=0).handle_hello peer v2:192.168.123.107:3300/0 says I am v2:192.168.123.107:39178/0 (socket says 192.168.123.107:39178)
2026-03-08T23:05:19.657 INFO:teuthology.orchestra.run.vm07.stdout:/usr/bin/ceph: stderr
2026-03-08T23:05:19.504+0000 7f400ffff640 1 -- 192.168.123.107:0/637385238 learned_addr learned my addr 192.168.123.107:0/637385238 (peer_addr_for_me v2:192.168.123.107:0/0)
2026-03-08T23:05:19.657 INFO:teuthology.orchestra.run.vm07.stdout:/usr/bin/ceph: stderr
2026-03-08T23:05:19.504+0000 7f400ffff640 1 -- 192.168.123.107:0/637385238 --> [v2:192.168.123.107:3300/0,v1:192.168.123.107:6789/0] -- mon_subscribe({config=0+,monmap=0+}) -- 0x7f401010ac10 con 0x7f4010109a70
2026-03-08T23:05:19.657 INFO:teuthology.orchestra.run.vm07.stdout:/usr/bin/ceph: stderr
2026-03-08T23:05:19.504+0000 7f400ffff640 1 --2- 192.168.123.107:0/637385238 >> [v2:192.168.123.107:3300/0,v1:192.168.123.107:6789/0] conn(0x7f4010109a70 0x7f4010109e70 secure :-1 s=READY pgs=49 cs=0 l=1 rev1=1 crypto rx=0x7f4000009b80 tx=0x7f400002f190 comp rx=0 tx=0).ready entity=mon.0 client_cookie=145f254f9398ce07 server_cookie=0 in_seq=0 out_seq=0
2026-03-08T23:05:19.657 INFO:teuthology.orchestra.run.vm07.stdout:/usr/bin/ceph: stderr
2026-03-08T23:05:19.504+0000 7f400effd640 1 -- 192.168.123.107:0/637385238 <== mon.0 v2:192.168.123.107:3300/0 1 ==== mon_map magic: 0 ==== 205+0+0 (secure 0 0 0) 0x7f400003c070 con 0x7f4010109a70
2026-03-08T23:05:19.657 INFO:teuthology.orchestra.run.vm07.stdout:/usr/bin/ceph: stderr
2026-03-08T23:05:19.504+0000 7f400effd640 1 -- 192.168.123.107:0/637385238 <== mon.0 v2:192.168.123.107:3300/0 2 ==== config(25 keys) ==== 1007+0+0 (secure 0 0 0) 0x7f4000037440 con 0x7f4010109a70
2026-03-08T23:05:19.657 INFO:teuthology.orchestra.run.vm07.stdout:/usr/bin/ceph: stderr
2026-03-08T23:05:19.504+0000 7f40162cd640 1 -- 192.168.123.107:0/637385238 >> [v2:192.168.123.107:3300/0,v1:192.168.123.107:6789/0] conn(0x7f4010109a70 msgr2=0x7f4010109e70 secure :-1 s=STATE_CONNECTION_ESTABLISHED l=1).mark_down
2026-03-08T23:05:19.657 INFO:teuthology.orchestra.run.vm07.stdout:/usr/bin/ceph: stderr
2026-03-08T23:05:19.504+0000 7f40162cd640 1 --2- 192.168.123.107:0/637385238 >> [v2:192.168.123.107:3300/0,v1:192.168.123.107:6789/0] conn(0x7f4010109a70 0x7f4010109e70 secure :-1 s=READY pgs=49 cs=0 l=1 rev1=1 crypto rx=0x7f4000009b80 tx=0x7f400002f190 comp rx=0 tx=0).stop
2026-03-08T23:05:19.657 INFO:teuthology.orchestra.run.vm07.stdout:/usr/bin/ceph: stderr
2026-03-08T23:05:19.504+0000 7f40162cd640 1 -- 192.168.123.107:0/637385238 shutdown_connections
2026-03-08T23:05:19.657 INFO:teuthology.orchestra.run.vm07.stdout:/usr/bin/ceph: stderr
2026-03-08T23:05:19.504+0000 7f40162cd640 1 --2- 192.168.123.107:0/637385238 >> [v2:192.168.123.107:3300/0,v1:192.168.123.107:6789/0] conn(0x7f4010109a70 0x7f4010109e70 unknown :-1 s=CLOSED pgs=49 cs=0 l=1 rev1=1 crypto rx=0 tx=0 comp rx=0 tx=0).stop
2026-03-08T23:05:19.657 INFO:teuthology.orchestra.run.vm07.stdout:/usr/bin/ceph: stderr
2026-03-08T23:05:19.504+0000 7f40162cd640 1 -- 192.168.123.107:0/637385238 >> 192.168.123.107:0/637385238 conn(0x7f401007d070 msgr2=0x7f401007d4c0 unknown :-1 s=STATE_NONE l=0).mark_down
2026-03-08T23:05:19.657 INFO:teuthology.orchestra.run.vm07.stdout:/usr/bin/ceph: stderr
2026-03-08T23:05:19.504+0000 7f40162cd640 1 -- 192.168.123.107:0/637385238 shutdown_connections
2026-03-08T23:05:19.657 INFO:teuthology.orchestra.run.vm07.stdout:/usr/bin/ceph: stderr
2026-03-08T23:05:19.504+0000 7f40162cd640 1 -- 192.168.123.107:0/637385238 wait complete.
2026-03-08T23:05:19.657 INFO:teuthology.orchestra.run.vm07.stdout:/usr/bin/ceph: stderr
2026-03-08T23:05:19.504+0000 7f40162cd640 1 Processor -- start
2026-03-08T23:05:19.657 INFO:teuthology.orchestra.run.vm07.stdout:/usr/bin/ceph: stderr
2026-03-08T23:05:19.504+0000 7f40162cd640 1 -- start start
2026-03-08T23:05:19.658 INFO:teuthology.orchestra.run.vm07.stdout:/usr/bin/ceph: stderr
2026-03-08T23:05:19.504+0000 7f40162cd640 1 --2- >> [v2:192.168.123.107:3300/0,v1:192.168.123.107:6789/0] conn(0x7f4010109a70 0x7f401019f940 unknown :-1 s=NONE pgs=0 cs=0 l=1 rev1=0 crypto rx=0 tx=0 comp rx=0 tx=0).connect
2026-03-08T23:05:19.658 INFO:teuthology.orchestra.run.vm07.stdout:/usr/bin/ceph: stderr
2026-03-08T23:05:19.504+0000 7f40162cd640 1 -- --> [v2:192.168.123.107:3300/0,v1:192.168.123.107:6789/0] -- mon_getmap magic: 0 -- 0x7f401010de40 con 0x7f4010109a70
2026-03-08T23:05:19.658 INFO:teuthology.orchestra.run.vm07.stdout:/usr/bin/ceph: stderr
2026-03-08T23:05:19.504+0000 7f400ffff640 1 --2- >> [v2:192.168.123.107:3300/0,v1:192.168.123.107:6789/0] conn(0x7f4010109a70 0x7f401019f940 unknown :-1 s=BANNER_CONNECTING pgs=0 cs=0 l=1 rev1=0 crypto rx=0 tx=0 comp rx=0 tx=0)._handle_peer_banner_payload supported=3 required=0
2026-03-08T23:05:19.658 INFO:teuthology.orchestra.run.vm07.stdout:/usr/bin/ceph: stderr
2026-03-08T23:05:19.504+0000 7f400ffff640 1 --2- >> [v2:192.168.123.107:3300/0,v1:192.168.123.107:6789/0] conn(0x7f4010109a70 0x7f401019f940 unknown :-1 s=HELLO_CONNECTING pgs=0 cs=0 l=1 rev1=1 crypto rx=0 tx=0 comp rx=0 tx=0).handle_hello peer v2:192.168.123.107:3300/0 says I am v2:192.168.123.107:39188/0 (socket says 192.168.123.107:39188)
2026-03-08T23:05:19.658 INFO:teuthology.orchestra.run.vm07.stdout:/usr/bin/ceph: stderr
2026-03-08T23:05:19.504+0000 7f400ffff640 1 -- 192.168.123.107:0/785426289 learned_addr learned my addr 192.168.123.107:0/785426289 (peer_addr_for_me v2:192.168.123.107:0/0)
2026-03-08T23:05:19.658 INFO:teuthology.orchestra.run.vm07.stdout:/usr/bin/ceph: stderr
2026-03-08T23:05:19.508+0000 7f400ffff640 1 -- 192.168.123.107:0/785426289 --> [v2:192.168.123.107:3300/0,v1:192.168.123.107:6789/0] -- mon_subscribe({config=0+,monmap=0+}) -- 0x7f401019fe80 con 0x7f4010109a70
2026-03-08T23:05:19.658 INFO:teuthology.orchestra.run.vm07.stdout:/usr/bin/ceph: stderr
2026-03-08T23:05:19.508+0000 7f400ffff640 1 --2- 192.168.123.107:0/785426289 >> [v2:192.168.123.107:3300/0,v1:192.168.123.107:6789/0] conn(0x7f4010109a70 0x7f401019f940 secure :-1 s=READY pgs=50 cs=0 l=1 rev1=1 crypto rx=0x7f4000003940 tx=0x7f4000003970 comp rx=0 tx=0).ready entity=mon.0 client_cookie=0 server_cookie=0 in_seq=0 out_seq=0
2026-03-08T23:05:19.658 INFO:teuthology.orchestra.run.vm07.stdout:/usr/bin/ceph: stderr
2026-03-08T23:05:19.508+0000 7f400d7fa640 1 -- 192.168.123.107:0/785426289 <== mon.0 v2:192.168.123.107:3300/0 1 ==== mon_map magic: 0 ==== 205+0+0 (secure 0 0 0) 0x7f400003c040 con 0x7f4010109a70
2026-03-08T23:05:19.658 INFO:teuthology.orchestra.run.vm07.stdout:/usr/bin/ceph: stderr
2026-03-08T23:05:19.508+0000 7f40162cd640 1 -- 192.168.123.107:0/785426289 --> [v2:192.168.123.107:3300/0,v1:192.168.123.107:6789/0] -- mon_subscribe({mgrmap=0+}) -- 0x7f40101a0110 con 0x7f4010109a70
2026-03-08T23:05:19.658 INFO:teuthology.orchestra.run.vm07.stdout:/usr/bin/ceph: stderr
2026-03-08T23:05:19.508+0000 7f40162cd640 1 -- 192.168.123.107:0/785426289 --> [v2:192.168.123.107:3300/0,v1:192.168.123.107:6789/0] -- mon_subscribe({osdmap=0}) -- 0x7f40101a2e00 con 0x7f4010109a70
2026-03-08T23:05:19.658 INFO:teuthology.orchestra.run.vm07.stdout:/usr/bin/ceph: stderr
2026-03-08T23:05:19.508+0000 7f400d7fa640 1 -- 192.168.123.107:0/785426289 <== mon.0 v2:192.168.123.107:3300/0 2 ==== config(25 keys) ==== 1007+0+0 (secure 0 0 0) 0x7f4000047070 con 0x7f4010109a70
2026-03-08T23:05:19.658 INFO:teuthology.orchestra.run.vm07.stdout:/usr/bin/ceph: stderr
2026-03-08T23:05:19.508+0000 7f400d7fa640 1 -- 192.168.123.107:0/785426289 <== mon.0 v2:192.168.123.107:3300/0 3 ==== mon_map magic: 0 ==== 205+0+0 (secure 0 0 0) 0x7f40000375b0 con 0x7f4010109a70
2026-03-08T23:05:19.658 INFO:teuthology.orchestra.run.vm07.stdout:/usr/bin/ceph: stderr
2026-03-08T23:05:19.508+0000 7f400d7fa640 1 -- 192.168.123.107:0/785426289 <== mon.0 v2:192.168.123.107:3300/0 4 ==== mgrmap(e 7) ==== 50247+0+0 (secure 0 0 0) 0x7f40000356a0 con 0x7f4010109a70
2026-03-08T23:05:19.658 INFO:teuthology.orchestra.run.vm07.stdout:/usr/bin/ceph: stderr
2026-03-08T23:05:19.508+0000 7f400d7fa640 1 --2- 192.168.123.107:0/785426289 >> [v2:192.168.123.107:6800/2131720749,v1:192.168.123.107:6801/2131720749] conn(0x7f3fd803dc90 0x7f3fd8040150 unknown :-1 s=NONE pgs=0 cs=0 l=1 rev1=0 crypto rx=0 tx=0 comp rx=0 tx=0).connect
2026-03-08T23:05:19.658 INFO:teuthology.orchestra.run.vm07.stdout:/usr/bin/ceph: stderr
2026-03-08T23:05:19.508+0000 7f400f7fe640 1 --2- 192.168.123.107:0/785426289 >> [v2:192.168.123.107:6800/2131720749,v1:192.168.123.107:6801/2131720749] conn(0x7f3fd803dc90 0x7f3fd8040150 unknown :-1 s=BANNER_CONNECTING pgs=0 cs=0 l=1 rev1=0 crypto rx=0 tx=0 comp rx=0 tx=0)._handle_peer_banner_payload supported=3 required=0
2026-03-08T23:05:19.658 INFO:teuthology.orchestra.run.vm07.stdout:/usr/bin/ceph: stderr
2026-03-08T23:05:19.508+0000 7f400d7fa640 1 -- 192.168.123.107:0/785426289 <== mon.0 v2:192.168.123.107:3300/0 5 ==== osd_map(2..2 src has 1..2) ==== 940+0+0 (secure 0 0 0) 0x7f4000076ac0 con 0x7f4010109a70
2026-03-08T23:05:19.658 INFO:teuthology.orchestra.run.vm07.stdout:/usr/bin/ceph: stderr
2026-03-08T23:05:19.508+0000 7f400f7fe640 1 --2- 192.168.123.107:0/785426289 >> [v2:192.168.123.107:6800/2131720749,v1:192.168.123.107:6801/2131720749] conn(0x7f3fd803dc90 0x7f3fd8040150 secure :-1 s=READY pgs=14 cs=0 l=1 rev1=1 crypto rx=0x7f3ffc0099c0 tx=0x7f3ffc006eb0 comp rx=0 tx=0).ready entity=mgr.14118 client_cookie=0 server_cookie=0 in_seq=0 out_seq=0
2026-03-08T23:05:19.658 INFO:teuthology.orchestra.run.vm07.stdout:/usr/bin/ceph: stderr
2026-03-08T23:05:19.508+0000 7f40162cd640 1 -- 192.168.123.107:0/785426289 --> [v2:192.168.123.107:3300/0,v1:192.168.123.107:6789/0] -- mon_command({"prefix": "get_command_descriptions"} v 0) -- 0x7f3fdc005390 con 0x7f4010109a70
2026-03-08T23:05:19.658 INFO:teuthology.orchestra.run.vm07.stdout:/usr/bin/ceph: stderr
2026-03-08T23:05:19.512+0000 7f400d7fa640 1 -- 192.168.123.107:0/785426289 <== mon.0 v2:192.168.123.107:3300/0 6 ==== mon_command_ack([{"prefix": "get_command_descriptions"}]=0 v0) ==== 72+0+195034 (secure 0 0 0) 0x7f4000048270 con 0x7f4010109a70
2026-03-08T23:05:19.658 INFO:teuthology.orchestra.run.vm07.stdout:/usr/bin/ceph: stderr
2026-03-08T23:05:19.608+0000 7f40162cd640 1 -- 192.168.123.107:0/785426289 --> [v2:192.168.123.107:3300/0,v1:192.168.123.107:6789/0] -- mon_command([{prefix=config set, name=mgr/cephadm/container_init}] v 0) -- 0x7f3fdc005680 con 0x7f4010109a70
2026-03-08T23:05:19.658 INFO:teuthology.orchestra.run.vm07.stdout:/usr/bin/ceph: stderr
2026-03-08T23:05:19.612+0000 7f400d7fa640 1 -- 192.168.123.107:0/785426289 <== mon.0 v2:192.168.123.107:3300/0 7 ==== mon_command_ack([{prefix=config set, name=mgr/cephadm/container_init}]=0 v6)=0 v6) ==== 142+0+0 (secure 0 0 0) 0x7f400004ade0 con 0x7f4010109a70
2026-03-08T23:05:19.658 INFO:teuthology.orchestra.run.vm07.stdout:/usr/bin/ceph: stderr
2026-03-08T23:05:19.620+0000 7f40162cd640 1 -- 192.168.123.107:0/785426289 >> [v2:192.168.123.107:6800/2131720749,v1:192.168.123.107:6801/2131720749] conn(0x7f3fd803dc90 msgr2=0x7f3fd8040150 secure :-1 s=STATE_CONNECTION_ESTABLISHED l=1).mark_down
2026-03-08T23:05:19.658 INFO:teuthology.orchestra.run.vm07.stdout:/usr/bin/ceph: stderr
2026-03-08T23:05:19.620+0000 7f40162cd640 1 --2- 192.168.123.107:0/785426289 >> [v2:192.168.123.107:6800/2131720749,v1:192.168.123.107:6801/2131720749] conn(0x7f3fd803dc90 0x7f3fd8040150 secure :-1 s=READY pgs=14 cs=0 l=1 rev1=1 crypto rx=0x7f3ffc0099c0 tx=0x7f3ffc006eb0 comp rx=0 tx=0).stop
2026-03-08T23:05:19.658 INFO:teuthology.orchestra.run.vm07.stdout:/usr/bin/ceph: stderr
2026-03-08T23:05:19.620+0000 7f40162cd640 1 -- 192.168.123.107:0/785426289 >> [v2:192.168.123.107:3300/0,v1:192.168.123.107:6789/0] conn(0x7f4010109a70 msgr2=0x7f401019f940 secure :-1 s=STATE_CONNECTION_ESTABLISHED l=1).mark_down
2026-03-08T23:05:19.658 INFO:teuthology.orchestra.run.vm07.stdout:/usr/bin/ceph: stderr
2026-03-08T23:05:19.620+0000 7f40162cd640 1 --2- 192.168.123.107:0/785426289 >> [v2:192.168.123.107:3300/0,v1:192.168.123.107:6789/0] conn(0x7f4010109a70 0x7f401019f940 secure :-1 s=READY pgs=50 cs=0 l=1 rev1=1 crypto rx=0x7f4000003940 tx=0x7f4000003970 comp rx=0 tx=0).stop
2026-03-08T23:05:19.658 INFO:teuthology.orchestra.run.vm07.stdout:/usr/bin/ceph: stderr
2026-03-08T23:05:19.620+0000 7f40162cd640 1 -- 192.168.123.107:0/785426289 shutdown_connections
2026-03-08T23:05:19.658 INFO:teuthology.orchestra.run.vm07.stdout:/usr/bin/ceph: stderr
2026-03-08T23:05:19.620+0000 7f40162cd640 1 --2- 192.168.123.107:0/785426289 >> [v2:192.168.123.107:6800/2131720749,v1:192.168.123.107:6801/2131720749] conn(0x7f3fd803dc90 0x7f3fd8040150 unknown :-1 s=CLOSED pgs=14 cs=0 l=1 rev1=1 crypto rx=0 tx=0 comp rx=0 tx=0).stop
2026-03-08T23:05:19.658 INFO:teuthology.orchestra.run.vm07.stdout:/usr/bin/ceph: stderr
2026-03-08T23:05:19.620+0000 7f40162cd640 1 --2- 192.168.123.107:0/785426289 >> [v2:192.168.123.107:3300/0,v1:192.168.123.107:6789/0] conn(0x7f4010109a70 0x7f401019f940 unknown :-1 s=CLOSED pgs=50 cs=0 l=1 rev1=1 crypto rx=0 tx=0 comp rx=0 tx=0).stop
2026-03-08T23:05:19.658 INFO:teuthology.orchestra.run.vm07.stdout:/usr/bin/ceph: stderr
2026-03-08T23:05:19.620+0000 7f40162cd640 1 -- 192.168.123.107:0/785426289 >> 192.168.123.107:0/785426289 conn(0x7f401007d070 msgr2=0x7f4010107900 unknown :-1 s=STATE_NONE l=0).mark_down
2026-03-08T23:05:19.658 INFO:teuthology.orchestra.run.vm07.stdout:/usr/bin/ceph: stderr
2026-03-08T23:05:19.620+0000 7f40162cd640 1 -- 192.168.123.107:0/785426289 shutdown_connections
2026-03-08T23:05:19.658 INFO:teuthology.orchestra.run.vm07.stdout:/usr/bin/ceph: stderr
2026-03-08T23:05:19.620+0000 7f40162cd640 1 -- 192.168.123.107:0/785426289 wait complete.
2026-03-08T23:05:19.890 INFO:journalctl@ceph.mon.a.vm07.stdout:Mar 08 23:05:19 vm07 bash[20642]: cephadm
2026-03-08T23:05:18.711012+0000 mgr.x (mgr.14118) 16 : cephadm [INF] Added host vm07
2026-03-08T23:05:19.890 INFO:journalctl@ceph.mon.a.vm07.stdout:Mar 08 23:05:19 vm07 bash[20642]: cephadm
2026-03-08T23:05:18.711012+0000 mgr.x (mgr.14118) 16 : cephadm [INF] Added host vm07
2026-03-08T23:05:19.890 INFO:journalctl@ceph.mon.a.vm07.stdout:Mar 08 23:05:19 vm07 bash[20642]: audit
2026-03-08T23:05:19.084807+0000 mon.a (mon.0) 65 : audit [INF] from='mgr.14118 192.168.123.107:0/2856516459' entity='mgr.x'
2026-03-08T23:05:19.890 INFO:journalctl@ceph.mon.a.vm07.stdout:Mar 08 23:05:19 vm07 bash[20642]: audit
2026-03-08T23:05:19.084807+0000 mon.a (mon.0) 65 : audit [INF] from='mgr.14118 192.168.123.107:0/2856516459' entity='mgr.x'
2026-03-08T23:05:19.890 INFO:journalctl@ceph.mon.a.vm07.stdout:Mar 08 23:05:19 vm07 bash[20642]: audit
2026-03-08T23:05:19.358042+0000 mon.a (mon.0) 66 : audit [INF] from='mgr.14118 192.168.123.107:0/2856516459' entity='mgr.x'
2026-03-08T23:05:19.890 INFO:journalctl@ceph.mon.a.vm07.stdout:Mar 08 23:05:19 vm07 bash[20642]: audit
2026-03-08T23:05:19.358042+0000 mon.a (mon.0) 66 : audit [INF] from='mgr.14118 192.168.123.107:0/2856516459' entity='mgr.x'
2026-03-08T23:05:19.890 INFO:journalctl@ceph.mon.a.vm07.stdout:Mar 08 23:05:19 vm07 bash[20642]: audit
2026-03-08T23:05:19.614966+0000 mon.a (mon.0) 67 : audit [INF] from='client.? 192.168.123.107:0/785426289' entity='client.admin'
2026-03-08T23:05:19.890 INFO:journalctl@ceph.mon.a.vm07.stdout:Mar 08 23:05:19 vm07 bash[20642]: audit
2026-03-08T23:05:19.614966+0000 mon.a (mon.0) 67 : audit [INF] from='client.? 192.168.123.107:0/785426289' entity='client.admin'
2026-03-08T23:05:19.916 INFO:teuthology.orchestra.run.vm07.stdout:/usr/bin/ceph: stderr
2026-03-08T23:05:19.764+0000 7ffbad4ce640 1 Processor -- start
2026-03-08T23:05:19.916 INFO:teuthology.orchestra.run.vm07.stdout:/usr/bin/ceph: stderr
2026-03-08T23:05:19.764+0000 7ffbad4ce640 1 -- start start
2026-03-08T23:05:19.916 INFO:teuthology.orchestra.run.vm07.stdout:/usr/bin/ceph: stderr
2026-03-08T23:05:19.764+0000 7ffbad4ce640 1 --2- >> [v2:192.168.123.107:3300/0,v1:192.168.123.107:6789/0] conn(0x7ffba8105560 0x7ffba8105960 unknown :-1 s=NONE pgs=0 cs=0 l=0 rev1=0 crypto rx=0 tx=0 comp rx=0 tx=0).connect
2026-03-08T23:05:19.916 INFO:teuthology.orchestra.run.vm07.stdout:/usr/bin/ceph: stderr
2026-03-08T23:05:19.764+0000 7ffbad4ce640 1 -- --> [v2:192.168.123.107:3300/0,v1:192.168.123.107:6789/0] -- mon_getmap magic: 0 -- 0x7ffba8105f30 con 0x7ffba8105560
2026-03-08T23:05:19.916 INFO:teuthology.orchestra.run.vm07.stdout:/usr/bin/ceph: stderr
2026-03-08T23:05:19.764+0000 7ffba6ffd640 1 --2- >> [v2:192.168.123.107:3300/0,v1:192.168.123.107:6789/0] conn(0x7ffba8105560 0x7ffba8105960 unknown :-1 s=BANNER_CONNECTING pgs=0 cs=0 l=0 rev1=0 crypto rx=0 tx=0 comp rx=0 tx=0)._handle_peer_banner_payload supported=3 required=0
2026-03-08T23:05:19.916 INFO:teuthology.orchestra.run.vm07.stdout:/usr/bin/ceph: stderr
2026-03-08T23:05:19.764+0000 7ffba6ffd640 1 --2- >> [v2:192.168.123.107:3300/0,v1:192.168.123.107:6789/0] conn(0x7ffba8105560 0x7ffba8105960 unknown :-1 s=HELLO_CONNECTING pgs=0 cs=0 l=0 rev1=1 crypto rx=0 tx=0 comp rx=0 tx=0).handle_hello peer v2:192.168.123.107:3300/0 says I am v2:192.168.123.107:39196/0 (socket says 192.168.123.107:39196)
2026-03-08T23:05:19.916 INFO:teuthology.orchestra.run.vm07.stdout:/usr/bin/ceph: stderr
2026-03-08T23:05:19.764+0000 7ffba6ffd640 1 -- 192.168.123.107:0/2580774151 learned_addr learned my addr 192.168.123.107:0/2580774151 (peer_addr_for_me v2:192.168.123.107:0/0)
2026-03-08T23:05:19.916 INFO:teuthology.orchestra.run.vm07.stdout:/usr/bin/ceph: stderr
2026-03-08T23:05:19.764+0000 7ffba6ffd640 1 -- 192.168.123.107:0/2580774151 --> [v2:192.168.123.107:3300/0,v1:192.168.123.107:6789/0] -- mon_subscribe({config=0+,monmap=0+}) -- 0x7ffba81066f0 con 0x7ffba8105560
2026-03-08T23:05:19.916 INFO:teuthology.orchestra.run.vm07.stdout:/usr/bin/ceph: stderr
2026-03-08T23:05:19.764+0000 7ffba6ffd640 1 --2- 192.168.123.107:0/2580774151 >> [v2:192.168.123.107:3300/0,v1:192.168.123.107:6789/0] conn(0x7ffba8105560 0x7ffba8105960 secure :-1 s=READY pgs=51 cs=0 l=1 rev1=1 crypto rx=0x7ffb9c009b80 tx=0x7ffb9c02f190 comp rx=0 tx=0).ready entity=mon.0 client_cookie=576b4e42ae1248a3 server_cookie=0 in_seq=0 out_seq=0
2026-03-08T23:05:19.916 INFO:teuthology.orchestra.run.vm07.stdout:/usr/bin/ceph: stderr
2026-03-08T23:05:19.764+0000 7ffba5ffb640 1 -- 192.168.123.107:0/2580774151 <== mon.0 v2:192.168.123.107:3300/0 1 ==== mon_map magic: 0 ==== 205+0+0 (secure 0 0 0) 0x7ffb9c03c070 con 0x7ffba8105560
2026-03-08T23:05:19.916 INFO:teuthology.orchestra.run.vm07.stdout:/usr/bin/ceph: stderr
2026-03-08T23:05:19.764+0000 7ffba5ffb640 1 -- 192.168.123.107:0/2580774151 <== mon.0 v2:192.168.123.107:3300/0 2 ==== config(25 keys) ==== 1007+0+0 (secure 0 0 0) 0x7ffb9c037440 con 0x7ffba8105560
2026-03-08T23:05:19.916 INFO:teuthology.orchestra.run.vm07.stdout:/usr/bin/ceph: stderr
2026-03-08T23:05:19.764+0000 7ffbad4ce640 1 -- 192.168.123.107:0/2580774151 >> [v2:192.168.123.107:3300/0,v1:192.168.123.107:6789/0] conn(0x7ffba8105560 msgr2=0x7ffba8105960 secure :-1 s=STATE_CONNECTION_ESTABLISHED l=1).mark_down
2026-03-08T23:05:19.917 INFO:teuthology.orchestra.run.vm07.stdout:/usr/bin/ceph: stderr
2026-03-08T23:05:19.764+0000 7ffbad4ce640 1 --2- 192.168.123.107:0/2580774151 >> [v2:192.168.123.107:3300/0,v1:192.168.123.107:6789/0] conn(0x7ffba8105560 0x7ffba8105960 secure :-1 s=READY pgs=51 cs=0 l=1 rev1=1 crypto rx=0x7ffb9c009b80 tx=0x7ffb9c02f190 comp rx=0 tx=0).stop
2026-03-08T23:05:19.917 INFO:teuthology.orchestra.run.vm07.stdout:/usr/bin/ceph: stderr
2026-03-08T23:05:19.768+0000 7ffbad4ce640 1 -- 192.168.123.107:0/2580774151 shutdown_connections
2026-03-08T23:05:19.917 INFO:teuthology.orchestra.run.vm07.stdout:/usr/bin/ceph: stderr
2026-03-08T23:05:19.768+0000 7ffbad4ce640 1 --2- 192.168.123.107:0/2580774151 >> [v2:192.168.123.107:3300/0,v1:192.168.123.107:6789/0] conn(0x7ffba8105560 0x7ffba8105960 unknown :-1 s=CLOSED pgs=51 cs=0 l=1 rev1=1 crypto rx=0 tx=0 comp rx=0 tx=0).stop
2026-03-08T23:05:19.917 INFO:teuthology.orchestra.run.vm07.stdout:/usr/bin/ceph: stderr
2026-03-08T23:05:19.768+0000 7ffbad4ce640 1 -- 192.168.123.107:0/2580774151 >> 192.168.123.107:0/2580774151 conn(0x7ffba8101080 msgr2=0x7ffba8103500 unknown :-1 s=STATE_NONE l=0).mark_down
2026-03-08T23:05:19.917 INFO:teuthology.orchestra.run.vm07.stdout:/usr/bin/ceph: stderr
2026-03-08T23:05:19.768+0000 7ffbad4ce640 1 -- 192.168.123.107:0/2580774151 shutdown_connections
2026-03-08T23:05:19.917 INFO:teuthology.orchestra.run.vm07.stdout:/usr/bin/ceph: stderr
2026-03-08T23:05:19.768+0000 7ffbad4ce640 1 -- 192.168.123.107:0/2580774151 wait complete.
2026-03-08T23:05:19.917 INFO:teuthology.orchestra.run.vm07.stdout:/usr/bin/ceph: stderr
2026-03-08T23:05:19.768+0000 7ffbad4ce640 1 Processor -- start
2026-03-08T23:05:19.917 INFO:teuthology.orchestra.run.vm07.stdout:/usr/bin/ceph: stderr
2026-03-08T23:05:19.768+0000 7ffbad4ce640 1 -- start start
2026-03-08T23:05:19.917 INFO:teuthology.orchestra.run.vm07.stdout:/usr/bin/ceph: stderr
2026-03-08T23:05:19.768+0000 7ffbad4ce640 1 --2- >> [v2:192.168.123.107:3300/0,v1:192.168.123.107:6789/0] conn(0x7ffba8105560 0x7ffba81a3eb0 unknown :-1 s=NONE pgs=0 cs=0 l=1 rev1=0 crypto rx=0 tx=0 comp rx=0 tx=0).connect
2026-03-08T23:05:19.917 INFO:teuthology.orchestra.run.vm07.stdout:/usr/bin/ceph: stderr
