2026-03-08T23:05:16.519 INFO:journalctl@ceph.mgr.x.vm07.stdout:Mar 08 23:05:16 vm07 bash[20914]: Your public key has been saved in /tmp/tmpa90unsq1/key.pub
2026-03-08T23:05:16.519 INFO:journalctl@ceph.mgr.x.vm07.stdout:Mar 08 23:05:16 vm07 bash[20914]: The key fingerprint is:
2026-03-08T23:05:16.519 INFO:journalctl@ceph.mgr.x.vm07.stdout:Mar 08 23:05:16 vm07 bash[20914]: SHA256:F7VcHqIqgl4RwjkuDuk5xgaFe5Hz9f3Dn72ecyUAiJY ceph-0c88464c-1b43-11f1-a89a-5f322c2564e4
2026-03-08T23:05:16.519 INFO:journalctl@ceph.mgr.x.vm07.stdout:Mar 08 23:05:16 vm07 bash[20914]: The key's randomart image is:
2026-03-08T23:05:16.519 INFO:journalctl@ceph.mgr.x.vm07.stdout:Mar 08 23:05:16 vm07 bash[20914]: +--[ED25519 256]--+
2026-03-08T23:05:16.519 INFO:journalctl@ceph.mgr.x.vm07.stdout:Mar 08 23:05:16 vm07 bash[20914]: | o.o. o . o o |
2026-03-08T23:05:16.519 INFO:journalctl@ceph.mgr.x.vm07.stdout:Mar 08 23:05:16 vm07 bash[20914]: |. O. .E . .+ = . |
2026-03-08T23:05:16.519 INFO:journalctl@ceph.mgr.x.vm07.stdout:Mar 08 23:05:16 vm07 bash[20914]: | = =.o . .o.o . |
2026-03-08T23:05:16.519 INFO:journalctl@ceph.mgr.x.vm07.stdout:Mar 08 23:05:16 vm07 bash[20914]: |* o... ..... |
2026-03-08T23:05:16.519 INFO:journalctl@ceph.mgr.x.vm07.stdout:Mar 08 23:05:16 vm07 bash[20914]: |*oo o . S .o . |
2026-03-08T23:05:16.519 INFO:journalctl@ceph.mgr.x.vm07.stdout:Mar 08 23:05:16 vm07 bash[20914]: | X . . . . + . .|
2026-03-08T23:05:16.519 INFO:journalctl@ceph.mgr.x.vm07.stdout:Mar 08 23:05:16 vm07 bash[20914]: |o o o +.|
2026-03-08T23:05:16.519 INFO:journalctl@ceph.mgr.x.vm07.stdout:Mar 08 23:05:16 vm07 bash[20914]: | o.+|
2026-03-08T23:05:16.519 INFO:journalctl@ceph.mgr.x.vm07.stdout:Mar 08 23:05:16 vm07 bash[20914]: | .++|
2026-03-08T23:05:16.519 INFO:journalctl@ceph.mgr.x.vm07.stdout:Mar 08 23:05:16 vm07 bash[20914]: +----[SHA256]-----+
2026-03-08T23:05:16.587 INFO:teuthology.orchestra.run.vm07.stdout:/usr/bin/ceph: stdout ssh-ed25519 AAAAC3NzaC1lZDI1NTE5AAAAIAWPvhWjwIzV5Q3Q2VCCK2/0INcogSmZas7p0rUUTLJs ceph-0c88464c-1b43-11f1-a89a-5f322c2564e4
2026-03-08T23:05:16.587 INFO:teuthology.orchestra.run.vm07.stdout:/usr/bin/ceph: stderr
2026-03-08T23:05:16.424+0000 7f962a61b640 1 Processor -- start
2026-03-08T23:05:16.587 INFO:teuthology.orchestra.run.vm07.stdout:/usr/bin/ceph: stderr
2026-03-08T23:05:16.424+0000 7f962a61b640 1 -- start start
2026-03-08T23:05:16.587 INFO:teuthology.orchestra.run.vm07.stdout:/usr/bin/ceph: stderr
2026-03-08T23:05:16.424+0000 7f962a61b640 1 --2- >> [v2:192.168.123.107:3300/0,v1:192.168.123.107:6789/0] conn(0x7f961c0a4920 0x7f961c0a4d20 unknown :-1 s=NONE pgs=0 cs=0 l=0 rev1=0 crypto rx=0 tx=0 comp rx=0 tx=0).connect
2026-03-08T23:05:16.587 INFO:teuthology.orchestra.run.vm07.stdout:/usr/bin/ceph: stderr
2026-03-08T23:05:16.424+0000 7f962a61b640 1 -- --> [v2:192.168.123.107:3300/0,v1:192.168.123.107:6789/0] -- mon_getmap magic: 0 -- 0x7f961c0a52f0 con 0x7f961c0a4920
2026-03-08T23:05:16.587 INFO:teuthology.orchestra.run.vm07.stdout:/usr/bin/ceph: stderr
2026-03-08T23:05:16.424+0000 7f9629619640 1 --2- >> [v2:192.168.123.107:3300/0,v1:192.168.123.107:6789/0] conn(0x7f961c0a4920 0x7f961c0a4d20 unknown :-1 s=BANNER_CONNECTING pgs=0 cs=0 l=0 rev1=0 crypto rx=0 tx=0 comp rx=0 tx=0)._handle_peer_banner_payload supported=3 required=0
2026-03-08T23:05:16.587 INFO:teuthology.orchestra.run.vm07.stdout:/usr/bin/ceph: stderr
2026-03-08T23:05:16.424+0000 7f9629619640 1 --2- >> [v2:192.168.123.107:3300/0,v1:192.168.123.107:6789/0] conn(0x7f961c0a4920 0x7f961c0a4d20 unknown :-1 s=HELLO_CONNECTING pgs=0 cs=0 l=0 rev1=1 crypto rx=0 tx=0 comp rx=0 tx=0).handle_hello peer v2:192.168.123.107:3300/0 says I am v2:192.168.123.107:39096/0 (socket says 192.168.123.107:39096)
2026-03-08T23:05:16.587 INFO:teuthology.orchestra.run.vm07.stdout:/usr/bin/ceph: stderr
2026-03-08T23:05:16.424+0000 7f9629619640 1 -- 192.168.123.107:0/161858794 learned_addr learned my addr 192.168.123.107:0/161858794 (peer_addr_for_me v2:192.168.123.107:0/0)
2026-03-08T23:05:16.587 INFO:teuthology.orchestra.run.vm07.stdout:/usr/bin/ceph: stderr
2026-03-08T23:05:16.424+0000 7f9629619640 1 -- 192.168.123.107:0/161858794 --> [v2:192.168.123.107:3300/0,v1:192.168.123.107:6789/0] -- mon_subscribe({config=0+,monmap=0+}) -- 0x7f961c0a5b20 con 0x7f961c0a4920
2026-03-08T23:05:16.587 INFO:teuthology.orchestra.run.vm07.stdout:/usr/bin/ceph: stderr
2026-03-08T23:05:16.424+0000 7f9629619640 1 --2- 192.168.123.107:0/161858794 >> [v2:192.168.123.107:3300/0,v1:192.168.123.107:6789/0] conn(0x7f961c0a4920 0x7f961c0a4d20 secure :-1 s=READY pgs=41 cs=0 l=1 rev1=1 crypto rx=0x7f9620009eb0 tx=0x7f96200311b0 comp rx=0 tx=0).ready entity=mon.0 client_cookie=1c2a5ce551c8a962 server_cookie=0 in_seq=0 out_seq=0
2026-03-08T23:05:16.587 INFO:teuthology.orchestra.run.vm07.stdout:/usr/bin/ceph: stderr
2026-03-08T23:05:16.424+0000 7f9613fff640 1 -- 192.168.123.107:0/161858794 <== mon.0 v2:192.168.123.107:3300/0 1 ==== mon_map magic: 0 ==== 205+0+0 (secure 0 0 0) 0x7f962003e070 con 0x7f961c0a4920
2026-03-08T23:05:16.587 INFO:teuthology.orchestra.run.vm07.stdout:/usr/bin/ceph: stderr
2026-03-08T23:05:16.424+0000 7f9613fff640 1 -- 192.168.123.107:0/161858794 <== mon.0 v2:192.168.123.107:3300/0 2 ==== config(25 keys) ==== 1007+0+0 (secure 0 0 0) 0x7f9620031d70 con 0x7f961c0a4920
2026-03-08T23:05:16.587 INFO:teuthology.orchestra.run.vm07.stdout:/usr/bin/ceph: stderr
2026-03-08T23:05:16.424+0000 7f962a61b640 1 -- 192.168.123.107:0/161858794 >> [v2:192.168.123.107:3300/0,v1:192.168.123.107:6789/0] conn(0x7f961c0a4920 msgr2=0x7f961c0a4d20 secure :-1 s=STATE_CONNECTION_ESTABLISHED l=1).mark_down
2026-03-08T23:05:16.587 INFO:teuthology.orchestra.run.vm07.stdout:/usr/bin/ceph: stderr
2026-03-08T23:05:16.424+0000 7f962a61b640 1 --2- 192.168.123.107:0/161858794 >> [v2:192.168.123.107:3300/0,v1:192.168.123.107:6789/0] conn(0x7f961c0a4920 0x7f961c0a4d20 secure :-1 s=READY pgs=41 cs=0 l=1 rev1=1 crypto rx=0x7f9620009eb0 tx=0x7f96200311b0 comp rx=0 tx=0).stop
2026-03-08T23:05:16.587 INFO:teuthology.orchestra.run.vm07.stdout:/usr/bin/ceph: stderr
2026-03-08T23:05:16.424+0000 7f962a61b640 1 -- 192.168.123.107:0/161858794 shutdown_connections
2026-03-08T23:05:16.587 INFO:teuthology.orchestra.run.vm07.stdout:/usr/bin/ceph: stderr
2026-03-08T23:05:16.424+0000 7f962a61b640 1 --2- 192.168.123.107:0/161858794 >> [v2:192.168.123.107:3300/0,v1:192.168.123.107:6789/0] conn(0x7f961c0a4920 0x7f961c0a4d20 unknown :-1 s=CLOSED pgs=41 cs=0 l=1 rev1=1 crypto rx=0 tx=0 comp rx=0 tx=0).stop
2026-03-08T23:05:16.587 INFO:teuthology.orchestra.run.vm07.stdout:/usr/bin/ceph: stderr
2026-03-08T23:05:16.424+0000 7f962a61b640 1 -- 192.168.123.107:0/161858794 >> 192.168.123.107:0/161858794 conn(0x7f961c09fc30 msgr2=0x7f961c0a2090 unknown :-1 s=STATE_NONE l=0).mark_down
2026-03-08T23:05:16.587 INFO:teuthology.orchestra.run.vm07.stdout:/usr/bin/ceph: stderr
2026-03-08T23:05:16.424+0000 7f962a61b640 1 -- 192.168.123.107:0/161858794 shutdown_connections
2026-03-08T23:05:16.587 INFO:teuthology.orchestra.run.vm07.stdout:/usr/bin/ceph: stderr
2026-03-08T23:05:16.424+0000 7f962a61b640 1 -- 192.168.123.107:0/161858794 wait complete.
2026-03-08T23:05:16.587 INFO:teuthology.orchestra.run.vm07.stdout:/usr/bin/ceph: stderr
2026-03-08T23:05:16.424+0000 7f962a61b640 1 Processor -- start
2026-03-08T23:05:16.587 INFO:teuthology.orchestra.run.vm07.stdout:/usr/bin/ceph: stderr
2026-03-08T23:05:16.424+0000 7f962a61b640 1 -- start start
2026-03-08T23:05:16.587 INFO:teuthology.orchestra.run.vm07.stdout:/usr/bin/ceph: stderr
2026-03-08T23:05:16.424+0000 7f962a61b640 1 --2- >> [v2:192.168.123.107:3300/0,v1:192.168.123.107:6789/0] conn(0x7f961c13a1d0 0x7f961c13a5f0 unknown :-1 s=NONE pgs=0 cs=0 l=1 rev1=0 crypto rx=0 tx=0 comp rx=0 tx=0).connect
2026-03-08T23:05:16.587 INFO:teuthology.orchestra.run.vm07.stdout:/usr/bin/ceph: stderr
2026-03-08T23:05:16.424+0000 7f962a61b640 1 -- --> [v2:192.168.123.107:3300/0,v1:192.168.123.107:6789/0] -- mon_getmap magic: 0 -- 0x7f961c0a6580 con 0x7f961c13a1d0
2026-03-08T23:05:16.587 INFO:teuthology.orchestra.run.vm07.stdout:/usr/bin/ceph: stderr
2026-03-08T23:05:16.424+0000 7f9629619640 1 --2- >> [v2:192.168.123.107:3300/0,v1:192.168.123.107:6789/0] conn(0x7f961c13a1d0 0x7f961c13a5f0 unknown :-1 s=BANNER_CONNECTING pgs=0 cs=0 l=1 rev1=0 crypto rx=0 tx=0 comp rx=0 tx=0)._handle_peer_banner_payload supported=3 required=0
2026-03-08T23:05:16.587 INFO:teuthology.orchestra.run.vm07.stdout:/usr/bin/ceph: stderr
2026-03-08T23:05:16.428+0000 7f9629619640 1 --2- >> [v2:192.168.123.107:3300/0,v1:192.168.123.107:6789/0] conn(0x7f961c13a1d0 0x7f961c13a5f0 unknown :-1 s=HELLO_CONNECTING pgs=0 cs=0 l=1 rev1=1 crypto rx=0 tx=0 comp rx=0 tx=0).handle_hello peer v2:192.168.123.107:3300/0 says I am v2:192.168.123.107:39110/0 (socket says 192.168.123.107:39110)
2026-03-08T23:05:16.587 INFO:teuthology.orchestra.run.vm07.stdout:/usr/bin/ceph: stderr
2026-03-08T23:05:16.428+0000 7f9629619640 1 -- 192.168.123.107:0/2985048682 learned_addr learned my addr 192.168.123.107:0/2985048682 (peer_addr_for_me v2:192.168.123.107:0/0)
2026-03-08T23:05:16.587 INFO:teuthology.orchestra.run.vm07.stdout:/usr/bin/ceph: stderr
2026-03-08T23:05:16.428+0000 7f9629619640 1 -- 192.168.123.107:0/2985048682 --> [v2:192.168.123.107:3300/0,v1:192.168.123.107:6789/0] -- mon_subscribe({config=0+,monmap=0+}) -- 0x7f961c13ab30 con 0x7f961c13a1d0
2026-03-08T23:05:16.587 INFO:teuthology.orchestra.run.vm07.stdout:/usr/bin/ceph: stderr
2026-03-08T23:05:16.428+0000 7f9629619640 1 --2- 192.168.123.107:0/2985048682 >> [v2:192.168.123.107:3300/0,v1:192.168.123.107:6789/0] conn(0x7f961c13a1d0 0x7f961c13a5f0 secure :-1 s=READY pgs=42 cs=0 l=1 rev1=1 crypto rx=0x7f9620031760 tx=0x7f96200385d0 comp rx=0 tx=0).ready entity=mon.0 client_cookie=0 server_cookie=0 in_seq=0 out_seq=0
2026-03-08T23:05:16.587 INFO:teuthology.orchestra.run.vm07.stdout:/usr/bin/ceph: stderr
2026-03-08T23:05:16.428+0000 7f96127fc640 1 -- 192.168.123.107:0/2985048682 <== mon.0 v2:192.168.123.107:3300/0 1 ==== mon_map magic: 0 ==== 205+0+0 (secure 0 0 0) 0x7f962003e070 con 0x7f961c13a1d0
2026-03-08T23:05:16.587 INFO:teuthology.orchestra.run.vm07.stdout:/usr/bin/ceph: stderr
2026-03-08T23:05:16.428+0000 7f962a61b640 1 -- 192.168.123.107:0/2985048682 --> [v2:192.168.123.107:3300/0,v1:192.168.123.107:6789/0] -- mon_subscribe({mgrmap=0+}) -- 0x7f961c13adc0 con 0x7f961c13a1d0
2026-03-08T23:05:16.587 INFO:teuthology.orchestra.run.vm07.stdout:/usr/bin/ceph: stderr
2026-03-08T23:05:16.428+0000 7f962a61b640 1 -- 192.168.123.107:0/2985048682 --> [v2:192.168.123.107:3300/0,v1:192.168.123.107:6789/0] -- mon_subscribe({osdmap=0}) -- 0x7f961c13b910 con 0x7f961c13a1d0
2026-03-08T23:05:16.587 INFO:teuthology.orchestra.run.vm07.stdout:/usr/bin/ceph: stderr
2026-03-08T23:05:16.428+0000 7f96127fc640 1 -- 192.168.123.107:0/2985048682 <== mon.0 v2:192.168.123.107:3300/0 2 ==== config(25 keys) ==== 1007+0+0 (secure 0 0 0) 0x7f9620043460 con 0x7f961c13a1d0
2026-03-08T23:05:16.588 INFO:teuthology.orchestra.run.vm07.stdout:/usr/bin/ceph: stderr
2026-03-08T23:05:16.428+0000 7f96127fc640 1 -- 192.168.123.107:0/2985048682 <== mon.0 v2:192.168.123.107:3300/0 3 ==== mon_map magic: 0 ==== 205+0+0 (secure 0 0 0) 0x7f9620039440 con 0x7f961c13a1d0
2026-03-08T23:05:16.588 INFO:teuthology.orchestra.run.vm07.stdout:/usr/bin/ceph: stderr
2026-03-08T23:05:16.428+0000 7f96127fc640 1 -- 192.168.123.107:0/2985048682 <== mon.0 v2:192.168.123.107:3300/0 4 ==== mgrmap(e 6) ==== 50141+0+0 (secure 0 0 0) 0x7f96200395e0 con 0x7f961c13a1d0
2026-03-08T23:05:16.588 INFO:teuthology.orchestra.run.vm07.stdout:/usr/bin/ceph: stderr
2026-03-08T23:05:16.428+0000 7f96127fc640 1 --2- 192.168.123.107:0/2985048682 >> [v2:192.168.123.107:6800/2131720749,v1:192.168.123.107:6801/2131720749] conn(0x7f95fc03db70 0x7f95fc040030 unknown :-1 s=NONE pgs=0 cs=0 l=1 rev1=0 crypto rx=0 tx=0 comp rx=0 tx=0).connect
2026-03-08T23:05:16.588 INFO:teuthology.orchestra.run.vm07.stdout:/usr/bin/ceph: stderr
2026-03-08T23:05:16.428+0000 7f96127fc640 1 -- 192.168.123.107:0/2985048682 <== mon.0 v2:192.168.123.107:3300/0 5 ==== osd_map(2..2 src has 1..2) ==== 940+0+0 (secure 0 0 0) 0x7f9620077ce0 con 0x7f961c13a1d0
2026-03-08T23:05:16.588 INFO:teuthology.orchestra.run.vm07.stdout:/usr/bin/ceph: stderr
2026-03-08T23:05:16.428+0000 7f9628e18640 1 --2- 192.168.123.107:0/2985048682 >> [v2:192.168.123.107:6800/2131720749,v1:192.168.123.107:6801/2131720749] conn(0x7f95fc03db70 0x7f95fc040030 unknown :-1 s=BANNER_CONNECTING pgs=0 cs=0 l=1 rev1=0 crypto rx=0 tx=0 comp rx=0 tx=0)._handle_peer_banner_payload supported=3 required=0
2026-03-08T23:05:16.588 INFO:teuthology.orchestra.run.vm07.stdout:/usr/bin/ceph: stderr
2026-03-08T23:05:16.428+0000 7f9628e18640 1 --2- 192.168.123.107:0/2985048682 >> [v2:192.168.123.107:6800/2131720749,v1:192.168.123.107:6801/2131720749] conn(0x7f95fc03db70 0x7f95fc040030 secure :-1 s=READY pgs=10 cs=0 l=1 rev1=1 crypto rx=0x7f962406b370 tx=0x7f9624065ef0 comp rx=0 tx=0).ready entity=mgr.14118 client_cookie=0 server_cookie=0 in_seq=0 out_seq=0
2026-03-08T23:05:16.588 INFO:teuthology.orchestra.run.vm07.stdout:/usr/bin/ceph: stderr
2026-03-08T23:05:16.428+0000 7f962a61b640 1 -- 192.168.123.107:0/2985048682 --> [v2:192.168.123.107:3300/0,v1:192.168.123.107:6789/0] -- mon_command({"prefix": "get_command_descriptions"} v 0) -- 0x7f95ec005390 con 0x7f961c13a1d0
2026-03-08T23:05:16.588 INFO:teuthology.orchestra.run.vm07.stdout:/usr/bin/ceph: stderr
2026-03-08T23:05:16.432+0000 7f96127fc640 1 -- 192.168.123.107:0/2985048682 <== mon.0 v2:192.168.123.107:3300/0 6 ==== mon_command_ack([{"prefix": "get_command_descriptions"}]=0 v0) ==== 72+0+195034 (secure 0 0 0) 0x7f9620048050 con 0x7f961c13a1d0
2026-03-08T23:05:16.588 INFO:teuthology.orchestra.run.vm07.stdout:/usr/bin/ceph: stderr
2026-03-08T23:05:16.520+0000 7f962a61b640 1 -- 192.168.123.107:0/2985048682 --> [v2:192.168.123.107:6800/2131720749,v1:192.168.123.107:6801/2131720749] -- mgr_command(tid 0: {"prefix": "cephadm get-pub-key", "target": ["mon-mgr", ""]}) -- 0x7f95ec002bf0 con 0x7f95fc03db70
2026-03-08T23:05:16.588 INFO:teuthology.orchestra.run.vm07.stdout:/usr/bin/ceph: stderr
2026-03-08T23:05:16.520+0000 7f96127fc640 1 -- 192.168.123.107:0/2985048682 <== mgr.14118 v2:192.168.123.107:6800/2131720749 1 ==== mgr_command_reply(tid 0: 0 ) ==== 8+0+123 (secure 0 0 0) 0x7f95ec002bf0 con 0x7f95fc03db70
2026-03-08T23:05:16.588 INFO:teuthology.orchestra.run.vm07.stdout:/usr/bin/ceph: stderr
2026-03-08T23:05:16.532+0000 7f95f3fff640 1 -- 192.168.123.107:0/2985048682 >> [v2:192.168.123.107:6800/2131720749,v1:192.168.123.107:6801/2131720749] conn(0x7f95fc03db70 msgr2=0x7f95fc040030 secure :-1 s=STATE_CONNECTION_ESTABLISHED l=1).mark_down
2026-03-08T23:05:16.588 INFO:teuthology.orchestra.run.vm07.stdout:/usr/bin/ceph: stderr
2026-03-08T23:05:16.532+0000 7f95f3fff640 1 --2- 192.168.123.107:0/2985048682 >> [v2:192.168.123.107:6800/2131720749,v1:192.168.123.107:6801/2131720749] conn(0x7f95fc03db70 0x7f95fc040030 secure :-1 s=READY pgs=10 cs=0 l=1 rev1=1 crypto rx=0x7f962406b370 tx=0x7f9624065ef0 comp rx=0 tx=0).stop
2026-03-08T23:05:16.588 INFO:teuthology.orchestra.run.vm07.stdout:/usr/bin/ceph: stderr
2026-03-08T23:05:16.532+0000 7f95f3fff640 1 -- 192.168.123.107:0/2985048682 >> [v2:192.168.123.107:3300/0,v1:192.168.123.107:6789/0] conn(0x7f961c13a1d0 msgr2=0x7f961c13a5f0 secure :-1 s=STATE_CONNECTION_ESTABLISHED l=1).mark_down
2026-03-08T23:05:16.588 INFO:teuthology.orchestra.run.vm07.stdout:/usr/bin/ceph: stderr
2026-03-08T23:05:16.532+0000 7f95f3fff640 1 --2- 192.168.123.107:0/2985048682 >> [v2:192.168.123.107:3300/0,v1:192.168.123.107:6789/0] conn(0x7f961c13a1d0 0x7f961c13a5f0 secure :-1 s=READY pgs=42 cs=0 l=1 rev1=1 crypto rx=0x7f9620031760 tx=0x7f96200385d0 comp rx=0 tx=0).stop
2026-03-08T23:05:16.588 INFO:teuthology.orchestra.run.vm07.stdout:/usr/bin/ceph: stderr
2026-03-08T23:05:16.532+0000 7f95f3fff640 1 -- 192.168.123.107:0/2985048682 shutdown_connections
2026-03-08T23:05:16.588 INFO:teuthology.orchestra.run.vm07.stdout:/usr/bin/ceph: stderr
2026-03-08T23:05:16.532+0000 7f95f3fff640 1 --2- 192.168.123.107:0/2985048682 >> [v2:192.168.123.107:6800/2131720749,v1:192.168.123.107:6801/2131720749] conn(0x7f95fc03db70 0x7f95fc040030 unknown :-1 s=CLOSED pgs=10 cs=0 l=1 rev1=1 crypto rx=0 tx=0 comp rx=0 tx=0).stop
2026-03-08T23:05:16.588 INFO:teuthology.orchestra.run.vm07.stdout:/usr/bin/ceph: stderr
2026-03-08T23:05:16.532+0000 7f95f3fff640 1 --2- 192.168.123.107:0/2985048682 >> [v2:192.168.123.107:3300/0,v1:192.168.123.107:6789/0] conn(0x7f961c13a1d0 0x7f961c13a5f0 unknown :-1 s=CLOSED pgs=42 cs=0 l=1 rev1=1 crypto rx=0 tx=0 comp rx=0 tx=0).stop
2026-03-08T23:05:16.588 INFO:teuthology.orchestra.run.vm07.stdout:/usr/bin/ceph: stderr
2026-03-08T23:05:16.532+0000 7f95f3fff640 1 -- 192.168.123.107:0/2985048682 >> 192.168.123.107:0/2985048682 conn(0x7f961c09fc30 msgr2=0x7f961c0a0510 unknown :-1 s=STATE_NONE l=0).mark_down
2026-03-08T23:05:16.588 INFO:teuthology.orchestra.run.vm07.stdout:/usr/bin/ceph: stderr
2026-03-08T23:05:16.532+0000 7f95f3fff640 1 -- 192.168.123.107:0/2985048682 shutdown_connections
2026-03-08T23:05:16.588 INFO:teuthology.orchestra.run.vm07.stdout:/usr/bin/ceph: stderr
2026-03-08T23:05:16.532+0000 7f95f3fff640 1 -- 192.168.123.107:0/2985048682 wait complete.
2026-03-08T23:05:16.588 INFO:teuthology.orchestra.run.vm07.stdout:Wrote public SSH key to /home/ubuntu/cephtest/ceph.pub
2026-03-08T23:05:16.588 INFO:teuthology.orchestra.run.vm07.stdout:Adding key to root@localhost authorized_keys...
2026-03-08T23:05:16.588 INFO:teuthology.orchestra.run.vm07.stdout:Adding host vm07...
2026-03-08T23:05:16.827 INFO:journalctl@ceph.mon.a.vm07.stdout:Mar 08 23:05:16 vm07 bash[20642]: audit
2026-03-08T23:05:15.342735+0000 mgr.x (mgr.14118) 2 : audit [DBG] from='client.14122 -' entity='client.admin' cmd=[{"prefix": "get_command_descriptions"}]: dispatch
2026-03-08T23:05:16.827 INFO:journalctl@ceph.mon.a.vm07.stdout:Mar 08 23:05:16 vm07 bash[20642]: audit
2026-03-08T23:05:15.342735+0000 mgr.x (mgr.14118) 2 : audit [DBG] from='client.14122 -' entity='client.admin' cmd=[{"prefix": "get_command_descriptions"}]: dispatch
2026-03-08T23:05:16.827 INFO:journalctl@ceph.mon.a.vm07.stdout:Mar 08 23:05:16 vm07 bash[20642]: audit
2026-03-08T23:05:15.347076+0000 mgr.x (mgr.14118) 3 : audit [DBG] from='client.14122 -' entity='client.admin' cmd=[{"prefix": "mgr_status"}]: dispatch
2026-03-08T23:05:16.827 INFO:journalctl@ceph.mon.a.vm07.stdout:Mar 08 23:05:16 vm07 bash[20642]: audit
2026-03-08T23:05:15.347076+0000 mgr.x (mgr.14118) 3 : audit [DBG] from='client.14122 -' entity='client.admin' cmd=[{"prefix": "mgr_status"}]: dispatch
2026-03-08T23:05:16.827 INFO:journalctl@ceph.mon.a.vm07.stdout:Mar 08 23:05:16 vm07 bash[20642]: audit
2026-03-08T23:05:15.642002+0000 mgr.x (mgr.14118) 4 : audit [DBG] from='client.14130 -' entity='client.admin' cmd=[{"prefix": "orch set backend", "module_name": "cephadm", "target": ["mon-mgr", ""]}]: dispatch
2026-03-08T23:05:16.827 INFO:journalctl@ceph.mon.a.vm07.stdout:Mar 08 23:05:16 vm07 bash[20642]: audit
2026-03-08T23:05:15.642002+0000 mgr.x (mgr.14118) 4 : audit [DBG] from='client.14130 -' entity='client.admin' cmd=[{"prefix": "orch set backend", "module_name": "cephadm", "target": ["mon-mgr", ""]}]: dispatch
2026-03-08T23:05:16.827 INFO:journalctl@ceph.mon.a.vm07.stdout:Mar 08 23:05:16 vm07 bash[20642]: audit
2026-03-08T23:05:15.645233+0000 mon.a (mon.0) 55 : audit [INF] from='mgr.14118 192.168.123.107:0/2856516459' entity='mgr.x'
2026-03-08T23:05:16.827 INFO:journalctl@ceph.mon.a.vm07.stdout:Mar 08 23:05:16 vm07 bash[20642]: audit
2026-03-08T23:05:15.645233+0000 mon.a (mon.0) 55 : audit [INF] from='mgr.14118 192.168.123.107:0/2856516459' entity='mgr.x'
2026-03-08T23:05:16.827 INFO:journalctl@ceph.mon.a.vm07.stdout:Mar 08 23:05:16 vm07 bash[20642]: audit
2026-03-08T23:05:15.650489+0000 mon.a (mon.0) 56 : audit [DBG] from='mgr.14118 192.168.123.107:0/2856516459' entity='mgr.x' cmd=[{"prefix": "config dump", "format": "json"}]: dispatch
2026-03-08T23:05:16.827 INFO:journalctl@ceph.mon.a.vm07.stdout:Mar 08 23:05:16 vm07 bash[20642]: audit
2026-03-08T23:05:15.650489+0000 mon.a (mon.0) 56 : audit [DBG] from='mgr.14118 192.168.123.107:0/2856516459' entity='mgr.x' cmd=[{"prefix": "config dump", "format": "json"}]: dispatch
2026-03-08T23:05:16.827 INFO:journalctl@ceph.mon.a.vm07.stdout:Mar 08 23:05:16 vm07 bash[20642]: audit
2026-03-08T23:05:15.783750+0000 mon.a (mon.0) 57 : audit [INF] from='mgr.14118 192.168.123.107:0/2856516459' entity='mgr.x'
2026-03-08T23:05:16.827 INFO:journalctl@ceph.mon.a.vm07.stdout:Mar 08 23:05:16 vm07 bash[20642]: audit
2026-03-08T23:05:15.783750+0000 mon.a (mon.0) 57 : audit [INF] from='mgr.14118 192.168.123.107:0/2856516459' entity='mgr.x'
2026-03-08T23:05:16.828 INFO:journalctl@ceph.mon.a.vm07.stdout:Mar 08 23:05:16 vm07 bash[20642]: audit
2026-03-08T23:05:15.787023+0000 mon.a (mon.0) 58 : audit [INF] from='mgr.14118 192.168.123.107:0/2856516459' entity='mgr.x'
2026-03-08T23:05:16.828 INFO:journalctl@ceph.mon.a.vm07.stdout:Mar 08 23:05:16 vm07 bash[20642]: audit
2026-03-08T23:05:15.787023+0000 mon.a (mon.0) 58 : audit [INF] from='mgr.14118 192.168.123.107:0/2856516459' entity='mgr.x'
2026-03-08T23:05:16.828 INFO:journalctl@ceph.mon.a.vm07.stdout:Mar 08 23:05:16 vm07 bash[20642]: audit
2026-03-08T23:05:15.929996+0000 mgr.x (mgr.14118) 5 : audit [DBG] from='client.14132 -' entity='client.admin' cmd=[{"prefix": "cephadm set-user", "user": "root", "target": ["mon-mgr", ""]}]: dispatch
2026-03-08T23:05:16.828 INFO:journalctl@ceph.mon.a.vm07.stdout:Mar 08 23:05:16 vm07 bash[20642]: audit
2026-03-08T23:05:15.929996+0000 mgr.x (mgr.14118) 5 : audit [DBG] from='client.14132 -' entity='client.admin' cmd=[{"prefix": "cephadm set-user", "user": "root", "target": ["mon-mgr", ""]}]: dispatch
2026-03-08T23:05:16.828 INFO:journalctl@ceph.mon.a.vm07.stdout:Mar 08 23:05:16 vm07 bash[20642]: audit
2026-03-08T23:05:16.241702+0000 mon.a (mon.0) 59 : audit [INF] from='mgr.14118 192.168.123.107:0/2856516459' entity='mgr.x'
2026-03-08T23:05:16.828 INFO:journalctl@ceph.mon.a.vm07.stdout:Mar 08 23:05:16 vm07 bash[20642]: audit
2026-03-08T23:05:16.241702+0000 mon.a (mon.0) 59 : audit [INF] from='mgr.14118 192.168.123.107:0/2856516459' entity='mgr.x'
2026-03-08T23:05:16.828 INFO:journalctl@ceph.mon.a.vm07.stdout:Mar 08 23:05:16 vm07 bash[20642]: audit
2026-03-08T23:05:16.244132+0000 mon.a (mon.0) 60 : audit [INF] from='mgr.14118 192.168.123.107:0/2856516459' entity='mgr.x'
2026-03-08T23:05:16.828 INFO:journalctl@ceph.mon.a.vm07.stdout:Mar 08 23:05:16 vm07 bash[20642]: audit
2026-03-08T23:05:16.244132+0000 mon.a (mon.0) 60 : audit [INF] from='mgr.14118 192.168.123.107:0/2856516459' entity='mgr.x'
2026-03-08T23:05:18.224 INFO:journalctl@ceph.mon.a.vm07.stdout:Mar 08 23:05:17 vm07 bash[20642]: audit
2026-03-08T23:05:16.221151+0000 mgr.x (mgr.14118) 6 : audit [DBG] from='client.14134 -' entity='client.admin' cmd=[{"prefix": "cephadm generate-key", "target": ["mon-mgr", ""]}]: dispatch
2026-03-08T23:05:18.224 INFO:journalctl@ceph.mon.a.vm07.stdout:Mar 08 23:05:17 vm07 bash[20642]: audit
2026-03-08T23:05:16.221151+0000 mgr.x (mgr.14118) 6 : audit [DBG] from='client.14134 -' entity='client.admin' cmd=[{"prefix": "cephadm generate-key", "target": ["mon-mgr", ""]}]: dispatch
2026-03-08T23:05:18.224 INFO:journalctl@ceph.mon.a.vm07.stdout:Mar 08 23:05:17 vm07 bash[20642]: cephadm
2026-03-08T23:05:16.221339+0000 mgr.x (mgr.14118) 7 : cephadm [INF] Generating ssh key...
2026-03-08T23:05:18.224 INFO:journalctl@ceph.mon.a.vm07.stdout:Mar 08 23:05:17 vm07 bash[20642]: cephadm
2026-03-08T23:05:16.221339+0000 mgr.x (mgr.14118) 7 : cephadm [INF] Generating ssh key...
2026-03-08T23:05:18.224 INFO:journalctl@ceph.mon.a.vm07.stdout:Mar 08 23:05:17 vm07 bash[20642]: audit
2026-03-08T23:05:16.525444+0000 mgr.x (mgr.14118) 8 : audit [DBG] from='client.14136 -' entity='client.admin' cmd=[{"prefix": "cephadm get-pub-key", "target": ["mon-mgr", ""]}]: dispatch
2026-03-08T23:05:18.224 INFO:journalctl@ceph.mon.a.vm07.stdout:Mar 08 23:05:17 vm07 bash[20642]: audit
2026-03-08T23:05:16.525444+0000 mgr.x (mgr.14118) 8 : audit [DBG] from='client.14136 -' entity='client.admin' cmd=[{"prefix": "cephadm get-pub-key", "target": ["mon-mgr", ""]}]: dispatch
2026-03-08T23:05:18.224 INFO:journalctl@ceph.mon.a.vm07.stdout:Mar 08 23:05:17 vm07 bash[20642]: cephadm
2026-03-08T23:05:16.623988+0000 mgr.x (mgr.14118) 9 : cephadm [INF] [08/Mar/2026:23:05:16] ENGINE Bus STARTING
2026-03-08T23:05:18.224 INFO:journalctl@ceph.mon.a.vm07.stdout:Mar 08 23:05:17 vm07 bash[20642]: cephadm
2026-03-08T23:05:16.623988+0000 mgr.x (mgr.14118) 9 : cephadm [INF] [08/Mar/2026:23:05:16] ENGINE Bus STARTING
2026-03-08T23:05:18.224 INFO:journalctl@ceph.mon.a.vm07.stdout:Mar 08 23:05:17 vm07 bash[20642]: cephadm
2026-03-08T23:05:16.735134+0000 mgr.x (mgr.14118) 10 : cephadm [INF] [08/Mar/2026:23:05:16] ENGINE Serving on https://192.168.123.107:7150
2026-03-08T23:05:18.224 INFO:journalctl@ceph.mon.a.vm07.stdout:Mar 08 23:05:17 vm07 bash[20642]: cephadm
2026-03-08T23:05:16.735134+0000 mgr.x (mgr.14118) 10 : cephadm [INF] [08/Mar/2026:23:05:16] ENGINE Serving on https://192.168.123.107:7150
2026-03-08T23:05:18.224 INFO:journalctl@ceph.mon.a.vm07.stdout:Mar 08 23:05:17 vm07 bash[20642]: cephadm
2026-03-08T23:05:16.735527+0000 mgr.x (mgr.14118) 11 : cephadm [INF] [08/Mar/2026:23:05:16] ENGINE Client ('192.168.123.107', 44850) lost — peer dropped the TLS connection suddenly, during handshake: (6, 'TLS/SSL connection has been closed (EOF) (_ssl.c:1147)')
2026-03-08T23:05:18.224 INFO:journalctl@ceph.mon.a.vm07.stdout:Mar 08 23:05:17 vm07 bash[20642]: cephadm
2026-03-08T23:05:16.735527+0000 mgr.x (mgr.14118) 11 : cephadm [INF] [08/Mar/2026:23:05:16] ENGINE Client ('192.168.123.107', 44850) lost — peer dropped the TLS connection suddenly, during handshake: (6, 'TLS/SSL connection has been closed (EOF) (_ssl.c:1147)')
2026-03-08T23:05:18.224 INFO:journalctl@ceph.mon.a.vm07.stdout:Mar 08 23:05:17 vm07 bash[20642]: cluster
2026-03-08T23:05:16.789956+0000 mon.a (mon.0) 61 : cluster [DBG] mgrmap e7: x(active, since 2s)
2026-03-08T23:05:18.224 INFO:journalctl@ceph.mon.a.vm07.stdout:Mar 08 23:05:17 vm07 bash[20642]: cluster
2026-03-08T23:05:16.789956+0000 mon.a (mon.0) 61 : cluster [DBG] mgrmap e7: x(active, since 2s)
2026-03-08T23:05:18.224 INFO:journalctl@ceph.mon.a.vm07.stdout:Mar 08 23:05:17 vm07 bash[20642]: audit
2026-03-08T23:05:16.818100+0000 mgr.x (mgr.14118) 12 : audit [DBG] from='client.14138 -' entity='client.admin' cmd=[{"prefix": "orch host add", "hostname": "vm07", "addr": "192.168.123.107", "target": ["mon-mgr", ""]}]: dispatch
2026-03-08T23:05:18.224 INFO:journalctl@ceph.mon.a.vm07.stdout:Mar 08 23:05:17 vm07 bash[20642]: audit
2026-03-08T23:05:16.818100+0000 mgr.x (mgr.14118) 12 : audit [DBG] from='client.14138 -' entity='client.admin' cmd=[{"prefix": "orch host add", "hostname": "vm07", "addr": "192.168.123.107", "target": ["mon-mgr", ""]}]: dispatch
2026-03-08T23:05:18.224 INFO:journalctl@ceph.mon.a.vm07.stdout:Mar 08 23:05:17 vm07 bash[20642]: cephadm
2026-03-08T23:05:16.836432+0000 mgr.x (mgr.14118) 13 : cephadm [INF] [08/Mar/2026:23:05:16] ENGINE Serving on http://192.168.123.107:8765
2026-03-08T23:05:18.224 INFO:journalctl@ceph.mon.a.vm07.stdout:Mar 08 23:05:17 vm07 bash[20642]: cephadm
2026-03-08T23:05:16.836432+0000 mgr.x (mgr.14118) 13 : cephadm [INF] [08/Mar/2026:23:05:16] ENGINE Serving on http://192.168.123.107:8765
2026-03-08T23:05:18.224 INFO:journalctl@ceph.mon.a.vm07.stdout:Mar 08 23:05:17 vm07 bash[20642]: cephadm
2026-03-08T23:05:16.836497+0000 mgr.x (mgr.14118) 14 : cephadm [INF] [08/Mar/2026:23:05:16] ENGINE Bus STARTED
2026-03-08T23:05:18.224 INFO:journalctl@ceph.mon.a.vm07.stdout:Mar 08 23:05:17 vm07 bash[20642]: cephadm
2026-03-08T23:05:16.836497+0000 mgr.x (mgr.14118) 14 : cephadm [INF] [08/Mar/2026:23:05:16] ENGINE Bus STARTED
2026-03-08T23:05:18.224 INFO:journalctl@ceph.mon.a.vm07.stdout:Mar 08 23:05:17 vm07 bash[20642]: audit
2026-03-08T23:05:16.836966+0000 mon.a (mon.0) 62 : audit [DBG] from='mgr.14118 192.168.123.107:0/2856516459' entity='mgr.x' cmd=[{"prefix": "config dump", "format": "json"}]: dispatch
2026-03-08T23:05:18.224 INFO:journalctl@ceph.mon.a.vm07.stdout:Mar 08 23:05:17 vm07 bash[20642]: audit
2026-03-08T23:05:16.836966+0000 mon.a (mon.0) 62 : audit [DBG] from='mgr.14118 192.168.123.107:0/2856516459' entity='mgr.x' cmd=[{"prefix": "config dump", "format": "json"}]: dispatch
2026-03-08T23:05:18.779 INFO:teuthology.orchestra.run.vm07.stdout:/usr/bin/ceph: stdout Added host 'vm07' with addr '192.168.123.107'
2026-03-08T23:05:18.779 INFO:teuthology.orchestra.run.vm07.stdout:/usr/bin/ceph: stderr
2026-03-08T23:05:16.708+0000 7f4714a50640 1 Processor -- start
2026-03-08T23:05:18.779 INFO:teuthology.orchestra.run.vm07.stdout:/usr/bin/ceph: stderr
2026-03-08T23:05:16.708+0000 7f4714a50640 1 -- start start
2026-03-08T23:05:18.779 INFO:teuthology.orchestra.run.vm07.stdout:/usr/bin/ceph: stderr
2026-03-08T23:05:16.712+0000 7f4714a50640 1 --2- >> [v2:192.168.123.107:3300/0,v1:192.168.123.107:6789/0] conn(0x7f47101077c0 0x7f4710107bc0 unknown :-1 s=NONE pgs=0 cs=0 l=0 rev1=0 crypto rx=0 tx=0 comp rx=0 tx=0).connect
2026-03-08T23:05:18.779 INFO:teuthology.orchestra.run.vm07.stdout:/usr/bin/ceph: stderr
2026-03-08T23:05:16.712+0000 7f4714a50640 1 -- --> [v2:192.168.123.107:3300/0,v1:192.168.123.107:6789/0] -- mon_getmap magic: 0 -- 0x7f4710108190 con 0x7f47101077c0
2026-03-08T23:05:18.779 INFO:teuthology.orchestra.run.vm07.stdout:/usr/bin/ceph: stderr
2026-03-08T23:05:16.712+0000 7f470e575640 1 --2- >> [v2:192.168.123.107:3300/0,v1:192.168.123.107:6789/0] conn(0x7f47101077c0 0x7f4710107bc0 unknown :-1 s=BANNER_CONNECTING pgs=0 cs=0 l=0 rev1=0 crypto rx=0 tx=0 comp rx=0 tx=0)._handle_peer_banner_payload supported=3 required=0
2026-03-08T23:05:18.779 INFO:teuthology.orchestra.run.vm07.stdout:/usr/bin/ceph: stderr
2026-03-08T23:05:16.712+0000 7f470e575640 1 --2- >> [v2:192.168.123.107:3300/0,v1:192.168.123.107:6789/0] conn(0x7f47101077c0 0x7f4710107bc0 unknown :-1 s=HELLO_CONNECTING pgs=0 cs=0 l=0 rev1=1 crypto rx=0 tx=0 comp rx=0 tx=0).handle_hello peer v2:192.168.123.107:3300/0 says I am v2:192.168.123.107:39116/0 (socket says 192.168.123.107:39116)
2026-03-08T23:05:18.779 INFO:teuthology.orchestra.run.vm07.stdout:/usr/bin/ceph: stderr
2026-03-08T23:05:16.712+0000 7f470e575640 1 -- 192.168.123.107:0/36555 learned_addr learned my addr 192.168.123.107:0/36555 (peer_addr_for_me v2:192.168.123.107:0/0)
2026-03-08T23:05:18.779 INFO:teuthology.orchestra.run.vm07.stdout:/usr/bin/ceph: stderr
2026-03-08T23:05:16.712+0000 7f470e575640 1 -- 192.168.123.107:0/36555 --> [v2:192.168.123.107:3300/0,v1:192.168.123.107:6789/0] -- mon_subscribe({config=0+,monmap=0+}) -- 0x7f4710108970 con 0x7f47101077c0
2026-03-08T23:05:18.779 INFO:teuthology.orchestra.run.vm07.stdout:/usr/bin/ceph: stderr
2026-03-08T23:05:16.712+0000 7f470e575640 1 --2- 192.168.123.107:0/36555 >> [v2:192.168.123.107:3300/0,v1:192.168.123.107:6789/0] conn(0x7f47101077c0 0x7f4710107bc0 secure :-1 s=READY pgs=43 cs=0 l=1 rev1=1 crypto rx=0x7f4704009e80 tx=0x7f470402f360 comp rx=0 tx=0).ready entity=mon.0 client_cookie=307b2219060b5b41 server_cookie=0 in_seq=0 out_seq=0
2026-03-08T23:05:18.779 INFO:teuthology.orchestra.run.vm07.stdout:/usr/bin/ceph: stderr
2026-03-08T23:05:16.712+0000 7f470d573640 1 -- 192.168.123.107:0/36555 <== mon.0 v2:192.168.123.107:3300/0 1 ==== mon_map magic: 0 ==== 205+0+0 (secure 0 0 0) 0x7f470402fb60 con 0x7f47101077c0
2026-03-08T23:05:18.779 INFO:teuthology.orchestra.run.vm07.stdout:/usr/bin/ceph: stderr
2026-03-08T23:05:16.712+0000 7f470d573640 1 -- 192.168.123.107:0/36555 <== mon.0 v2:192.168.123.107:3300/0 2 ==== config(25 keys) ==== 1007+0+0 (secure 0 0 0) 0x7f470402fd00 con 0x7f47101077c0
2026-03-08T23:05:18.779 INFO:teuthology.orchestra.run.vm07.stdout:/usr/bin/ceph: stderr
2026-03-08T23:05:16.712+0000 7f4714a50640 1 -- 192.168.123.107:0/36555 >> [v2:192.168.123.107:3300/0,v1:192.168.123.107:6789/0] conn(0x7f47101077c0 msgr2=0x7f4710107bc0 secure :-1 s=STATE_CONNECTION_ESTABLISHED l=1).mark_down
2026-03-08T23:05:18.779 INFO:teuthology.orchestra.run.vm07.stdout:/usr/bin/ceph: stderr
2026-03-08T23:05:16.712+0000 7f4714a50640 1 --2- 192.168.123.107:0/36555 >> [v2:192.168.123.107:3300/0,v1:192.168.123.107:6789/0] conn(0x7f47101077c0 0x7f4710107bc0 secure :-1 s=READY pgs=43 cs=0 l=1 rev1=1 crypto rx=0x7f4704009e80 tx=0x7f470402f360 comp rx=0 tx=0).stop
2026-03-08T23:05:18.779 INFO:teuthology.orchestra.run.vm07.stdout:/usr/bin/ceph: stderr
2026-03-08T23:05:16.712+0000 7f4714a50640 1 -- 192.168.123.107:0/36555 shutdown_connections
2026-03-08T23:05:18.779 INFO:teuthology.orchestra.run.vm07.stdout:/usr/bin/ceph: stderr
2026-03-08T23:05:16.712+0000 7f4714a50640 1 --2- 192.168.123.107:0/36555 >> [v2:192.168.123.107:3300/0,v1:192.168.123.107:6789/0] conn(0x7f47101077c0 0x7f4710107bc0 unknown :-1 s=CLOSED pgs=43 cs=0 l=1 rev1=1 crypto rx=0 tx=0 comp rx=0 tx=0).stop
2026-03-08T23:05:18.779 INFO:teuthology.orchestra.run.vm07.stdout:/usr/bin/ceph: stderr
2026-03-08T23:05:16.712+0000 7f4714a50640 1 -- 192.168.123.107:0/36555 >> 192.168.123.107:0/36555 conn(0x7f4710102f10 msgr2=0x7f4710105390 unknown :-1 s=STATE_NONE l=0).mark_down
2026-03-08T23:05:18.779 INFO:teuthology.orchestra.run.vm07.stdout:/usr/bin/ceph: stderr
2026-03-08T23:05:16.712+0000 7f4714a50640 1 -- 192.168.123.107:0/36555 shutdown_connections
2026-03-08T23:05:18.779 INFO:teuthology.orchestra.run.vm07.stdout:/usr/bin/ceph: stderr
2026-03-08T23:05:16.712+0000 7f4714a50640 1 -- 192.168.123.107:0/36555 wait complete.
2026-03-08T23:05:18.780 INFO:teuthology.orchestra.run.vm07.stdout:/usr/bin/ceph: stderr
2026-03-08T23:05:16.712+0000 7f4714a50640 1 Processor -- start
2026-03-08T23:05:18.780 INFO:teuthology.orchestra.run.vm07.stdout:/usr/bin/ceph: stderr
2026-03-08T23:05:16.712+0000 7f4714a50640 1 -- start start
2026-03-08T23:05:18.780 INFO:teuthology.orchestra.run.vm07.stdout:/usr/bin/ceph: stderr
2026-03-08T23:05:16.712+0000 7f4714a50640 1 --2- >> [v2:192.168.123.107:3300/0,v1:192.168.123.107:6789/0] conn(0x7f47101077c0 0x7f471019d6d0 unknown :-1 s=NONE pgs=0 cs=0 l=1 rev1=0 crypto rx=0 tx=0 comp rx=0 tx=0).connect
2026-03-08T23:05:18.780 INFO:teuthology.orchestra.run.vm07.stdout:/usr/bin/ceph: stderr
2026-03-08T23:05:16.712+0000 7f4714a50640 1 -- --> [v2:192.168.123.107:3300/0,v1:192.168.123.107:6789/0] -- mon_getmap magic: 0 -- 0x7f471010bba0 con 0x7f47101077c0
2026-03-08T23:05:18.780 INFO:teuthology.orchestra.run.vm07.stdout:/usr/bin/ceph: stderr
2026-03-08T23:05:16.712+0000 7f470e575640 1 --2- >> [v2:192.168.123.107:3300/0,v1:192.168.123.107:6789/0] conn(0x7f47101077c0 0x7f471019d6d0 unknown :-1 s=BANNER_CONNECTING pgs=0 cs=0 l=1 rev1=0 crypto rx=0 tx=0 comp rx=0 tx=0)._handle_peer_banner_payload supported=3 required=0
2026-03-08T23:05:18.780 INFO:teuthology.orchestra.run.vm07.stdout:/usr/bin/ceph: stderr
2026-03-08T23:05:16.712+0000 7f470e575640 1 --2- >> [v2:192.168.123.107:3300/0,v1:192.168.123.107:6789/0] conn(0x7f47101077c0 0x7f471019d6d0 unknown :-1 s=HELLO_CONNECTING pgs=0 cs=0 l=1 rev1=1 crypto rx=0 tx=0 comp rx=0 tx=0).handle_hello peer v2:192.168.123.107:3300/0 says I am v2:192.168.123.107:39126/0 (socket says 192.168.123.107:39126)
2026-03-08T23:05:18.780 INFO:teuthology.orchestra.run.vm07.stdout:/usr/bin/ceph: stderr
2026-03-08T23:05:16.712+0000 7f470e575640 1 -- 192.168.123.107:0/852438304 learned_addr learned my addr 192.168.123.107:0/852438304 (peer_addr_for_me v2:192.168.123.107:0/0)
2026-03-08T23:05:18.780 INFO:teuthology.orchestra.run.vm07.stdout:/usr/bin/ceph: stderr
2026-03-08T23:05:16.712+0000 7f470e575640 1 -- 192.168.123.107:0/852438304 --> [v2:192.168.123.107:3300/0,v1:192.168.123.107:6789/0] -- mon_subscribe({config=0+,monmap=0+}) -- 0x7f471019dc10 con 0x7f47101077c0
2026-03-08T23:05:18.780 INFO:teuthology.orchestra.run.vm07.stdout:/usr/bin/ceph: stderr
2026-03-08T23:05:16.712+0000 7f470e575640 1 --2- 192.168.123.107:0/852438304 >> [v2:192.168.123.107:3300/0,v1:192.168.123.107:6789/0] conn(0x7f47101077c0 0x7f471019d6d0 secure :-1 s=READY pgs=44 cs=0 l=1 rev1=1 crypto rx=0x7f4704009040 tx=0x7f4704007ee0 comp rx=0 tx=0).ready entity=mon.0 client_cookie=0 server_cookie=0 in_seq=0 out_seq=0
2026-03-08T23:05:18.780 INFO:teuthology.orchestra.run.vm07.stdout:/usr/bin/ceph: stderr
2026-03-08T23:05:16.712+0000 7f46ff7fe640 1 -- 192.168.123.107:0/852438304 <== mon.0 v2:192.168.123.107:3300/0 1 ==== mon_map magic: 0 ==== 205+0+0 (secure 0 0 0) 0x7f4704046030 con 0x7f47101077c0
2026-03-08T23:05:18.780 INFO:teuthology.orchestra.run.vm07.stdout:/usr/bin/ceph: stderr
2026-03-08T23:05:16.712+0000 7f46ff7fe640 1 -- 192.168.123.107:0/852438304 <== mon.0 v2:192.168.123.107:3300/0 2 ==== config(25 keys) ==== 1007+0+0 (secure 0 0 0) 0x7f4704037cd0 con 0x7f47101077c0
2026-03-08T23:05:18.780 INFO:teuthology.orchestra.run.vm07.stdout:/usr/bin/ceph: stderr
2026-03-08T23:05:16.712+0000 7f46ff7fe640 1 -- 192.168.123.107:0/852438304 <== mon.0 v2:192.168.123.107:3300/0 3 ==== mon_map magic: 0 ==== 205+0+0 (secure 0 0 0) 0x7f4704042cb0 con 0x7f47101077c0
2026-03-08T23:05:18.780 INFO:teuthology.orchestra.run.vm07.stdout:/usr/bin/ceph: stderr
2026-03-08T23:05:16.712+0000 7f4714a50640 1 -- 192.168.123.107:0/852438304 --> [v2:192.168.123.107:3300/0,v1:192.168.123.107:6789/0] -- mon_subscribe({mgrmap=0+}) -- 0x7f471019dea0 con 0x7f47101077c0
2026-03-08T23:05:18.780 INFO:teuthology.orchestra.run.vm07.stdout:/usr/bin/ceph: stderr
2026-03-08T23:05:16.712+0000 7f4714a50640 1 -- 192.168.123.107:0/852438304 --> [v2:192.168.123.107:3300/0,v1:192.168.123.107:6789/0] -- mon_subscribe({osdmap=0}) -- 0x7f471007c160 con 0x7f47101077c0
2026-03-08T23:05:18.780 INFO:teuthology.orchestra.run.vm07.stdout:/usr/bin/ceph: stderr
2026-03-08T23:05:16.716+0000 7f46ff7fe640 1 -- 192.168.123.107:0/852438304 <== mon.0 v2:192.168.123.107:3300/0 4 ==== mgrmap(e 6) ==== 50141+0+0 (secure 0 0 0) 0x7f4704037880 con 0x7f47101077c0
2026-03-08T23:05:18.780 INFO:teuthology.orchestra.run.vm07.stdout:/usr/bin/ceph: stderr
2026-03-08T23:05:16.716+0000 7f4714a50640 1 -- 192.168.123.107:0/852438304 --> [v2:192.168.123.107:3300/0,v1:192.168.123.107:6789/0] -- mon_command({"prefix": "get_command_descriptions"} v 0) -- 0x7f46d4005390 con 0x7f47101077c0
2026-03-08T23:05:18.780 INFO:teuthology.orchestra.run.vm07.stdout:/usr/bin/ceph: stderr
2026-03-08T23:05:16.716+0000 7f46ff7fe640 1 --2- 192.168.123.107:0/852438304 >> [v2:192.168.123.107:6800/2131720749,v1:192.168.123.107:6801/2131720749] conn(0x7f46e803d7b0 0x7f46e803fc70 unknown :-1 s=NONE pgs=0 cs=0 l=1 rev1=0 crypto rx=0 tx=0 comp rx=0 tx=0).connect
2026-03-08T23:05:18.780 INFO:teuthology.orchestra.run.vm07.stdout:/usr/bin/ceph: stderr
2026-03-08T23:05:16.716+0000 7f470dd74640 1 --2- 192.168.123.107:0/852438304 >> [v2:192.168.123.107:6800/2131720749,v1:192.168.123.107:6801/2131720749] conn(0x7f46e803d7b0 0x7f46e803fc70 unknown :-1 s=BANNER_CONNECTING pgs=0 cs=0 l=1 rev1=0 crypto rx=0 tx=0 comp rx=0 tx=0)._handle_peer_banner_payload supported=3 required=0
2026-03-08T23:05:18.780 INFO:teuthology.orchestra.run.vm07.stdout:/usr/bin/ceph: stderr
2026-03-08T23:05:16.716+0000 7f46ff7fe640 1 -- 192.168.123.107:0/852438304 <== mon.0 v2:192.168.123.107:3300/0 5 ==== osd_map(2..2 src has 1..2) ==== 940+0+0 (secure 0 0 0) 0x7f4704047070 con 0x7f47101077c0
2026-03-08T23:05:18.780 INFO:teuthology.orchestra.run.vm07.stdout:/usr/bin/ceph: stderr
2026-03-08T23:05:16.716+0000 7f46ff7fe640 1 -- 192.168.123.107:0/852438304 <== mon.0 v2:192.168.123.107:3300/0 6 ==== mon_command_ack([{"prefix": "get_command_descriptions"}]=0 v0) ==== 72+0+195034 (secure 0 0 0) 0x7f4704004030 con 0x7f47101077c0
2026-03-08T23:05:18.780 INFO:teuthology.orchestra.run.vm07.stdout:/usr/bin/ceph: stderr
2026-03-08T23:05:16.716+0000 7f470dd74640 1 --2- 192.168.123.107:0/852438304 >> [v2:192.168.123.107:6800/2131720749,v1:192.168.123.107:6801/2131720749] conn(0x7f46e803d7b0 0x7f46e803fc70 secure :-1 s=READY pgs=11 cs=0 l=1 rev1=1 crypto rx=0x7f46f80099c0 tx=0x7f46f8006eb0 comp rx=0 tx=0).ready entity=mgr.14118 client_cookie=0 server_cookie=0 in_seq=0 out_seq=0
2026-03-08T23:05:18.780 INFO:teuthology.orchestra.run.vm07.stdout:/usr/bin/ceph: stderr
2026-03-08T23:05:16.788+0000 7f46ff7fe640 1 -- 192.168.123.107:0/852438304 <== mon.0 v2:192.168.123.107:3300/0 7 ==== mgrmap(e 7) ==== 50247+0+0 (secure 0 0 0) 0x7f4704036c70 con 0x7f47101077c0
2026-03-08T23:05:18.780 INFO:teuthology.orchestra.run.vm07.stdout:/usr/bin/ceph: stderr
2026-03-08T23:05:16.812+0000 7f4714a50640 1 -- 192.168.123.107:0/852438304 --> [v2:192.168.123.107:6800/2131720749,v1:192.168.123.107:6801/2131720749] -- mgr_command(tid 0: {"prefix": "orch host add", "hostname": "vm07", "addr": "192.168.123.107", "target": ["mon-mgr", ""]}) -- 0x7f46d4002bf0 con 0x7f46e803d7b0
2026-03-08T23:05:18.780 INFO:teuthology.orchestra.run.vm07.stdout:/usr/bin/ceph: stderr
2026-03-08T23:05:18.708+0000 7f46ff7fe640 1 -- 192.168.123.107:0/852438304 <== mgr.14118 v2:192.168.123.107:6800/2131720749 1 ==== mgr_command_reply(tid 0: 0 ) ==== 8+0+46 (secure 0 0 0) 0x7f46d4002bf0 con 0x7f46e803d7b0
2026-03-08T23:05:18.780 INFO:teuthology.orchestra.run.vm07.stdout:/usr/bin/ceph: stderr
2026-03-08T23:05:18.708+0000 7f4714a50640 1 -- 192.168.123.107:0/852438304 >> [v2:192.168.123.107:6800/2131720749,v1:192.168.123.107:6801/2131720749] conn(0x7f46e803d7b0 msgr2=0x7f46e803fc70 secure :-1 s=STATE_CONNECTION_ESTABLISHED l=1).mark_down
2026-03-08T23:05:18.780 INFO:teuthology.orchestra.run.vm07.stdout:/usr/bin/ceph: stderr
2026-03-08T23:05:18.708+0000 7f4714a50640 1 --2- 192.168.123.107:0/852438304 >> [v2:192.168.123.107:6800/2131720749,v1:192.168.123.107:6801/2131720749] conn(0x7f46e803d7b0 0x7f46e803fc70 secure :-1 s=READY pgs=11 cs=0 l=1 rev1=1 crypto rx=0x7f46f80099c0 tx=0x7f46f8006eb0 comp rx=0 tx=0).stop
2026-03-08T23:05:18.780 INFO:teuthology.orchestra.run.vm07.stdout:/usr/bin/ceph: stderr
2026-03-08T23:05:18.708+0000 7f4714a50640 1 -- 192.168.123.107:0/852438304 >> [v2:192.168.123.107:3300/0,v1:192.168.123.107:6789/0] conn(0x7f47101077c0 msgr2=0x7f471019d6d0 secure :-1 s=STATE_CONNECTION_ESTABLISHED l=1).mark_down
2026-03-08T23:05:18.780 INFO:teuthology.orchestra.run.vm07.stdout:/usr/bin/ceph: stderr
2026-03-08T23:05:18.708+0000 7f4714a50640 1 --2- 192.168.123.107:0/852438304 >> [v2:192.168.123.107:3300/0,v1:192.168.123.107:6789/0] conn(0x7f47101077c0 0x7f471019d6d0 secure :-1 s=READY pgs=44 cs=0 l=1 rev1=1 crypto rx=0x7f4704009040 tx=0x7f4704007ee0 comp rx=0 tx=0).stop
2026-03-08T23:05:18.780 INFO:teuthology.orchestra.run.vm07.stdout:/usr/bin/ceph: stderr
2026-03-08T23:05:18.708+0000 7f4714a50640 1 -- 192.168.123.107:0/852438304 shutdown_connections
2026-03-08T23:05:18.780 INFO:teuthology.orchestra.run.vm07.stdout:/usr/bin/ceph: stderr
2026-03-08T23:05:18.708+0000 7f4714a50640 1 --2- 192.168.123.107:0/852438304 >> [v2:192.168.123.107:6800/2131720749,v1:192.168.123.107:6801/2131720749] conn(0x7f46e803d7b0 0x7f46e803fc70 unknown :-1 s=CLOSED pgs=11 cs=0 l=1 rev1=1 crypto rx=0 tx=0 comp rx=0 tx=0).stop
2026-03-08T23:05:18.780 INFO:teuthology.orchestra.run.vm07.stdout:/usr/bin/ceph: stderr
2026-03-08T23:05:18.708+0000 7f4714a50640 1 --2- 192.168.123.107:0/852438304 >> [v2:192.168.123.107:3300/0,v1:192.168.123.107:6789/0] conn(0x7f47101077c0 0x7f471019d6d0 unknown :-1 s=CLOSED pgs=44 cs=0 l=1 rev1=1 crypto rx=0 tx=0 comp rx=0 tx=0).stop
2026-03-08T23:05:18.780 INFO:teuthology.orchestra.run.vm07.stdout:/usr/bin/ceph: stderr
2026-03-08T23:05:18.708+0000 7f4714a50640 1 -- 192.168.123.107:0/852438304 >> 192.168.123.107:0/852438304 conn(0x7f4710102f10 msgr2=0x7f4710103c60 unknown :-1 s=STATE_NONE l=0).mark_down
2026-03-08T23:05:18.780 INFO:teuthology.orchestra.run.vm07.stdout:/usr/bin/ceph: stderr
2026-03-08T23:05:18.708+0000 7f4714a50640 1 -- 192.168.123.107:0/852438304 shutdown_connections
2026-03-08T23:05:18.780 INFO:teuthology.orchestra.run.vm07.stdout:/usr/bin/ceph: stderr
2026-03-08T23:05:18.708+0000 7f4714a50640 1 -- 192.168.123.107:0/852438304 wait complete.
2026-03-08T23:05:18.780 INFO:teuthology.orchestra.run.vm07.stdout:Deploying unmanaged mon service...
2026-03-08T23:05:19.019 INFO:journalctl@ceph.mon.a.vm07.stdout:Mar 08 23:05:18 vm07 bash[20642]: cephadm
2026-03-08T23:05:17.423923+0000 mgr.x (mgr.14118) 15 : cephadm [INF] Deploying cephadm binary to vm07
2026-03-08T23:05:19.019 INFO:journalctl@ceph.mon.a.vm07.stdout:Mar 08 23:05:18 vm07 bash[20642]: cephadm
2026-03-08T23:05:17.423923+0000 mgr.x (mgr.14118) 15 : cephadm [INF] Deploying cephadm binary to vm07
2026-03-08T23:05:19.019 INFO:journalctl@ceph.mon.a.vm07.stdout:Mar 08 23:05:18 vm07 bash[20642]: audit
2026-03-08T23:05:18.710540+0000 mon.a (mon.0) 63 : audit [INF] from='mgr.14118 192.168.123.107:0/2856516459' entity='mgr.x'
2026-03-08T23:05:19.019 INFO:journalctl@ceph.mon.a.vm07.stdout:Mar 08 23:05:18 vm07 bash[20642]: audit
2026-03-08T23:05:18.710540+0000 mon.a (mon.0) 63 : audit [INF] from='mgr.14118 192.168.123.107:0/2856516459' entity='mgr.x'
2026-03-08T23:05:19.019 INFO:journalctl@ceph.mon.a.vm07.stdout:Mar 08 23:05:18 vm07 bash[20642]: audit
2026-03-08T23:05:18.713732+0000 mon.a (mon.0) 64 : audit [DBG] from='mgr.14118 192.168.123.107:0/2856516459' entity='mgr.x' cmd=[{"prefix": "config dump", "format": "json"}]: dispatch
2026-03-08T23:05:19.019 INFO:journalctl@ceph.mon.a.vm07.stdout:Mar 08 23:05:18 vm07 bash[20642]: audit
2026-03-08T23:05:18.713732+0000 mon.a (mon.0) 64 : audit [DBG] from='mgr.14118 192.168.123.107:0/2856516459' entity='mgr.x' cmd=[{"prefix": "config dump", "format": "json"}]: dispatch
2026-03-08T23:05:19.123 INFO:teuthology.orchestra.run.vm07.stdout:/usr/bin/ceph: stdout Scheduled mon update...
2026-03-08T23:05:19.123 INFO:teuthology.orchestra.run.vm07.stdout:/usr/bin/ceph: stderr
2026-03-08T23:05:18.952+0000 7f10808a1640 1 Processor -- start
2026-03-08T23:05:19.123 INFO:teuthology.orchestra.run.vm07.stdout:/usr/bin/ceph: stderr
2026-03-08T23:05:18.952+0000 7f10808a1640 1 -- start start
2026-03-08T23:05:19.123 INFO:teuthology.orchestra.run.vm07.stdout:/usr/bin/ceph: stderr
2026-03-08T23:05:18.952+0000 7f10808a1640 1 --2- >> [v2:192.168.123.107:3300/0,v1:192.168.123.107:6789/0] conn(0x7f10740a4930 0x7f10740a4d30 unknown :-1 s=NONE pgs=0 cs=0 l=0 rev1=0 crypto rx=0 tx=0 comp rx=0 tx=0).connect
2026-03-08T23:05:19.123 INFO:teuthology.orchestra.run.vm07.stdout:/usr/bin/ceph: stderr
2026-03-08T23:05:18.952+0000 7f10808a1640 1 -- --> [v2:192.168.123.107:3300/0,v1:192.168.123.107:6789/0] -- mon_getmap magic: 0 -- 0x7f10740a5300 con 0x7f10740a4930
2026-03-08T23:05:19.123 INFO:teuthology.orchestra.run.vm07.stdout:/usr/bin/ceph: stderr
2026-03-08T23:05:18.952+0000 7f107ad76640 1 --2- >> [v2:192.168.123.107:3300/0,v1:192.168.123.107:6789/0] conn(0x7f10740a4930 0x7f10740a4d30 unknown :-1 s=BANNER_CONNECTING pgs=0 cs=0 l=0 rev1=0 crypto rx=0 tx=0 comp rx=0 tx=0)._handle_peer_banner_payload supported=3 required=0
2026-03-08T23:05:19.123 INFO:teuthology.orchestra.run.vm07.stdout:/usr/bin/ceph: stderr
2026-03-08T23:05:18.952+0000 7f107ad76640 1 --2- >> [v2:192.168.123.107:3300/0,v1:192.168.123.107:6789/0] conn(0x7f10740a4930 0x7f10740a4d30 unknown :-1 s=HELLO_CONNECTING pgs=0 cs=0 l=0 rev1=1 crypto rx=0 tx=0 comp rx=0 tx=0).handle_hello peer v2:192.168.123.107:3300/0 says I am v2:192.168.123.107:39142/0 (socket says 192.168.123.107:39142)
2026-03-08T23:05:19.123 INFO:teuthology.orchestra.run.vm07.stdout:/usr/bin/ceph: stderr
2026-03-08T23:05:18.952+0000 7f107ad76640 1 -- 192.168.123.107:0/2338533904 learned_addr learned my addr 192.168.123.107:0/2338533904 (peer_addr_for_me v2:192.168.123.107:0/0)
2026-03-08T23:05:19.123 INFO:teuthology.orchestra.run.vm07.stdout:/usr/bin/ceph: stderr
2026-03-08T23:05:18.956+0000 7f107ad76640 1 -- 192.168.123.107:0/2338533904 --> [v2:192.168.123.107:3300/0,v1:192.168.123.107:6789/0] -- mon_subscribe({config=0+,monmap=0+}) -- 0x7f10740a5b30 con 0x7f10740a4930
2026-03-08T23:05:19.123 INFO:teuthology.orchestra.run.vm07.stdout:/usr/bin/ceph: stderr
2026-03-08T23:05:18.956+0000 7f107ad76640 1 --2- 192.168.123.107:0/2338533904 >> [v2:192.168.123.107:3300/0,v1:192.168.123.107:6789/0] conn(0x7f10740a4930 0x7f10740a4d30 secure :-1 s=READY pgs=45 cs=0 l=1 rev1=1 crypto rx=0x7f106c009eb0 tx=0x7f106c031310 comp rx=0 tx=0).ready entity=mon.0 client_cookie=cc6976738e1cba0d server_cookie=0 in_seq=0 out_seq=0
2026-03-08T23:05:19.123 INFO:teuthology.orchestra.run.vm07.stdout:/usr/bin/ceph: stderr
2026-03-08T23:05:18.956+0000 7f1079d74640 1 -- 192.168.123.107:0/2338533904 <== mon.0 v2:192.168.123.107:3300/0 1 ==== mon_map magic: 0 ==== 205+0+0 (secure 0 0 0) 0x7f106c040070 con 0x7f10740a4930
2026-03-08T23:05:19.123 INFO:teuthology.orchestra.run.vm07.stdout:/usr/bin/ceph: stderr
2026-03-08T23:05:18.956+0000 7f1079d74640 1 -- 192.168.123.107:0/2338533904 <== mon.0 v2:192.168.123.107:3300/0 2 ==== config(25 keys) ==== 1007+0+0 (secure 0 0 0) 0x7f106c031da0 con 0x7f10740a4930
2026-03-08T23:05:19.123 INFO:teuthology.orchestra.run.vm07.stdout:/usr/bin/ceph: stderr
2026-03-08T23:05:18.956+0000 7f1079d74640 1 -- 192.168.123.107:0/2338533904 <== mon.0 v2:192.168.123.107:3300/0 3 ==== mon_map magic: 0 ==== 205+0+0 (secure 0 0 0) 0x7f106c040070 con 0x7f10740a4930
2026-03-08T23:05:19.123 INFO:teuthology.orchestra.run.vm07.stdout:/usr/bin/ceph: stderr
2026-03-08T23:05:18.956+0000 7f10808a1640 1 -- 192.168.123.107:0/2338533904 >> [v2:192.168.123.107:3300/0,v1:192.168.123.107:6789/0] conn(0x7f10740a4930 msgr2=0x7f10740a4d30 secure :-1 s=STATE_CONNECTION_ESTABLISHED l=1).mark_down
2026-03-08T23:05:19.123 INFO:teuthology.orchestra.run.vm07.stdout:/usr/bin/ceph: stderr
2026-03-08T23:05:18.956+0000 7f10808a1640 1 --2- 192.168.123.107:0/2338533904 >> [v2:192.168.123.107:3300/0,v1:192.168.123.107:6789/0] conn(0x7f10740a4930 0x7f10740a4d30 secure :-1 s=READY pgs=45 cs=0 l=1 rev1=1 crypto rx=0x7f106c009eb0 tx=0x7f106c031310 comp rx=0 tx=0).stop
