2026-03-08T23:05:25.932+0000 7fc82ceb3640 1 -- 192.168.123.107:0/358546567 learned_addr learned my addr 192.168.123.107:0/358546567 (peer_addr_for_me v2:192.168.123.107:0/0)
2026-03-08T23:05:26.242 INFO:teuthology.orchestra.run.vm07.stdout:/usr/bin/ceph: stderr
2026-03-08T23:05:25.932+0000 7fc82ceb3640 1 -- 192.168.123.107:0/358546567 --> [v2:192.168.123.107:3300/0,v1:192.168.123.107:6789/0] -- mon_subscribe({config=0+,monmap=0+}) -- 0x7fc8281066f0 con 0x7fc828105560
2026-03-08T23:05:26.242 INFO:teuthology.orchestra.run.vm07.stdout:/usr/bin/ceph: stderr
2026-03-08T23:05:25.936+0000 7fc82ceb3640 1 --2- 192.168.123.107:0/358546567 >> [v2:192.168.123.107:3300/0,v1:192.168.123.107:6789/0] conn(0x7fc828105560 0x7fc828105960 secure :-1 s=READY pgs=70 cs=0 l=1 rev1=1 crypto rx=0x7fc818009920 tx=0x7fc81802ef20 comp rx=0 tx=0).ready entity=mon.0 client_cookie=e436f33216589eae server_cookie=0 in_seq=0 out_seq=0
2026-03-08T23:05:26.242 INFO:teuthology.orchestra.run.vm07.stdout:/usr/bin/ceph: stderr
2026-03-08T23:05:25.936+0000 7fc81f7fe640 1 -- 192.168.123.107:0/358546567 <== mon.0 v2:192.168.123.107:3300/0 1 ==== mon_map magic: 0 ==== 205+0+0 (secure 0 0 0) 0x7fc81803c070 con 0x7fc828105560
2026-03-08T23:05:26.242 INFO:teuthology.orchestra.run.vm07.stdout:/usr/bin/ceph: stderr
2026-03-08T23:05:25.936+0000 7fc81f7fe640 1 -- 192.168.123.107:0/358546567 <== mon.0 v2:192.168.123.107:3300/0 2 ==== config(25 keys) ==== 1038+0+0 (secure 0 0 0) 0x7fc818037440 con 0x7fc828105560
2026-03-08T23:05:26.242 INFO:teuthology.orchestra.run.vm07.stdout:/usr/bin/ceph: stderr
2026-03-08T23:05:25.936+0000 7fc82f13e640 1 -- 192.168.123.107:0/358546567 >> [v2:192.168.123.107:3300/0,v1:192.168.123.107:6789/0] conn(0x7fc828105560 msgr2=0x7fc828105960 secure :-1 s=STATE_CONNECTION_ESTABLISHED l=1).mark_down
2026-03-08T23:05:26.242 INFO:teuthology.orchestra.run.vm07.stdout:/usr/bin/ceph: stderr
2026-03-08T23:05:25.936+0000 7fc82f13e640 1 --2- 192.168.123.107:0/358546567 >> [v2:192.168.123.107:3300/0,v1:192.168.123.107:6789/0] conn(0x7fc828105560 0x7fc828105960 secure :-1 s=READY pgs=70 cs=0 l=1 rev1=1 crypto rx=0x7fc818009920 tx=0x7fc81802ef20 comp rx=0 tx=0).stop
2026-03-08T23:05:26.242 INFO:teuthology.orchestra.run.vm07.stdout:/usr/bin/ceph: stderr
2026-03-08T23:05:25.936+0000 7fc82f13e640 1 -- 192.168.123.107:0/358546567 shutdown_connections
2026-03-08T23:05:26.242 INFO:teuthology.orchestra.run.vm07.stdout:/usr/bin/ceph: stderr
2026-03-08T23:05:25.936+0000 7fc82f13e640 1 --2- 192.168.123.107:0/358546567 >> [v2:192.168.123.107:3300/0,v1:192.168.123.107:6789/0] conn(0x7fc828105560 0x7fc828105960 unknown :-1 s=CLOSED pgs=70 cs=0 l=1 rev1=1 crypto rx=0 tx=0 comp rx=0 tx=0).stop
2026-03-08T23:05:26.242 INFO:teuthology.orchestra.run.vm07.stdout:/usr/bin/ceph: stderr
2026-03-08T23:05:25.936+0000 7fc82f13e640 1 -- 192.168.123.107:0/358546567 >> 192.168.123.107:0/358546567 conn(0x7fc828101080 msgr2=0x7fc828103500 unknown :-1 s=STATE_NONE l=0).mark_down
2026-03-08T23:05:26.242 INFO:teuthology.orchestra.run.vm07.stdout:/usr/bin/ceph: stderr
2026-03-08T23:05:25.936+0000 7fc82f13e640 1 -- 192.168.123.107:0/358546567 shutdown_connections
2026-03-08T23:05:26.242 INFO:teuthology.orchestra.run.vm07.stdout:/usr/bin/ceph: stderr
2026-03-08T23:05:25.936+0000 7fc82f13e640 1 -- 192.168.123.107:0/358546567 wait complete.
2026-03-08T23:05:26.242 INFO:teuthology.orchestra.run.vm07.stdout:/usr/bin/ceph: stderr
2026-03-08T23:05:25.936+0000 7fc82f13e640 1 Processor -- start
2026-03-08T23:05:26.242 INFO:teuthology.orchestra.run.vm07.stdout:/usr/bin/ceph: stderr
2026-03-08T23:05:25.936+0000 7fc82f13e640 1 -- start start
2026-03-08T23:05:26.242 INFO:teuthology.orchestra.run.vm07.stdout:/usr/bin/ceph: stderr
2026-03-08T23:05:25.936+0000 7fc82f13e640 1 --2- >> [v2:192.168.123.107:3300/0,v1:192.168.123.107:6789/0] conn(0x7fc828105560 0x7fc8281a3f40 unknown :-1 s=NONE pgs=0 cs=0 l=1 rev1=0 crypto rx=0 tx=0 comp rx=0 tx=0).connect
2026-03-08T23:05:26.242 INFO:teuthology.orchestra.run.vm07.stdout:/usr/bin/ceph: stderr
2026-03-08T23:05:25.936+0000 7fc82f13e640 1 -- --> [v2:192.168.123.107:3300/0,v1:192.168.123.107:6789/0] -- mon_getmap magic: 0 -- 0x7fc828109940 con 0x7fc828105560
2026-03-08T23:05:26.242 INFO:teuthology.orchestra.run.vm07.stdout:/usr/bin/ceph: stderr
2026-03-08T23:05:25.936+0000 7fc82ceb3640 1 --2- >> [v2:192.168.123.107:3300/0,v1:192.168.123.107:6789/0] conn(0x7fc828105560 0x7fc8281a3f40 unknown :-1 s=BANNER_CONNECTING pgs=0 cs=0 l=1 rev1=0 crypto rx=0 tx=0 comp rx=0 tx=0)._handle_peer_banner_payload supported=3 required=0
2026-03-08T23:05:26.242 INFO:teuthology.orchestra.run.vm07.stdout:/usr/bin/ceph: stderr
2026-03-08T23:05:25.936+0000 7fc82ceb3640 1 --2- >> [v2:192.168.123.107:3300/0,v1:192.168.123.107:6789/0] conn(0x7fc828105560 0x7fc8281a3f40 unknown :-1 s=HELLO_CONNECTING pgs=0 cs=0 l=1 rev1=1 crypto rx=0 tx=0 comp rx=0 tx=0).handle_hello peer v2:192.168.123.107:3300/0 says I am v2:192.168.123.107:54582/0 (socket says 192.168.123.107:54582)
2026-03-08T23:05:26.242 INFO:teuthology.orchestra.run.vm07.stdout:/usr/bin/ceph: stderr
2026-03-08T23:05:25.936+0000 7fc82ceb3640 1 -- 192.168.123.107:0/3225373245 learned_addr learned my addr 192.168.123.107:0/3225373245 (peer_addr_for_me v2:192.168.123.107:0/0)
2026-03-08T23:05:26.242 INFO:teuthology.orchestra.run.vm07.stdout:/usr/bin/ceph: stderr
2026-03-08T23:05:25.936+0000 7fc82ceb3640 1 -- 192.168.123.107:0/3225373245 --> [v2:192.168.123.107:3300/0,v1:192.168.123.107:6789/0] -- mon_subscribe({config=0+,monmap=0+}) -- 0x7fc8281a4480 con 0x7fc828105560
2026-03-08T23:05:26.242 INFO:teuthology.orchestra.run.vm07.stdout:/usr/bin/ceph: stderr
2026-03-08T23:05:25.936+0000 7fc82ceb3640 1 --2- 192.168.123.107:0/3225373245 >> [v2:192.168.123.107:3300/0,v1:192.168.123.107:6789/0] conn(0x7fc828105560 0x7fc8281a3f40 secure :-1 s=READY pgs=71 cs=0 l=1 rev1=1 crypto rx=0x7fc818035f40 tx=0x7fc818035f70 comp rx=0 tx=0).ready entity=mon.0 client_cookie=0 server_cookie=0 in_seq=0 out_seq=0
2026-03-08T23:05:26.242 INFO:teuthology.orchestra.run.vm07.stdout:/usr/bin/ceph: stderr
2026-03-08T23:05:25.936+0000 7fc81dffb640 1 -- 192.168.123.107:0/3225373245 <== mon.0 v2:192.168.123.107:3300/0 1 ==== mon_map magic: 0 ==== 205+0+0 (secure 0 0 0) 0x7fc818045070 con 0x7fc828105560
2026-03-08T23:05:26.242 INFO:teuthology.orchestra.run.vm07.stdout:/usr/bin/ceph: stderr
2026-03-08T23:05:25.936+0000 7fc81dffb640 1 -- 192.168.123.107:0/3225373245 <== mon.0 v2:192.168.123.107:3300/0 2 ==== config(25 keys) ==== 1038+0+0 (secure 0 0 0) 0x7fc818037c20 con 0x7fc828105560
2026-03-08T23:05:26.242 INFO:teuthology.orchestra.run.vm07.stdout:/usr/bin/ceph: stderr
2026-03-08T23:05:25.936+0000 7fc82f13e640 1 -- 192.168.123.107:0/3225373245 --> [v2:192.168.123.107:3300/0,v1:192.168.123.107:6789/0] -- mon_subscribe({mgrmap=0+}) -- 0x7fc8281a4710 con 0x7fc828105560
2026-03-08T23:05:26.242 INFO:teuthology.orchestra.run.vm07.stdout:/usr/bin/ceph: stderr
2026-03-08T23:05:25.936+0000 7fc82f13e640 1 -- 192.168.123.107:0/3225373245 --> [v2:192.168.123.107:3300/0,v1:192.168.123.107:6789/0] -- mon_subscribe({osdmap=0}) -- 0x7fc8281a7400 con 0x7fc828105560
2026-03-08T23:05:26.242 INFO:teuthology.orchestra.run.vm07.stdout:/usr/bin/ceph: stderr
2026-03-08T23:05:25.940+0000 7fc81dffb640 1 -- 192.168.123.107:0/3225373245 <== mon.0 v2:192.168.123.107:3300/0 3 ==== mon_map magic: 0 ==== 205+0+0 (secure 0 0 0) 0x7fc81803c070 con 0x7fc828105560
2026-03-08T23:05:26.242 INFO:teuthology.orchestra.run.vm07.stdout:/usr/bin/ceph: stderr
2026-03-08T23:05:25.940+0000 7fc82f13e640 1 -- 192.168.123.107:0/3225373245 --> [v2:192.168.123.107:3300/0,v1:192.168.123.107:6789/0] -- mon_command({"prefix": "get_command_descriptions"} v 0) -- 0x7fc7f4005390 con 0x7fc828105560
2026-03-08T23:05:26.242 INFO:teuthology.orchestra.run.vm07.stdout:/usr/bin/ceph: stderr
2026-03-08T23:05:25.940+0000 7fc81dffb640 1 -- 192.168.123.107:0/3225373245 <== mon.0 v2:192.168.123.107:3300/0 4 ==== mgrmap(e 10) ==== 50154+0+0 (secure 0 0 0) 0x7fc81804a430 con 0x7fc828105560
2026-03-08T23:05:26.242 INFO:teuthology.orchestra.run.vm07.stdout:/usr/bin/ceph: stderr
2026-03-08T23:05:25.940+0000 7fc81dffb640 1 --2- 192.168.123.107:0/3225373245 >> [v2:192.168.123.107:6800/3479453066,v1:192.168.123.107:6801/3479453066] conn(0x7fc80403d8a0 0x7fc80403fd60 unknown :-1 s=NONE pgs=0 cs=0 l=1 rev1=0 crypto rx=0 tx=0 comp rx=0 tx=0).connect
2026-03-08T23:05:26.242 INFO:teuthology.orchestra.run.vm07.stdout:/usr/bin/ceph: stderr
2026-03-08T23:05:25.940+0000 7fc81dffb640 1 -- 192.168.123.107:0/3225373245 <== mon.0 v2:192.168.123.107:3300/0 5 ==== osd_map(3..3 src has 1..3) ==== 1155+0+0 (secure 0 0 0) 0x7fc818077440 con 0x7fc828105560
2026-03-08T23:05:26.242 INFO:teuthology.orchestra.run.vm07.stdout:/usr/bin/ceph: stderr
2026-03-08T23:05:25.944+0000 7fc81dffb640 1 -- 192.168.123.107:0/3225373245 <== mon.0 v2:192.168.123.107:3300/0 6 ==== mon_command_ack([{"prefix": "get_command_descriptions"}]=0 v0) ==== 72+0+195034 (secure 0 0 0) 0x7fc818037dd0 con 0x7fc828105560
2026-03-08T23:05:26.242 INFO:teuthology.orchestra.run.vm07.stdout:/usr/bin/ceph: stderr
2026-03-08T23:05:25.944+0000 7fc81ffff640 1 --2- 192.168.123.107:0/3225373245 >> [v2:192.168.123.107:6800/3479453066,v1:192.168.123.107:6801/3479453066] conn(0x7fc80403d8a0 0x7fc80403fd60 unknown :-1 s=BANNER_CONNECTING pgs=0 cs=0 l=1 rev1=0 crypto rx=0 tx=0 comp rx=0 tx=0)._handle_peer_banner_payload supported=3 required=0
2026-03-08T23:05:26.242 INFO:teuthology.orchestra.run.vm07.stdout:/usr/bin/ceph: stderr
2026-03-08T23:05:25.944+0000 7fc81ffff640 1 --2- 192.168.123.107:0/3225373245 >> [v2:192.168.123.107:6800/3479453066,v1:192.168.123.107:6801/3479453066] conn(0x7fc80403d8a0 0x7fc80403fd60 secure :-1 s=READY pgs=8 cs=0 l=1 rev1=1 crypto rx=0x7fc810009a10 tx=0x7fc810006eb0 comp rx=0 tx=0).ready entity=mgr.14150 client_cookie=0 server_cookie=0 in_seq=0 out_seq=0
2026-03-08T23:05:26.243 INFO:teuthology.orchestra.run.vm07.stdout:/usr/bin/ceph: stderr
2026-03-08T23:05:26.040+0000 7fc82f13e640 1 -- 192.168.123.107:0/3225373245 --> [v2:192.168.123.107:6800/3479453066,v1:192.168.123.107:6801/3479453066] -- mgr_command(tid 0: {"prefix": "dashboard ac-user-create", "username": "admin", "rolename": "administrator", "force_password": true, "pwd_update_required": true, "target": ["mon-mgr", ""]}) -- 0x7fc7f4003c00 con 0x7fc80403d8a0
2026-03-08T23:05:26.243 INFO:teuthology.orchestra.run.vm07.stdout:/usr/bin/ceph: stderr
2026-03-08T23:05:26.196+0000 7fc81dffb640 1 -- 192.168.123.107:0/3225373245 <== mgr.14150 v2:192.168.123.107:6800/3479453066 1 ==== mgr_command_reply(tid 0: 0 ) ==== 8+0+252 (secure 0 0 0) 0x7fc7f4003c00 con 0x7fc80403d8a0
2026-03-08T23:05:26.243 INFO:teuthology.orchestra.run.vm07.stdout:/usr/bin/ceph: stderr
2026-03-08T23:05:26.200+0000 7fc82f13e640 1 -- 192.168.123.107:0/3225373245 >> [v2:192.168.123.107:6800/3479453066,v1:192.168.123.107:6801/3479453066] conn(0x7fc80403d8a0 msgr2=0x7fc80403fd60 secure :-1 s=STATE_CONNECTION_ESTABLISHED l=1).mark_down
2026-03-08T23:05:26.243 INFO:teuthology.orchestra.run.vm07.stdout:/usr/bin/ceph: stderr
2026-03-08T23:05:26.200+0000 7fc82f13e640 1 --2- 192.168.123.107:0/3225373245 >> [v2:192.168.123.107:6800/3479453066,v1:192.168.123.107:6801/3479453066] conn(0x7fc80403d8a0 0x7fc80403fd60 secure :-1 s=READY pgs=8 cs=0 l=1 rev1=1 crypto rx=0x7fc810009a10 tx=0x7fc810006eb0 comp rx=0 tx=0).stop
2026-03-08T23:05:26.243 INFO:teuthology.orchestra.run.vm07.stdout:/usr/bin/ceph: stderr
2026-03-08T23:05:26.200+0000 7fc82f13e640 1 -- 192.168.123.107:0/3225373245 >> [v2:192.168.123.107:3300/0,v1:192.168.123.107:6789/0] conn(0x7fc828105560 msgr2=0x7fc8281a3f40 secure :-1 s=STATE_CONNECTION_ESTABLISHED l=1).mark_down
2026-03-08T23:05:26.243 INFO:teuthology.orchestra.run.vm07.stdout:/usr/bin/ceph: stderr
2026-03-08T23:05:26.200+0000 7fc82f13e640 1 --2- 192.168.123.107:0/3225373245 >> [v2:192.168.123.107:3300/0,v1:192.168.123.107:6789/0] conn(0x7fc828105560 0x7fc8281a3f40 secure :-1 s=READY pgs=71 cs=0 l=1 rev1=1 crypto rx=0x7fc818035f40 tx=0x7fc818035f70 comp rx=0 tx=0).stop
2026-03-08T23:05:26.243 INFO:teuthology.orchestra.run.vm07.stdout:/usr/bin/ceph: stderr
2026-03-08T23:05:26.200+0000 7fc82f13e640 1 -- 192.168.123.107:0/3225373245 shutdown_connections
2026-03-08T23:05:26.243 INFO:teuthology.orchestra.run.vm07.stdout:/usr/bin/ceph: stderr
2026-03-08T23:05:26.200+0000 7fc82f13e640 1 --2- 192.168.123.107:0/3225373245 >> [v2:192.168.123.107:6800/3479453066,v1:192.168.123.107:6801/3479453066] conn(0x7fc80403d8a0 0x7fc80403fd60 unknown :-1 s=CLOSED pgs=8 cs=0 l=1 rev1=1 crypto rx=0 tx=0 comp rx=0 tx=0).stop
2026-03-08T23:05:26.243 INFO:teuthology.orchestra.run.vm07.stdout:/usr/bin/ceph: stderr
2026-03-08T23:05:26.200+0000 7fc82f13e640 1 --2- 192.168.123.107:0/3225373245 >> [v2:192.168.123.107:3300/0,v1:192.168.123.107:6789/0] conn(0x7fc828105560 0x7fc8281a3f40 unknown :-1 s=CLOSED pgs=71 cs=0 l=1 rev1=1 crypto rx=0 tx=0 comp rx=0 tx=0).stop
2026-03-08T23:05:26.243 INFO:teuthology.orchestra.run.vm07.stdout:/usr/bin/ceph: stderr
2026-03-08T23:05:26.200+0000 7fc82f13e640 1 -- 192.168.123.107:0/3225373245 >> 192.168.123.107:0/3225373245 conn(0x7fc828101080 msgr2=0x7fc828101c90 unknown :-1 s=STATE_NONE l=0).mark_down
2026-03-08T23:05:26.243 INFO:teuthology.orchestra.run.vm07.stdout:/usr/bin/ceph: stderr
2026-03-08T23:05:26.200+0000 7fc82f13e640 1 -- 192.168.123.107:0/3225373245 shutdown_connections
2026-03-08T23:05:26.243 INFO:teuthology.orchestra.run.vm07.stdout:/usr/bin/ceph: stderr
2026-03-08T23:05:26.200+0000 7fc82f13e640 1 -- 192.168.123.107:0/3225373245 wait complete.
2026-03-08T23:05:26.243 INFO:teuthology.orchestra.run.vm07.stdout:Fetching dashboard port number...
2026-03-08T23:05:26.497 INFO:teuthology.orchestra.run.vm07.stdout:/usr/bin/ceph: stdout 8443
2026-03-08T23:05:26.497 INFO:teuthology.orchestra.run.vm07.stdout:/usr/bin/ceph: stderr
2026-03-08T23:05:26.348+0000 7febf1187640 1 Processor -- start
2026-03-08T23:05:26.497 INFO:teuthology.orchestra.run.vm07.stdout:/usr/bin/ceph: stderr
2026-03-08T23:05:26.348+0000 7febf1187640 1 -- start start
2026-03-08T23:05:26.497 INFO:teuthology.orchestra.run.vm07.stdout:/usr/bin/ceph: stderr
2026-03-08T23:05:26.348+0000 7febf1187640 1 --2- >> [v2:192.168.123.107:3300/0,v1:192.168.123.107:6789/0] conn(0x7febec109a70 0x7febec109e70 unknown :-1 s=NONE pgs=0 cs=0 l=0 rev1=0 crypto rx=0 tx=0 comp rx=0 tx=0).connect
2026-03-08T23:05:26.497 INFO:teuthology.orchestra.run.vm07.stdout:/usr/bin/ceph: stderr
2026-03-08T23:05:26.348+0000 7febf1187640 1 -- --> [v2:192.168.123.107:3300/0,v1:192.168.123.107:6789/0] -- mon_getmap magic: 0 -- 0x7febec10a440 con 0x7febec109a70
2026-03-08T23:05:26.497 INFO:teuthology.orchestra.run.vm07.stdout:/usr/bin/ceph: stderr
2026-03-08T23:05:26.348+0000 7febead76640 1 --2- >> [v2:192.168.123.107:3300/0,v1:192.168.123.107:6789/0] conn(0x7febec109a70 0x7febec109e70 unknown :-1 s=BANNER_CONNECTING pgs=0 cs=0 l=0 rev1=0 crypto rx=0 tx=0 comp rx=0 tx=0)._handle_peer_banner_payload supported=3 required=0
2026-03-08T23:05:26.497 INFO:teuthology.orchestra.run.vm07.stdout:/usr/bin/ceph: stderr
2026-03-08T23:05:26.348+0000 7febead76640 1 --2- >> [v2:192.168.123.107:3300/0,v1:192.168.123.107:6789/0] conn(0x7febec109a70 0x7febec109e70 unknown :-1 s=HELLO_CONNECTING pgs=0 cs=0 l=0 rev1=1 crypto rx=0 tx=0 comp rx=0 tx=0).handle_hello peer v2:192.168.123.107:3300/0 says I am v2:192.168.123.107:54592/0 (socket says 192.168.123.107:54592)
2026-03-08T23:05:26.497 INFO:teuthology.orchestra.run.vm07.stdout:/usr/bin/ceph: stderr
2026-03-08T23:05:26.348+0000 7febead76640 1 -- 192.168.123.107:0/2390538435 learned_addr learned my addr 192.168.123.107:0/2390538435 (peer_addr_for_me v2:192.168.123.107:0/0)
2026-03-08T23:05:26.497 INFO:teuthology.orchestra.run.vm07.stdout:/usr/bin/ceph: stderr
2026-03-08T23:05:26.348+0000 7febead76640 1 -- 192.168.123.107:0/2390538435 --> [v2:192.168.123.107:3300/0,v1:192.168.123.107:6789/0] -- mon_subscribe({config=0+,monmap=0+}) -- 0x7febec10ac10 con 0x7febec109a70
2026-03-08T23:05:26.497 INFO:teuthology.orchestra.run.vm07.stdout:/usr/bin/ceph: stderr
2026-03-08T23:05:26.348+0000 7febead76640 1 --2- 192.168.123.107:0/2390538435 >> [v2:192.168.123.107:3300/0,v1:192.168.123.107:6789/0] conn(0x7febec109a70 0x7febec109e70 secure :-1 s=READY pgs=72 cs=0 l=1 rev1=1 crypto rx=0x7febd4009b80 tx=0x7febd402f190 comp rx=0 tx=0).ready entity=mon.0 client_cookie=e8490ba58616cebe server_cookie=0 in_seq=0 out_seq=0
2026-03-08T23:05:26.497 INFO:teuthology.orchestra.run.vm07.stdout:/usr/bin/ceph: stderr
2026-03-08T23:05:26.348+0000 7febe9d74640 1 -- 192.168.123.107:0/2390538435 <== mon.0 v2:192.168.123.107:3300/0 1 ==== mon_map magic: 0 ==== 205+0+0 (secure 0 0 0) 0x7febd403c070 con 0x7febec109a70
2026-03-08T23:05:26.497 INFO:teuthology.orchestra.run.vm07.stdout:/usr/bin/ceph: stderr
2026-03-08T23:05:26.348+0000 7febe9d74640 1 -- 192.168.123.107:0/2390538435 <== mon.0 v2:192.168.123.107:3300/0 2 ==== config(25 keys) ==== 1038+0+0 (secure 0 0 0) 0x7febd4037440 con 0x7febec109a70
2026-03-08T23:05:26.497 INFO:teuthology.orchestra.run.vm07.stdout:/usr/bin/ceph: stderr
2026-03-08T23:05:26.348+0000 7febe9d74640 1 -- 192.168.123.107:0/2390538435 <== mon.0 v2:192.168.123.107:3300/0 3 ==== mon_map magic: 0 ==== 205+0+0 (secure 0 0 0) 0x7febd40354d0 con 0x7febec109a70
2026-03-08T23:05:26.497 INFO:teuthology.orchestra.run.vm07.stdout:/usr/bin/ceph: stderr
2026-03-08T23:05:26.352+0000 7febf1187640 1 -- 192.168.123.107:0/2390538435 >> [v2:192.168.123.107:3300/0,v1:192.168.123.107:6789/0] conn(0x7febec109a70 msgr2=0x7febec109e70 secure :-1 s=STATE_CONNECTION_ESTABLISHED l=1).mark_down
2026-03-08T23:05:26.497 INFO:teuthology.orchestra.run.vm07.stdout:/usr/bin/ceph: stderr
2026-03-08T23:05:26.352+0000 7febf1187640 1 --2- 192.168.123.107:0/2390538435 >> [v2:192.168.123.107:3300/0,v1:192.168.123.107:6789/0] conn(0x7febec109a70 0x7febec109e70 secure :-1 s=READY pgs=72 cs=0 l=1 rev1=1 crypto rx=0x7febd4009b80 tx=0x7febd402f190 comp rx=0 tx=0).stop
2026-03-08T23:05:26.497 INFO:teuthology.orchestra.run.vm07.stdout:/usr/bin/ceph: stderr
2026-03-08T23:05:26.352+0000 7febf1187640 1 -- 192.168.123.107:0/2390538435 shutdown_connections
2026-03-08T23:05:26.497 INFO:teuthology.orchestra.run.vm07.stdout:/usr/bin/ceph: stderr
2026-03-08T23:05:26.352+0000 7febf1187640 1 --2- 192.168.123.107:0/2390538435 >> [v2:192.168.123.107:3300/0,v1:192.168.123.107:6789/0] conn(0x7febec109a70 0x7febec109e70 unknown :-1 s=CLOSED pgs=72 cs=0 l=1 rev1=1 crypto rx=0 tx=0 comp rx=0 tx=0).stop
2026-03-08T23:05:26.497 INFO:teuthology.orchestra.run.vm07.stdout:/usr/bin/ceph: stderr
2026-03-08T23:05:26.352+0000 7febf1187640 1 -- 192.168.123.107:0/2390538435 >> 192.168.123.107:0/2390538435 conn(0x7febec07d070 msgr2=0x7febec07d4c0 unknown :-1 s=STATE_NONE l=0).mark_down
2026-03-08T23:05:26.497 INFO:teuthology.orchestra.run.vm07.stdout:/usr/bin/ceph: stderr
2026-03-08T23:05:26.352+0000 7febf1187640 1 -- 192.168.123.107:0/2390538435 shutdown_connections
2026-03-08T23:05:26.497 INFO:teuthology.orchestra.run.vm07.stdout:/usr/bin/ceph: stderr
2026-03-08T23:05:26.352+0000 7febf1187640 1 -- 192.168.123.107:0/2390538435 wait complete.
2026-03-08T23:05:26.497 INFO:teuthology.orchestra.run.vm07.stdout:/usr/bin/ceph: stderr
2026-03-08T23:05:26.352+0000 7febf1187640 1 Processor -- start
2026-03-08T23:05:26.497 INFO:teuthology.orchestra.run.vm07.stdout:/usr/bin/ceph: stderr
2026-03-08T23:05:26.352+0000 7febf1187640 1 -- start start
2026-03-08T23:05:26.497 INFO:teuthology.orchestra.run.vm07.stdout:/usr/bin/ceph: stderr
2026-03-08T23:05:26.352+0000 7febf1187640 1 --2- >> [v2:192.168.123.107:3300/0,v1:192.168.123.107:6789/0] conn(0x7febec109a70 0x7febec19f8a0 unknown :-1 s=NONE pgs=0 cs=0 l=1 rev1=0 crypto rx=0 tx=0 comp rx=0 tx=0).connect
2026-03-08T23:05:26.497 INFO:teuthology.orchestra.run.vm07.stdout:/usr/bin/ceph: stderr
2026-03-08T23:05:26.352+0000 7febf1187640 1 -- --> [v2:192.168.123.107:3300/0,v1:192.168.123.107:6789/0] -- mon_getmap magic: 0 -- 0x7febec10de40 con 0x7febec109a70
2026-03-08T23:05:26.497 INFO:teuthology.orchestra.run.vm07.stdout:/usr/bin/ceph: stderr
2026-03-08T23:05:26.352+0000 7febead76640 1 --2- >> [v2:192.168.123.107:3300/0,v1:192.168.123.107:6789/0] conn(0x7febec109a70 0x7febec19f8a0 unknown :-1 s=BANNER_CONNECTING pgs=0 cs=0 l=1 rev1=0 crypto rx=0 tx=0 comp rx=0 tx=0)._handle_peer_banner_payload supported=3 required=0
2026-03-08T23:05:26.497 INFO:teuthology.orchestra.run.vm07.stdout:/usr/bin/ceph: stderr
2026-03-08T23:05:26.352+0000 7febead76640 1 --2- >> [v2:192.168.123.107:3300/0,v1:192.168.123.107:6789/0] conn(0x7febec109a70 0x7febec19f8a0 unknown :-1 s=HELLO_CONNECTING pgs=0 cs=0 l=1 rev1=1 crypto rx=0 tx=0 comp rx=0 tx=0).handle_hello peer v2:192.168.123.107:3300/0 says I am v2:192.168.123.107:54600/0 (socket says 192.168.123.107:54600)
2026-03-08T23:05:26.497 INFO:teuthology.orchestra.run.vm07.stdout:/usr/bin/ceph: stderr
2026-03-08T23:05:26.352+0000 7febead76640 1 -- 192.168.123.107:0/184956222 learned_addr learned my addr 192.168.123.107:0/184956222 (peer_addr_for_me v2:192.168.123.107:0/0)
2026-03-08T23:05:26.497 INFO:teuthology.orchestra.run.vm07.stdout:/usr/bin/ceph: stderr
2026-03-08T23:05:26.352+0000 7febead76640 1 -- 192.168.123.107:0/184956222 --> [v2:192.168.123.107:3300/0,v1:192.168.123.107:6789/0] -- mon_subscribe({config=0+,monmap=0+}) -- 0x7febec19fde0 con 0x7febec109a70
2026-03-08T23:05:26.497 INFO:teuthology.orchestra.run.vm07.stdout:/usr/bin/ceph: stderr
2026-03-08T23:05:26.352+0000 7febead76640 1 --2- 192.168.123.107:0/184956222 >> [v2:192.168.123.107:3300/0,v1:192.168.123.107:6789/0] conn(0x7febec109a70 0x7febec19f8a0 secure :-1 s=READY pgs=73 cs=0 l=1 rev1=1 crypto rx=0x7febd4037960 tx=0x7febd4037990 comp rx=0 tx=0).ready entity=mon.0 client_cookie=0 server_cookie=0 in_seq=0 out_seq=0
2026-03-08T23:05:26.497 INFO:teuthology.orchestra.run.vm07.stdout:/usr/bin/ceph: stderr
2026-03-08T23:05:26.352+0000 7febe3fff640 1 -- 192.168.123.107:0/184956222 <== mon.0 v2:192.168.123.107:3300/0 1 ==== mon_map magic: 0 ==== 205+0+0 (secure 0 0 0) 0x7febd4047070 con 0x7febec109a70
2026-03-08T23:05:26.497 INFO:teuthology.orchestra.run.vm07.stdout:/usr/bin/ceph: stderr
2026-03-08T23:05:26.352+0000 7febe3fff640 1 -- 192.168.123.107:0/184956222 <== mon.0 v2:192.168.123.107:3300/0 2 ==== config(25 keys) ==== 1038+0+0 (secure 0 0 0) 0x7febd4035d70 con 0x7febec109a70
2026-03-08T23:05:26.497 INFO:teuthology.orchestra.run.vm07.stdout:/usr/bin/ceph: stderr
2026-03-08T23:05:26.352+0000 7febf1187640 1 -- 192.168.123.107:0/184956222 --> [v2:192.168.123.107:3300/0,v1:192.168.123.107:6789/0] -- mon_subscribe({mgrmap=0+}) -- 0x7febec1a0070 con 0x7febec109a70
2026-03-08T23:05:26.497 INFO:teuthology.orchestra.run.vm07.stdout:/usr/bin/ceph: stderr
2026-03-08T23:05:26.352+0000 7febe3fff640 1 -- 192.168.123.107:0/184956222 <== mon.0 v2:192.168.123.107:3300/0 3 ==== mon_map magic: 0 ==== 205+0+0 (secure 0 0 0) 0x7febd403c070 con 0x7febec109a70
2026-03-08T23:05:26.497 INFO:teuthology.orchestra.run.vm07.stdout:/usr/bin/ceph: stderr
2026-03-08T23:05:26.352+0000 7febf1187640 1 -- 192.168.123.107:0/184956222 --> [v2:192.168.123.107:3300/0,v1:192.168.123.107:6789/0] -- mon_subscribe({osdmap=0}) -- 0x7febec1a2d60 con 0x7febec109a70
2026-03-08T23:05:26.497 INFO:teuthology.orchestra.run.vm07.stdout:/usr/bin/ceph: stderr
2026-03-08T23:05:26.352+0000 7febe3fff640 1 -- 192.168.123.107:0/184956222 <== mon.0 v2:192.168.123.107:3300/0 4 ==== mgrmap(e 10) ==== 50154+0+0 (secure 0 0 0) 0x7febd404c430 con 0x7febec109a70
2026-03-08T23:05:26.497 INFO:teuthology.orchestra.run.vm07.stdout:/usr/bin/ceph: stderr
2026-03-08T23:05:26.352+0000 7febe3fff640 1 --2- 192.168.123.107:0/184956222 >> [v2:192.168.123.107:6800/3479453066,v1:192.168.123.107:6801/3479453066] conn(0x7febbc046580 0x7febbc048a40 unknown :-1 s=NONE pgs=0 cs=0 l=1 rev1=0 crypto rx=0 tx=0 comp rx=0 tx=0).connect
2026-03-08T23:05:26.497 INFO:teuthology.orchestra.run.vm07.stdout:/usr/bin/ceph: stderr
2026-03-08T23:05:26.352+0000 7febe3fff640 1 -- 192.168.123.107:0/184956222 <== mon.0 v2:192.168.123.107:3300/0 5 ==== osd_map(3..3 src has 1..3) ==== 1155+0+0 (secure 0 0 0) 0x7febd4077b70 con 0x7febec109a70
2026-03-08T23:05:26.497 INFO:teuthology.orchestra.run.vm07.stdout:/usr/bin/ceph: stderr
2026-03-08T23:05:26.352+0000 7febea575640 1 --2- 192.168.123.107:0/184956222 >> [v2:192.168.123.107:6800/3479453066,v1:192.168.123.107:6801/3479453066] conn(0x7febbc046580 0x7febbc048a40 unknown :-1 s=BANNER_CONNECTING pgs=0 cs=0 l=1 rev1=0 crypto rx=0 tx=0 comp rx=0 tx=0)._handle_peer_banner_payload supported=3 required=0
2026-03-08T23:05:26.498 INFO:teuthology.orchestra.run.vm07.stdout:/usr/bin/ceph: stderr
2026-03-08T23:05:26.356+0000 7febf1187640 1 -- 192.168.123.107:0/184956222 --> [v2:192.168.123.107:3300/0,v1:192.168.123.107:6789/0] -- mon_command({"prefix": "get_command_descriptions"} v 0) -- 0x7febac005390 con 0x7febec109a70
2026-03-08T23:05:26.498 INFO:teuthology.orchestra.run.vm07.stdout:/usr/bin/ceph: stderr
2026-03-08T23:05:26.356+0000 7febea575640 1 --2- 192.168.123.107:0/184956222 >> [v2:192.168.123.107:6800/3479453066,v1:192.168.123.107:6801/3479453066] conn(0x7febbc046580 0x7febbc048a40 secure :-1 s=READY pgs=9 cs=0 l=1 rev1=1 crypto rx=0x7febd80099c0 tx=0x7febd8006eb0 comp rx=0 tx=0).ready entity=mgr.14150 client_cookie=0 server_cookie=0 in_seq=0 out_seq=0
2026-03-08T23:05:26.498 INFO:teuthology.orchestra.run.vm07.stdout:/usr/bin/ceph: stderr
2026-03-08T23:05:26.356+0000 7febe3fff640 1 -- 192.168.123.107:0/184956222 <== mon.0 v2:192.168.123.107:3300/0 6 ==== mon_command_ack([{"prefix": "get_command_descriptions"}]=0 v0) ==== 72+0+195034 (secure 0 0 0) 0x7febd403c210 con 0x7febec109a70
2026-03-08T23:05:26.498 INFO:teuthology.orchestra.run.vm07.stdout:/usr/bin/ceph: stderr
2026-03-08T23:05:26.448+0000 7febf1187640 1 -- 192.168.123.107:0/184956222 --> [v2:192.168.123.107:3300/0,v1:192.168.123.107:6789/0] -- mon_command({"prefix": "config get", "who": "mgr", "key": "mgr/dashboard/ssl_server_port"} v 0) -- 0x7febac005680 con 0x7febec109a70
2026-03-08T23:05:26.498 INFO:teuthology.orchestra.run.vm07.stdout:/usr/bin/ceph: stderr
2026-03-08T23:05:26.448+0000 7febe3fff640 1 -- 192.168.123.107:0/184956222 <== mon.0 v2:192.168.123.107:3300/0 7 ==== mon_command_ack([{"prefix": "config get", "who": "mgr", "key": "mgr/dashboard/ssl_server_port"}]=0 v8) ==== 112+0+5 (secure 0 0 0) 0x7febd4042440 con 0x7febec109a70
2026-03-08T23:05:26.498 INFO:teuthology.orchestra.run.vm07.stdout:/usr/bin/ceph: stderr
2026-03-08T23:05:26.452+0000 7febf1187640 1 -- 192.168.123.107:0/184956222 >> [v2:192.168.123.107:6800/3479453066,v1:192.168.123.107:6801/3479453066] conn(0x7febbc046580 msgr2=0x7febbc048a40 secure :-1 s=STATE_CONNECTION_ESTABLISHED l=1).mark_down
2026-03-08T23:05:26.498 INFO:teuthology.orchestra.run.vm07.stdout:/usr/bin/ceph: stderr
2026-03-08T23:05:26.452+0000 7febf1187640 1 --2- 192.168.123.107:0/184956222 >> [v2:192.168.123.107:6800/3479453066,v1:192.168.123.107:6801/3479453066] conn(0x7febbc046580 0x7febbc048a40 secure :-1 s=READY pgs=9 cs=0 l=1 rev1=1 crypto rx=0x7febd80099c0 tx=0x7febd8006eb0 comp rx=0 tx=0).stop
2026-03-08T23:05:26.498 INFO:teuthology.orchestra.run.vm07.stdout:/usr/bin/ceph: stderr
2026-03-08T23:05:26.452+0000 7febf1187640 1 -- 192.168.123.107:0/184956222 >> [v2:192.168.123.107:3300/0,v1:192.168.123.107:6789/0] conn(0x7febec109a70 msgr2=0x7febec19f8a0 secure :-1 s=STATE_CONNECTION_ESTABLISHED l=1).mark_down
2026-03-08T23:05:26.498 INFO:teuthology.orchestra.run.vm07.stdout:/usr/bin/ceph: stderr
2026-03-08T23:05:26.452+0000 7febf1187640 1 --2- 192.168.123.107:0/184956222 >> [v2:192.168.123.107:3300/0,v1:192.168.123.107:6789/0] conn(0x7febec109a70 0x7febec19f8a0 secure :-1 s=READY pgs=73 cs=0 l=1 rev1=1 crypto rx=0x7febd4037960 tx=0x7febd4037990 comp rx=0 tx=0).stop
2026-03-08T23:05:26.498 INFO:teuthology.orchestra.run.vm07.stdout:/usr/bin/ceph: stderr
2026-03-08T23:05:26.452+0000 7febf1187640 1 -- 192.168.123.107:0/184956222 shutdown_connections
2026-03-08T23:05:26.498 INFO:teuthology.orchestra.run.vm07.stdout:/usr/bin/ceph: stderr
2026-03-08T23:05:26.452+0000 7febf1187640 1 --2- 192.168.123.107:0/184956222 >> [v2:192.168.123.107:6800/3479453066,v1:192.168.123.107:6801/3479453066] conn(0x7febbc046580 0x7febbc048a40 unknown :-1 s=CLOSED pgs=9 cs=0 l=1 rev1=1 crypto rx=0 tx=0 comp rx=0 tx=0).stop
2026-03-08T23:05:26.498 INFO:teuthology.orchestra.run.vm07.stdout:/usr/bin/ceph: stderr
2026-03-08T23:05:26.452+0000 7febf1187640 1 --2- 192.168.123.107:0/184956222 >> [v2:192.168.123.107:3300/0,v1:192.168.123.107:6789/0] conn(0x7febec109a70 0x7febec19f8a0 unknown :-1 s=CLOSED pgs=73 cs=0 l=1 rev1=1 crypto rx=0 tx=0 comp rx=0 tx=0).stop
2026-03-08T23:05:26.498 INFO:teuthology.orchestra.run.vm07.stdout:/usr/bin/ceph: stderr
2026-03-08T23:05:26.452+0000 7febf1187640 1 -- 192.168.123.107:0/184956222 >> 192.168.123.107:0/184956222 conn(0x7febec07d070 msgr2=0x7febec107840 unknown :-1 s=STATE_NONE l=0).mark_down
2026-03-08T23:05:26.498 INFO:teuthology.orchestra.run.vm07.stdout:/usr/bin/ceph: stderr
2026-03-08T23:05:26.452+0000 7febf1187640 1 -- 192.168.123.107:0/184956222 shutdown_connections
2026-03-08T23:05:26.498 INFO:teuthology.orchestra.run.vm07.stdout:/usr/bin/ceph: stderr
2026-03-08T23:05:26.452+0000 7febf1187640 1 -- 192.168.123.107:0/184956222 wait complete.
2026-03-08T23:05:26.498 INFO:teuthology.orchestra.run.vm07.stdout:firewalld does not appear to be present
2026-03-08T23:05:26.498 INFO:teuthology.orchestra.run.vm07.stdout:Not possible to open ports <[8443]>. firewalld.service is not available
2026-03-08T23:05:26.498 INFO:teuthology.orchestra.run.vm07.stdout:Ceph Dashboard is now available at:
2026-03-08T23:05:26.498 INFO:teuthology.orchestra.run.vm07.stdout:
2026-03-08T23:05:26.498 INFO:teuthology.orchestra.run.vm07.stdout: URL: https://vm07.local:8443/
2026-03-08T23:05:26.498 INFO:teuthology.orchestra.run.vm07.stdout: User: admin
2026-03-08T23:05:26.498 INFO:teuthology.orchestra.run.vm07.stdout: Password: j364kkvu2a
2026-03-08T23:05:26.498 INFO:teuthology.orchestra.run.vm07.stdout:
2026-03-08T23:05:26.498 INFO:teuthology.orchestra.run.vm07.stdout:Saving cluster configuration to /var/lib/ceph/0c88464c-1b43-11f1-a89a-5f322c2564e4/config directory
2026-03-08T23:05:27.031 INFO:teuthology.orchestra.run.vm07.stdout:/usr/bin/ceph: stderr
2026-03-08T23:05:26.620+0000 7f5e8c417640 1 Processor -- start
2026-03-08T23:05:27.031 INFO:teuthology.orchestra.run.vm07.stdout:/usr/bin/ceph: stderr
2026-03-08T23:05:26.620+0000 7f5e8c417640 1 -- start start
2026-03-08T23:05:27.031 INFO:teuthology.orchestra.run.vm07.stdout:/usr/bin/ceph: stderr
2026-03-08T23:05:26.620+0000 7f5e8c417640 1 --2- >> [v2:192.168.123.107:3300/0,v1:192.168.123.107:6789/0] conn(0x7f5e84107780 0x7f5e84107b80 unknown :-1 s=NONE pgs=0 cs=0 l=0 rev1=0 crypto rx=0 tx=0 comp rx=0 tx=0).connect
2026-03-08T23:05:27.031 INFO:teuthology.orchestra.run.vm07.stdout:/usr/bin/ceph: stderr
2026-03-08T23:05:26.620+0000 7f5e8c417640 1 -- --> [v2:192.168.123.107:3300/0,v1:192.168.123.107:6789/0] -- mon_getmap magic: 0 -- 0x7f5e84108150 con 0x7f5e84107780
2026-03-08T23:05:27.031 INFO:teuthology.orchestra.run.vm07.stdout:/usr/bin/ceph: stderr
2026-03-08T23:05:26.620+0000 7f5e8a18c640 1 --2- >> [v2:192.168.123.107:3300/0,v1:192.168.123.107:6789/0] conn(0x7f5e84107780 0x7f5e84107b80 unknown :-1 s=BANNER_CONNECTING pgs=0 cs=0 l=0 rev1=0 crypto rx=0 tx=0 comp rx=0 tx=0)._handle_peer_banner_payload supported=3 required=0
2026-03-08T23:05:27.031 INFO:teuthology.orchestra.run.vm07.stdout:/usr/bin/ceph: stderr
2026-03-08T23:05:26.620+0000 7f5e8a18c640 1 --2- >> [v2:192.168.123.107:3300/0,v1:192.168.123.107:6789/0] conn(0x7f5e84107780 0x7f5e84107b80 unknown :-1 s=HELLO_CONNECTING pgs=0 cs=0 l=0 rev1=1 crypto rx=0 tx=0 comp rx=0 tx=0).handle_hello peer v2:192.168.123.107:3300/0 says I am v2:192.168.123.107:54606/0 (socket says 192.168.123.107:54606)
2026-03-08T23:05:27.031 INFO:teuthology.orchestra.run.vm07.stdout:/usr/bin/ceph: stderr
2026-03-08T23:05:26.620+0000 7f5e8a18c640 1 -- 192.168.123.107:0/1532129601 learned_addr learned my addr 192.168.123.107:0/1532129601 (peer_addr_for_me v2:192.168.123.107:0/0)
2026-03-08T23:05:27.031 INFO:teuthology.orchestra.run.vm07.stdout:/usr/bin/ceph: stderr
2026-03-08T23:05:26.624+0000 7f5e8a18c640 1 -- 192.168.123.107:0/1532129601 --> [v2:192.168.123.107:3300/0,v1:192.168.123.107:6789/0] -- mon_subscribe({config=0+,monmap=0+}) -- 0x7f5e84108980 con 0x7f5e84107780
2026-03-08T23:05:27.031 INFO:teuthology.orchestra.run.vm07.stdout:/usr/bin/ceph: stderr
2026-03-08T23:05:26.624+0000 7f5e8a18c640 1 --2- 192.168.123.107:0/1532129601 >> [v2:192.168.123.107:3300/0,v1:192.168.123.107:6789/0] conn(0x7f5e84107780 0x7f5e84107b80 secure :-1 s=READY pgs=74 cs=0 l=1 rev1=1 crypto rx=0x7f5e74009b80 tx=0x7f5e7402f190 comp rx=0 tx=0).ready entity=mon.0 client_cookie=88fbe7a7005dc354 server_cookie=0 in_seq=0 out_seq=0
2026-03-08T23:05:27.031 INFO:teuthology.orchestra.run.vm07.stdout:/usr/bin/ceph: stderr
2026-03-08T23:05:26.624+0000 7f5e8918a640 1 -- 192.168.123.107:0/1532129601 <== mon.0 v2:192.168.123.107:3300/0 1 ==== mon_map magic: 0 ==== 205+0+0 (secure 0 0 0) 0x7f5e7403c070 con 0x7f5e84107780
2026-03-08T23:05:27.031 INFO:teuthology.orchestra.run.vm07.stdout:/usr/bin/ceph: stderr
2026-03-08T23:05:26.624+0000 7f5e8918a640 1 -- 192.168.123.107:0/1532129601 <== mon.0 v2:192.168.123.107:3300/0 2 ==== config(25 keys) ==== 1038+0+0 (secure 0 0 0) 0x7f5e74037440 con 0x7f5e84107780
2026-03-08T23:05:27.031 INFO:teuthology.orchestra.run.vm07.stdout:/usr/bin/ceph: stderr
2026-03-08T23:05:26.624+0000 7f5e8918a640 1 -- 192.168.123.107:0/1532129601 <== mon.0 v2:192.168.123.107:3300/0 3 ==== mon_map magic: 0 ==== 205+0+0 (secure 0 0 0) 0x7f5e740354d0 con 0x7f5e84107780
2026-03-08T23:05:27.031 INFO:teuthology.orchestra.run.vm07.stdout:/usr/bin/ceph: stderr
2026-03-08T23:05:26.624+0000 7f5e8c417640 1 -- 192.168.123.107:0/1532129601 >> [v2:192.168.123.107:3300/0,v1:192.168.123.107:6789/0] conn(0x7f5e84107780 msgr2=0x7f5e84107b80 secure :-1 s=STATE_CONNECTION_ESTABLISHED l=1).mark_down
2026-03-08T23:05:27.031 INFO:teuthology.orchestra.run.vm07.stdout:/usr/bin/ceph: stderr
2026-03-08T23:05:26.624+0000 7f5e8c417640 1 --2- 192.168.123.107:0/1532129601 >> [v2:192.168.123.107:3300/0,v1:192.168.123.107:6789/0] conn(0x7f5e84107780 0x7f5e84107b80 secure :-1 s=READY pgs=74 cs=0 l=1 rev1=1 crypto rx=0x7f5e74009b80 tx=0x7f5e7402f190 comp rx=0 tx=0).stop
2026-03-08T23:05:27.031 INFO:teuthology.orchestra.run.vm07.stdout:/usr/bin/ceph: stderr
2026-03-08T23:05:26.624+0000 7f5e8c417640 1 -- 192.168.123.107:0/1532129601 shutdown_connections
2026-03-08T23:05:27.031 INFO:teuthology.orchestra.run.vm07.stdout:/usr/bin/ceph: stderr
2026-03-08T23:05:26.624+0000 7f5e8c417640 1 --2- 192.168.123.107:0/1532129601 >> [v2:192.168.123.107:3300/0,v1:192.168.123.107:6789/0] conn(0x7f5e84107780 0x7f5e84107b80 unknown :-1 s=CLOSED pgs=74 cs=0 l=1 rev1=1 crypto rx=0 tx=0 comp rx=0 tx=0).stop
2026-03-08T23:05:27.031 INFO:teuthology.orchestra.run.vm07.stdout:/usr/bin/ceph: stderr
2026-03-08T23:05:26.624+0000 7f5e8c417640 1 -- 192.168.123.107:0/1532129601 >> 192.168.123.107:0/1532129601 conn(0x7f5e84102f10 msgr2=0x7f5e84105350 unknown :-1 s=STATE_NONE l=0).mark_down
2026-03-08T23:05:27.031 INFO:teuthology.orchestra.run.vm07.stdout:/usr/bin/ceph: stderr
2026-03-08T23:05:26.624+0000 7f5e8c417640 1 -- 192.168.123.107:0/1532129601 shutdown_connections
2026-03-08T23:05:27.031 INFO:teuthology.orchestra.run.vm07.stdout:/usr/bin/ceph: stderr
2026-03-08T23:05:26.624+0000 7f5e8c417640 1 -- 192.168.123.107:0/1532129601 wait complete.
2026-03-08T23:05:27.031 INFO:teuthology.orchestra.run.vm07.stdout:/usr/bin/ceph: stderr
2026-03-08T23:05:26.624+0000 7f5e8c417640 1 Processor -- start
2026-03-08T23:05:27.031 INFO:teuthology.orchestra.run.vm07.stdout:/usr/bin/ceph: stderr
2026-03-08T23:05:26.624+0000 7f5e8c417640 1 -- start start
2026-03-08T23:05:27.031 INFO:teuthology.orchestra.run.vm07.stdout:/usr/bin/ceph: stderr
2026-03-08T23:05:26.624+0000 7f5e8c417640 1 --2- >> [v2:192.168.123.107:3300/0,v1:192.168.123.107:6789/0] conn(0x7f5e84107780 0x7f5e8419f900 unknown :-1 s=NONE pgs=0 cs=0 l=1 rev1=0 crypto rx=0 tx=0 comp rx=0 tx=0).connect
2026-03-08T23:05:27.031 INFO:teuthology.orchestra.run.vm07.stdout:/usr/bin/ceph: stderr
2026-03-08T23:05:26.624+0000 7f5e8c417640 1 -- --> [v2:192.168.123.107:3300/0,v1:192.168.123.107:6789/0] -- mon_getmap magic: 0 -- 0x7f5e8410bbb0 con 0x7f5e84107780
2026-03-08T23:05:27.031 INFO:teuthology.orchestra.run.vm07.stdout:/usr/bin/ceph: stderr
2026-03-08T23:05:26.624+0000 7f5e8a18c640 1 --2- >> [v2:192.168.123.107:3300/0,v1:192.168.123.107:6789/0] conn(0x7f5e84107780 0x7f5e8419f900 unknown :-1 s=BANNER_CONNECTING pgs=0 cs=0 l=1 rev1=0 crypto rx=0 tx=0 comp rx=0 tx=0)._handle_peer_banner_payload supported=3 required=0
2026-03-08T23:05:27.031 INFO:teuthology.orchestra.run.vm07.stdout:/usr/bin/ceph: stderr
2026-03-08T23:05:26.624+0000 7f5e8a18c640 1 --2- >> [v2:192.168.123.107:3300/0,v1:192.168.123.107:6789/0] conn(0x7f5e84107780 0x7f5e8419f900 unknown :-1 s=HELLO_CONNECTING pgs=0 cs=0 l=1 rev1=1 crypto rx=0 tx=0 comp rx=0 tx=0).handle_hello peer v2:192.168.123.107:3300/0 says I am v2:192.168.123.107:54614/0 (socket says 192.168.123.107:54614)
2026-03-08T23:05:27.031 INFO:teuthology.orchestra.run.vm07.stdout:/usr/bin/ceph: stderr
2026-03-08T23:05:26.624+0000 7f5e8a18c640 1 -- 192.168.123.107:0/589528877 learned_addr learned my addr 192.168.123.107:0/589528877 (peer_addr_for_me v2:192.168.123.107:0/0)
2026-03-08T23:05:27.031 INFO:teuthology.orchestra.run.vm07.stdout:/usr/bin/ceph: stderr
2026-03-08T23:05:26.624+0000 7f5e8a18c640 1 -- 192.168.123.107:0/589528877 --> [v2:192.168.123.107:3300/0,v1:192.168.123.107:6789/0] -- mon_subscribe({config=0+,monmap=0+}) -- 0x7f5e8419fe40 con 0x7f5e84107780
2026-03-08T23:05:27.031 INFO:teuthology.orchestra.run.vm07.stdout:/usr/bin/ceph: stderr
2026-03-08T23:05:26.624+0000 7f5e8a18c640 1 --2- 192.168.123.107:0/589528877 >> [v2:192.168.123.107:3300/0,v1:192.168.123.107:6789/0] conn(0x7f5e84107780 0x7f5e8419f900 secure :-1 s=READY pgs=75 cs=0 l=1 rev1=1 crypto rx=0x7f5e74037b90 tx=0x7f5e74037bc0 comp rx=0 tx=0).ready entity=mon.0 client_cookie=0 server_cookie=0 in_seq=0 out_seq=0
2026-03-08T23:05:27.031 INFO:teuthology.orchestra.run.vm07.stdout:/usr/bin/ceph: stderr
2026-03-08T23:05:26.624+0000 7f5e6b7fe640 1 -- 192.168.123.107:0/589528877 <== mon.0 v2:192.168.123.107:3300/0 1 ==== mon_map magic: 0 ==== 205+0+0 (secure 0 0 0) 0x7f5e74047070 con 0x7f5e84107780
2026-03-08T23:05:27.031 INFO:teuthology.orchestra.run.vm07.stdout:/usr/bin/ceph: stderr
2026-03-08T23:05:26.624+0000 7f5e8c417640 1 -- 192.168.123.107:0/589528877 --> [v2:192.168.123.107:3300/0,v1:192.168.123.107:6789/0] -- mon_subscribe({mgrmap=0+}) -- 0x7f5e841a00d0 con 0x7f5e84107780
2026-03-08T23:05:27.031 INFO:teuthology.orchestra.run.vm07.stdout:/usr/bin/ceph: stderr
2026-03-08T23:05:26.624+0000 7f5e8c417640 1 -- 192.168.123.107:0/589528877 --> [v2:192.168.123.107:3300/0,v1:192.168.123.107:6789/0] -- mon_subscribe({osdmap=0}) -- 0x7f5e841a2dc0 con 0x7f5e84107780
2026-03-08T23:05:27.031 INFO:teuthology.orchestra.run.vm07.stdout:/usr/bin/ceph: stderr
2026-03-08T23:05:26.624+0000 7f5e6b7fe640 1 -- 192.168.123.107:0/589528877 <== mon.0 v2:192.168.123.107:3300/0 2 ==== config(25 keys) ==== 1038+0+0 (secure 0 0 0) 0x7f5e740357d0 con 0x7f5e84107780
2026-03-08T23:05:27.031 INFO:teuthology.orchestra.run.vm07.stdout:/usr/bin/ceph: stderr
2026-03-08T23:05:26.624+0000 7f5e6b7fe640 1 -- 192.168.123.107:0/589528877 <== mon.0 v2:192.168.123.107:3300/0 3 ==== mon_map magic: 0 ==== 205+0+0 (secure 0 0 0) 0x7f5e7403c070 con 0x7f5e84107780
2026-03-08T23:05:27.031 INFO:teuthology.orchestra.run.vm07.stdout:/usr/bin/ceph: stderr
2026-03-08T23:05:26.628+0000 7f5e6b7fe640 1 -- 192.168.123.107:0/589528877 <== mon.0 v2:192.168.123.107:3300/0 4 ==== mgrmap(e 10) ==== 50154+0+0 (secure 0 0 0) 0x7f5e740039f0 con 0x7f5e84107780
2026-03-08T23:05:27.031 INFO:teuthology.orchestra.run.vm07.stdout:/usr/bin/ceph: stderr
2026-03-08T23:05:26.628+0000 7f5e6b7fe640 1 --2- 192.168.123.107:0/589528877 >> [v2:192.168.123.107:6800/3479453066,v1:192.168.123.107:6801/3479453066] conn(0x7f5e5803db70 0x7f5e58040030 unknown :-1 s=NONE pgs=0 cs=0 l=1 rev1=0 crypto rx=0 tx=0 comp rx=0 tx=0).connect
2026-03-08T23:05:27.031 INFO:teuthology.orchestra.run.vm07.stdout:/usr/bin/ceph: stderr
2026-03-08T23:05:26.628+0000 7f5e6b7fe640 1 -- 192.168.123.107:0/589528877 <== mon.0 v2:192.168.123.107:3300/0 5 ==== osd_map(3..3 src has 1..3) ==== 1155+0+0 (secure 0 0 0) 0x7f5e74077880 con 0x7f5e84107780
2026-03-08T23:05:27.031 INFO:teuthology.orchestra.run.vm07.stdout:/usr/bin/ceph: stderr
2026-03-08T23:05:26.628+0000 7f5e8998b640 1 --2- 192.168.123.107:0/589528877 >> [v2:192.168.123.107:6800/3479453066,v1:192.168.123.107:6801/3479453066] conn(0x7f5e5803db70 0x7f5e58040030 unknown :-1 s=BANNER_CONNECTING pgs=0 cs=0 l=1 rev1=0 crypto rx=0 tx=0 comp rx=0 tx=0)._handle_peer_banner_payload supported=3 required=0
2026-03-08T23:05:27.031 INFO:teuthology.orchestra.run.vm07.stdout:/usr/bin/ceph: stderr
2026-03-08T23:05:26.628+0000 7f5e8c417640 1 -- 192.168.123.107:0/589528877 --> [v2:192.168.123.107:3300/0,v1:192.168.123.107:6789/0] -- mon_command({"prefix": "get_command_descriptions"} v 0) -- 0x7f5e4c005390 con 0x7f5e84107780
2026-03-08T23:05:27.031 INFO:teuthology.orchestra.run.vm07.stdout:/usr/bin/ceph: stderr
2026-03-08T23:05:26.632+0000 7f5e8998b640 1 --2- 192.168.123.107:0/589528877 >> [v2:192.168.123.107:6800/3479453066,v1:192.168.123.107:6801/3479453066] conn(0x7f5e5803db70 0x7f5e58040030 secure :-1 s=READY pgs=10 cs=0 l=1 rev1=1 crypto rx=0x7f5e780099c0 tx=0x7f5e78006eb0 comp rx=0 tx=0).ready entity=mgr.14150 client_cookie=0 server_cookie=0 in_seq=0 out_seq=0
2026-03-08T23:05:27.031 INFO:teuthology.orchestra.run.vm07.stdout:/usr/bin/ceph: stderr
2026-03-08T23:05:26.632+0000 7f5e6b7fe640 1 -- 192.168.123.107:0/589528877 <== mon.0 v2:192.168.123.107:3300/0 6 ==== mon_command_ack([{"prefix": "get_command_descriptions"}]=0 v0) ==== 72+0+195034 (secure 0 0 0) 0x7f5e74036e30 con 0x7f5e84107780
2026-03-08T23:05:27.032 INFO:teuthology.orchestra.run.vm07.stdout:/usr/bin/ceph: stderr
2026-03-08T23:05:26.776+0000 7f5e8c417640 1 -- 192.168.123.107:0/589528877 --> [v2:192.168.123.107:3300/0,v1:192.168.123.107:6789/0] -- mon_command([{prefix=config-key set, key=mgr/dashboard/cluster/status}] v 0) -- 0x7f5e4c005680 con 0x7f5e84107780
2026-03-08T23:05:27.032 INFO:teuthology.orchestra.run.vm07.stdout:/usr/bin/ceph: stderr
2026-03-08T23:05:26.988+0000 7f5e6b7fe640 1 -- 192.168.123.107:0/589528877 <== mon.0 v2:192.168.123.107:3300/0 7 ==== mgrmap(e 11) ==== 50260+0+0 (secure 0 0 0) 0x7f5e7404b3b0 con 0x7f5e84107780
2026-03-08T23:05:27.032 INFO:teuthology.orchestra.run.vm07.stdout:/usr/bin/ceph: stderr
2026-03-08T23:05:26.988+0000 7f5e6b7fe640 1 -- 192.168.123.107:0/589528877 <== mon.0 v2:192.168.123.107:3300/0 8 ==== mon_command_ack([{prefix=config-key set, key=mgr/dashboard/cluster/status}]=0 set mgr/dashboard/cluster/status v24)=0 set mgr/dashboard/cluster/status v24) ==== 153+0+0 (secure 0 0 0) 0x7f5e74079390 con 0x7f5e84107780
2026-03-08T23:05:27.032 INFO:teuthology.orchestra.run.vm07.stdout:/usr/bin/ceph: stderr set mgr/dashboard/cluster/status
2026-03-08T23:05:27.032 INFO:teuthology.orchestra.run.vm07.stdout:/usr/bin/ceph: stderr
2026-03-08T23:05:26.988+0000 7f5e8c417640 1 -- 192.168.123.107:0/589528877 >> [v2:192.168.123.107:6800/3479453066,v1:192.168.123.107:6801/3479453066] conn(0x7f5e5803db70 msgr2=0x7f5e58040030 secure :-1 s=STATE_CONNECTION_ESTABLISHED l=1).mark_down
2026-03-08T23:05:27.032 INFO:teuthology.orchestra.run.vm07.stdout:/usr/bin/ceph: stderr
2026-03-08T23:05:26.988+0000 7f5e8c417640 1 --2- 192.168.123.107:0/589528877 >> [v2:192.168.123.107:6800/3479453066,v1:192.168.123.107:6801/3479453066] conn(0x7f5e5803db70 0x7f5e58040030 secure :-1 s=READY pgs=10 cs=0 l=1 rev1=1 crypto rx=0x7f5e780099c0 tx=0x7f5e78006eb0 comp rx=0 tx=0).stop
2026-03-08T23:05:27.032 INFO:teuthology.orchestra.run.vm07.stdout:/usr/bin/ceph: stderr
2026-03-08T23:05:26.988+0000 7f5e8c417640 1 -- 192.168.123.107:0/589528877 >> [v2:192.168.123.107:3300/0,v1:192.168.123.107:6789/0] conn(0x7f5e84107780 msgr2=0x7f5e8419f900 secure :-1 s=STATE_CONNECTION_ESTABLISHED l=1).mark_down
2026-03-08T23:05:27.032 INFO:teuthology.orchestra.run.vm07.stdout:/usr/bin/ceph: stderr
2026-03-08T23:05:26.988+0000 7f5e8c417640 1 --2- 192.168.123.107:0/589528877 >> [v2:192.168.123.107:3300/0,v1:192.168.123.107:6789/0] conn(0x7f5e84107780 0x7f5e8419f900 secure :-1 s=READY pgs=75 cs=0 l=1 rev1=1 crypto rx=0x7f5e74037b90 tx=0x7f5e74037bc0 comp rx=0 tx=0).stop
2026-03-08T23:05:27.032 INFO:teuthology.orchestra.run.vm07.stdout:/usr/bin/ceph: stderr
2026-03-08T23:05:26.988+0000 7f5e8c417640 1 -- 192.168.123.107:0/589528877 shutdown_connections
2026-03-08T23:05:27.032 INFO:teuthology.orchestra.run.vm07.stdout:/usr/bin/ceph: stderr
2026-03-08T23:05:26.988+0000 7f5e8c417640 1 --2- 192.168.123.107:0/589528877 >> [v2:192.168.123.107:6800/3479453066,v1:192.168.123.107:6801/3479453066] conn(0x7f5e5803db70 0x7f5e58040030 unknown :-1 s=CLOSED pgs=10 cs=0 l=1 rev1=1 crypto rx=0 tx=0 comp rx=0 tx=0).stop
2026-03-08T23:05:27.032 INFO:teuthology.orchestra.run.vm07.stdout:/usr/bin/ceph: stderr
2026-03-08T23:05:26.988+0000 7f5e8c417640 1 --2- 192.168.123.107:0/589528877 >> [v2:192.168.123.107:3300/0,v1:192.168.123.107:6789/0] conn(0x7f5e84107780 0x7f5e8419f900 unknown :-1 s=CLOSED pgs=75 cs=0 l=1 rev1=1 crypto rx=0 tx=0 comp rx=0 tx=0).stop
2026-03-08T23:05:27.032 INFO:teuthology.orchestra.run.vm07.stdout:/usr/bin/ceph: stderr
2026-03-08T23:05:26.988+0000 7f5e8c417640 1 -- 192.168.123.107:0/589528877 >> 192.168.123.107:0/589528877 conn(0x7f5e84102f10 msgr2=0x7f5e84103a10 unknown :-1 s=STATE_NONE l=0).mark_down
2026-03-08T23:05:27.032 INFO:teuthology.orchestra.run.vm07.stdout:/usr/bin/ceph: stderr
2026-03-08T23:05:26.988+0000 7f5e8c417640 1 -- 192.168.123.107:0/589528877 shutdown_connections
2026-03-08T23:05:27.032 INFO:teuthology.orchestra.run.vm07.stdout:/usr/bin/ceph: stderr
2026-03-08T23:05:26.988+0000 7f5e8c417640 1 -- 192.168.123.107:0/589528877 wait complete.
2026-03-08T23:05:27.032 INFO:teuthology.orchestra.run.vm07.stdout:You can access the Ceph CLI as following in case of multi-cluster or non-default config:
2026-03-08T23:05:27.032 INFO:teuthology.orchestra.run.vm07.stdout:
2026-03-08T23:05:27.032 INFO:teuthology.orchestra.run.vm07.stdout: sudo /home/ubuntu/cephtest/cephadm shell --fsid 0c88464c-1b43-11f1-a89a-5f322c2564e4 -c /etc/ceph/ceph.conf -k /etc/ceph/ceph.client.admin.keyring
2026-03-08T23:05:27.032 INFO:teuthology.orchestra.run.vm07.stdout:
2026-03-08T23:05:27.032 INFO:teuthology.orchestra.run.vm07.stdout:Or, if you are only running a single cluster on this host:
2026-03-08T23:05:27.032 INFO:teuthology.orchestra.run.vm07.stdout:
2026-03-08T23:05:27.032 INFO:teuthology.orchestra.run.vm07.stdout: sudo /home/ubuntu/cephtest/cephadm shell
2026-03-08T23:05:27.032 INFO:teuthology.orchestra.run.vm07.stdout:
2026-03-08T23:05:27.032 INFO:teuthology.orchestra.run.vm07.stdout:Please consider enabling telemetry to help improve Ceph:
2026-03-08T23:05:27.032 INFO:teuthology.orchestra.run.vm07.stdout:
2026-03-08T23:05:27.032 INFO:teuthology.orchestra.run.vm07.stdout: ceph telemetry on
2026-03-08T23:05:27.032 INFO:teuthology.orchestra.run.vm07.stdout:
2026-03-08T23:05:27.032 INFO:teuthology.orchestra.run.vm07.stdout:For more information see:
2026-03-08T23:05:27.032 INFO:teuthology.orchestra.run.vm07.stdout:
2026-03-08T23:05:27.032 INFO:teuthology.orchestra.run.vm07.stdout: https://docs.ceph.com/en/latest/mgr/telemetry/
2026-03-08T23:05:27.032 INFO:teuthology.orchestra.run.vm07.stdout:
2026-03-08T23:05:27.032 INFO:teuthology.orchestra.run.vm07.stdout:Bootstrap complete.
2026-03-08T23:05:27.051 INFO:tasks.cephadm:Fetching config...
2026-03-08T23:05:27.051 DEBUG:teuthology.orchestra.run.vm07:> set -ex
2026-03-08T23:05:27.051 DEBUG:teuthology.orchestra.run.vm07:> dd if=/etc/ceph/ceph.conf of=/dev/stdout
2026-03-08T23:05:27.054 INFO:tasks.cephadm:Fetching client.admin keyring...
2026-03-08T23:05:27.054 DEBUG:teuthology.orchestra.run.vm07:> set -ex
2026-03-08T23:05:27.054 DEBUG:teuthology.orchestra.run.vm07:> dd if=/etc/ceph/ceph.client.admin.keyring of=/dev/stdout
2026-03-08T23:05:27.097 INFO:tasks.cephadm:Fetching mon keyring...
2026-03-08T23:05:27.097 DEBUG:teuthology.orchestra.run.vm07:> set -ex
2026-03-08T23:05:27.097 DEBUG:teuthology.orchestra.run.vm07:> sudo dd if=/var/lib/ceph/0c88464c-1b43-11f1-a89a-5f322c2564e4/mon.a/keyring of=/dev/stdout
2026-03-08T23:05:27.145 INFO:journalctl@ceph.mon.a.vm07.stdout:Mar 08 23:05:26 vm07 bash[20642]: cephadm
2026-03-08T23:05:25.326962+0000 mgr.x (mgr.14150) 1 : cephadm [INF] [08/Mar/2026:23:05:25] ENGINE Bus STARTING
2026-03-08T23:05:27.145 INFO:journalctl@ceph.mon.a.vm07.stdout:Mar 08 23:05:26 vm07 bash[20642]: cephadm
2026-03-08T23:05:25.326962+0000 mgr.x (mgr.14150) 1 : cephadm [INF] [08/Mar/2026:23:05:25] ENGINE Bus STARTING
2026-03-08T23:05:27.145 INFO:journalctl@ceph.mon.a.vm07.stdout:Mar 08 23:05:26 vm07 bash[20642]: cephadm
2026-03-08T23:05:25.439535+0000 mgr.x (mgr.14150) 2 : cephadm [INF] [08/Mar/2026:23:05:25] ENGINE Serving on https://192.168.123.107:7150
2026-03-08T23:05:27.145 INFO:journalctl@ceph.mon.a.vm07.stdout:Mar 08 23:05:26 vm07 bash[20642]: cephadm
2026-03-08T23:05:25.439535+0000 mgr.x (mgr.14150) 2 : cephadm [INF] [08/Mar/2026:23:05:25] ENGINE Serving on https://192.168.123.107:7150
2026-03-08T23:05:27.145 INFO:journalctl@ceph.mon.a.vm07.stdout:Mar 08 23:05:26 vm07 bash[20642]: audit
2026-03-08T23:05:25.439875+0000 mgr.x (mgr.14150) 3 : audit [DBG] from='client.14154 -' entity='client.admin' cmd=[{"prefix": "get_command_descriptions"}]: dispatch
2026-03-08T23:05:27.145 INFO:journalctl@ceph.mon.a.vm07.stdout:Mar 08 23:05:26 vm07 bash[20642]: audit
