2026-03-08T23:59:19.533+0000 7fbe837fe700 1 -- 192.168.123.103:0/3039261959 <== mon.0 v2:192.168.123.103:3300/0 4 ==== mgrmap(e 8) v1 ==== 45278+0+0 (secure 0 0 0) 0x7fbe74011420 con 0x7fbe8c1a0c70
2026-03-08T23:59:19.696 INFO:teuthology.orchestra.run.vm03.stdout:/usr/bin/ceph: stderr
2026-03-08T23:59:19.534+0000 7fbe837fe700 1 --2- 192.168.123.103:0/3039261959 >> [v2:192.168.123.103:6800/2,v1:192.168.123.103:6801/2] conn(0x7fbe78038390 0x7fbe7803a850 unknown :-1 s=NONE pgs=0 cs=0 l=1 rev1=0 crypto rx=0 tx=0 comp rx=0 tx=0).connect
2026-03-08T23:59:19.696 INFO:teuthology.orchestra.run.vm03.stdout:/usr/bin/ceph: stderr
2026-03-08T23:59:19.534+0000 7fbe837fe700 1 -- 192.168.123.103:0/3039261959 <== mon.0 v2:192.168.123.103:3300/0 5 ==== osd_map(2..2 src has 1..2) v4 ==== 940+0+0 (secure 0 0 0) 0x7fbe7404c700 con 0x7fbe8c1a0c70
2026-03-08T23:59:19.696 INFO:teuthology.orchestra.run.vm03.stdout:/usr/bin/ceph: stderr
2026-03-08T23:59:19.534+0000 7fbe89d9b700 1 --2- 192.168.123.103:0/3039261959 >> [v2:192.168.123.103:6800/2,v1:192.168.123.103:6801/2] conn(0x7fbe78038390 0x7fbe7803a850 unknown :-1 s=BANNER_CONNECTING pgs=0 cs=0 l=1 rev1=0 crypto rx=0 tx=0 comp rx=0 tx=0)._handle_peer_banner_payload supported=3 required=0
2026-03-08T23:59:19.696 INFO:teuthology.orchestra.run.vm03.stdout:/usr/bin/ceph: stderr
2026-03-08T23:59:19.534+0000 7fbe90e12700 1 -- 192.168.123.103:0/3039261959 --> [v2:192.168.123.103:3300/0,v1:192.168.123.103:6789/0] -- mon_command({"prefix": "get_command_descriptions"} v 0) v1 -- 0x7fbe8c0623c0 con 0x7fbe8c1a0c70
2026-03-08T23:59:19.696 INFO:teuthology.orchestra.run.vm03.stdout:/usr/bin/ceph: stderr
2026-03-08T23:59:19.537+0000 7fbe837fe700 1 -- 192.168.123.103:0/3039261959 <== mon.0 v2:192.168.123.103:3300/0 6 ==== mon_command_ack([{"prefix": "get_command_descriptions"}]=0 v0) v1 ==== 72+0+180422 (secure 0 0 0) 0x7fbe7401f020 con 0x7fbe8c1a0c70
2026-03-08T23:59:19.696 INFO:teuthology.orchestra.run.vm03.stdout:/usr/bin/ceph: stderr
2026-03-08T23:59:19.537+0000 7fbe89d9b700 1 --2- 192.168.123.103:0/3039261959 >> [v2:192.168.123.103:6800/2,v1:192.168.123.103:6801/2] conn(0x7fbe78038390 0x7fbe7803a850 secure :-1 s=READY pgs=21 cs=0 l=1 rev1=1 crypto rx=0x7fbe7c006fd0 tx=0x7fbe7c006e40 comp rx=0 tx=0).ready entity=mgr.14120 client_cookie=0 server_cookie=0 in_seq=0 out_seq=0
2026-03-08T23:59:19.696 INFO:teuthology.orchestra.run.vm03.stdout:/usr/bin/ceph: stderr
2026-03-08T23:59:19.639+0000 7fbe90e12700 1 -- 192.168.123.103:0/3039261959 --> [v2:192.168.123.103:3300/0,v1:192.168.123.103:6789/0] -- mon_command([{prefix=config set, name=mgr/dashboard/ssl_server_port}] v 0) v1 -- 0x7fbe8c1a43e0 con 0x7fbe8c1a0c70
2026-03-08T23:59:19.697 INFO:teuthology.orchestra.run.vm03.stdout:/usr/bin/ceph: stderr
2026-03-08T23:59:19.645+0000 7fbe837fe700 1 -- 192.168.123.103:0/3039261959 <== mon.0 v2:192.168.123.103:3300/0 7 ==== mon_command_ack([{prefix=config set, name=mgr/dashboard/ssl_server_port}]=0 v8)=0 v8) v1 ==== 130+0+0 (secure 0 0 0) 0x7fbe7401f020 con 0x7fbe8c1a0c70
2026-03-08T23:59:19.697 INFO:teuthology.orchestra.run.vm03.stdout:/usr/bin/ceph: stderr
2026-03-08T23:59:19.649+0000 7fbe90e12700 1 -- 192.168.123.103:0/3039261959 >> [v2:192.168.123.103:6800/2,v1:192.168.123.103:6801/2] conn(0x7fbe78038390 msgr2=0x7fbe7803a850 secure :-1 s=STATE_CONNECTION_ESTABLISHED l=1).mark_down
2026-03-08T23:59:19.697 INFO:teuthology.orchestra.run.vm03.stdout:/usr/bin/ceph: stderr
2026-03-08T23:59:19.649+0000 7fbe90e12700 1 --2- 192.168.123.103:0/3039261959 >> [v2:192.168.123.103:6800/2,v1:192.168.123.103:6801/2] conn(0x7fbe78038390 0x7fbe7803a850 secure :-1 s=READY pgs=21 cs=0 l=1 rev1=1 crypto rx=0x7fbe7c006fd0 tx=0x7fbe7c006e40 comp rx=0 tx=0).stop
2026-03-08T23:59:19.697 INFO:teuthology.orchestra.run.vm03.stdout:/usr/bin/ceph: stderr
2026-03-08T23:59:19.650+0000 7fbe90e12700 1 -- 192.168.123.103:0/3039261959 >> [v2:192.168.123.103:3300/0,v1:192.168.123.103:6789/0] conn(0x7fbe8c1a0c70 msgr2=0x7fbe8c1a1090 secure :-1 s=STATE_CONNECTION_ESTABLISHED l=1).mark_down
2026-03-08T23:59:19.697 INFO:teuthology.orchestra.run.vm03.stdout:/usr/bin/ceph: stderr
2026-03-08T23:59:19.650+0000 7fbe90e12700 1 --2- 192.168.123.103:0/3039261959 >> [v2:192.168.123.103:3300/0,v1:192.168.123.103:6789/0] conn(0x7fbe8c1a0c70 0x7fbe8c1a1090 secure :-1 s=READY pgs=66 cs=0 l=1 rev1=1 crypto rx=0x7fbe74009cc0 tx=0x7fbe7400bfa0 comp rx=0 tx=0).stop
2026-03-08T23:59:19.697 INFO:teuthology.orchestra.run.vm03.stdout:/usr/bin/ceph: stderr
2026-03-08T23:59:19.650+0000 7fbe90e12700 1 -- 192.168.123.103:0/3039261959 shutdown_connections
2026-03-08T23:59:19.697 INFO:teuthology.orchestra.run.vm03.stdout:/usr/bin/ceph: stderr
2026-03-08T23:59:19.650+0000 7fbe90e12700 1 --2- 192.168.123.103:0/3039261959 >> [v2:192.168.123.103:6800/2,v1:192.168.123.103:6801/2] conn(0x7fbe78038390 0x7fbe7803a850 unknown :-1 s=CLOSED pgs=21 cs=0 l=1 rev1=1 crypto rx=0 tx=0 comp rx=0 tx=0).stop
2026-03-08T23:59:19.697 INFO:teuthology.orchestra.run.vm03.stdout:/usr/bin/ceph: stderr
2026-03-08T23:59:19.650+0000 7fbe90e12700 1 --2- 192.168.123.103:0/3039261959 >> [v2:192.168.123.103:3300/0,v1:192.168.123.103:6789/0] conn(0x7fbe8c1a0c70 0x7fbe8c1a1090 unknown :-1 s=CLOSED pgs=66 cs=0 l=1 rev1=1 crypto rx=0 tx=0 comp rx=0 tx=0).stop
2026-03-08T23:59:19.697 INFO:teuthology.orchestra.run.vm03.stdout:/usr/bin/ceph: stderr
2026-03-08T23:59:19.650+0000 7fbe90e12700 1 -- 192.168.123.103:0/3039261959 >> 192.168.123.103:0/3039261959 conn(0x7fbe8c101ce0 msgr2=0x7fbe8c1078c0 unknown :-1 s=STATE_NONE l=0).mark_down
2026-03-08T23:59:19.697 INFO:teuthology.orchestra.run.vm03.stdout:/usr/bin/ceph: stderr
2026-03-08T23:59:19.650+0000 7fbe90e12700 1 -- 192.168.123.103:0/3039261959 shutdown_connections
2026-03-08T23:59:19.697 INFO:teuthology.orchestra.run.vm03.stdout:/usr/bin/ceph: stderr
2026-03-08T23:59:19.650+0000 7fbe90e12700 1 -- 192.168.123.103:0/3039261959 wait complete.
2026-03-08T23:59:19.697 INFO:teuthology.orchestra.run.vm03.stdout:Enabling the dashboard module...
2026-03-08T23:59:20.338 INFO:journalctl@ceph.mon.vm03.vm03.stdout:Mar 08 23:59:20 vm03 ceph-mon[52346]: from='mgr.14120 192.168.123.103:0/2' entity='mgr.vm03.yvcons'
2026-03-08T23:59:20.338 INFO:journalctl@ceph.mon.vm03.vm03.stdout:Mar 08 23:59:20 vm03 ceph-mon[52346]: from='client.? 192.168.123.103:0/2463690230' entity='client.admin'
2026-03-08T23:59:20.338 INFO:journalctl@ceph.mon.vm03.vm03.stdout:Mar 08 23:59:20 vm03 ceph-mon[52346]: from='client.? 192.168.123.103:0/3039261959' entity='client.admin'
2026-03-08T23:59:20.338 INFO:journalctl@ceph.mon.vm03.vm03.stdout:Mar 08 23:59:20 vm03 ceph-mon[52346]: from='client.? 192.168.123.103:0/3632159329' entity='client.admin' cmd=[{"prefix": "mgr module enable", "module": "dashboard"}]: dispatch
2026-03-08T23:59:20.694 INFO:teuthology.orchestra.run.vm03.stdout:/usr/bin/ceph: stderr
2026-03-08T23:59:19.817+0000 7f514cd9e700 1 Processor -- start
2026-03-08T23:59:20.694 INFO:teuthology.orchestra.run.vm03.stdout:/usr/bin/ceph: stderr
2026-03-08T23:59:19.817+0000 7f514cd9e700 1 -- start start
2026-03-08T23:59:20.694 INFO:teuthology.orchestra.run.vm03.stdout:/usr/bin/ceph: stderr
2026-03-08T23:59:19.817+0000 7f514cd9e700 1 --2- >> [v2:192.168.123.103:3300/0,v1:192.168.123.103:6789/0] conn(0x7f5148108970 0x7f5148108d90 unknown :-1 s=NONE pgs=0 cs=0 l=0 rev1=0 crypto rx=0 tx=0 comp rx=0 tx=0).connect
2026-03-08T23:59:20.694 INFO:teuthology.orchestra.run.vm03.stdout:/usr/bin/ceph: stderr
2026-03-08T23:59:19.817+0000 7f514cd9e700 1 -- --> [v2:192.168.123.103:3300/0,v1:192.168.123.103:6789/0] -- mon_getmap magic: 0 v1 -- 0x7f5148109360 con 0x7f5148108970
2026-03-08T23:59:20.694 INFO:teuthology.orchestra.run.vm03.stdout:/usr/bin/ceph: stderr
2026-03-08T23:59:19.818+0000 7f514659c700 1 --2- >> [v2:192.168.123.103:3300/0,v1:192.168.123.103:6789/0] conn(0x7f5148108970 0x7f5148108d90 unknown :-1 s=BANNER_CONNECTING pgs=0 cs=0 l=0 rev1=0 crypto rx=0 tx=0 comp rx=0 tx=0)._handle_peer_banner_payload supported=3 required=0
2026-03-08T23:59:20.694 INFO:teuthology.orchestra.run.vm03.stdout:/usr/bin/ceph: stderr
2026-03-08T23:59:19.818+0000 7f514659c700 1 --2- >> [v2:192.168.123.103:3300/0,v1:192.168.123.103:6789/0] conn(0x7f5148108970 0x7f5148108d90 unknown :-1 s=HELLO_CONNECTING pgs=0 cs=0 l=0 rev1=1 crypto rx=0 tx=0 comp rx=0 tx=0).handle_hello peer v2:192.168.123.103:3300/0 says I am v2:192.168.123.103:60212/0 (socket says 192.168.123.103:60212)
2026-03-08T23:59:20.694 INFO:teuthology.orchestra.run.vm03.stdout:/usr/bin/ceph: stderr
2026-03-08T23:59:19.818+0000 7f514659c700 1 -- 192.168.123.103:0/1175531353 learned_addr learned my addr 192.168.123.103:0/1175531353 (peer_addr_for_me v2:192.168.123.103:0/0)
2026-03-08T23:59:20.694 INFO:teuthology.orchestra.run.vm03.stdout:/usr/bin/ceph: stderr
2026-03-08T23:59:19.818+0000 7f514659c700 1 -- 192.168.123.103:0/1175531353 --> [v2:192.168.123.103:3300/0,v1:192.168.123.103:6789/0] -- mon_subscribe({config=0+,monmap=0+}) v3 -- 0x7f5148109b70 con 0x7f5148108970
2026-03-08T23:59:20.694 INFO:teuthology.orchestra.run.vm03.stdout:/usr/bin/ceph: stderr
2026-03-08T23:59:19.818+0000 7f514659c700 1 --2- 192.168.123.103:0/1175531353 >> [v2:192.168.123.103:3300/0,v1:192.168.123.103:6789/0] conn(0x7f5148108970 0x7f5148108d90 secure :-1 s=READY pgs=67 cs=0 l=1 rev1=1 crypto rx=0x7f5130009a90 tx=0x7f5130009da0 comp rx=0 tx=0).ready entity=mon.0 client_cookie=7764f074aa3b2389 server_cookie=0 in_seq=0 out_seq=0
2026-03-08T23:59:20.695 INFO:teuthology.orchestra.run.vm03.stdout:/usr/bin/ceph: stderr
2026-03-08T23:59:19.818+0000 7f514559a700 1 -- 192.168.123.103:0/1175531353 <== mon.0 v2:192.168.123.103:3300/0 1 ==== mon_map magic: 0 v1 ==== 214+0+0 (secure 0 0 0) 0x7f5130004030 con 0x7f5148108970
2026-03-08T23:59:20.695 INFO:teuthology.orchestra.run.vm03.stdout:/usr/bin/ceph: stderr
2026-03-08T23:59:19.819+0000 7f514559a700 1 -- 192.168.123.103:0/1175531353 <== mon.0 v2:192.168.123.103:3300/0 2 ==== config(28 keys) v1 ==== 1139+0+0 (secure 0 0 0) 0x7f513000b7e0 con 0x7f5148108970
2026-03-08T23:59:20.695 INFO:teuthology.orchestra.run.vm03.stdout:/usr/bin/ceph: stderr
2026-03-08T23:59:19.819+0000 7f514cd9e700 1 -- 192.168.123.103:0/1175531353 >> [v2:192.168.123.103:3300/0,v1:192.168.123.103:6789/0] conn(0x7f5148108970 msgr2=0x7f5148108d90 secure :-1 s=STATE_CONNECTION_ESTABLISHED l=1).mark_down
2026-03-08T23:59:20.695 INFO:teuthology.orchestra.run.vm03.stdout:/usr/bin/ceph: stderr
2026-03-08T23:59:19.819+0000 7f514cd9e700 1 --2- 192.168.123.103:0/1175531353 >> [v2:192.168.123.103:3300/0,v1:192.168.123.103:6789/0] conn(0x7f5148108970 0x7f5148108d90 secure :-1 s=READY pgs=67 cs=0 l=1 rev1=1 crypto rx=0x7f5130009a90 tx=0x7f5130009da0 comp rx=0 tx=0).stop
2026-03-08T23:59:20.695 INFO:teuthology.orchestra.run.vm03.stdout:/usr/bin/ceph: stderr
2026-03-08T23:59:19.819+0000 7f514cd9e700 1 -- 192.168.123.103:0/1175531353 shutdown_connections
2026-03-08T23:59:20.695 INFO:teuthology.orchestra.run.vm03.stdout:/usr/bin/ceph: stderr
2026-03-08T23:59:19.819+0000 7f514cd9e700 1 --2- 192.168.123.103:0/1175531353 >> [v2:192.168.123.103:3300/0,v1:192.168.123.103:6789/0] conn(0x7f5148108970 0x7f5148108d90 unknown :-1 s=CLOSED pgs=67 cs=0 l=1 rev1=1 crypto rx=0 tx=0 comp rx=0 tx=0).stop
2026-03-08T23:59:20.695 INFO:teuthology.orchestra.run.vm03.stdout:/usr/bin/ceph: stderr
2026-03-08T23:59:19.819+0000 7f514cd9e700 1 -- 192.168.123.103:0/1175531353 >> 192.168.123.103:0/1175531353 conn(0x7f514807be30 msgr2=0x7f51481064e0 unknown :-1 s=STATE_NONE l=0).mark_down
2026-03-08T23:59:20.695 INFO:teuthology.orchestra.run.vm03.stdout:/usr/bin/ceph: stderr
2026-03-08T23:59:19.819+0000 7f514cd9e700 1 -- 192.168.123.103:0/1175531353 shutdown_connections
2026-03-08T23:59:20.695 INFO:teuthology.orchestra.run.vm03.stdout:/usr/bin/ceph: stderr
2026-03-08T23:59:19.819+0000 7f514cd9e700 1 -- 192.168.123.103:0/1175531353 wait complete.
2026-03-08T23:59:20.695 INFO:teuthology.orchestra.run.vm03.stdout:/usr/bin/ceph: stderr
2026-03-08T23:59:19.820+0000 7f514cd9e700 1 Processor -- start
2026-03-08T23:59:20.695 INFO:teuthology.orchestra.run.vm03.stdout:/usr/bin/ceph: stderr
2026-03-08T23:59:19.820+0000 7f514cd9e700 1 -- start start
2026-03-08T23:59:20.695 INFO:teuthology.orchestra.run.vm03.stdout:/usr/bin/ceph: stderr
2026-03-08T23:59:19.820+0000 7f514cd9e700 1 --2- >> [v2:192.168.123.103:3300/0,v1:192.168.123.103:6789/0] conn(0x7f5148108970 0x7f514819c700 unknown :-1 s=NONE pgs=0 cs=0 l=1 rev1=0 crypto rx=0 tx=0 comp rx=0 tx=0).connect
2026-03-08T23:59:20.695 INFO:teuthology.orchestra.run.vm03.stdout:/usr/bin/ceph: stderr
2026-03-08T23:59:19.820+0000 7f514cd9e700 1 -- --> [v2:192.168.123.103:3300/0,v1:192.168.123.103:6789/0] -- mon_getmap magic: 0 v1 -- 0x7f5148109360 con 0x7f5148108970
2026-03-08T23:59:20.695 INFO:teuthology.orchestra.run.vm03.stdout:/usr/bin/ceph: stderr
2026-03-08T23:59:19.820+0000 7f514659c700 1 --2- >> [v2:192.168.123.103:3300/0,v1:192.168.123.103:6789/0] conn(0x7f5148108970 0x7f514819c700 unknown :-1 s=BANNER_CONNECTING pgs=0 cs=0 l=1 rev1=0 crypto rx=0 tx=0 comp rx=0 tx=0)._handle_peer_banner_payload supported=3 required=0
2026-03-08T23:59:20.695 INFO:teuthology.orchestra.run.vm03.stdout:/usr/bin/ceph: stderr
2026-03-08T23:59:19.820+0000 7f514659c700 1 --2- >> [v2:192.168.123.103:3300/0,v1:192.168.123.103:6789/0] conn(0x7f5148108970 0x7f514819c700 unknown :-1 s=HELLO_CONNECTING pgs=0 cs=0 l=1 rev1=1 crypto rx=0 tx=0 comp rx=0 tx=0).handle_hello peer v2:192.168.123.103:3300/0 says I am v2:192.168.123.103:60218/0 (socket says 192.168.123.103:60218)
2026-03-08T23:59:20.695 INFO:teuthology.orchestra.run.vm03.stdout:/usr/bin/ceph: stderr
2026-03-08T23:59:19.820+0000 7f514659c700 1 -- 192.168.123.103:0/3632159329 learned_addr learned my addr 192.168.123.103:0/3632159329 (peer_addr_for_me v2:192.168.123.103:0/0)
2026-03-08T23:59:20.695 INFO:teuthology.orchestra.run.vm03.stdout:/usr/bin/ceph: stderr
2026-03-08T23:59:19.821+0000 7f514659c700 1 -- 192.168.123.103:0/3632159329 --> [v2:192.168.123.103:3300/0,v1:192.168.123.103:6789/0] -- mon_subscribe({config=0+,monmap=0+}) v3 -- 0x7f5130009740 con 0x7f5148108970
2026-03-08T23:59:20.695 INFO:teuthology.orchestra.run.vm03.stdout:/usr/bin/ceph: stderr
2026-03-08T23:59:19.821+0000 7f514659c700 1 --2- 192.168.123.103:0/3632159329 >> [v2:192.168.123.103:3300/0,v1:192.168.123.103:6789/0] conn(0x7f5148108970 0x7f514819c700 secure :-1 s=READY pgs=68 cs=0 l=1 rev1=1 crypto rx=0x7f513000bf90 tx=0x7f5130003e50 comp rx=0 tx=0).ready entity=mon.0 client_cookie=0 server_cookie=0 in_seq=0 out_seq=0
2026-03-08T23:59:20.695 INFO:teuthology.orchestra.run.vm03.stdout:/usr/bin/ceph: stderr
2026-03-08T23:59:19.821+0000 7f513f7fe700 1 -- 192.168.123.103:0/3632159329 <== mon.0 v2:192.168.123.103:3300/0 1 ==== mon_map magic: 0 v1 ==== 214+0+0 (secure 0 0 0) 0x7f5130004270 con 0x7f5148108970
2026-03-08T23:59:20.695 INFO:teuthology.orchestra.run.vm03.stdout:/usr/bin/ceph: stderr
2026-03-08T23:59:19.821+0000 7f513f7fe700 1 -- 192.168.123.103:0/3632159329 <== mon.0 v2:192.168.123.103:3300/0 2 ==== config(28 keys) v1 ==== 1139+0+0 (secure 0 0 0) 0x7f51300043d0 con 0x7f5148108970
2026-03-08T23:59:20.695 INFO:teuthology.orchestra.run.vm03.stdout:/usr/bin/ceph: stderr
2026-03-08T23:59:19.821+0000 7f513f7fe700 1 -- 192.168.123.103:0/3632159329 <== mon.0 v2:192.168.123.103:3300/0 3 ==== mon_map magic: 0 v1 ==== 214+0+0 (secure 0 0 0) 0x7f5130011600 con 0x7f5148108970
2026-03-08T23:59:20.695 INFO:teuthology.orchestra.run.vm03.stdout:/usr/bin/ceph: stderr
2026-03-08T23:59:19.821+0000 7f514cd9e700 1 -- 192.168.123.103:0/3632159329 --> [v2:192.168.123.103:3300/0,v1:192.168.123.103:6789/0] -- mon_subscribe({mgrmap=0+}) v3 -- 0x7f514819cc40 con 0x7f5148108970
2026-03-08T23:59:20.695 INFO:teuthology.orchestra.run.vm03.stdout:/usr/bin/ceph: stderr
2026-03-08T23:59:19.821+0000 7f514cd9e700 1 -- 192.168.123.103:0/3632159329 --> [v2:192.168.123.103:3300/0,v1:192.168.123.103:6789/0] -- mon_subscribe({osdmap=0}) v3 -- 0x7f514819d060 con 0x7f5148108970
2026-03-08T23:59:20.695 INFO:teuthology.orchestra.run.vm03.stdout:/usr/bin/ceph: stderr
2026-03-08T23:59:19.822+0000 7f513f7fe700 1 -- 192.168.123.103:0/3632159329 <== mon.0 v2:192.168.123.103:3300/0 4 ==== mgrmap(e 8) v1 ==== 45278+0+0 (secure 0 0 0) 0x7f5130011760 con 0x7f5148108970
2026-03-08T23:59:20.695 INFO:teuthology.orchestra.run.vm03.stdout:/usr/bin/ceph: stderr
2026-03-08T23:59:19.822+0000 7f513f7fe700 1 --2- 192.168.123.103:0/3632159329 >> [v2:192.168.123.103:6800/2,v1:192.168.123.103:6801/2] conn(0x7f51340383e0 0x7f513403a8a0 unknown :-1 s=NONE pgs=0 cs=0 l=1 rev1=0 crypto rx=0 tx=0 comp rx=0 tx=0).connect
2026-03-08T23:59:20.695 INFO:teuthology.orchestra.run.vm03.stdout:/usr/bin/ceph: stderr
2026-03-08T23:59:19.822+0000 7f513f7fe700 1 -- 192.168.123.103:0/3632159329 <== mon.0 v2:192.168.123.103:3300/0 5 ==== osd_map(2..2 src has 1..2) v4 ==== 940+0+0 (secure 0 0 0) 0x7f513004d0b0 con 0x7f5148108970
2026-03-08T23:59:20.695 INFO:teuthology.orchestra.run.vm03.stdout:/usr/bin/ceph: stderr
2026-03-08T23:59:19.822+0000 7f5145d9b700 1 --2- 192.168.123.103:0/3632159329 >> [v2:192.168.123.103:6800/2,v1:192.168.123.103:6801/2] conn(0x7f51340383e0 0x7f513403a8a0 unknown :-1 s=BANNER_CONNECTING pgs=0 cs=0 l=1 rev1=0 crypto rx=0 tx=0 comp rx=0 tx=0)._handle_peer_banner_payload supported=3 required=0
2026-03-08T23:59:20.695 INFO:teuthology.orchestra.run.vm03.stdout:/usr/bin/ceph: stderr
2026-03-08T23:59:19.823+0000 7f514cd9e700 1 -- 192.168.123.103:0/3632159329 --> [v2:192.168.123.103:3300/0,v1:192.168.123.103:6789/0] -- mon_command({"prefix": "get_command_descriptions"} v 0) v1 -- 0x7f514819d380 con 0x7f5148108970
2026-03-08T23:59:20.695 INFO:teuthology.orchestra.run.vm03.stdout:/usr/bin/ceph: stderr
2026-03-08T23:59:19.826+0000 7f5145d9b700 1 --2- 192.168.123.103:0/3632159329 >> [v2:192.168.123.103:6800/2,v1:192.168.123.103:6801/2] conn(0x7f51340383e0 0x7f513403a8a0 secure :-1 s=READY pgs=22 cs=0 l=1 rev1=1 crypto rx=0x7f5138006fd0 tx=0x7f5138006e40 comp rx=0 tx=0).ready entity=mgr.14120 client_cookie=0 server_cookie=0 in_seq=0 out_seq=0
2026-03-08T23:59:20.695 INFO:teuthology.orchestra.run.vm03.stdout:/usr/bin/ceph: stderr
2026-03-08T23:59:19.826+0000 7f513f7fe700 1 -- 192.168.123.103:0/3632159329 <== mon.0 v2:192.168.123.103:3300/0 6 ==== mon_command_ack([{"prefix": "get_command_descriptions"}]=0 v0) v1 ==== 72+0+180422 (secure 0 0 0) 0x7f5130011a10 con 0x7f5148108970
2026-03-08T23:59:20.695 INFO:teuthology.orchestra.run.vm03.stdout:/usr/bin/ceph: stderr
2026-03-08T23:59:19.961+0000 7f514cd9e700 1 -- 192.168.123.103:0/3632159329 --> [v2:192.168.123.103:3300/0,v1:192.168.123.103:6789/0] -- mon_command({"prefix": "mgr module enable", "module": "dashboard"} v 0) v1 -- 0x7f514804fa20 con 0x7f5148108970
2026-03-08T23:59:20.695 INFO:teuthology.orchestra.run.vm03.stdout:/usr/bin/ceph: stderr
2026-03-08T23:59:20.648+0000 7f513f7fe700 1 -- 192.168.123.103:0/3632159329 <== mon.0 v2:192.168.123.103:3300/0 7 ==== mgrmap(e 9) v1 ==== 45291+0+0 (secure 0 0 0) 0x7f513001ab10 con 0x7f5148108970
2026-03-08T23:59:20.695 INFO:teuthology.orchestra.run.vm03.stdout:/usr/bin/ceph: stderr
2026-03-08T23:59:20.649+0000 7f513f7fe700 1 -- 192.168.123.103:0/3632159329 <== mon.0 v2:192.168.123.103:3300/0 8 ==== mon_command_ack([{"prefix": "mgr module enable", "module": "dashboard"}]=0 v9) v1 ==== 88+0+0 (secure 0 0 0) 0x7f513002abc0 con 0x7f5148108970
2026-03-08T23:59:20.695 INFO:teuthology.orchestra.run.vm03.stdout:/usr/bin/ceph: stderr
2026-03-08T23:59:20.652+0000 7f514cd9e700 1 -- 192.168.123.103:0/3632159329 >> [v2:192.168.123.103:6800/2,v1:192.168.123.103:6801/2] conn(0x7f51340383e0 msgr2=0x7f513403a8a0 secure :-1 s=STATE_CONNECTION_ESTABLISHED l=1).mark_down
2026-03-08T23:59:20.695 INFO:teuthology.orchestra.run.vm03.stdout:/usr/bin/ceph: stderr
2026-03-08T23:59:20.652+0000 7f514cd9e700 1 --2- 192.168.123.103:0/3632159329 >> [v2:192.168.123.103:6800/2,v1:192.168.123.103:6801/2] conn(0x7f51340383e0 0x7f513403a8a0 secure :-1 s=READY pgs=22 cs=0 l=1 rev1=1 crypto rx=0x7f5138006fd0 tx=0x7f5138006e40 comp rx=0 tx=0).stop
2026-03-08T23:59:20.695 INFO:teuthology.orchestra.run.vm03.stdout:/usr/bin/ceph: stderr
2026-03-08T23:59:20.652+0000 7f514cd9e700 1 -- 192.168.123.103:0/3632159329 >> [v2:192.168.123.103:3300/0,v1:192.168.123.103:6789/0] conn(0x7f5148108970 msgr2=0x7f514819c700 secure :-1 s=STATE_CONNECTION_ESTABLISHED l=1).mark_down
2026-03-08T23:59:20.695 INFO:teuthology.orchestra.run.vm03.stdout:/usr/bin/ceph: stderr
2026-03-08T23:59:20.652+0000 7f514cd9e700 1 --2- 192.168.123.103:0/3632159329 >> [v2:192.168.123.103:3300/0,v1:192.168.123.103:6789/0] conn(0x7f5148108970 0x7f514819c700 secure :-1 s=READY pgs=68 cs=0 l=1 rev1=1 crypto rx=0x7f513000bf90 tx=0x7f5130003e50 comp rx=0 tx=0).stop
2026-03-08T23:59:20.695 INFO:teuthology.orchestra.run.vm03.stdout:/usr/bin/ceph: stderr
2026-03-08T23:59:20.652+0000 7f514cd9e700 1 -- 192.168.123.103:0/3632159329 shutdown_connections
2026-03-08T23:59:20.695 INFO:teuthology.orchestra.run.vm03.stdout:/usr/bin/ceph: stderr
2026-03-08T23:59:20.652+0000 7f514cd9e700 1 --2- 192.168.123.103:0/3632159329 >> [v2:192.168.123.103:6800/2,v1:192.168.123.103:6801/2] conn(0x7f51340383e0 0x7f513403a8a0 unknown :-1 s=CLOSED pgs=22 cs=0 l=1 rev1=1 crypto rx=0 tx=0 comp rx=0 tx=0).stop
2026-03-08T23:59:20.695 INFO:teuthology.orchestra.run.vm03.stdout:/usr/bin/ceph: stderr
2026-03-08T23:59:20.652+0000 7f514cd9e700 1 --2- 192.168.123.103:0/3632159329 >> [v2:192.168.123.103:3300/0,v1:192.168.123.103:6789/0] conn(0x7f5148108970 0x7f514819c700 unknown :-1 s=CLOSED pgs=68 cs=0 l=1 rev1=1 crypto rx=0 tx=0 comp rx=0 tx=0).stop
2026-03-08T23:59:20.695 INFO:teuthology.orchestra.run.vm03.stdout:/usr/bin/ceph: stderr
2026-03-08T23:59:20.652+0000 7f514cd9e700 1 -- 192.168.123.103:0/3632159329 >> 192.168.123.103:0/3632159329 conn(0x7f514807be30 msgr2=0x7f5148105e20 unknown :-1 s=STATE_NONE l=0).mark_down
2026-03-08T23:59:20.695 INFO:teuthology.orchestra.run.vm03.stdout:/usr/bin/ceph: stderr
2026-03-08T23:59:20.652+0000 7f514cd9e700 1 -- 192.168.123.103:0/3632159329 shutdown_connections
2026-03-08T23:59:20.695 INFO:teuthology.orchestra.run.vm03.stdout:/usr/bin/ceph: stderr
2026-03-08T23:59:20.652+0000 7f514cd9e700 1 -- 192.168.123.103:0/3632159329 wait complete.
2026-03-08T23:59:21.052 INFO:teuthology.orchestra.run.vm03.stdout:/usr/bin/ceph: stdout {
2026-03-08T23:59:21.053 INFO:teuthology.orchestra.run.vm03.stdout:/usr/bin/ceph: stdout "epoch": 9,
2026-03-08T23:59:21.053 INFO:teuthology.orchestra.run.vm03.stdout:/usr/bin/ceph: stdout "available": true,
2026-03-08T23:59:21.053 INFO:teuthology.orchestra.run.vm03.stdout:/usr/bin/ceph: stdout "active_name": "vm03.yvcons",
2026-03-08T23:59:21.053 INFO:teuthology.orchestra.run.vm03.stdout:/usr/bin/ceph: stdout "num_standby": 0
2026-03-08T23:59:21.053 INFO:teuthology.orchestra.run.vm03.stdout:/usr/bin/ceph: stdout }
2026-03-08T23:59:21.053 INFO:teuthology.orchestra.run.vm03.stdout:/usr/bin/ceph: stderr
2026-03-08T23:59:20.873+0000 7f7e5b25a700 1 Processor -- start
2026-03-08T23:59:21.053 INFO:teuthology.orchestra.run.vm03.stdout:/usr/bin/ceph: stderr
2026-03-08T23:59:20.873+0000 7f7e5b25a700 1 -- start start
2026-03-08T23:59:21.053 INFO:teuthology.orchestra.run.vm03.stdout:/usr/bin/ceph: stderr
2026-03-08T23:59:20.873+0000 7f7e5b25a700 1 --2- >> [v2:192.168.123.103:3300/0,v1:192.168.123.103:6789/0] conn(0x7f7e54104dd0 0x7f7e541051f0 unknown :-1 s=NONE pgs=0 cs=0 l=0 rev1=0 crypto rx=0 tx=0 comp rx=0 tx=0).connect
2026-03-08T23:59:21.053 INFO:teuthology.orchestra.run.vm03.stdout:/usr/bin/ceph: stderr
2026-03-08T23:59:20.873+0000 7f7e5b25a700 1 -- --> [v2:192.168.123.103:3300/0,v1:192.168.123.103:6789/0] -- mon_getmap magic: 0 v1 -- 0x7f7e541057c0 con 0x7f7e54104dd0
2026-03-08T23:59:21.053 INFO:teuthology.orchestra.run.vm03.stdout:/usr/bin/ceph: stderr
2026-03-08T23:59:20.873+0000 7f7e58ff6700 1 --2- >> [v2:192.168.123.103:3300/0,v1:192.168.123.103:6789/0] conn(0x7f7e54104dd0 0x7f7e541051f0 unknown :-1 s=BANNER_CONNECTING pgs=0 cs=0 l=0 rev1=0 crypto rx=0 tx=0 comp rx=0 tx=0)._handle_peer_banner_payload supported=3 required=0
2026-03-08T23:59:21.053 INFO:teuthology.orchestra.run.vm03.stdout:/usr/bin/ceph: stderr
2026-03-08T23:59:20.873+0000 7f7e58ff6700 1 --2- >> [v2:192.168.123.103:3300/0,v1:192.168.123.103:6789/0] conn(0x7f7e54104dd0 0x7f7e541051f0 unknown :-1 s=HELLO_CONNECTING pgs=0 cs=0 l=0 rev1=1 crypto rx=0 tx=0 comp rx=0 tx=0).handle_hello peer v2:192.168.123.103:3300/0 says I am v2:192.168.123.103:60234/0 (socket says 192.168.123.103:60234)
2026-03-08T23:59:21.053 INFO:teuthology.orchestra.run.vm03.stdout:/usr/bin/ceph: stderr
2026-03-08T23:59:20.873+0000 7f7e58ff6700 1 -- 192.168.123.103:0/3047260273 learned_addr learned my addr 192.168.123.103:0/3047260273 (peer_addr_for_me v2:192.168.123.103:0/0)
2026-03-08T23:59:21.053 INFO:teuthology.orchestra.run.vm03.stdout:/usr/bin/ceph: stderr
2026-03-08T23:59:20.873+0000 7f7e58ff6700 1 -- 192.168.123.103:0/3047260273 --> [v2:192.168.123.103:3300/0,v1:192.168.123.103:6789/0] -- mon_subscribe({config=0+,monmap=0+}) v3 -- 0x7f7e54105fd0 con 0x7f7e54104dd0
2026-03-08T23:59:21.053 INFO:teuthology.orchestra.run.vm03.stdout:/usr/bin/ceph: stderr
2026-03-08T23:59:20.874+0000 7f7e58ff6700 1 --2- 192.168.123.103:0/3047260273 >> [v2:192.168.123.103:3300/0,v1:192.168.123.103:6789/0] conn(0x7f7e54104dd0 0x7f7e541051f0 secure :-1 s=READY pgs=71 cs=0 l=1 rev1=1 crypto rx=0x7f7e4800bd30 tx=0x7f7e4800d6d0 comp rx=0 tx=0).ready entity=mon.0 client_cookie=a0cf4dad90aeeecb server_cookie=0 in_seq=0 out_seq=0
2026-03-08T23:59:21.053 INFO:teuthology.orchestra.run.vm03.stdout:/usr/bin/ceph: stderr
2026-03-08T23:59:20.875+0000 7f7e537fe700 1 -- 192.168.123.103:0/3047260273 <== mon.0 v2:192.168.123.103:3300/0 1 ==== mon_map magic: 0 v1 ==== 214+0+0 (secure 0 0 0) 0x7f7e4800be80 con 0x7f7e54104dd0
2026-03-08T23:59:21.053 INFO:teuthology.orchestra.run.vm03.stdout:/usr/bin/ceph: stderr
2026-03-08T23:59:20.875+0000 7f7e537fe700 1 -- 192.168.123.103:0/3047260273 <== mon.0 v2:192.168.123.103:3300/0 2 ==== config(28 keys) v1 ==== 1139+0+0 (secure 0 0 0) 0x7f7e48004510 con 0x7f7e54104dd0
2026-03-08T23:59:21.053 INFO:teuthology.orchestra.run.vm03.stdout:/usr/bin/ceph: stderr
2026-03-08T23:59:20.875+0000 7f7e5b25a700 1 -- 192.168.123.103:0/3047260273 >> [v2:192.168.123.103:3300/0,v1:192.168.123.103:6789/0] conn(0x7f7e54104dd0 msgr2=0x7f7e541051f0 secure :-1 s=STATE_CONNECTION_ESTABLISHED l=1).mark_down
2026-03-08T23:59:21.053 INFO:teuthology.orchestra.run.vm03.stdout:/usr/bin/ceph: stderr
2026-03-08T23:59:20.875+0000 7f7e5b25a700 1 --2- 192.168.123.103:0/3047260273 >> [v2:192.168.123.103:3300/0,v1:192.168.123.103:6789/0] conn(0x7f7e54104dd0 0x7f7e541051f0 secure :-1 s=READY pgs=71 cs=0 l=1 rev1=1 crypto rx=0x7f7e4800bd30 tx=0x7f7e4800d6d0 comp rx=0 tx=0).stop
2026-03-08T23:59:21.053 INFO:teuthology.orchestra.run.vm03.stdout:/usr/bin/ceph: stderr
2026-03-08T23:59:20.875+0000 7f7e5b25a700 1 -- 192.168.123.103:0/3047260273 shutdown_connections
2026-03-08T23:59:21.053 INFO:teuthology.orchestra.run.vm03.stdout:/usr/bin/ceph: stderr
2026-03-08T23:59:20.875+0000 7f7e5b25a700 1 --2- 192.168.123.103:0/3047260273 >> [v2:192.168.123.103:3300/0,v1:192.168.123.103:6789/0] conn(0x7f7e54104dd0 0x7f7e541051f0 unknown :-1 s=CLOSED pgs=71 cs=0 l=1 rev1=1 crypto rx=0 tx=0 comp rx=0 tx=0).stop
2026-03-08T23:59:21.053 INFO:teuthology.orchestra.run.vm03.stdout:/usr/bin/ceph: stderr
2026-03-08T23:59:20.875+0000 7f7e5b25a700 1 -- 192.168.123.103:0/3047260273 >> 192.168.123.103:0/3047260273 conn(0x7f7e54100350 msgr2=0x7f7e541027b0 unknown :-1 s=STATE_NONE l=0).mark_down
2026-03-08T23:59:21.053 INFO:teuthology.orchestra.run.vm03.stdout:/usr/bin/ceph: stderr
2026-03-08T23:59:20.875+0000 7f7e5b25a700 1 -- 192.168.123.103:0/3047260273 shutdown_connections
2026-03-08T23:59:21.053 INFO:teuthology.orchestra.run.vm03.stdout:/usr/bin/ceph: stderr
2026-03-08T23:59:20.875+0000 7f7e5b25a700 1 -- 192.168.123.103:0/3047260273 wait complete.
2026-03-08T23:59:21.053 INFO:teuthology.orchestra.run.vm03.stdout:/usr/bin/ceph: stderr
2026-03-08T23:59:20.875+0000 7f7e5b25a700 1 Processor -- start
2026-03-08T23:59:21.053 INFO:teuthology.orchestra.run.vm03.stdout:/usr/bin/ceph: stderr
2026-03-08T23:59:20.876+0000 7f7e5b25a700 1 -- start start
2026-03-08T23:59:21.053 INFO:teuthology.orchestra.run.vm03.stdout:/usr/bin/ceph: stderr
2026-03-08T23:59:20.876+0000 7f7e5b25a700 1 --2- >> [v2:192.168.123.103:3300/0,v1:192.168.123.103:6789/0] conn(0x7f7e54104dd0 0x7f7e541abb40 unknown :-1 s=NONE pgs=0 cs=0 l=1 rev1=0 crypto rx=0 tx=0 comp rx=0 tx=0).connect
2026-03-08T23:59:21.053 INFO:teuthology.orchestra.run.vm03.stdout:/usr/bin/ceph: stderr
2026-03-08T23:59:20.876+0000 7f7e5b25a700 1 -- --> [v2:192.168.123.103:3300/0,v1:192.168.123.103:6789/0] -- mon_getmap magic: 0 v1 -- 0x7f7e48003e00 con 0x7f7e54104dd0
2026-03-08T23:59:21.053 INFO:teuthology.orchestra.run.vm03.stdout:/usr/bin/ceph: stderr
2026-03-08T23:59:20.876+0000 7f7e58ff6700 1 --2- >> [v2:192.168.123.103:3300/0,v1:192.168.123.103:6789/0] conn(0x7f7e54104dd0 0x7f7e541abb40 unknown :-1 s=BANNER_CONNECTING pgs=0 cs=0 l=1 rev1=0 crypto rx=0 tx=0 comp rx=0 tx=0)._handle_peer_banner_payload supported=3 required=0
2026-03-08T23:59:21.053 INFO:teuthology.orchestra.run.vm03.stdout:/usr/bin/ceph: stderr
2026-03-08T23:59:20.876+0000 7f7e58ff6700 1 --2- >> [v2:192.168.123.103:3300/0,v1:192.168.123.103:6789/0] conn(0x7f7e54104dd0 0x7f7e541abb40 unknown :-1 s=HELLO_CONNECTING pgs=0 cs=0 l=1 rev1=1 crypto rx=0 tx=0 comp rx=0 tx=0).handle_hello peer v2:192.168.123.103:3300/0 says I am v2:192.168.123.103:60248/0 (socket says 192.168.123.103:60248)
2026-03-08T23:59:21.053 INFO:teuthology.orchestra.run.vm03.stdout:/usr/bin/ceph: stderr
2026-03-08T23:59:20.876+0000 7f7e58ff6700 1 -- 192.168.123.103:0/2272488853 learned_addr learned my addr 192.168.123.103:0/2272488853 (peer_addr_for_me v2:192.168.123.103:0/0)
2026-03-08T23:59:21.053 INFO:teuthology.orchestra.run.vm03.stdout:/usr/bin/ceph: stderr
2026-03-08T23:59:20.876+0000 7f7e58ff6700 1 -- 192.168.123.103:0/2272488853 --> [v2:192.168.123.103:3300/0,v1:192.168.123.103:6789/0] -- mon_subscribe({config=0+,monmap=0+}) v3 -- 0x7f7e4800b9e0 con 0x7f7e54104dd0
2026-03-08T23:59:21.053 INFO:teuthology.orchestra.run.vm03.stdout:/usr/bin/ceph: stderr
2026-03-08T23:59:20.876+0000 7f7e58ff6700 1 --2- 192.168.123.103:0/2272488853 >> [v2:192.168.123.103:3300/0,v1:192.168.123.103:6789/0] conn(0x7f7e54104dd0 0x7f7e541abb40 secure :-1 s=READY pgs=72 cs=0 l=1 rev1=1 crypto rx=0x7f7e480039a0 tx=0x7f7e480179c0 comp rx=0 tx=0).ready entity=mon.0 client_cookie=0 server_cookie=0 in_seq=0 out_seq=0
2026-03-08T23:59:21.053 INFO:teuthology.orchestra.run.vm03.stdout:/usr/bin/ceph: stderr
2026-03-08T23:59:20.878+0000 7f7e51ffb700 1 -- 192.168.123.103:0/2272488853 <== mon.0 v2:192.168.123.103:3300/0 1 ==== mon_map magic: 0 v1 ==== 214+0+0 (secure 0 0 0) 0x7f7e48009040 con 0x7f7e54104dd0
2026-03-08T23:59:21.053 INFO:teuthology.orchestra.run.vm03.stdout:/usr/bin/ceph: stderr
2026-03-08T23:59:20.878+0000 7f7e5b25a700 1 -- 192.168.123.103:0/2272488853 --> [v2:192.168.123.103:3300/0,v1:192.168.123.103:6789/0] -- mon_subscribe({mgrmap=0+}) v3 -- 0x7f7e54198980 con 0x7f7e54104dd0
2026-03-08T23:59:21.053 INFO:teuthology.orchestra.run.vm03.stdout:/usr/bin/ceph: stderr
2026-03-08T23:59:20.878+0000 7f7e5b25a700 1 -- 192.168.123.103:0/2272488853 --> [v2:192.168.123.103:3300/0,v1:192.168.123.103:6789/0] -- mon_subscribe({osdmap=0}) v3 -- 0x7f7e541ac310 con 0x7f7e54104dd0
2026-03-08T23:59:21.053 INFO:teuthology.orchestra.run.vm03.stdout:/usr/bin/ceph: stderr
2026-03-08T23:59:20.878+0000 7f7e51ffb700 1 -- 192.168.123.103:0/2272488853 <== mon.0 v2:192.168.123.103:3300/0 2 ==== config(28 keys) v1 ==== 1139+0+0 (secure 0 0 0) 0x7f7e4800be80 con 0x7f7e54104dd0
2026-03-08T23:59:21.053 INFO:teuthology.orchestra.run.vm03.stdout:/usr/bin/ceph: stderr
2026-03-08T23:59:20.879+0000 7f7e5b25a700 1 -- 192.168.123.103:0/2272488853 --> [v2:192.168.123.103:3300/0,v1:192.168.123.103:6789/0] -- mon_command({"prefix": "get_command_descriptions"} v 0) v1 -- 0x7f7e54191a80 con 0x7f7e54104dd0
2026-03-08T23:59:21.053 INFO:teuthology.orchestra.run.vm03.stdout:/usr/bin/ceph: stderr
2026-03-08T23:59:20.879+0000 7f7e51ffb700 1 -- 192.168.123.103:0/2272488853 <== mon.0 v2:192.168.123.103:3300/0 3 ==== mon_map magic: 0 v1 ==== 214+0+0 (secure 0 0 0) 0x7f7e480163c0 con 0x7f7e54104dd0
2026-03-08T23:59:21.053 INFO:teuthology.orchestra.run.vm03.stdout:/usr/bin/ceph: stderr
2026-03-08T23:59:20.882+0000 7f7e51ffb700 1 -- 192.168.123.103:0/2272488853 <== mon.0 v2:192.168.123.103:3300/0 4 ==== mgrmap(e 9) v1 ==== 45291+0+0 (secure 0 0 0) 0x7f7e48015070 con 0x7f7e54104dd0
2026-03-08T23:59:21.053 INFO:teuthology.orchestra.run.vm03.stdout:/usr/bin/ceph: stderr
2026-03-08T23:59:20.882+0000 7f7e51ffb700 1 --2- 192.168.123.103:0/2272488853 >> [v2:192.168.123.103:6800/2,v1:192.168.123.103:6801/2] conn(0x7f7e44038460 0x7f7e4403a920 unknown :-1 s=NONE pgs=0 cs=0 l=1 rev1=0 crypto rx=0 tx=0 comp rx=0 tx=0).connect
2026-03-08T23:59:21.053 INFO:teuthology.orchestra.run.vm03.stdout:/usr/bin/ceph: stderr
2026-03-08T23:59:20.882+0000 7f7e53fff700 1 -- 192.168.123.103:0/2272488853 >> [v2:192.168.123.103:6800/2,v1:192.168.123.103:6801/2] conn(0x7f7e44038460 msgr2=0x7f7e4403a920 unknown :-1 s=STATE_CONNECTING_RE l=1).process reconnect failed to v2:192.168.123.103:6800/2
2026-03-08T23:59:21.053 INFO:teuthology.orchestra.run.vm03.stdout:/usr/bin/ceph: stderr
2026-03-08T23:59:20.882+0000 7f7e53fff700 1 --2- 192.168.123.103:0/2272488853 >> [v2:192.168.123.103:6800/2,v1:192.168.123.103:6801/2] conn(0x7f7e44038460 0x7f7e4403a920 unknown :-1 s=START_CONNECT pgs=0 cs=0 l=1 rev1=0 crypto rx=0 tx=0 comp rx=0 tx=0)._fault waiting 0.200000
2026-03-08T23:59:21.053 INFO:teuthology.orchestra.run.vm03.stdout:/usr/bin/ceph: stderr
2026-03-08T23:59:20.883+0000 7f7e51ffb700 1 -- 192.168.123.103:0/2272488853 <== mon.0 v2:192.168.123.103:3300/0 5 ==== osd_map(2..2 src has 1..2) v4 ==== 940+0+0 (secure 0 0 0) 0x7f7e4804d460 con 0x7f7e54104dd0
2026-03-08T23:59:21.053 INFO:teuthology.orchestra.run.vm03.stdout:/usr/bin/ceph: stderr
2026-03-08T23:59:20.883+0000 7f7e51ffb700 1 -- 192.168.123.103:0/2272488853 <== mon.0 v2:192.168.123.103:3300/0 6 ==== mon_command_ack([{"prefix": "get_command_descriptions"}]=0 v0) v1 ==== 72+0+180422 (secure 0 0 0) 0x7f7e4804f930 con 0x7f7e54104dd0
2026-03-08T23:59:21.053 INFO:teuthology.orchestra.run.vm03.stdout:/usr/bin/ceph: stderr
2026-03-08T23:59:21.012+0000 7f7e5b25a700 1 -- 192.168.123.103:0/2272488853 --> [v2:192.168.123.103:3300/0,v1:192.168.123.103:6789/0] -- mon_command({"prefix": "mgr stat"} v 0) v1 -- 0x7f7e540623f0 con 0x7f7e54104dd0
2026-03-08T23:59:21.053 INFO:teuthology.orchestra.run.vm03.stdout:/usr/bin/ceph: stderr
2026-03-08T23:59:21.013+0000 7f7e51ffb700 1 -- 192.168.123.103:0/2272488853 <== mon.0 v2:192.168.123.103:3300/0 7 ==== mon_command_ack([{"prefix": "mgr stat"}]=0 v9) v1 ==== 56+0+98 (secure 0 0 0) 0x7f7e48026900 con 0x7f7e54104dd0
2026-03-08T23:59:21.053 INFO:teuthology.orchestra.run.vm03.stdout:/usr/bin/ceph: stderr
2026-03-08T23:59:21.016+0000 7f7e3f7fe700 1 -- 192.168.123.103:0/2272488853 >> [v2:192.168.123.103:6800/2,v1:192.168.123.103:6801/2] conn(0x7f7e44038460 msgr2=0x7f7e4403a920 unknown :-1 s=STATE_CONNECTING l=1).mark_down
2026-03-08T23:59:21.053 INFO:teuthology.orchestra.run.vm03.stdout:/usr/bin/ceph: stderr
2026-03-08T23:59:21.016+0000 7f7e3f7fe700 1 --2- 192.168.123.103:0/2272488853 >> [v2:192.168.123.103:6800/2,v1:192.168.123.103:6801/2] conn(0x7f7e44038460 0x7f7e4403a920 unknown :-1 s=START_CONNECT pgs=0 cs=0 l=1 rev1=0 crypto rx=0 tx=0 comp rx=0 tx=0).stop
2026-03-08T23:59:21.053 INFO:teuthology.orchestra.run.vm03.stdout:/usr/bin/ceph: stderr
2026-03-08T23:59:21.016+0000 7f7e3f7fe700 1 -- 192.168.123.103:0/2272488853 >> [v2:192.168.123.103:3300/0,v1:192.168.123.103:6789/0] conn(0x7f7e54104dd0 msgr2=0x7f7e541abb40 secure :-1 s=STATE_CONNECTION_ESTABLISHED l=1).mark_down
2026-03-08T23:59:21.053 INFO:teuthology.orchestra.run.vm03.stdout:/usr/bin/ceph: stderr
2026-03-08T23:59:21.016+0000 7f7e3f7fe700 1 --2- 192.168.123.103:0/2272488853 >> [v2:192.168.123.103:3300/0,v1:192.168.123.103:6789/0] conn(0x7f7e54104dd0 0x7f7e541abb40 secure :-1 s=READY pgs=72 cs=0 l=1 rev1=1 crypto rx=0x7f7e480039a0 tx=0x7f7e480179c0 comp rx=0 tx=0).stop
2026-03-08T23:59:21.053 INFO:teuthology.orchestra.run.vm03.stdout:/usr/bin/ceph: stderr
2026-03-08T23:59:21.016+0000 7f7e3f7fe700 1 -- 192.168.123.103:0/2272488853 shutdown_connections
2026-03-08T23:59:21.053 INFO:teuthology.orchestra.run.vm03.stdout:/usr/bin/ceph: stderr
2026-03-08T23:59:21.016+0000 7f7e3f7fe700 1 --2- 192.168.123.103:0/2272488853 >> [v2:192.168.123.103:6800/2,v1:192.168.123.103:6801/2] conn(0x7f7e44038460 0x7f7e4403a920 unknown :-1 s=CLOSED pgs=0 cs=0 l=1 rev1=0 crypto rx=0 tx=0 comp rx=0 tx=0).stop
2026-03-08T23:59:21.053 INFO:teuthology.orchestra.run.vm03.stdout:/usr/bin/ceph: stderr
2026-03-08T23:59:21.016+0000 7f7e3f7fe700 1 --2- 192.168.123.103:0/2272488853 >> [v2:192.168.123.103:3300/0,v1:192.168.123.103:6789/0] conn(0x7f7e54104dd0 0x7f7e541abb40 unknown :-1 s=CLOSED pgs=72 cs=0 l=1 rev1=1 crypto rx=0 tx=0 comp rx=0 tx=0).stop
2026-03-08T23:59:21.053 INFO:teuthology.orchestra.run.vm03.stdout:/usr/bin/ceph: stderr
2026-03-08T23:59:21.016+0000 7f7e3f7fe700 1 -- 192.168.123.103:0/2272488853 >> 192.168.123.103:0/2272488853 conn(0x7f7e54100350 msgr2=0x7f7e5418c790 unknown :-1 s=STATE_NONE l=0).mark_down
2026-03-08T23:59:21.053 INFO:teuthology.orchestra.run.vm03.stdout:/usr/bin/ceph: stderr
2026-03-08T23:59:21.017+0000 7f7e3f7fe700 1 -- 192.168.123.103:0/2272488853 shutdown_connections
2026-03-08T23:59:21.053 INFO:teuthology.orchestra.run.vm03.stdout:/usr/bin/ceph: stderr
2026-03-08T23:59:21.017+0000 7f7e3f7fe700 1 -- 192.168.123.103:0/2272488853 wait complete.
2026-03-08T23:59:21.053 INFO:teuthology.orchestra.run.vm03.stdout:Waiting for the mgr to restart...
2026-03-08T23:59:21.053 INFO:teuthology.orchestra.run.vm03.stdout:Waiting for mgr epoch 9...
2026-03-08T23:59:21.967 INFO:journalctl@ceph.mon.vm03.vm03.stdout:Mar 08 23:59:21 vm03 ceph-mon[52346]: from='client.? 192.168.123.103:0/3632159329' entity='client.admin' cmd='[{"prefix": "mgr module enable", "module": "dashboard"}]': finished
2026-03-08T23:59:21.967 INFO:journalctl@ceph.mon.vm03.vm03.stdout:Mar 08 23:59:21 vm03 ceph-mon[52346]: mgrmap e9: vm03.yvcons(active, since 8s)
2026-03-08T23:59:21.967 INFO:journalctl@ceph.mon.vm03.vm03.stdout:Mar 08 23:59:21 vm03 ceph-mon[52346]: from='client.? 192.168.123.103:0/2272488853' entity='client.admin' cmd=[{"prefix": "mgr stat"}]: dispatch
2026-03-08T23:59:25.838 INFO:journalctl@ceph.mon.vm03.vm03.stdout:Mar 08 23:59:25 vm03 ceph-mon[52346]: Active manager daemon vm03.yvcons restarted
2026-03-08T23:59:25.838 INFO:journalctl@ceph.mon.vm03.vm03.stdout:Mar 08 23:59:25 vm03 ceph-mon[52346]: Activating manager daemon vm03.yvcons
2026-03-08T23:59:25.838 INFO:journalctl@ceph.mon.vm03.vm03.stdout:Mar 08 23:59:25 vm03 ceph-mon[52346]: osdmap e3: 0 total, 0 up, 0 in
2026-03-08T23:59:25.838 INFO:journalctl@ceph.mon.vm03.vm03.stdout:Mar 08 23:59:25 vm03 ceph-mon[52346]: mgrmap e10: vm03.yvcons(active, starting, since 0.0483688s)
2026-03-08T23:59:25.838 INFO:journalctl@ceph.mon.vm03.vm03.stdout:Mar 08 23:59:25 vm03 ceph-mon[52346]: from='mgr.14164 192.168.123.103:0/2' entity='mgr.vm03.yvcons' cmd=[{"prefix": "mon metadata", "id": "vm03"}]: dispatch
2026-03-08T23:59:25.838 INFO:journalctl@ceph.mon.vm03.vm03.stdout:Mar 08 23:59:25 vm03 ceph-mon[52346]: from='mgr.14164 192.168.123.103:0/2' entity='mgr.vm03.yvcons' cmd=[{"prefix": "mgr metadata", "who": "vm03.yvcons", "id": "vm03.yvcons"}]: dispatch
2026-03-08T23:59:25.838 INFO:journalctl@ceph.mon.vm03.vm03.stdout:Mar 08 23:59:25 vm03 ceph-mon[52346]: from='mgr.14164 192.168.123.103:0/2' entity='mgr.vm03.yvcons' cmd=[{"prefix": "mds metadata"}]: dispatch
2026-03-08T23:59:25.838 INFO:journalctl@ceph.mon.vm03.vm03.stdout:Mar 08 23:59:25 vm03 ceph-mon[52346]: from='mgr.14164 192.168.123.103:0/2' entity='mgr.vm03.yvcons' cmd=[{"prefix": "osd metadata"}]: dispatch
2026-03-08T23:59:25.838 INFO:journalctl@ceph.mon.vm03.vm03.stdout:Mar 08 23:59:25 vm03 ceph-mon[52346]: from='mgr.14164 192.168.123.103:0/2' entity='mgr.vm03.yvcons' cmd=[{"prefix": "mon metadata"}]: dispatch
2026-03-08T23:59:25.838 INFO:journalctl@ceph.mon.vm03.vm03.stdout:Mar 08 23:59:25 vm03 ceph-mon[52346]: Manager daemon vm03.yvcons is now available
2026-03-08T23:59:25.838 INFO:journalctl@ceph.mon.vm03.vm03.stdout:Mar 08 23:59:25 vm03 ceph-mon[52346]: from='mgr.14164 192.168.123.103:0/2' entity='mgr.vm03.yvcons' cmd=[{"prefix": "config dump", "format": "json"}]: dispatch
2026-03-08T23:59:25.838 INFO:journalctl@ceph.mon.vm03.vm03.stdout:Mar 08 23:59:25 vm03 ceph-mon[52346]: from='mgr.14164 192.168.123.103:0/2' entity='mgr.vm03.yvcons' cmd=[{"prefix": "config dump", "format": "json"}]: dispatch
2026-03-08T23:59:26.551 INFO:teuthology.orchestra.run.vm03.stdout:/usr/bin/ceph: stdout {
2026-03-08T23:59:26.551 INFO:teuthology.orchestra.run.vm03.stdout:/usr/bin/ceph: stdout "mgrmap_epoch": 11,
2026-03-08T23:59:26.551 INFO:teuthology.orchestra.run.vm03.stdout:/usr/bin/ceph: stdout "initialized": true
2026-03-08T23:59:26.551 INFO:teuthology.orchestra.run.vm03.stdout:/usr/bin/ceph: stdout }
2026-03-08T23:59:26.551 INFO:teuthology.orchestra.run.vm03.stdout:/usr/bin/ceph: stderr
2026-03-08T23:59:21.195+0000 7f7ef1067700 1 Processor -- start
2026-03-08T23:59:26.551 INFO:teuthology.orchestra.run.vm03.stdout:/usr/bin/ceph: stderr
2026-03-08T23:59:21.195+0000 7f7ef1067700 1 -- start start
2026-03-08T23:59:26.551 INFO:teuthology.orchestra.run.vm03.stdout:/usr/bin/ceph: stderr
2026-03-08T23:59:21.195+0000 7f7ef1067700 1 --2- >> [v2:192.168.123.103:3300/0,v1:192.168.123.103:6789/0] conn(0x7f7eec0721d0 0x7f7eec0725f0 unknown :-1 s=NONE pgs=0 cs=0 l=0 rev1=0 crypto rx=0 tx=0 comp rx=0 tx=0).connect
2026-03-08T23:59:26.551 INFO:teuthology.orchestra.run.vm03.stdout:/usr/bin/ceph: stderr
2026-03-08T23:59:21.195+0000 7f7ef1067700 1 -- --> [v2:192.168.123.103:3300/0,v1:192.168.123.103:6789/0] -- mon_getmap magic: 0 v1 -- 0x7f7eec072bc0 con 0x7f7eec0721d0
2026-03-08T23:59:26.551 INFO:teuthology.orchestra.run.vm03.stdout:/usr/bin/ceph: stderr
2026-03-08T23:59:21.195+0000 7f7eebfff700 1 --2- >> [v2:192.168.123.103:3300/0,v1:192.168.123.103:6789/0] conn(0x7f7eec0721d0 0x7f7eec0725f0 unknown :-1 s=BANNER_CONNECTING pgs=0 cs=0 l=0 rev1=0 crypto rx=0 tx=0 comp rx=0 tx=0)._handle_peer_banner_payload supported=3 required=0
2026-03-08T23:59:26.551 INFO:teuthology.orchestra.run.vm03.stdout:/usr/bin/ceph: stderr
2026-03-08T23:59:21.195+0000 7f7eebfff700 1 --2- >> [v2:192.168.123.103:3300/0,v1:192.168.123.103:6789/0] conn(0x7f7eec0721d0 0x7f7eec0725f0 unknown :-1 s=HELLO_CONNECTING pgs=0 cs=0 l=0 rev1=1 crypto rx=0 tx=0 comp rx=0 tx=0).handle_hello peer v2:192.168.123.103:3300/0 says I am v2:192.168.123.103:60256/0 (socket says 192.168.123.103:60256)
2026-03-08T23:59:26.551 INFO:teuthology.orchestra.run.vm03.stdout:/usr/bin/ceph: stderr
2026-03-08T23:59:21.195+0000 7f7eebfff700 1 -- 192.168.123.103:0/1792212402 learned_addr learned my addr 192.168.123.103:0/1792212402 (peer_addr_for_me v2:192.168.123.103:0/0)
2026-03-08T23:59:26.551 INFO:teuthology.orchestra.run.vm03.stdout:/usr/bin/ceph: stderr
2026-03-08T23:59:21.195+0000 7f7eebfff700 1 -- 192.168.123.103:0/1792212402 --> [v2:192.168.123.103:3300/0,v1:192.168.123.103:6789/0] -- mon_subscribe({config=0+,monmap=0+}) v3 -- 0x7f7eec10e1c0 con 0x7f7eec0721d0
2026-03-08T23:59:26.552 INFO:teuthology.orchestra.run.vm03.stdout:/usr/bin/ceph: stderr
2026-03-08T23:59:21.196+0000 7f7eebfff700 1 --2- 192.168.123.103:0/1792212402 >> [v2:192.168.123.103:3300/0,v1:192.168.123.103:6789/0] conn(0x7f7eec0721d0 0x7f7eec0725f0 secure :-1 s=READY pgs=73 cs=0 l=1 rev1=1 crypto rx=0x7f7edc00d180 tx=0x7f7edc00d490 comp rx=0 tx=0).ready entity=mon.0 client_cookie=6712991c4fbb4810 server_cookie=0 in_seq=0 out_seq=0
2026-03-08T23:59:26.552 INFO:teuthology.orchestra.run.vm03.stdout:/usr/bin/ceph: stderr
2026-03-08T23:59:21.196+0000 7f7eeaffd700 1 -- 192.168.123.103:0/1792212402 <== mon.0 v2:192.168.123.103:3300/0 1 ==== mon_map magic: 0 v1 ==== 214+0+0 (secure 0 0 0) 0x7f7edc010070 con 0x7f7eec0721d0
2026-03-08T23:59:26.552 INFO:teuthology.orchestra.run.vm03.stdout:/usr/bin/ceph: stderr
2026-03-08T23:59:21.196+0000 7f7eeaffd700 1 -- 192.168.123.103:0/1792212402 <== mon.0 v2:192.168.123.103:3300/0 2 ==== config(28 keys) v1 ==== 1139+0+0 (secure 0 0 0) 0x7f7edc004510 con 0x7f7eec0721d0
2026-03-08T23:59:26.552 INFO:teuthology.orchestra.run.vm03.stdout:/usr/bin/ceph: stderr
2026-03-08T23:59:21.196+0000 7f7ef1067700 1 -- 192.168.123.103:0/1792212402 >> [v2:192.168.123.103:3300/0,v1:192.168.123.103:6789/0] conn(0x7f7eec0721d0 msgr2=0x7f7eec0725f0 secure :-1 s=STATE_CONNECTION_ESTABLISHED l=1).mark_down
2026-03-08T23:59:26.552 INFO:teuthology.orchestra.run.vm03.stdout:/usr/bin/ceph: stderr
2026-03-08T23:59:21.196+0000 7f7ef1067700 1 --2- 192.168.123.103:0/1792212402 >> [v2:192.168.123.103:3300/0,v1:192.168.123.103:6789/0] conn(0x7f7eec0721d0 0x7f7eec0725f0 secure :-1 s=READY pgs=73 cs=0 l=1 rev1=1 crypto rx=0x7f7edc00d180 tx=0x7f7edc00d490 comp rx=0 tx=0).stop
2026-03-08T23:59:26.552 INFO:teuthology.orchestra.run.vm03.stdout:/usr/bin/ceph: stderr
2026-03-08T23:59:21.196+0000 7f7ef1067700 1 -- 192.168.123.103:0/1792212402 shutdown_connections
2026-03-08T23:59:26.552 INFO:teuthology.orchestra.run.vm03.stdout:/usr/bin/ceph: stderr
2026-03-08T23:59:21.196+0000 7f7ef1067700 1 --2- 192.168.123.103:0/1792212402 >> [v2:192.168.123.103:3300/0,v1:192.168.123.103:6789/0] conn(0x7f7eec0721d0 0x7f7eec0725f0 unknown :-1 s=CLOSED pgs=73 cs=0 l=1 rev1=1 crypto rx=0 tx=0 comp rx=0 tx=0).stop
2026-03-08T23:59:26.552 INFO:teuthology.orchestra.run.vm03.stdout:/usr/bin/ceph: stderr
2026-03-08T23:59:21.196+0000 7f7ef1067700 1 -- 192.168.123.103:0/1792212402 >> 192.168.123.103:0/1792212402 conn(0x7f7eec06d320 msgr2=0x7f7eec06f760 unknown :-1 s=STATE_NONE l=0).mark_down
2026-03-08T23:59:26.552 INFO:teuthology.orchestra.run.vm03.stdout:/usr/bin/ceph: stderr
2026-03-08T23:59:21.197+0000 7f7ef1067700 1 -- 192.168.123.103:0/1792212402 shutdown_connections
2026-03-08T23:59:26.552 INFO:teuthology.orchestra.run.vm03.stdout:/usr/bin/ceph: stderr
2026-03-08T23:59:21.197+0000 7f7ef1067700 1 -- 192.168.123.103:0/1792212402 wait complete.
2026-03-08T23:59:26.552 INFO:teuthology.orchestra.run.vm03.stdout:/usr/bin/ceph: stderr
2026-03-08T23:59:21.197+0000 7f7ef1067700 1 Processor -- start
2026-03-08T23:59:26.552 INFO:teuthology.orchestra.run.vm03.stdout:/usr/bin/ceph: stderr
2026-03-08T23:59:21.197+0000 7f7ef1067700 1 -- start start
2026-03-08T23:59:26.552 INFO:teuthology.orchestra.run.vm03.stdout:/usr/bin/ceph: stderr
2026-03-08T23:59:21.197+0000 7f7ef1067700 1 --2- >> [v2:192.168.123.103:3300/0,v1:192.168.123.103:6789/0] conn(0x7f7eec1a09e0 0x7f7eec1a0e00 unknown :-1 s=NONE pgs=0 cs=0 l=1 rev1=0 crypto rx=0 tx=0 comp rx=0 tx=0).connect
2026-03-08T23:59:26.552 INFO:teuthology.orchestra.run.vm03.stdout:/usr/bin/ceph: stderr
2026-03-08T23:59:21.197+0000 7f7ef1067700 1 -- --> [v2:192.168.123.103:3300/0,v1:192.168.123.103:6789/0] -- mon_getmap magic: 0 v1 -- 0x7f7edc003c20 con 0x7f7eec1a09e0
2026-03-08T23:59:26.552 INFO:teuthology.orchestra.run.vm03.stdout:/usr/bin/ceph: stderr
2026-03-08T23:59:21.197+0000 7f7eebfff700 1 --2- >> [v2:192.168.123.103:3300/0,v1:192.168.123.103:6789/0] conn(0x7f7eec1a09e0 0x7f7eec1a0e00 unknown :-1 s=BANNER_CONNECTING pgs=0 cs=0 l=1 rev1=0 crypto rx=0 tx=0 comp rx=0 tx=0)._handle_peer_banner_payload supported=3 required=0
2026-03-08T23:59:26.552 INFO:teuthology.orchestra.run.vm03.stdout:/usr/bin/ceph: stderr
2026-03-08T23:59:21.197+0000 7f7eebfff700 1 --2- >> [v2:192.168.123.103:3300/0,v1:192.168.123.103:6789/0] conn(0x7f7eec1a09e0 0x7f7eec1a0e00 unknown :-1 s=HELLO_CONNECTING pgs=0 cs=0 l=1 rev1=1 crypto rx=0 tx=0 comp rx=0 tx=0).handle_hello peer v2:192.168.123.103:3300/0 says I am v2:192.168.123.103:60258/0 (socket says 192.168.123.103:60258)
2026-03-08T23:59:26.552 INFO:teuthology.orchestra.run.vm03.stdout:/usr/bin/ceph: stderr
2026-03-08T23:59:21.197+0000 7f7eebfff700 1 -- 192.168.123.103:0/2503766564 learned_addr learned my addr 192.168.123.103:0/2503766564 (peer_addr_for_me v2:192.168.123.103:0/0)
2026-03-08T23:59:26.552 INFO:teuthology.orchestra.run.vm03.stdout:/usr/bin/ceph: stderr
2026-03-08T23:59:21.198+0000 7f7eebfff700 1 -- 192.168.123.103:0/2503766564 --> [v2:192.168.123.103:3300/0,v1:192.168.123.103:6789/0] -- mon_subscribe({config=0+,monmap=0+}) v3 -- 0x7f7edc0087c0 con 0x7f7eec1a09e0
2026-03-08T23:59:26.552 INFO:teuthology.orchestra.run.vm03.stdout:/usr/bin/ceph: stderr
2026-03-08T23:59:21.198+0000 7f7eebfff700 1 --2- 192.168.123.103:0/2503766564 >> [v2:192.168.123.103:3300/0,v1:192.168.123.103:6789/0] conn(0x7f7eec1a09e0 0x7f7eec1a0e00 secure :-1 s=READY pgs=74 cs=0 l=1 rev1=1 crypto rx=0x7f7edc004210 tx=0x7f7edc0042f0 comp rx=0 tx=0).ready entity=mon.0 client_cookie=0 server_cookie=0 in_seq=0 out_seq=0
2026-03-08T23:59:26.552 INFO:teuthology.orchestra.run.vm03.stdout:/usr/bin/ceph: stderr
2026-03-08T23:59:21.198+0000 7f7ee97fa700 1 -- 192.168.123.103:0/2503766564 <== mon.0 v2:192.168.123.103:3300/0 1 ==== mon_map magic: 0 v1 ==== 214+0+0 (secure 0 0 0) 0x7f7edc010040 con 0x7f7eec1a09e0
2026-03-08T23:59:26.552 INFO:teuthology.orchestra.run.vm03.stdout:/usr/bin/ceph: stderr
2026-03-08T23:59:21.198+0000 7f7ef1067700 1 -- 192.168.123.103:0/2503766564 --> [v2:192.168.123.103:3300/0,v1:192.168.123.103:6789/0] -- mon_subscribe({mgrmap=0+}) v3 -- 0x7f7eec1a1340 con 0x7f7eec1a09e0
2026-03-08T23:59:26.552 INFO:teuthology.orchestra.run.vm03.stdout:/usr/bin/ceph: stderr
2026-03-08T23:59:21.198+0000 7f7ef1067700 1 -- 192.168.123.103:0/2503766564 --> [v2:192.168.123.103:3300/0,v1:192.168.123.103:6789/0] -- mon_subscribe({osdmap=0}) v3 -- 0x7f7eec1a1fb0 con 0x7f7eec1a09e0
