2026-03-08T23:59:03.678+0000 7f0e62ffd700 1 --2- >> [v2:192.168.123.103:3300/0,v1:192.168.123.103:6789/0] conn(0x7f0e64071e00 0x7f0e64072220 unknown :-1 s=HELLO_CONNECTING pgs=0 cs=0 l=0 rev1=1 crypto rx=0 tx=0 comp rx=0 tx=0).handle_hello peer v2:192.168.123.103:3300/0 says I am v2:192.168.123.103:60282/0 (socket says 192.168.123.103:60282)
2026-03-08T23:59:03.797 INFO:teuthology.orchestra.run.vm03.stdout:/usr/bin/ceph: stderr
2026-03-08T23:59:03.678+0000 7f0e62ffd700 1 -- 192.168.123.103:0/788364281 learned_addr learned my addr 192.168.123.103:0/788364281 (peer_addr_for_me v2:192.168.123.103:0/0)
2026-03-08T23:59:03.797 INFO:teuthology.orchestra.run.vm03.stdout:/usr/bin/ceph: stderr
2026-03-08T23:59:03.678+0000 7f0e62ffd700 1 -- 192.168.123.103:0/788364281 --> [v2:192.168.123.103:3300/0,v1:192.168.123.103:6789/0] -- mon_subscribe({config=0+,monmap=0+}) v3 -- 0x7f0e6410ddb0 con 0x7f0e64071e00
2026-03-08T23:59:03.797 INFO:teuthology.orchestra.run.vm03.stdout:/usr/bin/ceph: stderr
2026-03-08T23:59:03.678+0000 7f0e62ffd700 1 --2- 192.168.123.103:0/788364281 >> [v2:192.168.123.103:3300/0,v1:192.168.123.103:6789/0] conn(0x7f0e64071e00 0x7f0e64072220 secure :-1 s=READY pgs=9 cs=0 l=1 rev1=1 crypto rx=0x7f0e54009cf0 tx=0x7f0e5400b0e0 comp rx=0 tx=0).ready entity=mon.0 client_cookie=764ba3dce6b93678 server_cookie=0 in_seq=0 out_seq=0
2026-03-08T23:59:03.797 INFO:teuthology.orchestra.run.vm03.stdout:/usr/bin/ceph: stderr
2026-03-08T23:59:03.681+0000 7f0e61ffb700 1 -- 192.168.123.103:0/788364281 <== mon.0 v2:192.168.123.103:3300/0 1 ==== mon_map magic: 0 v1 ==== 214+0+0 (secure 0 0 0) 0x7f0e54004030 con 0x7f0e64071e00
2026-03-08T23:59:03.797 INFO:teuthology.orchestra.run.vm03.stdout:/usr/bin/ceph: stderr
2026-03-08T23:59:03.681+0000 7f0e61ffb700 1 -- 192.168.123.103:0/788364281 <== mon.0 v2:192.168.123.103:3300/0 2 ==== config(28 keys) v1 ==== 1075+0+0 (secure 0 0 0) 0x7f0e5400b810 con 0x7f0e64071e00
2026-03-08T23:59:03.797 INFO:teuthology.orchestra.run.vm03.stdout:/usr/bin/ceph: stderr
2026-03-08T23:59:03.681+0000 7f0e61ffb700 1 -- 192.168.123.103:0/788364281 <== mon.0 v2:192.168.123.103:3300/0 3 ==== mon_map magic: 0 v1 ==== 214+0+0 (secure 0 0 0) 0x7f0e54003ae0 con 0x7f0e64071e00
2026-03-08T23:59:03.797 INFO:teuthology.orchestra.run.vm03.stdout:/usr/bin/ceph: stderr
2026-03-08T23:59:03.683+0000 7f0e63fff700 1 -- 192.168.123.103:0/788364281 >> [v2:192.168.123.103:3300/0,v1:192.168.123.103:6789/0] conn(0x7f0e64071e00 msgr2=0x7f0e64072220 secure :-1 s=STATE_CONNECTION_ESTABLISHED l=1).mark_down
2026-03-08T23:59:03.797 INFO:teuthology.orchestra.run.vm03.stdout:/usr/bin/ceph: stderr
2026-03-08T23:59:03.683+0000 7f0e63fff700 1 --2- 192.168.123.103:0/788364281 >> [v2:192.168.123.103:3300/0,v1:192.168.123.103:6789/0] conn(0x7f0e64071e00 0x7f0e64072220 secure :-1 s=READY pgs=9 cs=0 l=1 rev1=1 crypto rx=0x7f0e54009cf0 tx=0x7f0e5400b0e0 comp rx=0 tx=0).stop
2026-03-08T23:59:03.797 INFO:teuthology.orchestra.run.vm03.stdout:/usr/bin/ceph: stderr
2026-03-08T23:59:03.683+0000 7f0e63fff700 1 -- 192.168.123.103:0/788364281 shutdown_connections
2026-03-08T23:59:03.797 INFO:teuthology.orchestra.run.vm03.stdout:/usr/bin/ceph: stderr
2026-03-08T23:59:03.683+0000 7f0e63fff700 1 --2- 192.168.123.103:0/788364281 >> [v2:192.168.123.103:3300/0,v1:192.168.123.103:6789/0] conn(0x7f0e64071e00 0x7f0e64072220 unknown :-1 s=CLOSED pgs=9 cs=0 l=1 rev1=1 crypto rx=0 tx=0 comp rx=0 tx=0).stop
2026-03-08T23:59:03.797 INFO:teuthology.orchestra.run.vm03.stdout:/usr/bin/ceph: stderr
2026-03-08T23:59:03.683+0000 7f0e63fff700 1 -- 192.168.123.103:0/788364281 >> 192.168.123.103:0/788364281 conn(0x7f0e6406d320 msgr2=0x7f0e6406f760 unknown :-1 s=STATE_NONE l=0).mark_down
2026-03-08T23:59:03.798 INFO:teuthology.orchestra.run.vm03.stdout:/usr/bin/ceph: stderr
2026-03-08T23:59:03.683+0000 7f0e63fff700 1 -- 192.168.123.103:0/788364281 shutdown_connections
2026-03-08T23:59:03.798 INFO:teuthology.orchestra.run.vm03.stdout:/usr/bin/ceph: stderr
2026-03-08T23:59:03.683+0000 7f0e63fff700 1 -- 192.168.123.103:0/788364281 wait complete.
2026-03-08T23:59:03.798 INFO:teuthology.orchestra.run.vm03.stdout:/usr/bin/ceph: stderr
2026-03-08T23:59:03.684+0000 7f0e63fff700 1 Processor -- start
2026-03-08T23:59:03.798 INFO:teuthology.orchestra.run.vm03.stdout:/usr/bin/ceph: stderr
2026-03-08T23:59:03.684+0000 7f0e63fff700 1 -- start start
2026-03-08T23:59:03.798 INFO:teuthology.orchestra.run.vm03.stdout:/usr/bin/ceph: stderr
2026-03-08T23:59:03.684+0000 7f0e63fff700 1 --2- >> [v2:192.168.123.103:3300/0,v1:192.168.123.103:6789/0] conn(0x7f0e64071e00 0x7f0e6411d360 unknown :-1 s=NONE pgs=0 cs=0 l=1 rev1=0 crypto rx=0 tx=0 comp rx=0 tx=0).connect
2026-03-08T23:59:03.798 INFO:teuthology.orchestra.run.vm03.stdout:/usr/bin/ceph: stderr
2026-03-08T23:59:03.684+0000 7f0e63fff700 1 -- --> [v2:192.168.123.103:3300/0,v1:192.168.123.103:6789/0] -- mon_getmap magic: 0 v1 -- 0x7f0e6411d8a0 con 0x7f0e64071e00
2026-03-08T23:59:03.798 INFO:teuthology.orchestra.run.vm03.stdout:/usr/bin/ceph: stderr
2026-03-08T23:59:03.684+0000 7f0e62ffd700 1 --2- >> [v2:192.168.123.103:3300/0,v1:192.168.123.103:6789/0] conn(0x7f0e64071e00 0x7f0e6411d360 unknown :-1 s=BANNER_CONNECTING pgs=0 cs=0 l=1 rev1=0 crypto rx=0 tx=0 comp rx=0 tx=0)._handle_peer_banner_payload supported=3 required=0
2026-03-08T23:59:03.798 INFO:teuthology.orchestra.run.vm03.stdout:/usr/bin/ceph: stderr
2026-03-08T23:59:03.684+0000 7f0e62ffd700 1 --2- >> [v2:192.168.123.103:3300/0,v1:192.168.123.103:6789/0] conn(0x7f0e64071e00 0x7f0e6411d360 unknown :-1 s=HELLO_CONNECTING pgs=0 cs=0 l=1 rev1=1 crypto rx=0 tx=0 comp rx=0 tx=0).handle_hello peer v2:192.168.123.103:3300/0 says I am v2:192.168.123.103:60294/0 (socket says 192.168.123.103:60294)
2026-03-08T23:59:03.798 INFO:teuthology.orchestra.run.vm03.stdout:/usr/bin/ceph: stderr
2026-03-08T23:59:03.684+0000 7f0e62ffd700 1 -- 192.168.123.103:0/2760042079 learned_addr learned my addr 192.168.123.103:0/2760042079 (peer_addr_for_me v2:192.168.123.103:0/0)
2026-03-08T23:59:03.798 INFO:teuthology.orchestra.run.vm03.stdout:/usr/bin/ceph: stderr
2026-03-08T23:59:03.684+0000 7f0e62ffd700 1 -- 192.168.123.103:0/2760042079 --> [v2:192.168.123.103:3300/0,v1:192.168.123.103:6789/0] -- mon_subscribe({config=0+,monmap=0+}) v3 -- 0x7f0e54009740 con 0x7f0e64071e00
2026-03-08T23:59:03.798 INFO:teuthology.orchestra.run.vm03.stdout:/usr/bin/ceph: stderr
2026-03-08T23:59:03.684+0000 7f0e62ffd700 1 --2- 192.168.123.103:0/2760042079 >> [v2:192.168.123.103:3300/0,v1:192.168.123.103:6789/0] conn(0x7f0e64071e00 0x7f0e6411d360 secure :-1 s=READY pgs=10 cs=0 l=1 rev1=1 crypto rx=0x7f0e54003770 tx=0x7f0e5400bfd0 comp rx=0 tx=0).ready entity=mon.0 client_cookie=0 server_cookie=0 in_seq=0 out_seq=0
2026-03-08T23:59:03.798 INFO:teuthology.orchestra.run.vm03.stdout:/usr/bin/ceph: stderr
2026-03-08T23:59:03.685+0000 7f0e68817700 1 -- 192.168.123.103:0/2760042079 <== mon.0 v2:192.168.123.103:3300/0 1 ==== mon_map magic: 0 v1 ==== 214+0+0 (secure 0 0 0) 0x7f0e54004060 con 0x7f0e64071e00
2026-03-08T23:59:03.798 INFO:teuthology.orchestra.run.vm03.stdout:/usr/bin/ceph: stderr
2026-03-08T23:59:03.685+0000 7f0e63fff700 1 -- 192.168.123.103:0/2760042079 --> [v2:192.168.123.103:3300/0,v1:192.168.123.103:6789/0] -- mon_subscribe({mgrmap=0+}) v3 -- 0x7f0e6411daa0 con 0x7f0e64071e00
2026-03-08T23:59:03.798 INFO:teuthology.orchestra.run.vm03.stdout:/usr/bin/ceph: stderr
2026-03-08T23:59:03.685+0000 7f0e68817700 1 -- 192.168.123.103:0/2760042079 <== mon.0 v2:192.168.123.103:3300/0 2 ==== config(28 keys) v1 ==== 1075+0+0 (secure 0 0 0) 0x7f0e5401a460 con 0x7f0e64071e00
2026-03-08T23:59:03.798 INFO:teuthology.orchestra.run.vm03.stdout:/usr/bin/ceph: stderr
2026-03-08T23:59:03.685+0000 7f0e63fff700 1 -- 192.168.123.103:0/2760042079 --> [v2:192.168.123.103:3300/0,v1:192.168.123.103:6789/0] -- mon_subscribe({osdmap=0}) v3 -- 0x7f0e6411bb80 con 0x7f0e64071e00
2026-03-08T23:59:03.798 INFO:teuthology.orchestra.run.vm03.stdout:/usr/bin/ceph: stderr
2026-03-08T23:59:03.686+0000 7f0e68817700 1 -- 192.168.123.103:0/2760042079 <== mon.0 v2:192.168.123.103:3300/0 3 ==== mon_map magic: 0 v1 ==== 214+0+0 (secure 0 0 0) 0x7f0e540041c0 con 0x7f0e64071e00
2026-03-08T23:59:03.798 INFO:teuthology.orchestra.run.vm03.stdout:/usr/bin/ceph: stderr
2026-03-08T23:59:03.686+0000 7f0e68817700 1 -- 192.168.123.103:0/2760042079 <== mon.0 v2:192.168.123.103:3300/0 4 ==== mgrmap(e 1) v1 ==== 660+0+0 (secure 0 0 0) 0x7f0e54004320 con 0x7f0e64071e00
2026-03-08T23:59:03.798 INFO:teuthology.orchestra.run.vm03.stdout:/usr/bin/ceph: stderr
2026-03-08T23:59:03.686+0000 7f0e68817700 1 -- 192.168.123.103:0/2760042079 <== mon.0 v2:192.168.123.103:3300/0 5 ==== osd_map(1..1 src has 1..1) v4 ==== 725+0+0 (secure 0 0 0) 0x7f0e54011df0 con 0x7f0e64071e00
2026-03-08T23:59:03.798 INFO:teuthology.orchestra.run.vm03.stdout:/usr/bin/ceph: stderr
2026-03-08T23:59:03.687+0000 7f0e63fff700 1 -- 192.168.123.103:0/2760042079 --> [v2:192.168.123.103:3300/0,v1:192.168.123.103:6789/0] -- mon_command({"prefix": "get_command_descriptions"} v 0) v1 -- 0x7f0e6404f070 con 0x7f0e64071e00
2026-03-08T23:59:03.798 INFO:teuthology.orchestra.run.vm03.stdout:/usr/bin/ceph: stderr
2026-03-08T23:59:03.688+0000 7f0e68817700 1 -- 192.168.123.103:0/2760042079 <== mon.0 v2:192.168.123.103:3300/0 6 ==== mon_command_ack([{"prefix": "get_command_descriptions"}]=0 v0) v1 ==== 72+0+72446 (secure 0 0 0) 0x7f0e54028050 con 0x7f0e64071e00
2026-03-08T23:59:03.798 INFO:teuthology.orchestra.run.vm03.stdout:/usr/bin/ceph: stderr
2026-03-08T23:59:03.726+0000 7f0e63fff700 1 -- 192.168.123.103:0/2760042079 --> [v2:192.168.123.103:3300/0,v1:192.168.123.103:6789/0] -- mon_command({"prefix": "status", "format": "json-pretty"} v 0) v1 -- 0x7f0e640623c0 con 0x7f0e64071e00
2026-03-08T23:59:03.798 INFO:teuthology.orchestra.run.vm03.stdout:/usr/bin/ceph: stderr
2026-03-08T23:59:03.727+0000 7f0e68817700 1 -- 192.168.123.103:0/2760042079 <== mon.0 v2:192.168.123.103:3300/0 7 ==== mon_command_ack([{"prefix": "status", "format": "json-pretty"}]=0 v0) v1 ==== 79+0+1241 (secure 0 0 0) 0x7f0e5401e030 con 0x7f0e64071e00
2026-03-08T23:59:03.798 INFO:teuthology.orchestra.run.vm03.stdout:/usr/bin/ceph: stderr
2026-03-08T23:59:03.730+0000 7f0e63fff700 1 -- 192.168.123.103:0/2760042079 >> [v2:192.168.123.103:3300/0,v1:192.168.123.103:6789/0] conn(0x7f0e64071e00 msgr2=0x7f0e6411d360 secure :-1 s=STATE_CONNECTION_ESTABLISHED l=1).mark_down
2026-03-08T23:59:03.798 INFO:teuthology.orchestra.run.vm03.stdout:/usr/bin/ceph: stderr
2026-03-08T23:59:03.730+0000 7f0e63fff700 1 --2- 192.168.123.103:0/2760042079 >> [v2:192.168.123.103:3300/0,v1:192.168.123.103:6789/0] conn(0x7f0e64071e00 0x7f0e6411d360 secure :-1 s=READY pgs=10 cs=0 l=1 rev1=1 crypto rx=0x7f0e54003770 tx=0x7f0e5400bfd0 comp rx=0 tx=0).stop
2026-03-08T23:59:03.799 INFO:teuthology.orchestra.run.vm03.stdout:/usr/bin/ceph: stderr
2026-03-08T23:59:03.731+0000 7f0e63fff700 1 -- 192.168.123.103:0/2760042079 shutdown_connections
2026-03-08T23:59:03.799 INFO:teuthology.orchestra.run.vm03.stdout:/usr/bin/ceph: stderr
2026-03-08T23:59:03.731+0000 7f0e63fff700 1 --2- 192.168.123.103:0/2760042079 >> [v2:192.168.123.103:3300/0,v1:192.168.123.103:6789/0] conn(0x7f0e64071e00 0x7f0e6411d360 unknown :-1 s=CLOSED pgs=10 cs=0 l=1 rev1=1 crypto rx=0 tx=0 comp rx=0 tx=0).stop
2026-03-08T23:59:03.799 INFO:teuthology.orchestra.run.vm03.stdout:/usr/bin/ceph: stderr
2026-03-08T23:59:03.731+0000 7f0e63fff700 1 -- 192.168.123.103:0/2760042079 >> 192.168.123.103:0/2760042079 conn(0x7f0e6406d320 msgr2=0x7f0e6406deb0 unknown :-1 s=STATE_NONE l=0).mark_down
2026-03-08T23:59:03.799 INFO:teuthology.orchestra.run.vm03.stdout:/usr/bin/ceph: stderr
2026-03-08T23:59:03.731+0000 7f0e63fff700 1 -- 192.168.123.103:0/2760042079 shutdown_connections
2026-03-08T23:59:03.799 INFO:teuthology.orchestra.run.vm03.stdout:/usr/bin/ceph: stderr
2026-03-08T23:59:03.731+0000 7f0e63fff700 1 -- 192.168.123.103:0/2760042079 wait complete.
2026-03-08T23:59:03.799 INFO:teuthology.orchestra.run.vm03.stdout:mgr not available, waiting (3/15)...
2026-03-08T23:59:04.588 INFO:journalctl@ceph.mon.vm03.vm03.stdout:Mar 08 23:59:04 vm03 ceph-mon[52346]: from='client.? 192.168.123.103:0/2760042079' entity='client.admin' cmd=[{"prefix": "status", "format": "json-pretty"}]: dispatch
2026-03-08T23:59:04.588 INFO:journalctl@ceph.mon.vm03.vm03.stdout:Mar 08 23:59:04 vm03 ceph-mon[52346]: Activating manager daemon vm03.yvcons
2026-03-08T23:59:04.588 INFO:journalctl@ceph.mon.vm03.vm03.stdout:Mar 08 23:59:04 vm03 ceph-mon[52346]: mgrmap e2: vm03.yvcons(active, starting, since 0.00293721s)
2026-03-08T23:59:04.588 INFO:journalctl@ceph.mon.vm03.vm03.stdout:Mar 08 23:59:04 vm03 ceph-mon[52346]: from='mgr.14100 192.168.123.103:0/2' entity='mgr.vm03.yvcons' cmd=[{"prefix": "mds metadata"}]: dispatch
2026-03-08T23:59:04.588 INFO:journalctl@ceph.mon.vm03.vm03.stdout:Mar 08 23:59:04 vm03 ceph-mon[52346]: from='mgr.14100 192.168.123.103:0/2' entity='mgr.vm03.yvcons' cmd=[{"prefix": "osd metadata"}]: dispatch
2026-03-08T23:59:04.588 INFO:journalctl@ceph.mon.vm03.vm03.stdout:Mar 08 23:59:04 vm03 ceph-mon[52346]: from='mgr.14100 192.168.123.103:0/2' entity='mgr.vm03.yvcons' cmd=[{"prefix": "mon metadata"}]: dispatch
2026-03-08T23:59:04.588 INFO:journalctl@ceph.mon.vm03.vm03.stdout:Mar 08 23:59:04 vm03 ceph-mon[52346]: from='mgr.14100 192.168.123.103:0/2' entity='mgr.vm03.yvcons' cmd=[{"prefix": "mon metadata", "id": "vm03"}]: dispatch
2026-03-08T23:59:04.588 INFO:journalctl@ceph.mon.vm03.vm03.stdout:Mar 08 23:59:04 vm03 ceph-mon[52346]: from='mgr.14100 192.168.123.103:0/2' entity='mgr.vm03.yvcons' cmd=[{"prefix": "mgr metadata", "who": "vm03.yvcons", "id": "vm03.yvcons"}]: dispatch
2026-03-08T23:59:04.588 INFO:journalctl@ceph.mon.vm03.vm03.stdout:Mar 08 23:59:04 vm03 ceph-mon[52346]: Manager daemon vm03.yvcons is now available
2026-03-08T23:59:04.588 INFO:journalctl@ceph.mon.vm03.vm03.stdout:Mar 08 23:59:04 vm03 ceph-mon[52346]: from='mgr.14100 192.168.123.103:0/2' entity='mgr.vm03.yvcons' cmd=[{"prefix":"config rm","who":"mgr","name":"mgr/rbd_support/vm03.yvcons/mirror_snapshot_schedule"}]: dispatch
2026-03-08T23:59:04.588 INFO:journalctl@ceph.mon.vm03.vm03.stdout:Mar 08 23:59:04 vm03 ceph-mon[52346]: from='mgr.14100 192.168.123.103:0/2' entity='mgr.vm03.yvcons'
2026-03-08T23:59:04.588 INFO:journalctl@ceph.mon.vm03.vm03.stdout:Mar 08 23:59:04 vm03 ceph-mon[52346]: from='mgr.14100 192.168.123.103:0/2' entity='mgr.vm03.yvcons'
2026-03-08T23:59:04.588 INFO:journalctl@ceph.mon.vm03.vm03.stdout:Mar 08 23:59:04 vm03 ceph-mon[52346]: from='mgr.14100 192.168.123.103:0/2' entity='mgr.vm03.yvcons' cmd=[{"prefix":"config rm","who":"mgr","name":"mgr/rbd_support/vm03.yvcons/trash_purge_schedule"}]: dispatch
2026-03-08T23:59:04.588 INFO:journalctl@ceph.mon.vm03.vm03.stdout:Mar 08 23:59:04 vm03 ceph-mon[52346]: from='mgr.14100 192.168.123.103:0/2' entity='mgr.vm03.yvcons'
2026-03-08T23:59:06.088 INFO:journalctl@ceph.mon.vm03.vm03.stdout:Mar 08 23:59:05 vm03 ceph-mon[52346]: mgrmap e3: vm03.yvcons(active, since 1.00755s)
2026-03-08T23:59:06.127 INFO:teuthology.orchestra.run.vm03.stdout:/usr/bin/ceph: stdout
2026-03-08T23:59:06.127 INFO:teuthology.orchestra.run.vm03.stdout:/usr/bin/ceph: stdout {
2026-03-08T23:59:06.127 INFO:teuthology.orchestra.run.vm03.stdout:/usr/bin/ceph: stdout "fsid": "ae8f0172-1b4a-11f1-916a-712b2ac006b7",
2026-03-08T23:59:06.127 INFO:teuthology.orchestra.run.vm03.stdout:/usr/bin/ceph: stdout "health": {
2026-03-08T23:59:06.127 INFO:teuthology.orchestra.run.vm03.stdout:/usr/bin/ceph: stdout "status": "HEALTH_OK",
2026-03-08T23:59:06.127 INFO:teuthology.orchestra.run.vm03.stdout:/usr/bin/ceph: stdout "checks": {},
2026-03-08T23:59:06.127 INFO:teuthology.orchestra.run.vm03.stdout:/usr/bin/ceph: stdout "mutes": []
2026-03-08T23:59:06.127 INFO:teuthology.orchestra.run.vm03.stdout:/usr/bin/ceph: stdout },
2026-03-08T23:59:06.127 INFO:teuthology.orchestra.run.vm03.stdout:/usr/bin/ceph: stdout "election_epoch": 5,
2026-03-08T23:59:06.127 INFO:teuthology.orchestra.run.vm03.stdout:/usr/bin/ceph: stdout "quorum": [
2026-03-08T23:59:06.127 INFO:teuthology.orchestra.run.vm03.stdout:/usr/bin/ceph: stdout 0
2026-03-08T23:59:06.127 INFO:teuthology.orchestra.run.vm03.stdout:/usr/bin/ceph: stdout ],
2026-03-08T23:59:06.127 INFO:teuthology.orchestra.run.vm03.stdout:/usr/bin/ceph: stdout "quorum_names": [
2026-03-08T23:59:06.127 INFO:teuthology.orchestra.run.vm03.stdout:/usr/bin/ceph: stdout "vm03"
2026-03-08T23:59:06.128 INFO:teuthology.orchestra.run.vm03.stdout:/usr/bin/ceph: stdout ],
2026-03-08T23:59:06.128 INFO:teuthology.orchestra.run.vm03.stdout:/usr/bin/ceph: stdout "quorum_age": 7,
2026-03-08T23:59:06.128 INFO:teuthology.orchestra.run.vm03.stdout:/usr/bin/ceph: stdout "monmap": {
2026-03-08T23:59:06.128 INFO:teuthology.orchestra.run.vm03.stdout:/usr/bin/ceph: stdout "epoch": 1,
2026-03-08T23:59:06.128 INFO:teuthology.orchestra.run.vm03.stdout:/usr/bin/ceph: stdout "min_mon_release_name": "reef",
2026-03-08T23:59:06.128 INFO:teuthology.orchestra.run.vm03.stdout:/usr/bin/ceph: stdout "num_mons": 1
2026-03-08T23:59:06.128 INFO:teuthology.orchestra.run.vm03.stdout:/usr/bin/ceph: stdout },
2026-03-08T23:59:06.128 INFO:teuthology.orchestra.run.vm03.stdout:/usr/bin/ceph: stdout "osdmap": {
2026-03-08T23:59:06.128 INFO:teuthology.orchestra.run.vm03.stdout:/usr/bin/ceph: stdout "epoch": 1,
2026-03-08T23:59:06.128 INFO:teuthology.orchestra.run.vm03.stdout:/usr/bin/ceph: stdout "num_osds": 0,
2026-03-08T23:59:06.128 INFO:teuthology.orchestra.run.vm03.stdout:/usr/bin/ceph: stdout "num_up_osds": 0,
2026-03-08T23:59:06.128 INFO:teuthology.orchestra.run.vm03.stdout:/usr/bin/ceph: stdout "osd_up_since": 0,
2026-03-08T23:59:06.128 INFO:teuthology.orchestra.run.vm03.stdout:/usr/bin/ceph: stdout "num_in_osds": 0,
2026-03-08T23:59:06.128 INFO:teuthology.orchestra.run.vm03.stdout:/usr/bin/ceph: stdout "osd_in_since": 0,
2026-03-08T23:59:06.128 INFO:teuthology.orchestra.run.vm03.stdout:/usr/bin/ceph: stdout "num_remapped_pgs": 0
2026-03-08T23:59:06.128 INFO:teuthology.orchestra.run.vm03.stdout:/usr/bin/ceph: stdout },
2026-03-08T23:59:06.128 INFO:teuthology.orchestra.run.vm03.stdout:/usr/bin/ceph: stdout "pgmap": {
2026-03-08T23:59:06.128 INFO:teuthology.orchestra.run.vm03.stdout:/usr/bin/ceph: stdout "pgs_by_state": [],
2026-03-08T23:59:06.128 INFO:teuthology.orchestra.run.vm03.stdout:/usr/bin/ceph: stdout "num_pgs": 0,
2026-03-08T23:59:06.128 INFO:teuthology.orchestra.run.vm03.stdout:/usr/bin/ceph: stdout "num_pools": 0,
2026-03-08T23:59:06.128 INFO:teuthology.orchestra.run.vm03.stdout:/usr/bin/ceph: stdout "num_objects": 0,
2026-03-08T23:59:06.128 INFO:teuthology.orchestra.run.vm03.stdout:/usr/bin/ceph: stdout "data_bytes": 0,
2026-03-08T23:59:06.128 INFO:teuthology.orchestra.run.vm03.stdout:/usr/bin/ceph: stdout "bytes_used": 0,
2026-03-08T23:59:06.128 INFO:teuthology.orchestra.run.vm03.stdout:/usr/bin/ceph: stdout "bytes_avail": 0,
2026-03-08T23:59:06.128 INFO:teuthology.orchestra.run.vm03.stdout:/usr/bin/ceph: stdout "bytes_total": 0
2026-03-08T23:59:06.128 INFO:teuthology.orchestra.run.vm03.stdout:/usr/bin/ceph: stdout },
2026-03-08T23:59:06.128 INFO:teuthology.orchestra.run.vm03.stdout:/usr/bin/ceph: stdout "fsmap": {
2026-03-08T23:59:06.128 INFO:teuthology.orchestra.run.vm03.stdout:/usr/bin/ceph: stdout "epoch": 1,
2026-03-08T23:59:06.128 INFO:teuthology.orchestra.run.vm03.stdout:/usr/bin/ceph: stdout "by_rank": [],
2026-03-08T23:59:06.128 INFO:teuthology.orchestra.run.vm03.stdout:/usr/bin/ceph: stdout "up:standby": 0
2026-03-08T23:59:06.129 INFO:teuthology.orchestra.run.vm03.stdout:/usr/bin/ceph: stdout },
2026-03-08T23:59:06.129 INFO:teuthology.orchestra.run.vm03.stdout:/usr/bin/ceph: stdout "mgrmap": {
2026-03-08T23:59:06.129 INFO:teuthology.orchestra.run.vm03.stdout:/usr/bin/ceph: stdout "available": true,
2026-03-08T23:59:06.129 INFO:teuthology.orchestra.run.vm03.stdout:/usr/bin/ceph: stdout "num_standbys": 0,
2026-03-08T23:59:06.129 INFO:teuthology.orchestra.run.vm03.stdout:/usr/bin/ceph: stdout "modules": [
2026-03-08T23:59:06.129 INFO:teuthology.orchestra.run.vm03.stdout:/usr/bin/ceph: stdout "iostat",
2026-03-08T23:59:06.129 INFO:teuthology.orchestra.run.vm03.stdout:/usr/bin/ceph: stdout "nfs",
2026-03-08T23:59:06.129 INFO:teuthology.orchestra.run.vm03.stdout:/usr/bin/ceph: stdout "restful"
2026-03-08T23:59:06.129 INFO:teuthology.orchestra.run.vm03.stdout:/usr/bin/ceph: stdout ],
2026-03-08T23:59:06.129 INFO:teuthology.orchestra.run.vm03.stdout:/usr/bin/ceph: stdout "services": {}
2026-03-08T23:59:06.129 INFO:teuthology.orchestra.run.vm03.stdout:/usr/bin/ceph: stdout },
2026-03-08T23:59:06.129 INFO:teuthology.orchestra.run.vm03.stdout:/usr/bin/ceph: stdout "servicemap": {
2026-03-08T23:59:06.129 INFO:teuthology.orchestra.run.vm03.stdout:/usr/bin/ceph: stdout "epoch": 1,
2026-03-08T23:59:06.129 INFO:teuthology.orchestra.run.vm03.stdout:/usr/bin/ceph: stdout "modified": "2026-03-08T23:58:56.272906+0000",
2026-03-08T23:59:06.129 INFO:teuthology.orchestra.run.vm03.stdout:/usr/bin/ceph: stdout "services": {}
2026-03-08T23:59:06.129 INFO:teuthology.orchestra.run.vm03.stdout:/usr/bin/ceph: stdout },
2026-03-08T23:59:06.129 INFO:teuthology.orchestra.run.vm03.stdout:/usr/bin/ceph: stdout "progress_events": {}
2026-03-08T23:59:06.129 INFO:teuthology.orchestra.run.vm03.stdout:/usr/bin/ceph: stdout }
2026-03-08T23:59:06.129 INFO:teuthology.orchestra.run.vm03.stdout:/usr/bin/ceph: stderr
2026-03-08T23:59:05.928+0000 7f14e58e6700 1 Processor -- start
2026-03-08T23:59:06.129 INFO:teuthology.orchestra.run.vm03.stdout:/usr/bin/ceph: stderr
2026-03-08T23:59:05.929+0000 7f14e58e6700 1 -- start start
2026-03-08T23:59:06.129 INFO:teuthology.orchestra.run.vm03.stdout:/usr/bin/ceph: stderr
2026-03-08T23:59:05.930+0000 7f14e58e6700 1 --2- >> [v2:192.168.123.103:3300/0,v1:192.168.123.103:6789/0] conn(0x7f14e0108990 0x7f14e0108db0 unknown :-1 s=NONE pgs=0 cs=0 l=0 rev1=0 crypto rx=0 tx=0 comp rx=0 tx=0).connect
2026-03-08T23:59:06.129 INFO:teuthology.orchestra.run.vm03.stdout:/usr/bin/ceph: stderr
2026-03-08T23:59:05.930+0000 7f14e58e6700 1 -- --> [v2:192.168.123.103:3300/0,v1:192.168.123.103:6789/0] -- mon_getmap magic: 0 v1 -- 0x7f14e0109380 con 0x7f14e0108990
2026-03-08T23:59:06.129 INFO:teuthology.orchestra.run.vm03.stdout:/usr/bin/ceph: stderr
2026-03-08T23:59:05.930+0000 7f14deffd700 1 --2- >> [v2:192.168.123.103:3300/0,v1:192.168.123.103:6789/0] conn(0x7f14e0108990 0x7f14e0108db0 unknown :-1 s=BANNER_CONNECTING pgs=0 cs=0 l=0 rev1=0 crypto rx=0 tx=0 comp rx=0 tx=0)._handle_peer_banner_payload supported=3 required=0
2026-03-08T23:59:06.129 INFO:teuthology.orchestra.run.vm03.stdout:/usr/bin/ceph: stderr
2026-03-08T23:59:05.930+0000 7f14deffd700 1 --2- >> [v2:192.168.123.103:3300/0,v1:192.168.123.103:6789/0] conn(0x7f14e0108990 0x7f14e0108db0 unknown :-1 s=HELLO_CONNECTING pgs=0 cs=0 l=0 rev1=1 crypto rx=0 tx=0 comp rx=0 tx=0).handle_hello peer v2:192.168.123.103:3300/0 says I am v2:192.168.123.103:54910/0 (socket says 192.168.123.103:54910)
2026-03-08T23:59:06.129 INFO:teuthology.orchestra.run.vm03.stdout:/usr/bin/ceph: stderr
2026-03-08T23:59:05.930+0000 7f14deffd700 1 -- 192.168.123.103:0/4001671755 learned_addr learned my addr 192.168.123.103:0/4001671755 (peer_addr_for_me v2:192.168.123.103:0/0)
2026-03-08T23:59:06.129 INFO:teuthology.orchestra.run.vm03.stdout:/usr/bin/ceph: stderr
2026-03-08T23:59:05.931+0000 7f14deffd700 1 -- 192.168.123.103:0/4001671755 --> [v2:192.168.123.103:3300/0,v1:192.168.123.103:6789/0] -- mon_subscribe({config=0+,monmap=0+}) v3 -- 0x7f14e0109b90 con 0x7f14e0108990
2026-03-08T23:59:06.129 INFO:teuthology.orchestra.run.vm03.stdout:/usr/bin/ceph: stderr
2026-03-08T23:59:05.931+0000 7f14deffd700 1 --2- 192.168.123.103:0/4001671755 >> [v2:192.168.123.103:3300/0,v1:192.168.123.103:6789/0] conn(0x7f14e0108990 0x7f14e0108db0 secure :-1 s=READY pgs=18 cs=0 l=1 rev1=1 crypto rx=0x7f14c8009a90 tx=0x7f14c8009da0 comp rx=0 tx=0).ready entity=mon.0 client_cookie=3396b9c40aa1b6df server_cookie=0 in_seq=0 out_seq=0
2026-03-08T23:59:06.129 INFO:teuthology.orchestra.run.vm03.stdout:/usr/bin/ceph: stderr
2026-03-08T23:59:05.931+0000 7f14ddffb700 1 -- 192.168.123.103:0/4001671755 <== mon.0 v2:192.168.123.103:3300/0 1 ==== mon_map magic: 0 v1 ==== 214+0+0 (secure 0 0 0) 0x7f14c8004030 con 0x7f14e0108990
2026-03-08T23:59:06.129 INFO:teuthology.orchestra.run.vm03.stdout:/usr/bin/ceph: stderr
2026-03-08T23:59:05.931+0000 7f14ddffb700 1 -- 192.168.123.103:0/4001671755 <== mon.0 v2:192.168.123.103:3300/0 2 ==== config(28 keys) v1 ==== 1075+0+0 (secure 0 0 0) 0x7f14c800b7e0 con 0x7f14e0108990
2026-03-08T23:59:06.130 INFO:teuthology.orchestra.run.vm03.stdout:/usr/bin/ceph: stderr
2026-03-08T23:59:05.931+0000 7f14ddffb700 1 -- 192.168.123.103:0/4001671755 <== mon.0 v2:192.168.123.103:3300/0 3 ==== mon_map magic: 0 v1 ==== 214+0+0 (secure 0 0 0) 0x7f14c8003a40 con 0x7f14e0108990
2026-03-08T23:59:06.130 INFO:teuthology.orchestra.run.vm03.stdout:/usr/bin/ceph: stderr
2026-03-08T23:59:05.932+0000 7f14e58e6700 1 -- 192.168.123.103:0/4001671755 >> [v2:192.168.123.103:3300/0,v1:192.168.123.103:6789/0] conn(0x7f14e0108990 msgr2=0x7f14e0108db0 secure :-1 s=STATE_CONNECTION_ESTABLISHED l=1).mark_down
2026-03-08T23:59:06.130 INFO:teuthology.orchestra.run.vm03.stdout:/usr/bin/ceph: stderr
2026-03-08T23:59:05.932+0000 7f14e58e6700 1 --2- 192.168.123.103:0/4001671755 >> [v2:192.168.123.103:3300/0,v1:192.168.123.103:6789/0] conn(0x7f14e0108990 0x7f14e0108db0 secure :-1 s=READY pgs=18 cs=0 l=1 rev1=1 crypto rx=0x7f14c8009a90 tx=0x7f14c8009da0 comp rx=0 tx=0).stop
2026-03-08T23:59:06.130 INFO:teuthology.orchestra.run.vm03.stdout:/usr/bin/ceph: stderr
2026-03-08T23:59:05.932+0000 7f14e58e6700 1 -- 192.168.123.103:0/4001671755 shutdown_connections
2026-03-08T23:59:06.130 INFO:teuthology.orchestra.run.vm03.stdout:/usr/bin/ceph: stderr
2026-03-08T23:59:05.932+0000 7f14e58e6700 1 --2- 192.168.123.103:0/4001671755 >> [v2:192.168.123.103:3300/0,v1:192.168.123.103:6789/0] conn(0x7f14e0108990 0x7f14e0108db0 unknown :-1 s=CLOSED pgs=18 cs=0 l=1 rev1=1 crypto rx=0 tx=0 comp rx=0 tx=0).stop
2026-03-08T23:59:06.130 INFO:teuthology.orchestra.run.vm03.stdout:/usr/bin/ceph: stderr
2026-03-08T23:59:05.932+0000 7f14e58e6700 1 -- 192.168.123.103:0/4001671755 >> 192.168.123.103:0/4001671755 conn(0x7f14e0103f50 msgr2=0x7f14e0106370 unknown :-1 s=STATE_NONE l=0).mark_down
2026-03-08T23:59:06.130 INFO:teuthology.orchestra.run.vm03.stdout:/usr/bin/ceph: stderr
2026-03-08T23:59:05.933+0000 7f14e58e6700 1 -- 192.168.123.103:0/4001671755 shutdown_connections
2026-03-08T23:59:06.130 INFO:teuthology.orchestra.run.vm03.stdout:/usr/bin/ceph: stderr
2026-03-08T23:59:05.933+0000 7f14e58e6700 1 -- 192.168.123.103:0/4001671755 wait complete.
2026-03-08T23:59:06.130 INFO:teuthology.orchestra.run.vm03.stdout:/usr/bin/ceph: stderr
2026-03-08T23:59:05.933+0000 7f14e58e6700 1 Processor -- start
2026-03-08T23:59:06.130 INFO:teuthology.orchestra.run.vm03.stdout:/usr/bin/ceph: stderr
2026-03-08T23:59:05.933+0000 7f14e58e6700 1 -- start start
2026-03-08T23:59:06.130 INFO:teuthology.orchestra.run.vm03.stdout:/usr/bin/ceph: stderr
2026-03-08T23:59:05.933+0000 7f14e58e6700 1 --2- >> [v2:192.168.123.103:3300/0,v1:192.168.123.103:6789/0] conn(0x7f14e0108990 0x7f14e019c650 unknown :-1 s=NONE pgs=0 cs=0 l=1 rev1=0 crypto rx=0 tx=0 comp rx=0 tx=0).connect
2026-03-08T23:59:06.130 INFO:teuthology.orchestra.run.vm03.stdout:/usr/bin/ceph: stderr
2026-03-08T23:59:05.933+0000 7f14e58e6700 1 -- --> [v2:192.168.123.103:3300/0,v1:192.168.123.103:6789/0] -- mon_getmap magic: 0 v1 -- 0x7f14e019cb90 con 0x7f14e0108990
2026-03-08T23:59:06.130 INFO:teuthology.orchestra.run.vm03.stdout:/usr/bin/ceph: stderr
2026-03-08T23:59:05.934+0000 7f14deffd700 1 --2- >> [v2:192.168.123.103:3300/0,v1:192.168.123.103:6789/0] conn(0x7f14e0108990 0x7f14e019c650 unknown :-1 s=BANNER_CONNECTING pgs=0 cs=0 l=1 rev1=0 crypto rx=0 tx=0 comp rx=0 tx=0)._handle_peer_banner_payload supported=3 required=0
2026-03-08T23:59:06.130 INFO:teuthology.orchestra.run.vm03.stdout:/usr/bin/ceph: stderr
2026-03-08T23:59:05.934+0000 7f14deffd700 1 --2- >> [v2:192.168.123.103:3300/0,v1:192.168.123.103:6789/0] conn(0x7f14e0108990 0x7f14e019c650 unknown :-1 s=HELLO_CONNECTING pgs=0 cs=0 l=1 rev1=1 crypto rx=0 tx=0 comp rx=0 tx=0).handle_hello peer v2:192.168.123.103:3300/0 says I am v2:192.168.123.103:54920/0 (socket says 192.168.123.103:54920)
2026-03-08T23:59:06.130 INFO:teuthology.orchestra.run.vm03.stdout:/usr/bin/ceph: stderr
2026-03-08T23:59:05.934+0000 7f14deffd700 1 -- 192.168.123.103:0/3052560462 learned_addr learned my addr 192.168.123.103:0/3052560462 (peer_addr_for_me v2:192.168.123.103:0/0)
2026-03-08T23:59:06.130 INFO:teuthology.orchestra.run.vm03.stdout:/usr/bin/ceph: stderr
2026-03-08T23:59:05.934+0000 7f14deffd700 1 -- 192.168.123.103:0/3052560462 --> [v2:192.168.123.103:3300/0,v1:192.168.123.103:6789/0] -- mon_subscribe({config=0+,monmap=0+}) v3 -- 0x7f14c8009740 con 0x7f14e0108990
2026-03-08T23:59:06.130 INFO:teuthology.orchestra.run.vm03.stdout:/usr/bin/ceph: stderr
2026-03-08T23:59:05.934+0000 7f14deffd700 1 --2- 192.168.123.103:0/3052560462 >> [v2:192.168.123.103:3300/0,v1:192.168.123.103:6789/0] conn(0x7f14e0108990 0x7f14e019c650 secure :-1 s=READY pgs=19 cs=0 l=1 rev1=1 crypto rx=0x7f14c8003710 tx=0x7f14c8003b60 comp rx=0 tx=0).ready entity=mon.0 client_cookie=0 server_cookie=0 in_seq=0 out_seq=0
2026-03-08T23:59:06.130 INFO:teuthology.orchestra.run.vm03.stdout:/usr/bin/ceph: stderr
2026-03-08T23:59:05.934+0000 7f14e48e4700 1 -- 192.168.123.103:0/3052560462 <== mon.0 v2:192.168.123.103:3300/0 1 ==== mon_map magic: 0 v1 ==== 214+0+0 (secure 0 0 0) 0x7f14c8004130 con 0x7f14e0108990
2026-03-08T23:59:06.130 INFO:teuthology.orchestra.run.vm03.stdout:/usr/bin/ceph: stderr
2026-03-08T23:59:05.934+0000 7f14e48e4700 1 -- 192.168.123.103:0/3052560462 <== mon.0 v2:192.168.123.103:3300/0 2 ==== config(28 keys) v1 ==== 1075+0+0 (secure 0 0 0) 0x7f14c8004290 con 0x7f14e0108990
2026-03-08T23:59:06.130 INFO:teuthology.orchestra.run.vm03.stdout:/usr/bin/ceph: stderr
2026-03-08T23:59:05.934+0000 7f14e48e4700 1 -- 192.168.123.103:0/3052560462 <== mon.0 v2:192.168.123.103:3300/0 3 ==== mon_map magic: 0 v1 ==== 214+0+0 (secure 0 0 0) 0x7f14c8011420 con 0x7f14e0108990
2026-03-08T23:59:06.130 INFO:teuthology.orchestra.run.vm03.stdout:/usr/bin/ceph: stderr
2026-03-08T23:59:05.934+0000 7f14e58e6700 1 -- 192.168.123.103:0/3052560462 --> [v2:192.168.123.103:3300/0,v1:192.168.123.103:6789/0] -- mon_subscribe({mgrmap=0+}) v3 -- 0x7f14e019cd90 con 0x7f14e0108990
2026-03-08T23:59:06.130 INFO:teuthology.orchestra.run.vm03.stdout:/usr/bin/ceph: stderr
2026-03-08T23:59:05.935+0000 7f14e58e6700 1 -- 192.168.123.103:0/3052560462 --> [v2:192.168.123.103:3300/0,v1:192.168.123.103:6789/0] -- mon_subscribe({osdmap=0}) v3 -- 0x7f14e019d1b0 con 0x7f14e0108990
2026-03-08T23:59:06.130 INFO:teuthology.orchestra.run.vm03.stdout:/usr/bin/ceph: stderr
2026-03-08T23:59:05.935+0000 7f14e48e4700 1 -- 192.168.123.103:0/3052560462 <== mon.0 v2:192.168.123.103:3300/0 4 ==== mgrmap(e 4) v1 ==== 45267+0+0 (secure 0 0 0) 0x7f14c8011580 con 0x7f14e0108990
2026-03-08T23:59:06.130 INFO:teuthology.orchestra.run.vm03.stdout:/usr/bin/ceph: stderr
2026-03-08T23:59:05.936+0000 7f14e48e4700 1 --2- 192.168.123.103:0/3052560462 >> [v2:192.168.123.103:6800/2,v1:192.168.123.103:6801/2] conn(0x7f14cc038330 0x7f14cc03a7f0 unknown :-1 s=NONE pgs=0 cs=0 l=1 rev1=0 crypto rx=0 tx=0 comp rx=0 tx=0).connect
2026-03-08T23:59:06.130 INFO:teuthology.orchestra.run.vm03.stdout:/usr/bin/ceph: stderr
2026-03-08T23:59:05.936+0000 7f14de7fc700 1 --2- 192.168.123.103:0/3052560462 >> [v2:192.168.123.103:6800/2,v1:192.168.123.103:6801/2] conn(0x7f14cc038330 0x7f14cc03a7f0 unknown :-1 s=BANNER_CONNECTING pgs=0 cs=0 l=1 rev1=0 crypto rx=0 tx=0 comp rx=0 tx=0)._handle_peer_banner_payload supported=3 required=0
2026-03-08T23:59:06.130 INFO:teuthology.orchestra.run.vm03.stdout:/usr/bin/ceph: stderr
2026-03-08T23:59:05.936+0000 7f14e48e4700 1 -- 192.168.123.103:0/3052560462 <== mon.0 v2:192.168.123.103:3300/0 5 ==== osd_map(1..1 src has 1..1) v4 ==== 725+0+0 (secure 0 0 0) 0x7f14c804c9e0 con 0x7f14e0108990
2026-03-08T23:59:06.130 INFO:teuthology.orchestra.run.vm03.stdout:/usr/bin/ceph: stderr
2026-03-08T23:59:05.936+0000 7f14de7fc700 1 --2- 192.168.123.103:0/3052560462 >> [v2:192.168.123.103:6800/2,v1:192.168.123.103:6801/2] conn(0x7f14cc038330 0x7f14cc03a7f0 secure :-1 s=READY pgs=6 cs=0 l=1 rev1=1 crypto rx=0x7f14d0006fd0 tx=0x7f14d0006e40 comp rx=0 tx=0).ready entity=mgr.14100 client_cookie=0 server_cookie=0 in_seq=0 out_seq=0
2026-03-08T23:59:06.130 INFO:teuthology.orchestra.run.vm03.stdout:/usr/bin/ceph: stderr
2026-03-08T23:59:05.937+0000 7f14e58e6700 1 -- 192.168.123.103:0/3052560462 --> [v2:192.168.123.103:3300/0,v1:192.168.123.103:6789/0] -- mon_command({"prefix": "get_command_descriptions"} v 0) v1 -- 0x7f14e00623c0 con 0x7f14e0108990
2026-03-08T23:59:06.130 INFO:teuthology.orchestra.run.vm03.stdout:/usr/bin/ceph: stderr
2026-03-08T23:59:05.940+0000 7f14e48e4700 1 -- 192.168.123.103:0/3052560462 <== mon.0 v2:192.168.123.103:3300/0 6 ==== mon_command_ack([{"prefix": "get_command_descriptions"}]=0 v0) v1 ==== 72+0+180422 (secure 0 0 0) 0x7f14c801e070 con 0x7f14e0108990
2026-03-08T23:59:06.130 INFO:teuthology.orchestra.run.vm03.stdout:/usr/bin/ceph: stderr
2026-03-08T23:59:06.093+0000 7f14e58e6700 1 -- 192.168.123.103:0/3052560462 --> [v2:192.168.123.103:3300/0,v1:192.168.123.103:6789/0] -- mon_command({"prefix": "status", "format": "json-pretty"} v 0) v1 -- 0x7f14e019fff0 con 0x7f14e0108990
2026-03-08T23:59:06.130 INFO:teuthology.orchestra.run.vm03.stdout:/usr/bin/ceph: stderr
2026-03-08T23:59:06.094+0000 7f14e48e4700 1 -- 192.168.123.103:0/3052560462 <== mon.0 v2:192.168.123.103:3300/0 7 ==== mon_command_ack([{"prefix": "status", "format": "json-pretty"}]=0 v0) v1 ==== 79+0+1240 (secure 0 0 0) 0x7f14c804b090 con 0x7f14e0108990
2026-03-08T23:59:06.130 INFO:teuthology.orchestra.run.vm03.stdout:/usr/bin/ceph: stderr
2026-03-08T23:59:06.096+0000 7f14e58e6700 1 -- 192.168.123.103:0/3052560462 >> [v2:192.168.123.103:6800/2,v1:192.168.123.103:6801/2] conn(0x7f14cc038330 msgr2=0x7f14cc03a7f0 secure :-1 s=STATE_CONNECTION_ESTABLISHED l=1).mark_down
2026-03-08T23:59:06.130 INFO:teuthology.orchestra.run.vm03.stdout:/usr/bin/ceph: stderr
2026-03-08T23:59:06.096+0000 7f14e58e6700 1 --2- 192.168.123.103:0/3052560462 >> [v2:192.168.123.103:6800/2,v1:192.168.123.103:6801/2] conn(0x7f14cc038330 0x7f14cc03a7f0 secure :-1 s=READY pgs=6 cs=0 l=1 rev1=1 crypto rx=0x7f14d0006fd0 tx=0x7f14d0006e40 comp rx=0 tx=0).stop
2026-03-08T23:59:06.130 INFO:teuthology.orchestra.run.vm03.stdout:/usr/bin/ceph: stderr
2026-03-08T23:59:06.096+0000 7f14e58e6700 1 -- 192.168.123.103:0/3052560462 >> [v2:192.168.123.103:3300/0,v1:192.168.123.103:6789/0] conn(0x7f14e0108990 msgr2=0x7f14e019c650 secure :-1 s=STATE_CONNECTION_ESTABLISHED l=1).mark_down
2026-03-08T23:59:06.130 INFO:teuthology.orchestra.run.vm03.stdout:/usr/bin/ceph: stderr
2026-03-08T23:59:06.097+0000 7f14e58e6700 1 --2- 192.168.123.103:0/3052560462 >> [v2:192.168.123.103:3300/0,v1:192.168.123.103:6789/0] conn(0x7f14e0108990 0x7f14e019c650 secure :-1 s=READY pgs=19 cs=0 l=1 rev1=1 crypto rx=0x7f14c8003710 tx=0x7f14c8003b60 comp rx=0 tx=0).stop
2026-03-08T23:59:06.130 INFO:teuthology.orchestra.run.vm03.stdout:/usr/bin/ceph: stderr
2026-03-08T23:59:06.097+0000 7f14e58e6700 1 -- 192.168.123.103:0/3052560462 shutdown_connections
2026-03-08T23:59:06.130 INFO:teuthology.orchestra.run.vm03.stdout:/usr/bin/ceph: stderr
2026-03-08T23:59:06.097+0000 7f14e58e6700 1 --2- 192.168.123.103:0/3052560462 >> [v2:192.168.123.103:6800/2,v1:192.168.123.103:6801/2] conn(0x7f14cc038330 0x7f14cc03a7f0 unknown :-1 s=CLOSED pgs=6 cs=0 l=1 rev1=1 crypto rx=0 tx=0 comp rx=0 tx=0).stop
2026-03-08T23:59:06.130 INFO:teuthology.orchestra.run.vm03.stdout:/usr/bin/ceph: stderr
2026-03-08T23:59:06.097+0000 7f14e58e6700 1 --2- 192.168.123.103:0/3052560462 >> [v2:192.168.123.103:3300/0,v1:192.168.123.103:6789/0] conn(0x7f14e0108990 0x7f14e019c650 unknown :-1 s=CLOSED pgs=19 cs=0 l=1 rev1=1 crypto rx=0 tx=0 comp rx=0 tx=0).stop
2026-03-08T23:59:06.130 INFO:teuthology.orchestra.run.vm03.stdout:/usr/bin/ceph: stderr
2026-03-08T23:59:06.097+0000 7f14e58e6700 1 -- 192.168.123.103:0/3052560462 >> 192.168.123.103:0/3052560462 conn(0x7f14e0103f50 msgr2=0x7f14e0104b80 unknown :-1 s=STATE_NONE l=0).mark_down
2026-03-08T23:59:06.130 INFO:teuthology.orchestra.run.vm03.stdout:/usr/bin/ceph: stderr
2026-03-08T23:59:06.097+0000 7f14e58e6700 1 -- 192.168.123.103:0/3052560462 shutdown_connections
2026-03-08T23:59:06.130 INFO:teuthology.orchestra.run.vm03.stdout:/usr/bin/ceph: stderr
2026-03-08T23:59:06.097+0000 7f14e58e6700 1 -- 192.168.123.103:0/3052560462 wait complete.
2026-03-08T23:59:06.130 INFO:teuthology.orchestra.run.vm03.stdout:mgr is available
2026-03-08T23:59:06.417 INFO:teuthology.orchestra.run.vm03.stdout:/usr/bin/ceph: stdout
2026-03-08T23:59:06.417 INFO:teuthology.orchestra.run.vm03.stdout:/usr/bin/ceph: stdout [global]
2026-03-08T23:59:06.417 INFO:teuthology.orchestra.run.vm03.stdout:/usr/bin/ceph: stdout fsid = ae8f0172-1b4a-11f1-916a-712b2ac006b7
2026-03-08T23:59:06.417 INFO:teuthology.orchestra.run.vm03.stdout:/usr/bin/ceph: stdout mon_osd_allow_pg_remap = true
2026-03-08T23:59:06.417 INFO:teuthology.orchestra.run.vm03.stdout:/usr/bin/ceph: stdout mon_osd_allow_primary_affinity = true
2026-03-08T23:59:06.417 INFO:teuthology.orchestra.run.vm03.stdout:/usr/bin/ceph: stdout mon_warn_on_no_sortbitwise = false
2026-03-08T23:59:06.417 INFO:teuthology.orchestra.run.vm03.stdout:/usr/bin/ceph: stdout osd_crush_chooseleaf_type = 0
2026-03-08T23:59:06.417 INFO:teuthology.orchestra.run.vm03.stdout:/usr/bin/ceph: stdout
2026-03-08T23:59:06.417 INFO:teuthology.orchestra.run.vm03.stdout:/usr/bin/ceph: stdout [mgr]
2026-03-08T23:59:06.417 INFO:teuthology.orchestra.run.vm03.stdout:/usr/bin/ceph: stdout mgr/telemetry/nag = false
2026-03-08T23:59:06.417 INFO:teuthology.orchestra.run.vm03.stdout:/usr/bin/ceph: stdout
2026-03-08T23:59:06.417 INFO:teuthology.orchestra.run.vm03.stdout:/usr/bin/ceph: stdout [osd]
2026-03-08T23:59:06.417 INFO:teuthology.orchestra.run.vm03.stdout:/usr/bin/ceph: stdout mon_osd_backfillfull_ratio = 0.85
2026-03-08T23:59:06.417 INFO:teuthology.orchestra.run.vm03.stdout:/usr/bin/ceph: stdout mon_osd_full_ratio = 0.9
2026-03-08T23:59:06.417 INFO:teuthology.orchestra.run.vm03.stdout:/usr/bin/ceph: stdout mon_osd_nearfull_ratio = 0.8
2026-03-08T23:59:06.417 INFO:teuthology.orchestra.run.vm03.stdout:/usr/bin/ceph: stdout osd_map_max_advance = 10
2026-03-08T23:59:06.417 INFO:teuthology.orchestra.run.vm03.stdout:/usr/bin/ceph: stdout osd_sloppy_crc = true
2026-03-08T23:59:06.417 INFO:teuthology.orchestra.run.vm03.stdout:/usr/bin/ceph: stderr
2026-03-08T23:59:06.260+0000 7fc0e87a9700 1 Processor -- start
2026-03-08T23:59:06.417 INFO:teuthology.orchestra.run.vm03.stdout:/usr/bin/ceph: stderr
2026-03-08T23:59:06.261+0000 7fc0e87a9700 1 -- start start
2026-03-08T23:59:06.418 INFO:teuthology.orchestra.run.vm03.stdout:/usr/bin/ceph: stderr
2026-03-08T23:59:06.261+0000 7fc0e87a9700 1 --2- >> [v2:192.168.123.103:3300/0,v1:192.168.123.103:6789/0] conn(0x7fc0e0105650 0x7fc0e0105a70 unknown :-1 s=NONE pgs=0 cs=0 l=0 rev1=0 crypto rx=0 tx=0 comp rx=0 tx=0).connect
2026-03-08T23:59:06.418 INFO:teuthology.orchestra.run.vm03.stdout:/usr/bin/ceph: stderr
2026-03-08T23:59:06.261+0000 7fc0e87a9700 1 -- --> [v2:192.168.123.103:3300/0,v1:192.168.123.103:6789/0] -- mon_getmap magic: 0 v1 -- 0x7fc0e0106040 con 0x7fc0e0105650
2026-03-08T23:59:06.418 INFO:teuthology.orchestra.run.vm03.stdout:/usr/bin/ceph: stderr
2026-03-08T23:59:06.262+0000 7fc0e6545700 1 --2- >> [v2:192.168.123.103:3300/0,v1:192.168.123.103:6789/0] conn(0x7fc0e0105650 0x7fc0e0105a70 unknown :-1 s=BANNER_CONNECTING pgs=0 cs=0 l=0 rev1=0 crypto rx=0 tx=0 comp rx=0 tx=0)._handle_peer_banner_payload supported=3 required=0
2026-03-08T23:59:06.418 INFO:teuthology.orchestra.run.vm03.stdout:/usr/bin/ceph: stderr
2026-03-08T23:59:06.262+0000 7fc0e6545700 1 --2- >> [v2:192.168.123.103:3300/0,v1:192.168.123.103:6789/0] conn(0x7fc0e0105650 0x7fc0e0105a70 unknown :-1 s=HELLO_CONNECTING pgs=0 cs=0 l=0 rev1=1 crypto rx=0 tx=0 comp rx=0 tx=0).handle_hello peer v2:192.168.123.103:3300/0 says I am v2:192.168.123.103:54932/0 (socket says 192.168.123.103:54932)
2026-03-08T23:59:06.418 INFO:teuthology.orchestra.run.vm03.stdout:/usr/bin/ceph: stderr
2026-03-08T23:59:06.262+0000 7fc0e6545700 1 -- 192.168.123.103:0/117245995 learned_addr learned my addr 192.168.123.103:0/117245995 (peer_addr_for_me v2:192.168.123.103:0/0)
2026-03-08T23:59:06.418 INFO:teuthology.orchestra.run.vm03.stdout:/usr/bin/ceph: stderr
2026-03-08T23:59:06.262+0000 7fc0e6545700 1 -- 192.168.123.103:0/117245995 --> [v2:192.168.123.103:3300/0,v1:192.168.123.103:6789/0] -- mon_subscribe({config=0+,monmap=0+}) v3 -- 0x7fc0e0106850 con 0x7fc0e0105650
2026-03-08T23:59:06.418 INFO:teuthology.orchestra.run.vm03.stdout:/usr/bin/ceph: stderr
2026-03-08T23:59:06.262+0000 7fc0e6545700 1 --2- 192.168.123.103:0/117245995 >> [v2:192.168.123.103:3300/0,v1:192.168.123.103:6789/0] conn(0x7fc0e0105650 0x7fc0e0105a70 secure :-1 s=READY pgs=20 cs=0 l=1 rev1=1 crypto rx=0x7fc0d0009a90 tx=0x7fc0d0009da0 comp rx=0 tx=0).ready entity=mon.0 client_cookie=4cb2ed623b331999 server_cookie=0 in_seq=0 out_seq=0
2026-03-08T23:59:06.418 INFO:teuthology.orchestra.run.vm03.stdout:/usr/bin/ceph: stderr
2026-03-08T23:59:06.263+0000 7fc0e5543700 1 -- 192.168.123.103:0/117245995 <== mon.0 v2:192.168.123.103:3300/0 1 ==== mon_map magic: 0 v1 ==== 214+0+0 (secure 0 0 0) 0x7fc0d0004030 con 0x7fc0e0105650
2026-03-08T23:59:06.418 INFO:teuthology.orchestra.run.vm03.stdout:/usr/bin/ceph: stderr
2026-03-08T23:59:06.263+0000 7fc0e5543700 1 -- 192.168.123.103:0/117245995 <== mon.0 v2:192.168.123.103:3300/0 2 ==== config(28 keys) v1 ==== 1075+0+0 (secure 0 0 0) 0x7fc0d000b7e0 con 0x7fc0e0105650
2026-03-08T23:59:06.418 INFO:teuthology.orchestra.run.vm03.stdout:/usr/bin/ceph: stderr
2026-03-08T23:59:06.263+0000 7fc0e5543700 1 -- 192.168.123.103:0/117245995 <== mon.0 v2:192.168.123.103:3300/0 3 ==== mon_map magic: 0 v1 ==== 214+0+0 (secure 0 0 0) 0x7fc0d0003a40 con 0x7fc0e0105650
2026-03-08T23:59:06.418 INFO:teuthology.orchestra.run.vm03.stdout:/usr/bin/ceph: stderr
2026-03-08T23:59:06.263+0000 7fc0e87a9700 1 -- 192.168.123.103:0/117245995 >> [v2:192.168.123.103:3300/0,v1:192.168.123.103:6789/0] conn(0x7fc0e0105650 msgr2=0x7fc0e0105a70 secure :-1 s=STATE_CONNECTION_ESTABLISHED l=1).mark_down
2026-03-08T23:59:06.418 INFO:teuthology.orchestra.run.vm03.stdout:/usr/bin/ceph: stderr
2026-03-08T23:59:06.263+0000 7fc0e87a9700 1 --2- 192.168.123.103:0/117245995 >> [v2:192.168.123.103:3300/0,v1:192.168.123.103:6789/0] conn(0x7fc0e0105650 0x7fc0e0105a70 secure :-1 s=READY pgs=20 cs=0 l=1 rev1=1 crypto rx=0x7fc0d0009a90 tx=0x7fc0d0009da0 comp rx=0 tx=0).stop
2026-03-08T23:59:06.418 INFO:teuthology.orchestra.run.vm03.stdout:/usr/bin/ceph: stderr
2026-03-08T23:59:06.264+0000 7fc0e87a9700 1 -- 192.168.123.103:0/117245995 shutdown_connections
2026-03-08T23:59:06.418 INFO:teuthology.orchestra.run.vm03.stdout:/usr/bin/ceph: stderr
2026-03-08T23:59:06.264+0000 7fc0e87a9700 1 --2- 192.168.123.103:0/117245995 >> [v2:192.168.123.103:3300/0,v1:192.168.123.103:6789/0] conn(0x7fc0e0105650 0x7fc0e0105a70 unknown :-1 s=CLOSED pgs=20 cs=0 l=1 rev1=1 crypto rx=0 tx=0 comp rx=0 tx=0).stop
2026-03-08T23:59:06.418 INFO:teuthology.orchestra.run.vm03.stdout:/usr/bin/ceph: stderr
2026-03-08T23:59:06.264+0000 7fc0e87a9700 1 -- 192.168.123.103:0/117245995 >> 192.168.123.103:0/117245995 conn(0x7fc0e0100bd0 msgr2=0x7fc0e0103030 unknown :-1 s=STATE_NONE l=0).mark_down
2026-03-08T23:59:06.418 INFO:teuthology.orchestra.run.vm03.stdout:/usr/bin/ceph: stderr
2026-03-08T23:59:06.264+0000 7fc0e87a9700 1 -- 192.168.123.103:0/117245995 shutdown_connections
2026-03-08T23:59:06.418 INFO:teuthology.orchestra.run.vm03.stdout:/usr/bin/ceph: stderr
2026-03-08T23:59:06.264+0000 7fc0e87a9700 1 -- 192.168.123.103:0/117245995 wait complete.
2026-03-08T23:59:06.419 INFO:teuthology.orchestra.run.vm03.stdout:/usr/bin/ceph: stderr
2026-03-08T23:59:06.265+0000 7fc0e87a9700 1 Processor -- start
2026-03-08T23:59:06.419 INFO:teuthology.orchestra.run.vm03.stdout:/usr/bin/ceph: stderr
2026-03-08T23:59:06.265+0000 7fc0e87a9700 1 -- start start
2026-03-08T23:59:06.419 INFO:teuthology.orchestra.run.vm03.stdout:/usr/bin/ceph: stderr
2026-03-08T23:59:06.265+0000 7fc0e87a9700 1 --2- >> [v2:192.168.123.103:3300/0,v1:192.168.123.103:6789/0] conn(0x7fc0e019a620 0x7fc0e019aa40 unknown :-1 s=NONE pgs=0 cs=0 l=1 rev1=0 crypto rx=0 tx=0 comp rx=0 tx=0).connect
2026-03-08T23:59:06.419 INFO:teuthology.orchestra.run.vm03.stdout:/usr/bin/ceph: stderr
2026-03-08T23:59:06.265+0000 7fc0e87a9700 1 -- --> [v2:192.168.123.103:3300/0,v1:192.168.123.103:6789/0] -- mon_getmap magic: 0 v1 -- 0x7fc0e019af80 con 0x7fc0e019a620
2026-03-08T23:59:06.419 INFO:teuthology.orchestra.run.vm03.stdout:/usr/bin/ceph: stderr
2026-03-08T23:59:06.266+0000 7fc0e6545700 1 --2- >> [v2:192.168.123.103:3300/0,v1:192.168.123.103:6789/0] conn(0x7fc0e019a620 0x7fc0e019aa40 unknown :-1 s=BANNER_CONNECTING pgs=0 cs=0 l=1 rev1=0 crypto rx=0 tx=0 comp rx=0 tx=0)._handle_peer_banner_payload supported=3 required=0
2026-03-08T23:59:06.419 INFO:teuthology.orchestra.run.vm03.stdout:/usr/bin/ceph: stderr
2026-03-08T23:59:06.266+0000 7fc0e6545700 1 --2- >> [v2:192.168.123.103:3300/0,v1:192.168.123.103:6789/0] conn(0x7fc0e019a620 0x7fc0e019aa40 unknown :-1 s=HELLO_CONNECTING pgs=0 cs=0 l=1 rev1=1 crypto rx=0 tx=0 comp rx=0 tx=0).handle_hello peer v2:192.168.123.103:3300/0 says I am v2:192.168.123.103:54936/0 (socket says 192.168.123.103:54936)
2026-03-08T23:59:06.419 INFO:teuthology.orchestra.run.vm03.stdout:/usr/bin/ceph: stderr
2026-03-08T23:59:06.266+0000 7fc0e6545700 1 -- 192.168.123.103:0/2206763554 learned_addr learned my addr 192.168.123.103:0/2206763554 (peer_addr_for_me v2:192.168.123.103:0/0)
2026-03-08T23:59:06.419 INFO:teuthology.orchestra.run.vm03.stdout:/usr/bin/ceph: stderr
2026-03-08T23:59:06.266+0000 7fc0e6545700 1 -- 192.168.123.103:0/2206763554 --> [v2:192.168.123.103:3300/0,v1:192.168.123.103:6789/0] -- mon_subscribe({config=0+,monmap=0+}) v3 -- 0x7fc0d0009740 con 0x7fc0e019a620
2026-03-08T23:59:06.419 INFO:teuthology.orchestra.run.vm03.stdout:/usr/bin/ceph: stderr
2026-03-08T23:59:06.266+0000 7fc0e6545700 1 --2- 192.168.123.103:0/2206763554 >> [v2:192.168.123.103:3300/0,v1:192.168.123.103:6789/0] conn(0x7fc0e019a620 0x7fc0e019aa40 secure :-1 s=READY pgs=21 cs=0 l=1 rev1=1 crypto rx=0x7fc0d0000c00 tx=0x7fc0d0003f90 comp rx=0 tx=0).ready entity=mon.0 client_cookie=0 server_cookie=0 in_seq=0 out_seq=0
2026-03-08T23:59:06.419 INFO:teuthology.orchestra.run.vm03.stdout:/usr/bin/ceph: stderr
2026-03-08T23:59:06.267+0000 7fc0d77fe700 1 -- 192.168.123.103:0/2206763554 <== mon.0 v2:192.168.123.103:3300/0 1 ==== mon_map magic: 0 v1 ==== 214+0+0 (secure 0 0 0) 0x7fc0d000be00 con 0x7fc0e019a620
2026-03-08T23:59:06.419 INFO:teuthology.orchestra.run.vm03.stdout:/usr/bin/ceph: stderr
2026-03-08T23:59:06.267+0000 7fc0d77fe700 1 -- 192.168.123.103:0/2206763554 <== mon.0 v2:192.168.123.103:3300/0 2 ==== config(28 keys) v1 ==== 1075+0+0 (secure 0 0 0) 0x7fc0d001b440 con 0x7fc0e019a620
2026-03-08T23:59:06.419 INFO:teuthology.orchestra.run.vm03.stdout:/usr/bin/ceph: stderr
2026-03-08T23:59:06.267+0000 7fc0e87a9700 1 -- 192.168.123.103:0/2206763554 --> [v2:192.168.123.103:3300/0,v1:192.168.123.103:6789/0] -- mon_subscribe({mgrmap=0+}) v3 -- 0x7fc0e019b180 con 0x7fc0e019a620
2026-03-08T23:59:06.419 INFO:teuthology.orchestra.run.vm03.stdout:/usr/bin/ceph: stderr
2026-03-08T23:59:06.267+0000 7fc0e87a9700 1 -- 192.168.123.103:0/2206763554 --> [v2:192.168.123.103:3300/0,v1:192.168.123.103:6789/0] -- mon_subscribe({osdmap=0}) v3 -- 0x7fc0e019ddd0 con 0x7fc0e019a620
2026-03-08T23:59:06.419 INFO:teuthology.orchestra.run.vm03.stdout:/usr/bin/ceph: stderr
2026-03-08T23:59:06.268+0000 7fc0d77fe700 1 -- 192.168.123.103:0/2206763554 <== mon.0 v2:192.168.123.103:3300/0 3 ==== mon_map magic: 0 v1 ==== 214+0+0 (secure 0 0 0) 0x7fc0d000be00 con 0x7fc0e019a620
2026-03-08T23:59:06.419 INFO:teuthology.orchestra.run.vm03.stdout:/usr/bin/ceph: stderr
2026-03-08T23:59:06.268+0000 7fc0e87a9700 1 -- 192.168.123.103:0/2206763554 --> [v2:192.168.123.103:3300/0,v1:192.168.123.103:6789/0] -- mon_command({"prefix": "get_command_descriptions"} v 0) v1 -- 0x7fc0e00623c0 con 0x7fc0e019a620
2026-03-08T23:59:06.419 INFO:teuthology.orchestra.run.vm03.stdout:/usr/bin/ceph: stderr
2026-03-08T23:59:06.271+0000 7fc0d77fe700 1 -- 192.168.123.103:0/2206763554 <== mon.0 v2:192.168.123.103:3300/0 4 ==== mgrmap(e 4) v1 ==== 45267+0+0 (secure 0 0 0) 0x7fc0d001b8b0 con 0x7fc0e019a620
2026-03-08T23:59:06.419 INFO:teuthology.orchestra.run.vm03.stdout:/usr/bin/ceph: stderr
2026-03-08T23:59:06.271+0000 7fc0d77fe700 1 --2- 192.168.123.103:0/2206763554 >> [v2:192.168.123.103:6800/2,v1:192.168.123.103:6801/2] conn(0x7fc0cc038290 0x7fc0cc03a750 unknown :-1 s=NONE pgs=0 cs=0 l=1 rev1=0 crypto rx=0 tx=0 comp rx=0 tx=0).connect
2026-03-08T23:59:06.419 INFO:teuthology.orchestra.run.vm03.stdout:/usr/bin/ceph: stderr
2026-03-08T23:59:06.271+0000 7fc0e5d44700 1 --2- 192.168.123.103:0/2206763554 >> [v2:192.168.123.103:6800/2,v1:192.168.123.103:6801/2] conn(0x7fc0cc038290 0x7fc0cc03a750 unknown :-1 s=BANNER_CONNECTING pgs=0 cs=0 l=1 rev1=0 crypto rx=0 tx=0 comp rx=0 tx=0)._handle_peer_banner_payload supported=3 required=0
2026-03-08T23:59:06.419 INFO:teuthology.orchestra.run.vm03.stdout:/usr/bin/ceph: stderr
2026-03-08T23:59:06.272+0000 7fc0e5d44700 1 --2- 192.168.123.103:0/2206763554 >> [v2:192.168.123.103:6800/2,v1:192.168.123.103:6801/2] conn(0x7fc0cc038290 0x7fc0cc03a750 secure :-1 s=READY pgs=7 cs=0 l=1 rev1=1 crypto rx=0x7fc0dc006fd0 tx=0x7fc0dc006e40 comp rx=0 tx=0).ready entity=mgr.14100 client_cookie=0 server_cookie=0 in_seq=0 out_seq=0
