2026-03-08T23:59:17.193+0000 7efce659c700 1 -- 192.168.123.103:0/2382184515 learned_addr learned my addr 192.168.123.103:0/2382184515 (peer_addr_for_me v2:192.168.123.103:0/0)
2026-03-08T23:59:17.383 INFO:teuthology.orchestra.run.vm03.stdout:/usr/bin/ceph: stderr
2026-03-08T23:59:17.193+0000 7efce659c700 1 -- 192.168.123.103:0/2382184515 --> [v2:192.168.123.103:3300/0,v1:192.168.123.103:6789/0] -- mon_subscribe({config=0+,monmap=0+}) v3 -- 0x7efcd8009740 con 0x7efce0130400
2026-03-08T23:59:17.383 INFO:teuthology.orchestra.run.vm03.stdout:/usr/bin/ceph: stderr
2026-03-08T23:59:17.193+0000 7efce659c700 1 --2- 192.168.123.103:0/2382184515 >> [v2:192.168.123.103:3300/0,v1:192.168.123.103:6789/0] conn(0x7efce0130400 0x7efce0130820 secure :-1 s=READY pgs=54 cs=0 l=1 rev1=1 crypto rx=0x7efcd800b560 tx=0x7efcd800be60 comp rx=0 tx=0).ready entity=mon.0 client_cookie=0 server_cookie=0 in_seq=0 out_seq=0
2026-03-08T23:59:17.383 INFO:teuthology.orchestra.run.vm03.stdout:/usr/bin/ceph: stderr
2026-03-08T23:59:17.194+0000 7efcd77fe700 1 -- 192.168.123.103:0/2382184515 <== mon.0 v2:192.168.123.103:3300/0 1 ==== mon_map magic: 0 v1 ==== 214+0+0 (secure 0 0 0) 0x7efcd8003f40 con 0x7efce0130400
2026-03-08T23:59:17.383 INFO:teuthology.orchestra.run.vm03.stdout:/usr/bin/ceph: stderr
2026-03-08T23:59:17.194+0000 7efce759e700 1 -- 192.168.123.103:0/2382184515 --> [v2:192.168.123.103:3300/0,v1:192.168.123.103:6789/0] -- mon_subscribe({mgrmap=0+}) v3 -- 0x7efce0130d60 con 0x7efce0130400
2026-03-08T23:59:17.383 INFO:teuthology.orchestra.run.vm03.stdout:/usr/bin/ceph: stderr
2026-03-08T23:59:17.194+0000 7efce759e700 1 -- 192.168.123.103:0/2382184515 --> [v2:192.168.123.103:3300/0,v1:192.168.123.103:6789/0] -- mon_subscribe({osdmap=0}) v3 -- 0x7efce01339e0 con 0x7efce0130400
2026-03-08T23:59:17.383 INFO:teuthology.orchestra.run.vm03.stdout:/usr/bin/ceph: stderr
2026-03-08T23:59:17.194+0000 7efcd77fe700 1 -- 192.168.123.103:0/2382184515 <== mon.0 v2:192.168.123.103:3300/0 2 ==== config(28 keys) v1 ==== 1139+0+0 (secure 0 0 0) 0x7efcd8004580 con 0x7efce0130400
2026-03-08T23:59:17.383 INFO:teuthology.orchestra.run.vm03.stdout:/usr/bin/ceph: stderr
2026-03-08T23:59:17.194+0000 7efcd77fe700 1 -- 192.168.123.103:0/2382184515 <== mon.0 v2:192.168.123.103:3300/0 3 ==== mon_map magic: 0 v1 ==== 214+0+0 (secure 0 0 0) 0x7efcd8003b10 con 0x7efce0130400
2026-03-08T23:59:17.383 INFO:teuthology.orchestra.run.vm03.stdout:/usr/bin/ceph: stderr
2026-03-08T23:59:17.197+0000 7efcd77fe700 1 -- 192.168.123.103:0/2382184515 <== mon.0 v2:192.168.123.103:3300/0 4 ==== mgrmap(e 8) v1 ==== 45278+0+0 (secure 0 0 0) 0x7efcd801ad00 con 0x7efce0130400
2026-03-08T23:59:17.383 INFO:teuthology.orchestra.run.vm03.stdout:/usr/bin/ceph: stderr
2026-03-08T23:59:17.197+0000 7efcd77fe700 1 --2- 192.168.123.103:0/2382184515 >> [v2:192.168.123.103:6800/2,v1:192.168.123.103:6801/2] conn(0x7efcd00382e0 0x7efcd003a7a0 unknown :-1 s=NONE pgs=0 cs=0 l=1 rev1=0 crypto rx=0 tx=0 comp rx=0 tx=0).connect
2026-03-08T23:59:17.383 INFO:teuthology.orchestra.run.vm03.stdout:/usr/bin/ceph: stderr
2026-03-08T23:59:17.197+0000 7efcd77fe700 1 -- 192.168.123.103:0/2382184515 <== mon.0 v2:192.168.123.103:3300/0 5 ==== osd_map(2..2 src has 1..2) v4 ==== 940+0+0 (secure 0 0 0) 0x7efcd804bb00 con 0x7efce0130400
2026-03-08T23:59:17.383 INFO:teuthology.orchestra.run.vm03.stdout:/usr/bin/ceph: stderr
2026-03-08T23:59:17.197+0000 7efce759e700 1 -- 192.168.123.103:0/2382184515 --> [v2:192.168.123.103:3300/0,v1:192.168.123.103:6789/0] -- mon_command({"prefix": "get_command_descriptions"} v 0) v1 -- 0x7efcc8005320 con 0x7efce0130400
2026-03-08T23:59:17.383 INFO:teuthology.orchestra.run.vm03.stdout:/usr/bin/ceph: stderr
2026-03-08T23:59:17.198+0000 7efce5d9b700 1 --2- 192.168.123.103:0/2382184515 >> [v2:192.168.123.103:6800/2,v1:192.168.123.103:6801/2] conn(0x7efcd00382e0 0x7efcd003a7a0 unknown :-1 s=BANNER_CONNECTING pgs=0 cs=0 l=1 rev1=0 crypto rx=0 tx=0 comp rx=0 tx=0)._handle_peer_banner_payload supported=3 required=0
2026-03-08T23:59:17.383 INFO:teuthology.orchestra.run.vm03.stdout:/usr/bin/ceph: stderr
2026-03-08T23:59:17.198+0000 7efce5d9b700 1 --2- 192.168.123.103:0/2382184515 >> [v2:192.168.123.103:6800/2,v1:192.168.123.103:6801/2] conn(0x7efcd00382e0 0x7efcd003a7a0 secure :-1 s=READY pgs=15 cs=0 l=1 rev1=1 crypto rx=0x7efcdc006fd0 tx=0x7efcdc006e40 comp rx=0 tx=0).ready entity=mgr.14120 client_cookie=0 server_cookie=0 in_seq=0 out_seq=0
2026-03-08T23:59:17.383 INFO:teuthology.orchestra.run.vm03.stdout:/usr/bin/ceph: stderr
2026-03-08T23:59:17.201+0000 7efcd77fe700 1 -- 192.168.123.103:0/2382184515 <== mon.0 v2:192.168.123.103:3300/0 6 ==== mon_command_ack([{"prefix": "get_command_descriptions"}]=0 v0) v1 ==== 72+0+180422 (secure 0 0 0) 0x7efcd802d3e0 con 0x7efce0130400
2026-03-08T23:59:17.383 INFO:teuthology.orchestra.run.vm03.stdout:/usr/bin/ceph: stderr
2026-03-08T23:59:17.317+0000 7efce759e700 1 -- 192.168.123.103:0/2382184515 --> [v2:192.168.123.103:6800/2,v1:192.168.123.103:6801/2] -- mgr_command(tid 0: {"prefix": "orch apply", "service_type": "ceph-exporter", "target": ["mon-mgr", ""]}) v1 -- 0x7efcc8000bf0 con 0x7efcd00382e0
2026-03-08T23:59:17.383 INFO:teuthology.orchestra.run.vm03.stdout:/usr/bin/ceph: stderr
2026-03-08T23:59:17.323+0000 7efcd77fe700 1 -- 192.168.123.103:0/2382184515 <== mgr.14120 v2:192.168.123.103:6800/2 1 ==== mgr_command_reply(tid 0: 0 ) v1 ==== 8+0+34 (secure 0 0 0) 0x7efcc8000bf0 con 0x7efcd00382e0
2026-03-08T23:59:17.383 INFO:teuthology.orchestra.run.vm03.stdout:/usr/bin/ceph: stderr
2026-03-08T23:59:17.326+0000 7efcd57fa700 1 -- 192.168.123.103:0/2382184515 >> [v2:192.168.123.103:6800/2,v1:192.168.123.103:6801/2] conn(0x7efcd00382e0 msgr2=0x7efcd003a7a0 secure :-1 s=STATE_CONNECTION_ESTABLISHED l=1).mark_down
2026-03-08T23:59:17.383 INFO:teuthology.orchestra.run.vm03.stdout:/usr/bin/ceph: stderr
2026-03-08T23:59:17.326+0000 7efcd57fa700 1 --2- 192.168.123.103:0/2382184515 >> [v2:192.168.123.103:6800/2,v1:192.168.123.103:6801/2] conn(0x7efcd00382e0 0x7efcd003a7a0 secure :-1 s=READY pgs=15 cs=0 l=1 rev1=1 crypto rx=0x7efcdc006fd0 tx=0x7efcdc006e40 comp rx=0 tx=0).stop
2026-03-08T23:59:17.383 INFO:teuthology.orchestra.run.vm03.stdout:/usr/bin/ceph: stderr
2026-03-08T23:59:17.326+0000 7efcd57fa700 1 -- 192.168.123.103:0/2382184515 >> [v2:192.168.123.103:3300/0,v1:192.168.123.103:6789/0] conn(0x7efce0130400 msgr2=0x7efce0130820 secure :-1 s=STATE_CONNECTION_ESTABLISHED l=1).mark_down
2026-03-08T23:59:17.383 INFO:teuthology.orchestra.run.vm03.stdout:/usr/bin/ceph: stderr
2026-03-08T23:59:17.326+0000 7efcd57fa700 1 --2- 192.168.123.103:0/2382184515 >> [v2:192.168.123.103:3300/0,v1:192.168.123.103:6789/0] conn(0x7efce0130400 0x7efce0130820 secure :-1 s=READY pgs=54 cs=0 l=1 rev1=1 crypto rx=0x7efcd800b560 tx=0x7efcd800be60 comp rx=0 tx=0).stop
2026-03-08T23:59:17.383 INFO:teuthology.orchestra.run.vm03.stdout:/usr/bin/ceph: stderr
2026-03-08T23:59:17.326+0000 7efcd57fa700 1 -- 192.168.123.103:0/2382184515 shutdown_connections
2026-03-08T23:59:17.383 INFO:teuthology.orchestra.run.vm03.stdout:/usr/bin/ceph: stderr
2026-03-08T23:59:17.326+0000 7efcd57fa700 1 --2- 192.168.123.103:0/2382184515 >> [v2:192.168.123.103:6800/2,v1:192.168.123.103:6801/2] conn(0x7efcd00382e0 0x7efcd003a7a0 unknown :-1 s=CLOSED pgs=15 cs=0 l=1 rev1=1 crypto rx=0 tx=0 comp rx=0 tx=0).stop
2026-03-08T23:59:17.383 INFO:teuthology.orchestra.run.vm03.stdout:/usr/bin/ceph: stderr
2026-03-08T23:59:17.326+0000 7efcd57fa700 1 --2- 192.168.123.103:0/2382184515 >> [v2:192.168.123.103:3300/0,v1:192.168.123.103:6789/0] conn(0x7efce0130400 0x7efce0130820 unknown :-1 s=CLOSED pgs=54 cs=0 l=1 rev1=1 crypto rx=0 tx=0 comp rx=0 tx=0).stop
2026-03-08T23:59:17.383 INFO:teuthology.orchestra.run.vm03.stdout:/usr/bin/ceph: stderr
2026-03-08T23:59:17.326+0000 7efcd57fa700 1 -- 192.168.123.103:0/2382184515 >> 192.168.123.103:0/2382184515 conn(0x7efce008ffd0 msgr2=0x7efce00923f0 unknown :-1 s=STATE_NONE l=0).mark_down
2026-03-08T23:59:17.383 INFO:teuthology.orchestra.run.vm03.stdout:/usr/bin/ceph: stderr
2026-03-08T23:59:17.327+0000 7efcd57fa700 1 -- 192.168.123.103:0/2382184515 shutdown_connections
2026-03-08T23:59:17.383 INFO:teuthology.orchestra.run.vm03.stdout:/usr/bin/ceph: stderr
2026-03-08T23:59:17.328+0000 7efcd57fa700 1 -- 192.168.123.103:0/2382184515 wait complete.
2026-03-08T23:59:17.383 INFO:teuthology.orchestra.run.vm03.stdout:Deploying prometheus service with default placement...
2026-03-08T23:59:17.717 INFO:teuthology.orchestra.run.vm03.stdout:/usr/bin/ceph: stdout Scheduled prometheus update...
2026-03-08T23:59:17.717 INFO:teuthology.orchestra.run.vm03.stdout:/usr/bin/ceph: stderr
2026-03-08T23:59:17.522+0000 7f009359e700 1 Processor -- start
2026-03-08T23:59:17.717 INFO:teuthology.orchestra.run.vm03.stdout:/usr/bin/ceph: stderr
2026-03-08T23:59:17.522+0000 7f009359e700 1 -- start start
2026-03-08T23:59:17.717 INFO:teuthology.orchestra.run.vm03.stdout:/usr/bin/ceph: stderr
2026-03-08T23:59:17.522+0000 7f009359e700 1 --2- >> [v2:192.168.123.103:3300/0,v1:192.168.123.103:6789/0] conn(0x7f00940721d0 0x7f00940725f0 unknown :-1 s=NONE pgs=0 cs=0 l=0 rev1=0 crypto rx=0 tx=0 comp rx=0 tx=0).connect
2026-03-08T23:59:17.717 INFO:teuthology.orchestra.run.vm03.stdout:/usr/bin/ceph: stderr
2026-03-08T23:59:17.522+0000 7f009359e700 1 -- --> [v2:192.168.123.103:3300/0,v1:192.168.123.103:6789/0] -- mon_getmap magic: 0 v1 -- 0x7f0094072bc0 con 0x7f00940721d0
2026-03-08T23:59:17.717 INFO:teuthology.orchestra.run.vm03.stdout:/usr/bin/ceph: stderr
2026-03-08T23:59:17.523+0000 7f009259c700 1 --2- >> [v2:192.168.123.103:3300/0,v1:192.168.123.103:6789/0] conn(0x7f00940721d0 0x7f00940725f0 unknown :-1 s=BANNER_CONNECTING pgs=0 cs=0 l=0 rev1=0 crypto rx=0 tx=0 comp rx=0 tx=0)._handle_peer_banner_payload supported=3 required=0
2026-03-08T23:59:17.717 INFO:teuthology.orchestra.run.vm03.stdout:/usr/bin/ceph: stderr
2026-03-08T23:59:17.523+0000 7f009259c700 1 --2- >> [v2:192.168.123.103:3300/0,v1:192.168.123.103:6789/0] conn(0x7f00940721d0 0x7f00940725f0 unknown :-1 s=HELLO_CONNECTING pgs=0 cs=0 l=0 rev1=1 crypto rx=0 tx=0 comp rx=0 tx=0).handle_hello peer v2:192.168.123.103:3300/0 says I am v2:192.168.123.103:60110/0 (socket says 192.168.123.103:60110)
2026-03-08T23:59:17.717 INFO:teuthology.orchestra.run.vm03.stdout:/usr/bin/ceph: stderr
2026-03-08T23:59:17.523+0000 7f009259c700 1 -- 192.168.123.103:0/848845012 learned_addr learned my addr 192.168.123.103:0/848845012 (peer_addr_for_me v2:192.168.123.103:0/0)
2026-03-08T23:59:17.717 INFO:teuthology.orchestra.run.vm03.stdout:/usr/bin/ceph: stderr
2026-03-08T23:59:17.523+0000 7f009259c700 1 -- 192.168.123.103:0/848845012 --> [v2:192.168.123.103:3300/0,v1:192.168.123.103:6789/0] -- mon_subscribe({config=0+,monmap=0+}) v3 -- 0x7f009410e1c0 con 0x7f00940721d0
2026-03-08T23:59:17.717 INFO:teuthology.orchestra.run.vm03.stdout:/usr/bin/ceph: stderr
2026-03-08T23:59:17.523+0000 7f009259c700 1 --2- 192.168.123.103:0/848845012 >> [v2:192.168.123.103:3300/0,v1:192.168.123.103:6789/0] conn(0x7f00940721d0 0x7f00940725f0 secure :-1 s=READY pgs=55 cs=0 l=1 rev1=1 crypto rx=0x7f0084009480 tx=0x7f0084009790 comp rx=0 tx=0).ready entity=mon.0 client_cookie=a4282fee84279c04 server_cookie=0 in_seq=0 out_seq=0
2026-03-08T23:59:17.717 INFO:teuthology.orchestra.run.vm03.stdout:/usr/bin/ceph: stderr
2026-03-08T23:59:17.524+0000 7f009159a700 1 -- 192.168.123.103:0/848845012 <== mon.0 v2:192.168.123.103:3300/0 1 ==== mon_map magic: 0 v1 ==== 214+0+0 (secure 0 0 0) 0x7f0084004030 con 0x7f00940721d0
2026-03-08T23:59:17.717 INFO:teuthology.orchestra.run.vm03.stdout:/usr/bin/ceph: stderr
2026-03-08T23:59:17.524+0000 7f009159a700 1 -- 192.168.123.103:0/848845012 <== mon.0 v2:192.168.123.103:3300/0 2 ==== config(28 keys) v1 ==== 1139+0+0 (secure 0 0 0) 0x7f008400c8f0 con 0x7f00940721d0
2026-03-08T23:59:17.717 INFO:teuthology.orchestra.run.vm03.stdout:/usr/bin/ceph: stderr
2026-03-08T23:59:17.524+0000 7f009159a700 1 -- 192.168.123.103:0/848845012 <== mon.0 v2:192.168.123.103:3300/0 3 ==== mon_map magic: 0 v1 ==== 214+0+0 (secure 0 0 0) 0x7f0084003bf0 con 0x7f00940721d0
2026-03-08T23:59:17.717 INFO:teuthology.orchestra.run.vm03.stdout:/usr/bin/ceph: stderr
2026-03-08T23:59:17.525+0000 7f009359e700 1 -- 192.168.123.103:0/848845012 >> [v2:192.168.123.103:3300/0,v1:192.168.123.103:6789/0] conn(0x7f00940721d0 msgr2=0x7f00940725f0 secure :-1 s=STATE_CONNECTION_ESTABLISHED l=1).mark_down
2026-03-08T23:59:17.717 INFO:teuthology.orchestra.run.vm03.stdout:/usr/bin/ceph: stderr
2026-03-08T23:59:17.525+0000 7f009359e700 1 --2- 192.168.123.103:0/848845012 >> [v2:192.168.123.103:3300/0,v1:192.168.123.103:6789/0] conn(0x7f00940721d0 0x7f00940725f0 secure :-1 s=READY pgs=55 cs=0 l=1 rev1=1 crypto rx=0x7f0084009480 tx=0x7f0084009790 comp rx=0 tx=0).stop
2026-03-08T23:59:17.717 INFO:teuthology.orchestra.run.vm03.stdout:/usr/bin/ceph: stderr
2026-03-08T23:59:17.525+0000 7f009359e700 1 -- 192.168.123.103:0/848845012 shutdown_connections
2026-03-08T23:59:17.717 INFO:teuthology.orchestra.run.vm03.stdout:/usr/bin/ceph: stderr
2026-03-08T23:59:17.525+0000 7f009359e700 1 --2- 192.168.123.103:0/848845012 >> [v2:192.168.123.103:3300/0,v1:192.168.123.103:6789/0] conn(0x7f00940721d0 0x7f00940725f0 unknown :-1 s=CLOSED pgs=55 cs=0 l=1 rev1=1 crypto rx=0 tx=0 comp rx=0 tx=0).stop
2026-03-08T23:59:17.717 INFO:teuthology.orchestra.run.vm03.stdout:/usr/bin/ceph: stderr
2026-03-08T23:59:17.525+0000 7f009359e700 1 -- 192.168.123.103:0/848845012 >> 192.168.123.103:0/848845012 conn(0x7f009406d320 msgr2=0x7f009406f760 unknown :-1 s=STATE_NONE l=0).mark_down
2026-03-08T23:59:17.717 INFO:teuthology.orchestra.run.vm03.stdout:/usr/bin/ceph: stderr
2026-03-08T23:59:17.525+0000 7f009359e700 1 -- 192.168.123.103:0/848845012 shutdown_connections
2026-03-08T23:59:17.718 INFO:teuthology.orchestra.run.vm03.stdout:/usr/bin/ceph: stderr
2026-03-08T23:59:17.525+0000 7f009359e700 1 -- 192.168.123.103:0/848845012 wait complete.
2026-03-08T23:59:17.718 INFO:teuthology.orchestra.run.vm03.stdout:/usr/bin/ceph: stderr
2026-03-08T23:59:17.526+0000 7f009359e700 1 Processor -- start
2026-03-08T23:59:17.718 INFO:teuthology.orchestra.run.vm03.stdout:/usr/bin/ceph: stderr
2026-03-08T23:59:17.526+0000 7f009359e700 1 -- start start
2026-03-08T23:59:17.718 INFO:teuthology.orchestra.run.vm03.stdout:/usr/bin/ceph: stderr
2026-03-08T23:59:17.527+0000 7f009359e700 1 --2- >> [v2:192.168.123.103:3300/0,v1:192.168.123.103:6789/0] conn(0x7f00941a0b30 0x7f00941a0f50 unknown :-1 s=NONE pgs=0 cs=0 l=1 rev1=0 crypto rx=0 tx=0 comp rx=0 tx=0).connect
2026-03-08T23:59:17.718 INFO:teuthology.orchestra.run.vm03.stdout:/usr/bin/ceph: stderr
2026-03-08T23:59:17.527+0000 7f009359e700 1 -- --> [v2:192.168.123.103:3300/0,v1:192.168.123.103:6789/0] -- mon_getmap magic: 0 v1 -- 0x7f00941a1490 con 0x7f00941a0b30
2026-03-08T23:59:17.718 INFO:teuthology.orchestra.run.vm03.stdout:/usr/bin/ceph: stderr
2026-03-08T23:59:17.527+0000 7f009259c700 1 --2- >> [v2:192.168.123.103:3300/0,v1:192.168.123.103:6789/0] conn(0x7f00941a0b30 0x7f00941a0f50 unknown :-1 s=BANNER_CONNECTING pgs=0 cs=0 l=1 rev1=0 crypto rx=0 tx=0 comp rx=0 tx=0)._handle_peer_banner_payload supported=3 required=0
2026-03-08T23:59:17.718 INFO:teuthology.orchestra.run.vm03.stdout:/usr/bin/ceph: stderr
2026-03-08T23:59:17.527+0000 7f009259c700 1 --2- >> [v2:192.168.123.103:3300/0,v1:192.168.123.103:6789/0] conn(0x7f00941a0b30 0x7f00941a0f50 unknown :-1 s=HELLO_CONNECTING pgs=0 cs=0 l=1 rev1=1 crypto rx=0 tx=0 comp rx=0 tx=0).handle_hello peer v2:192.168.123.103:3300/0 says I am v2:192.168.123.103:60116/0 (socket says 192.168.123.103:60116)
2026-03-08T23:59:17.718 INFO:teuthology.orchestra.run.vm03.stdout:/usr/bin/ceph: stderr
2026-03-08T23:59:17.527+0000 7f009259c700 1 -- 192.168.123.103:0/4215591275 learned_addr learned my addr 192.168.123.103:0/4215591275 (peer_addr_for_me v2:192.168.123.103:0/0)
2026-03-08T23:59:17.718 INFO:teuthology.orchestra.run.vm03.stdout:/usr/bin/ceph: stderr
2026-03-08T23:59:17.527+0000 7f009259c700 1 -- 192.168.123.103:0/4215591275 --> [v2:192.168.123.103:3300/0,v1:192.168.123.103:6789/0] -- mon_subscribe({config=0+,monmap=0+}) v3 -- 0x7f0084009160 con 0x7f00941a0b30
2026-03-08T23:59:17.718 INFO:teuthology.orchestra.run.vm03.stdout:/usr/bin/ceph: stderr
2026-03-08T23:59:17.527+0000 7f009259c700 1 --2- 192.168.123.103:0/4215591275 >> [v2:192.168.123.103:3300/0,v1:192.168.123.103:6789/0] conn(0x7f00941a0b30 0x7f00941a0f50 secure :-1 s=READY pgs=56 cs=0 l=1 rev1=1 crypto rx=0x7f0084000c00 tx=0x7f0084004160 comp rx=0 tx=0).ready entity=mon.0 client_cookie=0 server_cookie=0 in_seq=0 out_seq=0
2026-03-08T23:59:17.718 INFO:teuthology.orchestra.run.vm03.stdout:/usr/bin/ceph: stderr
2026-03-08T23:59:17.527+0000 7f00837fe700 1 -- 192.168.123.103:0/4215591275 <== mon.0 v2:192.168.123.103:3300/0 1 ==== mon_map magic: 0 v1 ==== 214+0+0 (secure 0 0 0) 0x7f0084004510 con 0x7f00941a0b30
2026-03-08T23:59:17.718 INFO:teuthology.orchestra.run.vm03.stdout:/usr/bin/ceph: stderr
2026-03-08T23:59:17.527+0000 7f009359e700 1 -- 192.168.123.103:0/4215591275 --> [v2:192.168.123.103:3300/0,v1:192.168.123.103:6789/0] -- mon_subscribe({mgrmap=0+}) v3 -- 0x7f00941a1690 con 0x7f00941a0b30
2026-03-08T23:59:17.718 INFO:teuthology.orchestra.run.vm03.stdout:/usr/bin/ceph: stderr
2026-03-08T23:59:17.528+0000 7f009359e700 1 -- 192.168.123.103:0/4215591275 --> [v2:192.168.123.103:3300/0,v1:192.168.123.103:6789/0] -- mon_subscribe({osdmap=0}) v3 -- 0x7f00941a42e0 con 0x7f00941a0b30
2026-03-08T23:59:17.718 INFO:teuthology.orchestra.run.vm03.stdout:/usr/bin/ceph: stderr
2026-03-08T23:59:17.528+0000 7f00837fe700 1 -- 192.168.123.103:0/4215591275 <== mon.0 v2:192.168.123.103:3300/0 2 ==== config(28 keys) v1 ==== 1139+0+0 (secure 0 0 0) 0x7f00840108d0 con 0x7f00941a0b30
2026-03-08T23:59:17.718 INFO:teuthology.orchestra.run.vm03.stdout:/usr/bin/ceph: stderr
2026-03-08T23:59:17.528+0000 7f00837fe700 1 -- 192.168.123.103:0/4215591275 <== mon.0 v2:192.168.123.103:3300/0 3 ==== mon_map magic: 0 v1 ==== 214+0+0 (secure 0 0 0) 0x7f0084020750 con 0x7f00941a0b30
2026-03-08T23:59:17.718 INFO:teuthology.orchestra.run.vm03.stdout:/usr/bin/ceph: stderr
2026-03-08T23:59:17.528+0000 7f009359e700 1 -- 192.168.123.103:0/4215591275 --> [v2:192.168.123.103:3300/0,v1:192.168.123.103:6789/0] -- mon_command({"prefix": "get_command_descriptions"} v 0) v1 -- 0x7f009404f000 con 0x7f00941a0b30
2026-03-08T23:59:17.718 INFO:teuthology.orchestra.run.vm03.stdout:/usr/bin/ceph: stderr
2026-03-08T23:59:17.530+0000 7f00837fe700 1 -- 192.168.123.103:0/4215591275 <== mon.0 v2:192.168.123.103:3300/0 4 ==== mgrmap(e 8) v1 ==== 45278+0+0 (secure 0 0 0) 0x7f0084010a40 con 0x7f00941a0b30
2026-03-08T23:59:17.718 INFO:teuthology.orchestra.run.vm03.stdout:/usr/bin/ceph: stderr
2026-03-08T23:59:17.530+0000 7f00837fe700 1 --2- 192.168.123.103:0/4215591275 >> [v2:192.168.123.103:6800/2,v1:192.168.123.103:6801/2] conn(0x7f007c0383a0 0x7f007c03a860 unknown :-1 s=NONE pgs=0 cs=0 l=1 rev1=0 crypto rx=0 tx=0 comp rx=0 tx=0).connect
2026-03-08T23:59:17.718 INFO:teuthology.orchestra.run.vm03.stdout:/usr/bin/ceph: stderr
2026-03-08T23:59:17.530+0000 7f00837fe700 1 -- 192.168.123.103:0/4215591275 <== mon.0 v2:192.168.123.103:3300/0 5 ==== osd_map(2..2 src has 1..2) v4 ==== 940+0+0 (secure 0 0 0) 0x7f008404c580 con 0x7f00941a0b30
2026-03-08T23:59:17.718 INFO:teuthology.orchestra.run.vm03.stdout:/usr/bin/ceph: stderr
2026-03-08T23:59:17.530+0000 7f0091d9b700 1 --2- 192.168.123.103:0/4215591275 >> [v2:192.168.123.103:6800/2,v1:192.168.123.103:6801/2] conn(0x7f007c0383a0 0x7f007c03a860 unknown :-1 s=BANNER_CONNECTING pgs=0 cs=0 l=1 rev1=0 crypto rx=0 tx=0 comp rx=0 tx=0)._handle_peer_banner_payload supported=3 required=0
2026-03-08T23:59:17.718 INFO:teuthology.orchestra.run.vm03.stdout:/usr/bin/ceph: stderr
2026-03-08T23:59:17.530+0000 7f0091d9b700 1 --2- 192.168.123.103:0/4215591275 >> [v2:192.168.123.103:6800/2,v1:192.168.123.103:6801/2] conn(0x7f007c0383a0 0x7f007c03a860 secure :-1 s=READY pgs=16 cs=0 l=1 rev1=1 crypto rx=0x7f0088006fd0 tx=0x7f0088006e40 comp rx=0 tx=0).ready entity=mgr.14120 client_cookie=0 server_cookie=0 in_seq=0 out_seq=0
2026-03-08T23:59:17.718 INFO:teuthology.orchestra.run.vm03.stdout:/usr/bin/ceph: stderr
2026-03-08T23:59:17.532+0000 7f00837fe700 1 -- 192.168.123.103:0/4215591275 <== mon.0 v2:192.168.123.103:3300/0 6 ==== mon_command_ack([{"prefix": "get_command_descriptions"}]=0 v0) v1 ==== 72+0+180422 (secure 0 0 0) 0x7f008400f550 con 0x7f00941a0b30
2026-03-08T23:59:17.718 INFO:teuthology.orchestra.run.vm03.stdout:/usr/bin/ceph: stderr
2026-03-08T23:59:17.640+0000 7f009359e700 1 -- 192.168.123.103:0/4215591275 --> [v2:192.168.123.103:6800/2,v1:192.168.123.103:6801/2] -- mgr_command(tid 0: {"prefix": "orch apply", "service_type": "prometheus", "target": ["mon-mgr", ""]}) v1 -- 0x7f00941a1890 con 0x7f007c0383a0
2026-03-08T23:59:17.718 INFO:teuthology.orchestra.run.vm03.stdout:/usr/bin/ceph: stderr
2026-03-08T23:59:17.647+0000 7f00837fe700 1 -- 192.168.123.103:0/4215591275 <== mgr.14120 v2:192.168.123.103:6800/2 1 ==== mgr_command_reply(tid 0: 0 ) v1 ==== 8+0+31 (secure 0 0 0) 0x7f00941a1890 con 0x7f007c0383a0
2026-03-08T23:59:17.718 INFO:teuthology.orchestra.run.vm03.stdout:/usr/bin/ceph: stderr
2026-03-08T23:59:17.650+0000 7f00817fa700 1 -- 192.168.123.103:0/4215591275 >> [v2:192.168.123.103:6800/2,v1:192.168.123.103:6801/2] conn(0x7f007c0383a0 msgr2=0x7f007c03a860 secure :-1 s=STATE_CONNECTION_ESTABLISHED l=1).mark_down
2026-03-08T23:59:17.718 INFO:teuthology.orchestra.run.vm03.stdout:/usr/bin/ceph: stderr
2026-03-08T23:59:17.650+0000 7f00817fa700 1 --2- 192.168.123.103:0/4215591275 >> [v2:192.168.123.103:6800/2,v1:192.168.123.103:6801/2] conn(0x7f007c0383a0 0x7f007c03a860 secure :-1 s=READY pgs=16 cs=0 l=1 rev1=1 crypto rx=0x7f0088006fd0 tx=0x7f0088006e40 comp rx=0 tx=0).stop
2026-03-08T23:59:17.718 INFO:teuthology.orchestra.run.vm03.stdout:/usr/bin/ceph: stderr
2026-03-08T23:59:17.650+0000 7f00817fa700 1 -- 192.168.123.103:0/4215591275 >> [v2:192.168.123.103:3300/0,v1:192.168.123.103:6789/0] conn(0x7f00941a0b30 msgr2=0x7f00941a0f50 secure :-1 s=STATE_CONNECTION_ESTABLISHED l=1).mark_down
2026-03-08T23:59:17.718 INFO:teuthology.orchestra.run.vm03.stdout:/usr/bin/ceph: stderr
2026-03-08T23:59:17.650+0000 7f00817fa700 1 --2- 192.168.123.103:0/4215591275 >> [v2:192.168.123.103:3300/0,v1:192.168.123.103:6789/0] conn(0x7f00941a0b30 0x7f00941a0f50 secure :-1 s=READY pgs=56 cs=0 l=1 rev1=1 crypto rx=0x7f0084000c00 tx=0x7f0084004160 comp rx=0 tx=0).stop
2026-03-08T23:59:17.718 INFO:teuthology.orchestra.run.vm03.stdout:/usr/bin/ceph: stderr
2026-03-08T23:59:17.650+0000 7f00817fa700 1 -- 192.168.123.103:0/4215591275 shutdown_connections
2026-03-08T23:59:17.718 INFO:teuthology.orchestra.run.vm03.stdout:/usr/bin/ceph: stderr
2026-03-08T23:59:17.650+0000 7f00817fa700 1 --2- 192.168.123.103:0/4215591275 >> [v2:192.168.123.103:6800/2,v1:192.168.123.103:6801/2] conn(0x7f007c0383a0 0x7f007c03a860 secure :-1 s=CLOSED pgs=16 cs=0 l=1 rev1=1 crypto rx=0x7f0088006fd0 tx=0x7f0088006e40 comp rx=0 tx=0).stop
2026-03-08T23:59:17.718 INFO:teuthology.orchestra.run.vm03.stdout:/usr/bin/ceph: stderr
2026-03-08T23:59:17.650+0000 7f00817fa700 1 --2- 192.168.123.103:0/4215591275 >> [v2:192.168.123.103:3300/0,v1:192.168.123.103:6789/0] conn(0x7f00941a0b30 0x7f00941a0f50 unknown :-1 s=CLOSED pgs=56 cs=0 l=1 rev1=1 crypto rx=0 tx=0 comp rx=0 tx=0).stop
2026-03-08T23:59:17.718 INFO:teuthology.orchestra.run.vm03.stdout:/usr/bin/ceph: stderr
2026-03-08T23:59:17.650+0000 7f00817fa700 1 -- 192.168.123.103:0/4215591275 >> 192.168.123.103:0/4215591275 conn(0x7f009406d320 msgr2=0x7f009406e090 unknown :-1 s=STATE_NONE l=0).mark_down
2026-03-08T23:59:17.718 INFO:teuthology.orchestra.run.vm03.stdout:/usr/bin/ceph: stderr
2026-03-08T23:59:17.651+0000 7f00817fa700 1 -- 192.168.123.103:0/4215591275 shutdown_connections
2026-03-08T23:59:17.718 INFO:teuthology.orchestra.run.vm03.stdout:/usr/bin/ceph: stderr
2026-03-08T23:59:17.651+0000 7f00817fa700 1 -- 192.168.123.103:0/4215591275 wait complete.
2026-03-08T23:59:17.718 INFO:teuthology.orchestra.run.vm03.stdout:Deploying grafana service with default placement...
2026-03-08T23:59:17.975 INFO:journalctl@ceph.mon.vm03.vm03.stdout:Mar 08 23:59:17 vm03 ceph-mon[52346]: from='client.14142 -' entity='client.admin' cmd=[{"prefix": "orch apply", "service_type": "mon", "target": ["mon-mgr", ""]}]: dispatch
2026-03-08T23:59:17.975 INFO:journalctl@ceph.mon.vm03.vm03.stdout:Mar 08 23:59:17 vm03 ceph-mon[52346]: Saving service mon spec with placement count:5
2026-03-08T23:59:17.975 INFO:journalctl@ceph.mon.vm03.vm03.stdout:Mar 08 23:59:17 vm03 ceph-mon[52346]: from='client.14144 -' entity='client.admin' cmd=[{"prefix": "orch apply", "service_type": "mgr", "target": ["mon-mgr", ""]}]: dispatch
2026-03-08T23:59:17.975 INFO:journalctl@ceph.mon.vm03.vm03.stdout:Mar 08 23:59:17 vm03 ceph-mon[52346]: Saving service mgr spec with placement count:2
2026-03-08T23:59:17.975 INFO:journalctl@ceph.mon.vm03.vm03.stdout:Mar 08 23:59:17 vm03 ceph-mon[52346]: from='client.14146 -' entity='client.admin' cmd=[{"prefix": "orch apply", "service_type": "crash", "target": ["mon-mgr", ""]}]: dispatch
2026-03-08T23:59:17.975 INFO:journalctl@ceph.mon.vm03.vm03.stdout:Mar 08 23:59:17 vm03 ceph-mon[52346]: Saving service crash spec with placement *
2026-03-08T23:59:17.975 INFO:journalctl@ceph.mon.vm03.vm03.stdout:Mar 08 23:59:17 vm03 ceph-mon[52346]: from='mgr.14120 192.168.123.103:0/2' entity='mgr.vm03.yvcons'
2026-03-08T23:59:17.976 INFO:journalctl@ceph.mon.vm03.vm03.stdout:Mar 08 23:59:17 vm03 ceph-mon[52346]: from='mgr.14120 192.168.123.103:0/2' entity='mgr.vm03.yvcons'
2026-03-08T23:59:17.976 INFO:journalctl@ceph.mon.vm03.vm03.stdout:Mar 08 23:59:17 vm03 ceph-mon[52346]: from='mgr.14120 192.168.123.103:0/2' entity='mgr.vm03.yvcons'
2026-03-08T23:59:18.036 INFO:teuthology.orchestra.run.vm03.stdout:/usr/bin/ceph: stdout Scheduled grafana update...
2026-03-08T23:59:18.036 INFO:teuthology.orchestra.run.vm03.stdout:/usr/bin/ceph: stderr
2026-03-08T23:59:17.857+0000 7f8ee595a700 1 Processor -- start
2026-03-08T23:59:18.036 INFO:teuthology.orchestra.run.vm03.stdout:/usr/bin/ceph: stderr
2026-03-08T23:59:17.858+0000 7f8ee595a700 1 -- start start
2026-03-08T23:59:18.036 INFO:teuthology.orchestra.run.vm03.stdout:/usr/bin/ceph: stderr
2026-03-08T23:59:17.858+0000 7f8ee595a700 1 --2- >> [v2:192.168.123.103:3300/0,v1:192.168.123.103:6789/0] conn(0x7f8ee0072b70 0x7f8ee010fdc0 unknown :-1 s=NONE pgs=0 cs=0 l=0 rev1=0 crypto rx=0 tx=0 comp rx=0 tx=0).connect
2026-03-08T23:59:18.036 INFO:teuthology.orchestra.run.vm03.stdout:/usr/bin/ceph: stderr
2026-03-08T23:59:17.858+0000 7f8ee595a700 1 -- --> [v2:192.168.123.103:3300/0,v1:192.168.123.103:6789/0] -- mon_getmap magic: 0 v1 -- 0x7f8ee0110390 con 0x7f8ee0072b70
2026-03-08T23:59:18.036 INFO:teuthology.orchestra.run.vm03.stdout:/usr/bin/ceph: stderr
2026-03-08T23:59:17.859+0000 7f8edeffd700 1 --2- >> [v2:192.168.123.103:3300/0,v1:192.168.123.103:6789/0] conn(0x7f8ee0072b70 0x7f8ee010fdc0 unknown :-1 s=BANNER_CONNECTING pgs=0 cs=0 l=0 rev1=0 crypto rx=0 tx=0 comp rx=0 tx=0)._handle_peer_banner_payload supported=3 required=0
2026-03-08T23:59:18.036 INFO:teuthology.orchestra.run.vm03.stdout:/usr/bin/ceph: stderr
2026-03-08T23:59:17.859+0000 7f8edeffd700 1 --2- >> [v2:192.168.123.103:3300/0,v1:192.168.123.103:6789/0] conn(0x7f8ee0072b70 0x7f8ee010fdc0 unknown :-1 s=HELLO_CONNECTING pgs=0 cs=0 l=0 rev1=1 crypto rx=0 tx=0 comp rx=0 tx=0).handle_hello peer v2:192.168.123.103:3300/0 says I am v2:192.168.123.103:60122/0 (socket says 192.168.123.103:60122)
2026-03-08T23:59:18.036 INFO:teuthology.orchestra.run.vm03.stdout:/usr/bin/ceph: stderr
2026-03-08T23:59:17.859+0000 7f8edeffd700 1 -- 192.168.123.103:0/1209426661 learned_addr learned my addr 192.168.123.103:0/1209426661 (peer_addr_for_me v2:192.168.123.103:0/0)
2026-03-08T23:59:18.036 INFO:teuthology.orchestra.run.vm03.stdout:/usr/bin/ceph: stderr
2026-03-08T23:59:17.859+0000 7f8edeffd700 1 -- 192.168.123.103:0/1209426661 --> [v2:192.168.123.103:3300/0,v1:192.168.123.103:6789/0] -- mon_subscribe({config=0+,monmap=0+}) v3 -- 0x7f8ee01104d0 con 0x7f8ee0072b70
2026-03-08T23:59:18.036 INFO:teuthology.orchestra.run.vm03.stdout:/usr/bin/ceph: stderr
2026-03-08T23:59:17.859+0000 7f8edeffd700 1 --2- 192.168.123.103:0/1209426661 >> [v2:192.168.123.103:3300/0,v1:192.168.123.103:6789/0] conn(0x7f8ee0072b70 0x7f8ee010fdc0 secure :-1 s=READY pgs=57 cs=0 l=1 rev1=1 crypto rx=0x7f8ed400ab30 tx=0x7f8ed4010730 comp rx=0 tx=0).ready entity=mon.0 client_cookie=ae1d904df5666056 server_cookie=0 in_seq=0 out_seq=0
2026-03-08T23:59:18.036 INFO:teuthology.orchestra.run.vm03.stdout:/usr/bin/ceph: stderr
2026-03-08T23:59:17.861+0000 7f8eddffb700 1 -- 192.168.123.103:0/1209426661 <== mon.0 v2:192.168.123.103:3300/0 1 ==== mon_map magic: 0 v1 ==== 214+0+0 (secure 0 0 0) 0x7f8ed4010e00 con 0x7f8ee0072b70
2026-03-08T23:59:18.036 INFO:teuthology.orchestra.run.vm03.stdout:/usr/bin/ceph: stderr
2026-03-08T23:59:17.861+0000 7f8eddffb700 1 -- 192.168.123.103:0/1209426661 <== mon.0 v2:192.168.123.103:3300/0 2 ==== config(28 keys) v1 ==== 1139+0+0 (secure 0 0 0) 0x7f8ed4004510 con 0x7f8ee0072b70
2026-03-08T23:59:18.036 INFO:teuthology.orchestra.run.vm03.stdout:/usr/bin/ceph: stderr
2026-03-08T23:59:17.861+0000 7f8eddffb700 1 -- 192.168.123.103:0/1209426661 <== mon.0 v2:192.168.123.103:3300/0 3 ==== mon_map magic: 0 v1 ==== 214+0+0 (secure 0 0 0) 0x7f8ed401a640 con 0x7f8ee0072b70
2026-03-08T23:59:18.036 INFO:teuthology.orchestra.run.vm03.stdout:/usr/bin/ceph: stderr
2026-03-08T23:59:17.862+0000 7f8ee595a700 1 -- 192.168.123.103:0/1209426661 >> [v2:192.168.123.103:3300/0,v1:192.168.123.103:6789/0] conn(0x7f8ee0072b70 msgr2=0x7f8ee010fdc0 secure :-1 s=STATE_CONNECTION_ESTABLISHED l=1).mark_down
2026-03-08T23:59:18.036 INFO:teuthology.orchestra.run.vm03.stdout:/usr/bin/ceph: stderr
2026-03-08T23:59:17.862+0000 7f8ee595a700 1 --2- 192.168.123.103:0/1209426661 >> [v2:192.168.123.103:3300/0,v1:192.168.123.103:6789/0] conn(0x7f8ee0072b70 0x7f8ee010fdc0 secure :-1 s=READY pgs=57 cs=0 l=1 rev1=1 crypto rx=0x7f8ed400ab30 tx=0x7f8ed4010730 comp rx=0 tx=0).stop
2026-03-08T23:59:18.036 INFO:teuthology.orchestra.run.vm03.stdout:/usr/bin/ceph: stderr
2026-03-08T23:59:17.862+0000 7f8ee595a700 1 -- 192.168.123.103:0/1209426661 shutdown_connections
2026-03-08T23:59:18.036 INFO:teuthology.orchestra.run.vm03.stdout:/usr/bin/ceph: stderr
2026-03-08T23:59:17.862+0000 7f8ee595a700 1 --2- 192.168.123.103:0/1209426661 >> [v2:192.168.123.103:3300/0,v1:192.168.123.103:6789/0] conn(0x7f8ee0072b70 0x7f8ee010fdc0 unknown :-1 s=CLOSED pgs=57 cs=0 l=1 rev1=1 crypto rx=0 tx=0 comp rx=0 tx=0).stop
2026-03-08T23:59:18.036 INFO:teuthology.orchestra.run.vm03.stdout:/usr/bin/ceph: stderr
2026-03-08T23:59:17.862+0000 7f8ee595a700 1 -- 192.168.123.103:0/1209426661 >> 192.168.123.103:0/1209426661 conn(0x7f8ee006d660 msgr2=0x7f8ee006fac0 unknown :-1 s=STATE_NONE l=0).mark_down
2026-03-08T23:59:18.036 INFO:teuthology.orchestra.run.vm03.stdout:/usr/bin/ceph: stderr
2026-03-08T23:59:17.864+0000 7f8ee595a700 1 -- 192.168.123.103:0/1209426661 shutdown_connections
2026-03-08T23:59:18.036 INFO:teuthology.orchestra.run.vm03.stdout:/usr/bin/ceph: stderr
2026-03-08T23:59:17.864+0000 7f8ee595a700 1 -- 192.168.123.103:0/1209426661 wait complete.
2026-03-08T23:59:18.036 INFO:teuthology.orchestra.run.vm03.stdout:/usr/bin/ceph: stderr
2026-03-08T23:59:17.864+0000 7f8ee595a700 1 Processor -- start
2026-03-08T23:59:18.036 INFO:teuthology.orchestra.run.vm03.stdout:/usr/bin/ceph: stderr
2026-03-08T23:59:17.864+0000 7f8ee595a700 1 -- start start
2026-03-08T23:59:18.036 INFO:teuthology.orchestra.run.vm03.stdout:/usr/bin/ceph: stderr
2026-03-08T23:59:17.864+0000 7f8ee595a700 1 --2- >> [v2:192.168.123.103:3300/0,v1:192.168.123.103:6789/0] conn(0x7f8ee01a9530 0x7f8ee01a9950 unknown :-1 s=NONE pgs=0 cs=0 l=1 rev1=0 crypto rx=0 tx=0 comp rx=0 tx=0).connect
2026-03-08T23:59:18.036 INFO:teuthology.orchestra.run.vm03.stdout:/usr/bin/ceph: stderr
2026-03-08T23:59:17.864+0000 7f8ee595a700 1 -- --> [v2:192.168.123.103:3300/0,v1:192.168.123.103:6789/0] -- mon_getmap magic: 0 v1 -- 0x7f8ee01a9e90 con 0x7f8ee01a9530
2026-03-08T23:59:18.036 INFO:teuthology.orchestra.run.vm03.stdout:/usr/bin/ceph: stderr
2026-03-08T23:59:17.865+0000 7f8edeffd700 1 --2- >> [v2:192.168.123.103:3300/0,v1:192.168.123.103:6789/0] conn(0x7f8ee01a9530 0x7f8ee01a9950 unknown :-1 s=BANNER_CONNECTING pgs=0 cs=0 l=1 rev1=0 crypto rx=0 tx=0 comp rx=0 tx=0)._handle_peer_banner_payload supported=3 required=0
2026-03-08T23:59:18.036 INFO:teuthology.orchestra.run.vm03.stdout:/usr/bin/ceph: stderr
2026-03-08T23:59:17.865+0000 7f8edeffd700 1 --2- >> [v2:192.168.123.103:3300/0,v1:192.168.123.103:6789/0] conn(0x7f8ee01a9530 0x7f8ee01a9950 unknown :-1 s=HELLO_CONNECTING pgs=0 cs=0 l=1 rev1=1 crypto rx=0 tx=0 comp rx=0 tx=0).handle_hello peer v2:192.168.123.103:3300/0 says I am v2:192.168.123.103:60132/0 (socket says 192.168.123.103:60132)
2026-03-08T23:59:18.036 INFO:teuthology.orchestra.run.vm03.stdout:/usr/bin/ceph: stderr
2026-03-08T23:59:17.865+0000 7f8edeffd700 1 -- 192.168.123.103:0/2315291499 learned_addr learned my addr 192.168.123.103:0/2315291499 (peer_addr_for_me v2:192.168.123.103:0/0)
2026-03-08T23:59:18.036 INFO:teuthology.orchestra.run.vm03.stdout:/usr/bin/ceph: stderr
2026-03-08T23:59:17.865+0000 7f8edeffd700 1 -- 192.168.123.103:0/2315291499 --> [v2:192.168.123.103:3300/0,v1:192.168.123.103:6789/0] -- mon_subscribe({config=0+,monmap=0+}) v3 -- 0x7f8ed400a7e0 con 0x7f8ee01a9530
2026-03-08T23:59:18.036 INFO:teuthology.orchestra.run.vm03.stdout:/usr/bin/ceph: stderr
2026-03-08T23:59:17.865+0000 7f8edeffd700 1 --2- 192.168.123.103:0/2315291499 >> [v2:192.168.123.103:3300/0,v1:192.168.123.103:6789/0] conn(0x7f8ee01a9530 0x7f8ee01a9950 secure :-1 s=READY pgs=58 cs=0 l=1 rev1=1 crypto rx=0x7f8ed400bbd0 tx=0x7f8ed40042e0 comp rx=0 tx=0).ready entity=mon.0 client_cookie=0 server_cookie=0 in_seq=0 out_seq=0
2026-03-08T23:59:18.036 INFO:teuthology.orchestra.run.vm03.stdout:/usr/bin/ceph: stderr
2026-03-08T23:59:17.866+0000 7f8ee4958700 1 -- 192.168.123.103:0/2315291499 <== mon.0 v2:192.168.123.103:3300/0 1 ==== mon_map magic: 0 v1 ==== 214+0+0 (secure 0 0 0) 0x7f8ed4010e00 con 0x7f8ee01a9530
2026-03-08T23:59:18.036 INFO:teuthology.orchestra.run.vm03.stdout:/usr/bin/ceph: stderr
2026-03-08T23:59:17.866+0000 7f8ee595a700 1 -- 192.168.123.103:0/2315291499 --> [v2:192.168.123.103:3300/0,v1:192.168.123.103:6789/0] -- mon_subscribe({mgrmap=0+}) v3 -- 0x7f8ee01aa090 con 0x7f8ee01a9530
2026-03-08T23:59:18.037 INFO:teuthology.orchestra.run.vm03.stdout:/usr/bin/ceph: stderr
2026-03-08T23:59:17.866+0000 7f8ee595a700 1 -- 192.168.123.103:0/2315291499 --> [v2:192.168.123.103:3300/0,v1:192.168.123.103:6789/0] -- mon_subscribe({osdmap=0}) v3 -- 0x7f8ee01acce0 con 0x7f8ee01a9530
2026-03-08T23:59:18.037 INFO:teuthology.orchestra.run.vm03.stdout:/usr/bin/ceph: stderr
2026-03-08T23:59:17.866+0000 7f8ee595a700 1 -- 192.168.123.103:0/2315291499 --> [v2:192.168.123.103:3300/0,v1:192.168.123.103:6789/0] -- mon_command({"prefix": "get_command_descriptions"} v 0) v1 -- 0x7f8ee00623c0 con 0x7f8ee01a9530
2026-03-08T23:59:18.037 INFO:teuthology.orchestra.run.vm03.stdout:/usr/bin/ceph: stderr
2026-03-08T23:59:17.869+0000 7f8ee4958700 1 -- 192.168.123.103:0/2315291499 <== mon.0 v2:192.168.123.103:3300/0 2 ==== config(28 keys) v1 ==== 1139+0+0 (secure 0 0 0) 0x7f8ed400f070 con 0x7f8ee01a9530
2026-03-08T23:59:18.037 INFO:teuthology.orchestra.run.vm03.stdout:/usr/bin/ceph: stderr
2026-03-08T23:59:17.870+0000 7f8ee4958700 1 -- 192.168.123.103:0/2315291499 <== mon.0 v2:192.168.123.103:3300/0 3 ==== mon_map magic: 0 v1 ==== 214+0+0 (secure 0 0 0) 0x7f8ed40095d0 con 0x7f8ee01a9530
2026-03-08T23:59:18.037 INFO:teuthology.orchestra.run.vm03.stdout:/usr/bin/ceph: stderr
2026-03-08T23:59:17.870+0000 7f8ee4958700 1 -- 192.168.123.103:0/2315291499 <== mon.0 v2:192.168.123.103:3300/0 4 ==== mgrmap(e 8) v1 ==== 45278+0+0 (secure 0 0 0) 0x7f8ed4018070 con 0x7f8ee01a9530
2026-03-08T23:59:18.037 INFO:teuthology.orchestra.run.vm03.stdout:/usr/bin/ceph: stderr
2026-03-08T23:59:17.870+0000 7f8ee4958700 1 --2- 192.168.123.103:0/2315291499 >> [v2:192.168.123.103:6800/2,v1:192.168.123.103:6801/2] conn(0x7f8ec8038440 0x7f8ec803a900 unknown :-1 s=NONE pgs=0 cs=0 l=1 rev1=0 crypto rx=0 tx=0 comp rx=0 tx=0).connect
2026-03-08T23:59:18.037 INFO:teuthology.orchestra.run.vm03.stdout:/usr/bin/ceph: stderr
2026-03-08T23:59:17.870+0000 7f8ede7fc700 1 --2- 192.168.123.103:0/2315291499 >> [v2:192.168.123.103:6800/2,v1:192.168.123.103:6801/2] conn(0x7f8ec8038440 0x7f8ec803a900 unknown :-1 s=BANNER_CONNECTING pgs=0 cs=0 l=1 rev1=0 crypto rx=0 tx=0 comp rx=0 tx=0)._handle_peer_banner_payload supported=3 required=0
2026-03-08T23:59:18.037 INFO:teuthology.orchestra.run.vm03.stdout:/usr/bin/ceph: stderr
2026-03-08T23:59:17.871+0000 7f8ede7fc700 1 --2- 192.168.123.103:0/2315291499 >> [v2:192.168.123.103:6800/2,v1:192.168.123.103:6801/2] conn(0x7f8ec8038440 0x7f8ec803a900 secure :-1 s=READY pgs=17 cs=0 l=1 rev1=1 crypto rx=0x7f8ed800ad80 tx=0x7f8ed80093f0 comp rx=0 tx=0).ready entity=mgr.14120 client_cookie=0 server_cookie=0 in_seq=0 out_seq=0
2026-03-08T23:59:18.037 INFO:teuthology.orchestra.run.vm03.stdout:/usr/bin/ceph: stderr
2026-03-08T23:59:17.872+0000 7f8ee4958700 1 -- 192.168.123.103:0/2315291499 <== mon.0 v2:192.168.123.103:3300/0 5 ==== osd_map(2..2 src has 1..2) v4 ==== 940+0+0 (secure 0 0 0) 0x7f8ed4031080 con 0x7f8ee01a9530
2026-03-08T23:59:18.037 INFO:teuthology.orchestra.run.vm03.stdout:/usr/bin/ceph: stderr
2026-03-08T23:59:17.872+0000 7f8ee4958700 1 -- 192.168.123.103:0/2315291499 <== mon.0 v2:192.168.123.103:3300/0 6 ==== mon_command_ack([{"prefix": "get_command_descriptions"}]=0 v0) v1 ==== 72+0+180422 (secure 0 0 0) 0x7f8ed404c580 con 0x7f8ee01a9530
2026-03-08T23:59:18.037 INFO:teuthology.orchestra.run.vm03.stdout:/usr/bin/ceph: stderr
2026-03-08T23:59:17.984+0000 7f8ee595a700 1 -- 192.168.123.103:0/2315291499 --> [v2:192.168.123.103:6800/2,v1:192.168.123.103:6801/2] -- mgr_command(tid 0: {"prefix": "orch apply", "service_type": "grafana", "target": ["mon-mgr", ""]}) v1 -- 0x7f8ee006fba0 con 0x7f8ec8038440
2026-03-08T23:59:18.037 INFO:teuthology.orchestra.run.vm03.stdout:/usr/bin/ceph: stderr
2026-03-08T23:59:17.988+0000 7f8ee4958700 1 -- 192.168.123.103:0/2315291499 <== mgr.14120 v2:192.168.123.103:6800/2 1 ==== mgr_command_reply(tid 0: 0 ) v1 ==== 8+0+28 (secure 0 0 0) 0x7f8ee006fba0 con 0x7f8ec8038440
2026-03-08T23:59:18.037 INFO:teuthology.orchestra.run.vm03.stdout:/usr/bin/ceph: stderr
2026-03-08T23:59:17.995+0000 7f8ee595a700 1 -- 192.168.123.103:0/2315291499 >> [v2:192.168.123.103:6800/2,v1:192.168.123.103:6801/2] conn(0x7f8ec8038440 msgr2=0x7f8ec803a900 secure :-1 s=STATE_CONNECTION_ESTABLISHED l=1).mark_down
2026-03-08T23:59:18.037 INFO:teuthology.orchestra.run.vm03.stdout:/usr/bin/ceph: stderr
2026-03-08T23:59:17.995+0000 7f8ee595a700 1 --2- 192.168.123.103:0/2315291499 >> [v2:192.168.123.103:6800/2,v1:192.168.123.103:6801/2] conn(0x7f8ec8038440 0x7f8ec803a900 secure :-1 s=READY pgs=17 cs=0 l=1 rev1=1 crypto rx=0x7f8ed800ad80 tx=0x7f8ed80093f0 comp rx=0 tx=0).stop
2026-03-08T23:59:18.037 INFO:teuthology.orchestra.run.vm03.stdout:/usr/bin/ceph: stderr
2026-03-08T23:59:17.995+0000 7f8ee595a700 1 -- 192.168.123.103:0/2315291499 >> [v2:192.168.123.103:3300/0,v1:192.168.123.103:6789/0] conn(0x7f8ee01a9530 msgr2=0x7f8ee01a9950 secure :-1 s=STATE_CONNECTION_ESTABLISHED l=1).mark_down
2026-03-08T23:59:18.037 INFO:teuthology.orchestra.run.vm03.stdout:/usr/bin/ceph: stderr
2026-03-08T23:59:17.995+0000 7f8ee595a700 1 --2- 192.168.123.103:0/2315291499 >> [v2:192.168.123.103:3300/0,v1:192.168.123.103:6789/0] conn(0x7f8ee01a9530 0x7f8ee01a9950 secure :-1 s=READY pgs=58 cs=0 l=1 rev1=1 crypto rx=0x7f8ed400bbd0 tx=0x7f8ed40042e0 comp rx=0 tx=0).stop
2026-03-08T23:59:18.037 INFO:teuthology.orchestra.run.vm03.stdout:/usr/bin/ceph: stderr
2026-03-08T23:59:17.995+0000 7f8ee595a700 1 -- 192.168.123.103:0/2315291499 shutdown_connections
2026-03-08T23:59:18.037 INFO:teuthology.orchestra.run.vm03.stdout:/usr/bin/ceph: stderr
2026-03-08T23:59:17.995+0000 7f8ee595a700 1 --2- 192.168.123.103:0/2315291499 >> [v2:192.168.123.103:6800/2,v1:192.168.123.103:6801/2] conn(0x7f8ec8038440 0x7f8ec803a900 unknown :-1 s=CLOSED pgs=17 cs=0 l=1 rev1=1 crypto rx=0 tx=0 comp rx=0 tx=0).stop
2026-03-08T23:59:18.037 INFO:teuthology.orchestra.run.vm03.stdout:/usr/bin/ceph: stderr
2026-03-08T23:59:17.995+0000 7f8ee595a700 1 --2- 192.168.123.103:0/2315291499 >> [v2:192.168.123.103:3300/0,v1:192.168.123.103:6789/0] conn(0x7f8ee01a9530 0x7f8ee01a9950 unknown :-1 s=CLOSED pgs=58 cs=0 l=1 rev1=1 crypto rx=0 tx=0 comp rx=0 tx=0).stop
2026-03-08T23:59:18.037 INFO:teuthology.orchestra.run.vm03.stdout:/usr/bin/ceph: stderr
2026-03-08T23:59:17.995+0000 7f8ee595a700 1 -- 192.168.123.103:0/2315291499 >> 192.168.123.103:0/2315291499 conn(0x7f8ee006d660 msgr2=0x7f8ee006f490 unknown :-1 s=STATE_NONE l=0).mark_down
2026-03-08T23:59:18.037 INFO:teuthology.orchestra.run.vm03.stdout:/usr/bin/ceph: stderr
2026-03-08T23:59:17.995+0000 7f8ee595a700 1 -- 192.168.123.103:0/2315291499 shutdown_connections
2026-03-08T23:59:18.037 INFO:teuthology.orchestra.run.vm03.stdout:/usr/bin/ceph: stderr
2026-03-08T23:59:17.995+0000 7f8ee595a700 1 -- 192.168.123.103:0/2315291499 wait complete.
2026-03-08T23:59:18.037 INFO:teuthology.orchestra.run.vm03.stdout:Deploying node-exporter service with default placement...
2026-03-08T23:59:18.412 INFO:teuthology.orchestra.run.vm03.stdout:/usr/bin/ceph: stdout Scheduled node-exporter update...
2026-03-08T23:59:18.412 INFO:teuthology.orchestra.run.vm03.stdout:/usr/bin/ceph: stderr
2026-03-08T23:59:18.176+0000 7f72949cb700 1 Processor -- start
2026-03-08T23:59:18.413 INFO:teuthology.orchestra.run.vm03.stdout:/usr/bin/ceph: stderr
2026-03-08T23:59:18.176+0000 7f72949cb700 1 -- start start
2026-03-08T23:59:18.413 INFO:teuthology.orchestra.run.vm03.stdout:/usr/bin/ceph: stderr
2026-03-08T23:59:18.176+0000 7f72949cb700 1 --2- >> [v2:192.168.123.103:3300/0,v1:192.168.123.103:6789/0] conn(0x7f728c071e80 0x7f728c0722a0 unknown :-1 s=NONE pgs=0 cs=0 l=0 rev1=0 crypto rx=0 tx=0 comp rx=0 tx=0).connect
2026-03-08T23:59:18.413 INFO:teuthology.orchestra.run.vm03.stdout:/usr/bin/ceph: stderr
2026-03-08T23:59:18.176+0000 7f72949cb700 1 -- --> [v2:192.168.123.103:3300/0,v1:192.168.123.103:6789/0] -- mon_getmap magic: 0 v1 -- 0x7f728c072870 con 0x7f728c071e80
2026-03-08T23:59:18.413 INFO:teuthology.orchestra.run.vm03.stdout:/usr/bin/ceph: stderr
2026-03-08T23:59:18.176+0000 7f7292767700 1 --2- >> [v2:192.168.123.103:3300/0,v1:192.168.123.103:6789/0] conn(0x7f728c071e80 0x7f728c0722a0 unknown :-1 s=BANNER_CONNECTING pgs=0 cs=0 l=0 rev1=0 crypto rx=0 tx=0 comp rx=0 tx=0)._handle_peer_banner_payload supported=3 required=0
2026-03-08T23:59:18.413 INFO:teuthology.orchestra.run.vm03.stdout:/usr/bin/ceph: stderr
2026-03-08T23:59:18.176+0000 7f7292767700 1 --2- >> [v2:192.168.123.103:3300/0,v1:192.168.123.103:6789/0] conn(0x7f728c071e80 0x7f728c0722a0 unknown :-1 s=HELLO_CONNECTING pgs=0 cs=0 l=0 rev1=1 crypto rx=0 tx=0 comp rx=0 tx=0).handle_hello peer v2:192.168.123.103:3300/0 says I am v2:192.168.123.103:60140/0 (socket says 192.168.123.103:60140)
2026-03-08T23:59:18.413 INFO:teuthology.orchestra.run.vm03.stdout:/usr/bin/ceph: stderr
2026-03-08T23:59:18.176+0000 7f7292767700 1 -- 192.168.123.103:0/4084800227 learned_addr learned my addr 192.168.123.103:0/4084800227 (peer_addr_for_me v2:192.168.123.103:0/0)
2026-03-08T23:59:18.413 INFO:teuthology.orchestra.run.vm03.stdout:/usr/bin/ceph: stderr
2026-03-08T23:59:18.177+0000 7f7292767700 1 -- 192.168.123.103:0/4084800227 --> [v2:192.168.123.103:3300/0,v1:192.168.123.103:6789/0] -- mon_subscribe({config=0+,monmap=0+}) v3 -- 0x7f728c0729b0 con 0x7f728c071e80
2026-03-08T23:59:18.413 INFO:teuthology.orchestra.run.vm03.stdout:/usr/bin/ceph: stderr
2026-03-08T23:59:18.177+0000 7f7292767700 1 --2- 192.168.123.103:0/4084800227 >> [v2:192.168.123.103:3300/0,v1:192.168.123.103:6789/0] conn(0x7f728c071e80 0x7f728c0722a0 secure :-1 s=READY pgs=59 cs=0 l=1 rev1=1 crypto rx=0x7f72800098d0 tx=0x7f7280009be0 comp rx=0 tx=0).ready entity=mon.0 client_cookie=b21cffa25334d05d server_cookie=0 in_seq=0 out_seq=0
2026-03-08T23:59:18.413 INFO:teuthology.orchestra.run.vm03.stdout:/usr/bin/ceph: stderr
2026-03-08T23:59:18.177+0000 7f7291765700 1 -- 192.168.123.103:0/4084800227 <== mon.0 v2:192.168.123.103:3300/0 1 ==== mon_map magic: 0 v1 ==== 214+0+0 (secure 0 0 0) 0x7f7280004030 con 0x7f728c071e80
2026-03-08T23:59:18.413 INFO:teuthology.orchestra.run.vm03.stdout:/usr/bin/ceph: stderr
2026-03-08T23:59:18.177+0000 7f7291765700 1 -- 192.168.123.103:0/4084800227 <== mon.0 v2:192.168.123.103:3300/0 2 ==== config(28 keys) v1 ==== 1139+0+0 (secure 0 0 0) 0x7f728000c8f0 con 0x7f728c071e80
2026-03-08T23:59:18.413 INFO:teuthology.orchestra.run.vm03.stdout:/usr/bin/ceph: stderr
2026-03-08T23:59:18.177+0000 7f7291765700 1 -- 192.168.123.103:0/4084800227 <== mon.0 v2:192.168.123.103:3300/0 3 ==== mon_map magic: 0 v1 ==== 214+0+0 (secure 0 0 0) 0x7f7280003bf0 con 0x7f728c071e80
2026-03-08T23:59:18.413 INFO:teuthology.orchestra.run.vm03.stdout:/usr/bin/ceph: stderr
2026-03-08T23:59:18.178+0000 7f72949cb700 1 -- 192.168.123.103:0/4084800227 >> [v2:192.168.123.103:3300/0,v1:192.168.123.103:6789/0] conn(0x7f728c071e80 msgr2=0x7f728c0722a0 secure :-1 s=STATE_CONNECTION_ESTABLISHED l=1).mark_down
2026-03-08T23:59:18.413 INFO:teuthology.orchestra.run.vm03.stdout:/usr/bin/ceph: stderr
2026-03-08T23:59:18.178+0000 7f72949cb700 1 --2- 192.168.123.103:0/4084800227 >> [v2:192.168.123.103:3300/0,v1:192.168.123.103:6789/0] conn(0x7f728c071e80 0x7f728c0722a0 secure :-1 s=READY pgs=59 cs=0 l=1 rev1=1 crypto rx=0x7f72800098d0 tx=0x7f7280009be0 comp rx=0 tx=0).stop
2026-03-08T23:59:18.413 INFO:teuthology.orchestra.run.vm03.stdout:/usr/bin/ceph: stderr
2026-03-08T23:59:18.178+0000 7f72949cb700 1 -- 192.168.123.103:0/4084800227 shutdown_connections
2026-03-08T23:59:18.413 INFO:teuthology.orchestra.run.vm03.stdout:/usr/bin/ceph: stderr
2026-03-08T23:59:18.178+0000 7f72949cb700 1 --2- 192.168.123.103:0/4084800227 >> [v2:192.168.123.103:3300/0,v1:192.168.123.103:6789/0] conn(0x7f728c071e80 0x7f728c0722a0 unknown :-1 s=CLOSED pgs=59 cs=0 l=1 rev1=1 crypto rx=0 tx=0 comp rx=0 tx=0).stop
2026-03-08T23:59:18.413 INFO:teuthology.orchestra.run.vm03.stdout:/usr/bin/ceph: stderr
2026-03-08T23:59:18.178+0000 7f72949cb700 1 -- 192.168.123.103:0/4084800227 >> 192.168.123.103:0/4084800227 conn(0x7f728c06d660 msgr2=0x7f728c06fac0 unknown :-1 s=STATE_NONE l=0).mark_down
2026-03-08T23:59:18.413 INFO:teuthology.orchestra.run.vm03.stdout:/usr/bin/ceph: stderr
2026-03-08T23:59:18.179+0000 7f72949cb700 1 -- 192.168.123.103:0/4084800227 shutdown_connections
2026-03-08T23:59:18.413 INFO:teuthology.orchestra.run.vm03.stdout:/usr/bin/ceph: stderr
2026-03-08T23:59:18.179+0000 7f72949cb700 1 -- 192.168.123.103:0/4084800227 wait complete.
2026-03-08T23:59:18.413 INFO:teuthology.orchestra.run.vm03.stdout:/usr/bin/ceph: stderr
2026-03-08T23:59:18.179+0000 7f72949cb700 1 Processor -- start
2026-03-08T23:59:18.413 INFO:teuthology.orchestra.run.vm03.stdout:/usr/bin/ceph: stderr
2026-03-08T23:59:18.179+0000 7f72949cb700 1 -- start start
2026-03-08T23:59:18.413 INFO:teuthology.orchestra.run.vm03.stdout:/usr/bin/ceph: stderr
2026-03-08T23:59:18.179+0000 7f72949cb700 1 --2- >> [v2:192.168.123.103:3300/0,v1:192.168.123.103:6789/0] conn(0x7f728c071e80 0x7f728c086f50 unknown :-1 s=NONE pgs=0 cs=0 l=1 rev1=0 crypto rx=0 tx=0 comp rx=0 tx=0).connect
2026-03-08T23:59:18.413 INFO:teuthology.orchestra.run.vm03.stdout:/usr/bin/ceph: stderr
2026-03-08T23:59:18.179+0000 7f72949cb700 1 -- --> [v2:192.168.123.103:3300/0,v1:192.168.123.103:6789/0] -- mon_getmap magic: 0 v1 -- 0x7f728c087490 con 0x7f728c071e80
2026-03-08T23:59:18.413 INFO:teuthology.orchestra.run.vm03.stdout:/usr/bin/ceph: stderr
2026-03-08T23:59:18.180+0000 7f7292767700 1 --2- >> [v2:192.168.123.103:3300/0,v1:192.168.123.103:6789/0] conn(0x7f728c071e80 0x7f728c086f50 unknown :-1 s=BANNER_CONNECTING pgs=0 cs=0 l=1 rev1=0 crypto rx=0 tx=0 comp rx=0 tx=0)._handle_peer_banner_payload supported=3 required=0
2026-03-08T23:59:18.414 INFO:teuthology.orchestra.run.vm03.stdout:/usr/bin/ceph: stderr
2026-03-08T23:59:18.180+0000 7f7292767700 1 --2- >> [v2:192.168.123.103:3300/0,v1:192.168.123.103:6789/0] conn(0x7f728c071e80 0x7f728c086f50 unknown :-1 s=HELLO_CONNECTING pgs=0 cs=0 l=1 rev1=1 crypto rx=0 tx=0 comp rx=0 tx=0).handle_hello peer v2:192.168.123.103:3300/0 says I am v2:192.168.123.103:60154/0 (socket says 192.168.123.103:60154)
2026-03-08T23:59:18.414 INFO:teuthology.orchestra.run.vm03.stdout:/usr/bin/ceph: stderr
2026-03-08T23:59:18.180+0000 7f7292767700 1 -- 192.168.123.103:0/3133075807 learned_addr learned my addr 192.168.123.103:0/3133075807 (peer_addr_for_me v2:192.168.123.103:0/0)
2026-03-08T23:59:18.414 INFO:teuthology.orchestra.run.vm03.stdout:/usr/bin/ceph: stderr
2026-03-08T23:59:18.180+0000 7f7292767700 1 -- 192.168.123.103:0/3133075807 --> [v2:192.168.123.103:3300/0,v1:192.168.123.103:6789/0] -- mon_subscribe({config=0+,monmap=0+}) v3 -- 0x7f7280009580 con 0x7f728c071e80
2026-03-08T23:59:18.414 INFO:teuthology.orchestra.run.vm03.stdout:/usr/bin/ceph: stderr
2026-03-08T23:59:18.180+0000 7f7292767700 1 --2- 192.168.123.103:0/3133075807 >> [v2:192.168.123.103:3300/0,v1:192.168.123.103:6789/0] conn(0x7f728c071e80 0x7f728c086f50 secure :-1 s=READY pgs=60 cs=0 l=1 rev1=1 crypto rx=0x7f72800038f0 tx=0x7f7280004140 comp rx=0 tx=0).ready entity=mon.0 client_cookie=0 server_cookie=0 in_seq=0 out_seq=0
2026-03-08T23:59:18.414 INFO:teuthology.orchestra.run.vm03.stdout:/usr/bin/ceph: stderr
2026-03-08T23:59:18.180+0000 7f727f7fe700 1 -- 192.168.123.103:0/3133075807 <== mon.0 v2:192.168.123.103:3300/0 1 ==== mon_map magic: 0 v1 ==== 214+0+0 (secure 0 0 0) 0x7f72800044b0 con 0x7f728c071e80
