2026-03-08T23:59:13.679 INFO:teuthology.orchestra.run.vm03.stdout:/usr/bin/ceph: stderr
2026-03-08T23:59:13.470+0000 7f3c5fe3c700 1 -- --> [v2:192.168.123.103:3300/0,v1:192.168.123.103:6789/0] -- mon_getmap magic: 0 v1 -- 0x7f3c5819ccd0 con 0x7f3c58105650
2026-03-08T23:59:13.679 INFO:teuthology.orchestra.run.vm03.stdout:/usr/bin/ceph: stderr
2026-03-08T23:59:13.471+0000 7f3c5dbd8700 1 --2- >> [v2:192.168.123.103:3300/0,v1:192.168.123.103:6789/0] conn(0x7f3c58105650 0x7f3c5819c790 unknown :-1 s=BANNER_CONNECTING pgs=0 cs=0 l=1 rev1=0 crypto rx=0 tx=0 comp rx=0 tx=0)._handle_peer_banner_payload supported=3 required=0
2026-03-08T23:59:13.679 INFO:teuthology.orchestra.run.vm03.stdout:/usr/bin/ceph: stderr
2026-03-08T23:59:13.471+0000 7f3c5dbd8700 1 --2- >> [v2:192.168.123.103:3300/0,v1:192.168.123.103:6789/0] conn(0x7f3c58105650 0x7f3c5819c790 unknown :-1 s=HELLO_CONNECTING pgs=0 cs=0 l=1 rev1=1 crypto rx=0 tx=0 comp rx=0 tx=0).handle_hello peer v2:192.168.123.103:3300/0 says I am v2:192.168.123.103:55092/0 (socket says 192.168.123.103:55092)
2026-03-08T23:59:13.679 INFO:teuthology.orchestra.run.vm03.stdout:/usr/bin/ceph: stderr
2026-03-08T23:59:13.471+0000 7f3c5dbd8700 1 -- 192.168.123.103:0/60055755 learned_addr learned my addr 192.168.123.103:0/60055755 (peer_addr_for_me v2:192.168.123.103:0/0)
2026-03-08T23:59:13.679 INFO:teuthology.orchestra.run.vm03.stdout:/usr/bin/ceph: stderr
2026-03-08T23:59:13.471+0000 7f3c5dbd8700 1 -- 192.168.123.103:0/60055755 --> [v2:192.168.123.103:3300/0,v1:192.168.123.103:6789/0] -- mon_subscribe({config=0+,monmap=0+}) v3 -- 0x7f3c4c009740 con 0x7f3c58105650
2026-03-08T23:59:13.679 INFO:teuthology.orchestra.run.vm03.stdout:/usr/bin/ceph: stderr
2026-03-08T23:59:13.471+0000 7f3c5dbd8700 1 --2- 192.168.123.103:0/60055755 >> [v2:192.168.123.103:3300/0,v1:192.168.123.103:6789/0] conn(0x7f3c58105650 0x7f3c5819c790 secure :-1 s=READY pgs=42 cs=0 l=1 rev1=1 crypto rx=0x7f3c4c00bef0 tx=0x7f3c4c003b40 comp rx=0 tx=0).ready entity=mon.0 client_cookie=0 server_cookie=0 in_seq=0 out_seq=0
2026-03-08T23:59:13.679 INFO:teuthology.orchestra.run.vm03.stdout:/usr/bin/ceph: stderr
2026-03-08T23:59:13.471+0000 7f3c4affd700 1 -- 192.168.123.103:0/60055755 <== mon.0 v2:192.168.123.103:3300/0 1 ==== mon_map magic: 0 v1 ==== 214+0+0 (secure 0 0 0) 0x7f3c4c004140 con 0x7f3c58105650
2026-03-08T23:59:13.679 INFO:teuthology.orchestra.run.vm03.stdout:/usr/bin/ceph: stderr
2026-03-08T23:59:13.472+0000 7f3c4affd700 1 -- 192.168.123.103:0/60055755 <== mon.0 v2:192.168.123.103:3300/0 2 ==== config(28 keys) v1 ==== 1075+0+0 (secure 0 0 0) 0x7f3c4c0042a0 con 0x7f3c58105650
2026-03-08T23:59:13.679 INFO:teuthology.orchestra.run.vm03.stdout:/usr/bin/ceph: stderr
2026-03-08T23:59:13.472+0000 7f3c5fe3c700 1 -- 192.168.123.103:0/60055755 --> [v2:192.168.123.103:3300/0,v1:192.168.123.103:6789/0] -- mon_subscribe({mgrmap=0+}) v3 -- 0x7f3c581076d0 con 0x7f3c58105650
2026-03-08T23:59:13.679 INFO:teuthology.orchestra.run.vm03.stdout:/usr/bin/ceph: stderr
2026-03-08T23:59:13.472+0000 7f3c4affd700 1 -- 192.168.123.103:0/60055755 <== mon.0 v2:192.168.123.103:3300/0 3 ==== mon_map magic: 0 v1 ==== 214+0+0 (secure 0 0 0) 0x7f3c4c004140 con 0x7f3c58105650
2026-03-08T23:59:13.679 INFO:teuthology.orchestra.run.vm03.stdout:/usr/bin/ceph: stderr
2026-03-08T23:59:13.472+0000 7f3c5fe3c700 1 -- 192.168.123.103:0/60055755 --> [v2:192.168.123.103:3300/0,v1:192.168.123.103:6789/0] -- mon_subscribe({osdmap=0}) v3 -- 0x7f3c5819d160 con 0x7f3c58105650
2026-03-08T23:59:13.679 INFO:teuthology.orchestra.run.vm03.stdout:/usr/bin/ceph: stderr
2026-03-08T23:59:13.473+0000 7f3c5fe3c700 1 -- 192.168.123.103:0/60055755 --> [v2:192.168.123.103:3300/0,v1:192.168.123.103:6789/0] -- mon_command({"prefix": "get_command_descriptions"} v 0) v1 -- 0x7f3c58196550 con 0x7f3c58105650
2026-03-08T23:59:13.679 INFO:teuthology.orchestra.run.vm03.stdout:/usr/bin/ceph: stderr
2026-03-08T23:59:13.473+0000 7f3c4affd700 1 -- 192.168.123.103:0/60055755 <== mon.0 v2:192.168.123.103:3300/0 4 ==== mgrmap(e 7) v1 ==== 45172+0+0 (secure 0 0 0) 0x7f3c4c029030 con 0x7f3c58105650
2026-03-08T23:59:13.680 INFO:teuthology.orchestra.run.vm03.stdout:/usr/bin/ceph: stderr
2026-03-08T23:59:13.473+0000 7f3c4affd700 1 --2- 192.168.123.103:0/60055755 >> [v2:192.168.123.103:6800/2,v1:192.168.123.103:6801/2] conn(0x7f3c44038210 0x7f3c4403a6d0 unknown :-1 s=NONE pgs=0 cs=0 l=1 rev1=0 crypto rx=0 tx=0 comp rx=0 tx=0).connect
2026-03-08T23:59:13.680 INFO:teuthology.orchestra.run.vm03.stdout:/usr/bin/ceph: stderr
2026-03-08T23:59:13.473+0000 7f3c5d3d7700 1 --2- 192.168.123.103:0/60055755 >> [v2:192.168.123.103:6800/2,v1:192.168.123.103:6801/2] conn(0x7f3c44038210 0x7f3c4403a6d0 unknown :-1 s=BANNER_CONNECTING pgs=0 cs=0 l=1 rev1=0 crypto rx=0 tx=0 comp rx=0 tx=0)._handle_peer_banner_payload supported=3 required=0
2026-03-08T23:59:13.680 INFO:teuthology.orchestra.run.vm03.stdout:/usr/bin/ceph: stderr
2026-03-08T23:59:13.474+0000 7f3c5d3d7700 1 --2- 192.168.123.103:0/60055755 >> [v2:192.168.123.103:6800/2,v1:192.168.123.103:6801/2] conn(0x7f3c44038210 0x7f3c4403a6d0 secure :-1 s=READY pgs=9 cs=0 l=1 rev1=1 crypto rx=0x7f3c54006fd0 tx=0x7f3c54006e40 comp rx=0 tx=0).ready entity=mgr.14120 client_cookie=0 server_cookie=0 in_seq=0 out_seq=0
2026-03-08T23:59:13.680 INFO:teuthology.orchestra.run.vm03.stdout:/usr/bin/ceph: stderr
2026-03-08T23:59:13.474+0000 7f3c4affd700 1 -- 192.168.123.103:0/60055755 <== mon.0 v2:192.168.123.103:3300/0 5 ==== osd_map(2..2 src has 1..2) v4 ==== 940+0+0 (secure 0 0 0) 0x7f3c4c028d60 con 0x7f3c58105650
2026-03-08T23:59:13.680 INFO:teuthology.orchestra.run.vm03.stdout:/usr/bin/ceph: stderr
2026-03-08T23:59:13.477+0000 7f3c4affd700 1 -- 192.168.123.103:0/60055755 <== mon.0 v2:192.168.123.103:3300/0 6 ==== mon_command_ack([{"prefix": "get_command_descriptions"}]=0 v0) v1 ==== 72+0+180422 (secure 0 0 0) 0x7f3c4c011850 con 0x7f3c58105650
2026-03-08T23:59:13.680 INFO:teuthology.orchestra.run.vm03.stdout:/usr/bin/ceph: stderr
2026-03-08T23:59:13.581+0000 7f3c5fe3c700 1 -- 192.168.123.103:0/60055755 --> [v2:192.168.123.103:6800/2,v1:192.168.123.103:6801/2] -- mgr_command(tid 0: {"prefix": "cephadm generate-key", "target": ["mon-mgr", ""]}) v1 -- 0x7f3c5802cf50 con 0x7f3c44038210
2026-03-08T23:59:13.680 INFO:teuthology.orchestra.run.vm03.stdout:/usr/bin/ceph: stderr
2026-03-08T23:59:13.648+0000 7f3c4affd700 1 -- 192.168.123.103:0/60055755 <== mgr.14120 v2:192.168.123.103:6800/2 1 ==== mgr_command_reply(tid 0: 0 ) v1 ==== 8+0+0 (secure 0 0 0) 0x7f3c5802cf50 con 0x7f3c44038210
2026-03-08T23:59:13.680 INFO:teuthology.orchestra.run.vm03.stdout:/usr/bin/ceph: stderr
2026-03-08T23:59:13.650+0000 7f3c5fe3c700 1 -- 192.168.123.103:0/60055755 >> [v2:192.168.123.103:6800/2,v1:192.168.123.103:6801/2] conn(0x7f3c44038210 msgr2=0x7f3c4403a6d0 secure :-1 s=STATE_CONNECTION_ESTABLISHED l=1).mark_down
2026-03-08T23:59:13.680 INFO:teuthology.orchestra.run.vm03.stdout:/usr/bin/ceph: stderr
2026-03-08T23:59:13.650+0000 7f3c5fe3c700 1 --2- 192.168.123.103:0/60055755 >> [v2:192.168.123.103:6800/2,v1:192.168.123.103:6801/2] conn(0x7f3c44038210 0x7f3c4403a6d0 secure :-1 s=READY pgs=9 cs=0 l=1 rev1=1 crypto rx=0x7f3c54006fd0 tx=0x7f3c54006e40 comp rx=0 tx=0).stop
2026-03-08T23:59:13.680 INFO:teuthology.orchestra.run.vm03.stdout:/usr/bin/ceph: stderr
2026-03-08T23:59:13.650+0000 7f3c5fe3c700 1 -- 192.168.123.103:0/60055755 >> [v2:192.168.123.103:3300/0,v1:192.168.123.103:6789/0] conn(0x7f3c58105650 msgr2=0x7f3c5819c790 secure :-1 s=STATE_CONNECTION_ESTABLISHED l=1).mark_down
2026-03-08T23:59:13.680 INFO:teuthology.orchestra.run.vm03.stdout:/usr/bin/ceph: stderr
2026-03-08T23:59:13.650+0000 7f3c5fe3c700 1 --2- 192.168.123.103:0/60055755 >> [v2:192.168.123.103:3300/0,v1:192.168.123.103:6789/0] conn(0x7f3c58105650 0x7f3c5819c790 secure :-1 s=READY pgs=42 cs=0 l=1 rev1=1 crypto rx=0x7f3c4c00bef0 tx=0x7f3c4c003b40 comp rx=0 tx=0).stop
2026-03-08T23:59:13.680 INFO:teuthology.orchestra.run.vm03.stdout:/usr/bin/ceph: stderr
2026-03-08T23:59:13.650+0000 7f3c5fe3c700 1 -- 192.168.123.103:0/60055755 shutdown_connections
2026-03-08T23:59:13.680 INFO:teuthology.orchestra.run.vm03.stdout:/usr/bin/ceph: stderr
2026-03-08T23:59:13.650+0000 7f3c5fe3c700 1 --2- 192.168.123.103:0/60055755 >> [v2:192.168.123.103:6800/2,v1:192.168.123.103:6801/2] conn(0x7f3c44038210 0x7f3c4403a6d0 unknown :-1 s=CLOSED pgs=9 cs=0 l=1 rev1=1 crypto rx=0 tx=0 comp rx=0 tx=0).stop
2026-03-08T23:59:13.680 INFO:teuthology.orchestra.run.vm03.stdout:/usr/bin/ceph: stderr
2026-03-08T23:59:13.650+0000 7f3c5fe3c700 1 --2- 192.168.123.103:0/60055755 >> [v2:192.168.123.103:3300/0,v1:192.168.123.103:6789/0] conn(0x7f3c58105650 0x7f3c5819c790 unknown :-1 s=CLOSED pgs=42 cs=0 l=1 rev1=1 crypto rx=0 tx=0 comp rx=0 tx=0).stop
2026-03-08T23:59:13.680 INFO:teuthology.orchestra.run.vm03.stdout:/usr/bin/ceph: stderr
2026-03-08T23:59:13.650+0000 7f3c5fe3c700 1 -- 192.168.123.103:0/60055755 >> 192.168.123.103:0/60055755 conn(0x7f3c58100bd0 msgr2=0x7f3c581018b0 unknown :-1 s=STATE_NONE l=0).mark_down
2026-03-08T23:59:13.680 INFO:teuthology.orchestra.run.vm03.stdout:/usr/bin/ceph: stderr
2026-03-08T23:59:13.650+0000 7f3c5fe3c700 1 -- 192.168.123.103:0/60055755 shutdown_connections
2026-03-08T23:59:13.680 INFO:teuthology.orchestra.run.vm03.stdout:/usr/bin/ceph: stderr
2026-03-08T23:59:13.650+0000 7f3c5fe3c700 1 -- 192.168.123.103:0/60055755 wait complete.
2026-03-08T23:59:13.976 INFO:teuthology.orchestra.run.vm03.stdout:/usr/bin/ceph: stdout ssh-rsa AAAAB3NzaC1yc2EAAAADAQABAAABgQCseP8TJOsuxzWCbi/GtSh4sYcQoMttAx1MhEMLSc14Nydc0FYopBRf0tLWGHk7uryiK+KgRGc/F38yTXBVyXnRKXBNzpZLrgv75RC378qs8u2LftRPgtJVPXoEGeVLFj4MuFXcwmyWvFG6Ol81Mnd2qSP+59CQpY8HaESywjZqCmmmlhbcHaaxI5mjNOTnSPApQBqSKhRuq3wNS2WijDY6FtjM0ellzR7fUqIapI9QMKEE9PhlAE2V0Gt/sKpClCRKzfzbnv0vxw6tThHM83gT9BghsKKkPEKXQrtic3Wa6fAjRzaO1oG54kxahVGI0RIXfxYIvOtOigANo2MCwvQYM4bJ/ZT8CTDNS9bFv//wO77HhKVn+0Bq6JjhgTmdEaF2Xmn8Lwaj0LXsaX50ZouZ/mNQNS9qsx1uXC6vqFK71v+8uVIR5sEKTtUA2hGrEwGDPcQylsKHHL8gVEdXFh1FiEJAprE9OOVUlyANfwVwNkzxENVgf8wEaGCyfZYOyb0= ceph-ae8f0172-1b4a-11f1-916a-712b2ac006b7
2026-03-08T23:59:13.976 INFO:teuthology.orchestra.run.vm03.stdout:/usr/bin/ceph: stderr
2026-03-08T23:59:13.805+0000 7f7f7f7e1700 1 Processor -- start
2026-03-08T23:59:13.976 INFO:teuthology.orchestra.run.vm03.stdout:/usr/bin/ceph: stderr
2026-03-08T23:59:13.805+0000 7f7f7f7e1700 1 -- start start
2026-03-08T23:59:13.976 INFO:teuthology.orchestra.run.vm03.stdout:/usr/bin/ceph: stderr
2026-03-08T23:59:13.805+0000 7f7f7f7e1700 1 --2- >> [v2:192.168.123.103:3300/0,v1:192.168.123.103:6789/0] conn(0x7f7f78105650 0x7f7f78105a70 unknown :-1 s=NONE pgs=0 cs=0 l=0 rev1=0 crypto rx=0 tx=0 comp rx=0 tx=0).connect
2026-03-08T23:59:13.977 INFO:teuthology.orchestra.run.vm03.stdout:/usr/bin/ceph: stderr
2026-03-08T23:59:13.805+0000 7f7f7f7e1700 1 -- --> [v2:192.168.123.103:3300/0,v1:192.168.123.103:6789/0] -- mon_getmap magic: 0 v1 -- 0x7f7f78106040 con 0x7f7f78105650
2026-03-08T23:59:13.977 INFO:teuthology.orchestra.run.vm03.stdout:/usr/bin/ceph: stderr
2026-03-08T23:59:13.805+0000 7f7f7d57d700 1 --2- >> [v2:192.168.123.103:3300/0,v1:192.168.123.103:6789/0] conn(0x7f7f78105650 0x7f7f78105a70 unknown :-1 s=BANNER_CONNECTING pgs=0 cs=0 l=0 rev1=0 crypto rx=0 tx=0 comp rx=0 tx=0)._handle_peer_banner_payload supported=3 required=0
2026-03-08T23:59:13.977 INFO:teuthology.orchestra.run.vm03.stdout:/usr/bin/ceph: stderr
2026-03-08T23:59:13.805+0000 7f7f7d57d700 1 --2- >> [v2:192.168.123.103:3300/0,v1:192.168.123.103:6789/0] conn(0x7f7f78105650 0x7f7f78105a70 unknown :-1 s=HELLO_CONNECTING pgs=0 cs=0 l=0 rev1=1 crypto rx=0 tx=0 comp rx=0 tx=0).handle_hello peer v2:192.168.123.103:3300/0 says I am v2:192.168.123.103:55100/0 (socket says 192.168.123.103:55100)
2026-03-08T23:59:13.977 INFO:teuthology.orchestra.run.vm03.stdout:/usr/bin/ceph: stderr
2026-03-08T23:59:13.805+0000 7f7f7d57d700 1 -- 192.168.123.103:0/3848237861 learned_addr learned my addr 192.168.123.103:0/3848237861 (peer_addr_for_me v2:192.168.123.103:0/0)
2026-03-08T23:59:13.977 INFO:teuthology.orchestra.run.vm03.stdout:/usr/bin/ceph: stderr
2026-03-08T23:59:13.806+0000 7f7f7d57d700 1 -- 192.168.123.103:0/3848237861 --> [v2:192.168.123.103:3300/0,v1:192.168.123.103:6789/0] -- mon_subscribe({config=0+,monmap=0+}) v3 -- 0x7f7f78106850 con 0x7f7f78105650
2026-03-08T23:59:13.977 INFO:teuthology.orchestra.run.vm03.stdout:/usr/bin/ceph: stderr
2026-03-08T23:59:13.806+0000 7f7f7d57d700 1 --2- 192.168.123.103:0/3848237861 >> [v2:192.168.123.103:3300/0,v1:192.168.123.103:6789/0] conn(0x7f7f78105650 0x7f7f78105a70 secure :-1 s=READY pgs=43 cs=0 l=1 rev1=1 crypto rx=0x7f7f68009cf0 tx=0x7f7f6800b0e0 comp rx=0 tx=0).ready entity=mon.0 client_cookie=e080383581d75862 server_cookie=0 in_seq=0 out_seq=0
2026-03-08T23:59:13.977 INFO:teuthology.orchestra.run.vm03.stdout:/usr/bin/ceph: stderr
2026-03-08T23:59:13.806+0000 7f7f6ffff700 1 -- 192.168.123.103:0/3848237861 <== mon.0 v2:192.168.123.103:3300/0 1 ==== mon_map magic: 0 v1 ==== 214+0+0 (secure 0 0 0) 0x7f7f68004030 con 0x7f7f78105650
2026-03-08T23:59:13.977 INFO:teuthology.orchestra.run.vm03.stdout:/usr/bin/ceph: stderr
2026-03-08T23:59:13.806+0000 7f7f6ffff700 1 -- 192.168.123.103:0/3848237861 <== mon.0 v2:192.168.123.103:3300/0 2 ==== config(28 keys) v1 ==== 1075+0+0 (secure 0 0 0) 0x7f7f6800b810 con 0x7f7f78105650
2026-03-08T23:59:13.977 INFO:teuthology.orchestra.run.vm03.stdout:/usr/bin/ceph: stderr
2026-03-08T23:59:13.807+0000 7f7f7f7e1700 1 -- 192.168.123.103:0/3848237861 >> [v2:192.168.123.103:3300/0,v1:192.168.123.103:6789/0] conn(0x7f7f78105650 msgr2=0x7f7f78105a70 secure :-1 s=STATE_CONNECTION_ESTABLISHED l=1).mark_down
2026-03-08T23:59:13.977 INFO:teuthology.orchestra.run.vm03.stdout:/usr/bin/ceph: stderr
2026-03-08T23:59:13.807+0000 7f7f7f7e1700 1 --2- 192.168.123.103:0/3848237861 >> [v2:192.168.123.103:3300/0,v1:192.168.123.103:6789/0] conn(0x7f7f78105650 0x7f7f78105a70 secure :-1 s=READY pgs=43 cs=0 l=1 rev1=1 crypto rx=0x7f7f68009cf0 tx=0x7f7f6800b0e0 comp rx=0 tx=0).stop
2026-03-08T23:59:13.977 INFO:teuthology.orchestra.run.vm03.stdout:/usr/bin/ceph: stderr
2026-03-08T23:59:13.807+0000 7f7f7f7e1700 1 -- 192.168.123.103:0/3848237861 shutdown_connections
2026-03-08T23:59:13.977 INFO:teuthology.orchestra.run.vm03.stdout:/usr/bin/ceph: stderr
2026-03-08T23:59:13.807+0000 7f7f7f7e1700 1 --2- 192.168.123.103:0/3848237861 >> [v2:192.168.123.103:3300/0,v1:192.168.123.103:6789/0] conn(0x7f7f78105650 0x7f7f78105a70 unknown :-1 s=CLOSED pgs=43 cs=0 l=1 rev1=1 crypto rx=0 tx=0 comp rx=0 tx=0).stop
2026-03-08T23:59:13.977 INFO:teuthology.orchestra.run.vm03.stdout:/usr/bin/ceph: stderr
2026-03-08T23:59:13.807+0000 7f7f7f7e1700 1 -- 192.168.123.103:0/3848237861 >> 192.168.123.103:0/3848237861 conn(0x7f7f78100bd0 msgr2=0x7f7f78103030 unknown :-1 s=STATE_NONE l=0).mark_down
2026-03-08T23:59:13.977 INFO:teuthology.orchestra.run.vm03.stdout:/usr/bin/ceph: stderr
2026-03-08T23:59:13.807+0000 7f7f7f7e1700 1 -- 192.168.123.103:0/3848237861 shutdown_connections
2026-03-08T23:59:13.977 INFO:teuthology.orchestra.run.vm03.stdout:/usr/bin/ceph: stderr
2026-03-08T23:59:13.807+0000 7f7f7f7e1700 1 -- 192.168.123.103:0/3848237861 wait complete.
2026-03-08T23:59:13.977 INFO:teuthology.orchestra.run.vm03.stdout:/usr/bin/ceph: stderr
2026-03-08T23:59:13.807+0000 7f7f7f7e1700 1 Processor -- start
2026-03-08T23:59:13.977 INFO:teuthology.orchestra.run.vm03.stdout:/usr/bin/ceph: stderr
2026-03-08T23:59:13.808+0000 7f7f7f7e1700 1 -- start start
2026-03-08T23:59:13.978 INFO:teuthology.orchestra.run.vm03.stdout:/usr/bin/ceph: stderr
2026-03-08T23:59:13.808+0000 7f7f7f7e1700 1 --2- >> [v2:192.168.123.103:3300/0,v1:192.168.123.103:6789/0] conn(0x7f7f78190960 0x7f7f7818eff0 unknown :-1 s=NONE pgs=0 cs=0 l=1 rev1=0 crypto rx=0 tx=0 comp rx=0 tx=0).connect
2026-03-08T23:59:13.978 INFO:teuthology.orchestra.run.vm03.stdout:/usr/bin/ceph: stderr
2026-03-08T23:59:13.808+0000 7f7f7f7e1700 1 -- --> [v2:192.168.123.103:3300/0,v1:192.168.123.103:6789/0] -- mon_getmap magic: 0 v1 -- 0x7f7f78106040 con 0x7f7f78190960
2026-03-08T23:59:13.978 INFO:teuthology.orchestra.run.vm03.stdout:/usr/bin/ceph: stderr
2026-03-08T23:59:13.808+0000 7f7f7d57d700 1 --2- >> [v2:192.168.123.103:3300/0,v1:192.168.123.103:6789/0] conn(0x7f7f78190960 0x7f7f7818eff0 unknown :-1 s=BANNER_CONNECTING pgs=0 cs=0 l=1 rev1=0 crypto rx=0 tx=0 comp rx=0 tx=0)._handle_peer_banner_payload supported=3 required=0
2026-03-08T23:59:13.978 INFO:teuthology.orchestra.run.vm03.stdout:/usr/bin/ceph: stderr
2026-03-08T23:59:13.808+0000 7f7f7d57d700 1 --2- >> [v2:192.168.123.103:3300/0,v1:192.168.123.103:6789/0] conn(0x7f7f78190960 0x7f7f7818eff0 unknown :-1 s=HELLO_CONNECTING pgs=0 cs=0 l=1 rev1=1 crypto rx=0 tx=0 comp rx=0 tx=0).handle_hello peer v2:192.168.123.103:3300/0 says I am v2:192.168.123.103:55110/0 (socket says 192.168.123.103:55110)
2026-03-08T23:59:13.978 INFO:teuthology.orchestra.run.vm03.stdout:/usr/bin/ceph: stderr
2026-03-08T23:59:13.808+0000 7f7f7d57d700 1 -- 192.168.123.103:0/4249475663 learned_addr learned my addr 192.168.123.103:0/4249475663 (peer_addr_for_me v2:192.168.123.103:0/0)
2026-03-08T23:59:13.978 INFO:teuthology.orchestra.run.vm03.stdout:/usr/bin/ceph: stderr
2026-03-08T23:59:13.808+0000 7f7f7d57d700 1 -- 192.168.123.103:0/4249475663 --> [v2:192.168.123.103:3300/0,v1:192.168.123.103:6789/0] -- mon_subscribe({config=0+,monmap=0+}) v3 -- 0x7f7f68009740 con 0x7f7f78190960
2026-03-08T23:59:13.978 INFO:teuthology.orchestra.run.vm03.stdout:/usr/bin/ceph: stderr
2026-03-08T23:59:13.808+0000 7f7f7d57d700 1 --2- 192.168.123.103:0/4249475663 >> [v2:192.168.123.103:3300/0,v1:192.168.123.103:6789/0] conn(0x7f7f78190960 0x7f7f7818eff0 secure :-1 s=READY pgs=44 cs=0 l=1 rev1=1 crypto rx=0x7f7f68009cc0 tx=0x7f7f68003cb0 comp rx=0 tx=0).ready entity=mon.0 client_cookie=0 server_cookie=0 in_seq=0 out_seq=0
2026-03-08T23:59:13.978 INFO:teuthology.orchestra.run.vm03.stdout:/usr/bin/ceph: stderr
2026-03-08T23:59:13.809+0000 7f7f6e7fc700 1 -- 192.168.123.103:0/4249475663 <== mon.0 v2:192.168.123.103:3300/0 1 ==== mon_map magic: 0 v1 ==== 214+0+0 (secure 0 0 0) 0x7f7f68003ed0 con 0x7f7f78190960
2026-03-08T23:59:13.978 INFO:teuthology.orchestra.run.vm03.stdout:/usr/bin/ceph: stderr
2026-03-08T23:59:13.809+0000 7f7f6e7fc700 1 -- 192.168.123.103:0/4249475663 <== mon.0 v2:192.168.123.103:3300/0 2 ==== config(28 keys) v1 ==== 1075+0+0 (secure 0 0 0) 0x7f7f680044d0 con 0x7f7f78190960
2026-03-08T23:59:13.978 INFO:teuthology.orchestra.run.vm03.stdout:/usr/bin/ceph: stderr
2026-03-08T23:59:13.809+0000 7f7f6e7fc700 1 -- 192.168.123.103:0/4249475663 <== mon.0 v2:192.168.123.103:3300/0 3 ==== mon_map magic: 0 v1 ==== 214+0+0 (secure 0 0 0) 0x7f7f6801ac60 con 0x7f7f78190960
2026-03-08T23:59:13.978 INFO:teuthology.orchestra.run.vm03.stdout:/usr/bin/ceph: stderr
2026-03-08T23:59:13.809+0000 7f7f7f7e1700 1 -- 192.168.123.103:0/4249475663 --> [v2:192.168.123.103:3300/0,v1:192.168.123.103:6789/0] -- mon_subscribe({mgrmap=0+}) v3 -- 0x7f7f78190d80 con 0x7f7f78190960
2026-03-08T23:59:13.978 INFO:teuthology.orchestra.run.vm03.stdout:/usr/bin/ceph: stderr
2026-03-08T23:59:13.809+0000 7f7f7f7e1700 1 -- 192.168.123.103:0/4249475663 --> [v2:192.168.123.103:3300/0,v1:192.168.123.103:6789/0] -- mon_subscribe({osdmap=0}) v3 -- 0x7f7f7818f700 con 0x7f7f78190960
2026-03-08T23:59:13.978 INFO:teuthology.orchestra.run.vm03.stdout:/usr/bin/ceph: stderr
2026-03-08T23:59:13.810+0000 7f7f6e7fc700 1 -- 192.168.123.103:0/4249475663 <== mon.0 v2:192.168.123.103:3300/0 4 ==== mgrmap(e 7) v1 ==== 45172+0+0 (secure 0 0 0) 0x7f7f68004030 con 0x7f7f78190960
2026-03-08T23:59:13.978 INFO:teuthology.orchestra.run.vm03.stdout:/usr/bin/ceph: stderr
2026-03-08T23:59:13.810+0000 7f7f7f7e1700 1 -- 192.168.123.103:0/4249475663 --> [v2:192.168.123.103:3300/0,v1:192.168.123.103:6789/0] -- mon_command({"prefix": "get_command_descriptions"} v 0) v1 -- 0x7f7f7804fa20 con 0x7f7f78190960
2026-03-08T23:59:13.978 INFO:teuthology.orchestra.run.vm03.stdout:/usr/bin/ceph: stderr
2026-03-08T23:59:13.810+0000 7f7f6e7fc700 1 --2- 192.168.123.103:0/4249475663 >> [v2:192.168.123.103:6800/2,v1:192.168.123.103:6801/2] conn(0x7f7f64038220 0x7f7f6403a6e0 unknown :-1 s=NONE pgs=0 cs=0 l=1 rev1=0 crypto rx=0 tx=0 comp rx=0 tx=0).connect
2026-03-08T23:59:13.978 INFO:teuthology.orchestra.run.vm03.stdout:/usr/bin/ceph: stderr
2026-03-08T23:59:13.810+0000 7f7f6e7fc700 1 -- 192.168.123.103:0/4249475663 <== mon.0 v2:192.168.123.103:3300/0 5 ==== osd_map(2..2 src has 1..2) v4 ==== 940+0+0 (secure 0 0 0) 0x7f7f6804b470 con 0x7f7f78190960
2026-03-08T23:59:13.978 INFO:teuthology.orchestra.run.vm03.stdout:/usr/bin/ceph: stderr
2026-03-08T23:59:13.812+0000 7f7f7cd7c700 1 --2- 192.168.123.103:0/4249475663 >> [v2:192.168.123.103:6800/2,v1:192.168.123.103:6801/2] conn(0x7f7f64038220 0x7f7f6403a6e0 unknown :-1 s=BANNER_CONNECTING pgs=0 cs=0 l=1 rev1=0 crypto rx=0 tx=0 comp rx=0 tx=0)._handle_peer_banner_payload supported=3 required=0
2026-03-08T23:59:13.978 INFO:teuthology.orchestra.run.vm03.stdout:/usr/bin/ceph: stderr
2026-03-08T23:59:13.813+0000 7f7f7cd7c700 1 --2- 192.168.123.103:0/4249475663 >> [v2:192.168.123.103:6800/2,v1:192.168.123.103:6801/2] conn(0x7f7f64038220 0x7f7f6403a6e0 secure :-1 s=READY pgs=10 cs=0 l=1 rev1=1 crypto rx=0x7f7f74006fd0 tx=0x7f7f74006e40 comp rx=0 tx=0).ready entity=mgr.14120 client_cookie=0 server_cookie=0 in_seq=0 out_seq=0
2026-03-08T23:59:13.978 INFO:teuthology.orchestra.run.vm03.stdout:/usr/bin/ceph: stderr
2026-03-08T23:59:13.813+0000 7f7f6e7fc700 1 -- 192.168.123.103:0/4249475663 <== mon.0 v2:192.168.123.103:3300/0 6 ==== mon_command_ack([{"prefix": "get_command_descriptions"}]=0 v0) v1 ==== 72+0+180422 (secure 0 0 0) 0x7f7f680042e0 con 0x7f7f78190960
2026-03-08T23:59:13.978 INFO:teuthology.orchestra.run.vm03.stdout:/usr/bin/ceph: stderr
2026-03-08T23:59:13.921+0000 7f7f7f7e1700 1 -- 192.168.123.103:0/4249475663 --> [v2:192.168.123.103:6800/2,v1:192.168.123.103:6801/2] -- mgr_command(tid 0: {"prefix": "cephadm get-pub-key", "target": ["mon-mgr", ""]}) v1 -- 0x7f7f78102b80 con 0x7f7f64038220
2026-03-08T23:59:13.978 INFO:teuthology.orchestra.run.vm03.stdout:/usr/bin/ceph: stderr
2026-03-08T23:59:13.922+0000 7f7f6e7fc700 1 -- 192.168.123.103:0/4249475663 <== mgr.14120 v2:192.168.123.103:6800/2 1 ==== mgr_command_reply(tid 0: 0 ) v1 ==== 8+0+595 (secure 0 0 0) 0x7f7f78102b80 con 0x7f7f64038220
2026-03-08T23:59:13.978 INFO:teuthology.orchestra.run.vm03.stdout:/usr/bin/ceph: stderr
2026-03-08T23:59:13.924+0000 7f7f7f7e1700 1 -- 192.168.123.103:0/4249475663 >> [v2:192.168.123.103:6800/2,v1:192.168.123.103:6801/2] conn(0x7f7f64038220 msgr2=0x7f7f6403a6e0 secure :-1 s=STATE_CONNECTION_ESTABLISHED l=1).mark_down
2026-03-08T23:59:13.978 INFO:teuthology.orchestra.run.vm03.stdout:/usr/bin/ceph: stderr
2026-03-08T23:59:13.924+0000 7f7f7f7e1700 1 --2- 192.168.123.103:0/4249475663 >> [v2:192.168.123.103:6800/2,v1:192.168.123.103:6801/2] conn(0x7f7f64038220 0x7f7f6403a6e0 secure :-1 s=READY pgs=10 cs=0 l=1 rev1=1 crypto rx=0x7f7f74006fd0 tx=0x7f7f74006e40 comp rx=0 tx=0).stop
2026-03-08T23:59:13.978 INFO:teuthology.orchestra.run.vm03.stdout:/usr/bin/ceph: stderr
2026-03-08T23:59:13.924+0000 7f7f7f7e1700 1 -- 192.168.123.103:0/4249475663 >> [v2:192.168.123.103:3300/0,v1:192.168.123.103:6789/0] conn(0x7f7f78190960 msgr2=0x7f7f7818eff0 secure :-1 s=STATE_CONNECTION_ESTABLISHED l=1).mark_down
2026-03-08T23:59:13.978 INFO:teuthology.orchestra.run.vm03.stdout:/usr/bin/ceph: stderr
2026-03-08T23:59:13.924+0000 7f7f7f7e1700 1 --2- 192.168.123.103:0/4249475663 >> [v2:192.168.123.103:3300/0,v1:192.168.123.103:6789/0] conn(0x7f7f78190960 0x7f7f7818eff0 secure :-1 s=READY pgs=44 cs=0 l=1 rev1=1 crypto rx=0x7f7f68009cc0 tx=0x7f7f68003cb0 comp rx=0 tx=0).stop
2026-03-08T23:59:13.978 INFO:teuthology.orchestra.run.vm03.stdout:/usr/bin/ceph: stderr
2026-03-08T23:59:13.925+0000 7f7f7f7e1700 1 -- 192.168.123.103:0/4249475663 shutdown_connections
2026-03-08T23:59:13.978 INFO:teuthology.orchestra.run.vm03.stdout:/usr/bin/ceph: stderr
2026-03-08T23:59:13.925+0000 7f7f7f7e1700 1 --2- 192.168.123.103:0/4249475663 >> [v2:192.168.123.103:6800/2,v1:192.168.123.103:6801/2] conn(0x7f7f64038220 0x7f7f6403a6e0 unknown :-1 s=CLOSED pgs=10 cs=0 l=1 rev1=1 crypto rx=0 tx=0 comp rx=0 tx=0).stop
2026-03-08T23:59:13.978 INFO:teuthology.orchestra.run.vm03.stdout:/usr/bin/ceph: stderr
2026-03-08T23:59:13.925+0000 7f7f7f7e1700 1 --2- 192.168.123.103:0/4249475663 >> [v2:192.168.123.103:3300/0,v1:192.168.123.103:6789/0] conn(0x7f7f78190960 0x7f7f7818eff0 unknown :-1 s=CLOSED pgs=44 cs=0 l=1 rev1=1 crypto rx=0 tx=0 comp rx=0 tx=0).stop
2026-03-08T23:59:13.978 INFO:teuthology.orchestra.run.vm03.stdout:/usr/bin/ceph: stderr
2026-03-08T23:59:13.925+0000 7f7f7f7e1700 1 -- 192.168.123.103:0/4249475663 >> 192.168.123.103:0/4249475663 conn(0x7f7f78100bd0 msgr2=0x7f7f78074110 unknown :-1 s=STATE_NONE l=0).mark_down
2026-03-08T23:59:13.978 INFO:teuthology.orchestra.run.vm03.stdout:/usr/bin/ceph: stderr
2026-03-08T23:59:13.925+0000 7f7f7f7e1700 1 -- 192.168.123.103:0/4249475663 shutdown_connections
2026-03-08T23:59:13.978 INFO:teuthology.orchestra.run.vm03.stdout:/usr/bin/ceph: stderr
2026-03-08T23:59:13.925+0000 7f7f7f7e1700 1 -- 192.168.123.103:0/4249475663 wait complete.
2026-03-08T23:59:13.978 INFO:teuthology.orchestra.run.vm03.stdout:Wrote public SSH key to /home/ubuntu/cephtest/ceph.pub
2026-03-08T23:59:13.978 INFO:teuthology.orchestra.run.vm03.stdout:Adding key to root@localhost authorized_keys...
2026-03-08T23:59:13.979 INFO:teuthology.orchestra.run.vm03.stdout:Adding host vm03...
2026-03-08T23:59:14.222 INFO:journalctl@ceph.mon.vm03.vm03.stdout:Mar 08 23:59:13 vm03 ceph-mon[52346]: [08/Mar/2026:23:59:12] ENGINE Bus STARTING
2026-03-08T23:59:14.222 INFO:journalctl@ceph.mon.vm03.vm03.stdout:Mar 08 23:59:13 vm03 ceph-mon[52346]: [08/Mar/2026:23:59:12] ENGINE Serving on http://192.168.123.103:8765
2026-03-08T23:59:14.222 INFO:journalctl@ceph.mon.vm03.vm03.stdout:Mar 08 23:59:13 vm03 ceph-mon[52346]: [08/Mar/2026:23:59:12] ENGINE Serving on https://192.168.123.103:7150
2026-03-08T23:59:14.222 INFO:journalctl@ceph.mon.vm03.vm03.stdout:Mar 08 23:59:13 vm03 ceph-mon[52346]: [08/Mar/2026:23:59:12] ENGINE Bus STARTED
2026-03-08T23:59:14.222 INFO:journalctl@ceph.mon.vm03.vm03.stdout:Mar 08 23:59:13 vm03 ceph-mon[52346]: from='client.14124 -' entity='client.admin' cmd=[{"prefix": "get_command_descriptions"}]: dispatch
2026-03-08T23:59:14.222 INFO:journalctl@ceph.mon.vm03.vm03.stdout:Mar 08 23:59:13 vm03 ceph-mon[52346]: from='client.14124 -' entity='client.admin' cmd=[{"prefix": "mgr_status"}]: dispatch
2026-03-08T23:59:14.222 INFO:journalctl@ceph.mon.vm03.vm03.stdout:Mar 08 23:59:13 vm03 ceph-mon[52346]: from='client.14132 -' entity='client.admin' cmd=[{"prefix": "orch set backend", "module_name": "cephadm", "target": ["mon-mgr", ""]}]: dispatch
2026-03-08T23:59:14.222 INFO:journalctl@ceph.mon.vm03.vm03.stdout:Mar 08 23:59:13 vm03 ceph-mon[52346]: from='mgr.14120 192.168.123.103:0/2' entity='mgr.vm03.yvcons'
2026-03-08T23:59:14.222 INFO:journalctl@ceph.mon.vm03.vm03.stdout:Mar 08 23:59:13 vm03 ceph-mon[52346]: from='mgr.14120 192.168.123.103:0/2' entity='mgr.vm03.yvcons' cmd=[{"prefix": "config dump", "format": "json"}]: dispatch
2026-03-08T23:59:14.222 INFO:journalctl@ceph.mon.vm03.vm03.stdout:Mar 08 23:59:13 vm03 ceph-mon[52346]: from='mgr.14120 192.168.123.103:0/2' entity='mgr.vm03.yvcons'
2026-03-08T23:59:14.222 INFO:journalctl@ceph.mon.vm03.vm03.stdout:Mar 08 23:59:13 vm03 ceph-mon[52346]: from='mgr.14120 192.168.123.103:0/2' entity='mgr.vm03.yvcons'
2026-03-08T23:59:14.995 INFO:journalctl@ceph.mon.vm03.vm03.stdout:Mar 08 23:59:14 vm03 ceph-mon[52346]: from='client.14134 -' entity='client.admin' cmd=[{"prefix": "cephadm set-user", "user": "root", "target": ["mon-mgr", ""]}]: dispatch
2026-03-08T23:59:14.995 INFO:journalctl@ceph.mon.vm03.vm03.stdout:Mar 08 23:59:14 vm03 ceph-mon[52346]: from='client.14136 -' entity='client.admin' cmd=[{"prefix": "cephadm generate-key", "target": ["mon-mgr", ""]}]: dispatch
2026-03-08T23:59:14.995 INFO:journalctl@ceph.mon.vm03.vm03.stdout:Mar 08 23:59:14 vm03 ceph-mon[52346]: Generating ssh key...
2026-03-08T23:59:14.995 INFO:journalctl@ceph.mon.vm03.vm03.stdout:Mar 08 23:59:14 vm03 ceph-mon[52346]: from='client.14138 -' entity='client.admin' cmd=[{"prefix": "cephadm get-pub-key", "target": ["mon-mgr", ""]}]: dispatch
2026-03-08T23:59:14.995 INFO:journalctl@ceph.mon.vm03.vm03.stdout:Mar 08 23:59:14 vm03 ceph-mon[52346]: mgrmap e8: vm03.yvcons(active, since 2s)
2026-03-08T23:59:16.001 INFO:teuthology.orchestra.run.vm03.stdout:/usr/bin/ceph: stdout Added host 'vm03' with addr '192.168.123.103'
2026-03-08T23:59:16.001 INFO:teuthology.orchestra.run.vm03.stdout:/usr/bin/ceph: stderr
2026-03-08T23:59:14.106+0000 7fb10a1ca700 1 Processor -- start
2026-03-08T23:59:16.001 INFO:teuthology.orchestra.run.vm03.stdout:/usr/bin/ceph: stderr
2026-03-08T23:59:14.107+0000 7fb10a1ca700 1 -- start start
2026-03-08T23:59:16.001 INFO:teuthology.orchestra.run.vm03.stdout:/usr/bin/ceph: stderr
2026-03-08T23:59:14.107+0000 7fb10a1ca700 1 --2- >> [v2:192.168.123.103:3300/0,v1:192.168.123.103:6789/0] conn(0x7fb104108970 0x7fb104108d90 unknown :-1 s=NONE pgs=0 cs=0 l=0 rev1=0 crypto rx=0 tx=0 comp rx=0 tx=0).connect
2026-03-08T23:59:16.001 INFO:teuthology.orchestra.run.vm03.stdout:/usr/bin/ceph: stderr
2026-03-08T23:59:14.107+0000 7fb10a1ca700 1 -- --> [v2:192.168.123.103:3300/0,v1:192.168.123.103:6789/0] -- mon_getmap magic: 0 v1 -- 0x7fb104109360 con 0x7fb104108970
2026-03-08T23:59:16.003 INFO:teuthology.orchestra.run.vm03.stdout:/usr/bin/ceph: stderr
2026-03-08T23:59:14.107+0000 7fb1037fe700 1 --2- >> [v2:192.168.123.103:3300/0,v1:192.168.123.103:6789/0] conn(0x7fb104108970 0x7fb104108d90 unknown :-1 s=BANNER_CONNECTING pgs=0 cs=0 l=0 rev1=0 crypto rx=0 tx=0 comp rx=0 tx=0)._handle_peer_banner_payload supported=3 required=0
2026-03-08T23:59:16.003 INFO:teuthology.orchestra.run.vm03.stdout:/usr/bin/ceph: stderr
2026-03-08T23:59:14.107+0000 7fb1037fe700 1 --2- >> [v2:192.168.123.103:3300/0,v1:192.168.123.103:6789/0] conn(0x7fb104108970 0x7fb104108d90 unknown :-1 s=HELLO_CONNECTING pgs=0 cs=0 l=0 rev1=1 crypto rx=0 tx=0 comp rx=0 tx=0).handle_hello peer v2:192.168.123.103:3300/0 says I am v2:192.168.123.103:55118/0 (socket says 192.168.123.103:55118)
2026-03-08T23:59:16.003 INFO:teuthology.orchestra.run.vm03.stdout:/usr/bin/ceph: stderr
2026-03-08T23:59:14.107+0000 7fb1037fe700 1 -- 192.168.123.103:0/3745316356 learned_addr learned my addr 192.168.123.103:0/3745316356 (peer_addr_for_me v2:192.168.123.103:0/0)
2026-03-08T23:59:16.003 INFO:teuthology.orchestra.run.vm03.stdout:/usr/bin/ceph: stderr
2026-03-08T23:59:14.107+0000 7fb1037fe700 1 -- 192.168.123.103:0/3745316356 --> [v2:192.168.123.103:3300/0,v1:192.168.123.103:6789/0] -- mon_subscribe({config=0+,monmap=0+}) v3 -- 0x7fb104109b70 con 0x7fb104108970
2026-03-08T23:59:16.003 INFO:teuthology.orchestra.run.vm03.stdout:/usr/bin/ceph: stderr
2026-03-08T23:59:14.107+0000 7fb1037fe700 1 --2- 192.168.123.103:0/3745316356 >> [v2:192.168.123.103:3300/0,v1:192.168.123.103:6789/0] conn(0x7fb104108970 0x7fb104108d90 secure :-1 s=READY pgs=45 cs=0 l=1 rev1=1 crypto rx=0x7fb0ec009cf0 tx=0x7fb0ec00b0e0 comp rx=0 tx=0).ready entity=mon.0 client_cookie=92a56e490b439e11 server_cookie=0 in_seq=0 out_seq=0
2026-03-08T23:59:16.003 INFO:teuthology.orchestra.run.vm03.stdout:/usr/bin/ceph: stderr
2026-03-08T23:59:14.108+0000 7fb1027fc700 1 -- 192.168.123.103:0/3745316356 <== mon.0 v2:192.168.123.103:3300/0 1 ==== mon_map magic: 0 v1 ==== 214+0+0 (secure 0 0 0) 0x7fb0ec004030 con 0x7fb104108970
2026-03-08T23:59:16.003 INFO:teuthology.orchestra.run.vm03.stdout:/usr/bin/ceph: stderr
2026-03-08T23:59:14.108+0000 7fb1027fc700 1 -- 192.168.123.103:0/3745316356 <== mon.0 v2:192.168.123.103:3300/0 2 ==== config(28 keys) v1 ==== 1075+0+0 (secure 0 0 0) 0x7fb0ec00b810 con 0x7fb104108970
2026-03-08T23:59:16.003 INFO:teuthology.orchestra.run.vm03.stdout:/usr/bin/ceph: stderr
2026-03-08T23:59:14.108+0000 7fb1027fc700 1 -- 192.168.123.103:0/3745316356 <== mon.0 v2:192.168.123.103:3300/0 3 ==== mon_map magic: 0 v1 ==== 214+0+0 (secure 0 0 0) 0x7fb0ec003a90 con 0x7fb104108970
2026-03-08T23:59:16.003 INFO:teuthology.orchestra.run.vm03.stdout:/usr/bin/ceph: stderr
2026-03-08T23:59:14.108+0000 7fb10a1ca700 1 -- 192.168.123.103:0/3745316356 >> [v2:192.168.123.103:3300/0,v1:192.168.123.103:6789/0] conn(0x7fb104108970 msgr2=0x7fb104108d90 secure :-1 s=STATE_CONNECTION_ESTABLISHED l=1).mark_down
2026-03-08T23:59:16.003 INFO:teuthology.orchestra.run.vm03.stdout:/usr/bin/ceph: stderr
2026-03-08T23:59:14.108+0000 7fb10a1ca700 1 --2- 192.168.123.103:0/3745316356 >> [v2:192.168.123.103:3300/0,v1:192.168.123.103:6789/0] conn(0x7fb104108970 0x7fb104108d90 secure :-1 s=READY pgs=45 cs=0 l=1 rev1=1 crypto rx=0x7fb0ec009cf0 tx=0x7fb0ec00b0e0 comp rx=0 tx=0).stop
2026-03-08T23:59:16.003 INFO:teuthology.orchestra.run.vm03.stdout:/usr/bin/ceph: stderr
2026-03-08T23:59:14.108+0000 7fb10a1ca700 1 -- 192.168.123.103:0/3745316356 shutdown_connections
2026-03-08T23:59:16.003 INFO:teuthology.orchestra.run.vm03.stdout:/usr/bin/ceph: stderr
2026-03-08T23:59:14.108+0000 7fb10a1ca700 1 --2- 192.168.123.103:0/3745316356 >> [v2:192.168.123.103:3300/0,v1:192.168.123.103:6789/0] conn(0x7fb104108970 0x7fb104108d90 unknown :-1 s=CLOSED pgs=45 cs=0 l=1 rev1=1 crypto rx=0 tx=0 comp rx=0 tx=0).stop
2026-03-08T23:59:16.003 INFO:teuthology.orchestra.run.vm03.stdout:/usr/bin/ceph: stderr
2026-03-08T23:59:14.108+0000 7fb10a1ca700 1 -- 192.168.123.103:0/3745316356 >> 192.168.123.103:0/3745316356 conn(0x7fb10407be30 msgr2=0x7fb1041064e0 unknown :-1 s=STATE_NONE l=0).mark_down
2026-03-08T23:59:16.003 INFO:teuthology.orchestra.run.vm03.stdout:/usr/bin/ceph: stderr
2026-03-08T23:59:14.109+0000 7fb10a1ca700 1 -- 192.168.123.103:0/3745316356 shutdown_connections
2026-03-08T23:59:16.003 INFO:teuthology.orchestra.run.vm03.stdout:/usr/bin/ceph: stderr
2026-03-08T23:59:14.109+0000 7fb10a1ca700 1 -- 192.168.123.103:0/3745316356 wait complete.
2026-03-08T23:59:16.003 INFO:teuthology.orchestra.run.vm03.stdout:/usr/bin/ceph: stderr
2026-03-08T23:59:14.109+0000 7fb10a1ca700 1 Processor -- start
2026-03-08T23:59:16.003 INFO:teuthology.orchestra.run.vm03.stdout:/usr/bin/ceph: stderr
2026-03-08T23:59:14.109+0000 7fb10a1ca700 1 -- start start
2026-03-08T23:59:16.003 INFO:teuthology.orchestra.run.vm03.stdout:/usr/bin/ceph: stderr
2026-03-08T23:59:14.109+0000 7fb10a1ca700 1 --2- >> [v2:192.168.123.103:3300/0,v1:192.168.123.103:6789/0] conn(0x7fb104108970 0x7fb104198250 unknown :-1 s=NONE pgs=0 cs=0 l=1 rev1=0 crypto rx=0 tx=0 comp rx=0 tx=0).connect
2026-03-08T23:59:16.003 INFO:teuthology.orchestra.run.vm03.stdout:/usr/bin/ceph: stderr
2026-03-08T23:59:14.109+0000 7fb10a1ca700 1 -- --> [v2:192.168.123.103:3300/0,v1:192.168.123.103:6789/0] -- mon_getmap magic: 0 v1 -- 0x7fb104198790 con 0x7fb104108970
2026-03-08T23:59:16.003 INFO:teuthology.orchestra.run.vm03.stdout:/usr/bin/ceph: stderr
2026-03-08T23:59:14.109+0000 7fb1037fe700 1 --2- >> [v2:192.168.123.103:3300/0,v1:192.168.123.103:6789/0] conn(0x7fb104108970 0x7fb104198250 unknown :-1 s=BANNER_CONNECTING pgs=0 cs=0 l=1 rev1=0 crypto rx=0 tx=0 comp rx=0 tx=0)._handle_peer_banner_payload supported=3 required=0
2026-03-08T23:59:16.003 INFO:teuthology.orchestra.run.vm03.stdout:/usr/bin/ceph: stderr
2026-03-08T23:59:14.109+0000 7fb1037fe700 1 --2- >> [v2:192.168.123.103:3300/0,v1:192.168.123.103:6789/0] conn(0x7fb104108970 0x7fb104198250 unknown :-1 s=HELLO_CONNECTING pgs=0 cs=0 l=1 rev1=1 crypto rx=0 tx=0 comp rx=0 tx=0).handle_hello peer v2:192.168.123.103:3300/0 says I am v2:192.168.123.103:55130/0 (socket says 192.168.123.103:55130)
2026-03-08T23:59:16.003 INFO:teuthology.orchestra.run.vm03.stdout:/usr/bin/ceph: stderr
2026-03-08T23:59:14.109+0000 7fb1037fe700 1 -- 192.168.123.103:0/1735215354 learned_addr learned my addr 192.168.123.103:0/1735215354 (peer_addr_for_me v2:192.168.123.103:0/0)
2026-03-08T23:59:16.003 INFO:teuthology.orchestra.run.vm03.stdout:/usr/bin/ceph: stderr
2026-03-08T23:59:14.109+0000 7fb1037fe700 1 -- 192.168.123.103:0/1735215354 --> [v2:192.168.123.103:3300/0,v1:192.168.123.103:6789/0] -- mon_subscribe({config=0+,monmap=0+}) v3 -- 0x7fb0ec009740 con 0x7fb104108970
2026-03-08T23:59:16.003 INFO:teuthology.orchestra.run.vm03.stdout:/usr/bin/ceph: stderr
2026-03-08T23:59:14.110+0000 7fb1037fe700 1 --2- 192.168.123.103:0/1735215354 >> [v2:192.168.123.103:3300/0,v1:192.168.123.103:6789/0] conn(0x7fb104108970 0x7fb104198250 secure :-1 s=READY pgs=46 cs=0 l=1 rev1=1 crypto rx=0x7fb0ec009710 tx=0x7fb0ec003e00 comp rx=0 tx=0).ready entity=mon.0 client_cookie=0 server_cookie=0 in_seq=0 out_seq=0
2026-03-08T23:59:16.003 INFO:teuthology.orchestra.run.vm03.stdout:/usr/bin/ceph: stderr
2026-03-08T23:59:14.110+0000 7fb100ff9700 1 -- 192.168.123.103:0/1735215354 <== mon.0 v2:192.168.123.103:3300/0 1 ==== mon_map magic: 0 v1 ==== 214+0+0 (secure 0 0 0) 0x7fb0ec004120 con 0x7fb104108970
2026-03-08T23:59:16.003 INFO:teuthology.orchestra.run.vm03.stdout:/usr/bin/ceph: stderr
2026-03-08T23:59:14.110+0000 7fb100ff9700 1 -- 192.168.123.103:0/1735215354 <== mon.0 v2:192.168.123.103:3300/0 2 ==== config(28 keys) v1 ==== 1075+0+0 (secure 0 0 0) 0x7fb0ec004280 con 0x7fb104108970
2026-03-08T23:59:16.003 INFO:teuthology.orchestra.run.vm03.stdout:/usr/bin/ceph: stderr
2026-03-08T23:59:14.110+0000 7fb100ff9700 1 -- 192.168.123.103:0/1735215354 <== mon.0 v2:192.168.123.103:3300/0 3 ==== mon_map magic: 0 v1 ==== 214+0+0 (secure 0 0 0) 0x7fb0ec011510 con 0x7fb104108970
2026-03-08T23:59:16.003 INFO:teuthology.orchestra.run.vm03.stdout:/usr/bin/ceph: stderr
2026-03-08T23:59:14.110+0000 7fb10a1ca700 1 -- 192.168.123.103:0/1735215354 --> [v2:192.168.123.103:3300/0,v1:192.168.123.103:6789/0] -- mon_subscribe({mgrmap=0+}) v3 -- 0x7fb104198990 con 0x7fb104108970
2026-03-08T23:59:16.003 INFO:teuthology.orchestra.run.vm03.stdout:/usr/bin/ceph: stderr
2026-03-08T23:59:14.110+0000 7fb10a1ca700 1 -- 192.168.123.103:0/1735215354 --> [v2:192.168.123.103:3300/0,v1:192.168.123.103:6789/0] -- mon_subscribe({osdmap=0}) v3 -- 0x7fb104198db0 con 0x7fb104108970
2026-03-08T23:59:16.003 INFO:teuthology.orchestra.run.vm03.stdout:/usr/bin/ceph: stderr
2026-03-08T23:59:14.111+0000 7fb100ff9700 1 -- 192.168.123.103:0/1735215354 <== mon.0 v2:192.168.123.103:3300/0 4 ==== mgrmap(e 7) v1 ==== 45172+0+0 (secure 0 0 0) 0x7fb0ec0043f0 con 0x7fb104108970
2026-03-08T23:59:16.003 INFO:teuthology.orchestra.run.vm03.stdout:/usr/bin/ceph: stderr
2026-03-08T23:59:14.111+0000 7fb10a1ca700 1 -- 192.168.123.103:0/1735215354 --> [v2:192.168.123.103:3300/0,v1:192.168.123.103:6789/0] -- mon_command({"prefix": "get_command_descriptions"} v 0) v1 -- 0x7fb1040623c0 con 0x7fb104108970
2026-03-08T23:59:16.003 INFO:teuthology.orchestra.run.vm03.stdout:/usr/bin/ceph: stderr
2026-03-08T23:59:14.112+0000 7fb100ff9700 1 --2- 192.168.123.103:0/1735215354 >> [v2:192.168.123.103:6800/2,v1:192.168.123.103:6801/2] conn(0x7fb0f0037f10 0x7fb0f003a3d0 unknown :-1 s=NONE pgs=0 cs=0 l=1 rev1=0 crypto rx=0 tx=0 comp rx=0 tx=0).connect
2026-03-08T23:59:16.003 INFO:teuthology.orchestra.run.vm03.stdout:/usr/bin/ceph: stderr
2026-03-08T23:59:14.112+0000 7fb100ff9700 1 -- 192.168.123.103:0/1735215354 <== mon.0 v2:192.168.123.103:3300/0 5 ==== osd_map(2..2 src has 1..2) v4 ==== 940+0+0 (secure 0 0 0) 0x7fb0ec04b4d0 con 0x7fb104108970
2026-03-08T23:59:16.003 INFO:teuthology.orchestra.run.vm03.stdout:/usr/bin/ceph: stderr
2026-03-08T23:59:14.114+0000 7fb102ffd700 1 --2- 192.168.123.103:0/1735215354 >> [v2:192.168.123.103:6800/2,v1:192.168.123.103:6801/2] conn(0x7fb0f0037f10 0x7fb0f003a3d0 unknown :-1 s=BANNER_CONNECTING pgs=0 cs=0 l=1 rev1=0 crypto rx=0 tx=0 comp rx=0 tx=0)._handle_peer_banner_payload supported=3 required=0
2026-03-08T23:59:16.003 INFO:teuthology.orchestra.run.vm03.stdout:/usr/bin/ceph: stderr
2026-03-08T23:59:14.114+0000 7fb100ff9700 1 -- 192.168.123.103:0/1735215354 <== mon.0 v2:192.168.123.103:3300/0 6 ==== mon_command_ack([{"prefix": "get_command_descriptions"}]=0 v0) v1 ==== 72+0+180422 (secure 0 0 0) 0x7fb0ec018bd0 con 0x7fb104108970
2026-03-08T23:59:16.003 INFO:teuthology.orchestra.run.vm03.stdout:/usr/bin/ceph: stderr
2026-03-08T23:59:14.115+0000 7fb102ffd700 1 --2- 192.168.123.103:0/1735215354 >> [v2:192.168.123.103:6800/2,v1:192.168.123.103:6801/2] conn(0x7fb0f0037f10 0x7fb0f003a3d0 secure :-1 s=READY pgs=11 cs=0 l=1 rev1=1 crypto rx=0x7fb0f4006fd0 tx=0x7fb0f4006e40 comp rx=0 tx=0).ready entity=mgr.14120 client_cookie=0 server_cookie=0 in_seq=0 out_seq=0
2026-03-08T23:59:16.003 INFO:teuthology.orchestra.run.vm03.stdout:/usr/bin/ceph: stderr
2026-03-08T23:59:14.221+0000 7fb10a1ca700 1 -- 192.168.123.103:0/1735215354 --> [v2:192.168.123.103:6800/2,v1:192.168.123.103:6801/2] -- mgr_command(tid 0: {"prefix": "orch host add", "hostname": "vm03", "addr": "192.168.123.103", "target": ["mon-mgr", ""]}) v1 -- 0x7fb104106420 con 0x7fb0f0037f10
2026-03-08T23:59:16.003 INFO:teuthology.orchestra.run.vm03.stdout:/usr/bin/ceph: stderr
2026-03-08T23:59:14.649+0000 7fb100ff9700 1 -- 192.168.123.103:0/1735215354 <== mon.0 v2:192.168.123.103:3300/0 7 ==== mgrmap(e 8) v1 ==== 45278+0+0 (secure 0 0 0) 0x7fb0ec011670 con 0x7fb104108970
2026-03-08T23:59:16.004 INFO:teuthology.orchestra.run.vm03.stdout:/usr/bin/ceph: stderr
2026-03-08T23:59:15.962+0000 7fb100ff9700 1 -- 192.168.123.103:0/1735215354 <== mgr.14120 v2:192.168.123.103:6800/2 1 ==== mgr_command_reply(tid 0: 0 ) v1 ==== 8+0+46 (secure 0 0 0) 0x7fb104106420 con 0x7fb0f0037f10
2026-03-08T23:59:16.004 INFO:teuthology.orchestra.run.vm03.stdout:/usr/bin/ceph: stderr
2026-03-08T23:59:15.964+0000 7fb10a1ca700 1 -- 192.168.123.103:0/1735215354 >> [v2:192.168.123.103:6800/2,v1:192.168.123.103:6801/2] conn(0x7fb0f0037f10 msgr2=0x7fb0f003a3d0 secure :-1 s=STATE_CONNECTION_ESTABLISHED l=1).mark_down
2026-03-08T23:59:16.004 INFO:teuthology.orchestra.run.vm03.stdout:/usr/bin/ceph: stderr
2026-03-08T23:59:15.965+0000 7fb10a1ca700 1 --2- 192.168.123.103:0/1735215354 >> [v2:192.168.123.103:6800/2,v1:192.168.123.103:6801/2] conn(0x7fb0f0037f10 0x7fb0f003a3d0 secure :-1 s=READY pgs=11 cs=0 l=1 rev1=1 crypto rx=0x7fb0f4006fd0 tx=0x7fb0f4006e40 comp rx=0 tx=0).stop
2026-03-08T23:59:16.004 INFO:teuthology.orchestra.run.vm03.stdout:/usr/bin/ceph: stderr
2026-03-08T23:59:15.965+0000 7fb10a1ca700 1 -- 192.168.123.103:0/1735215354 >> [v2:192.168.123.103:3300/0,v1:192.168.123.103:6789/0] conn(0x7fb104108970 msgr2=0x7fb104198250 secure :-1 s=STATE_CONNECTION_ESTABLISHED l=1).mark_down
2026-03-08T23:59:16.004 INFO:teuthology.orchestra.run.vm03.stdout:/usr/bin/ceph: stderr
2026-03-08T23:59:15.965+0000 7fb10a1ca700 1 --2- 192.168.123.103:0/1735215354 >> [v2:192.168.123.103:3300/0,v1:192.168.123.103:6789/0] conn(0x7fb104108970 0x7fb104198250 secure :-1 s=READY pgs=46 cs=0 l=1 rev1=1 crypto rx=0x7fb0ec009710 tx=0x7fb0ec003e00 comp rx=0 tx=0).stop
2026-03-08T23:59:16.004 INFO:teuthology.orchestra.run.vm03.stdout:/usr/bin/ceph: stderr
2026-03-08T23:59:15.965+0000 7fb10a1ca700 1 -- 192.168.123.103:0/1735215354 shutdown_connections
2026-03-08T23:59:16.004 INFO:teuthology.orchestra.run.vm03.stdout:/usr/bin/ceph: stderr
2026-03-08T23:59:15.965+0000 7fb10a1ca700 1 --2- 192.168.123.103:0/1735215354 >> [v2:192.168.123.103:6800/2,v1:192.168.123.103:6801/2] conn(0x7fb0f0037f10 0x7fb0f003a3d0 unknown :-1 s=CLOSED pgs=11 cs=0 l=1 rev1=1 crypto rx=0 tx=0 comp rx=0 tx=0).stop
2026-03-08T23:59:16.004 INFO:teuthology.orchestra.run.vm03.stdout:/usr/bin/ceph: stderr
2026-03-08T23:59:15.965+0000 7fb10a1ca700 1 --2- 192.168.123.103:0/1735215354 >> [v2:192.168.123.103:3300/0,v1:192.168.123.103:6789/0] conn(0x7fb104108970 0x7fb104198250 unknown :-1 s=CLOSED pgs=46 cs=0 l=1 rev1=1 crypto rx=0 tx=0 comp rx=0 tx=0).stop
2026-03-08T23:59:16.004 INFO:teuthology.orchestra.run.vm03.stdout:/usr/bin/ceph: stderr
2026-03-08T23:59:15.965+0000 7fb10a1ca700 1 -- 192.168.123.103:0/1735215354 >> 192.168.123.103:0/1735215354 conn(0x7fb10407be30 msgr2=0x7fb104105d10 unknown :-1 s=STATE_NONE l=0).mark_down
2026-03-08T23:59:16.004 INFO:teuthology.orchestra.run.vm03.stdout:/usr/bin/ceph: stderr
2026-03-08T23:59:15.965+0000 7fb10a1ca700 1 -- 192.168.123.103:0/1735215354 shutdown_connections
2026-03-08T23:59:16.004 INFO:teuthology.orchestra.run.vm03.stdout:/usr/bin/ceph: stderr
2026-03-08T23:59:15.965+0000 7fb10a1ca700 1 -- 192.168.123.103:0/1735215354 wait complete.
2026-03-08T23:59:16.004 INFO:teuthology.orchestra.run.vm03.stdout:Deploying mon service with default placement...
2026-03-08T23:59:16.266 INFO:journalctl@ceph.mon.vm03.vm03.stdout:Mar 08 23:59:15 vm03 ceph-mon[52346]: from='client.14140 -' entity='client.admin' cmd=[{"prefix": "orch host add", "hostname": "vm03", "addr": "192.168.123.103", "target": ["mon-mgr", ""]}]: dispatch
2026-03-08T23:59:16.267 INFO:journalctl@ceph.mon.vm03.vm03.stdout:Mar 08 23:59:15 vm03 ceph-mon[52346]: Deploying cephadm binary to vm03
2026-03-08T23:59:16.267 INFO:journalctl@ceph.mon.vm03.vm03.stdout:Mar 08 23:59:15 vm03 ceph-mon[52346]: from='mgr.14120 192.168.123.103:0/2' entity='mgr.vm03.yvcons'
2026-03-08T23:59:16.320 INFO:teuthology.orchestra.run.vm03.stdout:/usr/bin/ceph: stdout Scheduled mon update...
2026-03-08T23:59:16.320 INFO:teuthology.orchestra.run.vm03.stdout:/usr/bin/ceph: stderr
2026-03-08T23:59:16.145+0000 7f6021576700 1 Processor -- start
2026-03-08T23:59:16.320 INFO:teuthology.orchestra.run.vm03.stdout:/usr/bin/ceph: stderr
2026-03-08T23:59:16.145+0000 7f6021576700 1 -- start start
2026-03-08T23:59:16.320 INFO:teuthology.orchestra.run.vm03.stdout:/usr/bin/ceph: stderr
2026-03-08T23:59:16.145+0000 7f6021576700 1 --2- >> [v2:192.168.123.103:3300/0,v1:192.168.123.103:6789/0] conn(0x7f601c071d70 0x7f601c072190 unknown :-1 s=NONE pgs=0 cs=0 l=0 rev1=0 crypto rx=0 tx=0 comp rx=0 tx=0).connect
2026-03-08T23:59:16.321 INFO:teuthology.orchestra.run.vm03.stdout:/usr/bin/ceph: stderr
2026-03-08T23:59:16.145+0000 7f6021576700 1 -- --> [v2:192.168.123.103:3300/0,v1:192.168.123.103:6789/0] -- mon_getmap magic: 0 v1 -- 0x7f601c072760 con 0x7f601c071d70
2026-03-08T23:59:16.321 INFO:teuthology.orchestra.run.vm03.stdout:/usr/bin/ceph: stderr
2026-03-08T23:59:16.145+0000 7f601bfff700 1 --2- >> [v2:192.168.123.103:3300/0,v1:192.168.123.103:6789/0] conn(0x7f601c071d70 0x7f601c072190 unknown :-1 s=BANNER_CONNECTING pgs=0 cs=0 l=0 rev1=0 crypto rx=0 tx=0 comp rx=0 tx=0)._handle_peer_banner_payload supported=3 required=0
2026-03-08T23:59:16.321 INFO:teuthology.orchestra.run.vm03.stdout:/usr/bin/ceph: stderr
2026-03-08T23:59:16.145+0000 7f601bfff700 1 --2- >> [v2:192.168.123.103:3300/0,v1:192.168.123.103:6789/0] conn(0x7f601c071d70 0x7f601c072190 unknown :-1 s=HELLO_CONNECTING pgs=0 cs=0 l=0 rev1=1 crypto rx=0 tx=0 comp rx=0 tx=0).handle_hello peer v2:192.168.123.103:3300/0 says I am v2:192.168.123.103:60046/0 (socket says 192.168.123.103:60046)
2026-03-08T23:59:16.321 INFO:teuthology.orchestra.run.vm03.stdout:/usr/bin/ceph: stderr
2026-03-08T23:59:16.145+0000 7f601bfff700 1 -- 192.168.123.103:0/3862883857 learned_addr learned my addr 192.168.123.103:0/3862883857 (peer_addr_for_me v2:192.168.123.103:0/0)
2026-03-08T23:59:16.321 INFO:teuthology.orchestra.run.vm03.stdout:/usr/bin/ceph: stderr
2026-03-08T23:59:16.146+0000 7f601bfff700 1 -- 192.168.123.103:0/3862883857 --> [v2:192.168.123.103:3300/0,v1:192.168.123.103:6789/0] -- mon_subscribe({config=0+,monmap=0+}) v3 -- 0x7f601c0728a0 con 0x7f601c071d70
2026-03-08T23:59:16.321 INFO:teuthology.orchestra.run.vm03.stdout:/usr/bin/ceph: stderr
2026-03-08T23:59:16.146+0000 7f601bfff700 1 --2- 192.168.123.103:0/3862883857 >> [v2:192.168.123.103:3300/0,v1:192.168.123.103:6789/0] conn(0x7f601c071d70 0x7f601c072190 secure :-1 s=READY pgs=47 cs=0 l=1 rev1=1 crypto rx=0x7f6004009a90 tx=0x7f6004009da0 comp rx=0 tx=0).ready entity=mon.0 client_cookie=e47bde026e6d30ba server_cookie=0 in_seq=0 out_seq=0
2026-03-08T23:59:16.321 INFO:teuthology.orchestra.run.vm03.stdout:/usr/bin/ceph: stderr
2026-03-08T23:59:16.146+0000 7f601affd700 1 -- 192.168.123.103:0/3862883857 <== mon.0 v2:192.168.123.103:3300/0 1 ==== mon_map magic: 0 v1 ==== 214+0+0 (secure 0 0 0) 0x7f6004004030 con 0x7f601c071d70
2026-03-08T23:59:16.321 INFO:teuthology.orchestra.run.vm03.stdout:/usr/bin/ceph: stderr
2026-03-08T23:59:16.146+0000 7f601affd700 1 -- 192.168.123.103:0/3862883857 <== mon.0 v2:192.168.123.103:3300/0 2 ==== config(28 keys) v1 ==== 1075+0+0 (secure 0 0 0) 0x7f600400b7e0 con 0x7f601c071d70
2026-03-08T23:59:16.321 INFO:teuthology.orchestra.run.vm03.stdout:/usr/bin/ceph: stderr
2026-03-08T23:59:16.146+0000 7f601affd700 1 -- 192.168.123.103:0/3862883857 <== mon.0 v2:192.168.123.103:3300/0 3 ==== mon_map magic: 0 v1 ==== 214+0+0 (secure 0 0 0) 0x7f6004003a40 con 0x7f601c071d70
2026-03-08T23:59:16.321 INFO:teuthology.orchestra.run.vm03.stdout:/usr/bin/ceph: stderr
2026-03-08T23:59:16.146+0000 7f6021576700 1 -- 192.168.123.103:0/3862883857 >> [v2:192.168.123.103:3300/0,v1:192.168.123.103:6789/0] conn(0x7f601c071d70 msgr2=0x7f601c072190 secure :-1 s=STATE_CONNECTION_ESTABLISHED l=1).mark_down
2026-03-08T23:59:16.321 INFO:teuthology.orchestra.run.vm03.stdout:/usr/bin/ceph: stderr
2026-03-08T23:59:16.146+0000 7f6021576700 1 --2- 192.168.123.103:0/3862883857 >> [v2:192.168.123.103:3300/0,v1:192.168.123.103:6789/0] conn(0x7f601c071d70 0x7f601c072190 secure :-1 s=READY pgs=47 cs=0 l=1 rev1=1 crypto rx=0x7f6004009a90 tx=0x7f6004009da0 comp rx=0 tx=0).stop
2026-03-08T23:59:16.321 INFO:teuthology.orchestra.run.vm03.stdout:/usr/bin/ceph: stderr
2026-03-08T23:59:16.147+0000 7f6021576700 1 -- 192.168.123.103:0/3862883857 shutdown_connections
2026-03-08T23:59:16.321 INFO:teuthology.orchestra.run.vm03.stdout:/usr/bin/ceph: stderr
2026-03-08T23:59:16.147+0000 7f6021576700 1 --2- 192.168.123.103:0/3862883857 >> [v2:192.168.123.103:3300/0,v1:192.168.123.103:6789/0] conn(0x7f601c071d70 0x7f601c072190 unknown :-1 s=CLOSED pgs=47 cs=0 l=1 rev1=1 crypto rx=0 tx=0 comp rx=0 tx=0).stop
