2026-03-08T23:59:18.414 INFO:teuthology.orchestra.run.vm03.stdout:/usr/bin/ceph: stderr
2026-03-08T23:59:18.180+0000 7f727f7fe700 1 -- 192.168.123.103:0/3133075807 <== mon.0 v2:192.168.123.103:3300/0 2 ==== config(28 keys) v1 ==== 1139+0+0 (secure 0 0 0) 0x7f728000c020 con 0x7f728c071e80
2026-03-08T23:59:18.414 INFO:teuthology.orchestra.run.vm03.stdout:/usr/bin/ceph: stderr
2026-03-08T23:59:18.180+0000 7f727f7fe700 1 -- 192.168.123.103:0/3133075807 <== mon.0 v2:192.168.123.103:3300/0 3 ==== mon_map magic: 0 v1 ==== 214+0+0 (secure 0 0 0) 0x7f72800185f0 con 0x7f728c071e80
2026-03-08T23:59:18.414 INFO:teuthology.orchestra.run.vm03.stdout:/usr/bin/ceph: stderr
2026-03-08T23:59:18.180+0000 7f72949cb700 1 -- 192.168.123.103:0/3133075807 --> [v2:192.168.123.103:3300/0,v1:192.168.123.103:6789/0] -- mon_subscribe({mgrmap=0+}) v3 -- 0x7f728c087690 con 0x7f728c071e80
2026-03-08T23:59:18.414 INFO:teuthology.orchestra.run.vm03.stdout:/usr/bin/ceph: stderr
2026-03-08T23:59:18.180+0000 7f72949cb700 1 -- 192.168.123.103:0/3133075807 --> [v2:192.168.123.103:3300/0,v1:192.168.123.103:6789/0] -- mon_subscribe({osdmap=0}) v3 -- 0x7f728c087ab0 con 0x7f728c071e80
2026-03-08T23:59:18.414 INFO:teuthology.orchestra.run.vm03.stdout:/usr/bin/ceph: stderr
2026-03-08T23:59:18.181+0000 7f72949cb700 1 -- 192.168.123.103:0/3133075807 --> [v2:192.168.123.103:3300/0,v1:192.168.123.103:6789/0] -- mon_command({"prefix": "get_command_descriptions"} v 0) v1 -- 0x7f728c04fa20 con 0x7f728c071e80
2026-03-08T23:59:18.414 INFO:teuthology.orchestra.run.vm03.stdout:/usr/bin/ceph: stderr
2026-03-08T23:59:18.185+0000 7f727f7fe700 1 -- 192.168.123.103:0/3133075807 <== mon.0 v2:192.168.123.103:3300/0 4 ==== mgrmap(e 8) v1 ==== 45278+0+0 (secure 0 0 0) 0x7f7280010bf0 con 0x7f728c071e80
2026-03-08T23:59:18.414 INFO:teuthology.orchestra.run.vm03.stdout:/usr/bin/ceph: stderr
2026-03-08T23:59:18.185+0000 7f727f7fe700 1 --2- 192.168.123.103:0/3133075807 >> [v2:192.168.123.103:6800/2,v1:192.168.123.103:6801/2] conn(0x7f727803c810 0x7f727803ecd0 unknown :-1 s=NONE pgs=0 cs=0 l=1 rev1=0 crypto rx=0 tx=0 comp rx=0 tx=0).connect
2026-03-08T23:59:18.414 INFO:teuthology.orchestra.run.vm03.stdout:/usr/bin/ceph: stderr
2026-03-08T23:59:18.185+0000 7f727f7fe700 1 -- 192.168.123.103:0/3133075807 <== mon.0 v2:192.168.123.103:3300/0 5 ==== osd_map(2..2 src has 1..2) v4 ==== 940+0+0 (secure 0 0 0) 0x7f728004c070 con 0x7f728c071e80
2026-03-08T23:59:18.414 INFO:teuthology.orchestra.run.vm03.stdout:/usr/bin/ceph: stderr
2026-03-08T23:59:18.185+0000 7f727f7fe700 1 -- 192.168.123.103:0/3133075807 <== mon.0 v2:192.168.123.103:3300/0 6 ==== mon_command_ack([{"prefix": "get_command_descriptions"}]=0 v0) v1 ==== 72+0+180422 (secure 0 0 0) 0x7f728004c4a0 con 0x7f728c071e80
2026-03-08T23:59:18.414 INFO:teuthology.orchestra.run.vm03.stdout:/usr/bin/ceph: stderr
2026-03-08T23:59:18.185+0000 7f7291f66700 1 --2- 192.168.123.103:0/3133075807 >> [v2:192.168.123.103:6800/2,v1:192.168.123.103:6801/2] conn(0x7f727803c810 0x7f727803ecd0 unknown :-1 s=BANNER_CONNECTING pgs=0 cs=0 l=1 rev1=0 crypto rx=0 tx=0 comp rx=0 tx=0)._handle_peer_banner_payload supported=3 required=0
2026-03-08T23:59:18.414 INFO:teuthology.orchestra.run.vm03.stdout:/usr/bin/ceph: stderr
2026-03-08T23:59:18.187+0000 7f7291f66700 1 --2- 192.168.123.103:0/3133075807 >> [v2:192.168.123.103:6800/2,v1:192.168.123.103:6801/2] conn(0x7f727803c810 0x7f727803ecd0 secure :-1 s=READY pgs=18 cs=0 l=1 rev1=1 crypto rx=0x7f728800ad30 tx=0x7f72880093f0 comp rx=0 tx=0).ready entity=mgr.14120 client_cookie=0 server_cookie=0 in_seq=0 out_seq=0
2026-03-08T23:59:18.414 INFO:teuthology.orchestra.run.vm03.stdout:/usr/bin/ceph: stderr
2026-03-08T23:59:18.299+0000 7f72949cb700 1 -- 192.168.123.103:0/3133075807 --> [v2:192.168.123.103:6800/2,v1:192.168.123.103:6801/2] -- mgr_command(tid 0: {"prefix": "orch apply", "service_type": "node-exporter", "target": ["mon-mgr", ""]}) v1 -- 0x7f728c06fa20 con 0x7f727803c810
2026-03-08T23:59:18.414 INFO:teuthology.orchestra.run.vm03.stdout:/usr/bin/ceph: stderr
2026-03-08T23:59:18.369+0000 7f727f7fe700 1 -- 192.168.123.103:0/3133075807 <== mgr.14120 v2:192.168.123.103:6800/2 1 ==== mgr_command_reply(tid 0: 0 ) v1 ==== 8+0+34 (secure 0 0 0) 0x7f728c06fa20 con 0x7f727803c810
2026-03-08T23:59:18.414 INFO:teuthology.orchestra.run.vm03.stdout:/usr/bin/ceph: stderr
2026-03-08T23:59:18.371+0000 7f727d7fa700 1 -- 192.168.123.103:0/3133075807 >> [v2:192.168.123.103:6800/2,v1:192.168.123.103:6801/2] conn(0x7f727803c810 msgr2=0x7f727803ecd0 secure :-1 s=STATE_CONNECTION_ESTABLISHED l=1).mark_down
2026-03-08T23:59:18.414 INFO:teuthology.orchestra.run.vm03.stdout:/usr/bin/ceph: stderr
2026-03-08T23:59:18.371+0000 7f727d7fa700 1 --2- 192.168.123.103:0/3133075807 >> [v2:192.168.123.103:6800/2,v1:192.168.123.103:6801/2] conn(0x7f727803c810 0x7f727803ecd0 secure :-1 s=READY pgs=18 cs=0 l=1 rev1=1 crypto rx=0x7f728800ad30 tx=0x7f72880093f0 comp rx=0 tx=0).stop
2026-03-08T23:59:18.414 INFO:teuthology.orchestra.run.vm03.stdout:/usr/bin/ceph: stderr
2026-03-08T23:59:18.371+0000 7f727d7fa700 1 -- 192.168.123.103:0/3133075807 >> [v2:192.168.123.103:3300/0,v1:192.168.123.103:6789/0] conn(0x7f728c071e80 msgr2=0x7f728c086f50 secure :-1 s=STATE_CONNECTION_ESTABLISHED l=1).mark_down
2026-03-08T23:59:18.414 INFO:teuthology.orchestra.run.vm03.stdout:/usr/bin/ceph: stderr
2026-03-08T23:59:18.371+0000 7f727d7fa700 1 --2- 192.168.123.103:0/3133075807 >> [v2:192.168.123.103:3300/0,v1:192.168.123.103:6789/0] conn(0x7f728c071e80 0x7f728c086f50 secure :-1 s=READY pgs=60 cs=0 l=1 rev1=1 crypto rx=0x7f72800038f0 tx=0x7f7280004140 comp rx=0 tx=0).stop
2026-03-08T23:59:18.414 INFO:teuthology.orchestra.run.vm03.stdout:/usr/bin/ceph: stderr
2026-03-08T23:59:18.371+0000 7f727d7fa700 1 -- 192.168.123.103:0/3133075807 shutdown_connections
2026-03-08T23:59:18.414 INFO:teuthology.orchestra.run.vm03.stdout:/usr/bin/ceph: stderr
2026-03-08T23:59:18.371+0000 7f727d7fa700 1 --2- 192.168.123.103:0/3133075807 >> [v2:192.168.123.103:6800/2,v1:192.168.123.103:6801/2] conn(0x7f727803c810 0x7f727803ecd0 secure :-1 s=CLOSED pgs=18 cs=0 l=1 rev1=1 crypto rx=0x7f728800ad30 tx=0x7f72880093f0 comp rx=0 tx=0).stop
2026-03-08T23:59:18.414 INFO:teuthology.orchestra.run.vm03.stdout:/usr/bin/ceph: stderr
2026-03-08T23:59:18.371+0000 7f727d7fa700 1 --2- 192.168.123.103:0/3133075807 >> [v2:192.168.123.103:3300/0,v1:192.168.123.103:6789/0] conn(0x7f728c071e80 0x7f728c086f50 unknown :-1 s=CLOSED pgs=60 cs=0 l=1 rev1=1 crypto rx=0 tx=0 comp rx=0 tx=0).stop
2026-03-08T23:59:18.414 INFO:teuthology.orchestra.run.vm03.stdout:/usr/bin/ceph: stderr
2026-03-08T23:59:18.372+0000 7f727d7fa700 1 -- 192.168.123.103:0/3133075807 >> 192.168.123.103:0/3133075807 conn(0x7f728c06d660 msgr2=0x7f728c06f310 unknown :-1 s=STATE_NONE l=0).mark_down
2026-03-08T23:59:18.414 INFO:teuthology.orchestra.run.vm03.stdout:/usr/bin/ceph: stderr
2026-03-08T23:59:18.372+0000 7f727d7fa700 1 -- 192.168.123.103:0/3133075807 shutdown_connections
2026-03-08T23:59:18.414 INFO:teuthology.orchestra.run.vm03.stdout:/usr/bin/ceph: stderr
2026-03-08T23:59:18.372+0000 7f727d7fa700 1 -- 192.168.123.103:0/3133075807 wait complete.
2026-03-08T23:59:18.414 INFO:teuthology.orchestra.run.vm03.stdout:Deploying alertmanager service with default placement...
2026-03-08T23:59:19.095 INFO:teuthology.orchestra.run.vm03.stdout:/usr/bin/ceph: stdout Scheduled alertmanager update...
2026-03-08T23:59:19.095 INFO:teuthology.orchestra.run.vm03.stdout:/usr/bin/ceph: stderr
2026-03-08T23:59:18.570+0000 7f1ac7350700 1 Processor -- start
2026-03-08T23:59:19.095 INFO:teuthology.orchestra.run.vm03.stdout:/usr/bin/ceph: stderr
2026-03-08T23:59:18.571+0000 7f1ac7350700 1 -- start start
2026-03-08T23:59:19.095 INFO:teuthology.orchestra.run.vm03.stdout:/usr/bin/ceph: stderr
2026-03-08T23:59:18.571+0000 7f1ac7350700 1 --2- >> [v2:192.168.123.103:3300/0,v1:192.168.123.103:6789/0] conn(0x7f1ab80a4de0 0x7f1ab80a5200 unknown :-1 s=NONE pgs=0 cs=0 l=0 rev1=0 crypto rx=0 tx=0 comp rx=0 tx=0).connect
2026-03-08T23:59:19.095 INFO:teuthology.orchestra.run.vm03.stdout:/usr/bin/ceph: stderr
2026-03-08T23:59:18.571+0000 7f1ac7350700 1 -- --> [v2:192.168.123.103:3300/0,v1:192.168.123.103:6789/0] -- mon_getmap magic: 0 v1 -- 0x7f1ab80a57d0 con 0x7f1ab80a4de0
2026-03-08T23:59:19.095 INFO:teuthology.orchestra.run.vm03.stdout:/usr/bin/ceph: stderr
2026-03-08T23:59:18.571+0000 7f1ac50ec700 1 --2- >> [v2:192.168.123.103:3300/0,v1:192.168.123.103:6789/0] conn(0x7f1ab80a4de0 0x7f1ab80a5200 unknown :-1 s=BANNER_CONNECTING pgs=0 cs=0 l=0 rev1=0 crypto rx=0 tx=0 comp rx=0 tx=0)._handle_peer_banner_payload supported=3 required=0
2026-03-08T23:59:19.095 INFO:teuthology.orchestra.run.vm03.stdout:/usr/bin/ceph: stderr
2026-03-08T23:59:18.572+0000 7f1ac50ec700 1 --2- >> [v2:192.168.123.103:3300/0,v1:192.168.123.103:6789/0] conn(0x7f1ab80a4de0 0x7f1ab80a5200 unknown :-1 s=HELLO_CONNECTING pgs=0 cs=0 l=0 rev1=1 crypto rx=0 tx=0 comp rx=0 tx=0).handle_hello peer v2:192.168.123.103:3300/0 says I am v2:192.168.123.103:60168/0 (socket says 192.168.123.103:60168)
2026-03-08T23:59:19.095 INFO:teuthology.orchestra.run.vm03.stdout:/usr/bin/ceph: stderr
2026-03-08T23:59:18.572+0000 7f1ac50ec700 1 -- 192.168.123.103:0/768476321 learned_addr learned my addr 192.168.123.103:0/768476321 (peer_addr_for_me v2:192.168.123.103:0/0)
2026-03-08T23:59:19.095 INFO:teuthology.orchestra.run.vm03.stdout:/usr/bin/ceph: stderr
2026-03-08T23:59:18.572+0000 7f1ac50ec700 1 -- 192.168.123.103:0/768476321 --> [v2:192.168.123.103:3300/0,v1:192.168.123.103:6789/0] -- mon_subscribe({config=0+,monmap=0+}) v3 -- 0x7f1ab80a3e30 con 0x7f1ab80a4de0
2026-03-08T23:59:19.095 INFO:teuthology.orchestra.run.vm03.stdout:/usr/bin/ceph: stderr
2026-03-08T23:59:18.572+0000 7f1ac50ec700 1 --2- 192.168.123.103:0/768476321 >> [v2:192.168.123.103:3300/0,v1:192.168.123.103:6789/0] conn(0x7f1ab80a4de0 0x7f1ab80a5200 secure :-1 s=READY pgs=61 cs=0 l=1 rev1=1 crypto rx=0x7f1abc00bd30 tx=0x7f1abc00d6d0 comp rx=0 tx=0).ready entity=mon.0 client_cookie=37457241838b476d server_cookie=0 in_seq=0 out_seq=0
2026-03-08T23:59:19.095 INFO:teuthology.orchestra.run.vm03.stdout:/usr/bin/ceph: stderr
2026-03-08T23:59:18.572+0000 7f1ab3fff700 1 -- 192.168.123.103:0/768476321 <== mon.0 v2:192.168.123.103:3300/0 1 ==== mon_map magic: 0 v1 ==== 214+0+0 (secure 0 0 0) 0x7f1abc00be80 con 0x7f1ab80a4de0
2026-03-08T23:59:19.095 INFO:teuthology.orchestra.run.vm03.stdout:/usr/bin/ceph: stderr
2026-03-08T23:59:18.572+0000 7f1ab3fff700 1 -- 192.168.123.103:0/768476321 <== mon.0 v2:192.168.123.103:3300/0 2 ==== config(28 keys) v1 ==== 1139+0+0 (secure 0 0 0) 0x7f1abc004510 con 0x7f1ab80a4de0
2026-03-08T23:59:19.095 INFO:teuthology.orchestra.run.vm03.stdout:/usr/bin/ceph: stderr
2026-03-08T23:59:18.573+0000 7f1ac7350700 1 -- 192.168.123.103:0/768476321 >> [v2:192.168.123.103:3300/0,v1:192.168.123.103:6789/0] conn(0x7f1ab80a4de0 msgr2=0x7f1ab80a5200 secure :-1 s=STATE_CONNECTION_ESTABLISHED l=1).mark_down
2026-03-08T23:59:19.095 INFO:teuthology.orchestra.run.vm03.stdout:/usr/bin/ceph: stderr
2026-03-08T23:59:18.573+0000 7f1ac7350700 1 --2- 192.168.123.103:0/768476321 >> [v2:192.168.123.103:3300/0,v1:192.168.123.103:6789/0] conn(0x7f1ab80a4de0 0x7f1ab80a5200 secure :-1 s=READY pgs=61 cs=0 l=1 rev1=1 crypto rx=0x7f1abc00bd30 tx=0x7f1abc00d6d0 comp rx=0 tx=0).stop
2026-03-08T23:59:19.095 INFO:teuthology.orchestra.run.vm03.stdout:/usr/bin/ceph: stderr
2026-03-08T23:59:18.573+0000 7f1ac7350700 1 -- 192.168.123.103:0/768476321 shutdown_connections
2026-03-08T23:59:19.095 INFO:teuthology.orchestra.run.vm03.stdout:/usr/bin/ceph: stderr
2026-03-08T23:59:18.573+0000 7f1ac7350700 1 --2- 192.168.123.103:0/768476321 >> [v2:192.168.123.103:3300/0,v1:192.168.123.103:6789/0] conn(0x7f1ab80a4de0 0x7f1ab80a5200 unknown :-1 s=CLOSED pgs=61 cs=0 l=1 rev1=1 crypto rx=0 tx=0 comp rx=0 tx=0).stop
2026-03-08T23:59:19.095 INFO:teuthology.orchestra.run.vm03.stdout:/usr/bin/ceph: stderr
2026-03-08T23:59:18.573+0000 7f1ac7350700 1 -- 192.168.123.103:0/768476321 >> 192.168.123.103:0/768476321 conn(0x7f1ab809ff10 msgr2=0x7f1ab80a2370 unknown :-1 s=STATE_NONE l=0).mark_down
2026-03-08T23:59:19.095 INFO:teuthology.orchestra.run.vm03.stdout:/usr/bin/ceph: stderr
2026-03-08T23:59:18.574+0000 7f1ac7350700 1 -- 192.168.123.103:0/768476321 shutdown_connections
2026-03-08T23:59:19.095 INFO:teuthology.orchestra.run.vm03.stdout:/usr/bin/ceph: stderr
2026-03-08T23:59:18.574+0000 7f1ac7350700 1 -- 192.168.123.103:0/768476321 wait complete.
2026-03-08T23:59:19.095 INFO:teuthology.orchestra.run.vm03.stdout:/usr/bin/ceph: stderr
2026-03-08T23:59:18.574+0000 7f1ac7350700 1 Processor -- start
2026-03-08T23:59:19.095 INFO:teuthology.orchestra.run.vm03.stdout:/usr/bin/ceph: stderr
2026-03-08T23:59:18.574+0000 7f1ac7350700 1 -- start start
2026-03-08T23:59:19.095 INFO:teuthology.orchestra.run.vm03.stdout:/usr/bin/ceph: stderr
2026-03-08T23:59:18.574+0000 7f1ac7350700 1 --2- >> [v2:192.168.123.103:3300/0,v1:192.168.123.103:6789/0] conn(0x7f1ab80a4de0 0x7f1ab8138620 unknown :-1 s=NONE pgs=0 cs=0 l=1 rev1=0 crypto rx=0 tx=0 comp rx=0 tx=0).connect
2026-03-08T23:59:19.095 INFO:teuthology.orchestra.run.vm03.stdout:/usr/bin/ceph: stderr
2026-03-08T23:59:18.574+0000 7f1ac7350700 1 -- --> [v2:192.168.123.103:3300/0,v1:192.168.123.103:6789/0] -- mon_getmap magic: 0 v1 -- 0x7f1ab8138b60 con 0x7f1ab80a4de0
2026-03-08T23:59:19.095 INFO:teuthology.orchestra.run.vm03.stdout:/usr/bin/ceph: stderr
2026-03-08T23:59:18.575+0000 7f1ac50ec700 1 --2- >> [v2:192.168.123.103:3300/0,v1:192.168.123.103:6789/0] conn(0x7f1ab80a4de0 0x7f1ab8138620 unknown :-1 s=BANNER_CONNECTING pgs=0 cs=0 l=1 rev1=0 crypto rx=0 tx=0 comp rx=0 tx=0)._handle_peer_banner_payload supported=3 required=0
2026-03-08T23:59:19.095 INFO:teuthology.orchestra.run.vm03.stdout:/usr/bin/ceph: stderr
2026-03-08T23:59:18.575+0000 7f1ac50ec700 1 --2- >> [v2:192.168.123.103:3300/0,v1:192.168.123.103:6789/0] conn(0x7f1ab80a4de0 0x7f1ab8138620 unknown :-1 s=HELLO_CONNECTING pgs=0 cs=0 l=1 rev1=1 crypto rx=0 tx=0 comp rx=0 tx=0).handle_hello peer v2:192.168.123.103:3300/0 says I am v2:192.168.123.103:60174/0 (socket says 192.168.123.103:60174)
2026-03-08T23:59:19.095 INFO:teuthology.orchestra.run.vm03.stdout:/usr/bin/ceph: stderr
2026-03-08T23:59:18.575+0000 7f1ac50ec700 1 -- 192.168.123.103:0/1754065156 learned_addr learned my addr 192.168.123.103:0/1754065156 (peer_addr_for_me v2:192.168.123.103:0/0)
2026-03-08T23:59:19.095 INFO:teuthology.orchestra.run.vm03.stdout:/usr/bin/ceph: stderr
2026-03-08T23:59:18.575+0000 7f1ac50ec700 1 -- 192.168.123.103:0/1754065156 --> [v2:192.168.123.103:3300/0,v1:192.168.123.103:6789/0] -- mon_subscribe({config=0+,monmap=0+}) v3 -- 0x7f1abc00b9e0 con 0x7f1ab80a4de0
2026-03-08T23:59:19.095 INFO:teuthology.orchestra.run.vm03.stdout:/usr/bin/ceph: stderr
2026-03-08T23:59:18.575+0000 7f1ac50ec700 1 --2- 192.168.123.103:0/1754065156 >> [v2:192.168.123.103:3300/0,v1:192.168.123.103:6789/0] conn(0x7f1ab80a4de0 0x7f1ab8138620 secure :-1 s=READY pgs=62 cs=0 l=1 rev1=1 crypto rx=0x7f1abc000c00 tx=0x7f1abc017740 comp rx=0 tx=0).ready entity=mon.0 client_cookie=0 server_cookie=0 in_seq=0 out_seq=0
2026-03-08T23:59:19.095 INFO:teuthology.orchestra.run.vm03.stdout:/usr/bin/ceph: stderr
2026-03-08T23:59:18.576+0000 7f1ab27fc700 1 -- 192.168.123.103:0/1754065156 <== mon.0 v2:192.168.123.103:3300/0 1 ==== mon_map magic: 0 v1 ==== 214+0+0 (secure 0 0 0) 0x7f1abc009040 con 0x7f1ab80a4de0
2026-03-08T23:59:19.096 INFO:teuthology.orchestra.run.vm03.stdout:/usr/bin/ceph: stderr
2026-03-08T23:59:18.576+0000 7f1ab27fc700 1 -- 192.168.123.103:0/1754065156 <== mon.0 v2:192.168.123.103:3300/0 2 ==== config(28 keys) v1 ==== 1139+0+0 (secure 0 0 0) 0x7f1abc003a00 con 0x7f1ab80a4de0
2026-03-08T23:59:19.096 INFO:teuthology.orchestra.run.vm03.stdout:/usr/bin/ceph: stderr
2026-03-08T23:59:18.576+0000 7f1ac7350700 1 -- 192.168.123.103:0/1754065156 --> [v2:192.168.123.103:3300/0,v1:192.168.123.103:6789/0] -- mon_subscribe({mgrmap=0+}) v3 -- 0x7f1ab8138d60 con 0x7f1ab80a4de0
2026-03-08T23:59:19.096 INFO:teuthology.orchestra.run.vm03.stdout:/usr/bin/ceph: stderr
2026-03-08T23:59:18.576+0000 7f1ac7350700 1 -- 192.168.123.103:0/1754065156 --> [v2:192.168.123.103:3300/0,v1:192.168.123.103:6789/0] -- mon_subscribe({osdmap=0}) v3 -- 0x7f1ab8139260 con 0x7f1ab80a4de0
2026-03-08T23:59:19.096 INFO:teuthology.orchestra.run.vm03.stdout:/usr/bin/ceph: stderr
2026-03-08T23:59:18.577+0000 7f1ab27fc700 1 -- 192.168.123.103:0/1754065156 <== mon.0 v2:192.168.123.103:3300/0 3 ==== mon_map magic: 0 v1 ==== 214+0+0 (secure 0 0 0) 0x7f1abc017d00 con 0x7f1ab80a4de0
2026-03-08T23:59:19.096 INFO:teuthology.orchestra.run.vm03.stdout:/usr/bin/ceph: stderr
2026-03-08T23:59:18.577+0000 7f1ab27fc700 1 -- 192.168.123.103:0/1754065156 <== mon.0 v2:192.168.123.103:3300/0 4 ==== mgrmap(e 8) v1 ==== 45278+0+0 (secure 0 0 0) 0x7f1abc015070 con 0x7f1ab80a4de0
2026-03-08T23:59:19.096 INFO:teuthology.orchestra.run.vm03.stdout:/usr/bin/ceph: stderr
2026-03-08T23:59:18.577+0000 7f1ac7350700 1 -- 192.168.123.103:0/1754065156 --> [v2:192.168.123.103:3300/0,v1:192.168.123.103:6789/0] -- mon_command({"prefix": "get_command_descriptions"} v 0) v1 -- 0x7f1ab8004b30 con 0x7f1ab80a4de0
2026-03-08T23:59:19.096 INFO:teuthology.orchestra.run.vm03.stdout:/usr/bin/ceph: stderr
2026-03-08T23:59:18.577+0000 7f1ab27fc700 1 --2- 192.168.123.103:0/1754065156 >> [v2:192.168.123.103:6800/2,v1:192.168.123.103:6801/2] conn(0x7f1aac03c730 0x7f1aac03ebf0 unknown :-1 s=NONE pgs=0 cs=0 l=1 rev1=0 crypto rx=0 tx=0 comp rx=0 tx=0).connect
2026-03-08T23:59:19.096 INFO:teuthology.orchestra.run.vm03.stdout:/usr/bin/ceph: stderr
2026-03-08T23:59:18.578+0000 7f1ab27fc700 1 -- 192.168.123.103:0/1754065156 <== mon.0 v2:192.168.123.103:3300/0 5 ==== osd_map(2..2 src has 1..2) v4 ==== 940+0+0 (secure 0 0 0) 0x7f1abc04bba0 con 0x7f1ab80a4de0
2026-03-08T23:59:19.096 INFO:teuthology.orchestra.run.vm03.stdout:/usr/bin/ceph: stderr
2026-03-08T23:59:18.585+0000 7f1ac48eb700 1 --2- 192.168.123.103:0/1754065156 >> [v2:192.168.123.103:6800/2,v1:192.168.123.103:6801/2] conn(0x7f1aac03c730 0x7f1aac03ebf0 unknown :-1 s=BANNER_CONNECTING pgs=0 cs=0 l=1 rev1=0 crypto rx=0 tx=0 comp rx=0 tx=0)._handle_peer_banner_payload supported=3 required=0
2026-03-08T23:59:19.096 INFO:teuthology.orchestra.run.vm03.stdout:/usr/bin/ceph: stderr
2026-03-08T23:59:18.586+0000 7f1ac48eb700 1 --2- 192.168.123.103:0/1754065156 >> [v2:192.168.123.103:6800/2,v1:192.168.123.103:6801/2] conn(0x7f1aac03c730 0x7f1aac03ebf0 secure :-1 s=READY pgs=19 cs=0 l=1 rev1=1 crypto rx=0x7f1ab4006fd0 tx=0x7f1ab4006e40 comp rx=0 tx=0).ready entity=mgr.14120 client_cookie=0 server_cookie=0 in_seq=0 out_seq=0
2026-03-08T23:59:19.096 INFO:teuthology.orchestra.run.vm03.stdout:/usr/bin/ceph: stderr
2026-03-08T23:59:18.586+0000 7f1ab27fc700 1 -- 192.168.123.103:0/1754065156 <== mon.0 v2:192.168.123.103:3300/0 6 ==== mon_command_ack([{"prefix": "get_command_descriptions"}]=0 v0) v1 ==== 72+0+180422 (secure 0 0 0) 0x7f1ab8004b30 con 0x7f1ab80a4de0
2026-03-08T23:59:19.096 INFO:teuthology.orchestra.run.vm03.stdout:/usr/bin/ceph: stderr
2026-03-08T23:59:18.703+0000 7f1ac7350700 1 -- 192.168.123.103:0/1754065156 --> [v2:192.168.123.103:6800/2,v1:192.168.123.103:6801/2] -- mgr_command(tid 0: {"prefix": "orch apply", "service_type": "alertmanager", "target": ["mon-mgr", ""]}) v1 -- 0x7f1ab8004ac0 con 0x7f1aac03c730
2026-03-08T23:59:19.096 INFO:teuthology.orchestra.run.vm03.stdout:/usr/bin/ceph: stderr
2026-03-08T23:59:19.033+0000 7f1ab27fc700 1 -- 192.168.123.103:0/1754065156 <== mgr.14120 v2:192.168.123.103:6800/2 1 ==== mgr_command_reply(tid 0: 0 ) v1 ==== 8+0+33 (secure 0 0 0) 0x7f1ab8004ac0 con 0x7f1aac03c730
2026-03-08T23:59:19.096 INFO:teuthology.orchestra.run.vm03.stdout:/usr/bin/ceph: stderr
2026-03-08T23:59:19.037+0000 7f1ac7350700 1 -- 192.168.123.103:0/1754065156 >> [v2:192.168.123.103:6800/2,v1:192.168.123.103:6801/2] conn(0x7f1aac03c730 msgr2=0x7f1aac03ebf0 secure :-1 s=STATE_CONNECTION_ESTABLISHED l=1).mark_down
2026-03-08T23:59:19.096 INFO:teuthology.orchestra.run.vm03.stdout:/usr/bin/ceph: stderr
2026-03-08T23:59:19.037+0000 7f1ac7350700 1 --2- 192.168.123.103:0/1754065156 >> [v2:192.168.123.103:6800/2,v1:192.168.123.103:6801/2] conn(0x7f1aac03c730 0x7f1aac03ebf0 secure :-1 s=READY pgs=19 cs=0 l=1 rev1=1 crypto rx=0x7f1ab4006fd0 tx=0x7f1ab4006e40 comp rx=0 tx=0).stop
2026-03-08T23:59:19.096 INFO:teuthology.orchestra.run.vm03.stdout:/usr/bin/ceph: stderr
2026-03-08T23:59:19.037+0000 7f1ac7350700 1 -- 192.168.123.103:0/1754065156 >> [v2:192.168.123.103:3300/0,v1:192.168.123.103:6789/0] conn(0x7f1ab80a4de0 msgr2=0x7f1ab8138620 secure :-1 s=STATE_CONNECTION_ESTABLISHED l=1).mark_down
2026-03-08T23:59:19.096 INFO:teuthology.orchestra.run.vm03.stdout:/usr/bin/ceph: stderr
2026-03-08T23:59:19.037+0000 7f1ac7350700 1 --2- 192.168.123.103:0/1754065156 >> [v2:192.168.123.103:3300/0,v1:192.168.123.103:6789/0] conn(0x7f1ab80a4de0 0x7f1ab8138620 secure :-1 s=READY pgs=62 cs=0 l=1 rev1=1 crypto rx=0x7f1abc000c00 tx=0x7f1abc017740 comp rx=0 tx=0).stop
2026-03-08T23:59:19.096 INFO:teuthology.orchestra.run.vm03.stdout:/usr/bin/ceph: stderr
2026-03-08T23:59:19.037+0000 7f1ac7350700 1 -- 192.168.123.103:0/1754065156 shutdown_connections
2026-03-08T23:59:19.096 INFO:teuthology.orchestra.run.vm03.stdout:/usr/bin/ceph: stderr
2026-03-08T23:59:19.037+0000 7f1ac7350700 1 --2- 192.168.123.103:0/1754065156 >> [v2:192.168.123.103:6800/2,v1:192.168.123.103:6801/2] conn(0x7f1aac03c730 0x7f1aac03ebf0 unknown :-1 s=CLOSED pgs=19 cs=0 l=1 rev1=1 crypto rx=0 tx=0 comp rx=0 tx=0).stop
2026-03-08T23:59:19.096 INFO:teuthology.orchestra.run.vm03.stdout:/usr/bin/ceph: stderr
2026-03-08T23:59:19.037+0000 7f1ac7350700 1 --2- 192.168.123.103:0/1754065156 >> [v2:192.168.123.103:3300/0,v1:192.168.123.103:6789/0] conn(0x7f1ab80a4de0 0x7f1ab8138620 unknown :-1 s=CLOSED pgs=62 cs=0 l=1 rev1=1 crypto rx=0 tx=0 comp rx=0 tx=0).stop
2026-03-08T23:59:19.096 INFO:teuthology.orchestra.run.vm03.stdout:/usr/bin/ceph: stderr
2026-03-08T23:59:19.037+0000 7f1ac7350700 1 -- 192.168.123.103:0/1754065156 >> 192.168.123.103:0/1754065156 conn(0x7f1ab809ff10 msgr2=0x7f1ab80a0ba0 unknown :-1 s=STATE_NONE l=0).mark_down
2026-03-08T23:59:19.096 INFO:teuthology.orchestra.run.vm03.stdout:/usr/bin/ceph: stderr
2026-03-08T23:59:19.037+0000 7f1ac7350700 1 -- 192.168.123.103:0/1754065156 shutdown_connections
2026-03-08T23:59:19.096 INFO:teuthology.orchestra.run.vm03.stdout:/usr/bin/ceph: stderr
2026-03-08T23:59:19.037+0000 7f1ac7350700 1 -- 192.168.123.103:0/1754065156 wait complete.
2026-03-08T23:59:19.338 INFO:journalctl@ceph.mon.vm03.vm03.stdout:Mar 08 23:59:19 vm03 ceph-mon[52346]: from='client.14148 -' entity='client.admin' cmd=[{"prefix": "orch apply", "service_type": "ceph-exporter", "target": ["mon-mgr", ""]}]: dispatch
2026-03-08T23:59:19.338 INFO:journalctl@ceph.mon.vm03.vm03.stdout:Mar 08 23:59:19 vm03 ceph-mon[52346]: Saving service ceph-exporter spec with placement *
2026-03-08T23:59:19.338 INFO:journalctl@ceph.mon.vm03.vm03.stdout:Mar 08 23:59:19 vm03 ceph-mon[52346]: from='client.14150 -' entity='client.admin' cmd=[{"prefix": "orch apply", "service_type": "prometheus", "target": ["mon-mgr", ""]}]: dispatch
2026-03-08T23:59:19.338 INFO:journalctl@ceph.mon.vm03.vm03.stdout:Mar 08 23:59:19 vm03 ceph-mon[52346]: Saving service prometheus spec with placement count:1
2026-03-08T23:59:19.338 INFO:journalctl@ceph.mon.vm03.vm03.stdout:Mar 08 23:59:19 vm03 ceph-mon[52346]: from='client.14152 -' entity='client.admin' cmd=[{"prefix": "orch apply", "service_type": "grafana", "target": ["mon-mgr", ""]}]: dispatch
2026-03-08T23:59:19.338 INFO:journalctl@ceph.mon.vm03.vm03.stdout:Mar 08 23:59:19 vm03 ceph-mon[52346]: Saving service grafana spec with placement count:1
2026-03-08T23:59:19.338 INFO:journalctl@ceph.mon.vm03.vm03.stdout:Mar 08 23:59:19 vm03 ceph-mon[52346]: from='mgr.14120 192.168.123.103:0/2' entity='mgr.vm03.yvcons'
2026-03-08T23:59:19.338 INFO:journalctl@ceph.mon.vm03.vm03.stdout:Mar 08 23:59:19 vm03 ceph-mon[52346]: from='mgr.14120 192.168.123.103:0/2' entity='mgr.vm03.yvcons'
2026-03-08T23:59:19.338 INFO:journalctl@ceph.mon.vm03.vm03.stdout:Mar 08 23:59:19 vm03 ceph-mon[52346]: from='client.14154 -' entity='client.admin' cmd=[{"prefix": "orch apply", "service_type": "node-exporter", "target": ["mon-mgr", ""]}]: dispatch
2026-03-08T23:59:19.338 INFO:journalctl@ceph.mon.vm03.vm03.stdout:Mar 08 23:59:19 vm03 ceph-mon[52346]: Saving service node-exporter spec with placement *
2026-03-08T23:59:19.338 INFO:journalctl@ceph.mon.vm03.vm03.stdout:Mar 08 23:59:19 vm03 ceph-mon[52346]: from='mgr.14120 192.168.123.103:0/2' entity='mgr.vm03.yvcons'
2026-03-08T23:59:19.338 INFO:journalctl@ceph.mon.vm03.vm03.stdout:Mar 08 23:59:19 vm03 ceph-mon[52346]: from='client.14156 -' entity='client.admin' cmd=[{"prefix": "orch apply", "service_type": "alertmanager", "target": ["mon-mgr", ""]}]: dispatch
2026-03-08T23:59:19.338 INFO:journalctl@ceph.mon.vm03.vm03.stdout:Mar 08 23:59:19 vm03 ceph-mon[52346]: Saving service alertmanager spec with placement count:1
2026-03-08T23:59:19.411 INFO:teuthology.orchestra.run.vm03.stdout:/usr/bin/ceph: stderr
2026-03-08T23:59:19.232+0000 7f7572f7c700 1 Processor -- start
2026-03-08T23:59:19.411 INFO:teuthology.orchestra.run.vm03.stdout:/usr/bin/ceph: stderr
2026-03-08T23:59:19.233+0000 7f7572f7c700 1 -- start start
2026-03-08T23:59:19.411 INFO:teuthology.orchestra.run.vm03.stdout:/usr/bin/ceph: stderr
2026-03-08T23:59:19.233+0000 7f7572f7c700 1 --2- >> [v2:192.168.123.103:3300/0,v1:192.168.123.103:6789/0] conn(0x7f756c1071c0 0x7f756c1095b0 unknown :-1 s=NONE pgs=0 cs=0 l=0 rev1=0 crypto rx=0 tx=0 comp rx=0 tx=0).connect
2026-03-08T23:59:19.411 INFO:teuthology.orchestra.run.vm03.stdout:/usr/bin/ceph: stderr
2026-03-08T23:59:19.233+0000 7f7572f7c700 1 -- --> [v2:192.168.123.103:3300/0,v1:192.168.123.103:6789/0] -- mon_getmap magic: 0 v1 -- 0x7f756c074720 con 0x7f756c1071c0
2026-03-08T23:59:19.411 INFO:teuthology.orchestra.run.vm03.stdout:/usr/bin/ceph: stderr
2026-03-08T23:59:19.233+0000 7f7570d18700 1 --2- >> [v2:192.168.123.103:3300/0,v1:192.168.123.103:6789/0] conn(0x7f756c1071c0 0x7f756c1095b0 unknown :-1 s=BANNER_CONNECTING pgs=0 cs=0 l=0 rev1=0 crypto rx=0 tx=0 comp rx=0 tx=0)._handle_peer_banner_payload supported=3 required=0
2026-03-08T23:59:19.411 INFO:teuthology.orchestra.run.vm03.stdout:/usr/bin/ceph: stderr
2026-03-08T23:59:19.234+0000 7f7570d18700 1 --2- >> [v2:192.168.123.103:3300/0,v1:192.168.123.103:6789/0] conn(0x7f756c1071c0 0x7f756c1095b0 unknown :-1 s=HELLO_CONNECTING pgs=0 cs=0 l=0 rev1=1 crypto rx=0 tx=0 comp rx=0 tx=0).handle_hello peer v2:192.168.123.103:3300/0 says I am v2:192.168.123.103:60176/0 (socket says 192.168.123.103:60176)
2026-03-08T23:59:19.411 INFO:teuthology.orchestra.run.vm03.stdout:/usr/bin/ceph: stderr
2026-03-08T23:59:19.234+0000 7f7570d18700 1 -- 192.168.123.103:0/4080957637 learned_addr learned my addr 192.168.123.103:0/4080957637 (peer_addr_for_me v2:192.168.123.103:0/0)
2026-03-08T23:59:19.411 INFO:teuthology.orchestra.run.vm03.stdout:/usr/bin/ceph: stderr
2026-03-08T23:59:19.234+0000 7f7570d18700 1 -- 192.168.123.103:0/4080957637 --> [v2:192.168.123.103:3300/0,v1:192.168.123.103:6789/0] -- mon_subscribe({config=0+,monmap=0+}) v3 -- 0x7f756c109af0 con 0x7f756c1071c0
2026-03-08T23:59:19.411 INFO:teuthology.orchestra.run.vm03.stdout:/usr/bin/ceph: stderr
2026-03-08T23:59:19.234+0000 7f7570d18700 1 --2- 192.168.123.103:0/4080957637 >> [v2:192.168.123.103:3300/0,v1:192.168.123.103:6789/0] conn(0x7f756c1071c0 0x7f756c1095b0 secure :-1 s=READY pgs=63 cs=0 l=1 rev1=1 crypto rx=0x7f755c009a90 tx=0x7f755c009da0 comp rx=0 tx=0).ready entity=mon.0 client_cookie=5db2200d3be5d4d server_cookie=0 in_seq=0 out_seq=0
2026-03-08T23:59:19.411 INFO:teuthology.orchestra.run.vm03.stdout:/usr/bin/ceph: stderr
2026-03-08T23:59:19.234+0000 7f756b7fe700 1 -- 192.168.123.103:0/4080957637 <== mon.0 v2:192.168.123.103:3300/0 1 ==== mon_map magic: 0 v1 ==== 214+0+0 (secure 0 0 0) 0x7f755c004030 con 0x7f756c1071c0
2026-03-08T23:59:19.411 INFO:teuthology.orchestra.run.vm03.stdout:/usr/bin/ceph: stderr
2026-03-08T23:59:19.234+0000 7f756b7fe700 1 -- 192.168.123.103:0/4080957637 <== mon.0 v2:192.168.123.103:3300/0 2 ==== config(28 keys) v1 ==== 1139+0+0 (secure 0 0 0) 0x7f755c00b7e0 con 0x7f756c1071c0
2026-03-08T23:59:19.411 INFO:teuthology.orchestra.run.vm03.stdout:/usr/bin/ceph: stderr
2026-03-08T23:59:19.235+0000 7f756b7fe700 1 -- 192.168.123.103:0/4080957637 <== mon.0 v2:192.168.123.103:3300/0 3 ==== mon_map magic: 0 v1 ==== 214+0+0 (secure 0 0 0) 0x7f755c003ae0 con 0x7f756c1071c0
2026-03-08T23:59:19.411 INFO:teuthology.orchestra.run.vm03.stdout:/usr/bin/ceph: stderr
2026-03-08T23:59:19.235+0000 7f7572f7c700 1 -- 192.168.123.103:0/4080957637 >> [v2:192.168.123.103:3300/0,v1:192.168.123.103:6789/0] conn(0x7f756c1071c0 msgr2=0x7f756c1095b0 secure :-1 s=STATE_CONNECTION_ESTABLISHED l=1).mark_down
2026-03-08T23:59:19.411 INFO:teuthology.orchestra.run.vm03.stdout:/usr/bin/ceph: stderr
2026-03-08T23:59:19.235+0000 7f7572f7c700 1 --2- 192.168.123.103:0/4080957637 >> [v2:192.168.123.103:3300/0,v1:192.168.123.103:6789/0] conn(0x7f756c1071c0 0x7f756c1095b0 secure :-1 s=READY pgs=63 cs=0 l=1 rev1=1 crypto rx=0x7f755c009a90 tx=0x7f755c009da0 comp rx=0 tx=0).stop
2026-03-08T23:59:19.412 INFO:teuthology.orchestra.run.vm03.stdout:/usr/bin/ceph: stderr
2026-03-08T23:59:19.235+0000 7f7572f7c700 1 -- 192.168.123.103:0/4080957637 shutdown_connections
2026-03-08T23:59:19.412 INFO:teuthology.orchestra.run.vm03.stdout:/usr/bin/ceph: stderr
2026-03-08T23:59:19.235+0000 7f7572f7c700 1 --2- 192.168.123.103:0/4080957637 >> [v2:192.168.123.103:3300/0,v1:192.168.123.103:6789/0] conn(0x7f756c1071c0 0x7f756c1095b0 unknown :-1 s=CLOSED pgs=63 cs=0 l=1 rev1=1 crypto rx=0 tx=0 comp rx=0 tx=0).stop
2026-03-08T23:59:19.412 INFO:teuthology.orchestra.run.vm03.stdout:/usr/bin/ceph: stderr
2026-03-08T23:59:19.235+0000 7f7572f7c700 1 -- 192.168.123.103:0/4080957637 >> 192.168.123.103:0/4080957637 conn(0x7f756c100bd0 msgr2=0x7f756c103030 unknown :-1 s=STATE_NONE l=0).mark_down
2026-03-08T23:59:19.412 INFO:teuthology.orchestra.run.vm03.stdout:/usr/bin/ceph: stderr
2026-03-08T23:59:19.236+0000 7f7572f7c700 1 -- 192.168.123.103:0/4080957637 shutdown_connections
2026-03-08T23:59:19.412 INFO:teuthology.orchestra.run.vm03.stdout:/usr/bin/ceph: stderr
2026-03-08T23:59:19.236+0000 7f7572f7c700 1 -- 192.168.123.103:0/4080957637 wait complete.
2026-03-08T23:59:19.412 INFO:teuthology.orchestra.run.vm03.stdout:/usr/bin/ceph: stderr
2026-03-08T23:59:19.236+0000 7f7572f7c700 1 Processor -- start
2026-03-08T23:59:19.412 INFO:teuthology.orchestra.run.vm03.stdout:/usr/bin/ceph: stderr
2026-03-08T23:59:19.237+0000 7f7572f7c700 1 -- start start
2026-03-08T23:59:19.412 INFO:teuthology.orchestra.run.vm03.stdout:/usr/bin/ceph: stderr
2026-03-08T23:59:19.237+0000 7f7572f7c700 1 --2- >> [v2:192.168.123.103:3300/0,v1:192.168.123.103:6789/0] conn(0x7f756c1071c0 0x7f756c19c650 unknown :-1 s=NONE pgs=0 cs=0 l=1 rev1=0 crypto rx=0 tx=0 comp rx=0 tx=0).connect
2026-03-08T23:59:19.412 INFO:teuthology.orchestra.run.vm03.stdout:/usr/bin/ceph: stderr
2026-03-08T23:59:19.237+0000 7f7572f7c700 1 -- --> [v2:192.168.123.103:3300/0,v1:192.168.123.103:6789/0] -- mon_getmap magic: 0 v1 -- 0x7f756c19cb90 con 0x7f756c1071c0
2026-03-08T23:59:19.412 INFO:teuthology.orchestra.run.vm03.stdout:/usr/bin/ceph: stderr
2026-03-08T23:59:19.237+0000 7f7570d18700 1 --2- >> [v2:192.168.123.103:3300/0,v1:192.168.123.103:6789/0] conn(0x7f756c1071c0 0x7f756c19c650 unknown :-1 s=BANNER_CONNECTING pgs=0 cs=0 l=1 rev1=0 crypto rx=0 tx=0 comp rx=0 tx=0)._handle_peer_banner_payload supported=3 required=0
2026-03-08T23:59:19.412 INFO:teuthology.orchestra.run.vm03.stdout:/usr/bin/ceph: stderr
2026-03-08T23:59:19.237+0000 7f7570d18700 1 --2- >> [v2:192.168.123.103:3300/0,v1:192.168.123.103:6789/0] conn(0x7f756c1071c0 0x7f756c19c650 unknown :-1 s=HELLO_CONNECTING pgs=0 cs=0 l=1 rev1=1 crypto rx=0 tx=0 comp rx=0 tx=0).handle_hello peer v2:192.168.123.103:3300/0 says I am v2:192.168.123.103:60186/0 (socket says 192.168.123.103:60186)
2026-03-08T23:59:19.412 INFO:teuthology.orchestra.run.vm03.stdout:/usr/bin/ceph: stderr
2026-03-08T23:59:19.237+0000 7f7570d18700 1 -- 192.168.123.103:0/2463690230 learned_addr learned my addr 192.168.123.103:0/2463690230 (peer_addr_for_me v2:192.168.123.103:0/0)
2026-03-08T23:59:19.412 INFO:teuthology.orchestra.run.vm03.stdout:/usr/bin/ceph: stderr
2026-03-08T23:59:19.237+0000 7f7570d18700 1 -- 192.168.123.103:0/2463690230 --> [v2:192.168.123.103:3300/0,v1:192.168.123.103:6789/0] -- mon_subscribe({config=0+,monmap=0+}) v3 -- 0x7f755c009740 con 0x7f756c1071c0
2026-03-08T23:59:19.412 INFO:teuthology.orchestra.run.vm03.stdout:/usr/bin/ceph: stderr
2026-03-08T23:59:19.238+0000 7f7570d18700 1 --2- 192.168.123.103:0/2463690230 >> [v2:192.168.123.103:3300/0,v1:192.168.123.103:6789/0] conn(0x7f756c1071c0 0x7f756c19c650 secure :-1 s=READY pgs=64 cs=0 l=1 rev1=1 crypto rx=0x7f755c000c00 tx=0x7f755c00bfa0 comp rx=0 tx=0).ready entity=mon.0 client_cookie=0 server_cookie=0 in_seq=0 out_seq=0
2026-03-08T23:59:19.412 INFO:teuthology.orchestra.run.vm03.stdout:/usr/bin/ceph: stderr
2026-03-08T23:59:19.238+0000 7f7569ffb700 1 -- 192.168.123.103:0/2463690230 <== mon.0 v2:192.168.123.103:3300/0 1 ==== mon_map magic: 0 v1 ==== 214+0+0 (secure 0 0 0) 0x7f755c0041a0 con 0x7f756c1071c0
2026-03-08T23:59:19.412 INFO:teuthology.orchestra.run.vm03.stdout:/usr/bin/ceph: stderr
2026-03-08T23:59:19.238+0000 7f7572f7c700 1 -- 192.168.123.103:0/2463690230 --> [v2:192.168.123.103:3300/0,v1:192.168.123.103:6789/0] -- mon_subscribe({mgrmap=0+}) v3 -- 0x7f756c19cd90 con 0x7f756c1071c0
2026-03-08T23:59:19.412 INFO:teuthology.orchestra.run.vm03.stdout:/usr/bin/ceph: stderr
2026-03-08T23:59:19.238+0000 7f7572f7c700 1 -- 192.168.123.103:0/2463690230 --> [v2:192.168.123.103:3300/0,v1:192.168.123.103:6789/0] -- mon_subscribe({osdmap=0}) v3 -- 0x7f756c19d1b0 con 0x7f756c1071c0
2026-03-08T23:59:19.412 INFO:teuthology.orchestra.run.vm03.stdout:/usr/bin/ceph: stderr
2026-03-08T23:59:19.238+0000 7f7569ffb700 1 -- 192.168.123.103:0/2463690230 <== mon.0 v2:192.168.123.103:3300/0 2 ==== config(28 keys) v1 ==== 1139+0+0 (secure 0 0 0) 0x7f755c004300 con 0x7f756c1071c0
2026-03-08T23:59:19.412 INFO:teuthology.orchestra.run.vm03.stdout:/usr/bin/ceph: stderr
2026-03-08T23:59:19.238+0000 7f7569ffb700 1 -- 192.168.123.103:0/2463690230 <== mon.0 v2:192.168.123.103:3300/0 3 ==== mon_map magic: 0 v1 ==== 214+0+0 (secure 0 0 0) 0x7f755c011550 con 0x7f756c1071c0
2026-03-08T23:59:19.412 INFO:teuthology.orchestra.run.vm03.stdout:/usr/bin/ceph: stderr
2026-03-08T23:59:19.239+0000 7f7569ffb700 1 -- 192.168.123.103:0/2463690230 <== mon.0 v2:192.168.123.103:3300/0 4 ==== mgrmap(e 8) v1 ==== 45278+0+0 (secure 0 0 0) 0x7f755c0116b0 con 0x7f756c1071c0
2026-03-08T23:59:19.412 INFO:teuthology.orchestra.run.vm03.stdout:/usr/bin/ceph: stderr
2026-03-08T23:59:19.239+0000 7f7569ffb700 1 --2- 192.168.123.103:0/2463690230 >> [v2:192.168.123.103:6800/2,v1:192.168.123.103:6801/2] conn(0x7f75540383f0 0x7f755403a8b0 unknown :-1 s=NONE pgs=0 cs=0 l=1 rev1=0 crypto rx=0 tx=0 comp rx=0 tx=0).connect
2026-03-08T23:59:19.412 INFO:teuthology.orchestra.run.vm03.stdout:/usr/bin/ceph: stderr
2026-03-08T23:59:19.239+0000 7f7569ffb700 1 -- 192.168.123.103:0/2463690230 <== mon.0 v2:192.168.123.103:3300/0 5 ==== osd_map(2..2 src has 1..2) v4 ==== 940+0+0 (secure 0 0 0) 0x7f755c04d150 con 0x7f756c1071c0
2026-03-08T23:59:19.412 INFO:teuthology.orchestra.run.vm03.stdout:/usr/bin/ceph: stderr
2026-03-08T23:59:19.239+0000 7f756bfff700 1 --2- 192.168.123.103:0/2463690230 >> [v2:192.168.123.103:6800/2,v1:192.168.123.103:6801/2] conn(0x7f75540383f0 0x7f755403a8b0 unknown :-1 s=BANNER_CONNECTING pgs=0 cs=0 l=1 rev1=0 crypto rx=0 tx=0 comp rx=0 tx=0)._handle_peer_banner_payload supported=3 required=0
2026-03-08T23:59:19.412 INFO:teuthology.orchestra.run.vm03.stdout:/usr/bin/ceph: stderr
2026-03-08T23:59:19.240+0000 7f7572f7c700 1 -- 192.168.123.103:0/2463690230 --> [v2:192.168.123.103:3300/0,v1:192.168.123.103:6789/0] -- mon_command({"prefix": "get_command_descriptions"} v 0) v1 -- 0x7f7558005320 con 0x7f756c1071c0
2026-03-08T23:59:19.412 INFO:teuthology.orchestra.run.vm03.stdout:/usr/bin/ceph: stderr
2026-03-08T23:59:19.241+0000 7f756bfff700 1 --2- 192.168.123.103:0/2463690230 >> [v2:192.168.123.103:6800/2,v1:192.168.123.103:6801/2] conn(0x7f75540383f0 0x7f755403a8b0 secure :-1 s=READY pgs=20 cs=0 l=1 rev1=1 crypto rx=0x7f7560006fd0 tx=0x7f7560006e40 comp rx=0 tx=0).ready entity=mgr.14120 client_cookie=0 server_cookie=0 in_seq=0 out_seq=0
2026-03-08T23:59:19.412 INFO:teuthology.orchestra.run.vm03.stdout:/usr/bin/ceph: stderr
2026-03-08T23:59:19.242+0000 7f7569ffb700 1 -- 192.168.123.103:0/2463690230 <== mon.0 v2:192.168.123.103:3300/0 6 ==== mon_command_ack([{"prefix": "get_command_descriptions"}]=0 v0) v1 ==== 72+0+180422 (secure 0 0 0) 0x7f755c011960 con 0x7f756c1071c0
2026-03-08T23:59:19.412 INFO:teuthology.orchestra.run.vm03.stdout:/usr/bin/ceph: stderr
2026-03-08T23:59:19.348+0000 7f7572f7c700 1 -- 192.168.123.103:0/2463690230 --> [v2:192.168.123.103:3300/0,v1:192.168.123.103:6789/0] -- mon_command([{prefix=config set, name=mgr/cephadm/container_init}] v 0) v1 -- 0x7f7558005190 con 0x7f756c1071c0
2026-03-08T23:59:19.412 INFO:teuthology.orchestra.run.vm03.stdout:/usr/bin/ceph: stderr
2026-03-08T23:59:19.354+0000 7f7569ffb700 1 -- 192.168.123.103:0/2463690230 <== mon.0 v2:192.168.123.103:3300/0 7 ==== mon_command_ack([{prefix=config set, name=mgr/cephadm/container_init}]=0 v7)=0 v7) v1 ==== 142+0+0 (secure 0 0 0) 0x7f755c018b40 con 0x7f756c1071c0
2026-03-08T23:59:19.412 INFO:teuthology.orchestra.run.vm03.stdout:/usr/bin/ceph: stderr
2026-03-08T23:59:19.359+0000 7f7572f7c700 1 -- 192.168.123.103:0/2463690230 >> [v2:192.168.123.103:6800/2,v1:192.168.123.103:6801/2] conn(0x7f75540383f0 msgr2=0x7f755403a8b0 secure :-1 s=STATE_CONNECTION_ESTABLISHED l=1).mark_down
2026-03-08T23:59:19.412 INFO:teuthology.orchestra.run.vm03.stdout:/usr/bin/ceph: stderr
2026-03-08T23:59:19.359+0000 7f7572f7c700 1 --2- 192.168.123.103:0/2463690230 >> [v2:192.168.123.103:6800/2,v1:192.168.123.103:6801/2] conn(0x7f75540383f0 0x7f755403a8b0 secure :-1 s=READY pgs=20 cs=0 l=1 rev1=1 crypto rx=0x7f7560006fd0 tx=0x7f7560006e40 comp rx=0 tx=0).stop
2026-03-08T23:59:19.412 INFO:teuthology.orchestra.run.vm03.stdout:/usr/bin/ceph: stderr
2026-03-08T23:59:19.359+0000 7f7572f7c700 1 -- 192.168.123.103:0/2463690230 >> [v2:192.168.123.103:3300/0,v1:192.168.123.103:6789/0] conn(0x7f756c1071c0 msgr2=0x7f756c19c650 secure :-1 s=STATE_CONNECTION_ESTABLISHED l=1).mark_down
2026-03-08T23:59:19.412 INFO:teuthology.orchestra.run.vm03.stdout:/usr/bin/ceph: stderr
2026-03-08T23:59:19.359+0000 7f7572f7c700 1 --2- 192.168.123.103:0/2463690230 >> [v2:192.168.123.103:3300/0,v1:192.168.123.103:6789/0] conn(0x7f756c1071c0 0x7f756c19c650 secure :-1 s=READY pgs=64 cs=0 l=1 rev1=1 crypto rx=0x7f755c000c00 tx=0x7f755c00bfa0 comp rx=0 tx=0).stop
2026-03-08T23:59:19.412 INFO:teuthology.orchestra.run.vm03.stdout:/usr/bin/ceph: stderr
2026-03-08T23:59:19.359+0000 7f7572f7c700 1 -- 192.168.123.103:0/2463690230 shutdown_connections
2026-03-08T23:59:19.412 INFO:teuthology.orchestra.run.vm03.stdout:/usr/bin/ceph: stderr
2026-03-08T23:59:19.359+0000 7f7572f7c700 1 --2- 192.168.123.103:0/2463690230 >> [v2:192.168.123.103:6800/2,v1:192.168.123.103:6801/2] conn(0x7f75540383f0 0x7f755403a8b0 unknown :-1 s=CLOSED pgs=20 cs=0 l=1 rev1=1 crypto rx=0 tx=0 comp rx=0 tx=0).stop
2026-03-08T23:59:19.413 INFO:teuthology.orchestra.run.vm03.stdout:/usr/bin/ceph: stderr
2026-03-08T23:59:19.359+0000 7f7572f7c700 1 --2- 192.168.123.103:0/2463690230 >> [v2:192.168.123.103:3300/0,v1:192.168.123.103:6789/0] conn(0x7f756c1071c0 0x7f756c19c650 unknown :-1 s=CLOSED pgs=64 cs=0 l=1 rev1=1 crypto rx=0 tx=0 comp rx=0 tx=0).stop
2026-03-08T23:59:19.413 INFO:teuthology.orchestra.run.vm03.stdout:/usr/bin/ceph: stderr
2026-03-08T23:59:19.359+0000 7f7572f7c700 1 -- 192.168.123.103:0/2463690230 >> 192.168.123.103:0/2463690230 conn(0x7f756c100bd0 msgr2=0x7f756c101820 unknown :-1 s=STATE_NONE l=0).mark_down
2026-03-08T23:59:19.413 INFO:teuthology.orchestra.run.vm03.stdout:/usr/bin/ceph: stderr
2026-03-08T23:59:19.359+0000 7f7572f7c700 1 -- 192.168.123.103:0/2463690230 shutdown_connections
2026-03-08T23:59:19.413 INFO:teuthology.orchestra.run.vm03.stdout:/usr/bin/ceph: stderr
2026-03-08T23:59:19.359+0000 7f7572f7c700 1 -- 192.168.123.103:0/2463690230 wait complete.
2026-03-08T23:59:19.696 INFO:teuthology.orchestra.run.vm03.stdout:/usr/bin/ceph: stderr
2026-03-08T23:59:19.527+0000 7fbe90e12700 1 Processor -- start
2026-03-08T23:59:19.696 INFO:teuthology.orchestra.run.vm03.stdout:/usr/bin/ceph: stderr
2026-03-08T23:59:19.528+0000 7fbe90e12700 1 -- start start
2026-03-08T23:59:19.696 INFO:teuthology.orchestra.run.vm03.stdout:/usr/bin/ceph: stderr
2026-03-08T23:59:19.528+0000 7fbe90e12700 1 --2- >> [v2:192.168.123.103:3300/0,v1:192.168.123.103:6789/0] conn(0x7fbe8c07ade0 0x7fbe8c079240 unknown :-1 s=NONE pgs=0 cs=0 l=0 rev1=0 crypto rx=0 tx=0 comp rx=0 tx=0).connect
2026-03-08T23:59:19.696 INFO:teuthology.orchestra.run.vm03.stdout:/usr/bin/ceph: stderr
2026-03-08T23:59:19.528+0000 7fbe90e12700 1 -- --> [v2:192.168.123.103:3300/0,v1:192.168.123.103:6789/0] -- mon_getmap magic: 0 v1 -- 0x7fbe8c079810 con 0x7fbe8c07ade0
2026-03-08T23:59:19.696 INFO:teuthology.orchestra.run.vm03.stdout:/usr/bin/ceph: stderr
2026-03-08T23:59:19.528+0000 7fbe8a59c700 1 --2- >> [v2:192.168.123.103:3300/0,v1:192.168.123.103:6789/0] conn(0x7fbe8c07ade0 0x7fbe8c079240 unknown :-1 s=BANNER_CONNECTING pgs=0 cs=0 l=0 rev1=0 crypto rx=0 tx=0 comp rx=0 tx=0)._handle_peer_banner_payload supported=3 required=0
2026-03-08T23:59:19.696 INFO:teuthology.orchestra.run.vm03.stdout:/usr/bin/ceph: stderr
2026-03-08T23:59:19.529+0000 7fbe8a59c700 1 --2- >> [v2:192.168.123.103:3300/0,v1:192.168.123.103:6789/0] conn(0x7fbe8c07ade0 0x7fbe8c079240 unknown :-1 s=HELLO_CONNECTING pgs=0 cs=0 l=0 rev1=1 crypto rx=0 tx=0 comp rx=0 tx=0).handle_hello peer v2:192.168.123.103:3300/0 says I am v2:192.168.123.103:60188/0 (socket says 192.168.123.103:60188)
2026-03-08T23:59:19.696 INFO:teuthology.orchestra.run.vm03.stdout:/usr/bin/ceph: stderr
2026-03-08T23:59:19.529+0000 7fbe8a59c700 1 -- 192.168.123.103:0/724716943 learned_addr learned my addr 192.168.123.103:0/724716943 (peer_addr_for_me v2:192.168.123.103:0/0)
2026-03-08T23:59:19.696 INFO:teuthology.orchestra.run.vm03.stdout:/usr/bin/ceph: stderr
2026-03-08T23:59:19.529+0000 7fbe8a59c700 1 -- 192.168.123.103:0/724716943 --> [v2:192.168.123.103:3300/0,v1:192.168.123.103:6789/0] -- mon_subscribe({config=0+,monmap=0+}) v3 -- 0x7fbe8c079950 con 0x7fbe8c07ade0
2026-03-08T23:59:19.696 INFO:teuthology.orchestra.run.vm03.stdout:/usr/bin/ceph: stderr
2026-03-08T23:59:19.529+0000 7fbe8a59c700 1 --2- 192.168.123.103:0/724716943 >> [v2:192.168.123.103:3300/0,v1:192.168.123.103:6789/0] conn(0x7fbe8c07ade0 0x7fbe8c079240 secure :-1 s=READY pgs=65 cs=0 l=1 rev1=1 crypto rx=0x7fbe74009cf0 tx=0x7fbe7400b0e0 comp rx=0 tx=0).ready entity=mon.0 client_cookie=67f424c97b67719f server_cookie=0 in_seq=0 out_seq=0
2026-03-08T23:59:19.696 INFO:teuthology.orchestra.run.vm03.stdout:/usr/bin/ceph: stderr
2026-03-08T23:59:19.529+0000 7fbe8959a700 1 -- 192.168.123.103:0/724716943 <== mon.0 v2:192.168.123.103:3300/0 1 ==== mon_map magic: 0 v1 ==== 214+0+0 (secure 0 0 0) 0x7fbe74004030 con 0x7fbe8c07ade0
2026-03-08T23:59:19.696 INFO:teuthology.orchestra.run.vm03.stdout:/usr/bin/ceph: stderr
2026-03-08T23:59:19.529+0000 7fbe8959a700 1 -- 192.168.123.103:0/724716943 <== mon.0 v2:192.168.123.103:3300/0 2 ==== config(28 keys) v1 ==== 1139+0+0 (secure 0 0 0) 0x7fbe7400b810 con 0x7fbe8c07ade0
2026-03-08T23:59:19.696 INFO:teuthology.orchestra.run.vm03.stdout:/usr/bin/ceph: stderr
2026-03-08T23:59:19.530+0000 7fbe90e12700 1 -- 192.168.123.103:0/724716943 >> [v2:192.168.123.103:3300/0,v1:192.168.123.103:6789/0] conn(0x7fbe8c07ade0 msgr2=0x7fbe8c079240 secure :-1 s=STATE_CONNECTION_ESTABLISHED l=1).mark_down
2026-03-08T23:59:19.696 INFO:teuthology.orchestra.run.vm03.stdout:/usr/bin/ceph: stderr
2026-03-08T23:59:19.530+0000 7fbe90e12700 1 --2- 192.168.123.103:0/724716943 >> [v2:192.168.123.103:3300/0,v1:192.168.123.103:6789/0] conn(0x7fbe8c07ade0 0x7fbe8c079240 secure :-1 s=READY pgs=65 cs=0 l=1 rev1=1 crypto rx=0x7fbe74009cf0 tx=0x7fbe7400b0e0 comp rx=0 tx=0).stop
2026-03-08T23:59:19.696 INFO:teuthology.orchestra.run.vm03.stdout:/usr/bin/ceph: stderr
2026-03-08T23:59:19.530+0000 7fbe90e12700 1 -- 192.168.123.103:0/724716943 shutdown_connections
2026-03-08T23:59:19.696 INFO:teuthology.orchestra.run.vm03.stdout:/usr/bin/ceph: stderr
2026-03-08T23:59:19.530+0000 7fbe90e12700 1 --2- 192.168.123.103:0/724716943 >> [v2:192.168.123.103:3300/0,v1:192.168.123.103:6789/0] conn(0x7fbe8c07ade0 0x7fbe8c079240 unknown :-1 s=CLOSED pgs=65 cs=0 l=1 rev1=1 crypto rx=0 tx=0 comp rx=0 tx=0).stop
2026-03-08T23:59:19.696 INFO:teuthology.orchestra.run.vm03.stdout:/usr/bin/ceph: stderr
2026-03-08T23:59:19.530+0000 7fbe90e12700 1 -- 192.168.123.103:0/724716943 >> 192.168.123.103:0/724716943 conn(0x7fbe8c101ce0 msgr2=0x7fbe8c104140 unknown :-1 s=STATE_NONE l=0).mark_down
2026-03-08T23:59:19.696 INFO:teuthology.orchestra.run.vm03.stdout:/usr/bin/ceph: stderr
2026-03-08T23:59:19.530+0000 7fbe90e12700 1 -- 192.168.123.103:0/724716943 shutdown_connections
2026-03-08T23:59:19.696 INFO:teuthology.orchestra.run.vm03.stdout:/usr/bin/ceph: stderr
2026-03-08T23:59:19.530+0000 7fbe90e12700 1 -- 192.168.123.103:0/724716943 wait complete.
2026-03-08T23:59:19.696 INFO:teuthology.orchestra.run.vm03.stdout:/usr/bin/ceph: stderr
2026-03-08T23:59:19.531+0000 7fbe90e12700 1 Processor -- start
2026-03-08T23:59:19.696 INFO:teuthology.orchestra.run.vm03.stdout:/usr/bin/ceph: stderr
2026-03-08T23:59:19.531+0000 7fbe90e12700 1 -- start start
2026-03-08T23:59:19.696 INFO:teuthology.orchestra.run.vm03.stdout:/usr/bin/ceph: stderr
2026-03-08T23:59:19.531+0000 7fbe90e12700 1 --2- >> [v2:192.168.123.103:3300/0,v1:192.168.123.103:6789/0] conn(0x7fbe8c1a0c70 0x7fbe8c1a1090 unknown :-1 s=NONE pgs=0 cs=0 l=1 rev1=0 crypto rx=0 tx=0 comp rx=0 tx=0).connect
2026-03-08T23:59:19.696 INFO:teuthology.orchestra.run.vm03.stdout:/usr/bin/ceph: stderr
2026-03-08T23:59:19.531+0000 7fbe8a59c700 1 --2- >> [v2:192.168.123.103:3300/0,v1:192.168.123.103:6789/0] conn(0x7fbe8c1a0c70 0x7fbe8c1a1090 unknown :-1 s=BANNER_CONNECTING pgs=0 cs=0 l=1 rev1=0 crypto rx=0 tx=0 comp rx=0 tx=0)._handle_peer_banner_payload supported=3 required=0
2026-03-08T23:59:19.696 INFO:teuthology.orchestra.run.vm03.stdout:/usr/bin/ceph: stderr
2026-03-08T23:59:19.532+0000 7fbe8a59c700 1 --2- >> [v2:192.168.123.103:3300/0,v1:192.168.123.103:6789/0] conn(0x7fbe8c1a0c70 0x7fbe8c1a1090 unknown :-1 s=HELLO_CONNECTING pgs=0 cs=0 l=1 rev1=1 crypto rx=0 tx=0 comp rx=0 tx=0).handle_hello peer v2:192.168.123.103:3300/0 says I am v2:192.168.123.103:60202/0 (socket says 192.168.123.103:60202)
2026-03-08T23:59:19.696 INFO:teuthology.orchestra.run.vm03.stdout:/usr/bin/ceph: stderr
2026-03-08T23:59:19.532+0000 7fbe8a59c700 1 -- 192.168.123.103:0/3039261959 learned_addr learned my addr 192.168.123.103:0/3039261959 (peer_addr_for_me v2:192.168.123.103:0/0)
2026-03-08T23:59:19.696 INFO:teuthology.orchestra.run.vm03.stdout:/usr/bin/ceph: stderr
2026-03-08T23:59:19.532+0000 7fbe90e12700 1 -- 192.168.123.103:0/3039261959 --> [v2:192.168.123.103:3300/0,v1:192.168.123.103:6789/0] -- mon_getmap magic: 0 v1 -- 0x7fbe8c079810 con 0x7fbe8c1a0c70
2026-03-08T23:59:19.696 INFO:teuthology.orchestra.run.vm03.stdout:/usr/bin/ceph: stderr
2026-03-08T23:59:19.532+0000 7fbe8a59c700 1 -- 192.168.123.103:0/3039261959 --> [v2:192.168.123.103:3300/0,v1:192.168.123.103:6789/0] -- mon_subscribe({config=0+,monmap=0+}) v3 -- 0x7fbe74009740 con 0x7fbe8c1a0c70
2026-03-08T23:59:19.696 INFO:teuthology.orchestra.run.vm03.stdout:/usr/bin/ceph: stderr
2026-03-08T23:59:19.532+0000 7fbe8a59c700 1 --2- 192.168.123.103:0/3039261959 >> [v2:192.168.123.103:3300/0,v1:192.168.123.103:6789/0] conn(0x7fbe8c1a0c70 0x7fbe8c1a1090 secure :-1 s=READY pgs=66 cs=0 l=1 rev1=1 crypto rx=0x7fbe74009cc0 tx=0x7fbe7400bfa0 comp rx=0 tx=0).ready entity=mon.0 client_cookie=0 server_cookie=0 in_seq=0 out_seq=0
2026-03-08T23:59:19.696 INFO:teuthology.orchestra.run.vm03.stdout:/usr/bin/ceph: stderr
2026-03-08T23:59:19.532+0000 7fbe837fe700 1 -- 192.168.123.103:0/3039261959 <== mon.0 v2:192.168.123.103:3300/0 1 ==== mon_map magic: 0 v1 ==== 214+0+0 (secure 0 0 0) 0x7fbe74003950 con 0x7fbe8c1a0c70
2026-03-08T23:59:19.696 INFO:teuthology.orchestra.run.vm03.stdout:/usr/bin/ceph: stderr
2026-03-08T23:59:19.532+0000 7fbe837fe700 1 -- 192.168.123.103:0/3039261959 <== mon.0 v2:192.168.123.103:3300/0 2 ==== config(28 keys) v1 ==== 1139+0+0 (secure 0 0 0) 0x7fbe740043c0 con 0x7fbe8c1a0c70
2026-03-08T23:59:19.696 INFO:teuthology.orchestra.run.vm03.stdout:/usr/bin/ceph: stderr
2026-03-08T23:59:19.532+0000 7fbe837fe700 1 -- 192.168.123.103:0/3039261959 <== mon.0 v2:192.168.123.103:3300/0 3 ==== mon_map magic: 0 v1 ==== 214+0+0 (secure 0 0 0) 0x7fbe7401ac80 con 0x7fbe8c1a0c70
2026-03-08T23:59:19.696 INFO:teuthology.orchestra.run.vm03.stdout:/usr/bin/ceph: stderr
2026-03-08T23:59:19.532+0000 7fbe90e12700 1 -- 192.168.123.103:0/3039261959 --> [v2:192.168.123.103:3300/0,v1:192.168.123.103:6789/0] -- mon_subscribe({mgrmap=0+}) v3 -- 0x7fbe8c1a15d0 con 0x7fbe8c1a0c70
2026-03-08T23:59:19.696 INFO:teuthology.orchestra.run.vm03.stdout:/usr/bin/ceph: stderr
2026-03-08T23:59:19.532+0000 7fbe90e12700 1 -- 192.168.123.103:0/3039261959 --> [v2:192.168.123.103:3300/0,v1:192.168.123.103:6789/0] -- mon_subscribe({osdmap=0}) v3 -- 0x7fbe8c1a41f0 con 0x7fbe8c1a0c70
2026-03-08T23:59:19.696 INFO:teuthology.orchestra.run.vm03.stdout:/usr/bin/ceph: stderr
