2026-03-08T23:59:27.532+0000 7f7f3ab76700 1 --2- 192.168.123.103:0/646081908 >> [v2:192.168.123.103:3300/0,v1:192.168.123.103:6789/0] conn(0x7f7f34106760 0x7f7f34106b80 secure :-1 s=READY pgs=86 cs=0 l=1 rev1=1 crypto rx=0x7f7f20009a90 tx=0x7f7f20009da0 comp rx=0 tx=0).stop
2026-03-08T23:59:27.705 INFO:teuthology.orchestra.run.vm03.stdout:/usr/bin/ceph: stderr
2026-03-08T23:59:27.532+0000 7f7f3ab76700 1 -- 192.168.123.103:0/646081908 shutdown_connections
2026-03-08T23:59:27.705 INFO:teuthology.orchestra.run.vm03.stdout:/usr/bin/ceph: stderr
2026-03-08T23:59:27.532+0000 7f7f3ab76700 1 --2- 192.168.123.103:0/646081908 >> [v2:192.168.123.103:3300/0,v1:192.168.123.103:6789/0] conn(0x7f7f34106760 0x7f7f34106b80 unknown :-1 s=CLOSED pgs=86 cs=0 l=1 rev1=1 crypto rx=0 tx=0 comp rx=0 tx=0).stop
2026-03-08T23:59:27.705 INFO:teuthology.orchestra.run.vm03.stdout:/usr/bin/ceph: stderr
2026-03-08T23:59:27.532+0000 7f7f3ab76700 1 -- 192.168.123.103:0/646081908 >> 192.168.123.103:0/646081908 conn(0x7f7f34101ce0 msgr2=0x7f7f34104140 unknown :-1 s=STATE_NONE l=0).mark_down
2026-03-08T23:59:27.705 INFO:teuthology.orchestra.run.vm03.stdout:/usr/bin/ceph: stderr
2026-03-08T23:59:27.532+0000 7f7f3ab76700 1 -- 192.168.123.103:0/646081908 shutdown_connections
2026-03-08T23:59:27.705 INFO:teuthology.orchestra.run.vm03.stdout:/usr/bin/ceph: stderr
2026-03-08T23:59:27.532+0000 7f7f3ab76700 1 -- 192.168.123.103:0/646081908 wait complete.
2026-03-08T23:59:27.705 INFO:teuthology.orchestra.run.vm03.stdout:/usr/bin/ceph: stderr
2026-03-08T23:59:27.533+0000 7f7f3ab76700 1 Processor -- start
2026-03-08T23:59:27.705 INFO:teuthology.orchestra.run.vm03.stdout:/usr/bin/ceph: stderr
2026-03-08T23:59:27.533+0000 7f7f3ab76700 1 -- start start
2026-03-08T23:59:27.705 INFO:teuthology.orchestra.run.vm03.stdout:/usr/bin/ceph: stderr
2026-03-08T23:59:27.533+0000 7f7f3ab76700 1 --2- >> [v2:192.168.123.103:3300/0,v1:192.168.123.103:6789/0] conn(0x7f7f34106760 0x7f7f341982e0 unknown :-1 s=NONE pgs=0 cs=0 l=1 rev1=0 crypto rx=0 tx=0 comp rx=0 tx=0).connect
2026-03-08T23:59:27.705 INFO:teuthology.orchestra.run.vm03.stdout:/usr/bin/ceph: stderr
2026-03-08T23:59:27.534+0000 7f7f3ab76700 1 -- --> [v2:192.168.123.103:3300/0,v1:192.168.123.103:6789/0] -- mon_getmap magic: 0 v1 -- 0x7f7f34198820 con 0x7f7f34106760
2026-03-08T23:59:27.705 INFO:teuthology.orchestra.run.vm03.stdout:/usr/bin/ceph: stderr
2026-03-08T23:59:27.534+0000 7f7f38912700 1 --2- >> [v2:192.168.123.103:3300/0,v1:192.168.123.103:6789/0] conn(0x7f7f34106760 0x7f7f341982e0 unknown :-1 s=BANNER_CONNECTING pgs=0 cs=0 l=1 rev1=0 crypto rx=0 tx=0 comp rx=0 tx=0)._handle_peer_banner_payload supported=3 required=0
2026-03-08T23:59:27.705 INFO:teuthology.orchestra.run.vm03.stdout:/usr/bin/ceph: stderr
2026-03-08T23:59:27.534+0000 7f7f38912700 1 --2- >> [v2:192.168.123.103:3300/0,v1:192.168.123.103:6789/0] conn(0x7f7f34106760 0x7f7f341982e0 unknown :-1 s=HELLO_CONNECTING pgs=0 cs=0 l=1 rev1=1 crypto rx=0 tx=0 comp rx=0 tx=0).handle_hello peer v2:192.168.123.103:3300/0 says I am v2:192.168.123.103:41064/0 (socket says 192.168.123.103:41064)
2026-03-08T23:59:27.705 INFO:teuthology.orchestra.run.vm03.stdout:/usr/bin/ceph: stderr
2026-03-08T23:59:27.534+0000 7f7f38912700 1 -- 192.168.123.103:0/1460819970 learned_addr learned my addr 192.168.123.103:0/1460819970 (peer_addr_for_me v2:192.168.123.103:0/0)
2026-03-08T23:59:27.705 INFO:teuthology.orchestra.run.vm03.stdout:/usr/bin/ceph: stderr
2026-03-08T23:59:27.534+0000 7f7f38912700 1 -- 192.168.123.103:0/1460819970 --> [v2:192.168.123.103:3300/0,v1:192.168.123.103:6789/0] -- mon_subscribe({config=0+,monmap=0+}) v3 -- 0x7f7f20009740 con 0x7f7f34106760
2026-03-08T23:59:27.705 INFO:teuthology.orchestra.run.vm03.stdout:/usr/bin/ceph: stderr
2026-03-08T23:59:27.537+0000 7f7f38912700 1 --2- 192.168.123.103:0/1460819970 >> [v2:192.168.123.103:3300/0,v1:192.168.123.103:6789/0] conn(0x7f7f34106760 0x7f7f341982e0 secure :-1 s=READY pgs=87 cs=0 l=1 rev1=1 crypto rx=0x7f7f20000c00 tx=0x7f7f2000bfa0 comp rx=0 tx=0).ready entity=mon.0 client_cookie=0 server_cookie=0 in_seq=0 out_seq=0
2026-03-08T23:59:27.705 INFO:teuthology.orchestra.run.vm03.stdout:/usr/bin/ceph: stderr
2026-03-08T23:59:27.538+0000 7f7f31ffb700 1 -- 192.168.123.103:0/1460819970 <== mon.0 v2:192.168.123.103:3300/0 1 ==== mon_map magic: 0 v1 ==== 214+0+0 (secure 0 0 0) 0x7f7f20004140 con 0x7f7f34106760
2026-03-08T23:59:27.705 INFO:teuthology.orchestra.run.vm03.stdout:/usr/bin/ceph: stderr
2026-03-08T23:59:27.538+0000 7f7f31ffb700 1 -- 192.168.123.103:0/1460819970 <== mon.0 v2:192.168.123.103:3300/0 2 ==== config(28 keys) v1 ==== 1139+0+0 (secure 0 0 0) 0x7f7f200042a0 con 0x7f7f34106760
2026-03-08T23:59:27.705 INFO:teuthology.orchestra.run.vm03.stdout:/usr/bin/ceph: stderr
2026-03-08T23:59:27.538+0000 7f7f31ffb700 1 -- 192.168.123.103:0/1460819970 <== mon.0 v2:192.168.123.103:3300/0 3 ==== mon_map magic: 0 v1 ==== 214+0+0 (secure 0 0 0) 0x7f7f20011540 con 0x7f7f34106760
2026-03-08T23:59:27.705 INFO:teuthology.orchestra.run.vm03.stdout:/usr/bin/ceph: stderr
2026-03-08T23:59:27.538+0000 7f7f3ab76700 1 -- 192.168.123.103:0/1460819970 --> [v2:192.168.123.103:3300/0,v1:192.168.123.103:6789/0] -- mon_subscribe({mgrmap=0+}) v3 -- 0x7f7f34198a20 con 0x7f7f34106760
2026-03-08T23:59:27.705 INFO:teuthology.orchestra.run.vm03.stdout:/usr/bin/ceph: stderr
2026-03-08T23:59:27.538+0000 7f7f3ab76700 1 -- 192.168.123.103:0/1460819970 --> [v2:192.168.123.103:3300/0,v1:192.168.123.103:6789/0] -- mon_subscribe({osdmap=0}) v3 -- 0x7f7f34198e40 con 0x7f7f34106760
2026-03-08T23:59:27.705 INFO:teuthology.orchestra.run.vm03.stdout:/usr/bin/ceph: stderr
2026-03-08T23:59:27.539+0000 7f7f31ffb700 1 -- 192.168.123.103:0/1460819970 <== mon.0 v2:192.168.123.103:3300/0 4 ==== mgrmap(e 11) v1 ==== 45185+0+0 (secure 0 0 0) 0x7f7f200116a0 con 0x7f7f34106760
2026-03-08T23:59:27.705 INFO:teuthology.orchestra.run.vm03.stdout:/usr/bin/ceph: stderr
2026-03-08T23:59:27.539+0000 7f7f3ab76700 1 -- 192.168.123.103:0/1460819970 --> [v2:192.168.123.103:3300/0,v1:192.168.123.103:6789/0] -- mon_command({"prefix": "get_command_descriptions"} v 0) v1 -- 0x7f7f34192050 con 0x7f7f34106760
2026-03-08T23:59:27.705 INFO:teuthology.orchestra.run.vm03.stdout:/usr/bin/ceph: stderr
2026-03-08T23:59:27.539+0000 7f7f31ffb700 1 --2- 192.168.123.103:0/1460819970 >> [v2:192.168.123.103:6800/2,v1:192.168.123.103:6801/2] conn(0x7f7f24038310 0x7f7f2403a7d0 unknown :-1 s=NONE pgs=0 cs=0 l=1 rev1=0 crypto rx=0 tx=0 comp rx=0 tx=0).connect
2026-03-08T23:59:27.705 INFO:teuthology.orchestra.run.vm03.stdout:/usr/bin/ceph: stderr
2026-03-08T23:59:27.539+0000 7f7f31ffb700 1 -- 192.168.123.103:0/1460819970 <== mon.0 v2:192.168.123.103:3300/0 5 ==== osd_map(3..3 src has 1..3) v4 ==== 1069+0+0 (secure 0 0 0) 0x7f7f2004ba20 con 0x7f7f34106760
2026-03-08T23:59:27.705 INFO:teuthology.orchestra.run.vm03.stdout:/usr/bin/ceph: stderr
2026-03-08T23:59:27.540+0000 7f7f33fff700 1 --2- 192.168.123.103:0/1460819970 >> [v2:192.168.123.103:6800/2,v1:192.168.123.103:6801/2] conn(0x7f7f24038310 0x7f7f2403a7d0 unknown :-1 s=BANNER_CONNECTING pgs=0 cs=0 l=1 rev1=0 crypto rx=0 tx=0 comp rx=0 tx=0)._handle_peer_banner_payload supported=3 required=0
2026-03-08T23:59:27.705 INFO:teuthology.orchestra.run.vm03.stdout:/usr/bin/ceph: stderr
2026-03-08T23:59:27.540+0000 7f7f33fff700 1 --2- 192.168.123.103:0/1460819970 >> [v2:192.168.123.103:6800/2,v1:192.168.123.103:6801/2] conn(0x7f7f24038310 0x7f7f2403a7d0 secure :-1 s=READY pgs=9 cs=0 l=1 rev1=1 crypto rx=0x7f7f28006fd0 tx=0x7f7f28006e40 comp rx=0 tx=0).ready entity=mgr.14164 client_cookie=0 server_cookie=0 in_seq=0 out_seq=0
2026-03-08T23:59:27.705 INFO:teuthology.orchestra.run.vm03.stdout:/usr/bin/ceph: stderr
2026-03-08T23:59:27.542+0000 7f7f31ffb700 1 -- 192.168.123.103:0/1460819970 <== mon.0 v2:192.168.123.103:3300/0 6 ==== mon_command_ack([{"prefix": "get_command_descriptions"}]=0 v0) v1 ==== 72+0+180422 (secure 0 0 0) 0x7f7f20010740 con 0x7f7f34106760
2026-03-08T23:59:27.705 INFO:teuthology.orchestra.run.vm03.stdout:/usr/bin/ceph: stderr
2026-03-08T23:59:27.648+0000 7f7f3ab76700 1 -- 192.168.123.103:0/1460819970 --> [v2:192.168.123.103:3300/0,v1:192.168.123.103:6789/0] -- mon_command({"prefix": "config get", "who": "mgr", "key": "mgr/dashboard/ssl_server_port"} v 0) v1 -- 0x7f7f340623c0 con 0x7f7f34106760
2026-03-08T23:59:27.705 INFO:teuthology.orchestra.run.vm03.stdout:/usr/bin/ceph: stderr
2026-03-08T23:59:27.650+0000 7f7f31ffb700 1 -- 192.168.123.103:0/1460819970 <== mon.0 v2:192.168.123.103:3300/0 7 ==== mon_command_ack([{"prefix": "config get", "who": "mgr", "key": "mgr/dashboard/ssl_server_port"}]=0 v8) v1 ==== 112+0+5 (secure 0 0 0) 0x7f7f2001e070 con 0x7f7f34106760
2026-03-08T23:59:27.705 INFO:teuthology.orchestra.run.vm03.stdout:/usr/bin/ceph: stderr
2026-03-08T23:59:27.653+0000 7f7f3ab76700 1 -- 192.168.123.103:0/1460819970 >> [v2:192.168.123.103:6800/2,v1:192.168.123.103:6801/2] conn(0x7f7f24038310 msgr2=0x7f7f2403a7d0 secure :-1 s=STATE_CONNECTION_ESTABLISHED l=1).mark_down
2026-03-08T23:59:27.705 INFO:teuthology.orchestra.run.vm03.stdout:/usr/bin/ceph: stderr
2026-03-08T23:59:27.653+0000 7f7f3ab76700 1 --2- 192.168.123.103:0/1460819970 >> [v2:192.168.123.103:6800/2,v1:192.168.123.103:6801/2] conn(0x7f7f24038310 0x7f7f2403a7d0 secure :-1 s=READY pgs=9 cs=0 l=1 rev1=1 crypto rx=0x7f7f28006fd0 tx=0x7f7f28006e40 comp rx=0 tx=0).stop
2026-03-08T23:59:27.705 INFO:teuthology.orchestra.run.vm03.stdout:/usr/bin/ceph: stderr
2026-03-08T23:59:27.653+0000 7f7f3ab76700 1 -- 192.168.123.103:0/1460819970 >> [v2:192.168.123.103:3300/0,v1:192.168.123.103:6789/0] conn(0x7f7f34106760 msgr2=0x7f7f341982e0 secure :-1 s=STATE_CONNECTION_ESTABLISHED l=1).mark_down
2026-03-08T23:59:27.705 INFO:teuthology.orchestra.run.vm03.stdout:/usr/bin/ceph: stderr
2026-03-08T23:59:27.653+0000 7f7f3ab76700 1 --2- 192.168.123.103:0/1460819970 >> [v2:192.168.123.103:3300/0,v1:192.168.123.103:6789/0] conn(0x7f7f34106760 0x7f7f341982e0 secure :-1 s=READY pgs=87 cs=0 l=1 rev1=1 crypto rx=0x7f7f20000c00 tx=0x7f7f2000bfa0 comp rx=0 tx=0).stop
2026-03-08T23:59:27.705 INFO:teuthology.orchestra.run.vm03.stdout:/usr/bin/ceph: stderr
2026-03-08T23:59:27.653+0000 7f7f3ab76700 1 -- 192.168.123.103:0/1460819970 shutdown_connections
2026-03-08T23:59:27.705 INFO:teuthology.orchestra.run.vm03.stdout:/usr/bin/ceph: stderr
2026-03-08T23:59:27.653+0000 7f7f3ab76700 1 --2- 192.168.123.103:0/1460819970 >> [v2:192.168.123.103:6800/2,v1:192.168.123.103:6801/2] conn(0x7f7f24038310 0x7f7f2403a7d0 unknown :-1 s=CLOSED pgs=9 cs=0 l=1 rev1=1 crypto rx=0 tx=0 comp rx=0 tx=0).stop
2026-03-08T23:59:27.705 INFO:teuthology.orchestra.run.vm03.stdout:/usr/bin/ceph: stderr
2026-03-08T23:59:27.653+0000 7f7f3ab76700 1 --2- 192.168.123.103:0/1460819970 >> [v2:192.168.123.103:3300/0,v1:192.168.123.103:6789/0] conn(0x7f7f34106760 0x7f7f341982e0 unknown :-1 s=CLOSED pgs=87 cs=0 l=1 rev1=1 crypto rx=0 tx=0 comp rx=0 tx=0).stop
2026-03-08T23:59:27.705 INFO:teuthology.orchestra.run.vm03.stdout:/usr/bin/ceph: stderr
2026-03-08T23:59:27.653+0000 7f7f3ab76700 1 -- 192.168.123.103:0/1460819970 >> 192.168.123.103:0/1460819970 conn(0x7f7f34101ce0 msgr2=0x7f7f341037a0 unknown :-1 s=STATE_NONE l=0).mark_down
2026-03-08T23:59:27.705 INFO:teuthology.orchestra.run.vm03.stdout:/usr/bin/ceph: stderr
2026-03-08T23:59:27.654+0000 7f7f3ab76700 1 -- 192.168.123.103:0/1460819970 shutdown_connections
2026-03-08T23:59:27.705 INFO:teuthology.orchestra.run.vm03.stdout:/usr/bin/ceph: stderr
2026-03-08T23:59:27.654+0000 7f7f3ab76700 1 -- 192.168.123.103:0/1460819970 wait complete.
2026-03-08T23:59:27.706 INFO:teuthology.orchestra.run.vm03.stdout:firewalld does not appear to be present
2026-03-08T23:59:27.706 INFO:teuthology.orchestra.run.vm03.stdout:Not possible to open ports <[8443]>. firewalld.service is not available
2026-03-08T23:59:27.706 INFO:teuthology.orchestra.run.vm03.stdout:Ceph Dashboard is now available at:
2026-03-08T23:59:27.706 INFO:teuthology.orchestra.run.vm03.stdout:
2026-03-08T23:59:27.706 INFO:teuthology.orchestra.run.vm03.stdout: URL: https://vm03.local:8443/
2026-03-08T23:59:27.706 INFO:teuthology.orchestra.run.vm03.stdout: User: admin
2026-03-08T23:59:27.706 INFO:teuthology.orchestra.run.vm03.stdout: Password: 52hwpde2i2
2026-03-08T23:59:27.706 INFO:teuthology.orchestra.run.vm03.stdout:
2026-03-08T23:59:27.706 INFO:teuthology.orchestra.run.vm03.stdout:Saving cluster configuration to /var/lib/ceph/ae8f0172-1b4a-11f1-916a-712b2ac006b7/config directory
2026-03-08T23:59:27.706 INFO:teuthology.orchestra.run.vm03.stdout:Enabling autotune for osd_memory_target
2026-03-08T23:59:28.000 INFO:teuthology.orchestra.run.vm03.stdout:/usr/bin/ceph: stderr
2026-03-08T23:59:27.827+0000 7f57d3643700 1 Processor -- start
2026-03-08T23:59:28.001 INFO:teuthology.orchestra.run.vm03.stdout:/usr/bin/ceph: stderr
2026-03-08T23:59:27.828+0000 7f57d3643700 1 -- start start
2026-03-08T23:59:28.001 INFO:teuthology.orchestra.run.vm03.stdout:/usr/bin/ceph: stderr
2026-03-08T23:59:27.828+0000 7f57d3643700 1 --2- >> [v2:192.168.123.103:3300/0,v1:192.168.123.103:6789/0] conn(0x7f57cc108970 0x7f57cc108d90 unknown :-1 s=NONE pgs=0 cs=0 l=0 rev1=0 crypto rx=0 tx=0 comp rx=0 tx=0).connect
2026-03-08T23:59:28.001 INFO:teuthology.orchestra.run.vm03.stdout:/usr/bin/ceph: stderr
2026-03-08T23:59:27.828+0000 7f57d3643700 1 -- --> [v2:192.168.123.103:3300/0,v1:192.168.123.103:6789/0] -- mon_getmap magic: 0 v1 -- 0x7f57cc109360 con 0x7f57cc108970
2026-03-08T23:59:28.001 INFO:teuthology.orchestra.run.vm03.stdout:/usr/bin/ceph: stderr
2026-03-08T23:59:27.828+0000 7f57d13df700 1 --2- >> [v2:192.168.123.103:3300/0,v1:192.168.123.103:6789/0] conn(0x7f57cc108970 0x7f57cc108d90 unknown :-1 s=BANNER_CONNECTING pgs=0 cs=0 l=0 rev1=0 crypto rx=0 tx=0 comp rx=0 tx=0)._handle_peer_banner_payload supported=3 required=0
2026-03-08T23:59:28.001 INFO:teuthology.orchestra.run.vm03.stdout:/usr/bin/ceph: stderr
2026-03-08T23:59:27.829+0000 7f57d13df700 1 --2- >> [v2:192.168.123.103:3300/0,v1:192.168.123.103:6789/0] conn(0x7f57cc108970 0x7f57cc108d90 unknown :-1 s=HELLO_CONNECTING pgs=0 cs=0 l=0 rev1=1 crypto rx=0 tx=0 comp rx=0 tx=0).handle_hello peer v2:192.168.123.103:3300/0 says I am v2:192.168.123.103:41072/0 (socket says 192.168.123.103:41072)
2026-03-08T23:59:28.001 INFO:teuthology.orchestra.run.vm03.stdout:/usr/bin/ceph: stderr
2026-03-08T23:59:27.829+0000 7f57d13df700 1 -- 192.168.123.103:0/1235229047 learned_addr learned my addr 192.168.123.103:0/1235229047 (peer_addr_for_me v2:192.168.123.103:0/0)
2026-03-08T23:59:28.001 INFO:teuthology.orchestra.run.vm03.stdout:/usr/bin/ceph: stderr
2026-03-08T23:59:27.829+0000 7f57d13df700 1 -- 192.168.123.103:0/1235229047 --> [v2:192.168.123.103:3300/0,v1:192.168.123.103:6789/0] -- mon_subscribe({config=0+,monmap=0+}) v3 -- 0x7f57cc109b70 con 0x7f57cc108970
2026-03-08T23:59:28.001 INFO:teuthology.orchestra.run.vm03.stdout:/usr/bin/ceph: stderr
2026-03-08T23:59:27.829+0000 7f57d13df700 1 --2- 192.168.123.103:0/1235229047 >> [v2:192.168.123.103:3300/0,v1:192.168.123.103:6789/0] conn(0x7f57cc108970 0x7f57cc108d90 secure :-1 s=READY pgs=88 cs=0 l=1 rev1=1 crypto rx=0x7f57bc009a90 tx=0x7f57bc009da0 comp rx=0 tx=0).ready entity=mon.0 client_cookie=7077df4e59ed73cd server_cookie=0 in_seq=0 out_seq=0
2026-03-08T23:59:28.001 INFO:teuthology.orchestra.run.vm03.stdout:/usr/bin/ceph: stderr
2026-03-08T23:59:27.830+0000 7f57c3fff700 1 -- 192.168.123.103:0/1235229047 <== mon.0 v2:192.168.123.103:3300/0 1 ==== mon_map magic: 0 v1 ==== 214+0+0 (secure 0 0 0) 0x7f57bc004030 con 0x7f57cc108970
2026-03-08T23:59:28.001 INFO:teuthology.orchestra.run.vm03.stdout:/usr/bin/ceph: stderr
2026-03-08T23:59:27.830+0000 7f57c3fff700 1 -- 192.168.123.103:0/1235229047 <== mon.0 v2:192.168.123.103:3300/0 2 ==== config(28 keys) v1 ==== 1139+0+0 (secure 0 0 0) 0x7f57bc00b7e0 con 0x7f57cc108970
2026-03-08T23:59:28.001 INFO:teuthology.orchestra.run.vm03.stdout:/usr/bin/ceph: stderr
2026-03-08T23:59:27.830+0000 7f57c3fff700 1 -- 192.168.123.103:0/1235229047 <== mon.0 v2:192.168.123.103:3300/0 3 ==== mon_map magic: 0 v1 ==== 214+0+0 (secure 0 0 0) 0x7f57bc003b30 con 0x7f57cc108970
2026-03-08T23:59:28.001 INFO:teuthology.orchestra.run.vm03.stdout:/usr/bin/ceph: stderr
2026-03-08T23:59:27.830+0000 7f57d3643700 1 -- 192.168.123.103:0/1235229047 >> [v2:192.168.123.103:3300/0,v1:192.168.123.103:6789/0] conn(0x7f57cc108970 msgr2=0x7f57cc108d90 secure :-1 s=STATE_CONNECTION_ESTABLISHED l=1).mark_down
2026-03-08T23:59:28.001 INFO:teuthology.orchestra.run.vm03.stdout:/usr/bin/ceph: stderr
2026-03-08T23:59:27.830+0000 7f57d3643700 1 --2- 192.168.123.103:0/1235229047 >> [v2:192.168.123.103:3300/0,v1:192.168.123.103:6789/0] conn(0x7f57cc108970 0x7f57cc108d90 secure :-1 s=READY pgs=88 cs=0 l=1 rev1=1 crypto rx=0x7f57bc009a90 tx=0x7f57bc009da0 comp rx=0 tx=0).stop
2026-03-08T23:59:28.001 INFO:teuthology.orchestra.run.vm03.stdout:/usr/bin/ceph: stderr
2026-03-08T23:59:27.830+0000 7f57d3643700 1 -- 192.168.123.103:0/1235229047 shutdown_connections
2026-03-08T23:59:28.001 INFO:teuthology.orchestra.run.vm03.stdout:/usr/bin/ceph: stderr
2026-03-08T23:59:27.830+0000 7f57d3643700 1 --2- 192.168.123.103:0/1235229047 >> [v2:192.168.123.103:3300/0,v1:192.168.123.103:6789/0] conn(0x7f57cc108970 0x7f57cc108d90 unknown :-1 s=CLOSED pgs=88 cs=0 l=1 rev1=1 crypto rx=0 tx=0 comp rx=0 tx=0).stop
2026-03-08T23:59:28.001 INFO:teuthology.orchestra.run.vm03.stdout:/usr/bin/ceph: stderr
2026-03-08T23:59:27.830+0000 7f57d3643700 1 -- 192.168.123.103:0/1235229047 >> 192.168.123.103:0/1235229047 conn(0x7f57cc07be30 msgr2=0x7f57cc1064e0 unknown :-1 s=STATE_NONE l=0).mark_down
2026-03-08T23:59:28.001 INFO:teuthology.orchestra.run.vm03.stdout:/usr/bin/ceph: stderr
2026-03-08T23:59:27.831+0000 7f57d3643700 1 -- 192.168.123.103:0/1235229047 shutdown_connections
2026-03-08T23:59:28.001 INFO:teuthology.orchestra.run.vm03.stdout:/usr/bin/ceph: stderr
2026-03-08T23:59:27.831+0000 7f57d3643700 1 -- 192.168.123.103:0/1235229047 wait complete.
2026-03-08T23:59:28.001 INFO:teuthology.orchestra.run.vm03.stdout:/usr/bin/ceph: stderr
2026-03-08T23:59:27.831+0000 7f57d3643700 1 Processor -- start
2026-03-08T23:59:28.001 INFO:teuthology.orchestra.run.vm03.stdout:/usr/bin/ceph: stderr
2026-03-08T23:59:27.831+0000 7f57d3643700 1 -- start start
2026-03-08T23:59:28.001 INFO:teuthology.orchestra.run.vm03.stdout:/usr/bin/ceph: stderr
2026-03-08T23:59:27.832+0000 7f57d3643700 1 --2- >> [v2:192.168.123.103:3300/0,v1:192.168.123.103:6789/0] conn(0x7f57cc108970 0x7f57cc19c620 unknown :-1 s=NONE pgs=0 cs=0 l=1 rev1=0 crypto rx=0 tx=0 comp rx=0 tx=0).connect
2026-03-08T23:59:28.001 INFO:teuthology.orchestra.run.vm03.stdout:/usr/bin/ceph: stderr
2026-03-08T23:59:27.832+0000 7f57d3643700 1 -- --> [v2:192.168.123.103:3300/0,v1:192.168.123.103:6789/0] -- mon_getmap magic: 0 v1 -- 0x7f57cc19cb60 con 0x7f57cc108970
2026-03-08T23:59:28.001 INFO:teuthology.orchestra.run.vm03.stdout:/usr/bin/ceph: stderr
2026-03-08T23:59:27.832+0000 7f57d13df700 1 --2- >> [v2:192.168.123.103:3300/0,v1:192.168.123.103:6789/0] conn(0x7f57cc108970 0x7f57cc19c620 unknown :-1 s=BANNER_CONNECTING pgs=0 cs=0 l=1 rev1=0 crypto rx=0 tx=0 comp rx=0 tx=0)._handle_peer_banner_payload supported=3 required=0
2026-03-08T23:59:28.001 INFO:teuthology.orchestra.run.vm03.stdout:/usr/bin/ceph: stderr
2026-03-08T23:59:27.832+0000 7f57d13df700 1 --2- >> [v2:192.168.123.103:3300/0,v1:192.168.123.103:6789/0] conn(0x7f57cc108970 0x7f57cc19c620 unknown :-1 s=HELLO_CONNECTING pgs=0 cs=0 l=1 rev1=1 crypto rx=0 tx=0 comp rx=0 tx=0).handle_hello peer v2:192.168.123.103:3300/0 says I am v2:192.168.123.103:41076/0 (socket says 192.168.123.103:41076)
2026-03-08T23:59:28.001 INFO:teuthology.orchestra.run.vm03.stdout:/usr/bin/ceph: stderr
2026-03-08T23:59:27.832+0000 7f57d13df700 1 -- 192.168.123.103:0/871998266 learned_addr learned my addr 192.168.123.103:0/871998266 (peer_addr_for_me v2:192.168.123.103:0/0)
2026-03-08T23:59:28.002 INFO:teuthology.orchestra.run.vm03.stdout:/usr/bin/ceph: stderr
2026-03-08T23:59:27.832+0000 7f57d13df700 1 -- 192.168.123.103:0/871998266 --> [v2:192.168.123.103:3300/0,v1:192.168.123.103:6789/0] -- mon_subscribe({config=0+,monmap=0+}) v3 -- 0x7f57bc009740 con 0x7f57cc108970
2026-03-08T23:59:28.002 INFO:teuthology.orchestra.run.vm03.stdout:/usr/bin/ceph: stderr
2026-03-08T23:59:27.833+0000 7f57d13df700 1 --2- 192.168.123.103:0/871998266 >> [v2:192.168.123.103:3300/0,v1:192.168.123.103:6789/0] conn(0x7f57cc108970 0x7f57cc19c620 secure :-1 s=READY pgs=89 cs=0 l=1 rev1=1 crypto rx=0x7f57bc000c00 tx=0x7f57bc00bfa0 comp rx=0 tx=0).ready entity=mon.0 client_cookie=0 server_cookie=0 in_seq=0 out_seq=0
2026-03-08T23:59:28.002 INFO:teuthology.orchestra.run.vm03.stdout:/usr/bin/ceph: stderr
2026-03-08T23:59:27.833+0000 7f57c27fc700 1 -- 192.168.123.103:0/871998266 <== mon.0 v2:192.168.123.103:3300/0 1 ==== mon_map magic: 0 v1 ==== 214+0+0 (secure 0 0 0) 0x7f57bc0040f0 con 0x7f57cc108970
2026-03-08T23:59:28.002 INFO:teuthology.orchestra.run.vm03.stdout:/usr/bin/ceph: stderr
2026-03-08T23:59:27.833+0000 7f57c27fc700 1 -- 192.168.123.103:0/871998266 <== mon.0 v2:192.168.123.103:3300/0 2 ==== config(28 keys) v1 ==== 1139+0+0 (secure 0 0 0) 0x7f57bc004250 con 0x7f57cc108970
2026-03-08T23:59:28.002 INFO:teuthology.orchestra.run.vm03.stdout:/usr/bin/ceph: stderr
2026-03-08T23:59:27.833+0000 7f57d3643700 1 -- 192.168.123.103:0/871998266 --> [v2:192.168.123.103:3300/0,v1:192.168.123.103:6789/0] -- mon_subscribe({mgrmap=0+}) v3 -- 0x7f57cc19cd60 con 0x7f57cc108970
2026-03-08T23:59:28.002 INFO:teuthology.orchestra.run.vm03.stdout:/usr/bin/ceph: stderr
2026-03-08T23:59:27.833+0000 7f57c27fc700 1 -- 192.168.123.103:0/871998266 <== mon.0 v2:192.168.123.103:3300/0 3 ==== mon_map magic: 0 v1 ==== 214+0+0 (secure 0 0 0) 0x7f57bc011560 con 0x7f57cc108970
2026-03-08T23:59:28.002 INFO:teuthology.orchestra.run.vm03.stdout:/usr/bin/ceph: stderr
2026-03-08T23:59:27.833+0000 7f57d3643700 1 -- 192.168.123.103:0/871998266 --> [v2:192.168.123.103:3300/0,v1:192.168.123.103:6789/0] -- mon_subscribe({osdmap=0}) v3 -- 0x7f57cc19d180 con 0x7f57cc108970
2026-03-08T23:59:28.002 INFO:teuthology.orchestra.run.vm03.stdout:/usr/bin/ceph: stderr
2026-03-08T23:59:27.834+0000 7f57c27fc700 1 -- 192.168.123.103:0/871998266 <== mon.0 v2:192.168.123.103:3300/0 4 ==== mgrmap(e 11) v1 ==== 45185+0+0 (secure 0 0 0) 0x7f57bc0116c0 con 0x7f57cc108970
2026-03-08T23:59:28.002 INFO:teuthology.orchestra.run.vm03.stdout:/usr/bin/ceph: stderr
2026-03-08T23:59:27.834+0000 7f57c27fc700 1 --2- 192.168.123.103:0/871998266 >> [v2:192.168.123.103:6800/2,v1:192.168.123.103:6801/2] conn(0x7f57b80382d0 0x7f57b803a790 unknown :-1 s=NONE pgs=0 cs=0 l=1 rev1=0 crypto rx=0 tx=0 comp rx=0 tx=0).connect
2026-03-08T23:59:28.002 INFO:teuthology.orchestra.run.vm03.stdout:/usr/bin/ceph: stderr
2026-03-08T23:59:27.834+0000 7f57c27fc700 1 -- 192.168.123.103:0/871998266 <== mon.0 v2:192.168.123.103:3300/0 5 ==== osd_map(3..3 src has 1..3) v4 ==== 1069+0+0 (secure 0 0 0) 0x7f57bc04ca90 con 0x7f57cc108970
2026-03-08T23:59:28.002 INFO:teuthology.orchestra.run.vm03.stdout:/usr/bin/ceph: stderr
2026-03-08T23:59:27.834+0000 7f57d0bde700 1 --2- 192.168.123.103:0/871998266 >> [v2:192.168.123.103:6800/2,v1:192.168.123.103:6801/2] conn(0x7f57b80382d0 0x7f57b803a790 unknown :-1 s=BANNER_CONNECTING pgs=0 cs=0 l=1 rev1=0 crypto rx=0 tx=0 comp rx=0 tx=0)._handle_peer_banner_payload supported=3 required=0
2026-03-08T23:59:28.002 INFO:teuthology.orchestra.run.vm03.stdout:/usr/bin/ceph: stderr
2026-03-08T23:59:27.835+0000 7f57d0bde700 1 --2- 192.168.123.103:0/871998266 >> [v2:192.168.123.103:6800/2,v1:192.168.123.103:6801/2] conn(0x7f57b80382d0 0x7f57b803a790 secure :-1 s=READY pgs=10 cs=0 l=1 rev1=1 crypto rx=0x7f57c8006fd0 tx=0x7f57c8006e40 comp rx=0 tx=0).ready entity=mgr.14164 client_cookie=0 server_cookie=0 in_seq=0 out_seq=0
2026-03-08T23:59:28.002 INFO:teuthology.orchestra.run.vm03.stdout:/usr/bin/ceph: stderr
2026-03-08T23:59:27.835+0000 7f57d3643700 1 -- 192.168.123.103:0/871998266 --> [v2:192.168.123.103:3300/0,v1:192.168.123.103:6789/0] -- mon_command({"prefix": "get_command_descriptions"} v 0) v1 -- 0x7f57cc04fa20 con 0x7f57cc108970
2026-03-08T23:59:28.002 INFO:teuthology.orchestra.run.vm03.stdout:/usr/bin/ceph: stderr
2026-03-08T23:59:27.838+0000 7f57c27fc700 1 -- 192.168.123.103:0/871998266 <== mon.0 v2:192.168.123.103:3300/0 6 ==== mon_command_ack([{"prefix": "get_command_descriptions"}]=0 v0) v1 ==== 72+0+180422 (secure 0 0 0) 0x7f57bc01e070 con 0x7f57cc108970
2026-03-08T23:59:28.002 INFO:teuthology.orchestra.run.vm03.stdout:/usr/bin/ceph: stderr
2026-03-08T23:59:27.940+0000 7f57d3643700 1 -- 192.168.123.103:0/871998266 --> [v2:192.168.123.103:3300/0,v1:192.168.123.103:6789/0] -- mon_command([{prefix=config set, name=osd_memory_target_autotune}] v 0) v1 -- 0x7f57cc19fbc0 con 0x7f57cc108970
2026-03-08T23:59:28.002 INFO:teuthology.orchestra.run.vm03.stdout:/usr/bin/ceph: stderr
2026-03-08T23:59:27.941+0000 7f57c27fc700 1 -- 192.168.123.103:0/871998266 <== mon.0 v2:192.168.123.103:3300/0 7 ==== mon_command_ack([{prefix=config set, name=osd_memory_target_autotune}]=0 v8)=0 v8) v1 ==== 127+0+0 (secure 0 0 0) 0x7f57bc04b0c0 con 0x7f57cc108970
2026-03-08T23:59:28.003 INFO:teuthology.orchestra.run.vm03.stdout:/usr/bin/ceph: stderr
2026-03-08T23:59:27.945+0000 7f57d3643700 1 -- 192.168.123.103:0/871998266 >> [v2:192.168.123.103:6800/2,v1:192.168.123.103:6801/2] conn(0x7f57b80382d0 msgr2=0x7f57b803a790 secure :-1 s=STATE_CONNECTION_ESTABLISHED l=1).mark_down
2026-03-08T23:59:28.003 INFO:teuthology.orchestra.run.vm03.stdout:/usr/bin/ceph: stderr
2026-03-08T23:59:27.945+0000 7f57d3643700 1 --2- 192.168.123.103:0/871998266 >> [v2:192.168.123.103:6800/2,v1:192.168.123.103:6801/2] conn(0x7f57b80382d0 0x7f57b803a790 secure :-1 s=READY pgs=10 cs=0 l=1 rev1=1 crypto rx=0x7f57c8006fd0 tx=0x7f57c8006e40 comp rx=0 tx=0).stop
2026-03-08T23:59:28.003 INFO:teuthology.orchestra.run.vm03.stdout:/usr/bin/ceph: stderr
2026-03-08T23:59:27.945+0000 7f57d3643700 1 -- 192.168.123.103:0/871998266 >> [v2:192.168.123.103:3300/0,v1:192.168.123.103:6789/0] conn(0x7f57cc108970 msgr2=0x7f57cc19c620 secure :-1 s=STATE_CONNECTION_ESTABLISHED l=1).mark_down
2026-03-08T23:59:28.003 INFO:teuthology.orchestra.run.vm03.stdout:/usr/bin/ceph: stderr
2026-03-08T23:59:27.945+0000 7f57d3643700 1 --2- 192.168.123.103:0/871998266 >> [v2:192.168.123.103:3300/0,v1:192.168.123.103:6789/0] conn(0x7f57cc108970 0x7f57cc19c620 secure :-1 s=READY pgs=89 cs=0 l=1 rev1=1 crypto rx=0x7f57bc000c00 tx=0x7f57bc00bfa0 comp rx=0 tx=0).stop
2026-03-08T23:59:28.003 INFO:teuthology.orchestra.run.vm03.stdout:/usr/bin/ceph: stderr
2026-03-08T23:59:27.946+0000 7f57d3643700 1 -- 192.168.123.103:0/871998266 shutdown_connections
2026-03-08T23:59:28.003 INFO:teuthology.orchestra.run.vm03.stdout:/usr/bin/ceph: stderr
2026-03-08T23:59:27.946+0000 7f57d3643700 1 --2- 192.168.123.103:0/871998266 >> [v2:192.168.123.103:6800/2,v1:192.168.123.103:6801/2] conn(0x7f57b80382d0 0x7f57b803a790 unknown :-1 s=CLOSED pgs=10 cs=0 l=1 rev1=1 crypto rx=0 tx=0 comp rx=0 tx=0).stop
2026-03-08T23:59:28.003 INFO:teuthology.orchestra.run.vm03.stdout:/usr/bin/ceph: stderr
2026-03-08T23:59:27.946+0000 7f57d3643700 1 --2- 192.168.123.103:0/871998266 >> [v2:192.168.123.103:3300/0,v1:192.168.123.103:6789/0] conn(0x7f57cc108970 0x7f57cc19c620 unknown :-1 s=CLOSED pgs=89 cs=0 l=1 rev1=1 crypto rx=0 tx=0 comp rx=0 tx=0).stop
2026-03-08T23:59:28.003 INFO:teuthology.orchestra.run.vm03.stdout:/usr/bin/ceph: stderr
2026-03-08T23:59:27.946+0000 7f57d3643700 1 -- 192.168.123.103:0/871998266 >> 192.168.123.103:0/871998266 conn(0x7f57cc07be30 msgr2=0x7f57cc105d00 unknown :-1 s=STATE_NONE l=0).mark_down
2026-03-08T23:59:28.003 INFO:teuthology.orchestra.run.vm03.stdout:/usr/bin/ceph: stderr
2026-03-08T23:59:27.947+0000 7f57d3643700 1 -- 192.168.123.103:0/871998266 shutdown_connections
2026-03-08T23:59:28.003 INFO:teuthology.orchestra.run.vm03.stdout:/usr/bin/ceph: stderr
2026-03-08T23:59:27.947+0000 7f57d3643700 1 -- 192.168.123.103:0/871998266 wait complete.
2026-03-08T23:59:28.398 INFO:teuthology.orchestra.run.vm03.stdout:/usr/bin/ceph: stderr
2026-03-08T23:59:28.169+0000 7f5bfb202700 1 Processor -- start
2026-03-08T23:59:28.398 INFO:teuthology.orchestra.run.vm03.stdout:/usr/bin/ceph: stderr
2026-03-08T23:59:28.170+0000 7f5bfb202700 1 -- start start
2026-03-08T23:59:28.398 INFO:teuthology.orchestra.run.vm03.stdout:/usr/bin/ceph: stderr
2026-03-08T23:59:28.170+0000 7f5bfb202700 1 --2- >> [v2:192.168.123.103:3300/0,v1:192.168.123.103:6789/0] conn(0x7f5bf4106760 0x7f5bf4106b80 unknown :-1 s=NONE pgs=0 cs=0 l=0 rev1=0 crypto rx=0 tx=0 comp rx=0 tx=0).connect
2026-03-08T23:59:28.398 INFO:teuthology.orchestra.run.vm03.stdout:/usr/bin/ceph: stderr
2026-03-08T23:59:28.170+0000 7f5bfb202700 1 -- --> [v2:192.168.123.103:3300/0,v1:192.168.123.103:6789/0] -- mon_getmap magic: 0 v1 -- 0x7f5bf4107150 con 0x7f5bf4106760
2026-03-08T23:59:28.398 INFO:teuthology.orchestra.run.vm03.stdout:/usr/bin/ceph: stderr
2026-03-08T23:59:28.171+0000 7f5bf8f9e700 1 --2- >> [v2:192.168.123.103:3300/0,v1:192.168.123.103:6789/0] conn(0x7f5bf4106760 0x7f5bf4106b80 unknown :-1 s=BANNER_CONNECTING pgs=0 cs=0 l=0 rev1=0 crypto rx=0 tx=0 comp rx=0 tx=0)._handle_peer_banner_payload supported=3 required=0
2026-03-08T23:59:28.398 INFO:teuthology.orchestra.run.vm03.stdout:/usr/bin/ceph: stderr
2026-03-08T23:59:28.171+0000 7f5bf8f9e700 1 --2- >> [v2:192.168.123.103:3300/0,v1:192.168.123.103:6789/0] conn(0x7f5bf4106760 0x7f5bf4106b80 unknown :-1 s=HELLO_CONNECTING pgs=0 cs=0 l=0 rev1=1 crypto rx=0 tx=0 comp rx=0 tx=0).handle_hello peer v2:192.168.123.103:3300/0 says I am v2:192.168.123.103:41078/0 (socket says 192.168.123.103:41078)
2026-03-08T23:59:28.398 INFO:teuthology.orchestra.run.vm03.stdout:/usr/bin/ceph: stderr
2026-03-08T23:59:28.171+0000 7f5bf8f9e700 1 -- 192.168.123.103:0/655652415 learned_addr learned my addr 192.168.123.103:0/655652415 (peer_addr_for_me v2:192.168.123.103:0/0)
2026-03-08T23:59:28.398 INFO:teuthology.orchestra.run.vm03.stdout:/usr/bin/ceph: stderr
2026-03-08T23:59:28.173+0000 7f5bf8f9e700 1 -- 192.168.123.103:0/655652415 --> [v2:192.168.123.103:3300/0,v1:192.168.123.103:6789/0] -- mon_subscribe({config=0+,monmap=0+}) v3 -- 0x7f5bf4107960 con 0x7f5bf4106760
2026-03-08T23:59:28.398 INFO:teuthology.orchestra.run.vm03.stdout:/usr/bin/ceph: stderr
2026-03-08T23:59:28.173+0000 7f5bf8f9e700 1 --2- 192.168.123.103:0/655652415 >> [v2:192.168.123.103:3300/0,v1:192.168.123.103:6789/0] conn(0x7f5bf4106760 0x7f5bf4106b80 secure :-1 s=READY pgs=90 cs=0 l=1 rev1=1 crypto rx=0x7f5be0009cf0 tx=0x7f5be000b0e0 comp rx=0 tx=0).ready entity=mon.0 client_cookie=35d8428c3a91dca5 server_cookie=0 in_seq=0 out_seq=0
2026-03-08T23:59:28.398 INFO:teuthology.orchestra.run.vm03.stdout:/usr/bin/ceph: stderr
2026-03-08T23:59:28.173+0000 7f5bf37fe700 1 -- 192.168.123.103:0/655652415 <== mon.0 v2:192.168.123.103:3300/0 1 ==== mon_map magic: 0 v1 ==== 214+0+0 (secure 0 0 0) 0x7f5be0004030 con 0x7f5bf4106760
2026-03-08T23:59:28.398 INFO:teuthology.orchestra.run.vm03.stdout:/usr/bin/ceph: stderr
2026-03-08T23:59:28.173+0000 7f5bf37fe700 1 -- 192.168.123.103:0/655652415 <== mon.0 v2:192.168.123.103:3300/0 2 ==== config(28 keys) v1 ==== 1139+0+0 (secure 0 0 0) 0x7f5be000b810 con 0x7f5bf4106760
2026-03-08T23:59:28.398 INFO:teuthology.orchestra.run.vm03.stdout:/usr/bin/ceph: stderr
2026-03-08T23:59:28.174+0000 7f5bf37fe700 1 -- 192.168.123.103:0/655652415 <== mon.0 v2:192.168.123.103:3300/0 3 ==== mon_map magic: 0 v1 ==== 214+0+0 (secure 0 0 0) 0x7f5be0003b10 con 0x7f5bf4106760
2026-03-08T23:59:28.398 INFO:teuthology.orchestra.run.vm03.stdout:/usr/bin/ceph: stderr
2026-03-08T23:59:28.174+0000 7f5bfb202700 1 -- 192.168.123.103:0/655652415 >> [v2:192.168.123.103:3300/0,v1:192.168.123.103:6789/0] conn(0x7f5bf4106760 msgr2=0x7f5bf4106b80 secure :-1 s=STATE_CONNECTION_ESTABLISHED l=1).mark_down
2026-03-08T23:59:28.398 INFO:teuthology.orchestra.run.vm03.stdout:/usr/bin/ceph: stderr
2026-03-08T23:59:28.174+0000 7f5bfb202700 1 --2- 192.168.123.103:0/655652415 >> [v2:192.168.123.103:3300/0,v1:192.168.123.103:6789/0] conn(0x7f5bf4106760 0x7f5bf4106b80 secure :-1 s=READY pgs=90 cs=0 l=1 rev1=1 crypto rx=0x7f5be0009cf0 tx=0x7f5be000b0e0 comp rx=0 tx=0).stop
2026-03-08T23:59:28.398 INFO:teuthology.orchestra.run.vm03.stdout:/usr/bin/ceph: stderr
2026-03-08T23:59:28.174+0000 7f5bfb202700 1 -- 192.168.123.103:0/655652415 shutdown_connections
2026-03-08T23:59:28.398 INFO:teuthology.orchestra.run.vm03.stdout:/usr/bin/ceph: stderr
2026-03-08T23:59:28.174+0000 7f5bfb202700 1 --2- 192.168.123.103:0/655652415 >> [v2:192.168.123.103:3300/0,v1:192.168.123.103:6789/0] conn(0x7f5bf4106760 0x7f5bf4106b80 unknown :-1 s=CLOSED pgs=90 cs=0 l=1 rev1=1 crypto rx=0 tx=0 comp rx=0 tx=0).stop
2026-03-08T23:59:28.399 INFO:teuthology.orchestra.run.vm03.stdout:/usr/bin/ceph: stderr
2026-03-08T23:59:28.174+0000 7f5bfb202700 1 -- 192.168.123.103:0/655652415 >> 192.168.123.103:0/655652415 conn(0x7f5bf4101ce0 msgr2=0x7f5bf4104140 unknown :-1 s=STATE_NONE l=0).mark_down
2026-03-08T23:59:28.399 INFO:teuthology.orchestra.run.vm03.stdout:/usr/bin/ceph: stderr
2026-03-08T23:59:28.175+0000 7f5bfb202700 1 -- 192.168.123.103:0/655652415 shutdown_connections
2026-03-08T23:59:28.399 INFO:teuthology.orchestra.run.vm03.stdout:/usr/bin/ceph: stderr
2026-03-08T23:59:28.175+0000 7f5bfb202700 1 -- 192.168.123.103:0/655652415 wait complete.
2026-03-08T23:59:28.399 INFO:teuthology.orchestra.run.vm03.stdout:/usr/bin/ceph: stderr
2026-03-08T23:59:28.175+0000 7f5bfb202700 1 Processor -- start
2026-03-08T23:59:28.399 INFO:teuthology.orchestra.run.vm03.stdout:/usr/bin/ceph: stderr
2026-03-08T23:59:28.175+0000 7f5bfb202700 1 -- start start
2026-03-08T23:59:28.399 INFO:teuthology.orchestra.run.vm03.stdout:/usr/bin/ceph: stderr
2026-03-08T23:59:28.176+0000 7f5bfb202700 1 --2- >> [v2:192.168.123.103:3300/0,v1:192.168.123.103:6789/0] conn(0x7f5bf4106760 0x7f5bf419c710 unknown :-1 s=NONE pgs=0 cs=0 l=1 rev1=0 crypto rx=0 tx=0 comp rx=0 tx=0).connect
2026-03-08T23:59:28.399 INFO:teuthology.orchestra.run.vm03.stdout:/usr/bin/ceph: stderr
2026-03-08T23:59:28.176+0000 7f5bfb202700 1 -- --> [v2:192.168.123.103:3300/0,v1:192.168.123.103:6789/0] -- mon_getmap magic: 0 v1 -- 0x7f5bf419cc50 con 0x7f5bf4106760
2026-03-08T23:59:28.399 INFO:teuthology.orchestra.run.vm03.stdout:/usr/bin/ceph: stderr
2026-03-08T23:59:28.176+0000 7f5bf8f9e700 1 --2- >> [v2:192.168.123.103:3300/0,v1:192.168.123.103:6789/0] conn(0x7f5bf4106760 0x7f5bf419c710 unknown :-1 s=BANNER_CONNECTING pgs=0 cs=0 l=1 rev1=0 crypto rx=0 tx=0 comp rx=0 tx=0)._handle_peer_banner_payload supported=3 required=0
2026-03-08T23:59:28.399 INFO:teuthology.orchestra.run.vm03.stdout:/usr/bin/ceph: stderr
2026-03-08T23:59:28.176+0000 7f5bf8f9e700 1 --2- >> [v2:192.168.123.103:3300/0,v1:192.168.123.103:6789/0] conn(0x7f5bf4106760 0x7f5bf419c710 unknown :-1 s=HELLO_CONNECTING pgs=0 cs=0 l=1 rev1=1 crypto rx=0 tx=0 comp rx=0 tx=0).handle_hello peer v2:192.168.123.103:3300/0 says I am v2:192.168.123.103:41084/0 (socket says 192.168.123.103:41084)
2026-03-08T23:59:28.399 INFO:teuthology.orchestra.run.vm03.stdout:/usr/bin/ceph: stderr
2026-03-08T23:59:28.176+0000 7f5bf8f9e700 1 -- 192.168.123.103:0/3662645314 learned_addr learned my addr 192.168.123.103:0/3662645314 (peer_addr_for_me v2:192.168.123.103:0/0)
2026-03-08T23:59:28.399 INFO:teuthology.orchestra.run.vm03.stdout:/usr/bin/ceph: stderr
2026-03-08T23:59:28.176+0000 7f5bf8f9e700 1 -- 192.168.123.103:0/3662645314 --> [v2:192.168.123.103:3300/0,v1:192.168.123.103:6789/0] -- mon_subscribe({config=0+,monmap=0+}) v3 -- 0x7f5be0009740 con 0x7f5bf4106760
2026-03-08T23:59:28.399 INFO:teuthology.orchestra.run.vm03.stdout:/usr/bin/ceph: stderr
2026-03-08T23:59:28.177+0000 7f5bf8f9e700 1 --2- 192.168.123.103:0/3662645314 >> [v2:192.168.123.103:3300/0,v1:192.168.123.103:6789/0] conn(0x7f5bf4106760 0x7f5bf419c710 secure :-1 s=READY pgs=91 cs=0 l=1 rev1=1 crypto rx=0x7f5be0000c00 tx=0x7f5be0011890 comp rx=0 tx=0).ready entity=mon.0 client_cookie=0 server_cookie=0 in_seq=0 out_seq=0
2026-03-08T23:59:28.399 INFO:teuthology.orchestra.run.vm03.stdout:/usr/bin/ceph: stderr
2026-03-08T23:59:28.177+0000 7f5bf1ffb700 1 -- 192.168.123.103:0/3662645314 <== mon.0 v2:192.168.123.103:3300/0 1 ==== mon_map magic: 0 v1 ==== 214+0+0 (secure 0 0 0) 0x7f5be0011bc0 con 0x7f5bf4106760
2026-03-08T23:59:28.399 INFO:teuthology.orchestra.run.vm03.stdout:/usr/bin/ceph: stderr
2026-03-08T23:59:28.177+0000 7f5bf1ffb700 1 -- 192.168.123.103:0/3662645314 <== mon.0 v2:192.168.123.103:3300/0 2 ==== config(28 keys) v1 ==== 1139+0+0 (secure 0 0 0) 0x7f5be0011d20 con 0x7f5bf4106760
2026-03-08T23:59:28.399 INFO:teuthology.orchestra.run.vm03.stdout:/usr/bin/ceph: stderr
2026-03-08T23:59:28.177+0000 7f5bf1ffb700 1 -- 192.168.123.103:0/3662645314 <== mon.0 v2:192.168.123.103:3300/0 3 ==== mon_map magic: 0 v1 ==== 214+0+0 (secure 0 0 0) 0x7f5be001a550 con 0x7f5bf4106760
2026-03-08T23:59:28.399 INFO:teuthology.orchestra.run.vm03.stdout:/usr/bin/ceph: stderr
2026-03-08T23:59:28.177+0000 7f5bfb202700 1 -- 192.168.123.103:0/3662645314 --> [v2:192.168.123.103:3300/0,v1:192.168.123.103:6789/0] -- mon_subscribe({mgrmap=0+}) v3 -- 0x7f5bf419ce50 con 0x7f5bf4106760
2026-03-08T23:59:28.399 INFO:teuthology.orchestra.run.vm03.stdout:/usr/bin/ceph: stderr
2026-03-08T23:59:28.177+0000 7f5bfb202700 1 -- 192.168.123.103:0/3662645314 --> [v2:192.168.123.103:3300/0,v1:192.168.123.103:6789/0] -- mon_subscribe({osdmap=0}) v3 -- 0x7f5bf419d1b0 con 0x7f5bf4106760
2026-03-08T23:59:28.399 INFO:teuthology.orchestra.run.vm03.stdout:/usr/bin/ceph: stderr
2026-03-08T23:59:28.178+0000 7f5bf1ffb700 1 -- 192.168.123.103:0/3662645314 <== mon.0 v2:192.168.123.103:3300/0 4 ==== mgrmap(e 11) v1 ==== 45185+0+0 (secure 0 0 0) 0x7f5be001b440 con 0x7f5bf4106760
2026-03-08T23:59:28.399 INFO:teuthology.orchestra.run.vm03.stdout:/usr/bin/ceph: stderr
2026-03-08T23:59:28.178+0000 7f5bfb202700 1 -- 192.168.123.103:0/3662645314 --> [v2:192.168.123.103:3300/0,v1:192.168.123.103:6789/0] -- mon_command({"prefix": "get_command_descriptions"} v 0) v1 -- 0x7f5bf404fa20 con 0x7f5bf4106760
2026-03-08T23:59:28.399 INFO:teuthology.orchestra.run.vm03.stdout:/usr/bin/ceph: stderr
2026-03-08T23:59:28.178+0000 7f5bf1ffb700 1 --2- 192.168.123.103:0/3662645314 >> [v2:192.168.123.103:6800/2,v1:192.168.123.103:6801/2] conn(0x7f5be40382d0 0x7f5be403a790 unknown :-1 s=NONE pgs=0 cs=0 l=1 rev1=0 crypto rx=0 tx=0 comp rx=0 tx=0).connect
2026-03-08T23:59:28.399 INFO:teuthology.orchestra.run.vm03.stdout:/usr/bin/ceph: stderr
2026-03-08T23:59:28.178+0000 7f5bf1ffb700 1 -- 192.168.123.103:0/3662645314 <== mon.0 v2:192.168.123.103:3300/0 5 ==== osd_map(3..3 src has 1..3) v4 ==== 1069+0+0 (secure 0 0 0) 0x7f5be004c060 con 0x7f5bf4106760
2026-03-08T23:59:28.399 INFO:teuthology.orchestra.run.vm03.stdout:/usr/bin/ceph: stderr
2026-03-08T23:59:28.178+0000 7f5bf3fff700 1 --2- 192.168.123.103:0/3662645314 >> [v2:192.168.123.103:6800/2,v1:192.168.123.103:6801/2] conn(0x7f5be40382d0 0x7f5be403a790 unknown :-1 s=BANNER_CONNECTING pgs=0 cs=0 l=1 rev1=0 crypto rx=0 tx=0 comp rx=0 tx=0)._handle_peer_banner_payload supported=3 required=0
2026-03-08T23:59:28.399 INFO:teuthology.orchestra.run.vm03.stdout:/usr/bin/ceph: stderr
2026-03-08T23:59:28.181+0000 7f5bf1ffb700 1 -- 192.168.123.103:0/3662645314 <== mon.0 v2:192.168.123.103:3300/0 6 ==== mon_command_ack([{"prefix": "get_command_descriptions"}]=0 v0) v1 ==== 72+0+180422 (secure 0 0 0) 0x7f5be007f0e0 con 0x7f5bf4106760
2026-03-08T23:59:28.399 INFO:teuthology.orchestra.run.vm03.stdout:/usr/bin/ceph: stderr
2026-03-08T23:59:28.182+0000 7f5bf3fff700 1 --2- 192.168.123.103:0/3662645314 >> [v2:192.168.123.103:6800/2,v1:192.168.123.103:6801/2] conn(0x7f5be40382d0 0x7f5be403a790 secure :-1 s=READY pgs=11 cs=0 l=1 rev1=1 crypto rx=0x7f5be8006fd0 tx=0x7f5be8006e40 comp rx=0 tx=0).ready entity=mgr.14164 client_cookie=0 server_cookie=0 in_seq=0 out_seq=0
2026-03-08T23:59:28.399 INFO:teuthology.orchestra.run.vm03.stdout:/usr/bin/ceph: stderr
2026-03-08T23:59:28.354+0000 7f5bfb202700 1 -- 192.168.123.103:0/3662645314 --> [v2:192.168.123.103:3300/0,v1:192.168.123.103:6789/0] -- mon_command([{prefix=config-key set, key=mgr/dashboard/cluster/status}] v 0) v1 -- 0x7f5bf40623c0 con 0x7f5bf4106760
2026-03-08T23:59:28.399 INFO:teuthology.orchestra.run.vm03.stdout:/usr/bin/ceph: stderr
2026-03-08T23:59:28.354+0000 7f5bf1ffb700 1 -- 192.168.123.103:0/3662645314 <== mon.0 v2:192.168.123.103:3300/0 7 ==== mgrmap(e 12) v1 ==== 45291+0+0 (secure 0 0 0) 0x7f5be000fda0 con 0x7f5bf4106760
2026-03-08T23:59:28.399 INFO:teuthology.orchestra.run.vm03.stdout:/usr/bin/ceph: stderr
2026-03-08T23:59:28.358+0000 7f5bf1ffb700 1 -- 192.168.123.103:0/3662645314 <== mon.0 v2:192.168.123.103:3300/0 8 ==== mon_command_ack([{prefix=config-key set, key=mgr/dashboard/cluster/status}]=0 set mgr/dashboard/cluster/status v34)=0 set mgr/dashboard/cluster/status v34) v1 ==== 153+0+0 (secure 0 0 0) 0x7f5be0053020 con 0x7f5bf4106760
2026-03-08T23:59:28.399 INFO:teuthology.orchestra.run.vm03.stdout:/usr/bin/ceph: stderr
2026-03-08T23:59:28.360+0000 7f5bfb202700 1 -- 192.168.123.103:0/3662645314 >> [v2:192.168.123.103:6800/2,v1:192.168.123.103:6801/2] conn(0x7f5be40382d0 msgr2=0x7f5be403a790 secure :-1 s=STATE_CONNECTION_ESTABLISHED l=1).mark_down
2026-03-08T23:59:28.399 INFO:teuthology.orchestra.run.vm03.stdout:/usr/bin/ceph: stderr
2026-03-08T23:59:28.360+0000 7f5bfb202700 1 --2- 192.168.123.103:0/3662645314 >> [v2:192.168.123.103:6800/2,v1:192.168.123.103:6801/2] conn(0x7f5be40382d0 0x7f5be403a790 secure :-1 s=READY pgs=11 cs=0 l=1 rev1=1 crypto rx=0x7f5be8006fd0 tx=0x7f5be8006e40 comp rx=0 tx=0).stop
2026-03-08T23:59:28.399 INFO:teuthology.orchestra.run.vm03.stdout:/usr/bin/ceph: stderr
2026-03-08T23:59:28.360+0000 7f5bfb202700 1 -- 192.168.123.103:0/3662645314 >> [v2:192.168.123.103:3300/0,v1:192.168.123.103:6789/0] conn(0x7f5bf4106760 msgr2=0x7f5bf419c710 secure :-1 s=STATE_CONNECTION_ESTABLISHED l=1).mark_down
2026-03-08T23:59:28.399 INFO:teuthology.orchestra.run.vm03.stdout:/usr/bin/ceph: stderr
2026-03-08T23:59:28.360+0000 7f5bfb202700 1 --2- 192.168.123.103:0/3662645314 >> [v2:192.168.123.103:3300/0,v1:192.168.123.103:6789/0] conn(0x7f5bf4106760 0x7f5bf419c710 secure :-1 s=READY pgs=91 cs=0 l=1 rev1=1 crypto rx=0x7f5be0000c00 tx=0x7f5be0011890 comp rx=0 tx=0).stop
2026-03-08T23:59:28.399 INFO:teuthology.orchestra.run.vm03.stdout:/usr/bin/ceph: stderr
2026-03-08T23:59:28.360+0000 7f5bfb202700 1 -- 192.168.123.103:0/3662645314 shutdown_connections
2026-03-08T23:59:28.399 INFO:teuthology.orchestra.run.vm03.stdout:/usr/bin/ceph: stderr
2026-03-08T23:59:28.360+0000 7f5bfb202700 1 --2- 192.168.123.103:0/3662645314 >> [v2:192.168.123.103:6800/2,v1:192.168.123.103:6801/2] conn(0x7f5be40382d0 0x7f5be403a790 unknown :-1 s=CLOSED pgs=11 cs=0 l=1 rev1=1 crypto rx=0 tx=0 comp rx=0 tx=0).stop
2026-03-08T23:59:28.400 INFO:teuthology.orchestra.run.vm03.stdout:/usr/bin/ceph: stderr
2026-03-08T23:59:28.360+0000 7f5bfb202700 1 --2- 192.168.123.103:0/3662645314 >> [v2:192.168.123.103:3300/0,v1:192.168.123.103:6789/0] conn(0x7f5bf4106760 0x7f5bf419c710 unknown :-1 s=CLOSED pgs=91 cs=0 l=1 rev1=1 crypto rx=0 tx=0 comp rx=0 tx=0).stop
2026-03-08T23:59:28.400 INFO:teuthology.orchestra.run.vm03.stdout:/usr/bin/ceph: stderr
2026-03-08T23:59:28.360+0000 7f5bfb202700 1 -- 192.168.123.103:0/3662645314 >> 192.168.123.103:0/3662645314 conn(0x7f5bf4101ce0 msgr2=0x7f5bf4102a70 unknown :-1 s=STATE_NONE l=0).mark_down
2026-03-08T23:59:28.400 INFO:teuthology.orchestra.run.vm03.stdout:/usr/bin/ceph: stderr
2026-03-08T23:59:28.361+0000 7f5bfb202700 1 -- 192.168.123.103:0/3662645314 shutdown_connections
2026-03-08T23:59:28.400 INFO:teuthology.orchestra.run.vm03.stdout:/usr/bin/ceph: stderr
2026-03-08T23:59:28.361+0000 7f5bfb202700 1 -- 192.168.123.103:0/3662645314 wait complete.
2026-03-08T23:59:28.400 INFO:teuthology.orchestra.run.vm03.stdout:/usr/bin/ceph: stderr set mgr/dashboard/cluster/status
2026-03-08T23:59:28.400 INFO:teuthology.orchestra.run.vm03.stdout:You can access the Ceph CLI as following in case of multi-cluster or non-default config:
2026-03-08T23:59:28.400 INFO:teuthology.orchestra.run.vm03.stdout:
2026-03-08T23:59:28.400 INFO:teuthology.orchestra.run.vm03.stdout: sudo /home/ubuntu/cephtest/cephadm shell --fsid ae8f0172-1b4a-11f1-916a-712b2ac006b7 -c /etc/ceph/ceph.conf -k /etc/ceph/ceph.client.admin.keyring
2026-03-08T23:59:28.400 INFO:teuthology.orchestra.run.vm03.stdout:
2026-03-08T23:59:28.400 INFO:teuthology.orchestra.run.vm03.stdout:Or, if you are only running a single cluster on this host:
2026-03-08T23:59:28.400 INFO:teuthology.orchestra.run.vm03.stdout:
2026-03-08T23:59:28.400 INFO:teuthology.orchestra.run.vm03.stdout: sudo /home/ubuntu/cephtest/cephadm shell
2026-03-08T23:59:28.400 INFO:teuthology.orchestra.run.vm03.stdout:
2026-03-08T23:59:28.400 INFO:teuthology.orchestra.run.vm03.stdout:Please consider enabling telemetry to help improve Ceph:
2026-03-08T23:59:28.400 INFO:teuthology.orchestra.run.vm03.stdout:
2026-03-08T23:59:28.400 INFO:teuthology.orchestra.run.vm03.stdout: ceph telemetry on
2026-03-08T23:59:28.400 INFO:teuthology.orchestra.run.vm03.stdout:
2026-03-08T23:59:28.400 INFO:teuthology.orchestra.run.vm03.stdout:For more information see:
2026-03-08T23:59:28.400 INFO:teuthology.orchestra.run.vm03.stdout:
2026-03-08T23:59:28.400 INFO:teuthology.orchestra.run.vm03.stdout: https://docs.ceph.com/en/latest/mgr/telemetry/
2026-03-08T23:59:28.400 INFO:teuthology.orchestra.run.vm03.stdout:
2026-03-08T23:59:28.400 INFO:teuthology.orchestra.run.vm03.stdout:Bootstrap complete.
2026-03-08T23:59:28.428 INFO:tasks.cephadm:Fetching config...
2026-03-08T23:59:28.428 DEBUG:teuthology.orchestra.run.vm03:> set -ex
2026-03-08T23:59:28.429 DEBUG:teuthology.orchestra.run.vm03:> dd if=/etc/ceph/ceph.conf of=/dev/stdout
2026-03-08T23:59:28.453 INFO:tasks.cephadm:Fetching client.admin keyring...
2026-03-08T23:59:28.453 DEBUG:teuthology.orchestra.run.vm03:> set -ex
2026-03-08T23:59:28.453 DEBUG:teuthology.orchestra.run.vm03:> dd if=/etc/ceph/ceph.client.admin.keyring of=/dev/stdout
2026-03-08T23:59:28.524 INFO:tasks.cephadm:Fetching mon keyring...
2026-03-08T23:59:28.524 DEBUG:teuthology.orchestra.run.vm03:> set -ex
2026-03-08T23:59:28.524 DEBUG:teuthology.orchestra.run.vm03:> sudo dd if=/var/lib/ceph/ae8f0172-1b4a-11f1-916a-712b2ac006b7/mon.vm03/keyring of=/dev/stdout
2026-03-08T23:59:28.596 INFO:tasks.cephadm:Fetching pub ssh key...
2026-03-08T23:59:28.596 DEBUG:teuthology.orchestra.run.vm03:> set -ex
2026-03-08T23:59:28.596 DEBUG:teuthology.orchestra.run.vm03:> dd if=/home/ubuntu/cephtest/ceph.pub of=/dev/stdout
2026-03-08T23:59:28.653 INFO:tasks.cephadm:Installing pub ssh key for root users...
2026-03-08T23:59:28.654 DEBUG:teuthology.orchestra.run.vm03:> sudo install -d -m 0700 /root/.ssh && echo 'ssh-rsa AAAAB3NzaC1yc2EAAAADAQABAAABgQCseP8TJOsuxzWCbi/GtSh4sYcQoMttAx1MhEMLSc14Nydc0FYopBRf0tLWGHk7uryiK+KgRGc/F38yTXBVyXnRKXBNzpZLrgv75RC378qs8u2LftRPgtJVPXoEGeVLFj4MuFXcwmyWvFG6Ol81Mnd2qSP+59CQpY8HaESywjZqCmmmlhbcHaaxI5mjNOTnSPApQBqSKhRuq3wNS2WijDY6FtjM0ellzR7fUqIapI9QMKEE9PhlAE2V0Gt/sKpClCRKzfzbnv0vxw6tThHM83gT9BghsKKkPEKXQrtic3Wa6fAjRzaO1oG54kxahVGI0RIXfxYIvOtOigANo2MCwvQYM4bJ/ZT8CTDNS9bFv//wO77HhKVn+0Bq6JjhgTmdEaF2Xmn8Lwaj0LXsaX50ZouZ/mNQNS9qsx1uXC6vqFK71v+8uVIR5sEKTtUA2hGrEwGDPcQylsKHHL8gVEdXFh1FiEJAprE9OOVUlyANfwVwNkzxENVgf8wEaGCyfZYOyb0= ceph-ae8f0172-1b4a-11f1-916a-712b2ac006b7' | sudo tee -a /root/.ssh/authorized_keys && sudo chmod 0600 /root/.ssh/authorized_keys
2026-03-08T23:59:28.723 INFO:journalctl@ceph.mon.vm03.vm03.stdout:Mar 08 23:59:28 vm03 ceph-mon[52346]: from='client.14176 -' entity='client.admin' cmd=[{"prefix": "dashboard create-self-signed-cert", "target": ["mon-mgr", ""]}]: dispatch
2026-03-08T23:59:28.723 INFO:journalctl@ceph.mon.vm03.vm03.stdout:Mar 08 23:59:28 vm03 ceph-mon[52346]: from='client.14178 -' entity='client.admin' cmd=[{"prefix": "dashboard ac-user-create", "username": "admin", "rolename": "administrator", "force_password": true, "pwd_update_required": true, "target": ["mon-mgr", ""]}]: dispatch
2026-03-08T23:59:28.723 INFO:journalctl@ceph.mon.vm03.vm03.stdout:Mar 08 23:59:28 vm03 ceph-mon[52346]: from='client.? 192.168.123.103:0/1460819970' entity='client.admin' cmd=[{"prefix": "config get", "who": "mgr", "key": "mgr/dashboard/ssl_server_port"}]: dispatch
2026-03-08T23:59:28.723 INFO:journalctl@ceph.mon.vm03.vm03.stdout:Mar 08 23:59:28 vm03 ceph-mon[52346]: mgrmap e12: vm03.yvcons(active, since 2s)
2026-03-08T23:59:28.723 INFO:journalctl@ceph.mon.vm03.vm03.stdout:Mar 08 23:59:28 vm03 ceph-mon[52346]: from='client.? 192.168.123.103:0/3662645314' entity='client.admin'
2026-03-08T23:59:28.740 INFO:teuthology.orchestra.run.vm03.stdout:ssh-rsa AAAAB3NzaC1yc2EAAAADAQABAAABgQCseP8TJOsuxzWCbi/GtSh4sYcQoMttAx1MhEMLSc14Nydc0FYopBRf0tLWGHk7uryiK+KgRGc/F38yTXBVyXnRKXBNzpZLrgv75RC378qs8u2LftRPgtJVPXoEGeVLFj4MuFXcwmyWvFG6Ol81Mnd2qSP+59CQpY8HaESywjZqCmmmlhbcHaaxI5mjNOTnSPApQBqSKhRuq3wNS2WijDY6FtjM0ellzR7fUqIapI9QMKEE9PhlAE2V0Gt/sKpClCRKzfzbnv0vxw6tThHM83gT9BghsKKkPEKXQrtic3Wa6fAjRzaO1oG54kxahVGI0RIXfxYIvOtOigANo2MCwvQYM4bJ/ZT8CTDNS9bFv//wO77HhKVn+0Bq6JjhgTmdEaF2Xmn8Lwaj0LXsaX50ZouZ/mNQNS9qsx1uXC6vqFK71v+8uVIR5sEKTtUA2hGrEwGDPcQylsKHHL8gVEdXFh1FiEJAprE9OOVUlyANfwVwNkzxENVgf8wEaGCyfZYOyb0= ceph-ae8f0172-1b4a-11f1-916a-712b2ac006b7
