2026-03-08T23:59:26.552 INFO:teuthology.orchestra.run.vm03.stdout:/usr/bin/ceph: stderr
2026-03-08T23:59:21.199+0000 7f7ee97fa700 1 -- 192.168.123.103:0/2503766564 <== mon.0 v2:192.168.123.103:3300/0 2 ==== config(28 keys) v1 ==== 1139+0+0 (secure 0 0 0) 0x7f7edc00eec0 con 0x7f7eec1a09e0
2026-03-08T23:59:26.552 INFO:teuthology.orchestra.run.vm03.stdout:/usr/bin/ceph: stderr
2026-03-08T23:59:21.199+0000 7f7ee97fa700 1 -- 192.168.123.103:0/2503766564 <== mon.0 v2:192.168.123.103:3300/0 3 ==== mon_map magic: 0 v1 ==== 214+0+0 (secure 0 0 0) 0x7f7edc00b960 con 0x7f7eec1a09e0
2026-03-08T23:59:26.552 INFO:teuthology.orchestra.run.vm03.stdout:/usr/bin/ceph: stderr
2026-03-08T23:59:21.199+0000 7f7ee97fa700 1 -- 192.168.123.103:0/2503766564 <== mon.0 v2:192.168.123.103:3300/0 4 ==== mgrmap(e 9) v1 ==== 45291+0+0 (secure 0 0 0) 0x7f7edc0164b0 con 0x7f7eec1a09e0
2026-03-08T23:59:26.552 INFO:teuthology.orchestra.run.vm03.stdout:/usr/bin/ceph: stderr
2026-03-08T23:59:21.200+0000 7f7ee97fa700 1 --2- 192.168.123.103:0/2503766564 >> [v2:192.168.123.103:6800/2,v1:192.168.123.103:6801/2] conn(0x7f7ed4038430 0x7f7ed403a8f0 unknown :-1 s=NONE pgs=0 cs=0 l=1 rev1=0 crypto rx=0 tx=0 comp rx=0 tx=0).connect
2026-03-08T23:59:26.552 INFO:teuthology.orchestra.run.vm03.stdout:/usr/bin/ceph: stderr
2026-03-08T23:59:21.200+0000 7f7eeb7fe700 1 -- 192.168.123.103:0/2503766564 >> [v2:192.168.123.103:6800/2,v1:192.168.123.103:6801/2] conn(0x7f7ed4038430 msgr2=0x7f7ed403a8f0 unknown :-1 s=STATE_CONNECTING_RE l=1).process reconnect failed to v2:192.168.123.103:6800/2
2026-03-08T23:59:26.552 INFO:teuthology.orchestra.run.vm03.stdout:/usr/bin/ceph: stderr
2026-03-08T23:59:21.200+0000 7f7eeb7fe700 1 --2- 192.168.123.103:0/2503766564 >> [v2:192.168.123.103:6800/2,v1:192.168.123.103:6801/2] conn(0x7f7ed4038430 0x7f7ed403a8f0 unknown :-1 s=START_CONNECT pgs=0 cs=0 l=1 rev1=0 crypto rx=0 tx=0 comp rx=0 tx=0)._fault waiting 0.200000
2026-03-08T23:59:26.552 INFO:teuthology.orchestra.run.vm03.stdout:/usr/bin/ceph: stderr
2026-03-08T23:59:21.200+0000 7f7ee97fa700 1 -- 192.168.123.103:0/2503766564 <== mon.0 v2:192.168.123.103:3300/0 5 ==== osd_map(2..2 src has 1..2) v4 ==== 940+0+0 (secure 0 0 0) 0x7f7edc04c630 con 0x7f7eec1a09e0
2026-03-08T23:59:26.552 INFO:teuthology.orchestra.run.vm03.stdout:/usr/bin/ceph: stderr
2026-03-08T23:59:21.200+0000 7f7ef1067700 1 -- 192.168.123.103:0/2503766564 --> [v2:192.168.123.103:6800/2,v1:192.168.123.103:6801/2] -- command(tid 0: {"prefix": "get_command_descriptions"}) v1 -- 0x7f7ed8000d40 con 0x7f7ed4038430
2026-03-08T23:59:26.552 INFO:teuthology.orchestra.run.vm03.stdout:/usr/bin/ceph: stderr
2026-03-08T23:59:21.400+0000 7f7eeb7fe700 1 -- 192.168.123.103:0/2503766564 >> [v2:192.168.123.103:6800/2,v1:192.168.123.103:6801/2] conn(0x7f7ed4038430 msgr2=0x7f7ed403a8f0 unknown :-1 s=STATE_CONNECTING_RE l=1).process reconnect failed to v2:192.168.123.103:6800/2
2026-03-08T23:59:26.552 INFO:teuthology.orchestra.run.vm03.stdout:/usr/bin/ceph: stderr
2026-03-08T23:59:21.400+0000 7f7eeb7fe700 1 --2- 192.168.123.103:0/2503766564 >> [v2:192.168.123.103:6800/2,v1:192.168.123.103:6801/2] conn(0x7f7ed4038430 0x7f7ed403a8f0 unknown :-1 s=START_CONNECT pgs=0 cs=0 l=1 rev1=0 crypto rx=0 tx=0 comp rx=0 tx=0)._fault waiting 0.400000
2026-03-08T23:59:26.552 INFO:teuthology.orchestra.run.vm03.stdout:/usr/bin/ceph: stderr
2026-03-08T23:59:21.800+0000 7f7eeb7fe700 1 -- 192.168.123.103:0/2503766564 >> [v2:192.168.123.103:6800/2,v1:192.168.123.103:6801/2] conn(0x7f7ed4038430 msgr2=0x7f7ed403a8f0 unknown :-1 s=STATE_CONNECTING_RE l=1).process reconnect failed to v2:192.168.123.103:6800/2
2026-03-08T23:59:26.552 INFO:teuthology.orchestra.run.vm03.stdout:/usr/bin/ceph: stderr
2026-03-08T23:59:21.801+0000 7f7eeb7fe700 1 --2- 192.168.123.103:0/2503766564 >> [v2:192.168.123.103:6800/2,v1:192.168.123.103:6801/2] conn(0x7f7ed4038430 0x7f7ed403a8f0 unknown :-1 s=START_CONNECT pgs=0 cs=0 l=1 rev1=0 crypto rx=0 tx=0 comp rx=0 tx=0)._fault waiting 0.800000
2026-03-08T23:59:26.552 INFO:teuthology.orchestra.run.vm03.stdout:/usr/bin/ceph: stderr
2026-03-08T23:59:22.601+0000 7f7eeb7fe700 1 -- 192.168.123.103:0/2503766564 >> [v2:192.168.123.103:6800/2,v1:192.168.123.103:6801/2] conn(0x7f7ed4038430 msgr2=0x7f7ed403a8f0 unknown :-1 s=STATE_CONNECTING_RE l=1).process reconnect failed to v2:192.168.123.103:6800/2
2026-03-08T23:59:26.552 INFO:teuthology.orchestra.run.vm03.stdout:/usr/bin/ceph: stderr
2026-03-08T23:59:22.601+0000 7f7eeb7fe700 1 --2- 192.168.123.103:0/2503766564 >> [v2:192.168.123.103:6800/2,v1:192.168.123.103:6801/2] conn(0x7f7ed4038430 0x7f7ed403a8f0 unknown :-1 s=START_CONNECT pgs=0 cs=0 l=1 rev1=0 crypto rx=0 tx=0 comp rx=0 tx=0)._fault waiting 1.600000
2026-03-08T23:59:26.552 INFO:teuthology.orchestra.run.vm03.stdout:/usr/bin/ceph: stderr
2026-03-08T23:59:24.202+0000 7f7eeb7fe700 1 -- 192.168.123.103:0/2503766564 >> [v2:192.168.123.103:6800/2,v1:192.168.123.103:6801/2] conn(0x7f7ed4038430 msgr2=0x7f7ed403a8f0 unknown :-1 s=STATE_CONNECTING_RE l=1).process reconnect failed to v2:192.168.123.103:6800/2
2026-03-08T23:59:26.552 INFO:teuthology.orchestra.run.vm03.stdout:/usr/bin/ceph: stderr
2026-03-08T23:59:24.202+0000 7f7eeb7fe700 1 --2- 192.168.123.103:0/2503766564 >> [v2:192.168.123.103:6800/2,v1:192.168.123.103:6801/2] conn(0x7f7ed4038430 0x7f7ed403a8f0 unknown :-1 s=START_CONNECT pgs=0 cs=0 l=1 rev1=0 crypto rx=0 tx=0 comp rx=0 tx=0)._fault waiting 3.200000
2026-03-08T23:59:26.552 INFO:teuthology.orchestra.run.vm03.stdout:/usr/bin/ceph: stderr
2026-03-08T23:59:25.484+0000 7f7ee97fa700 1 -- 192.168.123.103:0/2503766564 <== mon.0 v2:192.168.123.103:3300/0 6 ==== mgrmap(e 10) v1 ==== 45058+0+0 (secure 0 0 0) 0x7f7edc029430 con 0x7f7eec1a09e0
2026-03-08T23:59:26.552 INFO:teuthology.orchestra.run.vm03.stdout:/usr/bin/ceph: stderr
2026-03-08T23:59:25.484+0000 7f7ee97fa700 1 -- 192.168.123.103:0/2503766564 >> [v2:192.168.123.103:6800/2,v1:192.168.123.103:6801/2] conn(0x7f7ed4038430 msgr2=0x7f7ed403a8f0 unknown :-1 s=STATE_CONNECTING l=1).mark_down
2026-03-08T23:59:26.552 INFO:teuthology.orchestra.run.vm03.stdout:/usr/bin/ceph: stderr
2026-03-08T23:59:25.484+0000 7f7ee97fa700 1 --2- 192.168.123.103:0/2503766564 >> [v2:192.168.123.103:6800/2,v1:192.168.123.103:6801/2] conn(0x7f7ed4038430 0x7f7ed403a8f0 unknown :-1 s=START_CONNECT pgs=0 cs=0 l=1 rev1=0 crypto rx=0 tx=0 comp rx=0 tx=0).stop
2026-03-08T23:59:26.552 INFO:teuthology.orchestra.run.vm03.stdout:/usr/bin/ceph: stderr
2026-03-08T23:59:26.487+0000 7f7ee97fa700 1 -- 192.168.123.103:0/2503766564 <== mon.0 v2:192.168.123.103:3300/0 7 ==== mgrmap(e 11) v1 ==== 45185+0+0 (secure 0 0 0) 0x7f7edc04d2b0 con 0x7f7eec1a09e0
2026-03-08T23:59:26.552 INFO:teuthology.orchestra.run.vm03.stdout:/usr/bin/ceph: stderr
2026-03-08T23:59:26.487+0000 7f7ee97fa700 1 --2- 192.168.123.103:0/2503766564 >> [v2:192.168.123.103:6800/2,v1:192.168.123.103:6801/2] conn(0x7f7ed4038430 0x7f7ed403a8f0 unknown :-1 s=NONE pgs=0 cs=0 l=1 rev1=0 crypto rx=0 tx=0 comp rx=0 tx=0).connect
2026-03-08T23:59:26.552 INFO:teuthology.orchestra.run.vm03.stdout:/usr/bin/ceph: stderr
2026-03-08T23:59:26.487+0000 7f7ee97fa700 1 -- 192.168.123.103:0/2503766564 --> [v2:192.168.123.103:6800/2,v1:192.168.123.103:6801/2] -- command(tid 0: {"prefix": "get_command_descriptions"}) v1 -- 0x7f7ed8000d40 con 0x7f7ed4038430
2026-03-08T23:59:26.552 INFO:teuthology.orchestra.run.vm03.stdout:/usr/bin/ceph: stderr
2026-03-08T23:59:26.489+0000 7f7eeb7fe700 1 --2- 192.168.123.103:0/2503766564 >> [v2:192.168.123.103:6800/2,v1:192.168.123.103:6801/2] conn(0x7f7ed4038430 0x7f7ed403a8f0 unknown :-1 s=BANNER_CONNECTING pgs=0 cs=0 l=1 rev1=0 crypto rx=0 tx=0 comp rx=0 tx=0)._handle_peer_banner_payload supported=3 required=0
2026-03-08T23:59:26.552 INFO:teuthology.orchestra.run.vm03.stdout:/usr/bin/ceph: stderr
2026-03-08T23:59:26.489+0000 7f7eeb7fe700 1 --2- 192.168.123.103:0/2503766564 >> [v2:192.168.123.103:6800/2,v1:192.168.123.103:6801/2] conn(0x7f7ed4038430 0x7f7ed403a8f0 secure :-1 s=READY pgs=1 cs=0 l=1 rev1=1 crypto rx=0x7f7ee4003d90 tx=0x7f7ee40073f0 comp rx=0 tx=0).ready entity=mgr.14164 client_cookie=0 server_cookie=0 in_seq=0 out_seq=0
2026-03-08T23:59:26.552 INFO:teuthology.orchestra.run.vm03.stdout:/usr/bin/ceph: stderr
2026-03-08T23:59:26.490+0000 7f7ee97fa700 1 -- 192.168.123.103:0/2503766564 <== mgr.14164 v2:192.168.123.103:6800/2 1 ==== command_reply(tid 0: 0 ) v1 ==== 8+0+6910 (secure 0 0 0) 0x7f7ed8000d40 con 0x7f7ed4038430
2026-03-08T23:59:26.552 INFO:teuthology.orchestra.run.vm03.stdout:/usr/bin/ceph: stderr
2026-03-08T23:59:26.493+0000 7f7ef1067700 1 -- 192.168.123.103:0/2503766564 --> [v2:192.168.123.103:6800/2,v1:192.168.123.103:6801/2] -- command(tid 1: {"prefix": "mgr_status"}) v1 -- 0x7f7ed8002800 con 0x7f7ed4038430
2026-03-08T23:59:26.552 INFO:teuthology.orchestra.run.vm03.stdout:/usr/bin/ceph: stderr
2026-03-08T23:59:26.494+0000 7f7ee97fa700 1 -- 192.168.123.103:0/2503766564 <== mgr.14164 v2:192.168.123.103:6800/2 2 ==== command_reply(tid 1: 0 ) v1 ==== 8+0+52 (secure 0 0 0) 0x7f7ed8002800 con 0x7f7ed4038430
2026-03-08T23:59:26.552 INFO:teuthology.orchestra.run.vm03.stdout:/usr/bin/ceph: stderr
2026-03-08T23:59:26.494+0000 7f7ed2ffd700 1 -- 192.168.123.103:0/2503766564 >> [v2:192.168.123.103:6800/2,v1:192.168.123.103:6801/2] conn(0x7f7ed4038430 msgr2=0x7f7ed403a8f0 secure :-1 s=STATE_CONNECTION_ESTABLISHED l=1).mark_down
2026-03-08T23:59:26.552 INFO:teuthology.orchestra.run.vm03.stdout:/usr/bin/ceph: stderr
2026-03-08T23:59:26.494+0000 7f7ed2ffd700 1 --2- 192.168.123.103:0/2503766564 >> [v2:192.168.123.103:6800/2,v1:192.168.123.103:6801/2] conn(0x7f7ed4038430 0x7f7ed403a8f0 secure :-1 s=READY pgs=1 cs=0 l=1 rev1=1 crypto rx=0x7f7ee4003d90 tx=0x7f7ee40073f0 comp rx=0 tx=0).stop
2026-03-08T23:59:26.552 INFO:teuthology.orchestra.run.vm03.stdout:/usr/bin/ceph: stderr
2026-03-08T23:59:26.494+0000 7f7ed2ffd700 1 -- 192.168.123.103:0/2503766564 >> [v2:192.168.123.103:3300/0,v1:192.168.123.103:6789/0] conn(0x7f7eec1a09e0 msgr2=0x7f7eec1a0e00 secure :-1 s=STATE_CONNECTION_ESTABLISHED l=1).mark_down
2026-03-08T23:59:26.552 INFO:teuthology.orchestra.run.vm03.stdout:/usr/bin/ceph: stderr
2026-03-08T23:59:26.495+0000 7f7ed2ffd700 1 --2- 192.168.123.103:0/2503766564 >> [v2:192.168.123.103:3300/0,v1:192.168.123.103:6789/0] conn(0x7f7eec1a09e0 0x7f7eec1a0e00 secure :-1 s=READY pgs=74 cs=0 l=1 rev1=1 crypto rx=0x7f7edc004210 tx=0x7f7edc0042f0 comp rx=0 tx=0).stop
2026-03-08T23:59:26.552 INFO:teuthology.orchestra.run.vm03.stdout:/usr/bin/ceph: stderr
2026-03-08T23:59:26.495+0000 7f7ed2ffd700 1 -- 192.168.123.103:0/2503766564 shutdown_connections
2026-03-08T23:59:26.553 INFO:teuthology.orchestra.run.vm03.stdout:/usr/bin/ceph: stderr
2026-03-08T23:59:26.495+0000 7f7ed2ffd700 1 --2- 192.168.123.103:0/2503766564 >> [v2:192.168.123.103:6800/2,v1:192.168.123.103:6801/2] conn(0x7f7ed4038430 0x7f7ed403a8f0 unknown :-1 s=CLOSED pgs=1 cs=0 l=1 rev1=1 crypto rx=0 tx=0 comp rx=0 tx=0).stop
2026-03-08T23:59:26.553 INFO:teuthology.orchestra.run.vm03.stdout:/usr/bin/ceph: stderr
2026-03-08T23:59:26.495+0000 7f7ed2ffd700 1 --2- 192.168.123.103:0/2503766564 >> [v2:192.168.123.103:3300/0,v1:192.168.123.103:6789/0] conn(0x7f7eec1a09e0 0x7f7eec1a0e00 unknown :-1 s=CLOSED pgs=74 cs=0 l=1 rev1=1 crypto rx=0 tx=0 comp rx=0 tx=0).stop
2026-03-08T23:59:26.553 INFO:teuthology.orchestra.run.vm03.stdout:/usr/bin/ceph: stderr
2026-03-08T23:59:26.495+0000 7f7ed2ffd700 1 -- 192.168.123.103:0/2503766564 >> 192.168.123.103:0/2503766564 conn(0x7f7eec06d320 msgr2=0x7f7eec06ddd0 unknown :-1 s=STATE_NONE l=0).mark_down
2026-03-08T23:59:26.553 INFO:teuthology.orchestra.run.vm03.stdout:/usr/bin/ceph: stderr
2026-03-08T23:59:26.495+0000 7f7ed2ffd700 1 -- 192.168.123.103:0/2503766564 shutdown_connections
2026-03-08T23:59:26.553 INFO:teuthology.orchestra.run.vm03.stdout:/usr/bin/ceph: stderr
2026-03-08T23:59:26.495+0000 7f7ed2ffd700 1 -- 192.168.123.103:0/2503766564 wait complete.
2026-03-08T23:59:26.553 INFO:teuthology.orchestra.run.vm03.stdout:mgr epoch 9 is available
2026-03-08T23:59:26.553 INFO:teuthology.orchestra.run.vm03.stdout:Generating a dashboard self-signed certificate...
2026-03-08T23:59:26.810 INFO:journalctl@ceph.mon.vm03.vm03.stdout:Mar 08 23:59:26 vm03 ceph-mon[52346]: from='mgr.14164 192.168.123.103:0/2' entity='mgr.vm03.yvcons' cmd=[{"prefix":"config rm","who":"mgr","name":"mgr/rbd_support/vm03.yvcons/mirror_snapshot_schedule"}]: dispatch
2026-03-08T23:59:26.811 INFO:journalctl@ceph.mon.vm03.vm03.stdout:Mar 08 23:59:26 vm03 ceph-mon[52346]: from='mgr.14164 192.168.123.103:0/2' entity='mgr.vm03.yvcons' cmd=[{"prefix":"config rm","who":"mgr","name":"mgr/rbd_support/vm03.yvcons/trash_purge_schedule"}]: dispatch
2026-03-08T23:59:26.811 INFO:journalctl@ceph.mon.vm03.vm03.stdout:Mar 08 23:59:26 vm03 ceph-mon[52346]: from='mgr.14164 192.168.123.103:0/2' entity='mgr.vm03.yvcons'
2026-03-08T23:59:26.811 INFO:journalctl@ceph.mon.vm03.vm03.stdout:Mar 08 23:59:26 vm03 ceph-mon[52346]: mgrmap e11: vm03.yvcons(active, since 1.04976s)
2026-03-08T23:59:26.866 INFO:teuthology.orchestra.run.vm03.stdout:/usr/bin/ceph: stdout Self-signed certificate created
2026-03-08T23:59:26.866 INFO:teuthology.orchestra.run.vm03.stdout:/usr/bin/ceph: stderr
2026-03-08T23:59:26.683+0000 7ff3a5aa9700 1 Processor -- start
2026-03-08T23:59:26.866 INFO:teuthology.orchestra.run.vm03.stdout:/usr/bin/ceph: stderr
2026-03-08T23:59:26.683+0000 7ff3a5aa9700 1 -- start start
2026-03-08T23:59:26.866 INFO:teuthology.orchestra.run.vm03.stdout:/usr/bin/ceph: stderr
2026-03-08T23:59:26.683+0000 7ff3a5aa9700 1 --2- >> [v2:192.168.123.103:3300/0,v1:192.168.123.103:6789/0] conn(0x7ff3a00721d0 0x7ff3a00725f0 unknown :-1 s=NONE pgs=0 cs=0 l=0 rev1=0 crypto rx=0 tx=0 comp rx=0 tx=0).connect
2026-03-08T23:59:26.866 INFO:teuthology.orchestra.run.vm03.stdout:/usr/bin/ceph: stderr
2026-03-08T23:59:26.683+0000 7ff3a5aa9700 1 -- --> [v2:192.168.123.103:3300/0,v1:192.168.123.103:6789/0] -- mon_getmap magic: 0 v1 -- 0x7ff3a0072bc0 con 0x7ff3a00721d0
2026-03-08T23:59:26.866 INFO:teuthology.orchestra.run.vm03.stdout:/usr/bin/ceph: stderr
2026-03-08T23:59:26.684+0000 7ff3a4aa7700 1 --2- >> [v2:192.168.123.103:3300/0,v1:192.168.123.103:6789/0] conn(0x7ff3a00721d0 0x7ff3a00725f0 unknown :-1 s=BANNER_CONNECTING pgs=0 cs=0 l=0 rev1=0 crypto rx=0 tx=0 comp rx=0 tx=0)._handle_peer_banner_payload supported=3 required=0
2026-03-08T23:59:26.866 INFO:teuthology.orchestra.run.vm03.stdout:/usr/bin/ceph: stderr
2026-03-08T23:59:26.684+0000 7ff3a4aa7700 1 --2- >> [v2:192.168.123.103:3300/0,v1:192.168.123.103:6789/0] conn(0x7ff3a00721d0 0x7ff3a00725f0 unknown :-1 s=HELLO_CONNECTING pgs=0 cs=0 l=0 rev1=1 crypto rx=0 tx=0 comp rx=0 tx=0).handle_hello peer v2:192.168.123.103:3300/0 says I am v2:192.168.123.103:41016/0 (socket says 192.168.123.103:41016)
2026-03-08T23:59:26.866 INFO:teuthology.orchestra.run.vm03.stdout:/usr/bin/ceph: stderr
2026-03-08T23:59:26.684+0000 7ff3a4aa7700 1 -- 192.168.123.103:0/2913149480 learned_addr learned my addr 192.168.123.103:0/2913149480 (peer_addr_for_me v2:192.168.123.103:0/0)
2026-03-08T23:59:26.866 INFO:teuthology.orchestra.run.vm03.stdout:/usr/bin/ceph: stderr
2026-03-08T23:59:26.684+0000 7ff3a4aa7700 1 -- 192.168.123.103:0/2913149480 --> [v2:192.168.123.103:3300/0,v1:192.168.123.103:6789/0] -- mon_subscribe({config=0+,monmap=0+}) v3 -- 0x7ff3a010e1c0 con 0x7ff3a00721d0
2026-03-08T23:59:26.866 INFO:teuthology.orchestra.run.vm03.stdout:/usr/bin/ceph: stderr
2026-03-08T23:59:26.684+0000 7ff3a4aa7700 1 --2- 192.168.123.103:0/2913149480 >> [v2:192.168.123.103:3300/0,v1:192.168.123.103:6789/0] conn(0x7ff3a00721d0 0x7ff3a00725f0 secure :-1 s=READY pgs=82 cs=0 l=1 rev1=1 crypto rx=0x7ff390009480 tx=0x7ff390009790 comp rx=0 tx=0).ready entity=mon.0 client_cookie=23e4ea3c04091176 server_cookie=0 in_seq=0 out_seq=0
2026-03-08T23:59:26.866 INFO:teuthology.orchestra.run.vm03.stdout:/usr/bin/ceph: stderr
2026-03-08T23:59:26.684+0000 7ff39f7fe700 1 -- 192.168.123.103:0/2913149480 <== mon.0 v2:192.168.123.103:3300/0 1 ==== mon_map magic: 0 v1 ==== 214+0+0 (secure 0 0 0) 0x7ff390004030 con 0x7ff3a00721d0
2026-03-08T23:59:26.866 INFO:teuthology.orchestra.run.vm03.stdout:/usr/bin/ceph: stderr
2026-03-08T23:59:26.684+0000 7ff39f7fe700 1 -- 192.168.123.103:0/2913149480 <== mon.0 v2:192.168.123.103:3300/0 2 ==== config(28 keys) v1 ==== 1139+0+0 (secure 0 0 0) 0x7ff39000c8f0 con 0x7ff3a00721d0
2026-03-08T23:59:26.866 INFO:teuthology.orchestra.run.vm03.stdout:/usr/bin/ceph: stderr
2026-03-08T23:59:26.685+0000 7ff3a5aa9700 1 -- 192.168.123.103:0/2913149480 >> [v2:192.168.123.103:3300/0,v1:192.168.123.103:6789/0] conn(0x7ff3a00721d0 msgr2=0x7ff3a00725f0 secure :-1 s=STATE_CONNECTION_ESTABLISHED l=1).mark_down
2026-03-08T23:59:26.866 INFO:teuthology.orchestra.run.vm03.stdout:/usr/bin/ceph: stderr
2026-03-08T23:59:26.685+0000 7ff3a5aa9700 1 --2- 192.168.123.103:0/2913149480 >> [v2:192.168.123.103:3300/0,v1:192.168.123.103:6789/0] conn(0x7ff3a00721d0 0x7ff3a00725f0 secure :-1 s=READY pgs=82 cs=0 l=1 rev1=1 crypto rx=0x7ff390009480 tx=0x7ff390009790 comp rx=0 tx=0).stop
2026-03-08T23:59:26.866 INFO:teuthology.orchestra.run.vm03.stdout:/usr/bin/ceph: stderr
2026-03-08T23:59:26.685+0000 7ff3a5aa9700 1 -- 192.168.123.103:0/2913149480 shutdown_connections
2026-03-08T23:59:26.866 INFO:teuthology.orchestra.run.vm03.stdout:/usr/bin/ceph: stderr
2026-03-08T23:59:26.685+0000 7ff3a5aa9700 1 --2- 192.168.123.103:0/2913149480 >> [v2:192.168.123.103:3300/0,v1:192.168.123.103:6789/0] conn(0x7ff3a00721d0 0x7ff3a00725f0 unknown :-1 s=CLOSED pgs=82 cs=0 l=1 rev1=1 crypto rx=0 tx=0 comp rx=0 tx=0).stop
2026-03-08T23:59:26.866 INFO:teuthology.orchestra.run.vm03.stdout:/usr/bin/ceph: stderr
2026-03-08T23:59:26.685+0000 7ff3a5aa9700 1 -- 192.168.123.103:0/2913149480 >> 192.168.123.103:0/2913149480 conn(0x7ff3a006d320 msgr2=0x7ff3a006f760 unknown :-1 s=STATE_NONE l=0).mark_down
2026-03-08T23:59:26.866 INFO:teuthology.orchestra.run.vm03.stdout:/usr/bin/ceph: stderr
2026-03-08T23:59:26.685+0000 7ff3a5aa9700 1 -- 192.168.123.103:0/2913149480 shutdown_connections
2026-03-08T23:59:26.866 INFO:teuthology.orchestra.run.vm03.stdout:/usr/bin/ceph: stderr
2026-03-08T23:59:26.685+0000 7ff3a5aa9700 1 -- 192.168.123.103:0/2913149480 wait complete.
2026-03-08T23:59:26.866 INFO:teuthology.orchestra.run.vm03.stdout:/usr/bin/ceph: stderr
2026-03-08T23:59:26.685+0000 7ff3a5aa9700 1 Processor -- start
2026-03-08T23:59:26.866 INFO:teuthology.orchestra.run.vm03.stdout:/usr/bin/ceph: stderr
2026-03-08T23:59:26.686+0000 7ff3a5aa9700 1 -- start start
2026-03-08T23:59:26.866 INFO:teuthology.orchestra.run.vm03.stdout:/usr/bin/ceph: stderr
2026-03-08T23:59:26.686+0000 7ff3a5aa9700 1 --2- >> [v2:192.168.123.103:3300/0,v1:192.168.123.103:6789/0] conn(0x7ff3a01a09b0 0x7ff3a01a0dd0 unknown :-1 s=NONE pgs=0 cs=0 l=1 rev1=0 crypto rx=0 tx=0 comp rx=0 tx=0).connect
2026-03-08T23:59:26.866 INFO:teuthology.orchestra.run.vm03.stdout:/usr/bin/ceph: stderr
2026-03-08T23:59:26.686+0000 7ff3a5aa9700 1 -- --> [v2:192.168.123.103:3300/0,v1:192.168.123.103:6789/0] -- mon_getmap magic: 0 v1 -- 0x7ff390013070 con 0x7ff3a01a09b0
2026-03-08T23:59:26.866 INFO:teuthology.orchestra.run.vm03.stdout:/usr/bin/ceph: stderr
2026-03-08T23:59:26.686+0000 7ff3a4aa7700 1 --2- >> [v2:192.168.123.103:3300/0,v1:192.168.123.103:6789/0] conn(0x7ff3a01a09b0 0x7ff3a01a0dd0 unknown :-1 s=BANNER_CONNECTING pgs=0 cs=0 l=1 rev1=0 crypto rx=0 tx=0 comp rx=0 tx=0)._handle_peer_banner_payload supported=3 required=0
2026-03-08T23:59:26.866 INFO:teuthology.orchestra.run.vm03.stdout:/usr/bin/ceph: stderr
2026-03-08T23:59:26.686+0000 7ff3a4aa7700 1 --2- >> [v2:192.168.123.103:3300/0,v1:192.168.123.103:6789/0] conn(0x7ff3a01a09b0 0x7ff3a01a0dd0 unknown :-1 s=HELLO_CONNECTING pgs=0 cs=0 l=1 rev1=1 crypto rx=0 tx=0 comp rx=0 tx=0).handle_hello peer v2:192.168.123.103:3300/0 says I am v2:192.168.123.103:41022/0 (socket says 192.168.123.103:41022)
2026-03-08T23:59:26.866 INFO:teuthology.orchestra.run.vm03.stdout:/usr/bin/ceph: stderr
2026-03-08T23:59:26.686+0000 7ff3a4aa7700 1 -- 192.168.123.103:0/1989606798 learned_addr learned my addr 192.168.123.103:0/1989606798 (peer_addr_for_me v2:192.168.123.103:0/0)
2026-03-08T23:59:26.866 INFO:teuthology.orchestra.run.vm03.stdout:/usr/bin/ceph: stderr
2026-03-08T23:59:26.686+0000 7ff3a4aa7700 1 -- 192.168.123.103:0/1989606798 --> [v2:192.168.123.103:3300/0,v1:192.168.123.103:6789/0] -- mon_subscribe({config=0+,monmap=0+}) v3 -- 0x7ff390009160 con 0x7ff3a01a09b0
2026-03-08T23:59:26.866 INFO:teuthology.orchestra.run.vm03.stdout:/usr/bin/ceph: stderr
2026-03-08T23:59:26.686+0000 7ff3a4aa7700 1 --2- 192.168.123.103:0/1989606798 >> [v2:192.168.123.103:3300/0,v1:192.168.123.103:6789/0] conn(0x7ff3a01a09b0 0x7ff3a01a0dd0 secure :-1 s=READY pgs=83 cs=0 l=1 rev1=1 crypto rx=0x7ff3900038d0 tx=0x7ff390003e60 comp rx=0 tx=0).ready entity=mon.0 client_cookie=0 server_cookie=0 in_seq=0 out_seq=0
2026-03-08T23:59:26.866 INFO:teuthology.orchestra.run.vm03.stdout:/usr/bin/ceph: stderr
2026-03-08T23:59:26.686+0000 7ff39dffb700 1 -- 192.168.123.103:0/1989606798 <== mon.0 v2:192.168.123.103:3300/0 1 ==== mon_map magic: 0 v1 ==== 214+0+0 (secure 0 0 0) 0x7ff3900040b0 con 0x7ff3a01a09b0
2026-03-08T23:59:26.866 INFO:teuthology.orchestra.run.vm03.stdout:/usr/bin/ceph: stderr
2026-03-08T23:59:26.686+0000 7ff39dffb700 1 -- 192.168.123.103:0/1989606798 <== mon.0 v2:192.168.123.103:3300/0 2 ==== config(28 keys) v1 ==== 1139+0+0 (secure 0 0 0) 0x7ff39001c070 con 0x7ff3a01a09b0
2026-03-08T23:59:26.866 INFO:teuthology.orchestra.run.vm03.stdout:/usr/bin/ceph: stderr
2026-03-08T23:59:26.686+0000 7ff39dffb700 1 -- 192.168.123.103:0/1989606798 <== mon.0 v2:192.168.123.103:3300/0 3 ==== mon_map magic: 0 v1 ==== 214+0+0 (secure 0 0 0) 0x7ff3900183f0 con 0x7ff3a01a09b0
2026-03-08T23:59:26.866 INFO:teuthology.orchestra.run.vm03.stdout:/usr/bin/ceph: stderr
2026-03-08T23:59:26.686+0000 7ff3a5aa9700 1 -- 192.168.123.103:0/1989606798 --> [v2:192.168.123.103:3300/0,v1:192.168.123.103:6789/0] -- mon_subscribe({mgrmap=0+}) v3 -- 0x7ff3a01a1310 con 0x7ff3a01a09b0
2026-03-08T23:59:26.866 INFO:teuthology.orchestra.run.vm03.stdout:/usr/bin/ceph: stderr
2026-03-08T23:59:26.686+0000 7ff3a5aa9700 1 -- 192.168.123.103:0/1989606798 --> [v2:192.168.123.103:3300/0,v1:192.168.123.103:6789/0] -- mon_subscribe({osdmap=0}) v3 -- 0x7ff3a01a3f90 con 0x7ff3a01a09b0
2026-03-08T23:59:26.866 INFO:teuthology.orchestra.run.vm03.stdout:/usr/bin/ceph: stderr
2026-03-08T23:59:26.687+0000 7ff3a5aa9700 1 -- 192.168.123.103:0/1989606798 --> [v2:192.168.123.103:3300/0,v1:192.168.123.103:6789/0] -- mon_command({"prefix": "get_command_descriptions"} v 0) v1 -- 0x7ff3a00623c0 con 0x7ff3a01a09b0
2026-03-08T23:59:26.867 INFO:teuthology.orchestra.run.vm03.stdout:/usr/bin/ceph: stderr
2026-03-08T23:59:26.690+0000 7ff39dffb700 1 -- 192.168.123.103:0/1989606798 <== mon.0 v2:192.168.123.103:3300/0 4 ==== mgrmap(e 11) v1 ==== 45185+0+0 (secure 0 0 0) 0x7ff39001e030 con 0x7ff3a01a09b0
2026-03-08T23:59:26.867 INFO:teuthology.orchestra.run.vm03.stdout:/usr/bin/ceph: stderr
2026-03-08T23:59:26.690+0000 7ff39dffb700 1 --2- 192.168.123.103:0/1989606798 >> [v2:192.168.123.103:6800/2,v1:192.168.123.103:6801/2] conn(0x7ff388038310 0x7ff38803a7d0 unknown :-1 s=NONE pgs=0 cs=0 l=1 rev1=0 crypto rx=0 tx=0 comp rx=0 tx=0).connect
2026-03-08T23:59:26.867 INFO:teuthology.orchestra.run.vm03.stdout:/usr/bin/ceph: stderr
2026-03-08T23:59:26.690+0000 7ff39dffb700 1 -- 192.168.123.103:0/1989606798 <== mon.0 v2:192.168.123.103:3300/0 5 ==== osd_map(3..3 src has 1..3) v4 ==== 1069+0+0 (secure 0 0 0) 0x7ff39002f080 con 0x7ff3a01a09b0
2026-03-08T23:59:26.867 INFO:teuthology.orchestra.run.vm03.stdout:/usr/bin/ceph: stderr
2026-03-08T23:59:26.692+0000 7ff39ffff700 1 --2- 192.168.123.103:0/1989606798 >> [v2:192.168.123.103:6800/2,v1:192.168.123.103:6801/2] conn(0x7ff388038310 0x7ff38803a7d0 unknown :-1 s=BANNER_CONNECTING pgs=0 cs=0 l=1 rev1=0 crypto rx=0 tx=0 comp rx=0 tx=0)._handle_peer_banner_payload supported=3 required=0
2026-03-08T23:59:26.867 INFO:teuthology.orchestra.run.vm03.stdout:/usr/bin/ceph: stderr
2026-03-08T23:59:26.692+0000 7ff39ffff700 1 --2- 192.168.123.103:0/1989606798 >> [v2:192.168.123.103:6800/2,v1:192.168.123.103:6801/2] conn(0x7ff388038310 0x7ff38803a7d0 secure :-1 s=READY pgs=7 cs=0 l=1 rev1=1 crypto rx=0x7ff39800ad30 tx=0x7ff3980093f0 comp rx=0 tx=0).ready entity=mgr.14164 client_cookie=0 server_cookie=0 in_seq=0 out_seq=0
2026-03-08T23:59:26.867 INFO:teuthology.orchestra.run.vm03.stdout:/usr/bin/ceph: stderr
2026-03-08T23:59:26.692+0000 7ff39dffb700 1 -- 192.168.123.103:0/1989606798 <== mon.0 v2:192.168.123.103:3300/0 6 ==== mon_command_ack([{"prefix": "get_command_descriptions"}]=0 v0) v1 ==== 72+0+180422 (secure 0 0 0) 0x7ff390018550 con 0x7ff3a01a09b0
2026-03-08T23:59:26.867 INFO:teuthology.orchestra.run.vm03.stdout:/usr/bin/ceph: stderr
2026-03-08T23:59:26.807+0000 7ff3a5aa9700 1 -- 192.168.123.103:0/1989606798 --> [v2:192.168.123.103:6800/2,v1:192.168.123.103:6801/2] -- mgr_command(tid 0: {"prefix": "dashboard create-self-signed-cert", "target": ["mon-mgr", ""]}) v1 -- 0x7ff3a006e4a0 con 0x7ff388038310
2026-03-08T23:59:26.867 INFO:teuthology.orchestra.run.vm03.stdout:/usr/bin/ceph: stderr
2026-03-08T23:59:26.833+0000 7ff39dffb700 1 -- 192.168.123.103:0/1989606798 <== mgr.14164 v2:192.168.123.103:6800/2 1 ==== mgr_command_reply(tid 0: 0 ) v1 ==== 8+0+32 (secure 0 0 0) 0x7ff3a006e4a0 con 0x7ff388038310
2026-03-08T23:59:26.867 INFO:teuthology.orchestra.run.vm03.stdout:/usr/bin/ceph: stderr
2026-03-08T23:59:26.835+0000 7ff3a5aa9700 1 -- 192.168.123.103:0/1989606798 >> [v2:192.168.123.103:6800/2,v1:192.168.123.103:6801/2] conn(0x7ff388038310 msgr2=0x7ff38803a7d0 secure :-1 s=STATE_CONNECTION_ESTABLISHED l=1).mark_down
2026-03-08T23:59:26.867 INFO:teuthology.orchestra.run.vm03.stdout:/usr/bin/ceph: stderr
2026-03-08T23:59:26.835+0000 7ff3a5aa9700 1 --2- 192.168.123.103:0/1989606798 >> [v2:192.168.123.103:6800/2,v1:192.168.123.103:6801/2] conn(0x7ff388038310 0x7ff38803a7d0 secure :-1 s=READY pgs=7 cs=0 l=1 rev1=1 crypto rx=0x7ff39800ad30 tx=0x7ff3980093f0 comp rx=0 tx=0).stop
2026-03-08T23:59:26.867 INFO:teuthology.orchestra.run.vm03.stdout:/usr/bin/ceph: stderr
2026-03-08T23:59:26.836+0000 7ff3a5aa9700 1 -- 192.168.123.103:0/1989606798 >> [v2:192.168.123.103:3300/0,v1:192.168.123.103:6789/0] conn(0x7ff3a01a09b0 msgr2=0x7ff3a01a0dd0 secure :-1 s=STATE_CONNECTION_ESTABLISHED l=1).mark_down
2026-03-08T23:59:26.867 INFO:teuthology.orchestra.run.vm03.stdout:/usr/bin/ceph: stderr
2026-03-08T23:59:26.836+0000 7ff3a5aa9700 1 --2- 192.168.123.103:0/1989606798 >> [v2:192.168.123.103:3300/0,v1:192.168.123.103:6789/0] conn(0x7ff3a01a09b0 0x7ff3a01a0dd0 secure :-1 s=READY pgs=83 cs=0 l=1 rev1=1 crypto rx=0x7ff3900038d0 tx=0x7ff390003e60 comp rx=0 tx=0).stop
2026-03-08T23:59:26.867 INFO:teuthology.orchestra.run.vm03.stdout:/usr/bin/ceph: stderr
2026-03-08T23:59:26.836+0000 7ff3a5aa9700 1 -- 192.168.123.103:0/1989606798 shutdown_connections
2026-03-08T23:59:26.867 INFO:teuthology.orchestra.run.vm03.stdout:/usr/bin/ceph: stderr
2026-03-08T23:59:26.836+0000 7ff3a5aa9700 1 --2- 192.168.123.103:0/1989606798 >> [v2:192.168.123.103:6800/2,v1:192.168.123.103:6801/2] conn(0x7ff388038310 0x7ff38803a7d0 unknown :-1 s=CLOSED pgs=7 cs=0 l=1 rev1=1 crypto rx=0 tx=0 comp rx=0 tx=0).stop
2026-03-08T23:59:26.867 INFO:teuthology.orchestra.run.vm03.stdout:/usr/bin/ceph: stderr
2026-03-08T23:59:26.836+0000 7ff3a5aa9700 1 --2- 192.168.123.103:0/1989606798 >> [v2:192.168.123.103:3300/0,v1:192.168.123.103:6789/0] conn(0x7ff3a01a09b0 0x7ff3a01a0dd0 unknown :-1 s=CLOSED pgs=83 cs=0 l=1 rev1=1 crypto rx=0 tx=0 comp rx=0 tx=0).stop
2026-03-08T23:59:26.867 INFO:teuthology.orchestra.run.vm03.stdout:/usr/bin/ceph: stderr
2026-03-08T23:59:26.836+0000 7ff3a5aa9700 1 -- 192.168.123.103:0/1989606798 >> 192.168.123.103:0/1989606798 conn(0x7ff3a006d320 msgr2=0x7ff3a006dd90 unknown :-1 s=STATE_NONE l=0).mark_down
2026-03-08T23:59:26.867 INFO:teuthology.orchestra.run.vm03.stdout:/usr/bin/ceph: stderr
2026-03-08T23:59:26.836+0000 7ff3a5aa9700 1 -- 192.168.123.103:0/1989606798 shutdown_connections
2026-03-08T23:59:26.867 INFO:teuthology.orchestra.run.vm03.stdout:/usr/bin/ceph: stderr
2026-03-08T23:59:26.836+0000 7ff3a5aa9700 1 -- 192.168.123.103:0/1989606798 wait complete.
2026-03-08T23:59:26.867 INFO:teuthology.orchestra.run.vm03.stdout:Creating initial admin user...
2026-03-08T23:59:27.404 INFO:teuthology.orchestra.run.vm03.stdout:/usr/bin/ceph: stdout {"username": "admin", "password": "$2b$12$eX7F0ErS49/NYZkVJxrht.9Jfi7jrVs0umO6pexwAeHpNfko4LnSa", "roles": ["administrator"], "name": null, "email": null, "lastUpdate": 1773014367, "enabled": true, "pwdExpirationDate": null, "pwdUpdateRequired": true}
2026-03-08T23:59:27.404 INFO:teuthology.orchestra.run.vm03.stdout:/usr/bin/ceph: stderr
2026-03-08T23:59:27.017+0000 7f73c20f7700 1 Processor -- start
2026-03-08T23:59:27.404 INFO:teuthology.orchestra.run.vm03.stdout:/usr/bin/ceph: stderr
2026-03-08T23:59:27.017+0000 7f73c20f7700 1 -- start start
2026-03-08T23:59:27.404 INFO:teuthology.orchestra.run.vm03.stdout:/usr/bin/ceph: stderr
2026-03-08T23:59:27.017+0000 7f73c20f7700 1 --2- >> [v2:192.168.123.103:3300/0,v1:192.168.123.103:6789/0] conn(0x7f73bc0721d0 0x7f73bc0725f0 unknown :-1 s=NONE pgs=0 cs=0 l=0 rev1=0 crypto rx=0 tx=0 comp rx=0 tx=0).connect
2026-03-08T23:59:27.404 INFO:teuthology.orchestra.run.vm03.stdout:/usr/bin/ceph: stderr
2026-03-08T23:59:27.017+0000 7f73c20f7700 1 -- --> [v2:192.168.123.103:3300/0,v1:192.168.123.103:6789/0] -- mon_getmap magic: 0 v1 -- 0x7f73bc072bc0 con 0x7f73bc0721d0
2026-03-08T23:59:27.404 INFO:teuthology.orchestra.run.vm03.stdout:/usr/bin/ceph: stderr
2026-03-08T23:59:27.017+0000 7f73c10f5700 1 --2- >> [v2:192.168.123.103:3300/0,v1:192.168.123.103:6789/0] conn(0x7f73bc0721d0 0x7f73bc0725f0 unknown :-1 s=BANNER_CONNECTING pgs=0 cs=0 l=0 rev1=0 crypto rx=0 tx=0 comp rx=0 tx=0)._handle_peer_banner_payload supported=3 required=0
2026-03-08T23:59:27.404 INFO:teuthology.orchestra.run.vm03.stdout:/usr/bin/ceph: stderr
2026-03-08T23:59:27.018+0000 7f73c10f5700 1 --2- >> [v2:192.168.123.103:3300/0,v1:192.168.123.103:6789/0] conn(0x7f73bc0721d0 0x7f73bc0725f0 unknown :-1 s=HELLO_CONNECTING pgs=0 cs=0 l=0 rev1=1 crypto rx=0 tx=0 comp rx=0 tx=0).handle_hello peer v2:192.168.123.103:3300/0 says I am v2:192.168.123.103:41026/0 (socket says 192.168.123.103:41026)
2026-03-08T23:59:27.404 INFO:teuthology.orchestra.run.vm03.stdout:/usr/bin/ceph: stderr
2026-03-08T23:59:27.018+0000 7f73c10f5700 1 -- 192.168.123.103:0/2231769045 learned_addr learned my addr 192.168.123.103:0/2231769045 (peer_addr_for_me v2:192.168.123.103:0/0)
2026-03-08T23:59:27.404 INFO:teuthology.orchestra.run.vm03.stdout:/usr/bin/ceph: stderr
2026-03-08T23:59:27.018+0000 7f73c10f5700 1 -- 192.168.123.103:0/2231769045 --> [v2:192.168.123.103:3300/0,v1:192.168.123.103:6789/0] -- mon_subscribe({config=0+,monmap=0+}) v3 -- 0x7f73bc10e1c0 con 0x7f73bc0721d0
2026-03-08T23:59:27.405 INFO:teuthology.orchestra.run.vm03.stdout:/usr/bin/ceph: stderr
2026-03-08T23:59:27.018+0000 7f73c10f5700 1 --2- 192.168.123.103:0/2231769045 >> [v2:192.168.123.103:3300/0,v1:192.168.123.103:6789/0] conn(0x7f73bc0721d0 0x7f73bc0725f0 secure :-1 s=READY pgs=84 cs=0 l=1 rev1=1 crypto rx=0x7f73b8009a90 tx=0x7f73b8009da0 comp rx=0 tx=0).ready entity=mon.0 client_cookie=82a532b74cb69f73 server_cookie=0 in_seq=0 out_seq=0
2026-03-08T23:59:27.405 INFO:teuthology.orchestra.run.vm03.stdout:/usr/bin/ceph: stderr
2026-03-08T23:59:27.019+0000 7f73b3fff700 1 -- 192.168.123.103:0/2231769045 <== mon.0 v2:192.168.123.103:3300/0 1 ==== mon_map magic: 0 v1 ==== 214+0+0 (secure 0 0 0) 0x7f73b8004030 con 0x7f73bc0721d0
2026-03-08T23:59:27.405 INFO:teuthology.orchestra.run.vm03.stdout:/usr/bin/ceph: stderr
2026-03-08T23:59:27.019+0000 7f73b3fff700 1 -- 192.168.123.103:0/2231769045 <== mon.0 v2:192.168.123.103:3300/0 2 ==== config(28 keys) v1 ==== 1139+0+0 (secure 0 0 0) 0x7f73b800b7e0 con 0x7f73bc0721d0
2026-03-08T23:59:27.405 INFO:teuthology.orchestra.run.vm03.stdout:/usr/bin/ceph: stderr
2026-03-08T23:59:27.019+0000 7f73c20f7700 1 -- 192.168.123.103:0/2231769045 >> [v2:192.168.123.103:3300/0,v1:192.168.123.103:6789/0] conn(0x7f73bc0721d0 msgr2=0x7f73bc0725f0 secure :-1 s=STATE_CONNECTION_ESTABLISHED l=1).mark_down
2026-03-08T23:59:27.405 INFO:teuthology.orchestra.run.vm03.stdout:/usr/bin/ceph: stderr
2026-03-08T23:59:27.019+0000 7f73c20f7700 1 --2- 192.168.123.103:0/2231769045 >> [v2:192.168.123.103:3300/0,v1:192.168.123.103:6789/0] conn(0x7f73bc0721d0 0x7f73bc0725f0 secure :-1 s=READY pgs=84 cs=0 l=1 rev1=1 crypto rx=0x7f73b8009a90 tx=0x7f73b8009da0 comp rx=0 tx=0).stop
2026-03-08T23:59:27.405 INFO:teuthology.orchestra.run.vm03.stdout:/usr/bin/ceph: stderr
2026-03-08T23:59:27.019+0000 7f73c20f7700 1 -- 192.168.123.103:0/2231769045 shutdown_connections
2026-03-08T23:59:27.405 INFO:teuthology.orchestra.run.vm03.stdout:/usr/bin/ceph: stderr
2026-03-08T23:59:27.019+0000 7f73c20f7700 1 --2- 192.168.123.103:0/2231769045 >> [v2:192.168.123.103:3300/0,v1:192.168.123.103:6789/0] conn(0x7f73bc0721d0 0x7f73bc0725f0 unknown :-1 s=CLOSED pgs=84 cs=0 l=1 rev1=1 crypto rx=0 tx=0 comp rx=0 tx=0).stop
2026-03-08T23:59:27.405 INFO:teuthology.orchestra.run.vm03.stdout:/usr/bin/ceph: stderr
2026-03-08T23:59:27.019+0000 7f73c20f7700 1 -- 192.168.123.103:0/2231769045 >> 192.168.123.103:0/2231769045 conn(0x7f73bc06d320 msgr2=0x7f73bc06f760 unknown :-1 s=STATE_NONE l=0).mark_down
2026-03-08T23:59:27.405 INFO:teuthology.orchestra.run.vm03.stdout:/usr/bin/ceph: stderr
2026-03-08T23:59:27.020+0000 7f73c20f7700 1 -- 192.168.123.103:0/2231769045 shutdown_connections
2026-03-08T23:59:27.405 INFO:teuthology.orchestra.run.vm03.stdout:/usr/bin/ceph: stderr
2026-03-08T23:59:27.020+0000 7f73c20f7700 1 -- 192.168.123.103:0/2231769045 wait complete.
2026-03-08T23:59:27.405 INFO:teuthology.orchestra.run.vm03.stdout:/usr/bin/ceph: stderr
2026-03-08T23:59:27.020+0000 7f73c20f7700 1 Processor -- start
2026-03-08T23:59:27.405 INFO:teuthology.orchestra.run.vm03.stdout:/usr/bin/ceph: stderr
2026-03-08T23:59:27.020+0000 7f73c20f7700 1 -- start start
2026-03-08T23:59:27.405 INFO:teuthology.orchestra.run.vm03.stdout:/usr/bin/ceph: stderr
2026-03-08T23:59:27.020+0000 7f73c20f7700 1 --2- >> [v2:192.168.123.103:3300/0,v1:192.168.123.103:6789/0] conn(0x7f73bc1a09a0 0x7f73bc1a0dc0 unknown :-1 s=NONE pgs=0 cs=0 l=1 rev1=0 crypto rx=0 tx=0 comp rx=0 tx=0).connect
2026-03-08T23:59:27.405 INFO:teuthology.orchestra.run.vm03.stdout:/usr/bin/ceph: stderr
2026-03-08T23:59:27.020+0000 7f73c20f7700 1 -- --> [v2:192.168.123.103:3300/0,v1:192.168.123.103:6789/0] -- mon_getmap magic: 0 v1 -- 0x7f73b8003a00 con 0x7f73bc1a09a0
2026-03-08T23:59:27.405 INFO:teuthology.orchestra.run.vm03.stdout:/usr/bin/ceph: stderr
2026-03-08T23:59:27.021+0000 7f73c10f5700 1 --2- >> [v2:192.168.123.103:3300/0,v1:192.168.123.103:6789/0] conn(0x7f73bc1a09a0 0x7f73bc1a0dc0 unknown :-1 s=BANNER_CONNECTING pgs=0 cs=0 l=1 rev1=0 crypto rx=0 tx=0 comp rx=0 tx=0)._handle_peer_banner_payload supported=3 required=0
2026-03-08T23:59:27.405 INFO:teuthology.orchestra.run.vm03.stdout:/usr/bin/ceph: stderr
2026-03-08T23:59:27.021+0000 7f73c10f5700 1 --2- >> [v2:192.168.123.103:3300/0,v1:192.168.123.103:6789/0] conn(0x7f73bc1a09a0 0x7f73bc1a0dc0 unknown :-1 s=HELLO_CONNECTING pgs=0 cs=0 l=1 rev1=1 crypto rx=0 tx=0 comp rx=0 tx=0).handle_hello peer v2:192.168.123.103:3300/0 says I am v2:192.168.123.103:41040/0 (socket says 192.168.123.103:41040)
2026-03-08T23:59:27.405 INFO:teuthology.orchestra.run.vm03.stdout:/usr/bin/ceph: stderr
2026-03-08T23:59:27.021+0000 7f73c10f5700 1 -- 192.168.123.103:0/2148488824 learned_addr learned my addr 192.168.123.103:0/2148488824 (peer_addr_for_me v2:192.168.123.103:0/0)
2026-03-08T23:59:27.405 INFO:teuthology.orchestra.run.vm03.stdout:/usr/bin/ceph: stderr
2026-03-08T23:59:27.021+0000 7f73c10f5700 1 -- 192.168.123.103:0/2148488824 --> [v2:192.168.123.103:3300/0,v1:192.168.123.103:6789/0] -- mon_subscribe({config=0+,monmap=0+}) v3 -- 0x7f73b8009740 con 0x7f73bc1a09a0
2026-03-08T23:59:27.405 INFO:teuthology.orchestra.run.vm03.stdout:/usr/bin/ceph: stderr
2026-03-08T23:59:27.021+0000 7f73c10f5700 1 --2- 192.168.123.103:0/2148488824 >> [v2:192.168.123.103:3300/0,v1:192.168.123.103:6789/0] conn(0x7f73bc1a09a0 0x7f73bc1a0dc0 secure :-1 s=READY pgs=85 cs=0 l=1 rev1=1 crypto rx=0x7f73b8006b20 tx=0x7f73b8004060 comp rx=0 tx=0).ready entity=mon.0 client_cookie=0 server_cookie=0 in_seq=0 out_seq=0
2026-03-08T23:59:27.405 INFO:teuthology.orchestra.run.vm03.stdout:/usr/bin/ceph: stderr
2026-03-08T23:59:27.023+0000 7f73b27fc700 1 -- 192.168.123.103:0/2148488824 <== mon.0 v2:192.168.123.103:3300/0 1 ==== mon_map magic: 0 v1 ==== 214+0+0 (secure 0 0 0) 0x7f73b8004480 con 0x7f73bc1a09a0
2026-03-08T23:59:27.405 INFO:teuthology.orchestra.run.vm03.stdout:/usr/bin/ceph: stderr
2026-03-08T23:59:27.023+0000 7f73c20f7700 1 -- 192.168.123.103:0/2148488824 --> [v2:192.168.123.103:3300/0,v1:192.168.123.103:6789/0] -- mon_subscribe({mgrmap=0+}) v3 -- 0x7f73bc1a1300 con 0x7f73bc1a09a0
2026-03-08T23:59:27.405 INFO:teuthology.orchestra.run.vm03.stdout:/usr/bin/ceph: stderr
2026-03-08T23:59:27.023+0000 7f73c20f7700 1 -- 192.168.123.103:0/2148488824 --> [v2:192.168.123.103:3300/0,v1:192.168.123.103:6789/0] -- mon_subscribe({osdmap=0}) v3 -- 0x7f73bc1a1f70 con 0x7f73bc1a09a0
2026-03-08T23:59:27.405 INFO:teuthology.orchestra.run.vm03.stdout:/usr/bin/ceph: stderr
2026-03-08T23:59:27.023+0000 7f73b27fc700 1 -- 192.168.123.103:0/2148488824 <== mon.0 v2:192.168.123.103:3300/0 2 ==== config(28 keys) v1 ==== 1139+0+0 (secure 0 0 0) 0x7f73b80045e0 con 0x7f73bc1a09a0
2026-03-08T23:59:27.405 INFO:teuthology.orchestra.run.vm03.stdout:/usr/bin/ceph: stderr
2026-03-08T23:59:27.024+0000 7f73b27fc700 1 -- 192.168.123.103:0/2148488824 <== mon.0 v2:192.168.123.103:3300/0 3 ==== mon_map magic: 0 v1 ==== 214+0+0 (secure 0 0 0) 0x7f73b8017690 con 0x7f73bc1a09a0
2026-03-08T23:59:27.405 INFO:teuthology.orchestra.run.vm03.stdout:/usr/bin/ceph: stderr
2026-03-08T23:59:27.025+0000 7f73b27fc700 1 -- 192.168.123.103:0/2148488824 <== mon.0 v2:192.168.123.103:3300/0 4 ==== mgrmap(e 11) v1 ==== 45185+0+0 (secure 0 0 0) 0x7f73b80177f0 con 0x7f73bc1a09a0
2026-03-08T23:59:27.405 INFO:teuthology.orchestra.run.vm03.stdout:/usr/bin/ceph: stderr
2026-03-08T23:59:27.025+0000 7f73b27fc700 1 --2- 192.168.123.103:0/2148488824 >> [v2:192.168.123.103:6800/2,v1:192.168.123.103:6801/2] conn(0x7f73a8038300 0x7f73a803a7c0 unknown :-1 s=NONE pgs=0 cs=0 l=1 rev1=0 crypto rx=0 tx=0 comp rx=0 tx=0).connect
2026-03-08T23:59:27.405 INFO:teuthology.orchestra.run.vm03.stdout:/usr/bin/ceph: stderr
2026-03-08T23:59:27.025+0000 7f73b27fc700 1 -- 192.168.123.103:0/2148488824 <== mon.0 v2:192.168.123.103:3300/0 5 ==== osd_map(3..3 src has 1..3) v4 ==== 1069+0+0 (secure 0 0 0) 0x7f73b8013070 con 0x7f73bc1a09a0
2026-03-08T23:59:27.405 INFO:teuthology.orchestra.run.vm03.stdout:/usr/bin/ceph: stderr
2026-03-08T23:59:27.025+0000 7f73c08f4700 1 --2- 192.168.123.103:0/2148488824 >> [v2:192.168.123.103:6800/2,v1:192.168.123.103:6801/2] conn(0x7f73a8038300 0x7f73a803a7c0 unknown :-1 s=BANNER_CONNECTING pgs=0 cs=0 l=1 rev1=0 crypto rx=0 tx=0 comp rx=0 tx=0)._handle_peer_banner_payload supported=3 required=0
2026-03-08T23:59:27.405 INFO:teuthology.orchestra.run.vm03.stdout:/usr/bin/ceph: stderr
2026-03-08T23:59:27.025+0000 7f73c08f4700 1 --2- 192.168.123.103:0/2148488824 >> [v2:192.168.123.103:6800/2,v1:192.168.123.103:6801/2] conn(0x7f73a8038300 0x7f73a803a7c0 secure :-1 s=READY pgs=8 cs=0 l=1 rev1=1 crypto rx=0x7f73b400ad30 tx=0x7f73b40093f0 comp rx=0 tx=0).ready entity=mgr.14164 client_cookie=0 server_cookie=0 in_seq=0 out_seq=0
2026-03-08T23:59:27.405 INFO:teuthology.orchestra.run.vm03.stdout:/usr/bin/ceph: stderr
2026-03-08T23:59:27.026+0000 7f73c20f7700 1 -- 192.168.123.103:0/2148488824 --> [v2:192.168.123.103:3300/0,v1:192.168.123.103:6789/0] -- mon_command({"prefix": "get_command_descriptions"} v 0) v1 -- 0x7f73a0005320 con 0x7f73bc1a09a0
2026-03-08T23:59:27.405 INFO:teuthology.orchestra.run.vm03.stdout:/usr/bin/ceph: stderr
2026-03-08T23:59:27.028+0000 7f73b27fc700 1 -- 192.168.123.103:0/2148488824 <== mon.0 v2:192.168.123.103:3300/0 6 ==== mon_command_ack([{"prefix": "get_command_descriptions"}]=0 v0) v1 ==== 72+0+180422 (secure 0 0 0) 0x7f73b8024070 con 0x7f73bc1a09a0
2026-03-08T23:59:27.405 INFO:teuthology.orchestra.run.vm03.stdout:/usr/bin/ceph: stderr
2026-03-08T23:59:27.154+0000 7f73c20f7700 1 -- 192.168.123.103:0/2148488824 --> [v2:192.168.123.103:6800/2,v1:192.168.123.103:6801/2] -- mgr_command(tid 0: {"prefix": "dashboard ac-user-create", "username": "admin", "rolename": "administrator", "force_password": true, "pwd_update_required": true, "target": ["mon-mgr", ""]}) v1 -- 0x7f73a0002430 con 0x7f73a8038300
2026-03-08T23:59:27.405 INFO:teuthology.orchestra.run.vm03.stdout:/usr/bin/ceph: stderr
2026-03-08T23:59:27.351+0000 7f73b27fc700 1 -- 192.168.123.103:0/2148488824 <== mgr.14164 v2:192.168.123.103:6800/2 1 ==== mgr_command_reply(tid 0: 0 ) v1 ==== 8+0+252 (secure 0 0 0) 0x7f73a0002430 con 0x7f73a8038300
2026-03-08T23:59:27.405 INFO:teuthology.orchestra.run.vm03.stdout:/usr/bin/ceph: stderr
2026-03-08T23:59:27.354+0000 7f73a7fff700 1 -- 192.168.123.103:0/2148488824 >> [v2:192.168.123.103:6800/2,v1:192.168.123.103:6801/2] conn(0x7f73a8038300 msgr2=0x7f73a803a7c0 secure :-1 s=STATE_CONNECTION_ESTABLISHED l=1).mark_down
2026-03-08T23:59:27.405 INFO:teuthology.orchestra.run.vm03.stdout:/usr/bin/ceph: stderr
2026-03-08T23:59:27.354+0000 7f73a7fff700 1 --2- 192.168.123.103:0/2148488824 >> [v2:192.168.123.103:6800/2,v1:192.168.123.103:6801/2] conn(0x7f73a8038300 0x7f73a803a7c0 secure :-1 s=READY pgs=8 cs=0 l=1 rev1=1 crypto rx=0x7f73b400ad30 tx=0x7f73b40093f0 comp rx=0 tx=0).stop
2026-03-08T23:59:27.405 INFO:teuthology.orchestra.run.vm03.stdout:/usr/bin/ceph: stderr
2026-03-08T23:59:27.354+0000 7f73a7fff700 1 -- 192.168.123.103:0/2148488824 >> [v2:192.168.123.103:3300/0,v1:192.168.123.103:6789/0] conn(0x7f73bc1a09a0 msgr2=0x7f73bc1a0dc0 secure :-1 s=STATE_CONNECTION_ESTABLISHED l=1).mark_down
2026-03-08T23:59:27.405 INFO:teuthology.orchestra.run.vm03.stdout:/usr/bin/ceph: stderr
2026-03-08T23:59:27.354+0000 7f73a7fff700 1 --2- 192.168.123.103:0/2148488824 >> [v2:192.168.123.103:3300/0,v1:192.168.123.103:6789/0] conn(0x7f73bc1a09a0 0x7f73bc1a0dc0 secure :-1 s=READY pgs=85 cs=0 l=1 rev1=1 crypto rx=0x7f73b8006b20 tx=0x7f73b8004060 comp rx=0 tx=0).stop
2026-03-08T23:59:27.405 INFO:teuthology.orchestra.run.vm03.stdout:/usr/bin/ceph: stderr
2026-03-08T23:59:27.354+0000 7f73a7fff700 1 -- 192.168.123.103:0/2148488824 shutdown_connections
2026-03-08T23:59:27.405 INFO:teuthology.orchestra.run.vm03.stdout:/usr/bin/ceph: stderr
2026-03-08T23:59:27.354+0000 7f73a7fff700 1 --2- 192.168.123.103:0/2148488824 >> [v2:192.168.123.103:6800/2,v1:192.168.123.103:6801/2] conn(0x7f73a8038300 0x7f73a803a7c0 secure :-1 s=CLOSED pgs=8 cs=0 l=1 rev1=1 crypto rx=0x7f73b400ad30 tx=0x7f73b40093f0 comp rx=0 tx=0).stop
2026-03-08T23:59:27.405 INFO:teuthology.orchestra.run.vm03.stdout:/usr/bin/ceph: stderr
2026-03-08T23:59:27.354+0000 7f73a7fff700 1 --2- 192.168.123.103:0/2148488824 >> [v2:192.168.123.103:3300/0,v1:192.168.123.103:6789/0] conn(0x7f73bc1a09a0 0x7f73bc1a0dc0 unknown :-1 s=CLOSED pgs=85 cs=0 l=1 rev1=1 crypto rx=0 tx=0 comp rx=0 tx=0).stop
2026-03-08T23:59:27.405 INFO:teuthology.orchestra.run.vm03.stdout:/usr/bin/ceph: stderr
2026-03-08T23:59:27.354+0000 7f73a7fff700 1 -- 192.168.123.103:0/2148488824 >> 192.168.123.103:0/2148488824 conn(0x7f73bc06d320 msgr2=0x7f73bc06dd90 unknown :-1 s=STATE_NONE l=0).mark_down
2026-03-08T23:59:27.405 INFO:teuthology.orchestra.run.vm03.stdout:/usr/bin/ceph: stderr
2026-03-08T23:59:27.354+0000 7f73a7fff700 1 -- 192.168.123.103:0/2148488824 shutdown_connections
2026-03-08T23:59:27.405 INFO:teuthology.orchestra.run.vm03.stdout:/usr/bin/ceph: stderr
2026-03-08T23:59:27.354+0000 7f73a7fff700 1 -- 192.168.123.103:0/2148488824 wait complete.
2026-03-08T23:59:27.405 INFO:teuthology.orchestra.run.vm03.stdout:Fetching dashboard port number...
2026-03-08T23:59:27.648 INFO:journalctl@ceph.mon.vm03.vm03.stdout:Mar 08 23:59:27 vm03 ceph-mon[52346]: [08/Mar/2026:23:59:25] ENGINE Bus STARTING
2026-03-08T23:59:27.649 INFO:journalctl@ceph.mon.vm03.vm03.stdout:Mar 08 23:59:27 vm03 ceph-mon[52346]: [08/Mar/2026:23:59:25] ENGINE Serving on http://192.168.123.103:8765
2026-03-08T23:59:27.649 INFO:journalctl@ceph.mon.vm03.vm03.stdout:Mar 08 23:59:27 vm03 ceph-mon[52346]: [08/Mar/2026:23:59:26] ENGINE Serving on https://192.168.123.103:7150
2026-03-08T23:59:27.649 INFO:journalctl@ceph.mon.vm03.vm03.stdout:Mar 08 23:59:27 vm03 ceph-mon[52346]: [08/Mar/2026:23:59:26] ENGINE Bus STARTED
2026-03-08T23:59:27.649 INFO:journalctl@ceph.mon.vm03.vm03.stdout:Mar 08 23:59:27 vm03 ceph-mon[52346]: from='client.14168 -' entity='client.admin' cmd=[{"prefix": "get_command_descriptions"}]: dispatch
2026-03-08T23:59:27.649 INFO:journalctl@ceph.mon.vm03.vm03.stdout:Mar 08 23:59:27 vm03 ceph-mon[52346]: from='client.14168 -' entity='client.admin' cmd=[{"prefix": "mgr_status"}]: dispatch
2026-03-08T23:59:27.649 INFO:journalctl@ceph.mon.vm03.vm03.stdout:Mar 08 23:59:27 vm03 ceph-mon[52346]: from='mgr.14164 192.168.123.103:0/2' entity='mgr.vm03.yvcons'
2026-03-08T23:59:27.649 INFO:journalctl@ceph.mon.vm03.vm03.stdout:Mar 08 23:59:27 vm03 ceph-mon[52346]: from='mgr.14164 192.168.123.103:0/2' entity='mgr.vm03.yvcons'
2026-03-08T23:59:27.649 INFO:journalctl@ceph.mon.vm03.vm03.stdout:Mar 08 23:59:27 vm03 ceph-mon[52346]: from='mgr.14164 192.168.123.103:0/2' entity='mgr.vm03.yvcons'
2026-03-08T23:59:27.649 INFO:journalctl@ceph.mon.vm03.vm03.stdout:Mar 08 23:59:27 vm03 ceph-mon[52346]: from='mgr.14164 192.168.123.103:0/2' entity='mgr.vm03.yvcons'
2026-03-08T23:59:27.704 INFO:teuthology.orchestra.run.vm03.stdout:/usr/bin/ceph: stdout 8443
2026-03-08T23:59:27.704 INFO:teuthology.orchestra.run.vm03.stdout:/usr/bin/ceph: stderr
2026-03-08T23:59:27.528+0000 7f7f3ab76700 1 Processor -- start
2026-03-08T23:59:27.704 INFO:teuthology.orchestra.run.vm03.stdout:/usr/bin/ceph: stderr
2026-03-08T23:59:27.529+0000 7f7f3ab76700 1 -- start start
2026-03-08T23:59:27.704 INFO:teuthology.orchestra.run.vm03.stdout:/usr/bin/ceph: stderr
2026-03-08T23:59:27.529+0000 7f7f3ab76700 1 --2- >> [v2:192.168.123.103:3300/0,v1:192.168.123.103:6789/0] conn(0x7f7f34106760 0x7f7f34106b80 unknown :-1 s=NONE pgs=0 cs=0 l=0 rev1=0 crypto rx=0 tx=0 comp rx=0 tx=0).connect
2026-03-08T23:59:27.704 INFO:teuthology.orchestra.run.vm03.stdout:/usr/bin/ceph: stderr
2026-03-08T23:59:27.529+0000 7f7f3ab76700 1 -- --> [v2:192.168.123.103:3300/0,v1:192.168.123.103:6789/0] -- mon_getmap magic: 0 v1 -- 0x7f7f34107150 con 0x7f7f34106760
2026-03-08T23:59:27.704 INFO:teuthology.orchestra.run.vm03.stdout:/usr/bin/ceph: stderr
2026-03-08T23:59:27.530+0000 7f7f38912700 1 --2- >> [v2:192.168.123.103:3300/0,v1:192.168.123.103:6789/0] conn(0x7f7f34106760 0x7f7f34106b80 unknown :-1 s=BANNER_CONNECTING pgs=0 cs=0 l=0 rev1=0 crypto rx=0 tx=0 comp rx=0 tx=0)._handle_peer_banner_payload supported=3 required=0
2026-03-08T23:59:27.704 INFO:teuthology.orchestra.run.vm03.stdout:/usr/bin/ceph: stderr
2026-03-08T23:59:27.530+0000 7f7f38912700 1 --2- >> [v2:192.168.123.103:3300/0,v1:192.168.123.103:6789/0] conn(0x7f7f34106760 0x7f7f34106b80 unknown :-1 s=HELLO_CONNECTING pgs=0 cs=0 l=0 rev1=1 crypto rx=0 tx=0 comp rx=0 tx=0).handle_hello peer v2:192.168.123.103:3300/0 says I am v2:192.168.123.103:41050/0 (socket says 192.168.123.103:41050)
2026-03-08T23:59:27.704 INFO:teuthology.orchestra.run.vm03.stdout:/usr/bin/ceph: stderr
2026-03-08T23:59:27.530+0000 7f7f38912700 1 -- 192.168.123.103:0/646081908 learned_addr learned my addr 192.168.123.103:0/646081908 (peer_addr_for_me v2:192.168.123.103:0/0)
2026-03-08T23:59:27.704 INFO:teuthology.orchestra.run.vm03.stdout:/usr/bin/ceph: stderr
2026-03-08T23:59:27.530+0000 7f7f38912700 1 -- 192.168.123.103:0/646081908 --> [v2:192.168.123.103:3300/0,v1:192.168.123.103:6789/0] -- mon_subscribe({config=0+,monmap=0+}) v3 -- 0x7f7f34107960 con 0x7f7f34106760
2026-03-08T23:59:27.704 INFO:teuthology.orchestra.run.vm03.stdout:/usr/bin/ceph: stderr
2026-03-08T23:59:27.530+0000 7f7f38912700 1 --2- 192.168.123.103:0/646081908 >> [v2:192.168.123.103:3300/0,v1:192.168.123.103:6789/0] conn(0x7f7f34106760 0x7f7f34106b80 secure :-1 s=READY pgs=86 cs=0 l=1 rev1=1 crypto rx=0x7f7f20009a90 tx=0x7f7f20009da0 comp rx=0 tx=0).ready entity=mon.0 client_cookie=296c704676cd35ab server_cookie=0 in_seq=0 out_seq=0
2026-03-08T23:59:27.705 INFO:teuthology.orchestra.run.vm03.stdout:/usr/bin/ceph: stderr
2026-03-08T23:59:27.531+0000 7f7f337fe700 1 -- 192.168.123.103:0/646081908 <== mon.0 v2:192.168.123.103:3300/0 1 ==== mon_map magic: 0 v1 ==== 214+0+0 (secure 0 0 0) 0x7f7f20004030 con 0x7f7f34106760
2026-03-08T23:59:27.705 INFO:teuthology.orchestra.run.vm03.stdout:/usr/bin/ceph: stderr
2026-03-08T23:59:27.531+0000 7f7f337fe700 1 -- 192.168.123.103:0/646081908 <== mon.0 v2:192.168.123.103:3300/0 2 ==== config(28 keys) v1 ==== 1139+0+0 (secure 0 0 0) 0x7f7f2000b7e0 con 0x7f7f34106760
2026-03-08T23:59:27.705 INFO:teuthology.orchestra.run.vm03.stdout:/usr/bin/ceph: stderr
2026-03-08T23:59:27.531+0000 7f7f337fe700 1 -- 192.168.123.103:0/646081908 <== mon.0 v2:192.168.123.103:3300/0 3 ==== mon_map magic: 0 v1 ==== 214+0+0 (secure 0 0 0) 0x7f7f20003b30 con 0x7f7f34106760
2026-03-08T23:59:27.705 INFO:teuthology.orchestra.run.vm03.stdout:/usr/bin/ceph: stderr
2026-03-08T23:59:27.532+0000 7f7f3ab76700 1 -- 192.168.123.103:0/646081908 >> [v2:192.168.123.103:3300/0,v1:192.168.123.103:6789/0] conn(0x7f7f34106760 msgr2=0x7f7f34106b80 secure :-1 s=STATE_CONNECTION_ESTABLISHED l=1).mark_down
2026-03-08T23:59:27.705 INFO:teuthology.orchestra.run.vm03.stdout:/usr/bin/ceph: stderr
