2026-03-08T23:59:07.460+0000 7f0a54a04700 1 -- 192.168.123.103:0/3378880091 <== mon.0 v2:192.168.123.103:3300/0 3 ==== mon_map magic: 0 v1 ==== 214+0+0 (secure 0 0 0) 0x7f0a4001b440 con 0x7f0a501a9240
2026-03-08T23:59:12.717 INFO:teuthology.orchestra.run.vm03.stdout:/usr/bin/ceph: stderr
2026-03-08T23:59:07.460+0000 7f0a54a04700 1 -- 192.168.123.103:0/3378880091 <== mon.0 v2:192.168.123.103:3300/0 4 ==== mgrmap(e 5) v1 ==== 45278+0+0 (secure 0 0 0) 0x7f0a4001b5a0 con 0x7f0a501a9240
2026-03-08T23:59:12.717 INFO:teuthology.orchestra.run.vm03.stdout:/usr/bin/ceph: stderr
2026-03-08T23:59:07.460+0000 7f0a54a04700 1 --2- 192.168.123.103:0/3378880091 >> [v2:192.168.123.103:6800/2,v1:192.168.123.103:6801/2] conn(0x7f0a380383f0 0x7f0a3803a8b0 unknown :-1 s=NONE pgs=0 cs=0 l=1 rev1=0 crypto rx=0 tx=0 comp rx=0 tx=0).connect
2026-03-08T23:59:12.717 INFO:teuthology.orchestra.run.vm03.stdout:/usr/bin/ceph: stderr
2026-03-08T23:59:07.460+0000 7f0a54a04700 1 -- 192.168.123.103:0/3378880091 --> [v2:192.168.123.103:6800/2,v1:192.168.123.103:6801/2] -- command(tid 0: {"prefix": "get_command_descriptions"}) v1 -- 0x7f0a3803afc0 con 0x7f0a380383f0
2026-03-08T23:59:12.717 INFO:teuthology.orchestra.run.vm03.stdout:/usr/bin/ceph: stderr
2026-03-08T23:59:07.460+0000 7f0a54a04700 1 -- 192.168.123.103:0/3378880091 <== mon.0 v2:192.168.123.103:3300/0 5 ==== osd_map(1..1 src has 1..1) v4 ==== 725+0+0 (secure 0 0 0) 0x7f0a4004c150 con 0x7f0a501a9240
2026-03-08T23:59:12.717 INFO:teuthology.orchestra.run.vm03.stdout:/usr/bin/ceph: stderr
2026-03-08T23:59:07.460+0000 7f0a4e7fc700 1 -- 192.168.123.103:0/3378880091 >> [v2:192.168.123.103:6800/2,v1:192.168.123.103:6801/2] conn(0x7f0a380383f0 msgr2=0x7f0a3803a8b0 unknown :-1 s=STATE_CONNECTING_RE l=1).process reconnect failed to v2:192.168.123.103:6800/2
2026-03-08T23:59:12.717 INFO:teuthology.orchestra.run.vm03.stdout:/usr/bin/ceph: stderr
2026-03-08T23:59:07.460+0000 7f0a4e7fc700 1 --2- 192.168.123.103:0/3378880091 >> [v2:192.168.123.103:6800/2,v1:192.168.123.103:6801/2] conn(0x7f0a380383f0 0x7f0a3803a8b0 unknown :-1 s=START_CONNECT pgs=0 cs=0 l=1 rev1=0 crypto rx=0 tx=0 comp rx=0 tx=0)._fault waiting 0.200000
2026-03-08T23:59:12.717 INFO:teuthology.orchestra.run.vm03.stdout:/usr/bin/ceph: stderr
2026-03-08T23:59:07.660+0000 7f0a4e7fc700 1 -- 192.168.123.103:0/3378880091 >> [v2:192.168.123.103:6800/2,v1:192.168.123.103:6801/2] conn(0x7f0a380383f0 msgr2=0x7f0a3803a8b0 unknown :-1 s=STATE_CONNECTING_RE l=1).process reconnect failed to v2:192.168.123.103:6800/2
2026-03-08T23:59:12.717 INFO:teuthology.orchestra.run.vm03.stdout:/usr/bin/ceph: stderr
2026-03-08T23:59:07.660+0000 7f0a4e7fc700 1 --2- 192.168.123.103:0/3378880091 >> [v2:192.168.123.103:6800/2,v1:192.168.123.103:6801/2] conn(0x7f0a380383f0 0x7f0a3803a8b0 unknown :-1 s=START_CONNECT pgs=0 cs=0 l=1 rev1=0 crypto rx=0 tx=0 comp rx=0 tx=0)._fault waiting 0.400000
2026-03-08T23:59:12.717 INFO:teuthology.orchestra.run.vm03.stdout:/usr/bin/ceph: stderr
2026-03-08T23:59:08.060+0000 7f0a4e7fc700 1 -- 192.168.123.103:0/3378880091 >> [v2:192.168.123.103:6800/2,v1:192.168.123.103:6801/2] conn(0x7f0a380383f0 msgr2=0x7f0a3803a8b0 unknown :-1 s=STATE_CONNECTING_RE l=1).process reconnect failed to v2:192.168.123.103:6800/2
2026-03-08T23:59:12.717 INFO:teuthology.orchestra.run.vm03.stdout:/usr/bin/ceph: stderr
2026-03-08T23:59:08.060+0000 7f0a4e7fc700 1 --2- 192.168.123.103:0/3378880091 >> [v2:192.168.123.103:6800/2,v1:192.168.123.103:6801/2] conn(0x7f0a380383f0 0x7f0a3803a8b0 unknown :-1 s=START_CONNECT pgs=0 cs=0 l=1 rev1=0 crypto rx=0 tx=0 comp rx=0 tx=0)._fault waiting 0.800000
2026-03-08T23:59:12.717 INFO:teuthology.orchestra.run.vm03.stdout:/usr/bin/ceph: stderr
2026-03-08T23:59:08.861+0000 7f0a4e7fc700 1 -- 192.168.123.103:0/3378880091 >> [v2:192.168.123.103:6800/2,v1:192.168.123.103:6801/2] conn(0x7f0a380383f0 msgr2=0x7f0a3803a8b0 unknown :-1 s=STATE_CONNECTING_RE l=1).process reconnect failed to v2:192.168.123.103:6800/2
2026-03-08T23:59:12.717 INFO:teuthology.orchestra.run.vm03.stdout:/usr/bin/ceph: stderr
2026-03-08T23:59:08.861+0000 7f0a4e7fc700 1 --2- 192.168.123.103:0/3378880091 >> [v2:192.168.123.103:6800/2,v1:192.168.123.103:6801/2] conn(0x7f0a380383f0 0x7f0a3803a8b0 unknown :-1 s=START_CONNECT pgs=0 cs=0 l=1 rev1=0 crypto rx=0 tx=0 comp rx=0 tx=0)._fault waiting 1.600000
2026-03-08T23:59:12.717 INFO:teuthology.orchestra.run.vm03.stdout:/usr/bin/ceph: stderr
2026-03-08T23:59:10.463+0000 7f0a4e7fc700 1 -- 192.168.123.103:0/3378880091 >> [v2:192.168.123.103:6800/2,v1:192.168.123.103:6801/2] conn(0x7f0a380383f0 msgr2=0x7f0a3803a8b0 unknown :-1 s=STATE_CONNECTING_RE l=1).process reconnect failed to v2:192.168.123.103:6800/2
2026-03-08T23:59:12.717 INFO:teuthology.orchestra.run.vm03.stdout:/usr/bin/ceph: stderr
2026-03-08T23:59:10.463+0000 7f0a4e7fc700 1 --2- 192.168.123.103:0/3378880091 >> [v2:192.168.123.103:6800/2,v1:192.168.123.103:6801/2] conn(0x7f0a380383f0 0x7f0a3803a8b0 unknown :-1 s=START_CONNECT pgs=0 cs=0 l=1 rev1=0 crypto rx=0 tx=0 comp rx=0 tx=0)._fault waiting 3.200000
2026-03-08T23:59:12.717 INFO:teuthology.orchestra.run.vm03.stdout:/usr/bin/ceph: stderr
2026-03-08T23:59:11.667+0000 7f0a54a04700 1 -- 192.168.123.103:0/3378880091 <== mon.0 v2:192.168.123.103:3300/0 6 ==== mgrmap(e 6) v1 ==== 45045+0+0 (secure 0 0 0) 0x7f0a4001b850 con 0x7f0a501a9240
2026-03-08T23:59:12.717 INFO:teuthology.orchestra.run.vm03.stdout:/usr/bin/ceph: stderr
2026-03-08T23:59:11.667+0000 7f0a54a04700 1 -- 192.168.123.103:0/3378880091 >> [v2:192.168.123.103:6800/2,v1:192.168.123.103:6801/2] conn(0x7f0a380383f0 msgr2=0x7f0a3803a8b0 unknown :-1 s=STATE_CONNECTING l=1).mark_down
2026-03-08T23:59:12.717 INFO:teuthology.orchestra.run.vm03.stdout:/usr/bin/ceph: stderr
2026-03-08T23:59:11.667+0000 7f0a54a04700 1 --2- 192.168.123.103:0/3378880091 >> [v2:192.168.123.103:6800/2,v1:192.168.123.103:6801/2] conn(0x7f0a380383f0 0x7f0a3803a8b0 unknown :-1 s=START_CONNECT pgs=0 cs=0 l=1 rev1=0 crypto rx=0 tx=0 comp rx=0 tx=0).stop
2026-03-08T23:59:12.717 INFO:teuthology.orchestra.run.vm03.stdout:/usr/bin/ceph: stderr
2026-03-08T23:59:12.669+0000 7f0a54a04700 1 -- 192.168.123.103:0/3378880091 <== mon.0 v2:192.168.123.103:3300/0 7 ==== mgrmap(e 7) v1 ==== 45172+0+0 (secure 0 0 0) 0x7f0a40016cd0 con 0x7f0a501a9240
2026-03-08T23:59:12.717 INFO:teuthology.orchestra.run.vm03.stdout:/usr/bin/ceph: stderr
2026-03-08T23:59:12.669+0000 7f0a54a04700 1 --2- 192.168.123.103:0/3378880091 >> [v2:192.168.123.103:6800/2,v1:192.168.123.103:6801/2] conn(0x7f0a380383f0 0x7f0a3803a8b0 unknown :-1 s=NONE pgs=0 cs=0 l=1 rev1=0 crypto rx=0 tx=0 comp rx=0 tx=0).connect
2026-03-08T23:59:12.717 INFO:teuthology.orchestra.run.vm03.stdout:/usr/bin/ceph: stderr
2026-03-08T23:59:12.669+0000 7f0a54a04700 1 -- 192.168.123.103:0/3378880091 --> [v2:192.168.123.103:6800/2,v1:192.168.123.103:6801/2] -- command(tid 0: {"prefix": "get_command_descriptions"}) v1 -- 0x7f0a3803afc0 con 0x7f0a380383f0
2026-03-08T23:59:12.717 INFO:teuthology.orchestra.run.vm03.stdout:/usr/bin/ceph: stderr
2026-03-08T23:59:12.673+0000 7f0a4e7fc700 1 --2- 192.168.123.103:0/3378880091 >> [v2:192.168.123.103:6800/2,v1:192.168.123.103:6801/2] conn(0x7f0a380383f0 0x7f0a3803a8b0 unknown :-1 s=BANNER_CONNECTING pgs=0 cs=0 l=1 rev1=0 crypto rx=0 tx=0 comp rx=0 tx=0)._handle_peer_banner_payload supported=3 required=0
2026-03-08T23:59:12.717 INFO:teuthology.orchestra.run.vm03.stdout:/usr/bin/ceph: stderr
2026-03-08T23:59:12.673+0000 7f0a4e7fc700 1 --2- 192.168.123.103:0/3378880091 >> [v2:192.168.123.103:6800/2,v1:192.168.123.103:6801/2] conn(0x7f0a380383f0 0x7f0a3803a8b0 secure :-1 s=READY pgs=2 cs=0 l=1 rev1=1 crypto rx=0x7f0a44003a10 tx=0x7f0a440092b0 comp rx=0 tx=0).ready entity=mgr.14120 client_cookie=0 server_cookie=0 in_seq=0 out_seq=0
2026-03-08T23:59:12.717 INFO:teuthology.orchestra.run.vm03.stdout:/usr/bin/ceph: stderr
2026-03-08T23:59:12.674+0000 7f0a54a04700 1 -- 192.168.123.103:0/3378880091 <== mgr.14120 v2:192.168.123.103:6800/2 1 ==== command_reply(tid 0: 0 ) v1 ==== 8+0+6910 (secure 0 0 0) 0x7f0a3803afc0 con 0x7f0a380383f0
2026-03-08T23:59:12.717 INFO:teuthology.orchestra.run.vm03.stdout:/usr/bin/ceph: stderr
2026-03-08T23:59:12.677+0000 7f0a4ffff700 1 -- 192.168.123.103:0/3378880091 --> [v2:192.168.123.103:6800/2,v1:192.168.123.103:6801/2] -- command(tid 1: {"prefix": "mgr_status"}) v1 -- 0x7f0a501aa5c0 con 0x7f0a380383f0
2026-03-08T23:59:12.717 INFO:teuthology.orchestra.run.vm03.stdout:/usr/bin/ceph: stderr
2026-03-08T23:59:12.677+0000 7f0a54a04700 1 -- 192.168.123.103:0/3378880091 <== mgr.14120 v2:192.168.123.103:6800/2 2 ==== command_reply(tid 1: 0 ) v1 ==== 8+0+51 (secure 0 0 0) 0x7f0a501aa5c0 con 0x7f0a380383f0
2026-03-08T23:59:12.717 INFO:teuthology.orchestra.run.vm03.stdout:/usr/bin/ceph: stderr
2026-03-08T23:59:12.678+0000 7f0a4ffff700 1 -- 192.168.123.103:0/3378880091 >> [v2:192.168.123.103:6800/2,v1:192.168.123.103:6801/2] conn(0x7f0a380383f0 msgr2=0x7f0a3803a8b0 secure :-1 s=STATE_CONNECTION_ESTABLISHED l=1).mark_down
2026-03-08T23:59:12.717 INFO:teuthology.orchestra.run.vm03.stdout:/usr/bin/ceph: stderr
2026-03-08T23:59:12.678+0000 7f0a4ffff700 1 --2- 192.168.123.103:0/3378880091 >> [v2:192.168.123.103:6800/2,v1:192.168.123.103:6801/2] conn(0x7f0a380383f0 0x7f0a3803a8b0 secure :-1 s=READY pgs=2 cs=0 l=1 rev1=1 crypto rx=0x7f0a44003a10 tx=0x7f0a440092b0 comp rx=0 tx=0).stop
2026-03-08T23:59:12.717 INFO:teuthology.orchestra.run.vm03.stdout:/usr/bin/ceph: stderr
2026-03-08T23:59:12.678+0000 7f0a4ffff700 1 -- 192.168.123.103:0/3378880091 >> [v2:192.168.123.103:3300/0,v1:192.168.123.103:6789/0] conn(0x7f0a501a9240 msgr2=0x7f0a501a9660 secure :-1 s=STATE_CONNECTION_ESTABLISHED l=1).mark_down
2026-03-08T23:59:12.717 INFO:teuthology.orchestra.run.vm03.stdout:/usr/bin/ceph: stderr
2026-03-08T23:59:12.678+0000 7f0a4ffff700 1 --2- 192.168.123.103:0/3378880091 >> [v2:192.168.123.103:3300/0,v1:192.168.123.103:6789/0] conn(0x7f0a501a9240 0x7f0a501a9660 secure :-1 s=READY pgs=29 cs=0 l=1 rev1=1 crypto rx=0x7f0a50072aa0 tx=0x7f0a4000bf30 comp rx=0 tx=0).stop
2026-03-08T23:59:12.717 INFO:teuthology.orchestra.run.vm03.stdout:/usr/bin/ceph: stderr
2026-03-08T23:59:12.678+0000 7f0a4ffff700 1 -- 192.168.123.103:0/3378880091 shutdown_connections
2026-03-08T23:59:12.717 INFO:teuthology.orchestra.run.vm03.stdout:/usr/bin/ceph: stderr
2026-03-08T23:59:12.678+0000 7f0a4ffff700 1 --2- 192.168.123.103:0/3378880091 >> [v2:192.168.123.103:6800/2,v1:192.168.123.103:6801/2] conn(0x7f0a380383f0 0x7f0a3803a8b0 unknown :-1 s=CLOSED pgs=2 cs=0 l=1 rev1=1 crypto rx=0 tx=0 comp rx=0 tx=0).stop
2026-03-08T23:59:12.717 INFO:teuthology.orchestra.run.vm03.stdout:/usr/bin/ceph: stderr
2026-03-08T23:59:12.678+0000 7f0a4ffff700 1 --2- 192.168.123.103:0/3378880091 >> [v2:192.168.123.103:3300/0,v1:192.168.123.103:6789/0] conn(0x7f0a501a9240 0x7f0a501a9660 unknown :-1 s=CLOSED pgs=29 cs=0 l=1 rev1=1 crypto rx=0 tx=0 comp rx=0 tx=0).stop
2026-03-08T23:59:12.717 INFO:teuthology.orchestra.run.vm03.stdout:/usr/bin/ceph: stderr
2026-03-08T23:59:12.678+0000 7f0a4ffff700 1 -- 192.168.123.103:0/3378880091 >> 192.168.123.103:0/3378880091 conn(0x7f0a5006d320 msgr2=0x7f0a5006dee0 unknown :-1 s=STATE_NONE l=0).mark_down
2026-03-08T23:59:12.717 INFO:teuthology.orchestra.run.vm03.stdout:/usr/bin/ceph: stderr
2026-03-08T23:59:12.678+0000 7f0a4ffff700 1 -- 192.168.123.103:0/3378880091 shutdown_connections
2026-03-08T23:59:12.717 INFO:teuthology.orchestra.run.vm03.stdout:/usr/bin/ceph: stderr
2026-03-08T23:59:12.678+0000 7f0a4ffff700 1 -- 192.168.123.103:0/3378880091 wait complete.
2026-03-08T23:59:12.717 INFO:teuthology.orchestra.run.vm03.stdout:mgr epoch 5 is available
2026-03-08T23:59:12.717 INFO:teuthology.orchestra.run.vm03.stdout:Setting orchestrator backend to cephadm...
2026-03-08T23:59:12.963 INFO:journalctl@ceph.mon.vm03.vm03.stdout:Mar 08 23:59:12 vm03 ceph-mon[52346]: Found migration_current of "None". Setting to last migration.
2026-03-08T23:59:12.963 INFO:journalctl@ceph.mon.vm03.vm03.stdout:Mar 08 23:59:12 vm03 ceph-mon[52346]: from='mgr.14120 192.168.123.103:0/2' entity='mgr.vm03.yvcons' cmd=[{"prefix":"config rm","who":"mgr","name":"mgr/rbd_support/vm03.yvcons/mirror_snapshot_schedule"}]: dispatch
2026-03-08T23:59:12.963 INFO:journalctl@ceph.mon.vm03.vm03.stdout:Mar 08 23:59:12 vm03 ceph-mon[52346]: from='mgr.14120 192.168.123.103:0/2' entity='mgr.vm03.yvcons' cmd=[{"prefix":"config rm","who":"mgr","name":"mgr/rbd_support/vm03.yvcons/trash_purge_schedule"}]: dispatch
2026-03-08T23:59:12.963 INFO:journalctl@ceph.mon.vm03.vm03.stdout:Mar 08 23:59:12 vm03 ceph-mon[52346]: from='mgr.14120 192.168.123.103:0/2' entity='mgr.vm03.yvcons'
2026-03-08T23:59:12.963 INFO:journalctl@ceph.mon.vm03.vm03.stdout:Mar 08 23:59:12 vm03 ceph-mon[52346]: from='mgr.14120 192.168.123.103:0/2' entity='mgr.vm03.yvcons'
2026-03-08T23:59:12.963 INFO:journalctl@ceph.mon.vm03.vm03.stdout:Mar 08 23:59:12 vm03 ceph-mon[52346]: from='mgr.14120 192.168.123.103:0/2' entity='mgr.vm03.yvcons' cmd=[{"prefix": "config dump", "format": "json"}]: dispatch
2026-03-08T23:59:12.964 INFO:journalctl@ceph.mon.vm03.vm03.stdout:Mar 08 23:59:12 vm03 ceph-mon[52346]: mgrmap e7: vm03.yvcons(active, since 1.00785s)
2026-03-08T23:59:13.032 INFO:teuthology.orchestra.run.vm03.stdout:/usr/bin/ceph: stderr
2026-03-08T23:59:12.841+0000 7f8d67461700 1 Processor -- start
2026-03-08T23:59:13.032 INFO:teuthology.orchestra.run.vm03.stdout:/usr/bin/ceph: stderr
2026-03-08T23:59:12.842+0000 7f8d67461700 1 -- start start
2026-03-08T23:59:13.032 INFO:teuthology.orchestra.run.vm03.stdout:/usr/bin/ceph: stderr
2026-03-08T23:59:12.842+0000 7f8d67461700 1 --2- >> [v2:192.168.123.103:3300/0,v1:192.168.123.103:6789/0] conn(0x7f8d60108970 0x7f8d60108d90 unknown :-1 s=NONE pgs=0 cs=0 l=0 rev1=0 crypto rx=0 tx=0 comp rx=0 tx=0).connect
2026-03-08T23:59:13.032 INFO:teuthology.orchestra.run.vm03.stdout:/usr/bin/ceph: stderr
2026-03-08T23:59:12.842+0000 7f8d67461700 1 -- --> [v2:192.168.123.103:3300/0,v1:192.168.123.103:6789/0] -- mon_getmap magic: 0 v1 -- 0x7f8d60109360 con 0x7f8d60108970
2026-03-08T23:59:13.033 INFO:teuthology.orchestra.run.vm03.stdout:/usr/bin/ceph: stderr
2026-03-08T23:59:12.842+0000 7f8d651fd700 1 --2- >> [v2:192.168.123.103:3300/0,v1:192.168.123.103:6789/0] conn(0x7f8d60108970 0x7f8d60108d90 unknown :-1 s=BANNER_CONNECTING pgs=0 cs=0 l=0 rev1=0 crypto rx=0 tx=0 comp rx=0 tx=0)._handle_peer_banner_payload supported=3 required=0
2026-03-08T23:59:13.033 INFO:teuthology.orchestra.run.vm03.stdout:/usr/bin/ceph: stderr
2026-03-08T23:59:12.842+0000 7f8d651fd700 1 --2- >> [v2:192.168.123.103:3300/0,v1:192.168.123.103:6789/0] conn(0x7f8d60108970 0x7f8d60108d90 unknown :-1 s=HELLO_CONNECTING pgs=0 cs=0 l=0 rev1=1 crypto rx=0 tx=0 comp rx=0 tx=0).handle_hello peer v2:192.168.123.103:3300/0 says I am v2:192.168.123.103:55052/0 (socket says 192.168.123.103:55052)
2026-03-08T23:59:13.033 INFO:teuthology.orchestra.run.vm03.stdout:/usr/bin/ceph: stderr
2026-03-08T23:59:12.842+0000 7f8d651fd700 1 -- 192.168.123.103:0/4100362947 learned_addr learned my addr 192.168.123.103:0/4100362947 (peer_addr_for_me v2:192.168.123.103:0/0)
2026-03-08T23:59:13.033 INFO:teuthology.orchestra.run.vm03.stdout:/usr/bin/ceph: stderr
2026-03-08T23:59:12.842+0000 7f8d651fd700 1 -- 192.168.123.103:0/4100362947 --> [v2:192.168.123.103:3300/0,v1:192.168.123.103:6789/0] -- mon_subscribe({config=0+,monmap=0+}) v3 -- 0x7f8d60109b70 con 0x7f8d60108970
2026-03-08T23:59:13.033 INFO:teuthology.orchestra.run.vm03.stdout:/usr/bin/ceph: stderr
2026-03-08T23:59:12.843+0000 7f8d651fd700 1 --2- 192.168.123.103:0/4100362947 >> [v2:192.168.123.103:3300/0,v1:192.168.123.103:6789/0] conn(0x7f8d60108970 0x7f8d60108d90 secure :-1 s=READY pgs=37 cs=0 l=1 rev1=1 crypto rx=0x7f8d50009a90 tx=0x7f8d50009da0 comp rx=0 tx=0).ready entity=mon.0 client_cookie=584f3fc7148ca5b4 server_cookie=0 in_seq=0 out_seq=0
2026-03-08T23:59:13.033 INFO:teuthology.orchestra.run.vm03.stdout:/usr/bin/ceph: stderr
2026-03-08T23:59:12.843+0000 7f8d57fff700 1 -- 192.168.123.103:0/4100362947 <== mon.0 v2:192.168.123.103:3300/0 1 ==== mon_map magic: 0 v1 ==== 214+0+0 (secure 0 0 0) 0x7f8d50004030 con 0x7f8d60108970
2026-03-08T23:59:13.033 INFO:teuthology.orchestra.run.vm03.stdout:/usr/bin/ceph: stderr
2026-03-08T23:59:12.843+0000 7f8d57fff700 1 -- 192.168.123.103:0/4100362947 <== mon.0 v2:192.168.123.103:3300/0 2 ==== config(28 keys) v1 ==== 1075+0+0 (secure 0 0 0) 0x7f8d5000b7e0 con 0x7f8d60108970
2026-03-08T23:59:13.033 INFO:teuthology.orchestra.run.vm03.stdout:/usr/bin/ceph: stderr
2026-03-08T23:59:12.843+0000 7f8d67461700 1 -- 192.168.123.103:0/4100362947 >> [v2:192.168.123.103:3300/0,v1:192.168.123.103:6789/0] conn(0x7f8d60108970 msgr2=0x7f8d60108d90 secure :-1 s=STATE_CONNECTION_ESTABLISHED l=1).mark_down
2026-03-08T23:59:13.033 INFO:teuthology.orchestra.run.vm03.stdout:/usr/bin/ceph: stderr
2026-03-08T23:59:12.843+0000 7f8d67461700 1 --2- 192.168.123.103:0/4100362947 >> [v2:192.168.123.103:3300/0,v1:192.168.123.103:6789/0] conn(0x7f8d60108970 0x7f8d60108d90 secure :-1 s=READY pgs=37 cs=0 l=1 rev1=1 crypto rx=0x7f8d50009a90 tx=0x7f8d50009da0 comp rx=0 tx=0).stop
2026-03-08T23:59:13.033 INFO:teuthology.orchestra.run.vm03.stdout:/usr/bin/ceph: stderr
2026-03-08T23:59:12.844+0000 7f8d67461700 1 -- 192.168.123.103:0/4100362947 shutdown_connections
2026-03-08T23:59:13.033 INFO:teuthology.orchestra.run.vm03.stdout:/usr/bin/ceph: stderr
2026-03-08T23:59:12.844+0000 7f8d67461700 1 --2- 192.168.123.103:0/4100362947 >> [v2:192.168.123.103:3300/0,v1:192.168.123.103:6789/0] conn(0x7f8d60108970 0x7f8d60108d90 unknown :-1 s=CLOSED pgs=37 cs=0 l=1 rev1=1 crypto rx=0 tx=0 comp rx=0 tx=0).stop
2026-03-08T23:59:13.033 INFO:teuthology.orchestra.run.vm03.stdout:/usr/bin/ceph: stderr
2026-03-08T23:59:12.844+0000 7f8d67461700 1 -- 192.168.123.103:0/4100362947 >> 192.168.123.103:0/4100362947 conn(0x7f8d6007be30 msgr2=0x7f8d601064e0 unknown :-1 s=STATE_NONE l=0).mark_down
2026-03-08T23:59:13.033 INFO:teuthology.orchestra.run.vm03.stdout:/usr/bin/ceph: stderr
2026-03-08T23:59:12.844+0000 7f8d67461700 1 -- 192.168.123.103:0/4100362947 shutdown_connections
2026-03-08T23:59:13.033 INFO:teuthology.orchestra.run.vm03.stdout:/usr/bin/ceph: stderr
2026-03-08T23:59:12.844+0000 7f8d67461700 1 -- 192.168.123.103:0/4100362947 wait complete.
2026-03-08T23:59:13.033 INFO:teuthology.orchestra.run.vm03.stdout:/usr/bin/ceph: stderr
2026-03-08T23:59:12.844+0000 7f8d67461700 1 Processor -- start
2026-03-08T23:59:13.033 INFO:teuthology.orchestra.run.vm03.stdout:/usr/bin/ceph: stderr
2026-03-08T23:59:12.844+0000 7f8d67461700 1 -- start start
2026-03-08T23:59:13.033 INFO:teuthology.orchestra.run.vm03.stdout:/usr/bin/ceph: stderr
2026-03-08T23:59:12.845+0000 7f8d67461700 1 --2- >> [v2:192.168.123.103:3300/0,v1:192.168.123.103:6789/0] conn(0x7f8d60108970 0x7f8d6019c6a0 unknown :-1 s=NONE pgs=0 cs=0 l=1 rev1=0 crypto rx=0 tx=0 comp rx=0 tx=0).connect
2026-03-08T23:59:13.033 INFO:teuthology.orchestra.run.vm03.stdout:/usr/bin/ceph: stderr
2026-03-08T23:59:12.845+0000 7f8d651fd700 1 --2- >> [v2:192.168.123.103:3300/0,v1:192.168.123.103:6789/0] conn(0x7f8d60108970 0x7f8d6019c6a0 unknown :-1 s=BANNER_CONNECTING pgs=0 cs=0 l=1 rev1=0 crypto rx=0 tx=0 comp rx=0 tx=0)._handle_peer_banner_payload supported=3 required=0
2026-03-08T23:59:13.033 INFO:teuthology.orchestra.run.vm03.stdout:/usr/bin/ceph: stderr
2026-03-08T23:59:12.845+0000 7f8d651fd700 1 --2- >> [v2:192.168.123.103:3300/0,v1:192.168.123.103:6789/0] conn(0x7f8d60108970 0x7f8d6019c6a0 unknown :-1 s=HELLO_CONNECTING pgs=0 cs=0 l=1 rev1=1 crypto rx=0 tx=0 comp rx=0 tx=0).handle_hello peer v2:192.168.123.103:3300/0 says I am v2:192.168.123.103:55054/0 (socket says 192.168.123.103:55054)
2026-03-08T23:59:13.033 INFO:teuthology.orchestra.run.vm03.stdout:/usr/bin/ceph: stderr
2026-03-08T23:59:12.845+0000 7f8d651fd700 1 -- 192.168.123.103:0/3521161025 learned_addr learned my addr 192.168.123.103:0/3521161025 (peer_addr_for_me v2:192.168.123.103:0/0)
2026-03-08T23:59:13.033 INFO:teuthology.orchestra.run.vm03.stdout:/usr/bin/ceph: stderr
2026-03-08T23:59:12.845+0000 7f8d67461700 1 -- --> [v2:192.168.123.103:3300/0,v1:192.168.123.103:6789/0] -- mon_getmap magic: 0 v1 -- 0x7f8d60109360 con 0x7f8d60108970
2026-03-08T23:59:13.033 INFO:teuthology.orchestra.run.vm03.stdout:/usr/bin/ceph: stderr
2026-03-08T23:59:12.845+0000 7f8d651fd700 1 -- 192.168.123.103:0/3521161025 --> [v2:192.168.123.103:3300/0,v1:192.168.123.103:6789/0] -- mon_subscribe({config=0+,monmap=0+}) v3 -- 0x7f8d50009740 con 0x7f8d60108970
2026-03-08T23:59:13.033 INFO:teuthology.orchestra.run.vm03.stdout:/usr/bin/ceph: stderr
2026-03-08T23:59:12.845+0000 7f8d651fd700 1 --2- 192.168.123.103:0/3521161025 >> [v2:192.168.123.103:3300/0,v1:192.168.123.103:6789/0] conn(0x7f8d60108970 0x7f8d6019c6a0 secure :-1 s=READY pgs=38 cs=0 l=1 rev1=1 crypto rx=0x7f8d50003ec0 tx=0x7f8d50003fa0 comp rx=0 tx=0).ready entity=mon.0 client_cookie=0 server_cookie=0 in_seq=0 out_seq=0
2026-03-08T23:59:13.033 INFO:teuthology.orchestra.run.vm03.stdout:/usr/bin/ceph: stderr
2026-03-08T23:59:12.845+0000 7f8d567fc700 1 -- 192.168.123.103:0/3521161025 <== mon.0 v2:192.168.123.103:3300/0 1 ==== mon_map magic: 0 v1 ==== 214+0+0 (secure 0 0 0) 0x7f8d50004400 con 0x7f8d60108970
2026-03-08T23:59:13.033 INFO:teuthology.orchestra.run.vm03.stdout:/usr/bin/ceph: stderr
2026-03-08T23:59:12.845+0000 7f8d567fc700 1 -- 192.168.123.103:0/3521161025 <== mon.0 v2:192.168.123.103:3300/0 2 ==== config(28 keys) v1 ==== 1075+0+0 (secure 0 0 0) 0x7f8d50004560 con 0x7f8d60108970
2026-03-08T23:59:13.033 INFO:teuthology.orchestra.run.vm03.stdout:/usr/bin/ceph: stderr
2026-03-08T23:59:12.845+0000 7f8d67461700 1 -- 192.168.123.103:0/3521161025 --> [v2:192.168.123.103:3300/0,v1:192.168.123.103:6789/0] -- mon_subscribe({mgrmap=0+}) v3 -- 0x7f8d6019cbe0 con 0x7f8d60108970
2026-03-08T23:59:13.033 INFO:teuthology.orchestra.run.vm03.stdout:/usr/bin/ceph: stderr
2026-03-08T23:59:12.845+0000 7f8d567fc700 1 -- 192.168.123.103:0/3521161025 <== mon.0 v2:192.168.123.103:3300/0 3 ==== mon_map magic: 0 v1 ==== 214+0+0 (secure 0 0 0) 0x7f8d50011620 con 0x7f8d60108970
2026-03-08T23:59:13.033 INFO:teuthology.orchestra.run.vm03.stdout:/usr/bin/ceph: stderr
2026-03-08T23:59:12.846+0000 7f8d67461700 1 -- 192.168.123.103:0/3521161025 --> [v2:192.168.123.103:3300/0,v1:192.168.123.103:6789/0] -- mon_subscribe({osdmap=0}) v3 -- 0x7f8d6019d000 con 0x7f8d60108970
2026-03-08T23:59:13.033 INFO:teuthology.orchestra.run.vm03.stdout:/usr/bin/ceph: stderr
2026-03-08T23:59:12.846+0000 7f8d567fc700 1 -- 192.168.123.103:0/3521161025 <== mon.0 v2:192.168.123.103:3300/0 4 ==== mgrmap(e 7) v1 ==== 45172+0+0 (secure 0 0 0) 0x7f8d50011890 con 0x7f8d60108970
2026-03-08T23:59:13.033 INFO:teuthology.orchestra.run.vm03.stdout:/usr/bin/ceph: stderr
2026-03-08T23:59:12.846+0000 7f8d567fc700 1 --2- 192.168.123.103:0/3521161025 >> [v2:192.168.123.103:6800/2,v1:192.168.123.103:6801/2] conn(0x7f8d4c038270 0x7f8d4c03a730 unknown :-1 s=NONE pgs=0 cs=0 l=1 rev1=0 crypto rx=0 tx=0 comp rx=0 tx=0).connect
2026-03-08T23:59:13.033 INFO:teuthology.orchestra.run.vm03.stdout:/usr/bin/ceph: stderr
2026-03-08T23:59:12.846+0000 7f8d567fc700 1 -- 192.168.123.103:0/3521161025 <== mon.0 v2:192.168.123.103:3300/0 5 ==== osd_map(2..2 src has 1..2) v4 ==== 940+0+0 (secure 0 0 0) 0x7f8d50052580 con 0x7f8d60108970
2026-03-08T23:59:13.033 INFO:teuthology.orchestra.run.vm03.stdout:/usr/bin/ceph: stderr
2026-03-08T23:59:12.847+0000 7f8d649fc700 1 --2- 192.168.123.103:0/3521161025 >> [v2:192.168.123.103:6800/2,v1:192.168.123.103:6801/2] conn(0x7f8d4c038270 0x7f8d4c03a730 unknown :-1 s=BANNER_CONNECTING pgs=0 cs=0 l=1 rev1=0 crypto rx=0 tx=0 comp rx=0 tx=0)._handle_peer_banner_payload supported=3 required=0
2026-03-08T23:59:13.033 INFO:teuthology.orchestra.run.vm03.stdout:/usr/bin/ceph: stderr
2026-03-08T23:59:12.847+0000 7f8d649fc700 1 --2- 192.168.123.103:0/3521161025 >> [v2:192.168.123.103:6800/2,v1:192.168.123.103:6801/2] conn(0x7f8d4c038270 0x7f8d4c03a730 secure :-1 s=READY pgs=7 cs=0 l=1 rev1=1 crypto rx=0x7f8d5c006fd0 tx=0x7f8d5c006e40 comp rx=0 tx=0).ready entity=mgr.14120 client_cookie=0 server_cookie=0 in_seq=0 out_seq=0
2026-03-08T23:59:13.033 INFO:teuthology.orchestra.run.vm03.stdout:/usr/bin/ceph: stderr
2026-03-08T23:59:12.847+0000 7f8d67461700 1 -- 192.168.123.103:0/3521161025 --> [v2:192.168.123.103:3300/0,v1:192.168.123.103:6789/0] -- mon_command({"prefix": "get_command_descriptions"} v 0) v1 -- 0x7f8d6004fa20 con 0x7f8d60108970
2026-03-08T23:59:13.033 INFO:teuthology.orchestra.run.vm03.stdout:/usr/bin/ceph: stderr
2026-03-08T23:59:12.850+0000 7f8d567fc700 1 -- 192.168.123.103:0/3521161025 <== mon.0 v2:192.168.123.103:3300/0 6 ==== mon_command_ack([{"prefix": "get_command_descriptions"}]=0 v0) v1 ==== 72+0+180422 (secure 0 0 0) 0x7f8d50053050 con 0x7f8d60108970
2026-03-08T23:59:13.033 INFO:teuthology.orchestra.run.vm03.stdout:/usr/bin/ceph: stderr
2026-03-08T23:59:12.962+0000 7f8d67461700 1 -- 192.168.123.103:0/3521161025 --> [v2:192.168.123.103:6800/2,v1:192.168.123.103:6801/2] -- mgr_command(tid 0: {"prefix": "orch set backend", "module_name": "cephadm", "target": ["mon-mgr", ""]}) v1 -- 0x7f8d6019fc40 con 0x7f8d4c038270
2026-03-08T23:59:13.033 INFO:teuthology.orchestra.run.vm03.stdout:/usr/bin/ceph: stderr
2026-03-08T23:59:12.974+0000 7f8d567fc700 1 -- 192.168.123.103:0/3521161025 <== mgr.14120 v2:192.168.123.103:6800/2 1 ==== mgr_command_reply(tid 0: 0 ) v1 ==== 8+0+0 (secure 0 0 0) 0x7f8d6019fc40 con 0x7f8d4c038270
2026-03-08T23:59:13.033 INFO:teuthology.orchestra.run.vm03.stdout:/usr/bin/ceph: stderr
2026-03-08T23:59:12.977+0000 7f8d67461700 1 -- 192.168.123.103:0/3521161025 >> [v2:192.168.123.103:6800/2,v1:192.168.123.103:6801/2] conn(0x7f8d4c038270 msgr2=0x7f8d4c03a730 secure :-1 s=STATE_CONNECTION_ESTABLISHED l=1).mark_down
2026-03-08T23:59:13.033 INFO:teuthology.orchestra.run.vm03.stdout:/usr/bin/ceph: stderr
2026-03-08T23:59:12.977+0000 7f8d67461700 1 --2- 192.168.123.103:0/3521161025 >> [v2:192.168.123.103:6800/2,v1:192.168.123.103:6801/2] conn(0x7f8d4c038270 0x7f8d4c03a730 secure :-1 s=READY pgs=7 cs=0 l=1 rev1=1 crypto rx=0x7f8d5c006fd0 tx=0x7f8d5c006e40 comp rx=0 tx=0).stop
2026-03-08T23:59:13.033 INFO:teuthology.orchestra.run.vm03.stdout:/usr/bin/ceph: stderr
2026-03-08T23:59:12.977+0000 7f8d67461700 1 -- 192.168.123.103:0/3521161025 >> [v2:192.168.123.103:3300/0,v1:192.168.123.103:6789/0] conn(0x7f8d60108970 msgr2=0x7f8d6019c6a0 secure :-1 s=STATE_CONNECTION_ESTABLISHED l=1).mark_down
2026-03-08T23:59:13.034 INFO:teuthology.orchestra.run.vm03.stdout:/usr/bin/ceph: stderr
2026-03-08T23:59:12.977+0000 7f8d67461700 1 --2- 192.168.123.103:0/3521161025 >> [v2:192.168.123.103:3300/0,v1:192.168.123.103:6789/0] conn(0x7f8d60108970 0x7f8d6019c6a0 secure :-1 s=READY pgs=38 cs=0 l=1 rev1=1 crypto rx=0x7f8d50003ec0 tx=0x7f8d50003fa0 comp rx=0 tx=0).stop
2026-03-08T23:59:13.034 INFO:teuthology.orchestra.run.vm03.stdout:/usr/bin/ceph: stderr
2026-03-08T23:59:12.978+0000 7f8d67461700 1 -- 192.168.123.103:0/3521161025 shutdown_connections
2026-03-08T23:59:13.034 INFO:teuthology.orchestra.run.vm03.stdout:/usr/bin/ceph: stderr
2026-03-08T23:59:12.978+0000 7f8d67461700 1 --2- 192.168.123.103:0/3521161025 >> [v2:192.168.123.103:6800/2,v1:192.168.123.103:6801/2] conn(0x7f8d4c038270 0x7f8d4c03a730 unknown :-1 s=CLOSED pgs=7 cs=0 l=1 rev1=1 crypto rx=0 tx=0 comp rx=0 tx=0).stop
2026-03-08T23:59:13.034 INFO:teuthology.orchestra.run.vm03.stdout:/usr/bin/ceph: stderr
2026-03-08T23:59:12.978+0000 7f8d67461700 1 --2- 192.168.123.103:0/3521161025 >> [v2:192.168.123.103:3300/0,v1:192.168.123.103:6789/0] conn(0x7f8d60108970 0x7f8d6019c6a0 unknown :-1 s=CLOSED pgs=38 cs=0 l=1 rev1=1 crypto rx=0 tx=0 comp rx=0 tx=0).stop
2026-03-08T23:59:13.034 INFO:teuthology.orchestra.run.vm03.stdout:/usr/bin/ceph: stderr
2026-03-08T23:59:12.978+0000 7f8d67461700 1 -- 192.168.123.103:0/3521161025 >> 192.168.123.103:0/3521161025 conn(0x7f8d6007be30 msgr2=0x7f8d60105de0 unknown :-1 s=STATE_NONE l=0).mark_down
2026-03-08T23:59:13.034 INFO:teuthology.orchestra.run.vm03.stdout:/usr/bin/ceph: stderr
2026-03-08T23:59:12.978+0000 7f8d67461700 1 -- 192.168.123.103:0/3521161025 shutdown_connections
2026-03-08T23:59:13.034 INFO:teuthology.orchestra.run.vm03.stdout:/usr/bin/ceph: stderr
2026-03-08T23:59:12.978+0000 7f8d67461700 1 -- 192.168.123.103:0/3521161025 wait complete.
2026-03-08T23:59:13.338 INFO:teuthology.orchestra.run.vm03.stdout:/usr/bin/ceph: stdout value unchanged
2026-03-08T23:59:13.338 INFO:teuthology.orchestra.run.vm03.stdout:/usr/bin/ceph: stderr
2026-03-08T23:59:13.162+0000 7fb8190ee700 1 Processor -- start
2026-03-08T23:59:13.339 INFO:teuthology.orchestra.run.vm03.stdout:/usr/bin/ceph: stderr
2026-03-08T23:59:13.162+0000 7fb8190ee700 1 -- start start
2026-03-08T23:59:13.339 INFO:teuthology.orchestra.run.vm03.stdout:/usr/bin/ceph: stderr
2026-03-08T23:59:13.162+0000 7fb8190ee700 1 --2- >> [v2:192.168.123.103:3300/0,v1:192.168.123.103:6789/0] conn(0x7fb814108990 0x7fb814108db0 unknown :-1 s=NONE pgs=0 cs=0 l=0 rev1=0 crypto rx=0 tx=0 comp rx=0 tx=0).connect
2026-03-08T23:59:13.339 INFO:teuthology.orchestra.run.vm03.stdout:/usr/bin/ceph: stderr
2026-03-08T23:59:13.162+0000 7fb8190ee700 1 -- --> [v2:192.168.123.103:3300/0,v1:192.168.123.103:6789/0] -- mon_getmap magic: 0 v1 -- 0x7fb814109380 con 0x7fb814108990
2026-03-08T23:59:13.339 INFO:teuthology.orchestra.run.vm03.stdout:/usr/bin/ceph: stderr
2026-03-08T23:59:13.163+0000 7fb812d9d700 1 --2- >> [v2:192.168.123.103:3300/0,v1:192.168.123.103:6789/0] conn(0x7fb814108990 0x7fb814108db0 unknown :-1 s=BANNER_CONNECTING pgs=0 cs=0 l=0 rev1=0 crypto rx=0 tx=0 comp rx=0 tx=0)._handle_peer_banner_payload supported=3 required=0
2026-03-08T23:59:13.339 INFO:teuthology.orchestra.run.vm03.stdout:/usr/bin/ceph: stderr
2026-03-08T23:59:13.163+0000 7fb812d9d700 1 --2- >> [v2:192.168.123.103:3300/0,v1:192.168.123.103:6789/0] conn(0x7fb814108990 0x7fb814108db0 unknown :-1 s=HELLO_CONNECTING pgs=0 cs=0 l=0 rev1=1 crypto rx=0 tx=0 comp rx=0 tx=0).handle_hello peer v2:192.168.123.103:3300/0 says I am v2:192.168.123.103:55062/0 (socket says 192.168.123.103:55062)
2026-03-08T23:59:13.339 INFO:teuthology.orchestra.run.vm03.stdout:/usr/bin/ceph: stderr
2026-03-08T23:59:13.163+0000 7fb812d9d700 1 -- 192.168.123.103:0/2208545191 learned_addr learned my addr 192.168.123.103:0/2208545191 (peer_addr_for_me v2:192.168.123.103:0/0)
2026-03-08T23:59:13.339 INFO:teuthology.orchestra.run.vm03.stdout:/usr/bin/ceph: stderr
2026-03-08T23:59:13.163+0000 7fb812d9d700 1 -- 192.168.123.103:0/2208545191 --> [v2:192.168.123.103:3300/0,v1:192.168.123.103:6789/0] -- mon_subscribe({config=0+,monmap=0+}) v3 -- 0x7fb814109b90 con 0x7fb814108990
2026-03-08T23:59:13.339 INFO:teuthology.orchestra.run.vm03.stdout:/usr/bin/ceph: stderr
2026-03-08T23:59:13.163+0000 7fb812d9d700 1 --2- 192.168.123.103:0/2208545191 >> [v2:192.168.123.103:3300/0,v1:192.168.123.103:6789/0] conn(0x7fb814108990 0x7fb814108db0 secure :-1 s=READY pgs=39 cs=0 l=1 rev1=1 crypto rx=0x7fb7fc009a90 tx=0x7fb7fc009da0 comp rx=0 tx=0).ready entity=mon.0 client_cookie=736a96bb67f34355 server_cookie=0 in_seq=0 out_seq=0
2026-03-08T23:59:13.339 INFO:teuthology.orchestra.run.vm03.stdout:/usr/bin/ceph: stderr
2026-03-08T23:59:13.163+0000 7fb811d9b700 1 -- 192.168.123.103:0/2208545191 <== mon.0 v2:192.168.123.103:3300/0 1 ==== mon_map magic: 0 v1 ==== 214+0+0 (secure 0 0 0) 0x7fb7fc004030 con 0x7fb814108990
2026-03-08T23:59:13.339 INFO:teuthology.orchestra.run.vm03.stdout:/usr/bin/ceph: stderr
2026-03-08T23:59:13.163+0000 7fb811d9b700 1 -- 192.168.123.103:0/2208545191 <== mon.0 v2:192.168.123.103:3300/0 2 ==== config(28 keys) v1 ==== 1075+0+0 (secure 0 0 0) 0x7fb7fc00b7e0 con 0x7fb814108990
2026-03-08T23:59:13.339 INFO:teuthology.orchestra.run.vm03.stdout:/usr/bin/ceph: stderr
2026-03-08T23:59:13.163+0000 7fb811d9b700 1 -- 192.168.123.103:0/2208545191 <== mon.0 v2:192.168.123.103:3300/0 3 ==== mon_map magic: 0 v1 ==== 214+0+0 (secure 0 0 0) 0x7fb7fc003a40 con 0x7fb814108990
2026-03-08T23:59:13.339 INFO:teuthology.orchestra.run.vm03.stdout:/usr/bin/ceph: stderr
2026-03-08T23:59:13.164+0000 7fb8190ee700 1 -- 192.168.123.103:0/2208545191 >> [v2:192.168.123.103:3300/0,v1:192.168.123.103:6789/0] conn(0x7fb814108990 msgr2=0x7fb814108db0 secure :-1 s=STATE_CONNECTION_ESTABLISHED l=1).mark_down
2026-03-08T23:59:13.339 INFO:teuthology.orchestra.run.vm03.stdout:/usr/bin/ceph: stderr
2026-03-08T23:59:13.164+0000 7fb8190ee700 1 --2- 192.168.123.103:0/2208545191 >> [v2:192.168.123.103:3300/0,v1:192.168.123.103:6789/0] conn(0x7fb814108990 0x7fb814108db0 secure :-1 s=READY pgs=39 cs=0 l=1 rev1=1 crypto rx=0x7fb7fc009a90 tx=0x7fb7fc009da0 comp rx=0 tx=0).stop
2026-03-08T23:59:13.339 INFO:teuthology.orchestra.run.vm03.stdout:/usr/bin/ceph: stderr
2026-03-08T23:59:13.164+0000 7fb8190ee700 1 -- 192.168.123.103:0/2208545191 shutdown_connections
2026-03-08T23:59:13.339 INFO:teuthology.orchestra.run.vm03.stdout:/usr/bin/ceph: stderr
2026-03-08T23:59:13.164+0000 7fb8190ee700 1 --2- 192.168.123.103:0/2208545191 >> [v2:192.168.123.103:3300/0,v1:192.168.123.103:6789/0] conn(0x7fb814108990 0x7fb814108db0 unknown :-1 s=CLOSED pgs=39 cs=0 l=1 rev1=1 crypto rx=0 tx=0 comp rx=0 tx=0).stop
2026-03-08T23:59:13.339 INFO:teuthology.orchestra.run.vm03.stdout:/usr/bin/ceph: stderr
2026-03-08T23:59:13.164+0000 7fb8190ee700 1 -- 192.168.123.103:0/2208545191 >> 192.168.123.103:0/2208545191 conn(0x7fb814103f50 msgr2=0x7fb814106370 unknown :-1 s=STATE_NONE l=0).mark_down
2026-03-08T23:59:13.340 INFO:teuthology.orchestra.run.vm03.stdout:/usr/bin/ceph: stderr
2026-03-08T23:59:13.164+0000 7fb8190ee700 1 -- 192.168.123.103:0/2208545191 shutdown_connections
2026-03-08T23:59:13.340 INFO:teuthology.orchestra.run.vm03.stdout:/usr/bin/ceph: stderr
2026-03-08T23:59:13.164+0000 7fb8190ee700 1 -- 192.168.123.103:0/2208545191 wait complete.
2026-03-08T23:59:13.340 INFO:teuthology.orchestra.run.vm03.stdout:/usr/bin/ceph: stderr
2026-03-08T23:59:13.165+0000 7fb8190ee700 1 Processor -- start
2026-03-08T23:59:13.340 INFO:teuthology.orchestra.run.vm03.stdout:/usr/bin/ceph: stderr
2026-03-08T23:59:13.165+0000 7fb8190ee700 1 -- start start
2026-03-08T23:59:13.340 INFO:teuthology.orchestra.run.vm03.stdout:/usr/bin/ceph: stderr
2026-03-08T23:59:13.165+0000 7fb8190ee700 1 --2- >> [v2:192.168.123.103:3300/0,v1:192.168.123.103:6789/0] conn(0x7fb814108990 0x7fb81419c650 unknown :-1 s=NONE pgs=0 cs=0 l=1 rev1=0 crypto rx=0 tx=0 comp rx=0 tx=0).connect
2026-03-08T23:59:13.340 INFO:teuthology.orchestra.run.vm03.stdout:/usr/bin/ceph: stderr
2026-03-08T23:59:13.165+0000 7fb8190ee700 1 -- --> [v2:192.168.123.103:3300/0,v1:192.168.123.103:6789/0] -- mon_getmap magic: 0 v1 -- 0x7fb81419cb90 con 0x7fb814108990
2026-03-08T23:59:13.340 INFO:teuthology.orchestra.run.vm03.stdout:/usr/bin/ceph: stderr
2026-03-08T23:59:13.165+0000 7fb812d9d700 1 --2- >> [v2:192.168.123.103:3300/0,v1:192.168.123.103:6789/0] conn(0x7fb814108990 0x7fb81419c650 unknown :-1 s=BANNER_CONNECTING pgs=0 cs=0 l=1 rev1=0 crypto rx=0 tx=0 comp rx=0 tx=0)._handle_peer_banner_payload supported=3 required=0
2026-03-08T23:59:13.340 INFO:teuthology.orchestra.run.vm03.stdout:/usr/bin/ceph: stderr
2026-03-08T23:59:13.165+0000 7fb812d9d700 1 --2- >> [v2:192.168.123.103:3300/0,v1:192.168.123.103:6789/0] conn(0x7fb814108990 0x7fb81419c650 unknown :-1 s=HELLO_CONNECTING pgs=0 cs=0 l=1 rev1=1 crypto rx=0 tx=0 comp rx=0 tx=0).handle_hello peer v2:192.168.123.103:3300/0 says I am v2:192.168.123.103:55068/0 (socket says 192.168.123.103:55068)
2026-03-08T23:59:13.340 INFO:teuthology.orchestra.run.vm03.stdout:/usr/bin/ceph: stderr
2026-03-08T23:59:13.165+0000 7fb812d9d700 1 -- 192.168.123.103:0/2962734930 learned_addr learned my addr 192.168.123.103:0/2962734930 (peer_addr_for_me v2:192.168.123.103:0/0)
2026-03-08T23:59:13.340 INFO:teuthology.orchestra.run.vm03.stdout:/usr/bin/ceph: stderr
2026-03-08T23:59:13.166+0000 7fb812d9d700 1 -- 192.168.123.103:0/2962734930 --> [v2:192.168.123.103:3300/0,v1:192.168.123.103:6789/0] -- mon_subscribe({config=0+,monmap=0+}) v3 -- 0x7fb7fc009740 con 0x7fb814108990
2026-03-08T23:59:13.340 INFO:teuthology.orchestra.run.vm03.stdout:/usr/bin/ceph: stderr
2026-03-08T23:59:13.166+0000 7fb812d9d700 1 --2- 192.168.123.103:0/2962734930 >> [v2:192.168.123.103:3300/0,v1:192.168.123.103:6789/0] conn(0x7fb814108990 0x7fb81419c650 secure :-1 s=READY pgs=40 cs=0 l=1 rev1=1 crypto rx=0x7fb7fc003710 tx=0x7fb7fc003b60 comp rx=0 tx=0).ready entity=mon.0 client_cookie=0 server_cookie=0 in_seq=0 out_seq=0
2026-03-08T23:59:13.340 INFO:teuthology.orchestra.run.vm03.stdout:/usr/bin/ceph: stderr
2026-03-08T23:59:13.167+0000 7fb80bfff700 1 -- 192.168.123.103:0/2962734930 <== mon.0 v2:192.168.123.103:3300/0 1 ==== mon_map magic: 0 v1 ==== 214+0+0 (secure 0 0 0) 0x7fb7fc004130 con 0x7fb814108990
2026-03-08T23:59:13.340 INFO:teuthology.orchestra.run.vm03.stdout:/usr/bin/ceph: stderr
2026-03-08T23:59:13.167+0000 7fb80bfff700 1 -- 192.168.123.103:0/2962734930 <== mon.0 v2:192.168.123.103:3300/0 2 ==== config(28 keys) v1 ==== 1075+0+0 (secure 0 0 0) 0x7fb7fc004290 con 0x7fb814108990
2026-03-08T23:59:13.340 INFO:teuthology.orchestra.run.vm03.stdout:/usr/bin/ceph: stderr
2026-03-08T23:59:13.167+0000 7fb80bfff700 1 -- 192.168.123.103:0/2962734930 <== mon.0 v2:192.168.123.103:3300/0 3 ==== mon_map magic: 0 v1 ==== 214+0+0 (secure 0 0 0) 0x7fb7fc011420 con 0x7fb814108990
2026-03-08T23:59:13.340 INFO:teuthology.orchestra.run.vm03.stdout:/usr/bin/ceph: stderr
2026-03-08T23:59:13.167+0000 7fb8190ee700 1 -- 192.168.123.103:0/2962734930 --> [v2:192.168.123.103:3300/0,v1:192.168.123.103:6789/0] -- mon_subscribe({mgrmap=0+}) v3 -- 0x7fb81419cd90 con 0x7fb814108990
2026-03-08T23:59:13.340 INFO:teuthology.orchestra.run.vm03.stdout:/usr/bin/ceph: stderr
2026-03-08T23:59:13.167+0000 7fb8190ee700 1 -- 192.168.123.103:0/2962734930 --> [v2:192.168.123.103:3300/0,v1:192.168.123.103:6789/0] -- mon_subscribe({osdmap=0}) v3 -- 0x7fb81419d1b0 con 0x7fb814108990
2026-03-08T23:59:13.340 INFO:teuthology.orchestra.run.vm03.stdout:/usr/bin/ceph: stderr
2026-03-08T23:59:13.169+0000 7fb80bfff700 1 -- 192.168.123.103:0/2962734930 <== mon.0 v2:192.168.123.103:3300/0 4 ==== mgrmap(e 7) v1 ==== 45172+0+0 (secure 0 0 0) 0x7fb7fc011580 con 0x7fb814108990
2026-03-08T23:59:13.340 INFO:teuthology.orchestra.run.vm03.stdout:/usr/bin/ceph: stderr
2026-03-08T23:59:13.170+0000 7fb80bfff700 1 --2- 192.168.123.103:0/2962734930 >> [v2:192.168.123.103:6800/2,v1:192.168.123.103:6801/2] conn(0x7fb8000382d0 0x7fb80003a790 unknown :-1 s=NONE pgs=0 cs=0 l=1 rev1=0 crypto rx=0 tx=0 comp rx=0 tx=0).connect
2026-03-08T23:59:13.340 INFO:teuthology.orchestra.run.vm03.stdout:/usr/bin/ceph: stderr
2026-03-08T23:59:13.170+0000 7fb8190ee700 1 -- 192.168.123.103:0/2962734930 --> [v2:192.168.123.103:3300/0,v1:192.168.123.103:6789/0] -- mon_command({"prefix": "get_command_descriptions"} v 0) v1 -- 0x7fb8140623c0 con 0x7fb814108990
2026-03-08T23:59:13.340 INFO:teuthology.orchestra.run.vm03.stdout:/usr/bin/ceph: stderr
2026-03-08T23:59:13.170+0000 7fb80bfff700 1 -- 192.168.123.103:0/2962734930 <== mon.0 v2:192.168.123.103:3300/0 5 ==== osd_map(2..2 src has 1..2) v4 ==== 940+0+0 (secure 0 0 0) 0x7fb7fc04c870 con 0x7fb814108990
2026-03-08T23:59:13.341 INFO:teuthology.orchestra.run.vm03.stdout:/usr/bin/ceph: stderr
2026-03-08T23:59:13.173+0000 7fb81259c700 1 --2- 192.168.123.103:0/2962734930 >> [v2:192.168.123.103:6800/2,v1:192.168.123.103:6801/2] conn(0x7fb8000382d0 0x7fb80003a790 unknown :-1 s=BANNER_CONNECTING pgs=0 cs=0 l=1 rev1=0 crypto rx=0 tx=0 comp rx=0 tx=0)._handle_peer_banner_payload supported=3 required=0
2026-03-08T23:59:13.341 INFO:teuthology.orchestra.run.vm03.stdout:/usr/bin/ceph: stderr
2026-03-08T23:59:13.173+0000 7fb81259c700 1 --2- 192.168.123.103:0/2962734930 >> [v2:192.168.123.103:6800/2,v1:192.168.123.103:6801/2] conn(0x7fb8000382d0 0x7fb80003a790 secure :-1 s=READY pgs=8 cs=0 l=1 rev1=1 crypto rx=0x7fb804006fd0 tx=0x7fb804006e40 comp rx=0 tx=0).ready entity=mgr.14120 client_cookie=0 server_cookie=0 in_seq=0 out_seq=0
2026-03-08T23:59:13.341 INFO:teuthology.orchestra.run.vm03.stdout:/usr/bin/ceph: stderr
2026-03-08T23:59:13.173+0000 7fb80bfff700 1 -- 192.168.123.103:0/2962734930 <== mon.0 v2:192.168.123.103:3300/0 6 ==== mon_command_ack([{"prefix": "get_command_descriptions"}]=0 v0) v1 ==== 72+0+180422 (secure 0 0 0) 0x7fb7fc010970 con 0x7fb814108990
2026-03-08T23:59:13.341 INFO:teuthology.orchestra.run.vm03.stdout:/usr/bin/ceph: stderr
2026-03-08T23:59:13.278+0000 7fb8190ee700 1 -- 192.168.123.103:0/2962734930 --> [v2:192.168.123.103:6800/2,v1:192.168.123.103:6801/2] -- mgr_command(tid 0: {"prefix": "cephadm set-user", "user": "root", "target": ["mon-mgr", ""]}) v1 -- 0x7fb814105290 con 0x7fb8000382d0
2026-03-08T23:59:13.341 INFO:teuthology.orchestra.run.vm03.stdout:/usr/bin/ceph: stderr
2026-03-08T23:59:13.279+0000 7fb80bfff700 1 -- 192.168.123.103:0/2962734930 <== mgr.14120 v2:192.168.123.103:6800/2 1 ==== mgr_command_reply(tid 0: 0 ) v1 ==== 8+0+16 (secure 0 0 0) 0x7fb814105290 con 0x7fb8000382d0
2026-03-08T23:59:13.341 INFO:teuthology.orchestra.run.vm03.stdout:/usr/bin/ceph: stderr
2026-03-08T23:59:13.282+0000 7fb8190ee700 1 -- 192.168.123.103:0/2962734930 >> [v2:192.168.123.103:6800/2,v1:192.168.123.103:6801/2] conn(0x7fb8000382d0 msgr2=0x7fb80003a790 secure :-1 s=STATE_CONNECTION_ESTABLISHED l=1).mark_down
2026-03-08T23:59:13.341 INFO:teuthology.orchestra.run.vm03.stdout:/usr/bin/ceph: stderr
2026-03-08T23:59:13.283+0000 7fb8190ee700 1 --2- 192.168.123.103:0/2962734930 >> [v2:192.168.123.103:6800/2,v1:192.168.123.103:6801/2] conn(0x7fb8000382d0 0x7fb80003a790 secure :-1 s=READY pgs=8 cs=0 l=1 rev1=1 crypto rx=0x7fb804006fd0 tx=0x7fb804006e40 comp rx=0 tx=0).stop
2026-03-08T23:59:13.341 INFO:teuthology.orchestra.run.vm03.stdout:/usr/bin/ceph: stderr
2026-03-08T23:59:13.283+0000 7fb8190ee700 1 -- 192.168.123.103:0/2962734930 >> [v2:192.168.123.103:3300/0,v1:192.168.123.103:6789/0] conn(0x7fb814108990 msgr2=0x7fb81419c650 secure :-1 s=STATE_CONNECTION_ESTABLISHED l=1).mark_down
2026-03-08T23:59:13.341 INFO:teuthology.orchestra.run.vm03.stdout:/usr/bin/ceph: stderr
2026-03-08T23:59:13.283+0000 7fb8190ee700 1 --2- 192.168.123.103:0/2962734930 >> [v2:192.168.123.103:3300/0,v1:192.168.123.103:6789/0] conn(0x7fb814108990 0x7fb81419c650 secure :-1 s=READY pgs=40 cs=0 l=1 rev1=1 crypto rx=0x7fb7fc003710 tx=0x7fb7fc003b60 comp rx=0 tx=0).stop
2026-03-08T23:59:13.341 INFO:teuthology.orchestra.run.vm03.stdout:/usr/bin/ceph: stderr
2026-03-08T23:59:13.283+0000 7fb8190ee700 1 -- 192.168.123.103:0/2962734930 shutdown_connections
2026-03-08T23:59:13.341 INFO:teuthology.orchestra.run.vm03.stdout:/usr/bin/ceph: stderr
2026-03-08T23:59:13.284+0000 7fb8190ee700 1 --2- 192.168.123.103:0/2962734930 >> [v2:192.168.123.103:6800/2,v1:192.168.123.103:6801/2] conn(0x7fb8000382d0 0x7fb80003a790 unknown :-1 s=CLOSED pgs=8 cs=0 l=1 rev1=1 crypto rx=0 tx=0 comp rx=0 tx=0).stop
2026-03-08T23:59:13.341 INFO:teuthology.orchestra.run.vm03.stdout:/usr/bin/ceph: stderr
2026-03-08T23:59:13.284+0000 7fb8190ee700 1 --2- 192.168.123.103:0/2962734930 >> [v2:192.168.123.103:3300/0,v1:192.168.123.103:6789/0] conn(0x7fb814108990 0x7fb81419c650 unknown :-1 s=CLOSED pgs=40 cs=0 l=1 rev1=1 crypto rx=0 tx=0 comp rx=0 tx=0).stop
2026-03-08T23:59:13.341 INFO:teuthology.orchestra.run.vm03.stdout:/usr/bin/ceph: stderr
2026-03-08T23:59:13.284+0000 7fb8190ee700 1 -- 192.168.123.103:0/2962734930 >> 192.168.123.103:0/2962734930 conn(0x7fb814103f50 msgr2=0x7fb814104b80 unknown :-1 s=STATE_NONE l=0).mark_down
2026-03-08T23:59:13.341 INFO:teuthology.orchestra.run.vm03.stdout:/usr/bin/ceph: stderr
2026-03-08T23:59:13.284+0000 7fb8190ee700 1 -- 192.168.123.103:0/2962734930 shutdown_connections
2026-03-08T23:59:13.341 INFO:teuthology.orchestra.run.vm03.stdout:/usr/bin/ceph: stderr
2026-03-08T23:59:13.284+0000 7fb8190ee700 1 -- 192.168.123.103:0/2962734930 wait complete.
2026-03-08T23:59:13.341 INFO:teuthology.orchestra.run.vm03.stdout:Generating ssh key...
2026-03-08T23:59:13.679 INFO:teuthology.orchestra.run.vm03.stdout:/usr/bin/ceph: stderr
2026-03-08T23:59:13.466+0000 7f3c5fe3c700 1 Processor -- start
2026-03-08T23:59:13.679 INFO:teuthology.orchestra.run.vm03.stdout:/usr/bin/ceph: stderr
2026-03-08T23:59:13.466+0000 7f3c5fe3c700 1 -- start start
2026-03-08T23:59:13.679 INFO:teuthology.orchestra.run.vm03.stdout:/usr/bin/ceph: stderr
2026-03-08T23:59:13.467+0000 7f3c5fe3c700 1 --2- >> [v2:192.168.123.103:3300/0,v1:192.168.123.103:6789/0] conn(0x7f3c58105650 0x7f3c58105a70 unknown :-1 s=NONE pgs=0 cs=0 l=0 rev1=0 crypto rx=0 tx=0 comp rx=0 tx=0).connect
2026-03-08T23:59:13.679 INFO:teuthology.orchestra.run.vm03.stdout:/usr/bin/ceph: stderr
2026-03-08T23:59:13.467+0000 7f3c5fe3c700 1 -- --> [v2:192.168.123.103:3300/0,v1:192.168.123.103:6789/0] -- mon_getmap magic: 0 v1 -- 0x7f3c58106040 con 0x7f3c58105650
2026-03-08T23:59:13.679 INFO:teuthology.orchestra.run.vm03.stdout:/usr/bin/ceph: stderr
2026-03-08T23:59:13.467+0000 7f3c5dbd8700 1 --2- >> [v2:192.168.123.103:3300/0,v1:192.168.123.103:6789/0] conn(0x7f3c58105650 0x7f3c58105a70 unknown :-1 s=BANNER_CONNECTING pgs=0 cs=0 l=0 rev1=0 crypto rx=0 tx=0 comp rx=0 tx=0)._handle_peer_banner_payload supported=3 required=0
2026-03-08T23:59:13.679 INFO:teuthology.orchestra.run.vm03.stdout:/usr/bin/ceph: stderr
2026-03-08T23:59:13.467+0000 7f3c5dbd8700 1 --2- >> [v2:192.168.123.103:3300/0,v1:192.168.123.103:6789/0] conn(0x7f3c58105650 0x7f3c58105a70 unknown :-1 s=HELLO_CONNECTING pgs=0 cs=0 l=0 rev1=1 crypto rx=0 tx=0 comp rx=0 tx=0).handle_hello peer v2:192.168.123.103:3300/0 says I am v2:192.168.123.103:55082/0 (socket says 192.168.123.103:55082)
2026-03-08T23:59:13.679 INFO:teuthology.orchestra.run.vm03.stdout:/usr/bin/ceph: stderr
2026-03-08T23:59:13.467+0000 7f3c5dbd8700 1 -- 192.168.123.103:0/1580947621 learned_addr learned my addr 192.168.123.103:0/1580947621 (peer_addr_for_me v2:192.168.123.103:0/0)
2026-03-08T23:59:13.679 INFO:teuthology.orchestra.run.vm03.stdout:/usr/bin/ceph: stderr
2026-03-08T23:59:13.468+0000 7f3c5dbd8700 1 -- 192.168.123.103:0/1580947621 --> [v2:192.168.123.103:3300/0,v1:192.168.123.103:6789/0] -- mon_subscribe({config=0+,monmap=0+}) v3 -- 0x7f3c58106850 con 0x7f3c58105650
2026-03-08T23:59:13.679 INFO:teuthology.orchestra.run.vm03.stdout:/usr/bin/ceph: stderr
2026-03-08T23:59:13.468+0000 7f3c5dbd8700 1 --2- 192.168.123.103:0/1580947621 >> [v2:192.168.123.103:3300/0,v1:192.168.123.103:6789/0] conn(0x7f3c58105650 0x7f3c58105a70 secure :-1 s=READY pgs=41 cs=0 l=1 rev1=1 crypto rx=0x7f3c4c009a90 tx=0x7f3c4c009da0 comp rx=0 tx=0).ready entity=mon.0 client_cookie=70755e0d110f925b server_cookie=0 in_seq=0 out_seq=0
2026-03-08T23:59:13.679 INFO:teuthology.orchestra.run.vm03.stdout:/usr/bin/ceph: stderr
2026-03-08T23:59:13.468+0000 7f3c5cbd6700 1 -- 192.168.123.103:0/1580947621 <== mon.0 v2:192.168.123.103:3300/0 1 ==== mon_map magic: 0 v1 ==== 214+0+0 (secure 0 0 0) 0x7f3c4c004030 con 0x7f3c58105650
2026-03-08T23:59:13.679 INFO:teuthology.orchestra.run.vm03.stdout:/usr/bin/ceph: stderr
2026-03-08T23:59:13.468+0000 7f3c5cbd6700 1 -- 192.168.123.103:0/1580947621 <== mon.0 v2:192.168.123.103:3300/0 2 ==== config(28 keys) v1 ==== 1075+0+0 (secure 0 0 0) 0x7f3c4c00b7e0 con 0x7f3c58105650
2026-03-08T23:59:13.679 INFO:teuthology.orchestra.run.vm03.stdout:/usr/bin/ceph: stderr
2026-03-08T23:59:13.469+0000 7f3c5cbd6700 1 -- 192.168.123.103:0/1580947621 <== mon.0 v2:192.168.123.103:3300/0 3 ==== mon_map magic: 0 v1 ==== 214+0+0 (secure 0 0 0) 0x7f3c4c003a40 con 0x7f3c58105650
2026-03-08T23:59:13.679 INFO:teuthology.orchestra.run.vm03.stdout:/usr/bin/ceph: stderr
2026-03-08T23:59:13.469+0000 7f3c5fe3c700 1 -- 192.168.123.103:0/1580947621 >> [v2:192.168.123.103:3300/0,v1:192.168.123.103:6789/0] conn(0x7f3c58105650 msgr2=0x7f3c58105a70 secure :-1 s=STATE_CONNECTION_ESTABLISHED l=1).mark_down
2026-03-08T23:59:13.679 INFO:teuthology.orchestra.run.vm03.stdout:/usr/bin/ceph: stderr
2026-03-08T23:59:13.469+0000 7f3c5fe3c700 1 --2- 192.168.123.103:0/1580947621 >> [v2:192.168.123.103:3300/0,v1:192.168.123.103:6789/0] conn(0x7f3c58105650 0x7f3c58105a70 secure :-1 s=READY pgs=41 cs=0 l=1 rev1=1 crypto rx=0x7f3c4c009a90 tx=0x7f3c4c009da0 comp rx=0 tx=0).stop
2026-03-08T23:59:13.679 INFO:teuthology.orchestra.run.vm03.stdout:/usr/bin/ceph: stderr
2026-03-08T23:59:13.469+0000 7f3c5fe3c700 1 -- 192.168.123.103:0/1580947621 shutdown_connections
2026-03-08T23:59:13.679 INFO:teuthology.orchestra.run.vm03.stdout:/usr/bin/ceph: stderr
2026-03-08T23:59:13.469+0000 7f3c5fe3c700 1 --2- 192.168.123.103:0/1580947621 >> [v2:192.168.123.103:3300/0,v1:192.168.123.103:6789/0] conn(0x7f3c58105650 0x7f3c58105a70 unknown :-1 s=CLOSED pgs=41 cs=0 l=1 rev1=1 crypto rx=0 tx=0 comp rx=0 tx=0).stop
2026-03-08T23:59:13.679 INFO:teuthology.orchestra.run.vm03.stdout:/usr/bin/ceph: stderr
2026-03-08T23:59:13.469+0000 7f3c5fe3c700 1 -- 192.168.123.103:0/1580947621 >> 192.168.123.103:0/1580947621 conn(0x7f3c58100bd0 msgr2=0x7f3c58103030 unknown :-1 s=STATE_NONE l=0).mark_down
2026-03-08T23:59:13.679 INFO:teuthology.orchestra.run.vm03.stdout:/usr/bin/ceph: stderr
2026-03-08T23:59:13.470+0000 7f3c5fe3c700 1 -- 192.168.123.103:0/1580947621 shutdown_connections
2026-03-08T23:59:13.679 INFO:teuthology.orchestra.run.vm03.stdout:/usr/bin/ceph: stderr
2026-03-08T23:59:13.470+0000 7f3c5fe3c700 1 -- 192.168.123.103:0/1580947621 wait complete.
2026-03-08T23:59:13.679 INFO:teuthology.orchestra.run.vm03.stdout:/usr/bin/ceph: stderr
2026-03-08T23:59:13.470+0000 7f3c5fe3c700 1 Processor -- start
2026-03-08T23:59:13.679 INFO:teuthology.orchestra.run.vm03.stdout:/usr/bin/ceph: stderr
2026-03-08T23:59:13.470+0000 7f3c5fe3c700 1 -- start start
2026-03-08T23:59:13.679 INFO:teuthology.orchestra.run.vm03.stdout:/usr/bin/ceph: stderr
2026-03-08T23:59:13.470+0000 7f3c5fe3c700 1 --2- >> [v2:192.168.123.103:3300/0,v1:192.168.123.103:6789/0] conn(0x7f3c58105650 0x7f3c5819c790 unknown :-1 s=NONE pgs=0 cs=0 l=1 rev1=0 crypto rx=0 tx=0 comp rx=0 tx=0).connect
