2026-03-09T00:29:25.366+0000 7fc273242640 1 -- 192.168.123.109:0/3509039085 --> v2:192.168.123.109:6800/3433497319 -- mgr_command(tid 0: {"prefix": "orch apply", "service_type": "mgr", "unmanaged": true, "target": ["mon-mgr", ""]}) -- 0x7fc234002bf0 con 0x7fc24803dc00
2026-03-09T00:29:25.402 INFO:teuthology.orchestra.run.vm09.stdout:/usr/bin/ceph: stderr
2026-03-09T00:29:25.371+0000 7fc261ffb640 1 -- 192.168.123.109:0/3509039085 <== mgr.14118 v2:192.168.123.109:6800/3433497319 1 ==== mgr_command_reply(tid 0: 0 ) ==== 8+0+24 (secure 0 0 0) 0x7fc234002bf0 con 0x7fc24803dc00
2026-03-09T00:29:25.402 INFO:teuthology.orchestra.run.vm09.stdout:/usr/bin/ceph: stderr
2026-03-09T00:29:25.374+0000 7fc273242640 1 -- 192.168.123.109:0/3509039085 >> v2:192.168.123.109:6800/3433497319 conn(0x7fc24803dc00 msgr2=0x7fc2480400c0 secure :-1 s=STATE_CONNECTION_ESTABLISHED l=1).mark_down
2026-03-09T00:29:25.402 INFO:teuthology.orchestra.run.vm09.stdout:/usr/bin/ceph: stderr
2026-03-09T00:29:25.374+0000 7fc273242640 1 --2- 192.168.123.109:0/3509039085 >> v2:192.168.123.109:6800/3433497319 conn(0x7fc24803dc00 0x7fc2480400c0 secure :-1 s=READY pgs=13 cs=0 l=1 rev1=1 crypto rx=0x7fc2540099c0 tx=0x7fc254006eb0 comp rx=0 tx=0).stop
2026-03-09T00:29:25.402 INFO:teuthology.orchestra.run.vm09.stdout:/usr/bin/ceph: stderr
2026-03-09T00:29:25.374+0000 7fc273242640 1 -- 192.168.123.109:0/3509039085 >> [v2:192.168.123.109:3300/0,v1:192.168.123.109:6789/0] conn(0x7fc26c107ec0 msgr2=0x7fc26c19e970 secure :-1 s=STATE_CONNECTION_ESTABLISHED l=1).mark_down
2026-03-09T00:29:25.402 INFO:teuthology.orchestra.run.vm09.stdout:/usr/bin/ceph: stderr
2026-03-09T00:29:25.374+0000 7fc273242640 1 --2- 192.168.123.109:0/3509039085 >> [v2:192.168.123.109:3300/0,v1:192.168.123.109:6789/0] conn(0x7fc26c107ec0 0x7fc26c19e970 secure :-1 s=READY pgs=48 cs=0 l=1 rev1=1 crypto rx=0x7fc25c006fd0 tx=0x7fc25c035dc0 comp rx=0 tx=0).stop
2026-03-09T00:29:25.402 INFO:teuthology.orchestra.run.vm09.stdout:/usr/bin/ceph: stderr
2026-03-09T00:29:25.374+0000 7fc273242640 1 -- 192.168.123.109:0/3509039085 shutdown_connections
2026-03-09T00:29:25.402 INFO:teuthology.orchestra.run.vm09.stdout:/usr/bin/ceph: stderr
2026-03-09T00:29:25.374+0000 7fc273242640 1 --2- 192.168.123.109:0/3509039085 >> v2:192.168.123.109:6800/3433497319 conn(0x7fc24803dc00 0x7fc2480400c0 unknown :-1 s=CLOSED pgs=13 cs=0 l=1 rev1=1 crypto rx=0 tx=0 comp rx=0 tx=0).stop
2026-03-09T00:29:25.403 INFO:teuthology.orchestra.run.vm09.stdout:/usr/bin/ceph: stderr
2026-03-09T00:29:25.374+0000 7fc273242640 1 --2- 192.168.123.109:0/3509039085 >> [v2:192.168.123.109:3300/0,v1:192.168.123.109:6789/0] conn(0x7fc26c107ec0 0x7fc26c19e970 unknown :-1 s=CLOSED pgs=48 cs=0 l=1 rev1=1 crypto rx=0 tx=0 comp rx=0 tx=0).stop
2026-03-09T00:29:25.403 INFO:teuthology.orchestra.run.vm09.stdout:/usr/bin/ceph: stderr
2026-03-09T00:29:25.374+0000 7fc273242640 1 -- 192.168.123.109:0/3509039085 >> 192.168.123.109:0/3509039085 conn(0x7fc26c102090 msgr2=0x7fc26c102bc0 unknown :-1 s=STATE_NONE l=0).mark_down
2026-03-09T00:29:25.403 INFO:teuthology.orchestra.run.vm09.stdout:/usr/bin/ceph: stderr
2026-03-09T00:29:25.374+0000 7fc273242640 1 -- 192.168.123.109:0/3509039085 shutdown_connections
2026-03-09T00:29:25.403 INFO:teuthology.orchestra.run.vm09.stdout:/usr/bin/ceph: stderr
2026-03-09T00:29:25.374+0000 7fc273242640 1 -- 192.168.123.109:0/3509039085 wait complete.
2026-03-09T00:29:25.996 INFO:teuthology.orchestra.run.vm09.stdout:/usr/bin/ceph: stderr
2026-03-09T00:29:25.520+0000 7f441cda6640 1 Processor -- start
2026-03-09T00:29:25.996 INFO:teuthology.orchestra.run.vm09.stdout:/usr/bin/ceph: stderr
2026-03-09T00:29:25.521+0000 7f441cda6640 1 -- start start
2026-03-09T00:29:25.996 INFO:teuthology.orchestra.run.vm09.stdout:/usr/bin/ceph: stderr
2026-03-09T00:29:25.521+0000 7f441cda6640 1 --2- >> [v2:192.168.123.109:3300/0,v1:192.168.123.109:6789/0] conn(0x7f441807d1d0 0x7f441807d5d0 unknown :-1 s=NONE pgs=0 cs=0 l=0 rev1=0 crypto rx=0 tx=0 comp rx=0 tx=0).connect
2026-03-09T00:29:25.996 INFO:teuthology.orchestra.run.vm09.stdout:/usr/bin/ceph: stderr
2026-03-09T00:29:25.521+0000 7f441cda6640 1 -- --> [v2:192.168.123.109:3300/0,v1:192.168.123.109:6789/0] -- mon_getmap magic: 0 -- 0x7f441807dba0 con 0x7f441807d1d0
2026-03-09T00:29:25.996 INFO:teuthology.orchestra.run.vm09.stdout:/usr/bin/ceph: stderr
2026-03-09T00:29:25.521+0000 7f4416575640 1 --2- >> [v2:192.168.123.109:3300/0,v1:192.168.123.109:6789/0] conn(0x7f441807d1d0 0x7f441807d5d0 unknown :-1 s=BANNER_CONNECTING pgs=0 cs=0 l=0 rev1=0 crypto rx=0 tx=0 comp rx=0 tx=0)._handle_peer_banner_payload supported=3 required=0
2026-03-09T00:29:25.996 INFO:teuthology.orchestra.run.vm09.stdout:/usr/bin/ceph: stderr
2026-03-09T00:29:25.521+0000 7f4416575640 1 --2- >> [v2:192.168.123.109:3300/0,v1:192.168.123.109:6789/0] conn(0x7f441807d1d0 0x7f441807d5d0 unknown :-1 s=HELLO_CONNECTING pgs=0 cs=0 l=0 rev1=1 crypto rx=0 tx=0 comp rx=0 tx=0).handle_hello peer v2:192.168.123.109:3300/0 says I am v2:192.168.123.109:41572/0 (socket says 192.168.123.109:41572)
2026-03-09T00:29:25.996 INFO:teuthology.orchestra.run.vm09.stdout:/usr/bin/ceph: stderr
2026-03-09T00:29:25.521+0000 7f4416575640 1 -- 192.168.123.109:0/835362881 learned_addr learned my addr 192.168.123.109:0/835362881 (peer_addr_for_me v2:192.168.123.109:0/0)
2026-03-09T00:29:25.996 INFO:teuthology.orchestra.run.vm09.stdout:/usr/bin/ceph: stderr
2026-03-09T00:29:25.522+0000 7f4416575640 1 -- 192.168.123.109:0/835362881 --> [v2:192.168.123.109:3300/0,v1:192.168.123.109:6789/0] -- mon_subscribe({config=0+,monmap=0+}) -- 0x7f441807e420 con 0x7f441807d1d0
2026-03-09T00:29:25.996 INFO:teuthology.orchestra.run.vm09.stdout:/usr/bin/ceph: stderr
2026-03-09T00:29:25.523+0000 7f4416575640 1 --2- 192.168.123.109:0/835362881 >> [v2:192.168.123.109:3300/0,v1:192.168.123.109:6789/0] conn(0x7f441807d1d0 0x7f441807d5d0 secure :-1 s=READY pgs=49 cs=0 l=1 rev1=1 crypto rx=0x7f440c009920 tx=0x7f440c02ef20 comp rx=0 tx=0).ready entity=mon.0 client_cookie=162135b9e4180e1e server_cookie=0 in_seq=0 out_seq=0
2026-03-09T00:29:25.996 INFO:teuthology.orchestra.run.vm09.stdout:/usr/bin/ceph: stderr
2026-03-09T00:29:25.523+0000 7f4415573640 1 -- 192.168.123.109:0/835362881 <== mon.0 v2:192.168.123.109:3300/0 1 ==== mon_map magic: 0 ==== 205+0+0 (secure 0 0 0) 0x7f440c03c070 con 0x7f441807d1d0
2026-03-09T00:29:25.996 INFO:teuthology.orchestra.run.vm09.stdout:/usr/bin/ceph: stderr
2026-03-09T00:29:25.523+0000 7f4415573640 1 -- 192.168.123.109:0/835362881 <== mon.0 v2:192.168.123.109:3300/0 2 ==== config(25 keys) ==== 998+0+0 (secure 0 0 0) 0x7f440c037440 con 0x7f441807d1d0
2026-03-09T00:29:25.996 INFO:teuthology.orchestra.run.vm09.stdout:/usr/bin/ceph: stderr
2026-03-09T00:29:25.524+0000 7f441cda6640 1 -- 192.168.123.109:0/835362881 >> [v2:192.168.123.109:3300/0,v1:192.168.123.109:6789/0] conn(0x7f441807d1d0 msgr2=0x7f441807d5d0 secure :-1 s=STATE_CONNECTION_ESTABLISHED l=1).mark_down
2026-03-09T00:29:25.996 INFO:teuthology.orchestra.run.vm09.stdout:/usr/bin/ceph: stderr
2026-03-09T00:29:25.524+0000 7f441cda6640 1 --2- 192.168.123.109:0/835362881 >> [v2:192.168.123.109:3300/0,v1:192.168.123.109:6789/0] conn(0x7f441807d1d0 0x7f441807d5d0 secure :-1 s=READY pgs=49 cs=0 l=1 rev1=1 crypto rx=0x7f440c009920 tx=0x7f440c02ef20 comp rx=0 tx=0).stop
2026-03-09T00:29:25.996 INFO:teuthology.orchestra.run.vm09.stdout:/usr/bin/ceph: stderr
2026-03-09T00:29:25.524+0000 7f441cda6640 1 -- 192.168.123.109:0/835362881 shutdown_connections
2026-03-09T00:29:25.996 INFO:teuthology.orchestra.run.vm09.stdout:/usr/bin/ceph: stderr
2026-03-09T00:29:25.524+0000 7f441cda6640 1 --2- 192.168.123.109:0/835362881 >> [v2:192.168.123.109:3300/0,v1:192.168.123.109:6789/0] conn(0x7f441807d1d0 0x7f441807d5d0 unknown :-1 s=CLOSED pgs=49 cs=0 l=1 rev1=1 crypto rx=0 tx=0 comp rx=0 tx=0).stop
2026-03-09T00:29:25.996 INFO:teuthology.orchestra.run.vm09.stdout:/usr/bin/ceph: stderr
2026-03-09T00:29:25.524+0000 7f441cda6640 1 -- 192.168.123.109:0/835362881 >> 192.168.123.109:0/835362881 conn(0x7f441807c030 msgr2=0x7f441807c440 unknown :-1 s=STATE_NONE l=0).mark_down
2026-03-09T00:29:25.996 INFO:teuthology.orchestra.run.vm09.stdout:/usr/bin/ceph: stderr
2026-03-09T00:29:25.524+0000 7f441cda6640 1 -- 192.168.123.109:0/835362881 shutdown_connections
2026-03-09T00:29:25.996 INFO:teuthology.orchestra.run.vm09.stdout:/usr/bin/ceph: stderr
2026-03-09T00:29:25.524+0000 7f441cda6640 1 -- 192.168.123.109:0/835362881 wait complete.
2026-03-09T00:29:25.996 INFO:teuthology.orchestra.run.vm09.stdout:/usr/bin/ceph: stderr
2026-03-09T00:29:25.525+0000 7f441cda6640 1 Processor -- start
2026-03-09T00:29:25.996 INFO:teuthology.orchestra.run.vm09.stdout:/usr/bin/ceph: stderr
2026-03-09T00:29:25.525+0000 7f441cda6640 1 -- start start
2026-03-09T00:29:25.996 INFO:teuthology.orchestra.run.vm09.stdout:/usr/bin/ceph: stderr
2026-03-09T00:29:25.525+0000 7f441cda6640 1 --2- >> [v2:192.168.123.109:3300/0,v1:192.168.123.109:6789/0] conn(0x7f441807d1d0 0x7f44181a2d10 unknown :-1 s=NONE pgs=0 cs=0 l=1 rev1=0 crypto rx=0 tx=0 comp rx=0 tx=0).connect
2026-03-09T00:29:25.996 INFO:teuthology.orchestra.run.vm09.stdout:/usr/bin/ceph: stderr
2026-03-09T00:29:25.525+0000 7f441cda6640 1 -- --> [v2:192.168.123.109:3300/0,v1:192.168.123.109:6789/0] -- mon_getmap magic: 0 -- 0x7f441807f660 con 0x7f441807d1d0
2026-03-09T00:29:25.996 INFO:teuthology.orchestra.run.vm09.stdout:/usr/bin/ceph: stderr
2026-03-09T00:29:25.525+0000 7f4416575640 1 --2- >> [v2:192.168.123.109:3300/0,v1:192.168.123.109:6789/0] conn(0x7f441807d1d0 0x7f44181a2d10 unknown :-1 s=BANNER_CONNECTING pgs=0 cs=0 l=1 rev1=0 crypto rx=0 tx=0 comp rx=0 tx=0)._handle_peer_banner_payload supported=3 required=0
2026-03-09T00:29:25.996 INFO:teuthology.orchestra.run.vm09.stdout:/usr/bin/ceph: stderr
2026-03-09T00:29:25.525+0000 7f4416575640 1 --2- >> [v2:192.168.123.109:3300/0,v1:192.168.123.109:6789/0] conn(0x7f441807d1d0 0x7f44181a2d10 unknown :-1 s=HELLO_CONNECTING pgs=0 cs=0 l=1 rev1=1 crypto rx=0 tx=0 comp rx=0 tx=0).handle_hello peer v2:192.168.123.109:3300/0 says I am v2:192.168.123.109:41576/0 (socket says 192.168.123.109:41576)
2026-03-09T00:29:25.996 INFO:teuthology.orchestra.run.vm09.stdout:/usr/bin/ceph: stderr
2026-03-09T00:29:25.525+0000 7f4416575640 1 -- 192.168.123.109:0/2189076748 learned_addr learned my addr 192.168.123.109:0/2189076748 (peer_addr_for_me v2:192.168.123.109:0/0)
2026-03-09T00:29:25.996 INFO:teuthology.orchestra.run.vm09.stdout:/usr/bin/ceph: stderr
2026-03-09T00:29:25.526+0000 7f4416575640 1 -- 192.168.123.109:0/2189076748 --> [v2:192.168.123.109:3300/0,v1:192.168.123.109:6789/0] -- mon_subscribe({config=0+,monmap=0+}) -- 0x7f44181a3250 con 0x7f441807d1d0
2026-03-09T00:29:25.996 INFO:teuthology.orchestra.run.vm09.stdout:/usr/bin/ceph: stderr
2026-03-09T00:29:25.526+0000 7f4416575640 1 --2- 192.168.123.109:0/2189076748 >> [v2:192.168.123.109:3300/0,v1:192.168.123.109:6789/0] conn(0x7f441807d1d0 0x7f44181a2d10 secure :-1 s=READY pgs=50 cs=0 l=1 rev1=1 crypto rx=0x7f440c03a030 tx=0x7f440c0357d0 comp rx=0 tx=0).ready entity=mon.0 client_cookie=0 server_cookie=0 in_seq=0 out_seq=0
2026-03-09T00:29:25.996 INFO:teuthology.orchestra.run.vm09.stdout:/usr/bin/ceph: stderr
2026-03-09T00:29:25.526+0000 7f44037fe640 1 -- 192.168.123.109:0/2189076748 <== mon.0 v2:192.168.123.109:3300/0 1 ==== mon_map magic: 0 ==== 205+0+0 (secure 0 0 0) 0x7f440c045070 con 0x7f441807d1d0
2026-03-09T00:29:25.996 INFO:teuthology.orchestra.run.vm09.stdout:/usr/bin/ceph: stderr
2026-03-09T00:29:25.526+0000 7f44037fe640 1 -- 192.168.123.109:0/2189076748 <== mon.0 v2:192.168.123.109:3300/0 2 ==== config(25 keys) ==== 998+0+0 (secure 0 0 0) 0x7f440c035c00 con 0x7f441807d1d0
2026-03-09T00:29:25.996 INFO:teuthology.orchestra.run.vm09.stdout:/usr/bin/ceph: stderr
2026-03-09T00:29:25.526+0000 7f441cda6640 1 -- 192.168.123.109:0/2189076748 --> [v2:192.168.123.109:3300/0,v1:192.168.123.109:6789/0] -- mon_subscribe({mgrmap=0+}) -- 0x7f44181a34e0 con 0x7f441807d1d0
2026-03-09T00:29:25.996 INFO:teuthology.orchestra.run.vm09.stdout:/usr/bin/ceph: stderr
2026-03-09T00:29:25.526+0000 7f441cda6640 1 -- 192.168.123.109:0/2189076748 --> [v2:192.168.123.109:3300/0,v1:192.168.123.109:6789/0] -- mon_subscribe({osdmap=0}) -- 0x7f44181a61c0 con 0x7f441807d1d0
2026-03-09T00:29:25.996 INFO:teuthology.orchestra.run.vm09.stdout:/usr/bin/ceph: stderr
2026-03-09T00:29:25.526+0000 7f44037fe640 1 -- 192.168.123.109:0/2189076748 <== mon.0 v2:192.168.123.109:3300/0 3 ==== mon_map magic: 0 ==== 205+0+0 (secure 0 0 0) 0x7f440c03c070 con 0x7f441807d1d0
2026-03-09T00:29:25.996 INFO:teuthology.orchestra.run.vm09.stdout:/usr/bin/ceph: stderr
2026-03-09T00:29:25.527+0000 7f44037fe640 1 -- 192.168.123.109:0/2189076748 <== mon.0 v2:192.168.123.109:3300/0 4 ==== mgrmap(e 8) ==== 50212+0+0 (secure 0 0 0) 0x7f440c0493b0 con 0x7f441807d1d0
2026-03-09T00:29:25.996 INFO:teuthology.orchestra.run.vm09.stdout:/usr/bin/ceph: stderr
2026-03-09T00:29:25.528+0000 7f44037fe640 1 --2- 192.168.123.109:0/2189076748 >> v2:192.168.123.109:6800/3433497319 conn(0x7f43f003dc00 0x7f43f00400c0 unknown :-1 s=NONE pgs=0 cs=0 l=1 rev1=0 crypto rx=0 tx=0 comp rx=0 tx=0).connect
2026-03-09T00:29:25.996 INFO:teuthology.orchestra.run.vm09.stdout:/usr/bin/ceph: stderr
2026-03-09T00:29:25.528+0000 7f44037fe640 1 -- 192.168.123.109:0/2189076748 <== mon.0 v2:192.168.123.109:3300/0 5 ==== osd_map(2..2 src has 1..2) ==== 897+0+0 (secure 0 0 0) 0x7f440c077490 con 0x7f441807d1d0
2026-03-09T00:29:25.996 INFO:teuthology.orchestra.run.vm09.stdout:/usr/bin/ceph: stderr
2026-03-09T00:29:25.528+0000 7f4415d74640 1 --2- 192.168.123.109:0/2189076748 >> v2:192.168.123.109:6800/3433497319 conn(0x7f43f003dc00 0x7f43f00400c0 unknown :-1 s=BANNER_CONNECTING pgs=0 cs=0 l=1 rev1=0 crypto rx=0 tx=0 comp rx=0 tx=0)._handle_peer_banner_payload supported=3 required=0
2026-03-09T00:29:25.996 INFO:teuthology.orchestra.run.vm09.stdout:/usr/bin/ceph: stderr
2026-03-09T00:29:25.528+0000 7f441cda6640 1 -- 192.168.123.109:0/2189076748 --> [v2:192.168.123.109:3300/0,v1:192.168.123.109:6789/0] -- mon_command({"prefix": "get_command_descriptions"} v 0) -- 0x7f441807d5d0 con 0x7f441807d1d0
2026-03-09T00:29:25.996 INFO:teuthology.orchestra.run.vm09.stdout:/usr/bin/ceph: stderr
2026-03-09T00:29:25.530+0000 7f4415d74640 1 --2- 192.168.123.109:0/2189076748 >> v2:192.168.123.109:6800/3433497319 conn(0x7f43f003dc00 0x7f43f00400c0 secure :-1 s=READY pgs=14 cs=0 l=1 rev1=1 crypto rx=0x7f44040099c0 tx=0x7f4404006eb0 comp rx=0 tx=0).ready entity=mgr.14118 client_cookie=0 server_cookie=0 in_seq=0 out_seq=0
2026-03-09T00:29:25.997 INFO:teuthology.orchestra.run.vm09.stdout:/usr/bin/ceph: stderr
2026-03-09T00:29:25.531+0000 7f44037fe640 1 -- 192.168.123.109:0/2189076748 <== mon.0 v2:192.168.123.109:3300/0 6 ==== mon_command_ack([{"prefix": "get_command_descriptions"}]=0 v0) ==== 72+0+195034 (secure 0 0 0) 0x7f440c03f3b0 con 0x7f441807d1d0
2026-03-09T00:29:25.997 INFO:teuthology.orchestra.run.vm09.stdout:/usr/bin/ceph: stderr
2026-03-09T00:29:25.635+0000 7f441cda6640 1 -- 192.168.123.109:0/2189076748 --> [v2:192.168.123.109:3300/0,v1:192.168.123.109:6789/0] -- mon_command([{prefix=config set, name=mgr/cephadm/container_init}] v 0) -- 0x7f441819c1e0 con 0x7f441807d1d0
2026-03-09T00:29:25.997 INFO:teuthology.orchestra.run.vm09.stdout:/usr/bin/ceph: stderr
2026-03-09T00:29:25.639+0000 7f44037fe640 1 -- 192.168.123.109:0/2189076748 <== mon.0 v2:192.168.123.109:3300/0 7 ==== mon_command_ack([{prefix=config set, name=mgr/cephadm/container_init}]=0 v6)=0 v6) ==== 142+0+0 (secure 0 0 0) 0x7f440c076e00 con 0x7f441807d1d0
2026-03-09T00:29:25.997 INFO:teuthology.orchestra.run.vm09.stdout:/usr/bin/ceph: stderr
2026-03-09T00:29:25.644+0000 7f441cda6640 1 -- 192.168.123.109:0/2189076748 >> v2:192.168.123.109:6800/3433497319 conn(0x7f43f003dc00 msgr2=0x7f43f00400c0 secure :-1 s=STATE_CONNECTION_ESTABLISHED l=1).mark_down
2026-03-09T00:29:25.997 INFO:teuthology.orchestra.run.vm09.stdout:/usr/bin/ceph: stderr
2026-03-09T00:29:25.644+0000 7f441cda6640 1 --2- 192.168.123.109:0/2189076748 >> v2:192.168.123.109:6800/3433497319 conn(0x7f43f003dc00 0x7f43f00400c0 secure :-1 s=READY pgs=14 cs=0 l=1 rev1=1 crypto rx=0x7f44040099c0 tx=0x7f4404006eb0 comp rx=0 tx=0).stop
2026-03-09T00:29:25.997 INFO:teuthology.orchestra.run.vm09.stdout:/usr/bin/ceph: stderr
2026-03-09T00:29:25.644+0000 7f441cda6640 1 -- 192.168.123.109:0/2189076748 >> [v2:192.168.123.109:3300/0,v1:192.168.123.109:6789/0] conn(0x7f441807d1d0 msgr2=0x7f44181a2d10 secure :-1 s=STATE_CONNECTION_ESTABLISHED l=1).mark_down
2026-03-09T00:29:25.997 INFO:teuthology.orchestra.run.vm09.stdout:/usr/bin/ceph: stderr
2026-03-09T00:29:25.644+0000 7f441cda6640 1 --2- 192.168.123.109:0/2189076748 >> [v2:192.168.123.109:3300/0,v1:192.168.123.109:6789/0] conn(0x7f441807d1d0 0x7f44181a2d10 secure :-1 s=READY pgs=50 cs=0 l=1 rev1=1 crypto rx=0x7f440c03a030 tx=0x7f440c0357d0 comp rx=0 tx=0).stop
2026-03-09T00:29:25.997 INFO:teuthology.orchestra.run.vm09.stdout:/usr/bin/ceph: stderr
2026-03-09T00:29:25.645+0000 7f441cda6640 1 -- 192.168.123.109:0/2189076748 shutdown_connections
2026-03-09T00:29:25.997 INFO:teuthology.orchestra.run.vm09.stdout:/usr/bin/ceph: stderr
2026-03-09T00:29:25.645+0000 7f441cda6640 1 --2- 192.168.123.109:0/2189076748 >> v2:192.168.123.109:6800/3433497319 conn(0x7f43f003dc00 0x7f43f00400c0 unknown :-1 s=CLOSED pgs=14 cs=0 l=1 rev1=1 crypto rx=0 tx=0 comp rx=0 tx=0).stop
2026-03-09T00:29:25.997 INFO:teuthology.orchestra.run.vm09.stdout:/usr/bin/ceph: stderr
2026-03-09T00:29:25.645+0000 7f441cda6640 1 --2- 192.168.123.109:0/2189076748 >> [v2:192.168.123.109:3300/0,v1:192.168.123.109:6789/0] conn(0x7f441807d1d0 0x7f44181a2d10 unknown :-1 s=CLOSED pgs=50 cs=0 l=1 rev1=1 crypto rx=0 tx=0 comp rx=0 tx=0).stop
2026-03-09T00:29:25.997 INFO:teuthology.orchestra.run.vm09.stdout:/usr/bin/ceph: stderr
2026-03-09T00:29:25.645+0000 7f441cda6640 1 -- 192.168.123.109:0/2189076748 >> 192.168.123.109:0/2189076748 conn(0x7f441807c030 msgr2=0x7f4418106d60 unknown :-1 s=STATE_NONE l=0).mark_down
2026-03-09T00:29:25.997 INFO:teuthology.orchestra.run.vm09.stdout:/usr/bin/ceph: stderr
2026-03-09T00:29:25.645+0000 7f441cda6640 1 -- 192.168.123.109:0/2189076748 shutdown_connections
2026-03-09T00:29:25.997 INFO:teuthology.orchestra.run.vm09.stdout:/usr/bin/ceph: stderr
2026-03-09T00:29:25.645+0000 7f441cda6640 1 -- 192.168.123.109:0/2189076748 wait complete.
2026-03-09T00:29:26.241 INFO:journalctl@ceph.mon.a.vm09.stdout:Mar 09 00:29:25 vm09 ceph-mon[49458]: Added host vm09
2026-03-09T00:29:26.242 INFO:journalctl@ceph.mon.a.vm09.stdout:Mar 09 00:29:25 vm09 ceph-mon[49458]: from='mgr.14118 192.168.123.109:0/3907920743' entity='mgr.y'
2026-03-09T00:29:26.242 INFO:journalctl@ceph.mon.a.vm09.stdout:Mar 09 00:29:25 vm09 ceph-mon[49458]: from='mgr.14118 192.168.123.109:0/3907920743' entity='mgr.y'
2026-03-09T00:29:26.242 INFO:journalctl@ceph.mon.a.vm09.stdout:Mar 09 00:29:25 vm09 ceph-mon[49458]: from='client.? 192.168.123.109:0/2189076748' entity='client.admin'
2026-03-09T00:29:26.271 INFO:teuthology.orchestra.run.vm09.stdout:/usr/bin/ceph: stderr
2026-03-09T00:29:26.119+0000 7f5e4f422640 1 Processor -- start
2026-03-09T00:29:26.271 INFO:teuthology.orchestra.run.vm09.stdout:/usr/bin/ceph: stderr
2026-03-09T00:29:26.120+0000 7f5e4f422640 1 -- start start
2026-03-09T00:29:26.272 INFO:teuthology.orchestra.run.vm09.stdout:/usr/bin/ceph: stderr
2026-03-09T00:29:26.120+0000 7f5e4f422640 1 --2- >> [v2:192.168.123.109:3300/0,v1:192.168.123.109:6789/0] conn(0x7f5e481043b0 0x7f5e481047b0 unknown :-1 s=NONE pgs=0 cs=0 l=0 rev1=0 crypto rx=0 tx=0 comp rx=0 tx=0).connect
2026-03-09T00:29:26.272 INFO:teuthology.orchestra.run.vm09.stdout:/usr/bin/ceph: stderr
2026-03-09T00:29:26.120+0000 7f5e4f422640 1 -- --> [v2:192.168.123.109:3300/0,v1:192.168.123.109:6789/0] -- mon_getmap magic: 0 -- 0x7f5e48104cf0 con 0x7f5e481043b0
2026-03-09T00:29:26.272 INFO:teuthology.orchestra.run.vm09.stdout:/usr/bin/ceph: stderr
2026-03-09T00:29:26.121+0000 7f5e4e420640 1 --2- >> [v2:192.168.123.109:3300/0,v1:192.168.123.109:6789/0] conn(0x7f5e481043b0 0x7f5e481047b0 unknown :-1 s=BANNER_CONNECTING pgs=0 cs=0 l=0 rev1=0 crypto rx=0 tx=0 comp rx=0 tx=0)._handle_peer_banner_payload supported=3 required=0
2026-03-09T00:29:26.272 INFO:teuthology.orchestra.run.vm09.stdout:/usr/bin/ceph: stderr
2026-03-09T00:29:26.121+0000 7f5e4e420640 1 --2- >> [v2:192.168.123.109:3300/0,v1:192.168.123.109:6789/0] conn(0x7f5e481043b0 0x7f5e481047b0 unknown :-1 s=HELLO_CONNECTING pgs=0 cs=0 l=0 rev1=1 crypto rx=0 tx=0 comp rx=0 tx=0).handle_hello peer v2:192.168.123.109:3300/0 says I am v2:192.168.123.109:41588/0 (socket says 192.168.123.109:41588)
2026-03-09T00:29:26.272 INFO:teuthology.orchestra.run.vm09.stdout:/usr/bin/ceph: stderr
2026-03-09T00:29:26.121+0000 7f5e4e420640 1 -- 192.168.123.109:0/1849673565 learned_addr learned my addr 192.168.123.109:0/1849673565 (peer_addr_for_me v2:192.168.123.109:0/0)
2026-03-09T00:29:26.272 INFO:teuthology.orchestra.run.vm09.stdout:/usr/bin/ceph: stderr
2026-03-09T00:29:26.121+0000 7f5e4e420640 1 -- 192.168.123.109:0/1849673565 --> [v2:192.168.123.109:3300/0,v1:192.168.123.109:6789/0] -- mon_subscribe({config=0+,monmap=0+}) -- 0x7f5e48104e70 con 0x7f5e481043b0
2026-03-09T00:29:26.272 INFO:teuthology.orchestra.run.vm09.stdout:/usr/bin/ceph: stderr
2026-03-09T00:29:26.122+0000 7f5e4e420640 1 --2- 192.168.123.109:0/1849673565 >> [v2:192.168.123.109:3300/0,v1:192.168.123.109:6789/0] conn(0x7f5e481043b0 0x7f5e481047b0 secure :-1 s=READY pgs=51 cs=0 l=1 rev1=1 crypto rx=0x7f5e38009920 tx=0x7f5e3802ef20 comp rx=0 tx=0).ready entity=mon.0 client_cookie=e917ef94a087ffa8 server_cookie=0 in_seq=0 out_seq=0
2026-03-09T00:29:26.272 INFO:teuthology.orchestra.run.vm09.stdout:/usr/bin/ceph: stderr
2026-03-09T00:29:26.122+0000 7f5e4d41e640 1 -- 192.168.123.109:0/1849673565 <== mon.0 v2:192.168.123.109:3300/0 1 ==== mon_map magic: 0 ==== 205+0+0 (secure 0 0 0) 0x7f5e3803c070 con 0x7f5e481043b0
2026-03-09T00:29:26.272 INFO:teuthology.orchestra.run.vm09.stdout:/usr/bin/ceph: stderr
2026-03-09T00:29:26.122+0000 7f5e4d41e640 1 -- 192.168.123.109:0/1849673565 <== mon.0 v2:192.168.123.109:3300/0 2 ==== config(25 keys) ==== 998+0+0 (secure 0 0 0) 0x7f5e38037440 con 0x7f5e481043b0
2026-03-09T00:29:26.272 INFO:teuthology.orchestra.run.vm09.stdout:/usr/bin/ceph: stderr
2026-03-09T00:29:26.122+0000 7f5e4d41e640 1 -- 192.168.123.109:0/1849673565 <== mon.0 v2:192.168.123.109:3300/0 3 ==== mon_map magic: 0 ==== 205+0+0 (secure 0 0 0) 0x7f5e380354d0 con 0x7f5e481043b0
2026-03-09T00:29:26.272 INFO:teuthology.orchestra.run.vm09.stdout:/usr/bin/ceph: stderr
2026-03-09T00:29:26.123+0000 7f5e4f422640 1 -- 192.168.123.109:0/1849673565 >> [v2:192.168.123.109:3300/0,v1:192.168.123.109:6789/0] conn(0x7f5e481043b0 msgr2=0x7f5e481047b0 secure :-1 s=STATE_CONNECTION_ESTABLISHED l=1).mark_down
2026-03-09T00:29:26.272 INFO:teuthology.orchestra.run.vm09.stdout:/usr/bin/ceph: stderr
2026-03-09T00:29:26.123+0000 7f5e4f422640 1 --2- 192.168.123.109:0/1849673565 >> [v2:192.168.123.109:3300/0,v1:192.168.123.109:6789/0] conn(0x7f5e481043b0 0x7f5e481047b0 secure :-1 s=READY pgs=51 cs=0 l=1 rev1=1 crypto rx=0x7f5e38009920 tx=0x7f5e3802ef20 comp rx=0 tx=0).stop
2026-03-09T00:29:26.272 INFO:teuthology.orchestra.run.vm09.stdout:/usr/bin/ceph: stderr
2026-03-09T00:29:26.123+0000 7f5e4f422640 1 -- 192.168.123.109:0/1849673565 shutdown_connections
2026-03-09T00:29:26.272 INFO:teuthology.orchestra.run.vm09.stdout:/usr/bin/ceph: stderr
2026-03-09T00:29:26.123+0000 7f5e4f422640 1 --2- 192.168.123.109:0/1849673565 >> [v2:192.168.123.109:3300/0,v1:192.168.123.109:6789/0] conn(0x7f5e481043b0 0x7f5e481047b0 unknown :-1 s=CLOSED pgs=51 cs=0 l=1 rev1=1 crypto rx=0 tx=0 comp rx=0 tx=0).stop
2026-03-09T00:29:26.272 INFO:teuthology.orchestra.run.vm09.stdout:/usr/bin/ceph: stderr
2026-03-09T00:29:26.123+0000 7f5e4f422640 1 -- 192.168.123.109:0/1849673565 >> 192.168.123.109:0/1849673565 conn(0x7f5e48100040 msgr2=0x7f5e48102480 unknown :-1 s=STATE_NONE l=0).mark_down
2026-03-09T00:29:26.272 INFO:teuthology.orchestra.run.vm09.stdout:/usr/bin/ceph: stderr
2026-03-09T00:29:26.123+0000 7f5e4f422640 1 -- 192.168.123.109:0/1849673565 shutdown_connections
2026-03-09T00:29:26.272 INFO:teuthology.orchestra.run.vm09.stdout:/usr/bin/ceph: stderr
2026-03-09T00:29:26.123+0000 7f5e4f422640 1 -- 192.168.123.109:0/1849673565 wait complete.
2026-03-09T00:29:26.272 INFO:teuthology.orchestra.run.vm09.stdout:/usr/bin/ceph: stderr
2026-03-09T00:29:26.124+0000 7f5e4f422640 1 Processor -- start
2026-03-09T00:29:26.272 INFO:teuthology.orchestra.run.vm09.stdout:/usr/bin/ceph: stderr
2026-03-09T00:29:26.124+0000 7f5e4f422640 1 -- start start
2026-03-09T00:29:26.272 INFO:teuthology.orchestra.run.vm09.stdout:/usr/bin/ceph: stderr
2026-03-09T00:29:26.124+0000 7f5e4f422640 1 --2- >> [v2:192.168.123.109:3300/0,v1:192.168.123.109:6789/0] conn(0x7f5e481043b0 0x7f5e4819e7e0 unknown :-1 s=NONE pgs=0 cs=0 l=1 rev1=0 crypto rx=0 tx=0 comp rx=0 tx=0).connect
2026-03-09T00:29:26.272 INFO:teuthology.orchestra.run.vm09.stdout:/usr/bin/ceph: stderr
2026-03-09T00:29:26.124+0000 7f5e4f422640 1 -- --> [v2:192.168.123.109:3300/0,v1:192.168.123.109:6789/0] -- mon_getmap magic: 0 -- 0x7f5e4810a920 con 0x7f5e481043b0
2026-03-09T00:29:26.272 INFO:teuthology.orchestra.run.vm09.stdout:/usr/bin/ceph: stderr
2026-03-09T00:29:26.124+0000 7f5e4e420640 1 --2- >> [v2:192.168.123.109:3300/0,v1:192.168.123.109:6789/0] conn(0x7f5e481043b0 0x7f5e4819e7e0 unknown :-1 s=BANNER_CONNECTING pgs=0 cs=0 l=1 rev1=0 crypto rx=0 tx=0 comp rx=0 tx=0)._handle_peer_banner_payload supported=3 required=0
2026-03-09T00:29:26.272 INFO:teuthology.orchestra.run.vm09.stdout:/usr/bin/ceph: stderr
2026-03-09T00:29:26.124+0000 7f5e4e420640 1 --2- >> [v2:192.168.123.109:3300/0,v1:192.168.123.109:6789/0] conn(0x7f5e481043b0 0x7f5e4819e7e0 unknown :-1 s=HELLO_CONNECTING pgs=0 cs=0 l=1 rev1=1 crypto rx=0 tx=0 comp rx=0 tx=0).handle_hello peer v2:192.168.123.109:3300/0 says I am v2:192.168.123.109:41596/0 (socket says 192.168.123.109:41596)
2026-03-09T00:29:26.272 INFO:teuthology.orchestra.run.vm09.stdout:/usr/bin/ceph: stderr
2026-03-09T00:29:26.124+0000 7f5e4e420640 1 -- 192.168.123.109:0/3277597121 learned_addr learned my addr 192.168.123.109:0/3277597121 (peer_addr_for_me v2:192.168.123.109:0/0)
2026-03-09T00:29:26.272 INFO:teuthology.orchestra.run.vm09.stdout:/usr/bin/ceph: stderr
2026-03-09T00:29:26.125+0000 7f5e4e420640 1 -- 192.168.123.109:0/3277597121 --> [v2:192.168.123.109:3300/0,v1:192.168.123.109:6789/0] -- mon_subscribe({config=0+,monmap=0+}) -- 0x7f5e4819ed20 con 0x7f5e481043b0
2026-03-09T00:29:26.272 INFO:teuthology.orchestra.run.vm09.stdout:/usr/bin/ceph: stderr
2026-03-09T00:29:26.125+0000 7f5e4e420640 1 --2- 192.168.123.109:0/3277597121 >> [v2:192.168.123.109:3300/0,v1:192.168.123.109:6789/0] conn(0x7f5e481043b0 0x7f5e4819e7e0 secure :-1 s=READY pgs=52 cs=0 l=1 rev1=1 crypto rx=0x7f5e38009a50 tx=0x7f5e38035d70 comp rx=0 tx=0).ready entity=mon.0 client_cookie=0 server_cookie=0 in_seq=0 out_seq=0
2026-03-09T00:29:26.272 INFO:teuthology.orchestra.run.vm09.stdout:/usr/bin/ceph: stderr
2026-03-09T00:29:26.125+0000 7f5e3f7fe640 1 -- 192.168.123.109:0/3277597121 <== mon.0 v2:192.168.123.109:3300/0 1 ==== mon_map magic: 0 ==== 205+0+0 (secure 0 0 0) 0x7f5e3803c030 con 0x7f5e481043b0
2026-03-09T00:29:26.272 INFO:teuthology.orchestra.run.vm09.stdout:/usr/bin/ceph: stderr
2026-03-09T00:29:26.125+0000 7f5e3f7fe640 1 -- 192.168.123.109:0/3277597121 <== mon.0 v2:192.168.123.109:3300/0 2 ==== config(25 keys) ==== 998+0+0 (secure 0 0 0) 0x7f5e3803e070 con 0x7f5e481043b0
2026-03-09T00:29:26.272 INFO:teuthology.orchestra.run.vm09.stdout:/usr/bin/ceph: stderr
2026-03-09T00:29:26.125+0000 7f5e3f7fe640 1 -- 192.168.123.109:0/3277597121 <== mon.0 v2:192.168.123.109:3300/0 3 ==== mon_map magic: 0 ==== 205+0+0 (secure 0 0 0) 0x7f5e38042c70 con 0x7f5e481043b0
2026-03-09T00:29:26.272 INFO:teuthology.orchestra.run.vm09.stdout:/usr/bin/ceph: stderr
2026-03-09T00:29:26.125+0000 7f5e4f422640 1 -- 192.168.123.109:0/3277597121 --> [v2:192.168.123.109:3300/0,v1:192.168.123.109:6789/0] -- mon_subscribe({mgrmap=0+}) -- 0x7f5e4819efb0 con 0x7f5e481043b0
2026-03-09T00:29:26.272 INFO:teuthology.orchestra.run.vm09.stdout:/usr/bin/ceph: stderr
2026-03-09T00:29:26.125+0000 7f5e4f422640 1 -- 192.168.123.109:0/3277597121 --> [v2:192.168.123.109:3300/0,v1:192.168.123.109:6789/0] -- mon_subscribe({osdmap=0}) -- 0x7f5e48191c50 con 0x7f5e481043b0
2026-03-09T00:29:26.272 INFO:teuthology.orchestra.run.vm09.stdout:/usr/bin/ceph: stderr
2026-03-09T00:29:26.126+0000 7f5e3f7fe640 1 -- 192.168.123.109:0/3277597121 <== mon.0 v2:192.168.123.109:3300/0 4 ==== mgrmap(e 8) ==== 50212+0+0 (secure 0 0 0) 0x7f5e3804c430 con 0x7f5e481043b0
2026-03-09T00:29:26.272 INFO:teuthology.orchestra.run.vm09.stdout:/usr/bin/ceph: stderr
2026-03-09T00:29:26.127+0000 7f5e3f7fe640 1 --2- 192.168.123.109:0/3277597121 >> v2:192.168.123.109:6800/3433497319 conn(0x7f5e24046660 0x7f5e24048b20 unknown :-1 s=NONE pgs=0 cs=0 l=1 rev1=0 crypto rx=0 tx=0 comp rx=0 tx=0).connect
2026-03-09T00:29:26.272 INFO:teuthology.orchestra.run.vm09.stdout:/usr/bin/ceph: stderr
2026-03-09T00:29:26.127+0000 7f5e3f7fe640 1 -- 192.168.123.109:0/3277597121 <== mon.0 v2:192.168.123.109:3300/0 5 ==== osd_map(2..2 src has 1..2) ==== 897+0+0 (secure 0 0 0) 0x7f5e3803d070 con 0x7f5e481043b0
2026-03-09T00:29:26.273 INFO:teuthology.orchestra.run.vm09.stdout:/usr/bin/ceph: stderr
2026-03-09T00:29:26.127+0000 7f5e4dc1f640 1 --2- 192.168.123.109:0/3277597121 >> v2:192.168.123.109:6800/3433497319 conn(0x7f5e24046660 0x7f5e24048b20 unknown :-1 s=BANNER_CONNECTING pgs=0 cs=0 l=1 rev1=0 crypto rx=0 tx=0 comp rx=0 tx=0)._handle_peer_banner_payload supported=3 required=0
2026-03-09T00:29:26.273 INFO:teuthology.orchestra.run.vm09.stdout:/usr/bin/ceph: stderr
2026-03-09T00:29:26.127+0000 7f5e4f422640 1 -- 192.168.123.109:0/3277597121 --> [v2:192.168.123.109:3300/0,v1:192.168.123.109:6789/0] -- mon_command({"prefix": "get_command_descriptions"} v 0) -- 0x7f5e10005180 con 0x7f5e481043b0
2026-03-09T00:29:26.273 INFO:teuthology.orchestra.run.vm09.stdout:/usr/bin/ceph: stderr
2026-03-09T00:29:26.130+0000 7f5e4dc1f640 1 --2- 192.168.123.109:0/3277597121 >> v2:192.168.123.109:6800/3433497319 conn(0x7f5e24046660 0x7f5e24048b20 secure :-1 s=READY pgs=15 cs=0 l=1 rev1=1 crypto rx=0x7f5e300099c0 tx=0x7f5e30006eb0 comp rx=0 tx=0).ready entity=mgr.14118 client_cookie=0 server_cookie=0 in_seq=0 out_seq=0
2026-03-09T00:29:26.273 INFO:teuthology.orchestra.run.vm09.stdout:/usr/bin/ceph: stderr
2026-03-09T00:29:26.130+0000 7f5e3f7fe640 1 -- 192.168.123.109:0/3277597121 <== mon.0 v2:192.168.123.109:3300/0 6 ==== mon_command_ack([{"prefix": "get_command_descriptions"}]=0 v0) ==== 72+0+195034 (secure 0 0 0) 0x7f5e38042e10 con 0x7f5e481043b0
2026-03-09T00:29:26.273 INFO:teuthology.orchestra.run.vm09.stdout:/usr/bin/ceph: stderr
2026-03-09T00:29:26.223+0000 7f5e4f422640 1 -- 192.168.123.109:0/3277597121 --> [v2:192.168.123.109:3300/0,v1:192.168.123.109:6789/0] -- mon_command([{prefix=config set, name=mgr/dashboard/ssl_server_port}] v 0) -- 0x7f5e10005470 con 0x7f5e481043b0
2026-03-09T00:29:26.273 INFO:teuthology.orchestra.run.vm09.stdout:/usr/bin/ceph: stderr
2026-03-09T00:29:26.227+0000 7f5e3f7fe640 1 -- 192.168.123.109:0/3277597121 <== mon.0 v2:192.168.123.109:3300/0 7 ==== mon_command_ack([{prefix=config set, name=mgr/dashboard/ssl_server_port}]=0 v7)=0 v7) ==== 130+0+0 (secure 0 0 0) 0x7f5e38033c90 con 0x7f5e481043b0
2026-03-09T00:29:26.273 INFO:teuthology.orchestra.run.vm09.stdout:/usr/bin/ceph: stderr
2026-03-09T00:29:26.231+0000 7f5e4f422640 1 -- 192.168.123.109:0/3277597121 >> v2:192.168.123.109:6800/3433497319 conn(0x7f5e24046660 msgr2=0x7f5e24048b20 secure :-1 s=STATE_CONNECTION_ESTABLISHED l=1).mark_down
2026-03-09T00:29:26.273 INFO:teuthology.orchestra.run.vm09.stdout:/usr/bin/ceph: stderr
2026-03-09T00:29:26.231+0000 7f5e4f422640 1 --2- 192.168.123.109:0/3277597121 >> v2:192.168.123.109:6800/3433497319 conn(0x7f5e24046660 0x7f5e24048b20 secure :-1 s=READY pgs=15 cs=0 l=1 rev1=1 crypto rx=0x7f5e300099c0 tx=0x7f5e30006eb0 comp rx=0 tx=0).stop
2026-03-09T00:29:26.273 INFO:teuthology.orchestra.run.vm09.stdout:/usr/bin/ceph: stderr
2026-03-09T00:29:26.232+0000 7f5e4f422640 1 -- 192.168.123.109:0/3277597121 >> [v2:192.168.123.109:3300/0,v1:192.168.123.109:6789/0] conn(0x7f5e481043b0 msgr2=0x7f5e4819e7e0 secure :-1 s=STATE_CONNECTION_ESTABLISHED l=1).mark_down
2026-03-09T00:29:26.273 INFO:teuthology.orchestra.run.vm09.stdout:/usr/bin/ceph: stderr
2026-03-09T00:29:26.232+0000 7f5e4f422640 1 --2- 192.168.123.109:0/3277597121 >> [v2:192.168.123.109:3300/0,v1:192.168.123.109:6789/0] conn(0x7f5e481043b0 0x7f5e4819e7e0 secure :-1 s=READY pgs=52 cs=0 l=1 rev1=1 crypto rx=0x7f5e38009a50 tx=0x7f5e38035d70 comp rx=0 tx=0).stop
2026-03-09T00:29:26.273 INFO:teuthology.orchestra.run.vm09.stdout:/usr/bin/ceph: stderr
2026-03-09T00:29:26.232+0000 7f5e4f422640 1 -- 192.168.123.109:0/3277597121 shutdown_connections
2026-03-09T00:29:26.273 INFO:teuthology.orchestra.run.vm09.stdout:/usr/bin/ceph: stderr
2026-03-09T00:29:26.232+0000 7f5e4f422640 1 --2- 192.168.123.109:0/3277597121 >> v2:192.168.123.109:6800/3433497319 conn(0x7f5e24046660 0x7f5e24048b20 unknown :-1 s=CLOSED pgs=15 cs=0 l=1 rev1=1 crypto rx=0 tx=0 comp rx=0 tx=0).stop
2026-03-09T00:29:26.273 INFO:teuthology.orchestra.run.vm09.stdout:/usr/bin/ceph: stderr
2026-03-09T00:29:26.232+0000 7f5e4f422640 1 --2- 192.168.123.109:0/3277597121 >> [v2:192.168.123.109:3300/0,v1:192.168.123.109:6789/0] conn(0x7f5e481043b0 0x7f5e4819e7e0 unknown :-1 s=CLOSED pgs=52 cs=0 l=1 rev1=1 crypto rx=0 tx=0 comp rx=0 tx=0).stop
2026-03-09T00:29:26.273 INFO:teuthology.orchestra.run.vm09.stdout:/usr/bin/ceph: stderr
2026-03-09T00:29:26.232+0000 7f5e4f422640 1 -- 192.168.123.109:0/3277597121 >> 192.168.123.109:0/3277597121 conn(0x7f5e48100040 msgr2=0x7f5e48100c50 unknown :-1 s=STATE_NONE l=0).mark_down
2026-03-09T00:29:26.273 INFO:teuthology.orchestra.run.vm09.stdout:/usr/bin/ceph: stderr
2026-03-09T00:29:26.232+0000 7f5e4f422640 1 -- 192.168.123.109:0/3277597121 shutdown_connections
2026-03-09T00:29:26.273 INFO:teuthology.orchestra.run.vm09.stdout:/usr/bin/ceph: stderr
2026-03-09T00:29:26.232+0000 7f5e4f422640 1 -- 192.168.123.109:0/3277597121 wait complete.
2026-03-09T00:29:26.273 INFO:teuthology.orchestra.run.vm09.stdout:Enabling the dashboard module...
2026-03-09T00:29:27.180 INFO:journalctl@ceph.mon.a.vm09.stdout:Mar 09 00:29:26 vm09 ceph-mon[49458]: from='client.14140 -' entity='client.admin' cmd=[{"prefix": "orch apply", "service_type": "mon", "unmanaged": true, "target": ["mon-mgr", ""]}]: dispatch
2026-03-09T00:29:27.180 INFO:journalctl@ceph.mon.a.vm09.stdout:Mar 09 00:29:26 vm09 ceph-mon[49458]: Saving service mon spec with placement count:5
2026-03-09T00:29:27.180 INFO:journalctl@ceph.mon.a.vm09.stdout:Mar 09 00:29:26 vm09 ceph-mon[49458]: from='client.14142 -' entity='client.admin' cmd=[{"prefix": "orch apply", "service_type": "mgr", "unmanaged": true, "target": ["mon-mgr", ""]}]: dispatch
2026-03-09T00:29:27.180 INFO:journalctl@ceph.mon.a.vm09.stdout:Mar 09 00:29:26 vm09 ceph-mon[49458]: Saving service mgr spec with placement count:2
2026-03-09T00:29:27.180 INFO:journalctl@ceph.mon.a.vm09.stdout:Mar 09 00:29:26 vm09 ceph-mon[49458]: from='client.? 192.168.123.109:0/3277597121' entity='client.admin'
2026-03-09T00:29:27.180 INFO:journalctl@ceph.mon.a.vm09.stdout:Mar 09 00:29:26 vm09 ceph-mon[49458]: from='mgr.14118 192.168.123.109:0/3907920743' entity='mgr.y'
2026-03-09T00:29:27.180 INFO:journalctl@ceph.mon.a.vm09.stdout:Mar 09 00:29:26 vm09 ceph-mon[49458]: from='client.? 192.168.123.109:0/608349928' entity='client.admin' cmd=[{"prefix": "mgr module enable", "module": "dashboard"}]: dispatch
2026-03-09T00:29:27.180 INFO:journalctl@ceph.mon.a.vm09.stdout:Mar 09 00:29:26 vm09 ceph-mon[49458]: from='mgr.14118 192.168.123.109:0/3907920743' entity='mgr.y'
2026-03-09T00:29:27.607 INFO:teuthology.orchestra.run.vm09.stdout:/usr/bin/ceph: stderr
2026-03-09T00:29:26.411+0000 7f9bc612d640 1 Processor -- start
2026-03-09T00:29:27.607 INFO:teuthology.orchestra.run.vm09.stdout:/usr/bin/ceph: stderr
2026-03-09T00:29:26.411+0000 7f9bc612d640 1 -- start start
2026-03-09T00:29:27.607 INFO:teuthology.orchestra.run.vm09.stdout:/usr/bin/ceph: stderr
2026-03-09T00:29:26.411+0000 7f9bc612d640 1 --2- >> [v2:192.168.123.109:3300/0,v1:192.168.123.109:6789/0] conn(0x7f9bc0074bd0 0x7f9bc0074fd0 unknown :-1 s=NONE pgs=0 cs=0 l=0 rev1=0 crypto rx=0 tx=0 comp rx=0 tx=0).connect
2026-03-09T00:29:27.607 INFO:teuthology.orchestra.run.vm09.stdout:/usr/bin/ceph: stderr
2026-03-09T00:29:26.411+0000 7f9bc612d640 1 -- --> [v2:192.168.123.109:3300/0,v1:192.168.123.109:6789/0] -- mon_getmap magic: 0 -- 0x7f9bc00755a0 con 0x7f9bc0074bd0
2026-03-09T00:29:27.607 INFO:teuthology.orchestra.run.vm09.stdout:/usr/bin/ceph: stderr
2026-03-09T00:29:26.411+0000 7f9bc512b640 1 --2- >> [v2:192.168.123.109:3300/0,v1:192.168.123.109:6789/0] conn(0x7f9bc0074bd0 0x7f9bc0074fd0 unknown :-1 s=BANNER_CONNECTING pgs=0 cs=0 l=0 rev1=0 crypto rx=0 tx=0 comp rx=0 tx=0)._handle_peer_banner_payload supported=3 required=0
2026-03-09T00:29:27.607 INFO:teuthology.orchestra.run.vm09.stdout:/usr/bin/ceph: stderr
2026-03-09T00:29:26.411+0000 7f9bc512b640 1 --2- >> [v2:192.168.123.109:3300/0,v1:192.168.123.109:6789/0] conn(0x7f9bc0074bd0 0x7f9bc0074fd0 unknown :-1 s=HELLO_CONNECTING pgs=0 cs=0 l=0 rev1=1 crypto rx=0 tx=0 comp rx=0 tx=0).handle_hello peer v2:192.168.123.109:3300/0 says I am v2:192.168.123.109:41612/0 (socket says 192.168.123.109:41612)
2026-03-09T00:29:27.607 INFO:teuthology.orchestra.run.vm09.stdout:/usr/bin/ceph: stderr
2026-03-09T00:29:26.411+0000 7f9bc512b640 1 -- 192.168.123.109:0/2730088420 learned_addr learned my addr 192.168.123.109:0/2730088420 (peer_addr_for_me v2:192.168.123.109:0/0)
2026-03-09T00:29:27.607 INFO:teuthology.orchestra.run.vm09.stdout:/usr/bin/ceph: stderr
2026-03-09T00:29:26.412+0000 7f9bc512b640 1 -- 192.168.123.109:0/2730088420 --> [v2:192.168.123.109:3300/0,v1:192.168.123.109:6789/0] -- mon_subscribe({config=0+,monmap=0+}) -- 0x7f9bc010e4c0 con 0x7f9bc0074bd0
2026-03-09T00:29:27.607 INFO:teuthology.orchestra.run.vm09.stdout:/usr/bin/ceph: stderr
2026-03-09T00:29:26.412+0000 7f9bc512b640 1 --2- 192.168.123.109:0/2730088420 >> [v2:192.168.123.109:3300/0,v1:192.168.123.109:6789/0] conn(0x7f9bc0074bd0 0x7f9bc0074fd0 secure :-1 s=READY pgs=53 cs=0 l=1 rev1=1 crypto rx=0x7f9bbc009530 tx=0x7f9bbc0301d0 comp rx=0 tx=0).ready entity=mon.0 client_cookie=2ed2c5a7e412cde4 server_cookie=0 in_seq=0 out_seq=0
2026-03-09T00:29:27.607 INFO:teuthology.orchestra.run.vm09.stdout:/usr/bin/ceph: stderr
2026-03-09T00:29:26.412+0000 7f9baffff640 1 -- 192.168.123.109:0/2730088420 <== mon.0 v2:192.168.123.109:3300/0 1 ==== mon_map magic: 0 ==== 205+0+0 (secure 0 0 0) 0x7f9bbc03d070 con 0x7f9bc0074bd0
2026-03-09T00:29:27.607 INFO:teuthology.orchestra.run.vm09.stdout:/usr/bin/ceph: stderr
2026-03-09T00:29:26.413+0000 7f9baffff640 1 -- 192.168.123.109:0/2730088420 <== mon.0 v2:192.168.123.109:3300/0 2 ==== config(25 keys) ==== 998+0+0 (secure 0 0 0) 0x7f9bbc030d90 con 0x7f9bc0074bd0
2026-03-09T00:29:27.607 INFO:teuthology.orchestra.run.vm09.stdout:/usr/bin/ceph: stderr
2026-03-09T00:29:26.413+0000 7f9bc612d640 1 -- 192.168.123.109:0/2730088420 >> [v2:192.168.123.109:3300/0,v1:192.168.123.109:6789/0] conn(0x7f9bc0074bd0 msgr2=0x7f9bc0074fd0 secure :-1 s=STATE_CONNECTION_ESTABLISHED l=1).mark_down
2026-03-09T00:29:27.607 INFO:teuthology.orchestra.run.vm09.stdout:/usr/bin/ceph: stderr
2026-03-09T00:29:26.413+0000 7f9bc612d640 1 --2- 192.168.123.109:0/2730088420 >> [v2:192.168.123.109:3300/0,v1:192.168.123.109:6789/0] conn(0x7f9bc0074bd0 0x7f9bc0074fd0 secure :-1 s=READY pgs=53 cs=0 l=1 rev1=1 crypto rx=0x7f9bbc009530 tx=0x7f9bbc0301d0 comp rx=0 tx=0).stop
2026-03-09T00:29:27.607 INFO:teuthology.orchestra.run.vm09.stdout:/usr/bin/ceph: stderr
2026-03-09T00:29:26.413+0000 7f9bc612d640 1 -- 192.168.123.109:0/2730088420 shutdown_connections
2026-03-09T00:29:27.607 INFO:teuthology.orchestra.run.vm09.stdout:/usr/bin/ceph: stderr
2026-03-09T00:29:26.413+0000 7f9bc612d640 1 --2- 192.168.123.109:0/2730088420 >> [v2:192.168.123.109:3300/0,v1:192.168.123.109:6789/0] conn(0x7f9bc0074bd0 0x7f9bc0074fd0 unknown :-1 s=CLOSED pgs=53 cs=0 l=1 rev1=1 crypto rx=0 tx=0 comp rx=0 tx=0).stop
2026-03-09T00:29:27.607 INFO:teuthology.orchestra.run.vm09.stdout:/usr/bin/ceph: stderr
2026-03-09T00:29:26.413+0000 7f9bc612d640 1 -- 192.168.123.109:0/2730088420 >> 192.168.123.109:0/2730088420 conn(0x7f9bc006fe30 msgr2=0x7f9bc00722b0 unknown :-1 s=STATE_NONE l=0).mark_down
2026-03-09T00:29:27.607 INFO:teuthology.orchestra.run.vm09.stdout:/usr/bin/ceph: stderr
2026-03-09T00:29:26.413+0000 7f9bc612d640 1 -- 192.168.123.109:0/2730088420 shutdown_connections
2026-03-09T00:29:27.607 INFO:teuthology.orchestra.run.vm09.stdout:/usr/bin/ceph: stderr
2026-03-09T00:29:26.413+0000 7f9bc612d640 1 -- 192.168.123.109:0/2730088420 wait complete.
2026-03-09T00:29:27.607 INFO:teuthology.orchestra.run.vm09.stdout:/usr/bin/ceph: stderr
2026-03-09T00:29:26.414+0000 7f9bc612d640 1 Processor -- start
2026-03-09T00:29:27.607 INFO:teuthology.orchestra.run.vm09.stdout:/usr/bin/ceph: stderr
2026-03-09T00:29:26.414+0000 7f9bc612d640 1 -- start start
2026-03-09T00:29:27.607 INFO:teuthology.orchestra.run.vm09.stdout:/usr/bin/ceph: stderr
2026-03-09T00:29:26.414+0000 7f9bc612d640 1 --2- >> [v2:192.168.123.109:3300/0,v1:192.168.123.109:6789/0] conn(0x7f9bc0074bd0 0x7f9bc01132f0 unknown :-1 s=NONE pgs=0 cs=0 l=1 rev1=0 crypto rx=0 tx=0 comp rx=0 tx=0).connect
2026-03-09T00:29:27.607 INFO:teuthology.orchestra.run.vm09.stdout:/usr/bin/ceph: stderr
2026-03-09T00:29:26.414+0000 7f9bc612d640 1 -- --> [v2:192.168.123.109:3300/0,v1:192.168.123.109:6789/0] -- mon_getmap magic: 0 -- 0x7f9bc010ef90 con 0x7f9bc0074bd0
2026-03-09T00:29:27.607 INFO:teuthology.orchestra.run.vm09.stdout:/usr/bin/ceph: stderr
2026-03-09T00:29:26.414+0000 7f9bc512b640 1 --2- >> [v2:192.168.123.109:3300/0,v1:192.168.123.109:6789/0] conn(0x7f9bc0074bd0 0x7f9bc01132f0 unknown :-1 s=BANNER_CONNECTING pgs=0 cs=0 l=1 rev1=0 crypto rx=0 tx=0 comp rx=0 tx=0)._handle_peer_banner_payload supported=3 required=0
2026-03-09T00:29:27.607 INFO:teuthology.orchestra.run.vm09.stdout:/usr/bin/ceph: stderr
2026-03-09T00:29:26.414+0000 7f9bc512b640 1 --2- >> [v2:192.168.123.109:3300/0,v1:192.168.123.109:6789/0] conn(0x7f9bc0074bd0 0x7f9bc01132f0 unknown :-1 s=HELLO_CONNECTING pgs=0 cs=0 l=1 rev1=1 crypto rx=0 tx=0 comp rx=0 tx=0).handle_hello peer v2:192.168.123.109:3300/0 says I am v2:192.168.123.109:41616/0 (socket says 192.168.123.109:41616)
2026-03-09T00:29:27.607 INFO:teuthology.orchestra.run.vm09.stdout:/usr/bin/ceph: stderr
2026-03-09T00:29:26.414+0000 7f9bc512b640 1 -- 192.168.123.109:0/608349928 learned_addr learned my addr 192.168.123.109:0/608349928 (peer_addr_for_me v2:192.168.123.109:0/0)
2026-03-09T00:29:27.607 INFO:teuthology.orchestra.run.vm09.stdout:/usr/bin/ceph: stderr
2026-03-09T00:29:26.414+0000 7f9bc512b640 1 -- 192.168.123.109:0/608349928 --> [v2:192.168.123.109:3300/0,v1:192.168.123.109:6789/0] -- mon_subscribe({config=0+,monmap=0+}) -- 0x7f9bc0113830 con 0x7f9bc0074bd0
2026-03-09T00:29:27.607 INFO:teuthology.orchestra.run.vm09.stdout:/usr/bin/ceph: stderr
2026-03-09T00:29:26.415+0000 7f9bc512b640 1 --2- 192.168.123.109:0/608349928 >> [v2:192.168.123.109:3300/0,v1:192.168.123.109:6789/0] conn(0x7f9bc0074bd0 0x7f9bc01132f0 secure :-1 s=READY pgs=54 cs=0 l=1 rev1=1 crypto rx=0x7f9bbc0386a0 tx=0x7f9bbc0386d0 comp rx=0 tx=0).ready entity=mon.0 client_cookie=0 server_cookie=0 in_seq=0 out_seq=0
2026-03-09T00:29:27.607 INFO:teuthology.orchestra.run.vm09.stdout:/usr/bin/ceph: stderr
2026-03-09T00:29:26.415+0000 7f9bae7fc640 1 -- 192.168.123.109:0/608349928 <== mon.0 v2:192.168.123.109:3300/0 1 ==== mon_map magic: 0 ==== 205+0+0 (secure 0 0 0) 0x7f9bbc046070 con 0x7f9bc0074bd0
2026-03-09T00:29:27.607 INFO:teuthology.orchestra.run.vm09.stdout:/usr/bin/ceph: stderr
2026-03-09T00:29:26.415+0000 7f9bae7fc640 1 -- 192.168.123.109:0/608349928 <== mon.0 v2:192.168.123.109:3300/0 2 ==== config(25 keys) ==== 998+0+0 (secure 0 0 0) 0x7f9bbc041450 con 0x7f9bc0074bd0
2026-03-09T00:29:27.607 INFO:teuthology.orchestra.run.vm09.stdout:/usr/bin/ceph: stderr
2026-03-09T00:29:26.415+0000 7f9bae7fc640 1 -- 192.168.123.109:0/608349928 <== mon.0 v2:192.168.123.109:3300/0 3 ==== mon_map magic: 0 ==== 205+0+0 (secure 0 0 0) 0x7f9bbc03d070 con 0x7f9bc0074bd0
2026-03-09T00:29:27.607 INFO:teuthology.orchestra.run.vm09.stdout:/usr/bin/ceph: stderr
2026-03-09T00:29:26.415+0000 7f9bc612d640 1 -- 192.168.123.109:0/608349928 --> [v2:192.168.123.109:3300/0,v1:192.168.123.109:6789/0] -- mon_subscribe({mgrmap=0+}) -- 0x7f9bc0111a20 con 0x7f9bc0074bd0
2026-03-09T00:29:27.607 INFO:teuthology.orchestra.run.vm09.stdout:/usr/bin/ceph: stderr
2026-03-09T00:29:26.415+0000 7f9bc612d640 1 -- 192.168.123.109:0/608349928 --> [v2:192.168.123.109:3300/0,v1:192.168.123.109:6789/0] -- mon_subscribe({osdmap=0}) -- 0x7f9bc0111f00 con 0x7f9bc0074bd0
2026-03-09T00:29:27.607 INFO:teuthology.orchestra.run.vm09.stdout:/usr/bin/ceph: stderr
2026-03-09T00:29:26.416+0000 7f9bc612d640 1 -- 192.168.123.109:0/608349928 --> [v2:192.168.123.109:3300/0,v1:192.168.123.109:6789/0] -- mon_command({"prefix": "get_command_descriptions"} v 0) -- 0x7f9b8c005180 con 0x7f9bc0074bd0
2026-03-09T00:29:27.607 INFO:teuthology.orchestra.run.vm09.stdout:/usr/bin/ceph: stderr
2026-03-09T00:29:26.419+0000 7f9bae7fc640 1 -- 192.168.123.109:0/608349928 <== mon.0 v2:192.168.123.109:3300/0 4 ==== mgrmap(e 8) ==== 50212+0+0 (secure 0 0 0) 0x7f9bbc053080 con 0x7f9bc0074bd0
2026-03-09T00:29:27.607 INFO:teuthology.orchestra.run.vm09.stdout:/usr/bin/ceph: stderr
2026-03-09T00:29:26.419+0000 7f9bae7fc640 1 --2- 192.168.123.109:0/608349928 >> v2:192.168.123.109:6800/3433497319 conn(0x7f9b9803dcd0 0x7f9b98040190 unknown :-1 s=NONE pgs=0 cs=0 l=1 rev1=0 crypto rx=0 tx=0 comp rx=0 tx=0).connect
2026-03-09T00:29:27.607 INFO:teuthology.orchestra.run.vm09.stdout:/usr/bin/ceph: stderr
2026-03-09T00:29:26.419+0000 7f9bae7fc640 1 -- 192.168.123.109:0/608349928 <== mon.0 v2:192.168.123.109:3300/0 5 ==== osd_map(2..2 src has 1..2) ==== 897+0+0 (secure 0 0 0) 0x7f9bbc076e80 con 0x7f9bc0074bd0
2026-03-09T00:29:27.607 INFO:teuthology.orchestra.run.vm09.stdout:/usr/bin/ceph: stderr
2026-03-09T00:29:26.419+0000 7f9bae7fc640 1 -- 192.168.123.109:0/608349928 <== mon.0 v2:192.168.123.109:3300/0 6 ==== mon_command_ack([{"prefix": "get_command_descriptions"}]=0 v0) ==== 72+0+195034 (secure 0 0 0) 0x7f9bbc03d210 con 0x7f9bc0074bd0
2026-03-09T00:29:27.607 INFO:teuthology.orchestra.run.vm09.stdout:/usr/bin/ceph: stderr
2026-03-09T00:29:26.420+0000 7f9bc492a640 1 --2- 192.168.123.109:0/608349928 >> v2:192.168.123.109:6800/3433497319 conn(0x7f9b9803dcd0 0x7f9b98040190 unknown :-1 s=BANNER_CONNECTING pgs=0 cs=0 l=1 rev1=0 crypto rx=0 tx=0 comp rx=0 tx=0)._handle_peer_banner_payload supported=3 required=0
2026-03-09T00:29:27.607 INFO:teuthology.orchestra.run.vm09.stdout:/usr/bin/ceph: stderr
2026-03-09T00:29:26.420+0000 7f9bc492a640 1 --2- 192.168.123.109:0/608349928 >> v2:192.168.123.109:6800/3433497319 conn(0x7f9b9803dcd0 0x7f9b98040190 secure :-1 s=READY pgs=16 cs=0 l=1 rev1=1 crypto rx=0x7f9bb800ad30 tx=0x7f9bb80093f0 comp rx=0 tx=0).ready entity=mgr.14118 client_cookie=0 server_cookie=0 in_seq=0 out_seq=0
2026-03-09T00:29:27.607 INFO:teuthology.orchestra.run.vm09.stdout:/usr/bin/ceph: stderr
2026-03-09T00:29:26.507+0000 7f9bae7fc640 1 -- 192.168.123.109:0/608349928 <== mon.0 v2:192.168.123.109:3300/0 7 ==== config(25 keys) ==== 1029+0+0 (secure 0 0 0) 0x7f9bbc04fe00 con 0x7f9bc0074bd0
2026-03-09T00:29:27.607 INFO:teuthology.orchestra.run.vm09.stdout:/usr/bin/ceph: stderr
2026-03-09T00:29:26.557+0000 7f9bc612d640 1 -- 192.168.123.109:0/608349928 --> [v2:192.168.123.109:3300/0,v1:192.168.123.109:6789/0] -- mon_command({"prefix": "mgr module enable", "module": "dashboard"} v 0) -- 0x7f9b8c005470 con 0x7f9bc0074bd0
2026-03-09T00:29:27.607 INFO:teuthology.orchestra.run.vm09.stdout:/usr/bin/ceph: stderr
2026-03-09T00:29:27.505+0000 7f9bae7fc640 1 -- 192.168.123.109:0/608349928 <== mon.0 v2:192.168.123.109:3300/0 8 ==== mon_command_ack([{"prefix": "mgr module enable", "module": "dashboard"}]=0 v9) ==== 88+0+0 (secure 0 0 0) 0x7f9bbc0416b0 con 0x7f9bc0074bd0
2026-03-09T00:29:27.607 INFO:teuthology.orchestra.run.vm09.stdout:/usr/bin/ceph: stderr
2026-03-09T00:29:27.507+0000 7f9bae7fc640 1 -- 192.168.123.109:0/608349928 <== mon.0 v2:192.168.123.109:3300/0 9 ==== mgrmap(e 9) ==== 50225+0+0 (secure 0 0 0) 0x7f9bbc075890 con 0x7f9bc0074bd0
2026-03-09T00:29:27.607 INFO:teuthology.orchestra.run.vm09.stdout:/usr/bin/ceph: stderr
2026-03-09T00:29:27.508+0000 7f9bc612d640 1 -- 192.168.123.109:0/608349928 >> v2:192.168.123.109:6800/3433497319 conn(0x7f9b9803dcd0 msgr2=0x7f9b98040190 secure :-1 s=STATE_CONNECTION_ESTABLISHED l=1).mark_down
2026-03-09T00:29:27.607 INFO:teuthology.orchestra.run.vm09.stdout:/usr/bin/ceph: stderr
2026-03-09T00:29:27.508+0000 7f9bc612d640 1 --2- 192.168.123.109:0/608349928 >> v2:192.168.123.109:6800/3433497319 conn(0x7f9b9803dcd0 0x7f9b98040190 secure :-1 s=READY pgs=16 cs=0 l=1 rev1=1 crypto rx=0x7f9bb800ad30 tx=0x7f9bb80093f0 comp rx=0 tx=0).stop
2026-03-09T00:29:27.607 INFO:teuthology.orchestra.run.vm09.stdout:/usr/bin/ceph: stderr
2026-03-09T00:29:27.508+0000 7f9bc612d640 1 -- 192.168.123.109:0/608349928 >> [v2:192.168.123.109:3300/0,v1:192.168.123.109:6789/0] conn(0x7f9bc0074bd0 msgr2=0x7f9bc01132f0 secure :-1 s=STATE_CONNECTION_ESTABLISHED l=1).mark_down
2026-03-09T00:29:27.607 INFO:teuthology.orchestra.run.vm09.stdout:/usr/bin/ceph: stderr
