2026-03-09T00:29:21.744+0000 7f1cc1d74640 1 --2- 192.168.123.109:0/3281276456 >> v2:192.168.123.109:6800/3433497319 conn(0x7f1ca803db30 0x7f1ca803fff0 secure :-1 s=READY pgs=7 cs=0 l=1 rev1=1 crypto rx=0x7f1cbc00ad30 tx=0x7f1cbc0093f0 comp rx=0 tx=0).ready entity=mgr.14118 client_cookie=0 server_cookie=0 in_seq=0 out_seq=0
2026-03-09T00:29:21.889 INFO:teuthology.orchestra.run.vm09.stdout:/usr/bin/ceph: stderr
2026-03-09T00:29:21.745+0000 7f1cb37fe640 1 -- 192.168.123.109:0/3281276456 <== mon.0 v2:192.168.123.109:3300/0 6 ==== mon_command_ack([{"prefix": "get_command_descriptions"}]=0 v0) ==== 72+0+195034 (secure 0 0 0) 0x7f1cb4040260 con 0x7f1cc4086cc0
2026-03-09T00:29:21.889 INFO:teuthology.orchestra.run.vm09.stdout:/usr/bin/ceph: stderr
2026-03-09T00:29:21.848+0000 7f1cc3577640 1 -- 192.168.123.109:0/3281276456 --> v2:192.168.123.109:6800/3433497319 -- mgr_command(tid 0: {"prefix": "orch set backend", "module_name": "cephadm", "target": ["mon-mgr", ""]}) -- 0x7f1cc4070eb0 con 0x7f1ca803db30
2026-03-09T00:29:21.889 INFO:teuthology.orchestra.run.vm09.stdout:/usr/bin/ceph: stderr
2026-03-09T00:29:21.859+0000 7f1cb37fe640 1 -- 192.168.123.109:0/3281276456 <== mgr.14118 v2:192.168.123.109:6800/3433497319 1 ==== mgr_command_reply(tid 0: 0 ) ==== 8+0+0 (secure 0 0 0) 0x7f1cc4070eb0 con 0x7f1ca803db30
2026-03-09T00:29:21.889 INFO:teuthology.orchestra.run.vm09.stdout:/usr/bin/ceph: stderr
2026-03-09T00:29:21.862+0000 7f1cb17fa640 1 -- 192.168.123.109:0/3281276456 >> v2:192.168.123.109:6800/3433497319 conn(0x7f1ca803db30 msgr2=0x7f1ca803fff0 secure :-1 s=STATE_CONNECTION_ESTABLISHED l=1).mark_down
2026-03-09T00:29:21.889 INFO:teuthology.orchestra.run.vm09.stdout:/usr/bin/ceph: stderr
2026-03-09T00:29:21.862+0000 7f1cb17fa640 1 --2- 192.168.123.109:0/3281276456 >> v2:192.168.123.109:6800/3433497319 conn(0x7f1ca803db30 0x7f1ca803fff0 secure :-1 s=READY pgs=7 cs=0 l=1 rev1=1 crypto rx=0x7f1cbc00ad30 tx=0x7f1cbc0093f0 comp rx=0 tx=0).stop
2026-03-09T00:29:21.890 INFO:teuthology.orchestra.run.vm09.stdout:/usr/bin/ceph: stderr
2026-03-09T00:29:21.862+0000 7f1cb17fa640 1 -- 192.168.123.109:0/3281276456 >> [v2:192.168.123.109:3300/0,v1:192.168.123.109:6789/0] conn(0x7f1cc4086cc0 msgr2=0x7f1cc40870e0 secure :-1 s=STATE_CONNECTION_ESTABLISHED l=1).mark_down
2026-03-09T00:29:21.890 INFO:teuthology.orchestra.run.vm09.stdout:/usr/bin/ceph: stderr
2026-03-09T00:29:21.862+0000 7f1cb17fa640 1 --2- 192.168.123.109:0/3281276456 >> [v2:192.168.123.109:3300/0,v1:192.168.123.109:6789/0] conn(0x7f1cc4086cc0 0x7f1cc40870e0 secure :-1 s=READY pgs=36 cs=0 l=1 rev1=1 crypto rx=0x7f1cb4008aa0 tx=0x7f1cb403ae10 comp rx=0 tx=0).stop
2026-03-09T00:29:21.890 INFO:teuthology.orchestra.run.vm09.stdout:/usr/bin/ceph: stderr
2026-03-09T00:29:21.862+0000 7f1cb17fa640 1 -- 192.168.123.109:0/3281276456 shutdown_connections
2026-03-09T00:29:21.890 INFO:teuthology.orchestra.run.vm09.stdout:/usr/bin/ceph: stderr
2026-03-09T00:29:21.862+0000 7f1cb17fa640 1 --2- 192.168.123.109:0/3281276456 >> v2:192.168.123.109:6800/3433497319 conn(0x7f1ca803db30 0x7f1ca803fff0 unknown :-1 s=CLOSED pgs=7 cs=0 l=1 rev1=1 crypto rx=0 tx=0 comp rx=0 tx=0).stop
2026-03-09T00:29:21.890 INFO:teuthology.orchestra.run.vm09.stdout:/usr/bin/ceph: stderr
2026-03-09T00:29:21.862+0000 7f1cb17fa640 1 --2- 192.168.123.109:0/3281276456 >> [v2:192.168.123.109:3300/0,v1:192.168.123.109:6789/0] conn(0x7f1cc4086cc0 0x7f1cc40870e0 unknown :-1 s=CLOSED pgs=36 cs=0 l=1 rev1=1 crypto rx=0 tx=0 comp rx=0 tx=0).stop
2026-03-09T00:29:21.890 INFO:teuthology.orchestra.run.vm09.stdout:/usr/bin/ceph: stderr
2026-03-09T00:29:21.862+0000 7f1cb17fa640 1 -- 192.168.123.109:0/3281276456 >> 192.168.123.109:0/3281276456 conn(0x7f1cc406fe30 msgr2=0x7f1cc40707a0 unknown :-1 s=STATE_NONE l=0).mark_down
2026-03-09T00:29:21.890 INFO:teuthology.orchestra.run.vm09.stdout:/usr/bin/ceph: stderr
2026-03-09T00:29:21.862+0000 7f1cb17fa640 1 -- 192.168.123.109:0/3281276456 shutdown_connections
2026-03-09T00:29:21.890 INFO:teuthology.orchestra.run.vm09.stdout:/usr/bin/ceph: stderr
2026-03-09T00:29:21.862+0000 7f1cb17fa640 1 -- 192.168.123.109:0/3281276456 wait complete.
2026-03-09T00:29:22.453 INFO:teuthology.orchestra.run.vm09.stdout:/usr/bin/ceph: stdout value unchanged
2026-03-09T00:29:22.453 INFO:teuthology.orchestra.run.vm09.stdout:/usr/bin/ceph: stderr
2026-03-09T00:29:22.014+0000 7f9d2df9f640 1 Processor -- start
2026-03-09T00:29:22.453 INFO:teuthology.orchestra.run.vm09.stdout:/usr/bin/ceph: stderr
2026-03-09T00:29:22.014+0000 7f9d2df9f640 1 -- start start
2026-03-09T00:29:22.453 INFO:teuthology.orchestra.run.vm09.stdout:/usr/bin/ceph: stderr
2026-03-09T00:29:22.014+0000 7f9d2df9f640 1 --2- >> [v2:192.168.123.109:3300/0,v1:192.168.123.109:6789/0] conn(0x7f9d28074bd0 0x7f9d28074fd0 unknown :-1 s=NONE pgs=0 cs=0 l=0 rev1=0 crypto rx=0 tx=0 comp rx=0 tx=0).connect
2026-03-09T00:29:22.453 INFO:teuthology.orchestra.run.vm09.stdout:/usr/bin/ceph: stderr
2026-03-09T00:29:22.014+0000 7f9d2df9f640 1 -- --> [v2:192.168.123.109:3300/0,v1:192.168.123.109:6789/0] -- mon_getmap magic: 0 -- 0x7f9d280755a0 con 0x7f9d28074bd0
2026-03-09T00:29:22.453 INFO:teuthology.orchestra.run.vm09.stdout:/usr/bin/ceph: stderr
2026-03-09T00:29:22.015+0000 7f9d2cf9d640 1 --2- >> [v2:192.168.123.109:3300/0,v1:192.168.123.109:6789/0] conn(0x7f9d28074bd0 0x7f9d28074fd0 unknown :-1 s=BANNER_CONNECTING pgs=0 cs=0 l=0 rev1=0 crypto rx=0 tx=0 comp rx=0 tx=0)._handle_peer_banner_payload supported=3 required=0
2026-03-09T00:29:22.453 INFO:teuthology.orchestra.run.vm09.stdout:/usr/bin/ceph: stderr
2026-03-09T00:29:22.015+0000 7f9d2cf9d640 1 --2- >> [v2:192.168.123.109:3300/0,v1:192.168.123.109:6789/0] conn(0x7f9d28074bd0 0x7f9d28074fd0 unknown :-1 s=HELLO_CONNECTING pgs=0 cs=0 l=0 rev1=1 crypto rx=0 tx=0 comp rx=0 tx=0).handle_hello peer v2:192.168.123.109:3300/0 says I am v2:192.168.123.109:41448/0 (socket says 192.168.123.109:41448)
2026-03-09T00:29:22.453 INFO:teuthology.orchestra.run.vm09.stdout:/usr/bin/ceph: stderr
2026-03-09T00:29:22.015+0000 7f9d2cf9d640 1 -- 192.168.123.109:0/263904365 learned_addr learned my addr 192.168.123.109:0/263904365 (peer_addr_for_me v2:192.168.123.109:0/0)
2026-03-09T00:29:22.453 INFO:teuthology.orchestra.run.vm09.stdout:/usr/bin/ceph: stderr
2026-03-09T00:29:22.015+0000 7f9d2cf9d640 1 -- 192.168.123.109:0/263904365 --> [v2:192.168.123.109:3300/0,v1:192.168.123.109:6789/0] -- mon_subscribe({config=0+,monmap=0+}) -- 0x7f9d2810e4c0 con 0x7f9d28074bd0
2026-03-09T00:29:22.453 INFO:teuthology.orchestra.run.vm09.stdout:/usr/bin/ceph: stderr
2026-03-09T00:29:22.015+0000 7f9d2cf9d640 1 --2- 192.168.123.109:0/263904365 >> [v2:192.168.123.109:3300/0,v1:192.168.123.109:6789/0] conn(0x7f9d28074bd0 0x7f9d28074fd0 secure :-1 s=READY pgs=37 cs=0 l=1 rev1=1 crypto rx=0x7f9d180073f0 tx=0x7f9d1802fff0 comp rx=0 tx=0).ready entity=mon.0 client_cookie=3c4d79ba13b06091 server_cookie=0 in_seq=0 out_seq=0
2026-03-09T00:29:22.453 INFO:teuthology.orchestra.run.vm09.stdout:/usr/bin/ceph: stderr
2026-03-09T00:29:22.016+0000 7f9d277fe640 1 -- 192.168.123.109:0/263904365 <== mon.0 v2:192.168.123.109:3300/0 1 ==== mon_map magic: 0 ==== 205+0+0 (secure 0 0 0) 0x7f9d18008e40 con 0x7f9d28074bd0
2026-03-09T00:29:22.453 INFO:teuthology.orchestra.run.vm09.stdout:/usr/bin/ceph: stderr
2026-03-09T00:29:22.016+0000 7f9d277fe640 1 -- 192.168.123.109:0/263904365 <== mon.0 v2:192.168.123.109:3300/0 2 ==== config(25 keys) ==== 998+0+0 (secure 0 0 0) 0x7f9d18030c40 con 0x7f9d28074bd0
2026-03-09T00:29:22.453 INFO:teuthology.orchestra.run.vm09.stdout:/usr/bin/ceph: stderr
2026-03-09T00:29:22.016+0000 7f9d2df9f640 1 -- 192.168.123.109:0/263904365 >> [v2:192.168.123.109:3300/0,v1:192.168.123.109:6789/0] conn(0x7f9d28074bd0 msgr2=0x7f9d28074fd0 secure :-1 s=STATE_CONNECTION_ESTABLISHED l=1).mark_down
2026-03-09T00:29:22.453 INFO:teuthology.orchestra.run.vm09.stdout:/usr/bin/ceph: stderr
2026-03-09T00:29:22.016+0000 7f9d2df9f640 1 --2- 192.168.123.109:0/263904365 >> [v2:192.168.123.109:3300/0,v1:192.168.123.109:6789/0] conn(0x7f9d28074bd0 0x7f9d28074fd0 secure :-1 s=READY pgs=37 cs=0 l=1 rev1=1 crypto rx=0x7f9d180073f0 tx=0x7f9d1802fff0 comp rx=0 tx=0).stop
2026-03-09T00:29:22.453 INFO:teuthology.orchestra.run.vm09.stdout:/usr/bin/ceph: stderr
2026-03-09T00:29:22.016+0000 7f9d2df9f640 1 -- 192.168.123.109:0/263904365 shutdown_connections
2026-03-09T00:29:22.453 INFO:teuthology.orchestra.run.vm09.stdout:/usr/bin/ceph: stderr
2026-03-09T00:29:22.016+0000 7f9d2df9f640 1 --2- 192.168.123.109:0/263904365 >> [v2:192.168.123.109:3300/0,v1:192.168.123.109:6789/0] conn(0x7f9d28074bd0 0x7f9d28074fd0 unknown :-1 s=CLOSED pgs=37 cs=0 l=1 rev1=1 crypto rx=0 tx=0 comp rx=0 tx=0).stop
2026-03-09T00:29:22.453 INFO:teuthology.orchestra.run.vm09.stdout:/usr/bin/ceph: stderr
2026-03-09T00:29:22.016+0000 7f9d2df9f640 1 -- 192.168.123.109:0/263904365 >> 192.168.123.109:0/263904365 conn(0x7f9d2806fe30 msgr2=0x7f9d280722b0 unknown :-1 s=STATE_NONE l=0).mark_down
2026-03-09T00:29:22.454 INFO:teuthology.orchestra.run.vm09.stdout:/usr/bin/ceph: stderr
2026-03-09T00:29:22.016+0000 7f9d2df9f640 1 -- 192.168.123.109:0/263904365 shutdown_connections
2026-03-09T00:29:22.454 INFO:teuthology.orchestra.run.vm09.stdout:/usr/bin/ceph: stderr
2026-03-09T00:29:22.016+0000 7f9d2df9f640 1 -- 192.168.123.109:0/263904365 wait complete.
2026-03-09T00:29:22.454 INFO:teuthology.orchestra.run.vm09.stdout:/usr/bin/ceph: stderr
2026-03-09T00:29:22.017+0000 7f9d2df9f640 1 Processor -- start
2026-03-09T00:29:22.454 INFO:teuthology.orchestra.run.vm09.stdout:/usr/bin/ceph: stderr
2026-03-09T00:29:22.017+0000 7f9d2df9f640 1 -- start start
2026-03-09T00:29:22.454 INFO:teuthology.orchestra.run.vm09.stdout:/usr/bin/ceph: stderr
2026-03-09T00:29:22.017+0000 7f9d2df9f640 1 --2- >> [v2:192.168.123.109:3300/0,v1:192.168.123.109:6789/0] conn(0x7f9d281ab490 0x7f9d281ab8b0 unknown :-1 s=NONE pgs=0 cs=0 l=1 rev1=0 crypto rx=0 tx=0 comp rx=0 tx=0).connect
2026-03-09T00:29:22.454 INFO:teuthology.orchestra.run.vm09.stdout:/usr/bin/ceph: stderr
2026-03-09T00:29:22.017+0000 7f9d2df9f640 1 -- --> [v2:192.168.123.109:3300/0,v1:192.168.123.109:6789/0] -- mon_getmap magic: 0 -- 0x7f9d2810ef30 con 0x7f9d281ab490
2026-03-09T00:29:22.454 INFO:teuthology.orchestra.run.vm09.stdout:/usr/bin/ceph: stderr
2026-03-09T00:29:22.017+0000 7f9d2cf9d640 1 --2- >> [v2:192.168.123.109:3300/0,v1:192.168.123.109:6789/0] conn(0x7f9d281ab490 0x7f9d281ab8b0 unknown :-1 s=BANNER_CONNECTING pgs=0 cs=0 l=1 rev1=0 crypto rx=0 tx=0 comp rx=0 tx=0)._handle_peer_banner_payload supported=3 required=0
2026-03-09T00:29:22.454 INFO:teuthology.orchestra.run.vm09.stdout:/usr/bin/ceph: stderr
2026-03-09T00:29:22.017+0000 7f9d2cf9d640 1 --2- >> [v2:192.168.123.109:3300/0,v1:192.168.123.109:6789/0] conn(0x7f9d281ab490 0x7f9d281ab8b0 unknown :-1 s=HELLO_CONNECTING pgs=0 cs=0 l=1 rev1=1 crypto rx=0 tx=0 comp rx=0 tx=0).handle_hello peer v2:192.168.123.109:3300/0 says I am v2:192.168.123.109:41462/0 (socket says 192.168.123.109:41462)
2026-03-09T00:29:22.454 INFO:teuthology.orchestra.run.vm09.stdout:/usr/bin/ceph: stderr
2026-03-09T00:29:22.017+0000 7f9d2cf9d640 1 -- 192.168.123.109:0/977670705 learned_addr learned my addr 192.168.123.109:0/977670705 (peer_addr_for_me v2:192.168.123.109:0/0)
2026-03-09T00:29:22.454 INFO:teuthology.orchestra.run.vm09.stdout:/usr/bin/ceph: stderr
2026-03-09T00:29:22.017+0000 7f9d2cf9d640 1 -- 192.168.123.109:0/977670705 --> [v2:192.168.123.109:3300/0,v1:192.168.123.109:6789/0] -- mon_subscribe({config=0+,monmap=0+}) -- 0x7f9d281abdf0 con 0x7f9d281ab490
2026-03-09T00:29:22.454 INFO:teuthology.orchestra.run.vm09.stdout:/usr/bin/ceph: stderr
2026-03-09T00:29:22.018+0000 7f9d2cf9d640 1 --2- 192.168.123.109:0/977670705 >> [v2:192.168.123.109:3300/0,v1:192.168.123.109:6789/0] conn(0x7f9d281ab490 0x7f9d281ab8b0 secure :-1 s=READY pgs=38 cs=0 l=1 rev1=1 crypto rx=0x7f9d18030d90 tx=0x7f9d18030dc0 comp rx=0 tx=0).ready entity=mon.0 client_cookie=0 server_cookie=0 in_seq=0 out_seq=0
2026-03-09T00:29:22.454 INFO:teuthology.orchestra.run.vm09.stdout:/usr/bin/ceph: stderr
2026-03-09T00:29:22.018+0000 7f9d25ffb640 1 -- 192.168.123.109:0/977670705 <== mon.0 v2:192.168.123.109:3300/0 1 ==== mon_map magic: 0 ==== 205+0+0 (secure 0 0 0) 0x7f9d18047070 con 0x7f9d281ab490
2026-03-09T00:29:22.454 INFO:teuthology.orchestra.run.vm09.stdout:/usr/bin/ceph: stderr
2026-03-09T00:29:22.018+0000 7f9d2df9f640 1 -- 192.168.123.109:0/977670705 --> [v2:192.168.123.109:3300/0,v1:192.168.123.109:6789/0] -- mon_subscribe({mgrmap=0+}) -- 0x7f9d281ac080 con 0x7f9d281ab490
2026-03-09T00:29:22.454 INFO:teuthology.orchestra.run.vm09.stdout:/usr/bin/ceph: stderr
2026-03-09T00:29:22.018+0000 7f9d2df9f640 1 -- 192.168.123.109:0/977670705 --> [v2:192.168.123.109:3300/0,v1:192.168.123.109:6789/0] -- mon_subscribe({osdmap=0}) -- 0x7f9d281aebe0 con 0x7f9d281ab490
2026-03-09T00:29:22.454 INFO:teuthology.orchestra.run.vm09.stdout:/usr/bin/ceph: stderr
2026-03-09T00:29:22.019+0000 7f9d25ffb640 1 -- 192.168.123.109:0/977670705 <== mon.0 v2:192.168.123.109:3300/0 2 ==== config(25 keys) ==== 998+0+0 (secure 0 0 0) 0x7f9d18007c30 con 0x7f9d281ab490
2026-03-09T00:29:22.454 INFO:teuthology.orchestra.run.vm09.stdout:/usr/bin/ceph: stderr
2026-03-09T00:29:22.019+0000 7f9d25ffb640 1 -- 192.168.123.109:0/977670705 <== mon.0 v2:192.168.123.109:3300/0 3 ==== mon_map magic: 0 ==== 205+0+0 (secure 0 0 0) 0x7f9d180081e0 con 0x7f9d281ab490
2026-03-09T00:29:22.454 INFO:teuthology.orchestra.run.vm09.stdout:/usr/bin/ceph: stderr
2026-03-09T00:29:22.019+0000 7f9d25ffb640 1 -- 192.168.123.109:0/977670705 <== mon.0 v2:192.168.123.109:3300/0 4 ==== mgrmap(e 7) ==== 50106+0+0 (secure 0 0 0) 0x7f9d18008440 con 0x7f9d281ab490
2026-03-09T00:29:22.454 INFO:teuthology.orchestra.run.vm09.stdout:/usr/bin/ceph: stderr
2026-03-09T00:29:22.019+0000 7f9d25ffb640 1 --2- 192.168.123.109:0/977670705 >> v2:192.168.123.109:6800/3433497319 conn(0x7f9d0c03dc00 0x7f9d0c0400c0 unknown :-1 s=NONE pgs=0 cs=0 l=1 rev1=0 crypto rx=0 tx=0 comp rx=0 tx=0).connect
2026-03-09T00:29:22.454 INFO:teuthology.orchestra.run.vm09.stdout:/usr/bin/ceph: stderr
2026-03-09T00:29:22.019+0000 7f9d27fff640 1 --2- 192.168.123.109:0/977670705 >> v2:192.168.123.109:6800/3433497319 conn(0x7f9d0c03dc00 0x7f9d0c0400c0 unknown :-1 s=BANNER_CONNECTING pgs=0 cs=0 l=1 rev1=0 crypto rx=0 tx=0 comp rx=0 tx=0)._handle_peer_banner_payload supported=3 required=0
2026-03-09T00:29:22.454 INFO:teuthology.orchestra.run.vm09.stdout:/usr/bin/ceph: stderr
2026-03-09T00:29:22.019+0000 7f9d25ffb640 1 -- 192.168.123.109:0/977670705 <== mon.0 v2:192.168.123.109:3300/0 5 ==== osd_map(2..2 src has 1..2) ==== 897+0+0 (secure 0 0 0) 0x7f9d1803f070 con 0x7f9d281ab490
2026-03-09T00:29:22.454 INFO:teuthology.orchestra.run.vm09.stdout:/usr/bin/ceph: stderr
2026-03-09T00:29:22.020+0000 7f9d27fff640 1 --2- 192.168.123.109:0/977670705 >> v2:192.168.123.109:6800/3433497319 conn(0x7f9d0c03dc00 0x7f9d0c0400c0 secure :-1 s=READY pgs=8 cs=0 l=1 rev1=1 crypto rx=0x7f9d2000ad30 tx=0x7f9d200093f0 comp rx=0 tx=0).ready entity=mgr.14118 client_cookie=0 server_cookie=0 in_seq=0 out_seq=0
2026-03-09T00:29:22.454 INFO:teuthology.orchestra.run.vm09.stdout:/usr/bin/ceph: stderr
2026-03-09T00:29:22.020+0000 7f9d2df9f640 1 -- 192.168.123.109:0/977670705 --> [v2:192.168.123.109:3300/0,v1:192.168.123.109:6789/0] -- mon_command({"prefix": "get_command_descriptions"} v 0) -- 0x7f9d28074bd0 con 0x7f9d281ab490
2026-03-09T00:29:22.454 INFO:teuthology.orchestra.run.vm09.stdout:/usr/bin/ceph: stderr
2026-03-09T00:29:22.023+0000 7f9d25ffb640 1 -- 192.168.123.109:0/977670705 <== mon.0 v2:192.168.123.109:3300/0 6 ==== mon_command_ack([{"prefix": "get_command_descriptions"}]=0 v0) ==== 72+0+195034 (secure 0 0 0) 0x7f9d18034e60 con 0x7f9d281ab490
2026-03-09T00:29:22.454 INFO:teuthology.orchestra.run.vm09.stdout:/usr/bin/ceph: stderr
2026-03-09T00:29:22.133+0000 7f9d2df9f640 1 -- 192.168.123.109:0/977670705 --> v2:192.168.123.109:6800/3433497319 -- mgr_command(tid 0: {"prefix": "cephadm set-user", "user": "root", "target": ["mon-mgr", ""]}) -- 0x7f9d28070e00 con 0x7f9d0c03dc00
2026-03-09T00:29:22.454 INFO:teuthology.orchestra.run.vm09.stdout:/usr/bin/ceph: stderr
2026-03-09T00:29:22.138+0000 7f9d25ffb640 1 -- 192.168.123.109:0/977670705 <== mgr.14118 v2:192.168.123.109:6800/3433497319 1 ==== mgr_command_reply(tid 0: 0 ) ==== 8+0+16 (secure 0 0 0) 0x7f9d28070e00 con 0x7f9d0c03dc00
2026-03-09T00:29:22.454 INFO:teuthology.orchestra.run.vm09.stdout:/usr/bin/ceph: stderr
2026-03-09T00:29:22.140+0000 7f9d2df9f640 1 -- 192.168.123.109:0/977670705 >> v2:192.168.123.109:6800/3433497319 conn(0x7f9d0c03dc00 msgr2=0x7f9d0c0400c0 secure :-1 s=STATE_CONNECTION_ESTABLISHED l=1).mark_down
2026-03-09T00:29:22.454 INFO:teuthology.orchestra.run.vm09.stdout:/usr/bin/ceph: stderr
2026-03-09T00:29:22.140+0000 7f9d2df9f640 1 --2- 192.168.123.109:0/977670705 >> v2:192.168.123.109:6800/3433497319 conn(0x7f9d0c03dc00 0x7f9d0c0400c0 secure :-1 s=READY pgs=8 cs=0 l=1 rev1=1 crypto rx=0x7f9d2000ad30 tx=0x7f9d200093f0 comp rx=0 tx=0).stop
2026-03-09T00:29:22.454 INFO:teuthology.orchestra.run.vm09.stdout:/usr/bin/ceph: stderr
2026-03-09T00:29:22.140+0000 7f9d2df9f640 1 -- 192.168.123.109:0/977670705 >> [v2:192.168.123.109:3300/0,v1:192.168.123.109:6789/0] conn(0x7f9d281ab490 msgr2=0x7f9d281ab8b0 secure :-1 s=STATE_CONNECTION_ESTABLISHED l=1).mark_down
2026-03-09T00:29:22.454 INFO:teuthology.orchestra.run.vm09.stdout:/usr/bin/ceph: stderr
2026-03-09T00:29:22.140+0000 7f9d2df9f640 1 --2- 192.168.123.109:0/977670705 >> [v2:192.168.123.109:3300/0,v1:192.168.123.109:6789/0] conn(0x7f9d281ab490 0x7f9d281ab8b0 secure :-1 s=READY pgs=38 cs=0 l=1 rev1=1 crypto rx=0x7f9d18030d90 tx=0x7f9d18030dc0 comp rx=0 tx=0).stop
2026-03-09T00:29:22.454 INFO:teuthology.orchestra.run.vm09.stdout:/usr/bin/ceph: stderr
2026-03-09T00:29:22.141+0000 7f9d2df9f640 1 -- 192.168.123.109:0/977670705 shutdown_connections
2026-03-09T00:29:22.454 INFO:teuthology.orchestra.run.vm09.stdout:/usr/bin/ceph: stderr
2026-03-09T00:29:22.141+0000 7f9d2df9f640 1 --2- 192.168.123.109:0/977670705 >> v2:192.168.123.109:6800/3433497319 conn(0x7f9d0c03dc00 0x7f9d0c0400c0 unknown :-1 s=CLOSED pgs=8 cs=0 l=1 rev1=1 crypto rx=0 tx=0 comp rx=0 tx=0).stop
2026-03-09T00:29:22.454 INFO:teuthology.orchestra.run.vm09.stdout:/usr/bin/ceph: stderr
2026-03-09T00:29:22.141+0000 7f9d2df9f640 1 --2- 192.168.123.109:0/977670705 >> [v2:192.168.123.109:3300/0,v1:192.168.123.109:6789/0] conn(0x7f9d281ab490 0x7f9d281ab8b0 unknown :-1 s=CLOSED pgs=38 cs=0 l=1 rev1=1 crypto rx=0 tx=0 comp rx=0 tx=0).stop
2026-03-09T00:29:22.454 INFO:teuthology.orchestra.run.vm09.stdout:/usr/bin/ceph: stderr
2026-03-09T00:29:22.141+0000 7f9d2df9f640 1 -- 192.168.123.109:0/977670705 >> 192.168.123.109:0/977670705 conn(0x7f9d2806fe30 msgr2=0x7f9d280706f0 unknown :-1 s=STATE_NONE l=0).mark_down
2026-03-09T00:29:22.454 INFO:teuthology.orchestra.run.vm09.stdout:/usr/bin/ceph: stderr
2026-03-09T00:29:22.141+0000 7f9d2df9f640 1 -- 192.168.123.109:0/977670705 shutdown_connections
2026-03-09T00:29:22.454 INFO:teuthology.orchestra.run.vm09.stdout:/usr/bin/ceph: stderr
2026-03-09T00:29:22.141+0000 7f9d2df9f640 1 -- 192.168.123.109:0/977670705 wait complete.
2026-03-09T00:29:22.454 INFO:teuthology.orchestra.run.vm09.stdout:Generating ssh key...
2026-03-09T00:29:22.770 INFO:teuthology.orchestra.run.vm09.stdout:/usr/bin/ceph: stderr
2026-03-09T00:29:22.589+0000 7f42e3466640 1 Processor -- start
2026-03-09T00:29:22.770 INFO:teuthology.orchestra.run.vm09.stdout:/usr/bin/ceph: stderr
2026-03-09T00:29:22.590+0000 7f42e3466640 1 -- start start
2026-03-09T00:29:22.771 INFO:teuthology.orchestra.run.vm09.stdout:/usr/bin/ceph: stderr
2026-03-09T00:29:22.590+0000 7f42e3466640 1 --2- >> [v2:192.168.123.109:3300/0,v1:192.168.123.109:6789/0] conn(0x7f42dc108b50 0x7f42dc108f50 unknown :-1 s=NONE pgs=0 cs=0 l=0 rev1=0 crypto rx=0 tx=0 comp rx=0 tx=0).connect
2026-03-09T00:29:22.771 INFO:teuthology.orchestra.run.vm09.stdout:/usr/bin/ceph: stderr
2026-03-09T00:29:22.590+0000 7f42e3466640 1 -- --> [v2:192.168.123.109:3300/0,v1:192.168.123.109:6789/0] -- mon_getmap magic: 0 -- 0x7f42dc109520 con 0x7f42dc108b50
2026-03-09T00:29:22.771 INFO:teuthology.orchestra.run.vm09.stdout:/usr/bin/ceph: stderr
2026-03-09T00:29:22.590+0000 7f42e11db640 1 --2- >> [v2:192.168.123.109:3300/0,v1:192.168.123.109:6789/0] conn(0x7f42dc108b50 0x7f42dc108f50 unknown :-1 s=BANNER_CONNECTING pgs=0 cs=0 l=0 rev1=0 crypto rx=0 tx=0 comp rx=0 tx=0)._handle_peer_banner_payload supported=3 required=0
2026-03-09T00:29:22.771 INFO:teuthology.orchestra.run.vm09.stdout:/usr/bin/ceph: stderr
2026-03-09T00:29:22.590+0000 7f42e11db640 1 --2- >> [v2:192.168.123.109:3300/0,v1:192.168.123.109:6789/0] conn(0x7f42dc108b50 0x7f42dc108f50 unknown :-1 s=HELLO_CONNECTING pgs=0 cs=0 l=0 rev1=1 crypto rx=0 tx=0 comp rx=0 tx=0).handle_hello peer v2:192.168.123.109:3300/0 says I am v2:192.168.123.109:41474/0 (socket says 192.168.123.109:41474)
2026-03-09T00:29:22.771 INFO:teuthology.orchestra.run.vm09.stdout:/usr/bin/ceph: stderr
2026-03-09T00:29:22.590+0000 7f42e11db640 1 -- 192.168.123.109:0/2534372101 learned_addr learned my addr 192.168.123.109:0/2534372101 (peer_addr_for_me v2:192.168.123.109:0/0)
2026-03-09T00:29:22.771 INFO:teuthology.orchestra.run.vm09.stdout:/usr/bin/ceph: stderr
2026-03-09T00:29:22.591+0000 7f42e11db640 1 -- 192.168.123.109:0/2534372101 --> [v2:192.168.123.109:3300/0,v1:192.168.123.109:6789/0] -- mon_subscribe({config=0+,monmap=0+}) -- 0x7f42dc109d50 con 0x7f42dc108b50
2026-03-09T00:29:22.771 INFO:teuthology.orchestra.run.vm09.stdout:/usr/bin/ceph: stderr
2026-03-09T00:29:22.591+0000 7f42e11db640 1 --2- 192.168.123.109:0/2534372101 >> [v2:192.168.123.109:3300/0,v1:192.168.123.109:6789/0] conn(0x7f42dc108b50 0x7f42dc108f50 secure :-1 s=READY pgs=39 cs=0 l=1 rev1=1 crypto rx=0x7f42cc009920 tx=0x7f42cc02ef20 comp rx=0 tx=0).ready entity=mon.0 client_cookie=d533f28c36256d4c server_cookie=0 in_seq=0 out_seq=0
2026-03-09T00:29:22.771 INFO:teuthology.orchestra.run.vm09.stdout:/usr/bin/ceph: stderr
2026-03-09T00:29:22.592+0000 7f42cbfff640 1 -- 192.168.123.109:0/2534372101 <== mon.0 v2:192.168.123.109:3300/0 1 ==== mon_map magic: 0 ==== 205+0+0 (secure 0 0 0) 0x7f42cc03c070 con 0x7f42dc108b50
2026-03-09T00:29:22.771 INFO:teuthology.orchestra.run.vm09.stdout:/usr/bin/ceph: stderr
2026-03-09T00:29:22.592+0000 7f42cbfff640 1 -- 192.168.123.109:0/2534372101 <== mon.0 v2:192.168.123.109:3300/0 2 ==== config(25 keys) ==== 998+0+0 (secure 0 0 0) 0x7f42cc037440 con 0x7f42dc108b50
2026-03-09T00:29:22.771 INFO:teuthology.orchestra.run.vm09.stdout:/usr/bin/ceph: stderr
2026-03-09T00:29:22.592+0000 7f42cbfff640 1 -- 192.168.123.109:0/2534372101 <== mon.0 v2:192.168.123.109:3300/0 3 ==== mon_map magic: 0 ==== 205+0+0 (secure 0 0 0) 0x7f42cc0354d0 con 0x7f42dc108b50
2026-03-09T00:29:22.771 INFO:teuthology.orchestra.run.vm09.stdout:/usr/bin/ceph: stderr
2026-03-09T00:29:22.592+0000 7f42e3466640 1 -- 192.168.123.109:0/2534372101 >> [v2:192.168.123.109:3300/0,v1:192.168.123.109:6789/0] conn(0x7f42dc108b50 msgr2=0x7f42dc108f50 secure :-1 s=STATE_CONNECTION_ESTABLISHED l=1).mark_down
2026-03-09T00:29:22.771 INFO:teuthology.orchestra.run.vm09.stdout:/usr/bin/ceph: stderr
2026-03-09T00:29:22.592+0000 7f42e3466640 1 --2- 192.168.123.109:0/2534372101 >> [v2:192.168.123.109:3300/0,v1:192.168.123.109:6789/0] conn(0x7f42dc108b50 0x7f42dc108f50 secure :-1 s=READY pgs=39 cs=0 l=1 rev1=1 crypto rx=0x7f42cc009920 tx=0x7f42cc02ef20 comp rx=0 tx=0).stop
2026-03-09T00:29:22.771 INFO:teuthology.orchestra.run.vm09.stdout:/usr/bin/ceph: stderr
2026-03-09T00:29:22.592+0000 7f42e3466640 1 -- 192.168.123.109:0/2534372101 shutdown_connections
2026-03-09T00:29:22.771 INFO:teuthology.orchestra.run.vm09.stdout:/usr/bin/ceph: stderr
2026-03-09T00:29:22.592+0000 7f42e3466640 1 --2- 192.168.123.109:0/2534372101 >> [v2:192.168.123.109:3300/0,v1:192.168.123.109:6789/0] conn(0x7f42dc108b50 0x7f42dc108f50 unknown :-1 s=CLOSED pgs=39 cs=0 l=1 rev1=1 crypto rx=0 tx=0 comp rx=0 tx=0).stop
2026-03-09T00:29:22.771 INFO:teuthology.orchestra.run.vm09.stdout:/usr/bin/ceph: stderr
2026-03-09T00:29:22.592+0000 7f42e3466640 1 -- 192.168.123.109:0/2534372101 >> 192.168.123.109:0/2534372101 conn(0x7f42dc07c030 msgr2=0x7f42dc07c440 unknown :-1 s=STATE_NONE l=0).mark_down
2026-03-09T00:29:22.771 INFO:teuthology.orchestra.run.vm09.stdout:/usr/bin/ceph: stderr
2026-03-09T00:29:22.592+0000 7f42e3466640 1 -- 192.168.123.109:0/2534372101 shutdown_connections
2026-03-09T00:29:22.771 INFO:teuthology.orchestra.run.vm09.stdout:/usr/bin/ceph: stderr
2026-03-09T00:29:22.592+0000 7f42e3466640 1 -- 192.168.123.109:0/2534372101 wait complete.
2026-03-09T00:29:22.771 INFO:teuthology.orchestra.run.vm09.stdout:/usr/bin/ceph: stderr
2026-03-09T00:29:22.593+0000 7f42e3466640 1 Processor -- start
2026-03-09T00:29:22.771 INFO:teuthology.orchestra.run.vm09.stdout:/usr/bin/ceph: stderr
2026-03-09T00:29:22.593+0000 7f42e3466640 1 -- start start
2026-03-09T00:29:22.771 INFO:teuthology.orchestra.run.vm09.stdout:/usr/bin/ceph: stderr
2026-03-09T00:29:22.593+0000 7f42e3466640 1 --2- >> [v2:192.168.123.109:3300/0,v1:192.168.123.109:6789/0] conn(0x7f42dc108b50 0x7f42dc19e9b0 unknown :-1 s=NONE pgs=0 cs=0 l=1 rev1=0 crypto rx=0 tx=0 comp rx=0 tx=0).connect
2026-03-09T00:29:22.771 INFO:teuthology.orchestra.run.vm09.stdout:/usr/bin/ceph: stderr
2026-03-09T00:29:22.593+0000 7f42e3466640 1 -- --> [v2:192.168.123.109:3300/0,v1:192.168.123.109:6789/0] -- mon_getmap magic: 0 -- 0x7f42dc10cf80 con 0x7f42dc108b50
2026-03-09T00:29:22.771 INFO:teuthology.orchestra.run.vm09.stdout:/usr/bin/ceph: stderr
2026-03-09T00:29:22.593+0000 7f42e11db640 1 --2- >> [v2:192.168.123.109:3300/0,v1:192.168.123.109:6789/0] conn(0x7f42dc108b50 0x7f42dc19e9b0 unknown :-1 s=BANNER_CONNECTING pgs=0 cs=0 l=1 rev1=0 crypto rx=0 tx=0 comp rx=0 tx=0)._handle_peer_banner_payload supported=3 required=0
2026-03-09T00:29:22.771 INFO:teuthology.orchestra.run.vm09.stdout:/usr/bin/ceph: stderr
2026-03-09T00:29:22.593+0000 7f42e11db640 1 --2- >> [v2:192.168.123.109:3300/0,v1:192.168.123.109:6789/0] conn(0x7f42dc108b50 0x7f42dc19e9b0 unknown :-1 s=HELLO_CONNECTING pgs=0 cs=0 l=1 rev1=1 crypto rx=0 tx=0 comp rx=0 tx=0).handle_hello peer v2:192.168.123.109:3300/0 says I am v2:192.168.123.109:41480/0 (socket says 192.168.123.109:41480)
2026-03-09T00:29:22.771 INFO:teuthology.orchestra.run.vm09.stdout:/usr/bin/ceph: stderr
2026-03-09T00:29:22.594+0000 7f42e11db640 1 -- 192.168.123.109:0/1297356001 learned_addr learned my addr 192.168.123.109:0/1297356001 (peer_addr_for_me v2:192.168.123.109:0/0)
2026-03-09T00:29:22.771 INFO:teuthology.orchestra.run.vm09.stdout:/usr/bin/ceph: stderr
2026-03-09T00:29:22.594+0000 7f42e11db640 1 -- 192.168.123.109:0/1297356001 --> [v2:192.168.123.109:3300/0,v1:192.168.123.109:6789/0] -- mon_subscribe({config=0+,monmap=0+}) -- 0x7f42dc19eef0 con 0x7f42dc108b50
2026-03-09T00:29:22.771 INFO:teuthology.orchestra.run.vm09.stdout:/usr/bin/ceph: stderr
2026-03-09T00:29:22.594+0000 7f42e11db640 1 --2- 192.168.123.109:0/1297356001 >> [v2:192.168.123.109:3300/0,v1:192.168.123.109:6789/0] conn(0x7f42dc108b50 0x7f42dc19e9b0 secure :-1 s=READY pgs=40 cs=0 l=1 rev1=1 crypto rx=0x7f42cc006fd0 tx=0x7f42cc035e80 comp rx=0 tx=0).ready entity=mon.0 client_cookie=0 server_cookie=0 in_seq=0 out_seq=0
2026-03-09T00:29:22.771 INFO:teuthology.orchestra.run.vm09.stdout:/usr/bin/ceph: stderr
2026-03-09T00:29:22.594+0000 7f42ca7fc640 1 -- 192.168.123.109:0/1297356001 <== mon.0 v2:192.168.123.109:3300/0 1 ==== mon_map magic: 0 ==== 205+0+0 (secure 0 0 0) 0x7f42cc045070 con 0x7f42dc108b50
2026-03-09T00:29:22.771 INFO:teuthology.orchestra.run.vm09.stdout:/usr/bin/ceph: stderr
2026-03-09T00:29:22.594+0000 7f42ca7fc640 1 -- 192.168.123.109:0/1297356001 <== mon.0 v2:192.168.123.109:3300/0 2 ==== config(25 keys) ==== 998+0+0 (secure 0 0 0) 0x7f42cc040450 con 0x7f42dc108b50
2026-03-09T00:29:22.771 INFO:teuthology.orchestra.run.vm09.stdout:/usr/bin/ceph: stderr
2026-03-09T00:29:22.594+0000 7f42ca7fc640 1 -- 192.168.123.109:0/1297356001 <== mon.0 v2:192.168.123.109:3300/0 3 ==== mon_map magic: 0 ==== 205+0+0 (secure 0 0 0) 0x7f42cc03c070 con 0x7f42dc108b50
2026-03-09T00:29:22.771 INFO:teuthology.orchestra.run.vm09.stdout:/usr/bin/ceph: stderr
2026-03-09T00:29:22.594+0000 7f42e3466640 1 -- 192.168.123.109:0/1297356001 --> [v2:192.168.123.109:3300/0,v1:192.168.123.109:6789/0] -- mon_subscribe({mgrmap=0+}) -- 0x7f42dc19f180 con 0x7f42dc108b50
2026-03-09T00:29:22.771 INFO:teuthology.orchestra.run.vm09.stdout:/usr/bin/ceph: stderr
2026-03-09T00:29:22.594+0000 7f42e3466640 1 -- 192.168.123.109:0/1297356001 --> [v2:192.168.123.109:3300/0,v1:192.168.123.109:6789/0] -- mon_subscribe({osdmap=0}) -- 0x7f42dc19f5a0 con 0x7f42dc108b50
2026-03-09T00:29:22.771 INFO:teuthology.orchestra.run.vm09.stdout:/usr/bin/ceph: stderr
2026-03-09T00:29:22.595+0000 7f42ca7fc640 1 -- 192.168.123.109:0/1297356001 <== mon.0 v2:192.168.123.109:3300/0 4 ==== mgrmap(e 7) ==== 50106+0+0 (secure 0 0 0) 0x7f42cc0364a0 con 0x7f42dc108b50
2026-03-09T00:29:22.771 INFO:teuthology.orchestra.run.vm09.stdout:/usr/bin/ceph: stderr
2026-03-09T00:29:22.595+0000 7f42ca7fc640 1 --2- 192.168.123.109:0/1297356001 >> v2:192.168.123.109:6800/3433497319 conn(0x7f42b003dae0 0x7f42b003ffa0 unknown :-1 s=NONE pgs=0 cs=0 l=1 rev1=0 crypto rx=0 tx=0 comp rx=0 tx=0).connect
2026-03-09T00:29:22.771 INFO:teuthology.orchestra.run.vm09.stdout:/usr/bin/ceph: stderr
2026-03-09T00:29:22.596+0000 7f42ca7fc640 1 -- 192.168.123.109:0/1297356001 <== mon.0 v2:192.168.123.109:3300/0 5 ==== osd_map(2..2 src has 1..2) ==== 897+0+0 (secure 0 0 0) 0x7f42cc077450 con 0x7f42dc108b50
2026-03-09T00:29:22.771 INFO:teuthology.orchestra.run.vm09.stdout:/usr/bin/ceph: stderr
2026-03-09T00:29:22.597+0000 7f42e09da640 1 --2- 192.168.123.109:0/1297356001 >> v2:192.168.123.109:6800/3433497319 conn(0x7f42b003dae0 0x7f42b003ffa0 unknown :-1 s=BANNER_CONNECTING pgs=0 cs=0 l=1 rev1=0 crypto rx=0 tx=0 comp rx=0 tx=0)._handle_peer_banner_payload supported=3 required=0
2026-03-09T00:29:22.771 INFO:teuthology.orchestra.run.vm09.stdout:/usr/bin/ceph: stderr
2026-03-09T00:29:22.597+0000 7f42e3466640 1 -- 192.168.123.109:0/1297356001 --> [v2:192.168.123.109:3300/0,v1:192.168.123.109:6789/0] -- mon_command({"prefix": "get_command_descriptions"} v 0) -- 0x7f42a0005180 con 0x7f42dc108b50
2026-03-09T00:29:22.771 INFO:teuthology.orchestra.run.vm09.stdout:/usr/bin/ceph: stderr
2026-03-09T00:29:22.598+0000 7f42e09da640 1 --2- 192.168.123.109:0/1297356001 >> v2:192.168.123.109:6800/3433497319 conn(0x7f42b003dae0 0x7f42b003ffa0 secure :-1 s=READY pgs=9 cs=0 l=1 rev1=1 crypto rx=0x7f42d00099c0 tx=0x7f42d0006eb0 comp rx=0 tx=0).ready entity=mgr.14118 client_cookie=0 server_cookie=0 in_seq=0 out_seq=0
2026-03-09T00:29:22.771 INFO:teuthology.orchestra.run.vm09.stdout:/usr/bin/ceph: stderr
2026-03-09T00:29:22.600+0000 7f42ca7fc640 1 -- 192.168.123.109:0/1297356001 <== mon.0 v2:192.168.123.109:3300/0 6 ==== mon_command_ack([{"prefix": "get_command_descriptions"}]=0 v0) ==== 72+0+195034 (secure 0 0 0) 0x7f42cc043120 con 0x7f42dc108b50
2026-03-09T00:29:22.771 INFO:teuthology.orchestra.run.vm09.stdout:/usr/bin/ceph: stderr
2026-03-09T00:29:22.698+0000 7f42e3466640 1 -- 192.168.123.109:0/1297356001 --> v2:192.168.123.109:6800/3433497319 -- mgr_command(tid 0: {"prefix": "cephadm generate-key", "target": ["mon-mgr", ""]}) -- 0x7f42a0002bf0 con 0x7f42b003dae0
2026-03-09T00:29:22.771 INFO:teuthology.orchestra.run.vm09.stdout:/usr/bin/ceph: stderr
2026-03-09T00:29:22.724+0000 7f42ca7fc640 1 -- 192.168.123.109:0/1297356001 <== mgr.14118 v2:192.168.123.109:6800/3433497319 1 ==== mgr_command_reply(tid 0: 0 ) ==== 8+0+0 (secure 0 0 0) 0x7f42a0002bf0 con 0x7f42b003dae0
2026-03-09T00:29:22.771 INFO:teuthology.orchestra.run.vm09.stdout:/usr/bin/ceph: stderr
2026-03-09T00:29:22.726+0000 7f42e3466640 1 -- 192.168.123.109:0/1297356001 >> v2:192.168.123.109:6800/3433497319 conn(0x7f42b003dae0 msgr2=0x7f42b003ffa0 secure :-1 s=STATE_CONNECTION_ESTABLISHED l=1).mark_down
2026-03-09T00:29:22.771 INFO:teuthology.orchestra.run.vm09.stdout:/usr/bin/ceph: stderr
2026-03-09T00:29:22.726+0000 7f42e3466640 1 --2- 192.168.123.109:0/1297356001 >> v2:192.168.123.109:6800/3433497319 conn(0x7f42b003dae0 0x7f42b003ffa0 secure :-1 s=READY pgs=9 cs=0 l=1 rev1=1 crypto rx=0x7f42d00099c0 tx=0x7f42d0006eb0 comp rx=0 tx=0).stop
2026-03-09T00:29:22.771 INFO:teuthology.orchestra.run.vm09.stdout:/usr/bin/ceph: stderr
2026-03-09T00:29:22.726+0000 7f42e3466640 1 -- 192.168.123.109:0/1297356001 >> [v2:192.168.123.109:3300/0,v1:192.168.123.109:6789/0] conn(0x7f42dc108b50 msgr2=0x7f42dc19e9b0 secure :-1 s=STATE_CONNECTION_ESTABLISHED l=1).mark_down
2026-03-09T00:29:22.771 INFO:teuthology.orchestra.run.vm09.stdout:/usr/bin/ceph: stderr
2026-03-09T00:29:22.726+0000 7f42e3466640 1 --2- 192.168.123.109:0/1297356001 >> [v2:192.168.123.109:3300/0,v1:192.168.123.109:6789/0] conn(0x7f42dc108b50 0x7f42dc19e9b0 secure :-1 s=READY pgs=40 cs=0 l=1 rev1=1 crypto rx=0x7f42cc006fd0 tx=0x7f42cc035e80 comp rx=0 tx=0).stop
2026-03-09T00:29:22.771 INFO:teuthology.orchestra.run.vm09.stdout:/usr/bin/ceph: stderr
2026-03-09T00:29:22.726+0000 7f42e3466640 1 -- 192.168.123.109:0/1297356001 shutdown_connections
2026-03-09T00:29:22.771 INFO:teuthology.orchestra.run.vm09.stdout:/usr/bin/ceph: stderr
2026-03-09T00:29:22.726+0000 7f42e3466640 1 --2- 192.168.123.109:0/1297356001 >> v2:192.168.123.109:6800/3433497319 conn(0x7f42b003dae0 0x7f42b003ffa0 unknown :-1 s=CLOSED pgs=9 cs=0 l=1 rev1=1 crypto rx=0 tx=0 comp rx=0 tx=0).stop
2026-03-09T00:29:22.771 INFO:teuthology.orchestra.run.vm09.stdout:/usr/bin/ceph: stderr
2026-03-09T00:29:22.726+0000 7f42e3466640 1 --2- 192.168.123.109:0/1297356001 >> [v2:192.168.123.109:3300/0,v1:192.168.123.109:6789/0] conn(0x7f42dc108b50 0x7f42dc19e9b0 unknown :-1 s=CLOSED pgs=40 cs=0 l=1 rev1=1 crypto rx=0 tx=0 comp rx=0 tx=0).stop
2026-03-09T00:29:22.771 INFO:teuthology.orchestra.run.vm09.stdout:/usr/bin/ceph: stderr
2026-03-09T00:29:22.726+0000 7f42e3466640 1 -- 192.168.123.109:0/1297356001 >> 192.168.123.109:0/1297356001 conn(0x7f42dc07c030 msgr2=0x7f42dc106080 unknown :-1 s=STATE_NONE l=0).mark_down
2026-03-09T00:29:22.771 INFO:teuthology.orchestra.run.vm09.stdout:/usr/bin/ceph: stderr
2026-03-09T00:29:22.727+0000 7f42e3466640 1 -- 192.168.123.109:0/1297356001 shutdown_connections
2026-03-09T00:29:22.771 INFO:teuthology.orchestra.run.vm09.stdout:/usr/bin/ceph: stderr
2026-03-09T00:29:22.727+0000 7f42e3466640 1 -- 192.168.123.109:0/1297356001 wait complete.
2026-03-09T00:29:23.002 INFO:journalctl@ceph.mon.a.vm09.stdout:Mar 09 00:29:22 vm09 ceph-mon[49458]: from='client.14122 -' entity='client.admin' cmd=[{"prefix": "get_command_descriptions"}]: dispatch
2026-03-09T00:29:23.003 INFO:journalctl@ceph.mon.a.vm09.stdout:Mar 09 00:29:22 vm09 ceph-mon[49458]: from='client.14122 -' entity='client.admin' cmd=[{"prefix": "mgr_status"}]: dispatch
2026-03-09T00:29:23.003 INFO:journalctl@ceph.mon.a.vm09.stdout:Mar 09 00:29:22 vm09 ceph-mon[49458]: from='client.14130 -' entity='client.admin' cmd=[{"prefix": "orch set backend", "module_name": "cephadm", "target": ["mon-mgr", ""]}]: dispatch
2026-03-09T00:29:23.003 INFO:journalctl@ceph.mon.a.vm09.stdout:Mar 09 00:29:22 vm09 ceph-mon[49458]: from='mgr.14118 192.168.123.109:0/3907920743' entity='mgr.y'
2026-03-09T00:29:23.003 INFO:journalctl@ceph.mon.a.vm09.stdout:Mar 09 00:29:22 vm09 ceph-mon[49458]: from='mgr.14118 192.168.123.109:0/3907920743' entity='mgr.y' cmd=[{"prefix": "config dump", "format": "json"}]: dispatch
2026-03-09T00:29:23.003 INFO:journalctl@ceph.mon.a.vm09.stdout:Mar 09 00:29:22 vm09 ceph-mon[49458]: from='mgr.14118 192.168.123.109:0/3907920743' entity='mgr.y' cmd=[{"prefix": "config dump", "format": "json"}]: dispatch
2026-03-09T00:29:23.003 INFO:journalctl@ceph.mon.a.vm09.stdout:Mar 09 00:29:22 vm09 ceph-mon[49458]: from='mgr.14118 192.168.123.109:0/3907920743' entity='mgr.y'
2026-03-09T00:29:23.003 INFO:journalctl@ceph.mon.a.vm09.stdout:Mar 09 00:29:22 vm09 ceph-mon[49458]: from='mgr.14118 192.168.123.109:0/3907920743' entity='mgr.y'
2026-03-09T00:29:23.003 INFO:journalctl@ceph.mgr.y.vm09.stdout:Mar 09 00:29:22 vm09 ceph-c172d940-1b4e-11f1-be3e-fb1b568ebce1-mgr-y[49665]: Generating public/private ed25519 key pair.
2026-03-09T00:29:23.003 INFO:journalctl@ceph.mgr.y.vm09.stdout:Mar 09 00:29:22 vm09 ceph-c172d940-1b4e-11f1-be3e-fb1b568ebce1-mgr-y[49665]: Your identification has been saved in /tmp/tmp9y8hr_mz/key
2026-03-09T00:29:23.003 INFO:journalctl@ceph.mgr.y.vm09.stdout:Mar 09 00:29:22 vm09 ceph-c172d940-1b4e-11f1-be3e-fb1b568ebce1-mgr-y[49665]: Your public key has been saved in /tmp/tmp9y8hr_mz/key.pub
2026-03-09T00:29:23.003 INFO:journalctl@ceph.mgr.y.vm09.stdout:Mar 09 00:29:22 vm09 ceph-c172d940-1b4e-11f1-be3e-fb1b568ebce1-mgr-y[49665]: The key fingerprint is:
2026-03-09T00:29:23.003 INFO:journalctl@ceph.mgr.y.vm09.stdout:Mar 09 00:29:22 vm09 ceph-c172d940-1b4e-11f1-be3e-fb1b568ebce1-mgr-y[49665]: SHA256:WN0Q0q73+kseKu1GkyJmDW/YGMcM3hv6Pt6sfjqESPQ ceph-c172d940-1b4e-11f1-be3e-fb1b568ebce1
2026-03-09T00:29:23.003 INFO:journalctl@ceph.mgr.y.vm09.stdout:Mar 09 00:29:22 vm09 ceph-c172d940-1b4e-11f1-be3e-fb1b568ebce1-mgr-y[49665]: The key's randomart image is:
2026-03-09T00:29:23.003 INFO:journalctl@ceph.mgr.y.vm09.stdout:Mar 09 00:29:22 vm09 ceph-c172d940-1b4e-11f1-be3e-fb1b568ebce1-mgr-y[49665]: +--[ED25519 256]--+
2026-03-09T00:29:23.003 INFO:journalctl@ceph.mgr.y.vm09.stdout:Mar 09 00:29:22 vm09 ceph-c172d940-1b4e-11f1-be3e-fb1b568ebce1-mgr-y[49665]: | ..o. |
2026-03-09T00:29:23.003 INFO:journalctl@ceph.mgr.y.vm09.stdout:Mar 09 00:29:22 vm09 ceph-c172d940-1b4e-11f1-be3e-fb1b568ebce1-mgr-y[49665]: | . . o.o |
2026-03-09T00:29:23.003 INFO:journalctl@ceph.mgr.y.vm09.stdout:Mar 09 00:29:22 vm09 ceph-c172d940-1b4e-11f1-be3e-fb1b568ebce1-mgr-y[49665]: | . o =... . |
2026-03-09T00:29:23.003 INFO:journalctl@ceph.mgr.y.vm09.stdout:Mar 09 00:29:22 vm09 ceph-c172d940-1b4e-11f1-be3e-fb1b568ebce1-mgr-y[49665]: | . Eo* . |
2026-03-09T00:29:23.003 INFO:journalctl@ceph.mgr.y.vm09.stdout:Mar 09 00:29:22 vm09 ceph-c172d940-1b4e-11f1-be3e-fb1b568ebce1-mgr-y[49665]: | . ..%S+ . |
2026-03-09T00:29:23.003 INFO:journalctl@ceph.mgr.y.vm09.stdout:Mar 09 00:29:22 vm09 ceph-c172d940-1b4e-11f1-be3e-fb1b568ebce1-mgr-y[49665]: | . O X = |
2026-03-09T00:29:23.003 INFO:journalctl@ceph.mgr.y.vm09.stdout:Mar 09 00:29:22 vm09 ceph-c172d940-1b4e-11f1-be3e-fb1b568ebce1-mgr-y[49665]: | o = = oo |
2026-03-09T00:29:23.003 INFO:journalctl@ceph.mgr.y.vm09.stdout:Mar 09 00:29:22 vm09 ceph-c172d940-1b4e-11f1-be3e-fb1b568ebce1-mgr-y[49665]: | =o++.. |
2026-03-09T00:29:23.003 INFO:journalctl@ceph.mgr.y.vm09.stdout:Mar 09 00:29:22 vm09 ceph-c172d940-1b4e-11f1-be3e-fb1b568ebce1-mgr-y[49665]: | +*X*o+. |
2026-03-09T00:29:23.003 INFO:journalctl@ceph.mgr.y.vm09.stdout:Mar 09 00:29:22 vm09 ceph-c172d940-1b4e-11f1-be3e-fb1b568ebce1-mgr-y[49665]: +----[SHA256]-----+
2026-03-09T00:29:23.052 INFO:teuthology.orchestra.run.vm09.stdout:/usr/bin/ceph: stdout ssh-ed25519 AAAAC3NzaC1lZDI1NTE5AAAAINU90cffsIliat3tyxcehrAEF5jFnBZRIinbaA1J/sWY ceph-c172d940-1b4e-11f1-be3e-fb1b568ebce1
2026-03-09T00:29:23.052 INFO:teuthology.orchestra.run.vm09.stdout:/usr/bin/ceph: stderr
2026-03-09T00:29:22.892+0000 7fde21252640 1 Processor -- start
2026-03-09T00:29:23.052 INFO:teuthology.orchestra.run.vm09.stdout:/usr/bin/ceph: stderr
2026-03-09T00:29:22.893+0000 7fde21252640 1 -- start start
2026-03-09T00:29:23.052 INFO:teuthology.orchestra.run.vm09.stdout:/usr/bin/ceph: stderr
2026-03-09T00:29:22.893+0000 7fde21252640 1 --2- >> [v2:192.168.123.109:3300/0,v1:192.168.123.109:6789/0] conn(0x7fde1c07c7d0 0x7fde1c07ac30 unknown :-1 s=NONE pgs=0 cs=0 l=0 rev1=0 crypto rx=0 tx=0 comp rx=0 tx=0).connect
2026-03-09T00:29:23.052 INFO:teuthology.orchestra.run.vm09.stdout:/usr/bin/ceph: stderr
2026-03-09T00:29:22.893+0000 7fde21252640 1 -- --> [v2:192.168.123.109:3300/0,v1:192.168.123.109:6789/0] -- mon_getmap magic: 0 -- 0x7fde1c07b170 con 0x7fde1c07c7d0
2026-03-09T00:29:23.052 INFO:teuthology.orchestra.run.vm09.stdout:/usr/bin/ceph: stderr
2026-03-09T00:29:22.893+0000 7fde1ad76640 1 --2- >> [v2:192.168.123.109:3300/0,v1:192.168.123.109:6789/0] conn(0x7fde1c07c7d0 0x7fde1c07ac30 unknown :-1 s=BANNER_CONNECTING pgs=0 cs=0 l=0 rev1=0 crypto rx=0 tx=0 comp rx=0 tx=0)._handle_peer_banner_payload supported=3 required=0
2026-03-09T00:29:23.052 INFO:teuthology.orchestra.run.vm09.stdout:/usr/bin/ceph: stderr
2026-03-09T00:29:22.893+0000 7fde1ad76640 1 --2- >> [v2:192.168.123.109:3300/0,v1:192.168.123.109:6789/0] conn(0x7fde1c07c7d0 0x7fde1c07ac30 unknown :-1 s=HELLO_CONNECTING pgs=0 cs=0 l=0 rev1=1 crypto rx=0 tx=0 comp rx=0 tx=0).handle_hello peer v2:192.168.123.109:3300/0 says I am v2:192.168.123.109:41488/0 (socket says 192.168.123.109:41488)
2026-03-09T00:29:23.052 INFO:teuthology.orchestra.run.vm09.stdout:/usr/bin/ceph: stderr
2026-03-09T00:29:22.893+0000 7fde1ad76640 1 -- 192.168.123.109:0/1126580051 learned_addr learned my addr 192.168.123.109:0/1126580051 (peer_addr_for_me v2:192.168.123.109:0/0)
2026-03-09T00:29:23.052 INFO:teuthology.orchestra.run.vm09.stdout:/usr/bin/ceph: stderr
2026-03-09T00:29:22.893+0000 7fde1ad76640 1 -- 192.168.123.109:0/1126580051 --> [v2:192.168.123.109:3300/0,v1:192.168.123.109:6789/0] -- mon_subscribe({config=0+,monmap=0+}) -- 0x7fde1c07b2f0 con 0x7fde1c07c7d0
2026-03-09T00:29:23.052 INFO:teuthology.orchestra.run.vm09.stdout:/usr/bin/ceph: stderr
2026-03-09T00:29:22.894+0000 7fde1ad76640 1 --2- 192.168.123.109:0/1126580051 >> [v2:192.168.123.109:3300/0,v1:192.168.123.109:6789/0] conn(0x7fde1c07c7d0 0x7fde1c07ac30 secure :-1 s=READY pgs=41 cs=0 l=1 rev1=1 crypto rx=0x7fde1001c080 tx=0x7fde10040520 comp rx=0 tx=0).ready entity=mon.0 client_cookie=60a4d8444a52fb08 server_cookie=0 in_seq=0 out_seq=0
2026-03-09T00:29:23.052 INFO:teuthology.orchestra.run.vm09.stdout:/usr/bin/ceph: stderr
2026-03-09T00:29:22.894+0000 7fde19d74640 1 -- 192.168.123.109:0/1126580051 <== mon.0 v2:192.168.123.109:3300/0 1 ==== mon_map magic: 0 ==== 205+0+0 (secure 0 0 0) 0x7fde1004c070 con 0x7fde1c07c7d0
2026-03-09T00:29:23.052 INFO:teuthology.orchestra.run.vm09.stdout:/usr/bin/ceph: stderr
2026-03-09T00:29:22.894+0000 7fde19d74640 1 -- 192.168.123.109:0/1126580051 <== mon.0 v2:192.168.123.109:3300/0 2 ==== config(25 keys) ==== 998+0+0 (secure 0 0 0) 0x7fde1001a200 con 0x7fde1c07c7d0
2026-03-09T00:29:23.052 INFO:teuthology.orchestra.run.vm09.stdout:/usr/bin/ceph: stderr
2026-03-09T00:29:22.895+0000 7fde21252640 1 -- 192.168.123.109:0/1126580051 >> [v2:192.168.123.109:3300/0,v1:192.168.123.109:6789/0] conn(0x7fde1c07c7d0 msgr2=0x7fde1c07ac30 secure :-1 s=STATE_CONNECTION_ESTABLISHED l=1).mark_down
2026-03-09T00:29:23.052 INFO:teuthology.orchestra.run.vm09.stdout:/usr/bin/ceph: stderr
2026-03-09T00:29:22.895+0000 7fde21252640 1 --2- 192.168.123.109:0/1126580051 >> [v2:192.168.123.109:3300/0,v1:192.168.123.109:6789/0] conn(0x7fde1c07c7d0 0x7fde1c07ac30 secure :-1 s=READY pgs=41 cs=0 l=1 rev1=1 crypto rx=0x7fde1001c080 tx=0x7fde10040520 comp rx=0 tx=0).stop
2026-03-09T00:29:23.052 INFO:teuthology.orchestra.run.vm09.stdout:/usr/bin/ceph: stderr
2026-03-09T00:29:22.895+0000 7fde21252640 1 -- 192.168.123.109:0/1126580051 shutdown_connections
2026-03-09T00:29:23.052 INFO:teuthology.orchestra.run.vm09.stdout:/usr/bin/ceph: stderr
2026-03-09T00:29:22.895+0000 7fde21252640 1 --2- 192.168.123.109:0/1126580051 >> [v2:192.168.123.109:3300/0,v1:192.168.123.109:6789/0] conn(0x7fde1c07c7d0 0x7fde1c07ac30 unknown :-1 s=CLOSED pgs=41 cs=0 l=1 rev1=1 crypto rx=0 tx=0 comp rx=0 tx=0).stop
2026-03-09T00:29:23.052 INFO:teuthology.orchestra.run.vm09.stdout:/usr/bin/ceph: stderr
2026-03-09T00:29:22.895+0000 7fde21252640 1 -- 192.168.123.109:0/1126580051 >> 192.168.123.109:0/1126580051 conn(0x7fde1c102090 msgr2=0x7fde1c1044b0 unknown :-1 s=STATE_NONE l=0).mark_down
2026-03-09T00:29:23.052 INFO:teuthology.orchestra.run.vm09.stdout:/usr/bin/ceph: stderr
2026-03-09T00:29:22.895+0000 7fde21252640 1 -- 192.168.123.109:0/1126580051 shutdown_connections
2026-03-09T00:29:23.052 INFO:teuthology.orchestra.run.vm09.stdout:/usr/bin/ceph: stderr
2026-03-09T00:29:22.895+0000 7fde21252640 1 -- 192.168.123.109:0/1126580051 wait complete.
2026-03-09T00:29:23.052 INFO:teuthology.orchestra.run.vm09.stdout:/usr/bin/ceph: stderr
2026-03-09T00:29:22.895+0000 7fde21252640 1 Processor -- start
2026-03-09T00:29:23.052 INFO:teuthology.orchestra.run.vm09.stdout:/usr/bin/ceph: stderr
2026-03-09T00:29:22.895+0000 7fde21252640 1 -- start start
2026-03-09T00:29:23.052 INFO:teuthology.orchestra.run.vm09.stdout:/usr/bin/ceph: stderr
2026-03-09T00:29:22.896+0000 7fde21252640 1 --2- >> [v2:192.168.123.109:3300/0,v1:192.168.123.109:6789/0] conn(0x7fde1c07c7d0 0x7fde1c19a4c0 unknown :-1 s=NONE pgs=0 cs=0 l=1 rev1=0 crypto rx=0 tx=0 comp rx=0 tx=0).connect
2026-03-09T00:29:23.053 INFO:teuthology.orchestra.run.vm09.stdout:/usr/bin/ceph: stderr
2026-03-09T00:29:22.896+0000 7fde21252640 1 -- --> [v2:192.168.123.109:3300/0,v1:192.168.123.109:6789/0] -- mon_getmap magic: 0 -- 0x7fde1c1088a0 con 0x7fde1c07c7d0
2026-03-09T00:29:23.053 INFO:teuthology.orchestra.run.vm09.stdout:/usr/bin/ceph: stderr
2026-03-09T00:29:22.896+0000 7fde1ad76640 1 --2- >> [v2:192.168.123.109:3300/0,v1:192.168.123.109:6789/0] conn(0x7fde1c07c7d0 0x7fde1c19a4c0 unknown :-1 s=BANNER_CONNECTING pgs=0 cs=0 l=1 rev1=0 crypto rx=0 tx=0 comp rx=0 tx=0)._handle_peer_banner_payload supported=3 required=0
2026-03-09T00:29:23.053 INFO:teuthology.orchestra.run.vm09.stdout:/usr/bin/ceph: stderr
2026-03-09T00:29:22.896+0000 7fde1ad76640 1 --2- >> [v2:192.168.123.109:3300/0,v1:192.168.123.109:6789/0] conn(0x7fde1c07c7d0 0x7fde1c19a4c0 unknown :-1 s=HELLO_CONNECTING pgs=0 cs=0 l=1 rev1=1 crypto rx=0 tx=0 comp rx=0 tx=0).handle_hello peer v2:192.168.123.109:3300/0 says I am v2:192.168.123.109:41500/0 (socket says 192.168.123.109:41500)
2026-03-09T00:29:23.053 INFO:teuthology.orchestra.run.vm09.stdout:/usr/bin/ceph: stderr
2026-03-09T00:29:22.896+0000 7fde1ad76640 1 -- 192.168.123.109:0/1795033171 learned_addr learned my addr 192.168.123.109:0/1795033171 (peer_addr_for_me v2:192.168.123.109:0/0)
2026-03-09T00:29:23.053 INFO:teuthology.orchestra.run.vm09.stdout:/usr/bin/ceph: stderr
2026-03-09T00:29:22.896+0000 7fde1ad76640 1 -- 192.168.123.109:0/1795033171 --> [v2:192.168.123.109:3300/0,v1:192.168.123.109:6789/0] -- mon_subscribe({config=0+,monmap=0+}) -- 0x7fde1c19aa00 con 0x7fde1c07c7d0
2026-03-09T00:29:23.053 INFO:teuthology.orchestra.run.vm09.stdout:/usr/bin/ceph: stderr
2026-03-09T00:29:22.896+0000 7fde1ad76640 1 --2- 192.168.123.109:0/1795033171 >> [v2:192.168.123.109:3300/0,v1:192.168.123.109:6789/0] conn(0x7fde1c07c7d0 0x7fde1c19a4c0 secure :-1 s=READY pgs=42 cs=0 l=1 rev1=1 crypto rx=0x7fde10040a50 tx=0x7fde10004270 comp rx=0 tx=0).ready entity=mon.0 client_cookie=0 server_cookie=0 in_seq=0 out_seq=0
2026-03-09T00:29:23.053 INFO:teuthology.orchestra.run.vm09.stdout:/usr/bin/ceph: stderr
2026-03-09T00:29:22.897+0000 7fddfbfff640 1 -- 192.168.123.109:0/1795033171 <== mon.0 v2:192.168.123.109:3300/0 1 ==== mon_map magic: 0 ==== 205+0+0 (secure 0 0 0) 0x7fde10055030 con 0x7fde1c07c7d0
2026-03-09T00:29:23.053 INFO:teuthology.orchestra.run.vm09.stdout:/usr/bin/ceph: stderr
2026-03-09T00:29:22.897+0000 7fddfbfff640 1 -- 192.168.123.109:0/1795033171 <== mon.0 v2:192.168.123.109:3300/0 2 ==== config(25 keys) ==== 998+0+0 (secure 0 0 0) 0x7fde10004570 con 0x7fde1c07c7d0
2026-03-09T00:29:23.053 INFO:teuthology.orchestra.run.vm09.stdout:/usr/bin/ceph: stderr
2026-03-09T00:29:22.897+0000 7fde21252640 1 -- 192.168.123.109:0/1795033171 --> [v2:192.168.123.109:3300/0,v1:192.168.123.109:6789/0] -- mon_subscribe({mgrmap=0+}) -- 0x7fde1c19ac90 con 0x7fde1c07c7d0
2026-03-09T00:29:23.053 INFO:teuthology.orchestra.run.vm09.stdout:/usr/bin/ceph: stderr
2026-03-09T00:29:22.897+0000 7fde21252640 1 -- 192.168.123.109:0/1795033171 --> [v2:192.168.123.109:3300/0,v1:192.168.123.109:6789/0] -- mon_subscribe({osdmap=0}) -- 0x7fde1c19d980 con 0x7fde1c07c7d0
2026-03-09T00:29:23.053 INFO:teuthology.orchestra.run.vm09.stdout:/usr/bin/ceph: stderr
2026-03-09T00:29:22.898+0000 7fddfbfff640 1 -- 192.168.123.109:0/1795033171 <== mon.0 v2:192.168.123.109:3300/0 3 ==== mon_map magic: 0 ==== 205+0+0 (secure 0 0 0) 0x7fde1004c040 con 0x7fde1c07c7d0
2026-03-09T00:29:23.053 INFO:teuthology.orchestra.run.vm09.stdout:/usr/bin/ceph: stderr
2026-03-09T00:29:22.898+0000 7fddfbfff640 1 -- 192.168.123.109:0/1795033171 <== mon.0 v2:192.168.123.109:3300/0 4 ==== mgrmap(e 8) ==== 50212+0+0 (secure 0 0 0) 0x7fde10051ab0 con 0x7fde1c07c7d0
2026-03-09T00:29:23.053 INFO:teuthology.orchestra.run.vm09.stdout:/usr/bin/ceph: stderr
2026-03-09T00:29:22.898+0000 7fde21252640 1 -- 192.168.123.109:0/1795033171 --> [v2:192.168.123.109:3300/0,v1:192.168.123.109:6789/0] -- mon_command({"prefix": "get_command_descriptions"} v 0) -- 0x7fdde8005180 con 0x7fde1c07c7d0
2026-03-09T00:29:23.053 INFO:teuthology.orchestra.run.vm09.stdout:/usr/bin/ceph: stderr
2026-03-09T00:29:22.898+0000 7fddfbfff640 1 --2- 192.168.123.109:0/1795033171 >> v2:192.168.123.109:6800/3433497319 conn(0x7fddf003d890 0x7fddf003fd50 unknown :-1 s=NONE pgs=0 cs=0 l=1 rev1=0 crypto rx=0 tx=0 comp rx=0 tx=0).connect
2026-03-09T00:29:23.053 INFO:teuthology.orchestra.run.vm09.stdout:/usr/bin/ceph: stderr
2026-03-09T00:29:22.898+0000 7fddfbfff640 1 -- 192.168.123.109:0/1795033171 <== mon.0 v2:192.168.123.109:3300/0 5 ==== osd_map(2..2 src has 1..2) ==== 897+0+0 (secure 0 0 0) 0x7fde10056070 con 0x7fde1c07c7d0
2026-03-09T00:29:23.053 INFO:teuthology.orchestra.run.vm09.stdout:/usr/bin/ceph: stderr
2026-03-09T00:29:22.901+0000 7fddfbfff640 1 -- 192.168.123.109:0/1795033171 <== mon.0 v2:192.168.123.109:3300/0 6 ==== mon_command_ack([{"prefix": "get_command_descriptions"}]=0 v0) ==== 72+0+195034 (secure 0 0 0) 0x7fde100593b0 con 0x7fde1c07c7d0
2026-03-09T00:29:23.053 INFO:teuthology.orchestra.run.vm09.stdout:/usr/bin/ceph: stderr
