2026-03-09T00:29:17.103+0000 7f17791b7640 1 -- 192.168.123.109:0/355193582 --> [v2:192.168.123.109:3300/0,v1:192.168.123.109:6789/0] -- mon_subscribe({config=0+,monmap=0+}) -- 0x7f177411c460 con 0x7f1774074650
2026-03-09T00:29:17.279 INFO:teuthology.orchestra.run.vm09.stdout:/usr/bin/ceph: stderr
2026-03-09T00:29:17.103+0000 7f17791b7640 1 --2- 192.168.123.109:0/355193582 >> [v2:192.168.123.109:3300/0,v1:192.168.123.109:6789/0] conn(0x7f1774074650 0x7f177411bf20 secure :-1 s=READY pgs=25 cs=0 l=1 rev1=1 crypto rx=0x7f176402f450 tx=0x7f17640357d0 comp rx=0 tx=0).ready entity=mon.0 client_cookie=0 server_cookie=0 in_seq=0 out_seq=0
2026-03-09T00:29:17.279 INFO:teuthology.orchestra.run.vm09.stdout:/usr/bin/ceph: stderr
2026-03-09T00:29:17.103+0000 7f17627fc640 1 -- 192.168.123.109:0/355193582 <== mon.0 v2:192.168.123.109:3300/0 1 ==== mon_map magic: 0 ==== 205+0+0 (secure 0 0 0) 0x7f176403c070 con 0x7f1774074650
2026-03-09T00:29:17.279 INFO:teuthology.orchestra.run.vm09.stdout:/usr/bin/ceph: stderr
2026-03-09T00:29:17.103+0000 7f177b442640 1 -- 192.168.123.109:0/355193582 --> [v2:192.168.123.109:3300/0,v1:192.168.123.109:6789/0] -- mon_subscribe({mgrmap=0+}) -- 0x7f177411c6f0 con 0x7f1774074650
2026-03-09T00:29:17.279 INFO:teuthology.orchestra.run.vm09.stdout:/usr/bin/ceph: stderr
2026-03-09T00:29:17.103+0000 7f177b442640 1 -- 192.168.123.109:0/355193582 --> [v2:192.168.123.109:3300/0,v1:192.168.123.109:6789/0] -- mon_subscribe({osdmap=0}) -- 0x7f177411cb10 con 0x7f1774074650
2026-03-09T00:29:17.280 INFO:teuthology.orchestra.run.vm09.stdout:/usr/bin/ceph: stderr
2026-03-09T00:29:17.104+0000 7f17627fc640 1 -- 192.168.123.109:0/355193582 <== mon.0 v2:192.168.123.109:3300/0 2 ==== config(25 keys) ==== 998+0+0 (secure 0 0 0) 0x7f1764040400 con 0x7f1774074650
2026-03-09T00:29:17.280 INFO:teuthology.orchestra.run.vm09.stdout:/usr/bin/ceph: stderr
2026-03-09T00:29:17.104+0000 7f17627fc640 1 -- 192.168.123.109:0/355193582 <== mon.0 v2:192.168.123.109:3300/0 3 ==== mon_map magic: 0 ==== 205+0+0 (secure 0 0 0) 0x7f176403f3b0 con 0x7f1774074650
2026-03-09T00:29:17.280 INFO:teuthology.orchestra.run.vm09.stdout:/usr/bin/ceph: stderr
2026-03-09T00:29:17.105+0000 7f17627fc640 1 -- 192.168.123.109:0/355193582 <== mon.0 v2:192.168.123.109:3300/0 4 ==== mgrmap(e 5) ==== 50212+0+0 (secure 0 0 0) 0x7f176403f550 con 0x7f1774074650
2026-03-09T00:29:17.280 INFO:teuthology.orchestra.run.vm09.stdout:/usr/bin/ceph: stderr
2026-03-09T00:29:17.105+0000 7f17627fc640 1 --2- 192.168.123.109:0/355193582 >> v2:192.168.123.109:6800/770453877 conn(0x7f175003dc50 0x7f1750040110 unknown :-1 s=NONE pgs=0 cs=0 l=1 rev1=0 crypto rx=0 tx=0 comp rx=0 tx=0).connect
2026-03-09T00:29:17.280 INFO:teuthology.orchestra.run.vm09.stdout:/usr/bin/ceph: stderr
2026-03-09T00:29:17.106+0000 7f17789b6640 1 -- 192.168.123.109:0/355193582 >> v2:192.168.123.109:6800/770453877 conn(0x7f175003dc50 msgr2=0x7f1750040110 unknown :-1 s=STATE_CONNECTING_RE l=1).process reconnect failed to v2:192.168.123.109:6800/770453877
2026-03-09T00:29:17.280 INFO:teuthology.orchestra.run.vm09.stdout:/usr/bin/ceph: stderr
2026-03-09T00:29:17.106+0000 7f17789b6640 1 --2- 192.168.123.109:0/355193582 >> v2:192.168.123.109:6800/770453877 conn(0x7f175003dc50 0x7f1750040110 unknown :-1 s=START_CONNECT pgs=0 cs=0 l=1 rev1=0 crypto rx=0 tx=0 comp rx=0 tx=0)._fault waiting 0.200000
2026-03-09T00:29:17.280 INFO:teuthology.orchestra.run.vm09.stdout:/usr/bin/ceph: stderr
2026-03-09T00:29:17.106+0000 7f17627fc640 1 -- 192.168.123.109:0/355193582 <== mon.0 v2:192.168.123.109:3300/0 5 ==== osd_map(1..1 src has 1..1) ==== 725+0+0 (secure 0 0 0) 0x7f1764077510 con 0x7f1774074650
2026-03-09T00:29:17.280 INFO:teuthology.orchestra.run.vm09.stdout:/usr/bin/ceph: stderr
2026-03-09T00:29:17.106+0000 7f177b442640 1 -- 192.168.123.109:0/355193582 --> [v2:192.168.123.109:3300/0,v1:192.168.123.109:6789/0] -- mon_command({"prefix": "get_command_descriptions"} v 0) -- 0x7f173c005180 con 0x7f1774074650
2026-03-09T00:29:17.280 INFO:teuthology.orchestra.run.vm09.stdout:/usr/bin/ceph: stderr
2026-03-09T00:29:17.110+0000 7f17627fc640 1 -- 192.168.123.109:0/355193582 <== mon.0 v2:192.168.123.109:3300/0 6 ==== mon_command_ack([{"prefix": "get_command_descriptions"}]=0 v0) ==== 72+0+195034 (secure 0 0 0) 0x7f1764039110 con 0x7f1774074650
2026-03-09T00:29:17.280 INFO:teuthology.orchestra.run.vm09.stdout:/usr/bin/ceph: stderr
2026-03-09T00:29:17.240+0000 7f177b442640 1 -- 192.168.123.109:0/355193582 --> [v2:192.168.123.109:3300/0,v1:192.168.123.109:6789/0] -- mon_command({"prefix": "mgr stat"} v 0) -- 0x7f173c005c80 con 0x7f1774074650
2026-03-09T00:29:17.280 INFO:teuthology.orchestra.run.vm09.stdout:/usr/bin/ceph: stderr
2026-03-09T00:29:17.241+0000 7f17627fc640 1 -- 192.168.123.109:0/355193582 <== mon.0 v2:192.168.123.109:3300/0 7 ==== mon_command_ack([{"prefix": "mgr stat"}]=0 v5) ==== 56+0+88 (secure 0 0 0) 0x7f1764077270 con 0x7f1774074650
2026-03-09T00:29:17.280 INFO:teuthology.orchestra.run.vm09.stdout:/usr/bin/ceph: stderr
2026-03-09T00:29:17.243+0000 7f1743fff640 1 -- 192.168.123.109:0/355193582 >> v2:192.168.123.109:6800/770453877 conn(0x7f175003dc50 msgr2=0x7f1750040110 unknown :-1 s=STATE_CONNECTING l=1).mark_down
2026-03-09T00:29:17.280 INFO:teuthology.orchestra.run.vm09.stdout:/usr/bin/ceph: stderr
2026-03-09T00:29:17.243+0000 7f1743fff640 1 --2- 192.168.123.109:0/355193582 >> v2:192.168.123.109:6800/770453877 conn(0x7f175003dc50 0x7f1750040110 unknown :-1 s=START_CONNECT pgs=0 cs=0 l=1 rev1=0 crypto rx=0 tx=0 comp rx=0 tx=0).stop
2026-03-09T00:29:17.280 INFO:teuthology.orchestra.run.vm09.stdout:/usr/bin/ceph: stderr
2026-03-09T00:29:17.243+0000 7f1743fff640 1 -- 192.168.123.109:0/355193582 >> [v2:192.168.123.109:3300/0,v1:192.168.123.109:6789/0] conn(0x7f1774074650 msgr2=0x7f177411bf20 secure :-1 s=STATE_CONNECTION_ESTABLISHED l=1).mark_down
2026-03-09T00:29:17.280 INFO:teuthology.orchestra.run.vm09.stdout:/usr/bin/ceph: stderr
2026-03-09T00:29:17.243+0000 7f1743fff640 1 --2- 192.168.123.109:0/355193582 >> [v2:192.168.123.109:3300/0,v1:192.168.123.109:6789/0] conn(0x7f1774074650 0x7f177411bf20 secure :-1 s=READY pgs=25 cs=0 l=1 rev1=1 crypto rx=0x7f176402f450 tx=0x7f17640357d0 comp rx=0 tx=0).stop
2026-03-09T00:29:17.280 INFO:teuthology.orchestra.run.vm09.stdout:/usr/bin/ceph: stderr
2026-03-09T00:29:17.245+0000 7f1743fff640 1 -- 192.168.123.109:0/355193582 shutdown_connections
2026-03-09T00:29:17.280 INFO:teuthology.orchestra.run.vm09.stdout:/usr/bin/ceph: stderr
2026-03-09T00:29:17.245+0000 7f1743fff640 1 --2- 192.168.123.109:0/355193582 >> v2:192.168.123.109:6800/770453877 conn(0x7f175003dc50 0x7f1750040110 unknown :-1 s=CLOSED pgs=0 cs=0 l=1 rev1=0 crypto rx=0 tx=0 comp rx=0 tx=0).stop
2026-03-09T00:29:17.280 INFO:teuthology.orchestra.run.vm09.stdout:/usr/bin/ceph: stderr
2026-03-09T00:29:17.245+0000 7f1743fff640 1 --2- 192.168.123.109:0/355193582 >> [v2:192.168.123.109:3300/0,v1:192.168.123.109:6789/0] conn(0x7f1774074650 0x7f177411bf20 unknown :-1 s=CLOSED pgs=25 cs=0 l=1 rev1=1 crypto rx=0 tx=0 comp rx=0 tx=0).stop
2026-03-09T00:29:17.280 INFO:teuthology.orchestra.run.vm09.stdout:/usr/bin/ceph: stderr
2026-03-09T00:29:17.245+0000 7f1743fff640 1 -- 192.168.123.109:0/355193582 >> 192.168.123.109:0/355193582 conn(0x7f177406fe80 msgr2=0x7f17740709c0 unknown :-1 s=STATE_NONE l=0).mark_down
2026-03-09T00:29:17.280 INFO:teuthology.orchestra.run.vm09.stdout:/usr/bin/ceph: stderr
2026-03-09T00:29:17.245+0000 7f1743fff640 1 -- 192.168.123.109:0/355193582 shutdown_connections
2026-03-09T00:29:17.280 INFO:teuthology.orchestra.run.vm09.stdout:/usr/bin/ceph: stderr
2026-03-09T00:29:17.245+0000 7f1743fff640 1 -- 192.168.123.109:0/355193582 wait complete.
2026-03-09T00:29:17.280 INFO:teuthology.orchestra.run.vm09.stdout:Waiting for the mgr to restart...
2026-03-09T00:29:17.280 INFO:teuthology.orchestra.run.vm09.stdout:Waiting for mgr epoch 5...
2026-03-09T00:29:17.921 INFO:journalctl@ceph.mgr.y.vm09.stdout:Mar 09 00:29:17 vm09 ceph-c172d940-1b4e-11f1-be3e-fb1b568ebce1-mgr-y[49665]:
2026-03-09T00:29:17.619+0000 7f571aa28140 -1 mgr[py] Module crash has missing NOTIFY_TYPES member
2026-03-09T00:29:18.180 INFO:journalctl@ceph.mgr.y.vm09.stdout:Mar 09 00:29:17 vm09 ceph-c172d940-1b4e-11f1-be3e-fb1b568ebce1-mgr-y[49665]:
2026-03-09T00:29:17.950+0000 7f571aa28140 -1 mgr[py] Module devicehealth has missing NOTIFY_TYPES member
2026-03-09T00:29:18.180 INFO:journalctl@ceph.mgr.y.vm09.stdout:Mar 09 00:29:18 vm09 ceph-c172d940-1b4e-11f1-be3e-fb1b568ebce1-mgr-y[49665]: /lib64/python3.9/site-packages/scipy/__init__.py:73: UserWarning: NumPy was imported from a Python sub-interpreter but NumPy does not properly support sub-interpreters. This will likely work for most users but might cause hard to track down issues or subtle bugs. A common user of the rare sub-interpreter feature is wsgi which also allows single-interpreter mode.
2026-03-09T00:29:18.180 INFO:journalctl@ceph.mgr.y.vm09.stdout:Mar 09 00:29:18 vm09 ceph-c172d940-1b4e-11f1-be3e-fb1b568ebce1-mgr-y[49665]: Improvements in the case of bugs are welcome, but is not on the NumPy roadmap, and full support may require significant effort to achieve.
2026-03-09T00:29:18.180 INFO:journalctl@ceph.mgr.y.vm09.stdout:Mar 09 00:29:18 vm09 ceph-c172d940-1b4e-11f1-be3e-fb1b568ebce1-mgr-y[49665]: from numpy import show_config as show_numpy_config
2026-03-09T00:29:18.180 INFO:journalctl@ceph.mgr.y.vm09.stdout:Mar 09 00:29:18 vm09 ceph-c172d940-1b4e-11f1-be3e-fb1b568ebce1-mgr-y[49665]:
2026-03-09T00:29:18.038+0000 7f571aa28140 -1 mgr[py] Module diskprediction_local has missing NOTIFY_TYPES member
2026-03-09T00:29:18.180 INFO:journalctl@ceph.mgr.y.vm09.stdout:Mar 09 00:29:18 vm09 ceph-c172d940-1b4e-11f1-be3e-fb1b568ebce1-mgr-y[49665]:
2026-03-09T00:29:18.078+0000 7f571aa28140 -1 mgr[py] Module influx has missing NOTIFY_TYPES member
2026-03-09T00:29:18.180 INFO:journalctl@ceph.mgr.y.vm09.stdout:Mar 09 00:29:18 vm09 ceph-c172d940-1b4e-11f1-be3e-fb1b568ebce1-mgr-y[49665]:
2026-03-09T00:29:18.154+0000 7f571aa28140 -1 mgr[py] Module iostat has missing NOTIFY_TYPES member
2026-03-09T00:29:18.180 INFO:journalctl@ceph.mon.a.vm09.stdout:Mar 09 00:29:17 vm09 ceph-mon[49458]: from='client.? 192.168.123.109:0/2514545362' entity='client.admin' cmd='[{"prefix": "mgr module enable", "module": "cephadm"}]': finished
2026-03-09T00:29:18.180 INFO:journalctl@ceph.mon.a.vm09.stdout:Mar 09 00:29:17 vm09 ceph-mon[49458]: mgrmap e5: y(active, since 3s)
2026-03-09T00:29:18.180 INFO:journalctl@ceph.mon.a.vm09.stdout:Mar 09 00:29:17 vm09 ceph-mon[49458]: from='client.? 192.168.123.109:0/355193582' entity='client.admin' cmd=[{"prefix": "mgr stat"}]: dispatch
2026-03-09T00:29:18.930 INFO:journalctl@ceph.mgr.y.vm09.stdout:Mar 09 00:29:18 vm09 ceph-c172d940-1b4e-11f1-be3e-fb1b568ebce1-mgr-y[49665]:
2026-03-09T00:29:18.676+0000 7f571aa28140 -1 mgr[py] Module nfs has missing NOTIFY_TYPES member
2026-03-09T00:29:18.930 INFO:journalctl@ceph.mgr.y.vm09.stdout:Mar 09 00:29:18 vm09 ceph-c172d940-1b4e-11f1-be3e-fb1b568ebce1-mgr-y[49665]:
2026-03-09T00:29:18.789+0000 7f571aa28140 -1 mgr[py] Module orchestrator has missing NOTIFY_TYPES member
2026-03-09T00:29:18.930 INFO:journalctl@ceph.mgr.y.vm09.stdout:Mar 09 00:29:18 vm09 ceph-c172d940-1b4e-11f1-be3e-fb1b568ebce1-mgr-y[49665]:
2026-03-09T00:29:18.830+0000 7f571aa28140 -1 mgr[py] Module osd_perf_query has missing NOTIFY_TYPES member
2026-03-09T00:29:18.930 INFO:journalctl@ceph.mgr.y.vm09.stdout:Mar 09 00:29:18 vm09 ceph-c172d940-1b4e-11f1-be3e-fb1b568ebce1-mgr-y[49665]:
2026-03-09T00:29:18.866+0000 7f571aa28140 -1 mgr[py] Module osd_support has missing NOTIFY_TYPES member
2026-03-09T00:29:18.930 INFO:journalctl@ceph.mgr.y.vm09.stdout:Mar 09 00:29:18 vm09 ceph-c172d940-1b4e-11f1-be3e-fb1b568ebce1-mgr-y[49665]:
2026-03-09T00:29:18.908+0000 7f571aa28140 -1 mgr[py] Module pg_autoscaler has missing NOTIFY_TYPES member
2026-03-09T00:29:19.395 INFO:journalctl@ceph.mgr.y.vm09.stdout:Mar 09 00:29:18 vm09 ceph-c172d940-1b4e-11f1-be3e-fb1b568ebce1-mgr-y[49665]:
2026-03-09T00:29:18.947+0000 7f571aa28140 -1 mgr[py] Module progress has missing NOTIFY_TYPES member
2026-03-09T00:29:19.395 INFO:journalctl@ceph.mgr.y.vm09.stdout:Mar 09 00:29:19 vm09 ceph-c172d940-1b4e-11f1-be3e-fb1b568ebce1-mgr-y[49665]:
2026-03-09T00:29:19.122+0000 7f571aa28140 -1 mgr[py] Module prometheus has missing NOTIFY_TYPES member
2026-03-09T00:29:19.395 INFO:journalctl@ceph.mgr.y.vm09.stdout:Mar 09 00:29:19 vm09 ceph-c172d940-1b4e-11f1-be3e-fb1b568ebce1-mgr-y[49665]:
2026-03-09T00:29:19.174+0000 7f571aa28140 -1 mgr[py] Module rbd_support has missing NOTIFY_TYPES member
2026-03-09T00:29:19.675 INFO:journalctl@ceph.mgr.y.vm09.stdout:Mar 09 00:29:19 vm09 ceph-c172d940-1b4e-11f1-be3e-fb1b568ebce1-mgr-y[49665]:
2026-03-09T00:29:19.396+0000 7f571aa28140 -1 mgr[py] Module rgw has missing NOTIFY_TYPES member
2026-03-09T00:29:19.930 INFO:journalctl@ceph.mgr.y.vm09.stdout:Mar 09 00:29:19 vm09 ceph-c172d940-1b4e-11f1-be3e-fb1b568ebce1-mgr-y[49665]:
2026-03-09T00:29:19.676+0000 7f571aa28140 -1 mgr[py] Module rook has missing NOTIFY_TYPES member
2026-03-09T00:29:19.930 INFO:journalctl@ceph.mgr.y.vm09.stdout:Mar 09 00:29:19 vm09 ceph-c172d940-1b4e-11f1-be3e-fb1b568ebce1-mgr-y[49665]:
2026-03-09T00:29:19.714+0000 7f571aa28140 -1 mgr[py] Module selftest has missing NOTIFY_TYPES member
2026-03-09T00:29:19.930 INFO:journalctl@ceph.mgr.y.vm09.stdout:Mar 09 00:29:19 vm09 ceph-c172d940-1b4e-11f1-be3e-fb1b568ebce1-mgr-y[49665]:
2026-03-09T00:29:19.757+0000 7f571aa28140 -1 mgr[py] Module snap_schedule has missing NOTIFY_TYPES member
2026-03-09T00:29:19.930 INFO:journalctl@ceph.mgr.y.vm09.stdout:Mar 09 00:29:19 vm09 ceph-c172d940-1b4e-11f1-be3e-fb1b568ebce1-mgr-y[49665]:
2026-03-09T00:29:19.839+0000 7f571aa28140 -1 mgr[py] Module status has missing NOTIFY_TYPES member
2026-03-09T00:29:19.930 INFO:journalctl@ceph.mgr.y.vm09.stdout:Mar 09 00:29:19 vm09 ceph-c172d940-1b4e-11f1-be3e-fb1b568ebce1-mgr-y[49665]:
2026-03-09T00:29:19.876+0000 7f571aa28140 -1 mgr[py] Module telegraf has missing NOTIFY_TYPES member
2026-03-09T00:29:20.223 INFO:journalctl@ceph.mgr.y.vm09.stdout:Mar 09 00:29:19 vm09 ceph-c172d940-1b4e-11f1-be3e-fb1b568ebce1-mgr-y[49665]:
2026-03-09T00:29:19.961+0000 7f571aa28140 -1 mgr[py] Module telemetry has missing NOTIFY_TYPES member
2026-03-09T00:29:20.223 INFO:journalctl@ceph.mgr.y.vm09.stdout:Mar 09 00:29:20 vm09 ceph-c172d940-1b4e-11f1-be3e-fb1b568ebce1-mgr-y[49665]:
2026-03-09T00:29:20.076+0000 7f571aa28140 -1 mgr[py] Module test_orchestrator has missing NOTIFY_TYPES member
2026-03-09T00:29:20.680 INFO:journalctl@ceph.mgr.y.vm09.stdout:Mar 09 00:29:20 vm09 ceph-c172d940-1b4e-11f1-be3e-fb1b568ebce1-mgr-y[49665]:
2026-03-09T00:29:20.223+0000 7f571aa28140 -1 mgr[py] Module volumes has missing NOTIFY_TYPES member
2026-03-09T00:29:20.680 INFO:journalctl@ceph.mgr.y.vm09.stdout:Mar 09 00:29:20 vm09 ceph-c172d940-1b4e-11f1-be3e-fb1b568ebce1-mgr-y[49665]:
2026-03-09T00:29:20.264+0000 7f571aa28140 -1 mgr[py] Module zabbix has missing NOTIFY_TYPES member
2026-03-09T00:29:20.680 INFO:journalctl@ceph.mon.a.vm09.stdout:Mar 09 00:29:20 vm09 ceph-mon[49458]: Active manager daemon y restarted
2026-03-09T00:29:20.680 INFO:journalctl@ceph.mon.a.vm09.stdout:Mar 09 00:29:20 vm09 ceph-mon[49458]: Activating manager daemon y
2026-03-09T00:29:20.680 INFO:journalctl@ceph.mon.a.vm09.stdout:Mar 09 00:29:20 vm09 ceph-mon[49458]: osdmap e2: 0 total, 0 up, 0 in
2026-03-09T00:29:20.680 INFO:journalctl@ceph.mon.a.vm09.stdout:Mar 09 00:29:20 vm09 ceph-mon[49458]: mgrmap e6: y(active, starting, since 0.00564235s)
2026-03-09T00:29:20.680 INFO:journalctl@ceph.mon.a.vm09.stdout:Mar 09 00:29:20 vm09 ceph-mon[49458]: from='mgr.14118 192.168.123.109:0/3907920743' entity='mgr.y' cmd=[{"prefix": "mon metadata", "id": "a"}]: dispatch
2026-03-09T00:29:20.680 INFO:journalctl@ceph.mon.a.vm09.stdout:Mar 09 00:29:20 vm09 ceph-mon[49458]: from='mgr.14118 192.168.123.109:0/3907920743' entity='mgr.y' cmd=[{"prefix": "mgr metadata", "who": "y", "id": "y"}]: dispatch
2026-03-09T00:29:20.680 INFO:journalctl@ceph.mon.a.vm09.stdout:Mar 09 00:29:20 vm09 ceph-mon[49458]: from='mgr.14118 192.168.123.109:0/3907920743' entity='mgr.y' cmd=[{"prefix": "mds metadata"}]: dispatch
2026-03-09T00:29:20.680 INFO:journalctl@ceph.mon.a.vm09.stdout:Mar 09 00:29:20 vm09 ceph-mon[49458]: from='mgr.14118 192.168.123.109:0/3907920743' entity='mgr.y' cmd=[{"prefix": "osd metadata"}]: dispatch
2026-03-09T00:29:20.680 INFO:journalctl@ceph.mon.a.vm09.stdout:Mar 09 00:29:20 vm09 ceph-mon[49458]: from='mgr.14118 192.168.123.109:0/3907920743' entity='mgr.y' cmd=[{"prefix": "mon metadata"}]: dispatch
2026-03-09T00:29:20.680 INFO:journalctl@ceph.mon.a.vm09.stdout:Mar 09 00:29:20 vm09 ceph-mon[49458]: Manager daemon y is now available
2026-03-09T00:29:20.680 INFO:journalctl@ceph.mon.a.vm09.stdout:Mar 09 00:29:20 vm09 ceph-mon[49458]: from='mgr.14118 192.168.123.109:0/3907920743' entity='mgr.y'
2026-03-09T00:29:20.680 INFO:journalctl@ceph.mon.a.vm09.stdout:Mar 09 00:29:20 vm09 ceph-mon[49458]: from='mgr.14118 192.168.123.109:0/3907920743' entity='mgr.y'
2026-03-09T00:29:20.680 INFO:journalctl@ceph.mon.a.vm09.stdout:Mar 09 00:29:20 vm09 ceph-mon[49458]: from='mgr.14118 192.168.123.109:0/3907920743' entity='mgr.y' cmd=[{"prefix": "config dump", "format": "json"}]: dispatch
2026-03-09T00:29:20.680 INFO:journalctl@ceph.mon.a.vm09.stdout:Mar 09 00:29:20 vm09 ceph-mon[49458]: from='mgr.14118 192.168.123.109:0/3907920743' entity='mgr.y' cmd=[{"prefix": "config dump", "format": "json"}]: dispatch
2026-03-09T00:29:20.680 INFO:journalctl@ceph.mon.a.vm09.stdout:Mar 09 00:29:20 vm09 ceph-mon[49458]: from='mgr.14118 192.168.123.109:0/3907920743' entity='mgr.y' cmd=[{"prefix":"config rm","who":"mgr","name":"mgr/rbd_support/y/mirror_snapshot_schedule"}]: dispatch
2026-03-09T00:29:21.544 INFO:journalctl@ceph.mon.a.vm09.stdout:Mar 09 00:29:21 vm09 ceph-mon[49458]: Found migration_current of "None". Setting to last migration.
2026-03-09T00:29:21.544 INFO:journalctl@ceph.mon.a.vm09.stdout:Mar 09 00:29:21 vm09 ceph-mon[49458]: from='mgr.14118 192.168.123.109:0/3907920743' entity='mgr.y' cmd=[{"prefix":"config rm","who":"mgr","name":"mgr/rbd_support/y/trash_purge_schedule"}]: dispatch
2026-03-09T00:29:21.544 INFO:journalctl@ceph.mon.a.vm09.stdout:Mar 09 00:29:21 vm09 ceph-mon[49458]: from='mgr.14118 192.168.123.109:0/3907920743' entity='mgr.y'
2026-03-09T00:29:21.544 INFO:journalctl@ceph.mon.a.vm09.stdout:Mar 09 00:29:21 vm09 ceph-mon[49458]: from='mgr.14118 192.168.123.109:0/3907920743' entity='mgr.y'
2026-03-09T00:29:21.544 INFO:journalctl@ceph.mon.a.vm09.stdout:Mar 09 00:29:21 vm09 ceph-mon[49458]: mgrmap e7: y(active, since 1.00877s)
2026-03-09T00:29:21.611 INFO:teuthology.orchestra.run.vm09.stdout:/usr/bin/ceph: stdout {
2026-03-09T00:29:21.611 INFO:teuthology.orchestra.run.vm09.stdout:/usr/bin/ceph: stdout "mgrmap_epoch": 7,
2026-03-09T00:29:21.611 INFO:teuthology.orchestra.run.vm09.stdout:/usr/bin/ceph: stdout "initialized": true
2026-03-09T00:29:21.611 INFO:teuthology.orchestra.run.vm09.stdout:/usr/bin/ceph: stdout }
2026-03-09T00:29:21.611 INFO:teuthology.orchestra.run.vm09.stdout:/usr/bin/ceph: stderr
2026-03-09T00:29:17.400+0000 7f88afda0640 1 Processor -- start
2026-03-09T00:29:21.611 INFO:teuthology.orchestra.run.vm09.stdout:/usr/bin/ceph: stderr
2026-03-09T00:29:17.400+0000 7f88afda0640 1 -- start start
2026-03-09T00:29:21.611 INFO:teuthology.orchestra.run.vm09.stdout:/usr/bin/ceph: stderr
2026-03-09T00:29:17.400+0000 7f88afda0640 1 --2- >> [v2:192.168.123.109:3300/0,v1:192.168.123.109:6789/0] conn(0x7f88a8074d00 0x7f88a8075100 unknown :-1 s=NONE pgs=0 cs=0 l=0 rev1=0 crypto rx=0 tx=0 comp rx=0 tx=0).connect
2026-03-09T00:29:21.611 INFO:teuthology.orchestra.run.vm09.stdout:/usr/bin/ceph: stderr
2026-03-09T00:29:17.400+0000 7f88afda0640 1 -- --> [v2:192.168.123.109:3300/0,v1:192.168.123.109:6789/0] -- mon_getmap magic: 0 -- 0x7f88a80756d0 con 0x7f88a8074d00
2026-03-09T00:29:21.611 INFO:teuthology.orchestra.run.vm09.stdout:/usr/bin/ceph: stderr
2026-03-09T00:29:17.400+0000 7f88adb15640 1 --2- >> [v2:192.168.123.109:3300/0,v1:192.168.123.109:6789/0] conn(0x7f88a8074d00 0x7f88a8075100 unknown :-1 s=BANNER_CONNECTING pgs=0 cs=0 l=0 rev1=0 crypto rx=0 tx=0 comp rx=0 tx=0)._handle_peer_banner_payload supported=3 required=0
2026-03-09T00:29:21.611 INFO:teuthology.orchestra.run.vm09.stdout:/usr/bin/ceph: stderr
2026-03-09T00:29:17.400+0000 7f88adb15640 1 --2- >> [v2:192.168.123.109:3300/0,v1:192.168.123.109:6789/0] conn(0x7f88a8074d00 0x7f88a8075100 unknown :-1 s=HELLO_CONNECTING pgs=0 cs=0 l=0 rev1=1 crypto rx=0 tx=0 comp rx=0 tx=0).handle_hello peer v2:192.168.123.109:3300/0 says I am v2:192.168.123.109:59228/0 (socket says 192.168.123.109:59228)
2026-03-09T00:29:21.611 INFO:teuthology.orchestra.run.vm09.stdout:/usr/bin/ceph: stderr
2026-03-09T00:29:17.400+0000 7f88adb15640 1 -- 192.168.123.109:0/1840522853 learned_addr learned my addr 192.168.123.109:0/1840522853 (peer_addr_for_me v2:192.168.123.109:0/0)
2026-03-09T00:29:21.611 INFO:teuthology.orchestra.run.vm09.stdout:/usr/bin/ceph: stderr
2026-03-09T00:29:17.401+0000 7f88adb15640 1 -- 192.168.123.109:0/1840522853 --> [v2:192.168.123.109:3300/0,v1:192.168.123.109:6789/0] -- mon_subscribe({config=0+,monmap=0+}) -- 0x7f88a810e680 con 0x7f88a8074d00
2026-03-09T00:29:21.611 INFO:teuthology.orchestra.run.vm09.stdout:/usr/bin/ceph: stderr
2026-03-09T00:29:17.401+0000 7f88adb15640 1 --2- 192.168.123.109:0/1840522853 >> [v2:192.168.123.109:3300/0,v1:192.168.123.109:6789/0] conn(0x7f88a8074d00 0x7f88a8075100 secure :-1 s=READY pgs=26 cs=0 l=1 rev1=1 crypto rx=0x7f88a4009530 tx=0x7f88a40301d0 comp rx=0 tx=0).ready entity=mon.0 client_cookie=3d65b56d4b3e3c6e server_cookie=0 in_seq=0 out_seq=0
2026-03-09T00:29:21.611 INFO:teuthology.orchestra.run.vm09.stdout:/usr/bin/ceph: stderr
2026-03-09T00:29:17.401+0000 7f88acb13640 1 -- 192.168.123.109:0/1840522853 <== mon.0 v2:192.168.123.109:3300/0 1 ==== mon_map magic: 0 ==== 205+0+0 (secure 0 0 0) 0x7f88a403d070 con 0x7f88a8074d00
2026-03-09T00:29:21.611 INFO:teuthology.orchestra.run.vm09.stdout:/usr/bin/ceph: stderr
2026-03-09T00:29:17.401+0000 7f88acb13640 1 -- 192.168.123.109:0/1840522853 <== mon.0 v2:192.168.123.109:3300/0 2 ==== config(25 keys) ==== 998+0+0 (secure 0 0 0) 0x7f88a4030d90 con 0x7f88a8074d00
2026-03-09T00:29:21.611 INFO:teuthology.orchestra.run.vm09.stdout:/usr/bin/ceph: stderr
2026-03-09T00:29:17.402+0000 7f88afda0640 1 -- 192.168.123.109:0/1840522853 >> [v2:192.168.123.109:3300/0,v1:192.168.123.109:6789/0] conn(0x7f88a8074d00 msgr2=0x7f88a8075100 secure :-1 s=STATE_CONNECTION_ESTABLISHED l=1).mark_down
2026-03-09T00:29:21.611 INFO:teuthology.orchestra.run.vm09.stdout:/usr/bin/ceph: stderr
2026-03-09T00:29:17.402+0000 7f88afda0640 1 --2- 192.168.123.109:0/1840522853 >> [v2:192.168.123.109:3300/0,v1:192.168.123.109:6789/0] conn(0x7f88a8074d00 0x7f88a8075100 secure :-1 s=READY pgs=26 cs=0 l=1 rev1=1 crypto rx=0x7f88a4009530 tx=0x7f88a40301d0 comp rx=0 tx=0).stop
2026-03-09T00:29:21.611 INFO:teuthology.orchestra.run.vm09.stdout:/usr/bin/ceph: stderr
2026-03-09T00:29:17.402+0000 7f88afda0640 1 -- 192.168.123.109:0/1840522853 shutdown_connections
2026-03-09T00:29:21.612 INFO:teuthology.orchestra.run.vm09.stdout:/usr/bin/ceph: stderr
2026-03-09T00:29:17.402+0000 7f88afda0640 1 --2- 192.168.123.109:0/1840522853 >> [v2:192.168.123.109:3300/0,v1:192.168.123.109:6789/0] conn(0x7f88a8074d00 0x7f88a8075100 unknown :-1 s=CLOSED pgs=26 cs=0 l=1 rev1=1 crypto rx=0 tx=0 comp rx=0 tx=0).stop
2026-03-09T00:29:21.612 INFO:teuthology.orchestra.run.vm09.stdout:/usr/bin/ceph: stderr
2026-03-09T00:29:17.402+0000 7f88afda0640 1 -- 192.168.123.109:0/1840522853 >> 192.168.123.109:0/1840522853 conn(0x7f88a806fff0 msgr2=0x7f88a8072470 unknown :-1 s=STATE_NONE l=0).mark_down
2026-03-09T00:29:21.612 INFO:teuthology.orchestra.run.vm09.stdout:/usr/bin/ceph: stderr
2026-03-09T00:29:17.402+0000 7f88afda0640 1 -- 192.168.123.109:0/1840522853 shutdown_connections
2026-03-09T00:29:21.612 INFO:teuthology.orchestra.run.vm09.stdout:/usr/bin/ceph: stderr
2026-03-09T00:29:17.402+0000 7f88afda0640 1 -- 192.168.123.109:0/1840522853 wait complete.
2026-03-09T00:29:21.612 INFO:teuthology.orchestra.run.vm09.stdout:/usr/bin/ceph: stderr
2026-03-09T00:29:17.402+0000 7f88afda0640 1 Processor -- start
2026-03-09T00:29:21.612 INFO:teuthology.orchestra.run.vm09.stdout:/usr/bin/ceph: stderr
2026-03-09T00:29:17.402+0000 7f88afda0640 1 -- start start
2026-03-09T00:29:21.612 INFO:teuthology.orchestra.run.vm09.stdout:/usr/bin/ceph: stderr
2026-03-09T00:29:17.402+0000 7f88afda0640 1 --2- >> [v2:192.168.123.109:3300/0,v1:192.168.123.109:6789/0] conn(0x7f88a8113420 0x7f88a8111b90 unknown :-1 s=NONE pgs=0 cs=0 l=1 rev1=0 crypto rx=0 tx=0 comp rx=0 tx=0).connect
2026-03-09T00:29:21.612 INFO:teuthology.orchestra.run.vm09.stdout:/usr/bin/ceph: stderr
2026-03-09T00:29:17.402+0000 7f88afda0640 1 -- --> [v2:192.168.123.109:3300/0,v1:192.168.123.109:6789/0] -- mon_getmap magic: 0 -- 0x7f88a810f0e0 con 0x7f88a8113420
2026-03-09T00:29:21.612 INFO:teuthology.orchestra.run.vm09.stdout:/usr/bin/ceph: stderr
2026-03-09T00:29:17.402+0000 7f88adb15640 1 --2- >> [v2:192.168.123.109:3300/0,v1:192.168.123.109:6789/0] conn(0x7f88a8113420 0x7f88a8111b90 unknown :-1 s=BANNER_CONNECTING pgs=0 cs=0 l=1 rev1=0 crypto rx=0 tx=0 comp rx=0 tx=0)._handle_peer_banner_payload supported=3 required=0
2026-03-09T00:29:21.612 INFO:teuthology.orchestra.run.vm09.stdout:/usr/bin/ceph: stderr
2026-03-09T00:29:17.402+0000 7f88adb15640 1 --2- >> [v2:192.168.123.109:3300/0,v1:192.168.123.109:6789/0] conn(0x7f88a8113420 0x7f88a8111b90 unknown :-1 s=HELLO_CONNECTING pgs=0 cs=0 l=1 rev1=1 crypto rx=0 tx=0 comp rx=0 tx=0).handle_hello peer v2:192.168.123.109:3300/0 says I am v2:192.168.123.109:59230/0 (socket says 192.168.123.109:59230)
2026-03-09T00:29:21.612 INFO:teuthology.orchestra.run.vm09.stdout:/usr/bin/ceph: stderr
2026-03-09T00:29:17.402+0000 7f88adb15640 1 -- 192.168.123.109:0/3696333807 learned_addr learned my addr 192.168.123.109:0/3696333807 (peer_addr_for_me v2:192.168.123.109:0/0)
2026-03-09T00:29:21.612 INFO:teuthology.orchestra.run.vm09.stdout:/usr/bin/ceph: stderr
2026-03-09T00:29:17.403+0000 7f88adb15640 1 -- 192.168.123.109:0/3696333807 --> [v2:192.168.123.109:3300/0,v1:192.168.123.109:6789/0] -- mon_subscribe({config=0+,monmap=0+}) -- 0x7f88a8113840 con 0x7f88a8113420
2026-03-09T00:29:21.612 INFO:teuthology.orchestra.run.vm09.stdout:/usr/bin/ceph: stderr
2026-03-09T00:29:17.403+0000 7f88adb15640 1 --2- 192.168.123.109:0/3696333807 >> [v2:192.168.123.109:3300/0,v1:192.168.123.109:6789/0] conn(0x7f88a8113420 0x7f88a8111b90 secure :-1 s=READY pgs=27 cs=0 l=1 rev1=1 crypto rx=0x7f88a4009660 tx=0x7f88a40375d0 comp rx=0 tx=0).ready entity=mon.0 client_cookie=0 server_cookie=0 in_seq=0 out_seq=0
2026-03-09T00:29:21.612 INFO:teuthology.orchestra.run.vm09.stdout:/usr/bin/ceph: stderr
2026-03-09T00:29:17.403+0000 7f8896ffd640 1 -- 192.168.123.109:0/3696333807 <== mon.0 v2:192.168.123.109:3300/0 1 ==== mon_map magic: 0 ==== 205+0+0 (secure 0 0 0) 0x7f88a403d030 con 0x7f88a8113420
2026-03-09T00:29:21.612 INFO:teuthology.orchestra.run.vm09.stdout:/usr/bin/ceph: stderr
2026-03-09T00:29:17.403+0000 7f88afda0640 1 -- 192.168.123.109:0/3696333807 --> [v2:192.168.123.109:3300/0,v1:192.168.123.109:6789/0] -- mon_subscribe({mgrmap=0+}) -- 0x7f88a81120d0 con 0x7f88a8113420
2026-03-09T00:29:21.612 INFO:teuthology.orchestra.run.vm09.stdout:/usr/bin/ceph: stderr
2026-03-09T00:29:17.403+0000 7f88afda0640 1 -- 192.168.123.109:0/3696333807 --> [v2:192.168.123.109:3300/0,v1:192.168.123.109:6789/0] -- mon_subscribe({osdmap=0}) -- 0x7f88a8112550 con 0x7f88a8113420
2026-03-09T00:29:21.612 INFO:teuthology.orchestra.run.vm09.stdout:/usr/bin/ceph: stderr
2026-03-09T00:29:17.405+0000 7f8896ffd640 1 -- 192.168.123.109:0/3696333807 <== mon.0 v2:192.168.123.109:3300/0 2 ==== config(25 keys) ==== 998+0+0 (secure 0 0 0) 0x7f88a4037e70 con 0x7f88a8113420
2026-03-09T00:29:21.612 INFO:teuthology.orchestra.run.vm09.stdout:/usr/bin/ceph: stderr
2026-03-09T00:29:17.405+0000 7f8896ffd640 1 -- 192.168.123.109:0/3696333807 <== mon.0 v2:192.168.123.109:3300/0 3 ==== mon_map magic: 0 ==== 205+0+0 (secure 0 0 0) 0x7f88a40044b0 con 0x7f88a8113420
2026-03-09T00:29:21.612 INFO:teuthology.orchestra.run.vm09.stdout:/usr/bin/ceph: stderr
2026-03-09T00:29:17.405+0000 7f8896ffd640 1 -- 192.168.123.109:0/3696333807 <== mon.0 v2:192.168.123.109:3300/0 4 ==== mgrmap(e 5) ==== 50212+0+0 (secure 0 0 0) 0x7f88a4003710 con 0x7f88a8113420
2026-03-09T00:29:21.612 INFO:teuthology.orchestra.run.vm09.stdout:/usr/bin/ceph: stderr
2026-03-09T00:29:17.405+0000 7f8896ffd640 1 --2- 192.168.123.109:0/3696333807 >> v2:192.168.123.109:6800/770453877 conn(0x7f888003dc50 0x7f8880040110 unknown :-1 s=NONE pgs=0 cs=0 l=1 rev1=0 crypto rx=0 tx=0 comp rx=0 tx=0).connect
2026-03-09T00:29:21.612 INFO:teuthology.orchestra.run.vm09.stdout:/usr/bin/ceph: stderr
2026-03-09T00:29:17.405+0000 7f88ad314640 1 -- 192.168.123.109:0/3696333807 >> v2:192.168.123.109:6800/770453877 conn(0x7f888003dc50 msgr2=0x7f8880040110 unknown :-1 s=STATE_CONNECTING_RE l=1).process reconnect failed to v2:192.168.123.109:6800/770453877
2026-03-09T00:29:21.612 INFO:teuthology.orchestra.run.vm09.stdout:/usr/bin/ceph: stderr
2026-03-09T00:29:17.405+0000 7f88ad314640 1 --2- 192.168.123.109:0/3696333807 >> v2:192.168.123.109:6800/770453877 conn(0x7f888003dc50 0x7f8880040110 unknown :-1 s=START_CONNECT pgs=0 cs=0 l=1 rev1=0 crypto rx=0 tx=0 comp rx=0 tx=0)._fault waiting 0.200000
2026-03-09T00:29:21.612 INFO:teuthology.orchestra.run.vm09.stdout:/usr/bin/ceph: stderr
2026-03-09T00:29:17.405+0000 7f8896ffd640 1 -- 192.168.123.109:0/3696333807 --> v2:192.168.123.109:6800/770453877 -- command(tid 0: {"prefix": "get_command_descriptions"}) -- 0x7f88800407e0 con 0x7f888003dc50
2026-03-09T00:29:21.612 INFO:teuthology.orchestra.run.vm09.stdout:/usr/bin/ceph: stderr
2026-03-09T00:29:17.405+0000 7f8896ffd640 1 -- 192.168.123.109:0/3696333807 <== mon.0 v2:192.168.123.109:3300/0 5 ==== osd_map(1..1 src has 1..1) ==== 725+0+0 (secure 0 0 0) 0x7f88a403e070 con 0x7f88a8113420
2026-03-09T00:29:21.612 INFO:teuthology.orchestra.run.vm09.stdout:/usr/bin/ceph: stderr
2026-03-09T00:29:17.606+0000 7f88ad314640 1 -- 192.168.123.109:0/3696333807 >> v2:192.168.123.109:6800/770453877 conn(0x7f888003dc50 msgr2=0x7f8880040110 unknown :-1 s=STATE_CONNECTING_RE l=1).process reconnect failed to v2:192.168.123.109:6800/770453877
2026-03-09T00:29:21.612 INFO:teuthology.orchestra.run.vm09.stdout:/usr/bin/ceph: stderr
2026-03-09T00:29:17.606+0000 7f88ad314640 1 --2- 192.168.123.109:0/3696333807 >> v2:192.168.123.109:6800/770453877 conn(0x7f888003dc50 0x7f8880040110 unknown :-1 s=START_CONNECT pgs=0 cs=0 l=1 rev1=0 crypto rx=0 tx=0 comp rx=0 tx=0)._fault waiting 0.400000
2026-03-09T00:29:21.612 INFO:teuthology.orchestra.run.vm09.stdout:/usr/bin/ceph: stderr
2026-03-09T00:29:18.006+0000 7f88ad314640 1 -- 192.168.123.109:0/3696333807 >> v2:192.168.123.109:6800/770453877 conn(0x7f888003dc50 msgr2=0x7f8880040110 unknown :-1 s=STATE_CONNECTING_RE l=1).process reconnect failed to v2:192.168.123.109:6800/770453877
2026-03-09T00:29:21.612 INFO:teuthology.orchestra.run.vm09.stdout:/usr/bin/ceph: stderr
2026-03-09T00:29:18.006+0000 7f88ad314640 1 --2- 192.168.123.109:0/3696333807 >> v2:192.168.123.109:6800/770453877 conn(0x7f888003dc50 0x7f8880040110 unknown :-1 s=START_CONNECT pgs=0 cs=0 l=1 rev1=0 crypto rx=0 tx=0 comp rx=0 tx=0)._fault waiting 0.800000
2026-03-09T00:29:21.612 INFO:teuthology.orchestra.run.vm09.stdout:/usr/bin/ceph: stderr
2026-03-09T00:29:18.807+0000 7f88ad314640 1 -- 192.168.123.109:0/3696333807 >> v2:192.168.123.109:6800/770453877 conn(0x7f888003dc50 msgr2=0x7f8880040110 unknown :-1 s=STATE_CONNECTING_RE l=1).process reconnect failed to v2:192.168.123.109:6800/770453877
2026-03-09T00:29:21.612 INFO:teuthology.orchestra.run.vm09.stdout:/usr/bin/ceph: stderr
2026-03-09T00:29:18.807+0000 7f88ad314640 1 --2- 192.168.123.109:0/3696333807 >> v2:192.168.123.109:6800/770453877 conn(0x7f888003dc50 0x7f8880040110 unknown :-1 s=START_CONNECT pgs=0 cs=0 l=1 rev1=0 crypto rx=0 tx=0 comp rx=0 tx=0)._fault waiting 1.600000
2026-03-09T00:29:21.612 INFO:teuthology.orchestra.run.vm09.stdout:/usr/bin/ceph: stderr
2026-03-09T00:29:20.270+0000 7f8896ffd640 1 -- 192.168.123.109:0/3696333807 <== mon.0 v2:192.168.123.109:3300/0 6 ==== mgrmap(e 6) ==== 50014+0+0 (secure 0 0 0) 0x7f88a4076380 con 0x7f88a8113420
2026-03-09T00:29:21.612 INFO:teuthology.orchestra.run.vm09.stdout:/usr/bin/ceph: stderr
2026-03-09T00:29:20.270+0000 7f8896ffd640 1 -- 192.168.123.109:0/3696333807 >> v2:192.168.123.109:6800/770453877 conn(0x7f888003dc50 msgr2=0x7f8880040110 unknown :-1 s=STATE_CONNECTING l=1).mark_down
2026-03-09T00:29:21.612 INFO:teuthology.orchestra.run.vm09.stdout:/usr/bin/ceph: stderr
2026-03-09T00:29:20.270+0000 7f8896ffd640 1 --2- 192.168.123.109:0/3696333807 >> v2:192.168.123.109:6800/770453877 conn(0x7f888003dc50 0x7f8880040110 unknown :-1 s=START_CONNECT pgs=0 cs=0 l=1 rev1=0 crypto rx=0 tx=0 comp rx=0 tx=0).stop
2026-03-09T00:29:21.612 INFO:teuthology.orchestra.run.vm09.stdout:/usr/bin/ceph: stderr
2026-03-09T00:29:21.272+0000 7f8896ffd640 1 -- 192.168.123.109:0/3696333807 <== mon.0 v2:192.168.123.109:3300/0 7 ==== mgrmap(e 7) ==== 50106+0+0 (secure 0 0 0) 0x7f88a4076e00 con 0x7f88a8113420
2026-03-09T00:29:21.612 INFO:teuthology.orchestra.run.vm09.stdout:/usr/bin/ceph: stderr
2026-03-09T00:29:21.272+0000 7f8896ffd640 1 --2- 192.168.123.109:0/3696333807 >> v2:192.168.123.109:6800/3433497319 conn(0x7f8880041580 0x7f8880043970 unknown :-1 s=NONE pgs=0 cs=0 l=1 rev1=0 crypto rx=0 tx=0 comp rx=0 tx=0).connect
2026-03-09T00:29:21.612 INFO:teuthology.orchestra.run.vm09.stdout:/usr/bin/ceph: stderr
2026-03-09T00:29:21.272+0000 7f8896ffd640 1 -- 192.168.123.109:0/3696333807 --> v2:192.168.123.109:6800/3433497319 -- command(tid 0: {"prefix": "get_command_descriptions"}) -- 0x7f88a403fec0 con 0x7f8880041580
2026-03-09T00:29:21.612 INFO:teuthology.orchestra.run.vm09.stdout:/usr/bin/ceph: stderr
2026-03-09T00:29:21.275+0000 7f88ad314640 1 --2- 192.168.123.109:0/3696333807 >> v2:192.168.123.109:6800/3433497319 conn(0x7f8880041580 0x7f8880043970 unknown :-1 s=BANNER_CONNECTING pgs=0 cs=0 l=1 rev1=0 crypto rx=0 tx=0 comp rx=0 tx=0)._handle_peer_banner_payload supported=3 required=0
2026-03-09T00:29:21.612 INFO:teuthology.orchestra.run.vm09.stdout:/usr/bin/ceph: stderr
2026-03-09T00:29:21.276+0000 7f88ad314640 1 --2- 192.168.123.109:0/3696333807 >> v2:192.168.123.109:6800/3433497319 conn(0x7f8880041580 0x7f8880043970 secure :-1 s=READY pgs=2 cs=0 l=1 rev1=1 crypto rx=0x7f88a0003e00 tx=0x7f88a00073c0 comp rx=0 tx=0).ready entity=mgr.14118 client_cookie=0 server_cookie=0 in_seq=0 out_seq=0
2026-03-09T00:29:21.612 INFO:teuthology.orchestra.run.vm09.stdout:/usr/bin/ceph: stderr
2026-03-09T00:29:21.277+0000 7f8896ffd640 1 -- 192.168.123.109:0/3696333807 <== mgr.14118 v2:192.168.123.109:6800/3433497319 1 ==== command_reply(tid 0: 0 ) ==== 8+0+8901 (secure 0 0 0) 0x7f88a403fec0 con 0x7f8880041580
2026-03-09T00:29:21.612 INFO:teuthology.orchestra.run.vm09.stdout:/usr/bin/ceph: stderr
2026-03-09T00:29:21.281+0000 7f88afda0640 1 -- 192.168.123.109:0/3696333807 --> v2:192.168.123.109:6800/3433497319 -- command(tid 1: {"prefix": "mgr_status"}) -- 0x7f88a8074d00 con 0x7f8880041580
2026-03-09T00:29:21.612 INFO:teuthology.orchestra.run.vm09.stdout:/usr/bin/ceph: stderr
2026-03-09T00:29:21.282+0000 7f8896ffd640 1 -- 192.168.123.109:0/3696333807 <== mgr.14118 v2:192.168.123.109:6800/3433497319 2 ==== command_reply(tid 1: 0 ) ==== 8+0+51 (secure 0 0 0) 0x7f88a8074d00 con 0x7f8880041580
2026-03-09T00:29:21.612 INFO:teuthology.orchestra.run.vm09.stdout:/usr/bin/ceph: stderr
2026-03-09T00:29:21.285+0000 7f88afda0640 1 -- 192.168.123.109:0/3696333807 >> v2:192.168.123.109:6800/3433497319 conn(0x7f8880041580 msgr2=0x7f8880043970 secure :-1 s=STATE_CONNECTION_ESTABLISHED l=1).mark_down
2026-03-09T00:29:21.613 INFO:teuthology.orchestra.run.vm09.stdout:/usr/bin/ceph: stderr
2026-03-09T00:29:21.285+0000 7f88afda0640 1 --2- 192.168.123.109:0/3696333807 >> v2:192.168.123.109:6800/3433497319 conn(0x7f8880041580 0x7f8880043970 secure :-1 s=READY pgs=2 cs=0 l=1 rev1=1 crypto rx=0x7f88a0003e00 tx=0x7f88a00073c0 comp rx=0 tx=0).stop
2026-03-09T00:29:21.613 INFO:teuthology.orchestra.run.vm09.stdout:/usr/bin/ceph: stderr
2026-03-09T00:29:21.285+0000 7f88afda0640 1 -- 192.168.123.109:0/3696333807 >> [v2:192.168.123.109:3300/0,v1:192.168.123.109:6789/0] conn(0x7f88a8113420 msgr2=0x7f88a8111b90 secure :-1 s=STATE_CONNECTION_ESTABLISHED l=1).mark_down
2026-03-09T00:29:21.613 INFO:teuthology.orchestra.run.vm09.stdout:/usr/bin/ceph: stderr
2026-03-09T00:29:21.285+0000 7f88afda0640 1 --2- 192.168.123.109:0/3696333807 >> [v2:192.168.123.109:3300/0,v1:192.168.123.109:6789/0] conn(0x7f88a8113420 0x7f88a8111b90 secure :-1 s=READY pgs=27 cs=0 l=1 rev1=1 crypto rx=0x7f88a4009660 tx=0x7f88a40375d0 comp rx=0 tx=0).stop
2026-03-09T00:29:21.613 INFO:teuthology.orchestra.run.vm09.stdout:/usr/bin/ceph: stderr
2026-03-09T00:29:21.286+0000 7f88afda0640 1 -- 192.168.123.109:0/3696333807 shutdown_connections
2026-03-09T00:29:21.613 INFO:teuthology.orchestra.run.vm09.stdout:/usr/bin/ceph: stderr
2026-03-09T00:29:21.286+0000 7f88afda0640 1 --2- 192.168.123.109:0/3696333807 >> v2:192.168.123.109:6800/3433497319 conn(0x7f8880041580 0x7f8880043970 unknown :-1 s=CLOSED pgs=2 cs=0 l=1 rev1=1 crypto rx=0 tx=0 comp rx=0 tx=0).stop
2026-03-09T00:29:21.613 INFO:teuthology.orchestra.run.vm09.stdout:/usr/bin/ceph: stderr
2026-03-09T00:29:21.286+0000 7f88afda0640 1 --2- 192.168.123.109:0/3696333807 >> v2:192.168.123.109:6800/770453877 conn(0x7f888003dc50 0x7f8880040110 unknown :-1 s=CLOSED pgs=0 cs=0 l=1 rev1=0 crypto rx=0 tx=0 comp rx=0 tx=0).stop
2026-03-09T00:29:21.613 INFO:teuthology.orchestra.run.vm09.stdout:/usr/bin/ceph: stderr
2026-03-09T00:29:21.286+0000 7f88afda0640 1 --2- 192.168.123.109:0/3696333807 >> [v2:192.168.123.109:3300/0,v1:192.168.123.109:6789/0] conn(0x7f88a8113420 0x7f88a8111b90 unknown :-1 s=CLOSED pgs=27 cs=0 l=1 rev1=1 crypto rx=0 tx=0 comp rx=0 tx=0).stop
2026-03-09T00:29:21.613 INFO:teuthology.orchestra.run.vm09.stdout:/usr/bin/ceph: stderr
2026-03-09T00:29:21.286+0000 7f88afda0640 1 -- 192.168.123.109:0/3696333807 >> 192.168.123.109:0/3696333807 conn(0x7f88a806fff0 msgr2=0x7f88a8070aa0 unknown :-1 s=STATE_NONE l=0).mark_down
2026-03-09T00:29:21.613 INFO:teuthology.orchestra.run.vm09.stdout:/usr/bin/ceph: stderr
2026-03-09T00:29:21.286+0000 7f88afda0640 1 -- 192.168.123.109:0/3696333807 shutdown_connections
2026-03-09T00:29:21.613 INFO:teuthology.orchestra.run.vm09.stdout:/usr/bin/ceph: stderr
2026-03-09T00:29:21.286+0000 7f88afda0640 1 -- 192.168.123.109:0/3696333807 wait complete.
2026-03-09T00:29:21.613 INFO:teuthology.orchestra.run.vm09.stdout:mgr epoch 5 is available
2026-03-09T00:29:21.613 INFO:teuthology.orchestra.run.vm09.stdout:Setting orchestrator backend to cephadm...
2026-03-09T00:29:21.888 INFO:teuthology.orchestra.run.vm09.stdout:/usr/bin/ceph: stderr
2026-03-09T00:29:21.735+0000 7f1cc3577640 1 Processor -- start
2026-03-09T00:29:21.888 INFO:teuthology.orchestra.run.vm09.stdout:/usr/bin/ceph: stderr
2026-03-09T00:29:21.736+0000 7f1cc3577640 1 -- start start
2026-03-09T00:29:21.888 INFO:teuthology.orchestra.run.vm09.stdout:/usr/bin/ceph: stderr
2026-03-09T00:29:21.736+0000 7f1cc3577640 1 --2- >> [v2:192.168.123.109:3300/0,v1:192.168.123.109:6789/0] conn(0x7f1cc4074510 0x7f1cc4074910 unknown :-1 s=NONE pgs=0 cs=0 l=0 rev1=0 crypto rx=0 tx=0 comp rx=0 tx=0).connect
2026-03-09T00:29:21.889 INFO:teuthology.orchestra.run.vm09.stdout:/usr/bin/ceph: stderr
2026-03-09T00:29:21.736+0000 7f1cc3577640 1 -- --> [v2:192.168.123.109:3300/0,v1:192.168.123.109:6789/0] -- mon_getmap magic: 0 -- 0x7f1cc4074ee0 con 0x7f1cc4074510
2026-03-09T00:29:21.889 INFO:teuthology.orchestra.run.vm09.stdout:/usr/bin/ceph: stderr
2026-03-09T00:29:21.736+0000 7f1cc2575640 1 --2- >> [v2:192.168.123.109:3300/0,v1:192.168.123.109:6789/0] conn(0x7f1cc4074510 0x7f1cc4074910 unknown :-1 s=BANNER_CONNECTING pgs=0 cs=0 l=0 rev1=0 crypto rx=0 tx=0 comp rx=0 tx=0)._handle_peer_banner_payload supported=3 required=0
2026-03-09T00:29:21.889 INFO:teuthology.orchestra.run.vm09.stdout:/usr/bin/ceph: stderr
2026-03-09T00:29:21.736+0000 7f1cc2575640 1 --2- >> [v2:192.168.123.109:3300/0,v1:192.168.123.109:6789/0] conn(0x7f1cc4074510 0x7f1cc4074910 unknown :-1 s=HELLO_CONNECTING pgs=0 cs=0 l=0 rev1=1 crypto rx=0 tx=0 comp rx=0 tx=0).handle_hello peer v2:192.168.123.109:3300/0 says I am v2:192.168.123.109:41428/0 (socket says 192.168.123.109:41428)
2026-03-09T00:29:21.889 INFO:teuthology.orchestra.run.vm09.stdout:/usr/bin/ceph: stderr
2026-03-09T00:29:21.736+0000 7f1cc2575640 1 -- 192.168.123.109:0/163926883 learned_addr learned my addr 192.168.123.109:0/163926883 (peer_addr_for_me v2:192.168.123.109:0/0)
2026-03-09T00:29:21.889 INFO:teuthology.orchestra.run.vm09.stdout:/usr/bin/ceph: stderr
2026-03-09T00:29:21.736+0000 7f1cc2575640 1 -- 192.168.123.109:0/163926883 --> [v2:192.168.123.109:3300/0,v1:192.168.123.109:6789/0] -- mon_subscribe({config=0+,monmap=0+}) -- 0x7f1cc4075060 con 0x7f1cc4074510
2026-03-09T00:29:21.889 INFO:teuthology.orchestra.run.vm09.stdout:/usr/bin/ceph: stderr
2026-03-09T00:29:21.737+0000 7f1cc2575640 1 --2- 192.168.123.109:0/163926883 >> [v2:192.168.123.109:3300/0,v1:192.168.123.109:6789/0] conn(0x7f1cc4074510 0x7f1cc4074910 secure :-1 s=READY pgs=35 cs=0 l=1 rev1=1 crypto rx=0x7f1cb4008970 tx=0x7f1cb40312f0 comp rx=0 tx=0).ready entity=mon.0 client_cookie=75820a2e82ce7db8 server_cookie=0 in_seq=0 out_seq=0
2026-03-09T00:29:21.889 INFO:teuthology.orchestra.run.vm09.stdout:/usr/bin/ceph: stderr
2026-03-09T00:29:21.737+0000 7f1cc1573640 1 -- 192.168.123.109:0/163926883 <== mon.0 v2:192.168.123.109:3300/0 1 ==== mon_map magic: 0 ==== 205+0+0 (secure 0 0 0) 0x7f1cb4037070 con 0x7f1cc4074510
2026-03-09T00:29:21.889 INFO:teuthology.orchestra.run.vm09.stdout:/usr/bin/ceph: stderr
2026-03-09T00:29:21.737+0000 7f1cc1573640 1 -- 192.168.123.109:0/163926883 <== mon.0 v2:192.168.123.109:3300/0 2 ==== config(25 keys) ==== 998+0+0 (secure 0 0 0) 0x7f1cb4031e30 con 0x7f1cc4074510
2026-03-09T00:29:21.889 INFO:teuthology.orchestra.run.vm09.stdout:/usr/bin/ceph: stderr
2026-03-09T00:29:21.738+0000 7f1cc3577640 1 -- 192.168.123.109:0/163926883 >> [v2:192.168.123.109:3300/0,v1:192.168.123.109:6789/0] conn(0x7f1cc4074510 msgr2=0x7f1cc4074910 secure :-1 s=STATE_CONNECTION_ESTABLISHED l=1).mark_down
2026-03-09T00:29:21.889 INFO:teuthology.orchestra.run.vm09.stdout:/usr/bin/ceph: stderr
2026-03-09T00:29:21.738+0000 7f1cc3577640 1 --2- 192.168.123.109:0/163926883 >> [v2:192.168.123.109:3300/0,v1:192.168.123.109:6789/0] conn(0x7f1cc4074510 0x7f1cc4074910 secure :-1 s=READY pgs=35 cs=0 l=1 rev1=1 crypto rx=0x7f1cb4008970 tx=0x7f1cb40312f0 comp rx=0 tx=0).stop
2026-03-09T00:29:21.889 INFO:teuthology.orchestra.run.vm09.stdout:/usr/bin/ceph: stderr
2026-03-09T00:29:21.738+0000 7f1cc3577640 1 -- 192.168.123.109:0/163926883 shutdown_connections
2026-03-09T00:29:21.889 INFO:teuthology.orchestra.run.vm09.stdout:/usr/bin/ceph: stderr
2026-03-09T00:29:21.738+0000 7f1cc3577640 1 --2- 192.168.123.109:0/163926883 >> [v2:192.168.123.109:3300/0,v1:192.168.123.109:6789/0] conn(0x7f1cc4074510 0x7f1cc4074910 unknown :-1 s=CLOSED pgs=35 cs=0 l=1 rev1=1 crypto rx=0 tx=0 comp rx=0 tx=0).stop
2026-03-09T00:29:21.889 INFO:teuthology.orchestra.run.vm09.stdout:/usr/bin/ceph: stderr
2026-03-09T00:29:21.738+0000 7f1cc3577640 1 -- 192.168.123.109:0/163926883 >> 192.168.123.109:0/163926883 conn(0x7f1cc406fe30 msgr2=0x7f1cc40722b0 unknown :-1 s=STATE_NONE l=0).mark_down
2026-03-09T00:29:21.889 INFO:teuthology.orchestra.run.vm09.stdout:/usr/bin/ceph: stderr
2026-03-09T00:29:21.738+0000 7f1cc3577640 1 -- 192.168.123.109:0/163926883 shutdown_connections
2026-03-09T00:29:21.889 INFO:teuthology.orchestra.run.vm09.stdout:/usr/bin/ceph: stderr
2026-03-09T00:29:21.738+0000 7f1cc3577640 1 -- 192.168.123.109:0/163926883 wait complete.
2026-03-09T00:29:21.889 INFO:teuthology.orchestra.run.vm09.stdout:/usr/bin/ceph: stderr
2026-03-09T00:29:21.738+0000 7f1cc3577640 1 Processor -- start
2026-03-09T00:29:21.889 INFO:teuthology.orchestra.run.vm09.stdout:/usr/bin/ceph: stderr
2026-03-09T00:29:21.738+0000 7f1cc3577640 1 -- start start
2026-03-09T00:29:21.889 INFO:teuthology.orchestra.run.vm09.stdout:/usr/bin/ceph: stderr
2026-03-09T00:29:21.738+0000 7f1cc3577640 1 --2- >> [v2:192.168.123.109:3300/0,v1:192.168.123.109:6789/0] conn(0x7f1cc4086cc0 0x7f1cc40870e0 unknown :-1 s=NONE pgs=0 cs=0 l=1 rev1=0 crypto rx=0 tx=0 comp rx=0 tx=0).connect
2026-03-09T00:29:21.889 INFO:teuthology.orchestra.run.vm09.stdout:/usr/bin/ceph: stderr
2026-03-09T00:29:21.738+0000 7f1cc3577640 1 -- --> [v2:192.168.123.109:3300/0,v1:192.168.123.109:6789/0] -- mon_getmap magic: 0 -- 0x7f1cc4079cd0 con 0x7f1cc4086cc0
2026-03-09T00:29:21.889 INFO:teuthology.orchestra.run.vm09.stdout:/usr/bin/ceph: stderr
2026-03-09T00:29:21.739+0000 7f1cc2575640 1 --2- >> [v2:192.168.123.109:3300/0,v1:192.168.123.109:6789/0] conn(0x7f1cc4086cc0 0x7f1cc40870e0 unknown :-1 s=BANNER_CONNECTING pgs=0 cs=0 l=1 rev1=0 crypto rx=0 tx=0 comp rx=0 tx=0)._handle_peer_banner_payload supported=3 required=0
2026-03-09T00:29:21.889 INFO:teuthology.orchestra.run.vm09.stdout:/usr/bin/ceph: stderr
2026-03-09T00:29:21.739+0000 7f1cc2575640 1 --2- >> [v2:192.168.123.109:3300/0,v1:192.168.123.109:6789/0] conn(0x7f1cc4086cc0 0x7f1cc40870e0 unknown :-1 s=HELLO_CONNECTING pgs=0 cs=0 l=1 rev1=1 crypto rx=0 tx=0 comp rx=0 tx=0).handle_hello peer v2:192.168.123.109:3300/0 says I am v2:192.168.123.109:41434/0 (socket says 192.168.123.109:41434)
2026-03-09T00:29:21.889 INFO:teuthology.orchestra.run.vm09.stdout:/usr/bin/ceph: stderr
2026-03-09T00:29:21.739+0000 7f1cc2575640 1 -- 192.168.123.109:0/3281276456 learned_addr learned my addr 192.168.123.109:0/3281276456 (peer_addr_for_me v2:192.168.123.109:0/0)
2026-03-09T00:29:21.889 INFO:teuthology.orchestra.run.vm09.stdout:/usr/bin/ceph: stderr
2026-03-09T00:29:21.739+0000 7f1cc2575640 1 -- 192.168.123.109:0/3281276456 --> [v2:192.168.123.109:3300/0,v1:192.168.123.109:6789/0] -- mon_subscribe({config=0+,monmap=0+}) -- 0x7f1cc408a1c0 con 0x7f1cc4086cc0
2026-03-09T00:29:21.889 INFO:teuthology.orchestra.run.vm09.stdout:/usr/bin/ceph: stderr
2026-03-09T00:29:21.739+0000 7f1cc2575640 1 --2- 192.168.123.109:0/3281276456 >> [v2:192.168.123.109:3300/0,v1:192.168.123.109:6789/0] conn(0x7f1cc4086cc0 0x7f1cc40870e0 secure :-1 s=READY pgs=36 cs=0 l=1 rev1=1 crypto rx=0x7f1cb4008aa0 tx=0x7f1cb403ae10 comp rx=0 tx=0).ready entity=mon.0 client_cookie=0 server_cookie=0 in_seq=0 out_seq=0
2026-03-09T00:29:21.889 INFO:teuthology.orchestra.run.vm09.stdout:/usr/bin/ceph: stderr
2026-03-09T00:29:21.739+0000 7f1cb37fe640 1 -- 192.168.123.109:0/3281276456 <== mon.0 v2:192.168.123.109:3300/0 1 ==== mon_map magic: 0 ==== 205+0+0 (secure 0 0 0) 0x7f1cb4037050 con 0x7f1cc4086cc0
2026-03-09T00:29:21.889 INFO:teuthology.orchestra.run.vm09.stdout:/usr/bin/ceph: stderr
2026-03-09T00:29:21.739+0000 7f1cc3577640 1 -- 192.168.123.109:0/3281276456 --> [v2:192.168.123.109:3300/0,v1:192.168.123.109:6789/0] -- mon_subscribe({mgrmap=0+}) -- 0x7f1cc4087620 con 0x7f1cc4086cc0
2026-03-09T00:29:21.889 INFO:teuthology.orchestra.run.vm09.stdout:/usr/bin/ceph: stderr
2026-03-09T00:29:21.739+0000 7f1cc3577640 1 -- 192.168.123.109:0/3281276456 --> [v2:192.168.123.109:3300/0,v1:192.168.123.109:6789/0] -- mon_subscribe({osdmap=0}) -- 0x7f1cc41b7600 con 0x7f1cc4086cc0
2026-03-09T00:29:21.889 INFO:teuthology.orchestra.run.vm09.stdout:/usr/bin/ceph: stderr
2026-03-09T00:29:21.740+0000 7f1cb37fe640 1 -- 192.168.123.109:0/3281276456 <== mon.0 v2:192.168.123.109:3300/0 2 ==== config(25 keys) ==== 998+0+0 (secure 0 0 0) 0x7f1cb4003d70 con 0x7f1cc4086cc0
2026-03-09T00:29:21.889 INFO:teuthology.orchestra.run.vm09.stdout:/usr/bin/ceph: stderr
2026-03-09T00:29:21.740+0000 7f1cb37fe640 1 -- 192.168.123.109:0/3281276456 <== mon.0 v2:192.168.123.109:3300/0 3 ==== mon_map magic: 0 ==== 205+0+0 (secure 0 0 0) 0x7f1cb4045c60 con 0x7f1cc4086cc0
2026-03-09T00:29:21.889 INFO:teuthology.orchestra.run.vm09.stdout:/usr/bin/ceph: stderr
2026-03-09T00:29:21.740+0000 7f1cc3577640 1 -- 192.168.123.109:0/3281276456 --> [v2:192.168.123.109:3300/0,v1:192.168.123.109:6789/0] -- mon_command({"prefix": "get_command_descriptions"} v 0) -- 0x7f1cc4074510 con 0x7f1cc4086cc0
2026-03-09T00:29:21.889 INFO:teuthology.orchestra.run.vm09.stdout:/usr/bin/ceph: stderr
2026-03-09T00:29:21.741+0000 7f1cb37fe640 1 -- 192.168.123.109:0/3281276456 <== mon.0 v2:192.168.123.109:3300/0 4 ==== mgrmap(e 7) ==== 50106+0+0 (secure 0 0 0) 0x7f1cb404f440 con 0x7f1cc4086cc0
2026-03-09T00:29:21.889 INFO:teuthology.orchestra.run.vm09.stdout:/usr/bin/ceph: stderr
2026-03-09T00:29:21.741+0000 7f1cb37fe640 1 --2- 192.168.123.109:0/3281276456 >> v2:192.168.123.109:6800/3433497319 conn(0x7f1ca803db30 0x7f1ca803fff0 unknown :-1 s=NONE pgs=0 cs=0 l=1 rev1=0 crypto rx=0 tx=0 comp rx=0 tx=0).connect
2026-03-09T00:29:21.889 INFO:teuthology.orchestra.run.vm09.stdout:/usr/bin/ceph: stderr
2026-03-09T00:29:21.741+0000 7f1cb37fe640 1 -- 192.168.123.109:0/3281276456 <== mon.0 v2:192.168.123.109:3300/0 5 ==== osd_map(2..2 src has 1..2) ==== 897+0+0 (secure 0 0 0) 0x7f1cb4078ed0 con 0x7f1cc4086cc0
2026-03-09T00:29:21.889 INFO:teuthology.orchestra.run.vm09.stdout:/usr/bin/ceph: stderr
2026-03-09T00:29:21.744+0000 7f1cc1d74640 1 --2- 192.168.123.109:0/3281276456 >> v2:192.168.123.109:6800/3433497319 conn(0x7f1ca803db30 0x7f1ca803fff0 unknown :-1 s=BANNER_CONNECTING pgs=0 cs=0 l=1 rev1=0 crypto rx=0 tx=0 comp rx=0 tx=0)._handle_peer_banner_payload supported=3 required=0
2026-03-09T00:29:21.889 INFO:teuthology.orchestra.run.vm09.stdout:/usr/bin/ceph: stderr
