2026-03-09T00:29:27.508+0000 7f9bc612d640 1 --2- 192.168.123.109:0/608349928 >> [v2:192.168.123.109:3300/0,v1:192.168.123.109:6789/0] conn(0x7f9bc0074bd0 0x7f9bc01132f0 secure :-1 s=READY pgs=54 cs=0 l=1 rev1=1 crypto rx=0x7f9bbc0386a0 tx=0x7f9bbc0386d0 comp rx=0 tx=0).stop
2026-03-09T00:29:27.607 INFO:teuthology.orchestra.run.vm09.stdout:/usr/bin/ceph: stderr
2026-03-09T00:29:27.508+0000 7f9bc612d640 1 -- 192.168.123.109:0/608349928 shutdown_connections
2026-03-09T00:29:27.607 INFO:teuthology.orchestra.run.vm09.stdout:/usr/bin/ceph: stderr
2026-03-09T00:29:27.508+0000 7f9bc612d640 1 --2- 192.168.123.109:0/608349928 >> v2:192.168.123.109:6800/3433497319 conn(0x7f9b9803dcd0 0x7f9b98040190 unknown :-1 s=CLOSED pgs=16 cs=0 l=1 rev1=1 crypto rx=0 tx=0 comp rx=0 tx=0).stop
2026-03-09T00:29:27.608 INFO:teuthology.orchestra.run.vm09.stdout:/usr/bin/ceph: stderr
2026-03-09T00:29:27.509+0000 7f9bc612d640 1 --2- 192.168.123.109:0/608349928 >> [v2:192.168.123.109:3300/0,v1:192.168.123.109:6789/0] conn(0x7f9bc0074bd0 0x7f9bc01132f0 unknown :-1 s=CLOSED pgs=54 cs=0 l=1 rev1=1 crypto rx=0 tx=0 comp rx=0 tx=0).stop
2026-03-09T00:29:27.608 INFO:teuthology.orchestra.run.vm09.stdout:/usr/bin/ceph: stderr
2026-03-09T00:29:27.509+0000 7f9bc612d640 1 -- 192.168.123.109:0/608349928 >> 192.168.123.109:0/608349928 conn(0x7f9bc006fe30 msgr2=0x7f9bc0070ba0 unknown :-1 s=STATE_NONE l=0).mark_down
2026-03-09T00:29:27.608 INFO:teuthology.orchestra.run.vm09.stdout:/usr/bin/ceph: stderr
2026-03-09T00:29:27.509+0000 7f9bc612d640 1 -- 192.168.123.109:0/608349928 shutdown_connections
2026-03-09T00:29:27.608 INFO:teuthology.orchestra.run.vm09.stdout:/usr/bin/ceph: stderr
2026-03-09T00:29:27.509+0000 7f9bc612d640 1 -- 192.168.123.109:0/608349928 wait complete.
2026-03-09T00:29:27.819 INFO:journalctl@ceph.mgr.y.vm09.stdout:Mar 09 00:29:27 vm09 ceph-c172d940-1b4e-11f1-be3e-fb1b568ebce1-mgr-y[49665]: ignoring --setuser ceph since I am not root
2026-03-09T00:29:27.819 INFO:journalctl@ceph.mgr.y.vm09.stdout:Mar 09 00:29:27 vm09 ceph-c172d940-1b4e-11f1-be3e-fb1b568ebce1-mgr-y[49665]: ignoring --setgroup ceph since I am not root
2026-03-09T00:29:27.819 INFO:journalctl@ceph.mgr.y.vm09.stdout:Mar 09 00:29:27 vm09 ceph-c172d940-1b4e-11f1-be3e-fb1b568ebce1-mgr-y[49665]:
2026-03-09T00:29:27.671+0000 7fcb2139c140 -1 mgr[py] Module alerts has missing NOTIFY_TYPES member
2026-03-09T00:29:27.819 INFO:journalctl@ceph.mgr.y.vm09.stdout:Mar 09 00:29:27 vm09 ceph-c172d940-1b4e-11f1-be3e-fb1b568ebce1-mgr-y[49665]:
2026-03-09T00:29:27.712+0000 7fcb2139c140 -1 mgr[py] Module balancer has missing NOTIFY_TYPES member
2026-03-09T00:29:28.213 INFO:teuthology.orchestra.run.vm09.stdout:/usr/bin/ceph: stdout {
2026-03-09T00:29:28.213 INFO:teuthology.orchestra.run.vm09.stdout:/usr/bin/ceph: stdout "epoch": 9,
2026-03-09T00:29:28.213 INFO:teuthology.orchestra.run.vm09.stdout:/usr/bin/ceph: stdout "available": true,
2026-03-09T00:29:28.213 INFO:teuthology.orchestra.run.vm09.stdout:/usr/bin/ceph: stdout "active_name": "y",
2026-03-09T00:29:28.213 INFO:teuthology.orchestra.run.vm09.stdout:/usr/bin/ceph: stdout "num_standby": 0
2026-03-09T00:29:28.213 INFO:teuthology.orchestra.run.vm09.stdout:/usr/bin/ceph: stdout }
2026-03-09T00:29:28.213 INFO:teuthology.orchestra.run.vm09.stdout:/usr/bin/ceph: stderr
2026-03-09T00:29:27.984+0000 7f38d4d9d640 1 Processor -- start
2026-03-09T00:29:28.213 INFO:teuthology.orchestra.run.vm09.stdout:/usr/bin/ceph: stderr
2026-03-09T00:29:27.985+0000 7f38d4d9d640 1 -- start start
2026-03-09T00:29:28.213 INFO:teuthology.orchestra.run.vm09.stdout:/usr/bin/ceph: stderr
2026-03-09T00:29:27.985+0000 7f38d4d9d640 1 --2- >> [v2:192.168.123.109:3300/0,v1:192.168.123.109:6789/0] conn(0x7f38d0074c00 0x7f38d0075000 unknown :-1 s=NONE pgs=0 cs=0 l=0 rev1=0 crypto rx=0 tx=0 comp rx=0 tx=0).connect
2026-03-09T00:29:28.213 INFO:teuthology.orchestra.run.vm09.stdout:/usr/bin/ceph: stderr
2026-03-09T00:29:27.985+0000 7f38d4d9d640 1 -- --> [v2:192.168.123.109:3300/0,v1:192.168.123.109:6789/0] -- mon_getmap magic: 0 -- 0x7f38d00755d0 con 0x7f38d0074c00
2026-03-09T00:29:28.213 INFO:teuthology.orchestra.run.vm09.stdout:/usr/bin/ceph: stderr
2026-03-09T00:29:27.986+0000 7f38ce575640 1 --2- >> [v2:192.168.123.109:3300/0,v1:192.168.123.109:6789/0] conn(0x7f38d0074c00 0x7f38d0075000 unknown :-1 s=BANNER_CONNECTING pgs=0 cs=0 l=0 rev1=0 crypto rx=0 tx=0 comp rx=0 tx=0)._handle_peer_banner_payload supported=3 required=0
2026-03-09T00:29:28.213 INFO:teuthology.orchestra.run.vm09.stdout:/usr/bin/ceph: stderr
2026-03-09T00:29:27.986+0000 7f38ce575640 1 --2- >> [v2:192.168.123.109:3300/0,v1:192.168.123.109:6789/0] conn(0x7f38d0074c00 0x7f38d0075000 unknown :-1 s=HELLO_CONNECTING pgs=0 cs=0 l=0 rev1=1 crypto rx=0 tx=0 comp rx=0 tx=0).handle_hello peer v2:192.168.123.109:3300/0 says I am v2:192.168.123.109:41654/0 (socket says 192.168.123.109:41654)
2026-03-09T00:29:28.213 INFO:teuthology.orchestra.run.vm09.stdout:/usr/bin/ceph: stderr
2026-03-09T00:29:27.986+0000 7f38ce575640 1 -- 192.168.123.109:0/968668084 learned_addr learned my addr 192.168.123.109:0/968668084 (peer_addr_for_me v2:192.168.123.109:0/0)
2026-03-09T00:29:28.213 INFO:teuthology.orchestra.run.vm09.stdout:/usr/bin/ceph: stderr
2026-03-09T00:29:27.986+0000 7f38ce575640 1 -- 192.168.123.109:0/968668084 --> [v2:192.168.123.109:3300/0,v1:192.168.123.109:6789/0] -- mon_subscribe({config=0+,monmap=0+}) -- 0x7f38d010e4f0 con 0x7f38d0074c00
2026-03-09T00:29:28.213 INFO:teuthology.orchestra.run.vm09.stdout:/usr/bin/ceph: stderr
2026-03-09T00:29:27.987+0000 7f38ce575640 1 --2- 192.168.123.109:0/968668084 >> [v2:192.168.123.109:3300/0,v1:192.168.123.109:6789/0] conn(0x7f38d0074c00 0x7f38d0075000 secure :-1 s=READY pgs=57 cs=0 l=1 rev1=1 crypto rx=0x7f38c0009530 tx=0x7f38c00301d0 comp rx=0 tx=0).ready entity=mon.0 client_cookie=bf98ebe322ec6bfc server_cookie=0 in_seq=0 out_seq=0
2026-03-09T00:29:28.214 INFO:teuthology.orchestra.run.vm09.stdout:/usr/bin/ceph: stderr
2026-03-09T00:29:27.987+0000 7f38cd573640 1 -- 192.168.123.109:0/968668084 <== mon.0 v2:192.168.123.109:3300/0 1 ==== mon_map magic: 0 ==== 205+0+0 (secure 0 0 0) 0x7f38c003d070 con 0x7f38d0074c00
2026-03-09T00:29:28.214 INFO:teuthology.orchestra.run.vm09.stdout:/usr/bin/ceph: stderr
2026-03-09T00:29:27.987+0000 7f38cd573640 1 -- 192.168.123.109:0/968668084 <== mon.0 v2:192.168.123.109:3300/0 2 ==== config(25 keys) ==== 1029+0+0 (secure 0 0 0) 0x7f38c0030d90 con 0x7f38d0074c00
2026-03-09T00:29:28.214 INFO:teuthology.orchestra.run.vm09.stdout:/usr/bin/ceph: stderr
2026-03-09T00:29:27.988+0000 7f38d4d9d640 1 -- 192.168.123.109:0/968668084 >> [v2:192.168.123.109:3300/0,v1:192.168.123.109:6789/0] conn(0x7f38d0074c00 msgr2=0x7f38d0075000 secure :-1 s=STATE_CONNECTION_ESTABLISHED l=1).mark_down
2026-03-09T00:29:28.214 INFO:teuthology.orchestra.run.vm09.stdout:/usr/bin/ceph: stderr
2026-03-09T00:29:27.988+0000 7f38d4d9d640 1 --2- 192.168.123.109:0/968668084 >> [v2:192.168.123.109:3300/0,v1:192.168.123.109:6789/0] conn(0x7f38d0074c00 0x7f38d0075000 secure :-1 s=READY pgs=57 cs=0 l=1 rev1=1 crypto rx=0x7f38c0009530 tx=0x7f38c00301d0 comp rx=0 tx=0).stop
2026-03-09T00:29:28.214 INFO:teuthology.orchestra.run.vm09.stdout:/usr/bin/ceph: stderr
2026-03-09T00:29:27.989+0000 7f38d4d9d640 1 -- 192.168.123.109:0/968668084 shutdown_connections
2026-03-09T00:29:28.214 INFO:teuthology.orchestra.run.vm09.stdout:/usr/bin/ceph: stderr
2026-03-09T00:29:27.989+0000 7f38d4d9d640 1 --2- 192.168.123.109:0/968668084 >> [v2:192.168.123.109:3300/0,v1:192.168.123.109:6789/0] conn(0x7f38d0074c00 0x7f38d0075000 unknown :-1 s=CLOSED pgs=57 cs=0 l=1 rev1=1 crypto rx=0 tx=0 comp rx=0 tx=0).stop
2026-03-09T00:29:28.214 INFO:teuthology.orchestra.run.vm09.stdout:/usr/bin/ceph: stderr
2026-03-09T00:29:27.989+0000 7f38d4d9d640 1 -- 192.168.123.109:0/968668084 >> 192.168.123.109:0/968668084 conn(0x7f38d006fe80 msgr2=0x7f38d00722e0 unknown :-1 s=STATE_NONE l=0).mark_down
2026-03-09T00:29:28.214 INFO:teuthology.orchestra.run.vm09.stdout:/usr/bin/ceph: stderr
2026-03-09T00:29:27.989+0000 7f38d4d9d640 1 -- 192.168.123.109:0/968668084 shutdown_connections
2026-03-09T00:29:28.214 INFO:teuthology.orchestra.run.vm09.stdout:/usr/bin/ceph: stderr
2026-03-09T00:29:27.989+0000 7f38d4d9d640 1 -- 192.168.123.109:0/968668084 wait complete.
2026-03-09T00:29:28.214 INFO:teuthology.orchestra.run.vm09.stdout:/usr/bin/ceph: stderr
2026-03-09T00:29:27.989+0000 7f38d4d9d640 1 Processor -- start
2026-03-09T00:29:28.214 INFO:teuthology.orchestra.run.vm09.stdout:/usr/bin/ceph: stderr
2026-03-09T00:29:27.989+0000 7f38d4d9d640 1 -- start start
2026-03-09T00:29:28.214 INFO:teuthology.orchestra.run.vm09.stdout:/usr/bin/ceph: stderr
2026-03-09T00:29:27.990+0000 7f38d4d9d640 1 --2- >> [v2:192.168.123.109:3300/0,v1:192.168.123.109:6789/0] conn(0x7f38d0074c00 0x7f38d01a2d10 unknown :-1 s=NONE pgs=0 cs=0 l=1 rev1=0 crypto rx=0 tx=0 comp rx=0 tx=0).connect
2026-03-09T00:29:28.214 INFO:teuthology.orchestra.run.vm09.stdout:/usr/bin/ceph: stderr
2026-03-09T00:29:27.990+0000 7f38d4d9d640 1 -- --> [v2:192.168.123.109:3300/0,v1:192.168.123.109:6789/0] -- mon_getmap magic: 0 -- 0x7f38d010f020 con 0x7f38d0074c00
2026-03-09T00:29:28.214 INFO:teuthology.orchestra.run.vm09.stdout:/usr/bin/ceph: stderr
2026-03-09T00:29:27.990+0000 7f38ce575640 1 --2- >> [v2:192.168.123.109:3300/0,v1:192.168.123.109:6789/0] conn(0x7f38d0074c00 0x7f38d01a2d10 unknown :-1 s=BANNER_CONNECTING pgs=0 cs=0 l=1 rev1=0 crypto rx=0 tx=0 comp rx=0 tx=0)._handle_peer_banner_payload supported=3 required=0
2026-03-09T00:29:28.214 INFO:teuthology.orchestra.run.vm09.stdout:/usr/bin/ceph: stderr
2026-03-09T00:29:27.990+0000 7f38ce575640 1 --2- >> [v2:192.168.123.109:3300/0,v1:192.168.123.109:6789/0] conn(0x7f38d0074c00 0x7f38d01a2d10 unknown :-1 s=HELLO_CONNECTING pgs=0 cs=0 l=1 rev1=1 crypto rx=0 tx=0 comp rx=0 tx=0).handle_hello peer v2:192.168.123.109:3300/0 says I am v2:192.168.123.109:41658/0 (socket says 192.168.123.109:41658)
2026-03-09T00:29:28.214 INFO:teuthology.orchestra.run.vm09.stdout:/usr/bin/ceph: stderr
2026-03-09T00:29:27.990+0000 7f38ce575640 1 -- 192.168.123.109:0/332456864 learned_addr learned my addr 192.168.123.109:0/332456864 (peer_addr_for_me v2:192.168.123.109:0/0)
2026-03-09T00:29:28.214 INFO:teuthology.orchestra.run.vm09.stdout:/usr/bin/ceph: stderr
2026-03-09T00:29:27.990+0000 7f38ce575640 1 -- 192.168.123.109:0/332456864 --> [v2:192.168.123.109:3300/0,v1:192.168.123.109:6789/0] -- mon_subscribe({config=0+,monmap=0+}) -- 0x7f38d01a3250 con 0x7f38d0074c00
2026-03-09T00:29:28.214 INFO:teuthology.orchestra.run.vm09.stdout:/usr/bin/ceph: stderr
2026-03-09T00:29:27.991+0000 7f38ce575640 1 --2- 192.168.123.109:0/332456864 >> [v2:192.168.123.109:3300/0,v1:192.168.123.109:6789/0] conn(0x7f38d0074c00 0x7f38d01a2d10 secure :-1 s=READY pgs=58 cs=0 l=1 rev1=1 crypto rx=0x7f38c0038930 tx=0x7f38c0038960 comp rx=0 tx=0).ready entity=mon.0 client_cookie=0 server_cookie=0 in_seq=0 out_seq=0
2026-03-09T00:29:28.214 INFO:teuthology.orchestra.run.vm09.stdout:/usr/bin/ceph: stderr
2026-03-09T00:29:27.992+0000 7f38bf7fe640 1 -- 192.168.123.109:0/332456864 <== mon.0 v2:192.168.123.109:3300/0 1 ==== mon_map magic: 0 ==== 205+0+0 (secure 0 0 0) 0x7f38c0046070 con 0x7f38d0074c00
2026-03-09T00:29:28.215 INFO:teuthology.orchestra.run.vm09.stdout:/usr/bin/ceph: stderr
2026-03-09T00:29:27.992+0000 7f38d4d9d640 1 -- 192.168.123.109:0/332456864 --> [v2:192.168.123.109:3300/0,v1:192.168.123.109:6789/0] -- mon_subscribe({mgrmap=0+}) -- 0x7f38d01a34e0 con 0x7f38d0074c00
2026-03-09T00:29:28.215 INFO:teuthology.orchestra.run.vm09.stdout:/usr/bin/ceph: stderr
2026-03-09T00:29:27.992+0000 7f38d4d9d640 1 -- 192.168.123.109:0/332456864 --> [v2:192.168.123.109:3300/0,v1:192.168.123.109:6789/0] -- mon_subscribe({osdmap=0}) -- 0x7f38d01a3940 con 0x7f38d0074c00
2026-03-09T00:29:28.215 INFO:teuthology.orchestra.run.vm09.stdout:/usr/bin/ceph: stderr
2026-03-09T00:29:27.993+0000 7f38bf7fe640 1 -- 192.168.123.109:0/332456864 <== mon.0 v2:192.168.123.109:3300/0 2 ==== config(25 keys) ==== 1029+0+0 (secure 0 0 0) 0x7f38c0041880 con 0x7f38d0074c00
2026-03-09T00:29:28.215 INFO:teuthology.orchestra.run.vm09.stdout:/usr/bin/ceph: stderr
2026-03-09T00:29:27.993+0000 7f38bf7fe640 1 -- 192.168.123.109:0/332456864 <== mon.0 v2:192.168.123.109:3300/0 3 ==== mon_map magic: 0 ==== 205+0+0 (secure 0 0 0) 0x7f38c003d030 con 0x7f38d0074c00
2026-03-09T00:29:28.215 INFO:teuthology.orchestra.run.vm09.stdout:/usr/bin/ceph: stderr
2026-03-09T00:29:27.994+0000 7f38bf7fe640 1 -- 192.168.123.109:0/332456864 <== mon.0 v2:192.168.123.109:3300/0 4 ==== mgrmap(e 9) ==== 50225+0+0 (secure 0 0 0) 0x7f38c00376e0 con 0x7f38d0074c00
2026-03-09T00:29:28.215 INFO:teuthology.orchestra.run.vm09.stdout:/usr/bin/ceph: stderr
2026-03-09T00:29:27.994+0000 7f38bf7fe640 1 --2- 192.168.123.109:0/332456864 >> v2:192.168.123.109:6800/3433497319 conn(0x7f38a803dcf0 0x7f38a80401b0 unknown :-1 s=NONE pgs=0 cs=0 l=1 rev1=0 crypto rx=0 tx=0 comp rx=0 tx=0).connect
2026-03-09T00:29:28.215 INFO:teuthology.orchestra.run.vm09.stdout:/usr/bin/ceph: stderr
2026-03-09T00:29:27.994+0000 7f38cdd74640 1 -- 192.168.123.109:0/332456864 >> v2:192.168.123.109:6800/3433497319 conn(0x7f38a803dcf0 msgr2=0x7f38a80401b0 unknown :-1 s=STATE_CONNECTING_RE l=1).process reconnect failed to v2:192.168.123.109:6800/3433497319
2026-03-09T00:29:28.215 INFO:teuthology.orchestra.run.vm09.stdout:/usr/bin/ceph: stderr
2026-03-09T00:29:27.994+0000 7f38cdd74640 1 --2- 192.168.123.109:0/332456864 >> v2:192.168.123.109:6800/3433497319 conn(0x7f38a803dcf0 0x7f38a80401b0 unknown :-1 s=START_CONNECT pgs=0 cs=0 l=1 rev1=0 crypto rx=0 tx=0 comp rx=0 tx=0)._fault waiting 0.200000
2026-03-09T00:29:28.215 INFO:teuthology.orchestra.run.vm09.stdout:/usr/bin/ceph: stderr
2026-03-09T00:29:27.994+0000 7f38bf7fe640 1 -- 192.168.123.109:0/332456864 <== mon.0 v2:192.168.123.109:3300/0 5 ==== osd_map(2..2 src has 1..2) ==== 897+0+0 (secure 0 0 0) 0x7f38c003e070 con 0x7f38d0074c00
2026-03-09T00:29:28.215 INFO:teuthology.orchestra.run.vm09.stdout:/usr/bin/ceph: stderr
2026-03-09T00:29:27.995+0000 7f38d4d9d640 1 -- 192.168.123.109:0/332456864 --> [v2:192.168.123.109:3300/0,v1:192.168.123.109:6789/0] -- mon_command({"prefix": "get_command_descriptions"} v 0) -- 0x7f3894005180 con 0x7f38d0074c00
2026-03-09T00:29:28.215 INFO:teuthology.orchestra.run.vm09.stdout:/usr/bin/ceph: stderr
2026-03-09T00:29:27.998+0000 7f38bf7fe640 1 -- 192.168.123.109:0/332456864 <== mon.0 v2:192.168.123.109:3300/0 6 ==== mon_command_ack([{"prefix": "get_command_descriptions"}]=0 v0) ==== 72+0+195034 (secure 0 0 0) 0x7f38c0076ef0 con 0x7f38d0074c00
2026-03-09T00:29:28.215 INFO:teuthology.orchestra.run.vm09.stdout:/usr/bin/ceph: stderr
2026-03-09T00:29:28.122+0000 7f38d4d9d640 1 -- 192.168.123.109:0/332456864 --> [v2:192.168.123.109:3300/0,v1:192.168.123.109:6789/0] -- mon_command({"prefix": "mgr stat"} v 0) -- 0x7f3894005c80 con 0x7f38d0074c00
2026-03-09T00:29:28.215 INFO:teuthology.orchestra.run.vm09.stdout:/usr/bin/ceph: stderr
2026-03-09T00:29:28.123+0000 7f38bf7fe640 1 -- 192.168.123.109:0/332456864 <== mon.0 v2:192.168.123.109:3300/0 7 ==== mon_command_ack([{"prefix": "mgr stat"}]=0 v9) ==== 56+0+88 (secure 0 0 0) 0x7f38c0041d30 con 0x7f38d0074c00
2026-03-09T00:29:28.215 INFO:teuthology.orchestra.run.vm09.stdout:/usr/bin/ceph: stderr
2026-03-09T00:29:28.128+0000 7f38bd7fa640 1 -- 192.168.123.109:0/332456864 >> v2:192.168.123.109:6800/3433497319 conn(0x7f38a803dcf0 msgr2=0x7f38a80401b0 unknown :-1 s=STATE_CONNECTING l=1).mark_down
2026-03-09T00:29:28.215 INFO:teuthology.orchestra.run.vm09.stdout:/usr/bin/ceph: stderr
2026-03-09T00:29:28.128+0000 7f38bd7fa640 1 --2- 192.168.123.109:0/332456864 >> v2:192.168.123.109:6800/3433497319 conn(0x7f38a803dcf0 0x7f38a80401b0 unknown :-1 s=START_CONNECT pgs=0 cs=0 l=1 rev1=0 crypto rx=0 tx=0 comp rx=0 tx=0).stop
2026-03-09T00:29:28.215 INFO:teuthology.orchestra.run.vm09.stdout:/usr/bin/ceph: stderr
2026-03-09T00:29:28.128+0000 7f38bd7fa640 1 -- 192.168.123.109:0/332456864 >> [v2:192.168.123.109:3300/0,v1:192.168.123.109:6789/0] conn(0x7f38d0074c00 msgr2=0x7f38d01a2d10 secure :-1 s=STATE_CONNECTION_ESTABLISHED l=1).mark_down
2026-03-09T00:29:28.215 INFO:teuthology.orchestra.run.vm09.stdout:/usr/bin/ceph: stderr
2026-03-09T00:29:28.128+0000 7f38bd7fa640 1 --2- 192.168.123.109:0/332456864 >> [v2:192.168.123.109:3300/0,v1:192.168.123.109:6789/0] conn(0x7f38d0074c00 0x7f38d01a2d10 secure :-1 s=READY pgs=58 cs=0 l=1 rev1=1 crypto rx=0x7f38c0038930 tx=0x7f38c0038960 comp rx=0 tx=0).stop
2026-03-09T00:29:28.215 INFO:teuthology.orchestra.run.vm09.stdout:/usr/bin/ceph: stderr
2026-03-09T00:29:28.128+0000 7f38bd7fa640 1 -- 192.168.123.109:0/332456864 shutdown_connections
2026-03-09T00:29:28.215 INFO:teuthology.orchestra.run.vm09.stdout:/usr/bin/ceph: stderr
2026-03-09T00:29:28.128+0000 7f38bd7fa640 1 --2- 192.168.123.109:0/332456864 >> v2:192.168.123.109:6800/3433497319 conn(0x7f38a803dcf0 0x7f38a80401b0 unknown :-1 s=CLOSED pgs=0 cs=0 l=1 rev1=0 crypto rx=0 tx=0 comp rx=0 tx=0).stop
2026-03-09T00:29:28.215 INFO:teuthology.orchestra.run.vm09.stdout:/usr/bin/ceph: stderr
2026-03-09T00:29:28.129+0000 7f38bd7fa640 1 --2- 192.168.123.109:0/332456864 >> [v2:192.168.123.109:3300/0,v1:192.168.123.109:6789/0] conn(0x7f38d0074c00 0x7f38d01a2d10 unknown :-1 s=CLOSED pgs=58 cs=0 l=1 rev1=1 crypto rx=0 tx=0 comp rx=0 tx=0).stop
2026-03-09T00:29:28.215 INFO:teuthology.orchestra.run.vm09.stdout:/usr/bin/ceph: stderr
2026-03-09T00:29:28.129+0000 7f38bd7fa640 1 -- 192.168.123.109:0/332456864 >> 192.168.123.109:0/332456864 conn(0x7f38d006fe80 msgr2=0x7f38d0070960 unknown :-1 s=STATE_NONE l=0).mark_down
2026-03-09T00:29:28.215 INFO:teuthology.orchestra.run.vm09.stdout:/usr/bin/ceph: stderr
2026-03-09T00:29:28.129+0000 7f38bd7fa640 1 -- 192.168.123.109:0/332456864 shutdown_connections
2026-03-09T00:29:28.215 INFO:teuthology.orchestra.run.vm09.stdout:/usr/bin/ceph: stderr
2026-03-09T00:29:28.129+0000 7f38bd7fa640 1 -- 192.168.123.109:0/332456864 wait complete.
2026-03-09T00:29:28.216 INFO:teuthology.orchestra.run.vm09.stdout:Waiting for the mgr to restart...
2026-03-09T00:29:28.216 INFO:teuthology.orchestra.run.vm09.stdout:Waiting for mgr epoch 9...
2026-03-09T00:29:28.361 INFO:journalctl@ceph.mgr.y.vm09.stdout:Mar 09 00:29:28 vm09 ceph-c172d940-1b4e-11f1-be3e-fb1b568ebce1-mgr-y[49665]:
2026-03-09T00:29:28.138+0000 7fcb2139c140 -1 mgr[py] Module crash has missing NOTIFY_TYPES member
2026-03-09T00:29:28.361 INFO:journalctl@ceph.mon.a.vm09.stdout:Mar 09 00:29:28 vm09 ceph-mon[49458]: from='mgr.14118 192.168.123.109:0/3907920743' entity='mgr.y'
2026-03-09T00:29:28.362 INFO:journalctl@ceph.mon.a.vm09.stdout:Mar 09 00:29:28 vm09 ceph-mon[49458]: from='client.? 192.168.123.109:0/608349928' entity='client.admin' cmd='[{"prefix": "mgr module enable", "module": "dashboard"}]': finished
2026-03-09T00:29:28.362 INFO:journalctl@ceph.mon.a.vm09.stdout:Mar 09 00:29:28 vm09 ceph-mon[49458]: mgrmap e9: y(active, since 7s)
2026-03-09T00:29:28.680 INFO:journalctl@ceph.mgr.y.vm09.stdout:Mar 09 00:29:28 vm09 ceph-c172d940-1b4e-11f1-be3e-fb1b568ebce1-mgr-y[49665]:
2026-03-09T00:29:28.486+0000 7fcb2139c140 -1 mgr[py] Module devicehealth has missing NOTIFY_TYPES member
2026-03-09T00:29:28.680 INFO:journalctl@ceph.mgr.y.vm09.stdout:Mar 09 00:29:28 vm09 ceph-c172d940-1b4e-11f1-be3e-fb1b568ebce1-mgr-y[49665]: /lib64/python3.9/site-packages/scipy/__init__.py:73: UserWarning: NumPy was imported from a Python sub-interpreter but NumPy does not properly support sub-interpreters. This will likely work for most users but might cause hard to track down issues or subtle bugs. A common user of the rare sub-interpreter feature is wsgi which also allows single-interpreter mode.
2026-03-09T00:29:28.680 INFO:journalctl@ceph.mgr.y.vm09.stdout:Mar 09 00:29:28 vm09 ceph-c172d940-1b4e-11f1-be3e-fb1b568ebce1-mgr-y[49665]: Improvements in the case of bugs are welcome, but is not on the NumPy roadmap, and full support may require significant effort to achieve.
2026-03-09T00:29:28.680 INFO:journalctl@ceph.mgr.y.vm09.stdout:Mar 09 00:29:28 vm09 ceph-c172d940-1b4e-11f1-be3e-fb1b568ebce1-mgr-y[49665]: from numpy import show_config as show_numpy_config
2026-03-09T00:29:28.680 INFO:journalctl@ceph.mgr.y.vm09.stdout:Mar 09 00:29:28 vm09 ceph-c172d940-1b4e-11f1-be3e-fb1b568ebce1-mgr-y[49665]:
2026-03-09T00:29:28.576+0000 7fcb2139c140 -1 mgr[py] Module diskprediction_local has missing NOTIFY_TYPES member
2026-03-09T00:29:28.680 INFO:journalctl@ceph.mgr.y.vm09.stdout:Mar 09 00:29:28 vm09 ceph-c172d940-1b4e-11f1-be3e-fb1b568ebce1-mgr-y[49665]:
2026-03-09T00:29:28.612+0000 7fcb2139c140 -1 mgr[py] Module influx has missing NOTIFY_TYPES member
2026-03-09T00:29:28.971 INFO:journalctl@ceph.mgr.y.vm09.stdout:Mar 09 00:29:28 vm09 ceph-c172d940-1b4e-11f1-be3e-fb1b568ebce1-mgr-y[49665]:
2026-03-09T00:29:28.681+0000 7fcb2139c140 -1 mgr[py] Module iostat has missing NOTIFY_TYPES member
2026-03-09T00:29:29.283 INFO:journalctl@ceph.mon.a.vm09.stdout:Mar 09 00:29:29 vm09 ceph-mon[49458]: from='client.? 192.168.123.109:0/332456864' entity='client.admin' cmd=[{"prefix": "mgr stat"}]: dispatch
2026-03-09T00:29:29.283 INFO:journalctl@ceph.mgr.y.vm09.stdout:Mar 09 00:29:29 vm09 ceph-c172d940-1b4e-11f1-be3e-fb1b568ebce1-mgr-y[49665]:
2026-03-09T00:29:29.173+0000 7fcb2139c140 -1 mgr[py] Module nfs has missing NOTIFY_TYPES member
2026-03-09T00:29:29.615 INFO:journalctl@ceph.mgr.y.vm09.stdout:Mar 09 00:29:29 vm09 ceph-c172d940-1b4e-11f1-be3e-fb1b568ebce1-mgr-y[49665]:
2026-03-09T00:29:29.284+0000 7fcb2139c140 -1 mgr[py] Module orchestrator has missing NOTIFY_TYPES member
2026-03-09T00:29:29.615 INFO:journalctl@ceph.mgr.y.vm09.stdout:Mar 09 00:29:29 vm09 ceph-c172d940-1b4e-11f1-be3e-fb1b568ebce1-mgr-y[49665]:
2026-03-09T00:29:29.324+0000 7fcb2139c140 -1 mgr[py] Module osd_perf_query has missing NOTIFY_TYPES member
2026-03-09T00:29:29.615 INFO:journalctl@ceph.mgr.y.vm09.stdout:Mar 09 00:29:29 vm09 ceph-c172d940-1b4e-11f1-be3e-fb1b568ebce1-mgr-y[49665]:
2026-03-09T00:29:29.360+0000 7fcb2139c140 -1 mgr[py] Module osd_support has missing NOTIFY_TYPES member
2026-03-09T00:29:29.615 INFO:journalctl@ceph.mgr.y.vm09.stdout:Mar 09 00:29:29 vm09 ceph-c172d940-1b4e-11f1-be3e-fb1b568ebce1-mgr-y[49665]:
2026-03-09T00:29:29.399+0000 7fcb2139c140 -1 mgr[py] Module pg_autoscaler has missing NOTIFY_TYPES member
2026-03-09T00:29:29.615 INFO:journalctl@ceph.mgr.y.vm09.stdout:Mar 09 00:29:29 vm09 ceph-c172d940-1b4e-11f1-be3e-fb1b568ebce1-mgr-y[49665]:
2026-03-09T00:29:29.434+0000 7fcb2139c140 -1 mgr[py] Module progress has missing NOTIFY_TYPES member
2026-03-09T00:29:29.889 INFO:journalctl@ceph.mgr.y.vm09.stdout:Mar 09 00:29:29 vm09 ceph-c172d940-1b4e-11f1-be3e-fb1b568ebce1-mgr-y[49665]:
2026-03-09T00:29:29.615+0000 7fcb2139c140 -1 mgr[py] Module prometheus has missing NOTIFY_TYPES member
2026-03-09T00:29:29.890 INFO:journalctl@ceph.mgr.y.vm09.stdout:Mar 09 00:29:29 vm09 ceph-c172d940-1b4e-11f1-be3e-fb1b568ebce1-mgr-y[49665]:
2026-03-09T00:29:29.672+0000 7fcb2139c140 -1 mgr[py] Module rbd_support has missing NOTIFY_TYPES member
2026-03-09T00:29:30.430 INFO:journalctl@ceph.mgr.y.vm09.stdout:Mar 09 00:29:29 vm09 ceph-c172d940-1b4e-11f1-be3e-fb1b568ebce1-mgr-y[49665]:
2026-03-09T00:29:29.890+0000 7fcb2139c140 -1 mgr[py] Module rgw has missing NOTIFY_TYPES member
2026-03-09T00:29:30.430 INFO:journalctl@ceph.mgr.y.vm09.stdout:Mar 09 00:29:30 vm09 ceph-c172d940-1b4e-11f1-be3e-fb1b568ebce1-mgr-y[49665]:
2026-03-09T00:29:30.174+0000 7fcb2139c140 -1 mgr[py] Module rook has missing NOTIFY_TYPES member
2026-03-09T00:29:30.430 INFO:journalctl@ceph.mgr.y.vm09.stdout:Mar 09 00:29:30 vm09 ceph-c172d940-1b4e-11f1-be3e-fb1b568ebce1-mgr-y[49665]:
2026-03-09T00:29:30.211+0000 7fcb2139c140 -1 mgr[py] Module selftest has missing NOTIFY_TYPES member
2026-03-09T00:29:30.430 INFO:journalctl@ceph.mgr.y.vm09.stdout:Mar 09 00:29:30 vm09 ceph-c172d940-1b4e-11f1-be3e-fb1b568ebce1-mgr-y[49665]:
2026-03-09T00:29:30.258+0000 7fcb2139c140 -1 mgr[py] Module snap_schedule has missing NOTIFY_TYPES member
2026-03-09T00:29:30.430 INFO:journalctl@ceph.mgr.y.vm09.stdout:Mar 09 00:29:30 vm09 ceph-c172d940-1b4e-11f1-be3e-fb1b568ebce1-mgr-y[49665]:
2026-03-09T00:29:30.335+0000 7fcb2139c140 -1 mgr[py] Module status has missing NOTIFY_TYPES member
2026-03-09T00:29:30.430 INFO:journalctl@ceph.mgr.y.vm09.stdout:Mar 09 00:29:30 vm09 ceph-c172d940-1b4e-11f1-be3e-fb1b568ebce1-mgr-y[49665]:
2026-03-09T00:29:30.379+0000 7fcb2139c140 -1 mgr[py] Module telegraf has missing NOTIFY_TYPES member
2026-03-09T00:29:30.714 INFO:journalctl@ceph.mgr.y.vm09.stdout:Mar 09 00:29:30 vm09 ceph-c172d940-1b4e-11f1-be3e-fb1b568ebce1-mgr-y[49665]:
2026-03-09T00:29:30.460+0000 7fcb2139c140 -1 mgr[py] Module telemetry has missing NOTIFY_TYPES member
2026-03-09T00:29:30.714 INFO:journalctl@ceph.mgr.y.vm09.stdout:Mar 09 00:29:30 vm09 ceph-c172d940-1b4e-11f1-be3e-fb1b568ebce1-mgr-y[49665]:
2026-03-09T00:29:30.578+0000 7fcb2139c140 -1 mgr[py] Module test_orchestrator has missing NOTIFY_TYPES member
2026-03-09T00:29:31.180 INFO:journalctl@ceph.mgr.y.vm09.stdout:Mar 09 00:29:30 vm09 ceph-c172d940-1b4e-11f1-be3e-fb1b568ebce1-mgr-y[49665]:
2026-03-09T00:29:30.714+0000 7fcb2139c140 -1 mgr[py] Module volumes has missing NOTIFY_TYPES member
2026-03-09T00:29:31.180 INFO:journalctl@ceph.mgr.y.vm09.stdout:Mar 09 00:29:30 vm09 ceph-c172d940-1b4e-11f1-be3e-fb1b568ebce1-mgr-y[49665]:
2026-03-09T00:29:30.750+0000 7fcb2139c140 -1 mgr[py] Module zabbix has missing NOTIFY_TYPES member
2026-03-09T00:29:31.181 INFO:journalctl@ceph.mon.a.vm09.stdout:Mar 09 00:29:30 vm09 ceph-mon[49458]: Active manager daemon y restarted
2026-03-09T00:29:31.181 INFO:journalctl@ceph.mon.a.vm09.stdout:Mar 09 00:29:30 vm09 ceph-mon[49458]: Activating manager daemon y
2026-03-09T00:29:31.181 INFO:journalctl@ceph.mon.a.vm09.stdout:Mar 09 00:29:30 vm09 ceph-mon[49458]: osdmap e3: 0 total, 0 up, 0 in
2026-03-09T00:29:31.181 INFO:journalctl@ceph.mon.a.vm09.stdout:Mar 09 00:29:30 vm09 ceph-mon[49458]: mgrmap e10: y(active, starting, since 0.00498467s)
2026-03-09T00:29:31.181 INFO:journalctl@ceph.mon.a.vm09.stdout:Mar 09 00:29:30 vm09 ceph-mon[49458]: from='mgr.14150 192.168.123.109:0/1429247171' entity='mgr.y' cmd=[{"prefix": "mon metadata", "id": "a"}]: dispatch
2026-03-09T00:29:31.181 INFO:journalctl@ceph.mon.a.vm09.stdout:Mar 09 00:29:30 vm09 ceph-mon[49458]: from='mgr.14150 192.168.123.109:0/1429247171' entity='mgr.y' cmd=[{"prefix": "mgr metadata", "who": "y", "id": "y"}]: dispatch
2026-03-09T00:29:31.181 INFO:journalctl@ceph.mon.a.vm09.stdout:Mar 09 00:29:30 vm09 ceph-mon[49458]: from='mgr.14150 192.168.123.109:0/1429247171' entity='mgr.y' cmd=[{"prefix": "mds metadata"}]: dispatch
2026-03-09T00:29:31.181 INFO:journalctl@ceph.mon.a.vm09.stdout:Mar 09 00:29:30 vm09 ceph-mon[49458]: from='mgr.14150 192.168.123.109:0/1429247171' entity='mgr.y' cmd=[{"prefix": "osd metadata"}]: dispatch
2026-03-09T00:29:31.181 INFO:journalctl@ceph.mon.a.vm09.stdout:Mar 09 00:29:30 vm09 ceph-mon[49458]: from='mgr.14150 192.168.123.109:0/1429247171' entity='mgr.y' cmd=[{"prefix": "mon metadata"}]: dispatch
2026-03-09T00:29:31.181 INFO:journalctl@ceph.mon.a.vm09.stdout:Mar 09 00:29:30 vm09 ceph-mon[49458]: Manager daemon y is now available
2026-03-09T00:29:31.181 INFO:journalctl@ceph.mon.a.vm09.stdout:Mar 09 00:29:30 vm09 ceph-mon[49458]: from='mgr.14150 192.168.123.109:0/1429247171' entity='mgr.y' cmd=[{"prefix": "config dump", "format": "json"}]: dispatch
2026-03-09T00:29:31.181 INFO:journalctl@ceph.mon.a.vm09.stdout:Mar 09 00:29:30 vm09 ceph-mon[49458]: from='mgr.14150 192.168.123.109:0/1429247171' entity='mgr.y' cmd=[{"prefix":"config rm","who":"mgr","name":"mgr/rbd_support/y/mirror_snapshot_schedule"}]: dispatch
2026-03-09T00:29:31.181 INFO:journalctl@ceph.mon.a.vm09.stdout:Mar 09 00:29:30 vm09 ceph-mon[49458]: from='mgr.14150 192.168.123.109:0/1429247171' entity='mgr.y' cmd=[{"prefix":"config rm","who":"mgr","name":"mgr/rbd_support/y/trash_purge_schedule"}]: dispatch
2026-03-09T00:29:32.029 INFO:teuthology.orchestra.run.vm09.stdout:/usr/bin/ceph: stdout {
2026-03-09T00:29:32.029 INFO:teuthology.orchestra.run.vm09.stdout:/usr/bin/ceph: stdout "mgrmap_epoch": 11,
2026-03-09T00:29:32.029 INFO:teuthology.orchestra.run.vm09.stdout:/usr/bin/ceph: stdout "initialized": true
2026-03-09T00:29:32.029 INFO:teuthology.orchestra.run.vm09.stdout:/usr/bin/ceph: stdout }
2026-03-09T00:29:32.029 INFO:teuthology.orchestra.run.vm09.stdout:/usr/bin/ceph: stderr
2026-03-09T00:29:28.361+0000 7f241986a640 1 Processor -- start
2026-03-09T00:29:32.029 INFO:teuthology.orchestra.run.vm09.stdout:/usr/bin/ceph: stderr
2026-03-09T00:29:28.362+0000 7f241986a640 1 -- start start
2026-03-09T00:29:32.029 INFO:teuthology.orchestra.run.vm09.stdout:/usr/bin/ceph: stderr
2026-03-09T00:29:28.362+0000 7f241986a640 1 --2- >> [v2:192.168.123.109:3300/0,v1:192.168.123.109:6789/0] conn(0x7f2414074650 0x7f2414074a50 unknown :-1 s=NONE pgs=0 cs=0 l=0 rev1=0 crypto rx=0 tx=0 comp rx=0 tx=0).connect
2026-03-09T00:29:32.029 INFO:teuthology.orchestra.run.vm09.stdout:/usr/bin/ceph: stderr
2026-03-09T00:29:28.362+0000 7f241986a640 1 -- --> [v2:192.168.123.109:3300/0,v1:192.168.123.109:6789/0] -- mon_getmap magic: 0 -- 0x7f2414075020 con 0x7f2414074650
2026-03-09T00:29:32.029 INFO:teuthology.orchestra.run.vm09.stdout:/usr/bin/ceph: stderr
2026-03-09T00:29:28.364+0000 7f2412ffd640 1 --2- >> [v2:192.168.123.109:3300/0,v1:192.168.123.109:6789/0] conn(0x7f2414074650 0x7f2414074a50 unknown :-1 s=BANNER_CONNECTING pgs=0 cs=0 l=0 rev1=0 crypto rx=0 tx=0 comp rx=0 tx=0)._handle_peer_banner_payload supported=3 required=0
2026-03-09T00:29:32.029 INFO:teuthology.orchestra.run.vm09.stdout:/usr/bin/ceph: stderr
2026-03-09T00:29:28.364+0000 7f2412ffd640 1 --2- >> [v2:192.168.123.109:3300/0,v1:192.168.123.109:6789/0] conn(0x7f2414074650 0x7f2414074a50 unknown :-1 s=HELLO_CONNECTING pgs=0 cs=0 l=0 rev1=1 crypto rx=0 tx=0 comp rx=0 tx=0).handle_hello peer v2:192.168.123.109:3300/0 says I am v2:192.168.123.109:41660/0 (socket says 192.168.123.109:41660)
2026-03-09T00:29:32.029 INFO:teuthology.orchestra.run.vm09.stdout:/usr/bin/ceph: stderr
2026-03-09T00:29:28.364+0000 7f2412ffd640 1 -- 192.168.123.109:0/2748049720 learned_addr learned my addr 192.168.123.109:0/2748049720 (peer_addr_for_me v2:192.168.123.109:0/0)
2026-03-09T00:29:32.029 INFO:teuthology.orchestra.run.vm09.stdout:/usr/bin/ceph: stderr
2026-03-09T00:29:28.364+0000 7f2412ffd640 1 -- 192.168.123.109:0/2748049720 --> [v2:192.168.123.109:3300/0,v1:192.168.123.109:6789/0] -- mon_subscribe({config=0+,monmap=0+}) -- 0x7f24140751a0 con 0x7f2414074650
2026-03-09T00:29:32.029 INFO:teuthology.orchestra.run.vm09.stdout:/usr/bin/ceph: stderr
2026-03-09T00:29:28.365+0000 7f2412ffd640 1 --2- 192.168.123.109:0/2748049720 >> [v2:192.168.123.109:3300/0,v1:192.168.123.109:6789/0] conn(0x7f2414074650 0x7f2414074a50 secure :-1 s=READY pgs=59 cs=0 l=1 rev1=1 crypto rx=0x7f2408009920 tx=0x7f240802ef20 comp rx=0 tx=0).ready entity=mon.0 client_cookie=994a5c37dcb1b8f8 server_cookie=0 in_seq=0 out_seq=0
2026-03-09T00:29:32.029 INFO:teuthology.orchestra.run.vm09.stdout:/usr/bin/ceph: stderr
2026-03-09T00:29:28.365+0000 7f2411ffb640 1 -- 192.168.123.109:0/2748049720 <== mon.0 v2:192.168.123.109:3300/0 1 ==== mon_map magic: 0 ==== 205+0+0 (secure 0 0 0) 0x7f240803c070 con 0x7f2414074650
2026-03-09T00:29:32.029 INFO:teuthology.orchestra.run.vm09.stdout:/usr/bin/ceph: stderr
2026-03-09T00:29:28.365+0000 7f2411ffb640 1 -- 192.168.123.109:0/2748049720 <== mon.0 v2:192.168.123.109:3300/0 2 ==== config(25 keys) ==== 1029+0+0 (secure 0 0 0) 0x7f2408037440 con 0x7f2414074650
2026-03-09T00:29:32.029 INFO:teuthology.orchestra.run.vm09.stdout:/usr/bin/ceph: stderr
2026-03-09T00:29:28.365+0000 7f2411ffb640 1 -- 192.168.123.109:0/2748049720 <== mon.0 v2:192.168.123.109:3300/0 3 ==== mon_map magic: 0 ==== 205+0+0 (secure 0 0 0) 0x7f24080354d0 con 0x7f2414074650
2026-03-09T00:29:32.029 INFO:teuthology.orchestra.run.vm09.stdout:/usr/bin/ceph: stderr
2026-03-09T00:29:28.366+0000 7f241986a640 1 -- 192.168.123.109:0/2748049720 >> [v2:192.168.123.109:3300/0,v1:192.168.123.109:6789/0] conn(0x7f2414074650 msgr2=0x7f2414074a50 secure :-1 s=STATE_CONNECTION_ESTABLISHED l=1).mark_down
2026-03-09T00:29:32.029 INFO:teuthology.orchestra.run.vm09.stdout:/usr/bin/ceph: stderr
2026-03-09T00:29:28.366+0000 7f241986a640 1 --2- 192.168.123.109:0/2748049720 >> [v2:192.168.123.109:3300/0,v1:192.168.123.109:6789/0] conn(0x7f2414074650 0x7f2414074a50 secure :-1 s=READY pgs=59 cs=0 l=1 rev1=1 crypto rx=0x7f2408009920 tx=0x7f240802ef20 comp rx=0 tx=0).stop
2026-03-09T00:29:32.029 INFO:teuthology.orchestra.run.vm09.stdout:/usr/bin/ceph: stderr
2026-03-09T00:29:28.366+0000 7f241986a640 1 -- 192.168.123.109:0/2748049720 shutdown_connections
2026-03-09T00:29:32.029 INFO:teuthology.orchestra.run.vm09.stdout:/usr/bin/ceph: stderr
2026-03-09T00:29:28.366+0000 7f241986a640 1 --2- 192.168.123.109:0/2748049720 >> [v2:192.168.123.109:3300/0,v1:192.168.123.109:6789/0] conn(0x7f2414074650 0x7f2414074a50 unknown :-1 s=CLOSED pgs=59 cs=0 l=1 rev1=1 crypto rx=0 tx=0 comp rx=0 tx=0).stop
2026-03-09T00:29:32.029 INFO:teuthology.orchestra.run.vm09.stdout:/usr/bin/ceph: stderr
2026-03-09T00:29:28.366+0000 7f241986a640 1 -- 192.168.123.109:0/2748049720 >> 192.168.123.109:0/2748049720 conn(0x7f241406fe80 msgr2=0x7f24140722e0 unknown :-1 s=STATE_NONE l=0).mark_down
2026-03-09T00:29:32.029 INFO:teuthology.orchestra.run.vm09.stdout:/usr/bin/ceph: stderr
2026-03-09T00:29:28.366+0000 7f241986a640 1 -- 192.168.123.109:0/2748049720 shutdown_connections
2026-03-09T00:29:32.029 INFO:teuthology.orchestra.run.vm09.stdout:/usr/bin/ceph: stderr
2026-03-09T00:29:28.366+0000 7f241986a640 1 -- 192.168.123.109:0/2748049720 wait complete.
2026-03-09T00:29:32.029 INFO:teuthology.orchestra.run.vm09.stdout:/usr/bin/ceph: stderr
2026-03-09T00:29:28.367+0000 7f241986a640 1 Processor -- start
2026-03-09T00:29:32.029 INFO:teuthology.orchestra.run.vm09.stdout:/usr/bin/ceph: stderr
2026-03-09T00:29:28.367+0000 7f241986a640 1 -- start start
2026-03-09T00:29:32.029 INFO:teuthology.orchestra.run.vm09.stdout:/usr/bin/ceph: stderr
2026-03-09T00:29:28.367+0000 7f241986a640 1 --2- >> [v2:192.168.123.109:3300/0,v1:192.168.123.109:6789/0] conn(0x7f2414074650 0x7f24141ab660 unknown :-1 s=NONE pgs=0 cs=0 l=1 rev1=0 crypto rx=0 tx=0 comp rx=0 tx=0).connect
2026-03-09T00:29:32.029 INFO:teuthology.orchestra.run.vm09.stdout:/usr/bin/ceph: stderr
2026-03-09T00:29:28.367+0000 7f241986a640 1 -- --> [v2:192.168.123.109:3300/0,v1:192.168.123.109:6789/0] -- mon_getmap magic: 0 -- 0x7f241410eed0 con 0x7f2414074650
2026-03-09T00:29:32.029 INFO:teuthology.orchestra.run.vm09.stdout:/usr/bin/ceph: stderr
2026-03-09T00:29:28.367+0000 7f2412ffd640 1 --2- >> [v2:192.168.123.109:3300/0,v1:192.168.123.109:6789/0] conn(0x7f2414074650 0x7f24141ab660 unknown :-1 s=BANNER_CONNECTING pgs=0 cs=0 l=1 rev1=0 crypto rx=0 tx=0 comp rx=0 tx=0)._handle_peer_banner_payload supported=3 required=0
2026-03-09T00:29:32.029 INFO:teuthology.orchestra.run.vm09.stdout:/usr/bin/ceph: stderr
2026-03-09T00:29:28.367+0000 7f2412ffd640 1 --2- >> [v2:192.168.123.109:3300/0,v1:192.168.123.109:6789/0] conn(0x7f2414074650 0x7f24141ab660 unknown :-1 s=HELLO_CONNECTING pgs=0 cs=0 l=1 rev1=1 crypto rx=0 tx=0 comp rx=0 tx=0).handle_hello peer v2:192.168.123.109:3300/0 says I am v2:192.168.123.109:41668/0 (socket says 192.168.123.109:41668)
2026-03-09T00:29:32.029 INFO:teuthology.orchestra.run.vm09.stdout:/usr/bin/ceph: stderr
2026-03-09T00:29:28.367+0000 7f2412ffd640 1 -- 192.168.123.109:0/1668406472 learned_addr learned my addr 192.168.123.109:0/1668406472 (peer_addr_for_me v2:192.168.123.109:0/0)
2026-03-09T00:29:32.029 INFO:teuthology.orchestra.run.vm09.stdout:/usr/bin/ceph: stderr
2026-03-09T00:29:28.368+0000 7f2412ffd640 1 -- 192.168.123.109:0/1668406472 --> [v2:192.168.123.109:3300/0,v1:192.168.123.109:6789/0] -- mon_subscribe({config=0+,monmap=0+}) -- 0x7f24141abba0 con 0x7f2414074650
2026-03-09T00:29:32.029 INFO:teuthology.orchestra.run.vm09.stdout:/usr/bin/ceph: stderr
2026-03-09T00:29:28.368+0000 7f2412ffd640 1 --2- 192.168.123.109:0/1668406472 >> [v2:192.168.123.109:3300/0,v1:192.168.123.109:6789/0] conn(0x7f2414074650 0x7f24141ab660 secure :-1 s=READY pgs=60 cs=0 l=1 rev1=1 crypto rx=0x7f2408002410 tx=0x7f24080365d0 comp rx=0 tx=0).ready entity=mon.0 client_cookie=0 server_cookie=0 in_seq=0 out_seq=0
2026-03-09T00:29:32.029 INFO:teuthology.orchestra.run.vm09.stdout:/usr/bin/ceph: stderr
2026-03-09T00:29:28.368+0000 7f2418868640 1 -- 192.168.123.109:0/1668406472 <== mon.0 v2:192.168.123.109:3300/0 1 ==== mon_map magic: 0 ==== 205+0+0 (secure 0 0 0) 0x7f2408047070 con 0x7f2414074650
2026-03-09T00:29:32.029 INFO:teuthology.orchestra.run.vm09.stdout:/usr/bin/ceph: stderr
2026-03-09T00:29:28.369+0000 7f241986a640 1 -- 192.168.123.109:0/1668406472 --> [v2:192.168.123.109:3300/0,v1:192.168.123.109:6789/0] -- mon_subscribe({mgrmap=0+}) -- 0x7f24141abe30 con 0x7f2414074650
2026-03-09T00:29:32.029 INFO:teuthology.orchestra.run.vm09.stdout:/usr/bin/ceph: stderr
2026-03-09T00:29:28.369+0000 7f241986a640 1 -- 192.168.123.109:0/1668406472 --> [v2:192.168.123.109:3300/0,v1:192.168.123.109:6789/0] -- mon_subscribe({osdmap=0}) -- 0x7f241407afe0 con 0x7f2414074650
2026-03-09T00:29:32.029 INFO:teuthology.orchestra.run.vm09.stdout:/usr/bin/ceph: stderr
2026-03-09T00:29:28.369+0000 7f2418868640 1 -- 192.168.123.109:0/1668406472 <== mon.0 v2:192.168.123.109:3300/0 2 ==== config(25 keys) ==== 1029+0+0 (secure 0 0 0) 0x7f2408042460 con 0x7f2414074650
2026-03-09T00:29:32.030 INFO:teuthology.orchestra.run.vm09.stdout:/usr/bin/ceph: stderr
2026-03-09T00:29:28.369+0000 7f2418868640 1 -- 192.168.123.109:0/1668406472 <== mon.0 v2:192.168.123.109:3300/0 3 ==== mon_map magic: 0 ==== 205+0+0 (secure 0 0 0) 0x7f240803c070 con 0x7f2414074650
2026-03-09T00:29:32.030 INFO:teuthology.orchestra.run.vm09.stdout:/usr/bin/ceph: stderr
2026-03-09T00:29:28.370+0000 7f2418868640 1 -- 192.168.123.109:0/1668406472 <== mon.0 v2:192.168.123.109:3300/0 4 ==== mgrmap(e 9) ==== 50225+0+0 (secure 0 0 0) 0x7f2408042610 con 0x7f2414074650
2026-03-09T00:29:32.030 INFO:teuthology.orchestra.run.vm09.stdout:/usr/bin/ceph: stderr
2026-03-09T00:29:28.370+0000 7f2418868640 1 --2- 192.168.123.109:0/1668406472 >> v2:192.168.123.109:6800/3433497319 conn(0x7f23ec03dca0 0x7f23ec040160 unknown :-1 s=NONE pgs=0 cs=0 l=1 rev1=0 crypto rx=0 tx=0 comp rx=0 tx=0).connect
2026-03-09T00:29:32.030 INFO:teuthology.orchestra.run.vm09.stdout:/usr/bin/ceph: stderr
2026-03-09T00:29:28.370+0000 7f24127fc640 1 -- 192.168.123.109:0/1668406472 >> v2:192.168.123.109:6800/3433497319 conn(0x7f23ec03dca0 msgr2=0x7f23ec040160 unknown :-1 s=STATE_CONNECTING_RE l=1).process reconnect failed to v2:192.168.123.109:6800/3433497319
2026-03-09T00:29:32.030 INFO:teuthology.orchestra.run.vm09.stdout:/usr/bin/ceph: stderr
2026-03-09T00:29:28.370+0000 7f24127fc640 1 --2- 192.168.123.109:0/1668406472 >> v2:192.168.123.109:6800/3433497319 conn(0x7f23ec03dca0 0x7f23ec040160 unknown :-1 s=START_CONNECT pgs=0 cs=0 l=1 rev1=0 crypto rx=0 tx=0 comp rx=0 tx=0)._fault waiting 0.200000
2026-03-09T00:29:32.030 INFO:teuthology.orchestra.run.vm09.stdout:/usr/bin/ceph: stderr
2026-03-09T00:29:28.370+0000 7f2418868640 1 -- 192.168.123.109:0/1668406472 <== mon.0 v2:192.168.123.109:3300/0 5 ==== osd_map(2..2 src has 1..2) ==== 897+0+0 (secure 0 0 0) 0x7f24080768c0 con 0x7f2414074650
2026-03-09T00:29:32.030 INFO:teuthology.orchestra.run.vm09.stdout:/usr/bin/ceph: stderr
2026-03-09T00:29:28.372+0000 7f241986a640 1 -- 192.168.123.109:0/1668406472 --> v2:192.168.123.109:6800/3433497319 -- command(tid 0: {"prefix": "get_command_descriptions"}) -- 0x7f23e0000d10 con 0x7f23ec03dca0
2026-03-09T00:29:32.030 INFO:teuthology.orchestra.run.vm09.stdout:/usr/bin/ceph: stderr
2026-03-09T00:29:28.570+0000 7f24127fc640 1 -- 192.168.123.109:0/1668406472 >> v2:192.168.123.109:6800/3433497319 conn(0x7f23ec03dca0 msgr2=0x7f23ec040160 unknown :-1 s=STATE_CONNECTING_RE l=1).process reconnect failed to v2:192.168.123.109:6800/3433497319
2026-03-09T00:29:32.030 INFO:teuthology.orchestra.run.vm09.stdout:/usr/bin/ceph: stderr
2026-03-09T00:29:28.570+0000 7f24127fc640 1 --2- 192.168.123.109:0/1668406472 >> v2:192.168.123.109:6800/3433497319 conn(0x7f23ec03dca0 0x7f23ec040160 unknown :-1 s=START_CONNECT pgs=0 cs=0 l=1 rev1=0 crypto rx=0 tx=0 comp rx=0 tx=0)._fault waiting 0.400000
2026-03-09T00:29:32.030 INFO:teuthology.orchestra.run.vm09.stdout:/usr/bin/ceph: stderr
2026-03-09T00:29:28.971+0000 7f24127fc640 1 -- 192.168.123.109:0/1668406472 >> v2:192.168.123.109:6800/3433497319 conn(0x7f23ec03dca0 msgr2=0x7f23ec040160 unknown :-1 s=STATE_CONNECTING_RE l=1).process reconnect failed to v2:192.168.123.109:6800/3433497319
2026-03-09T00:29:32.030 INFO:teuthology.orchestra.run.vm09.stdout:/usr/bin/ceph: stderr
2026-03-09T00:29:28.971+0000 7f24127fc640 1 --2- 192.168.123.109:0/1668406472 >> v2:192.168.123.109:6800/3433497319 conn(0x7f23ec03dca0 0x7f23ec040160 unknown :-1 s=START_CONNECT pgs=0 cs=0 l=1 rev1=0 crypto rx=0 tx=0 comp rx=0 tx=0)._fault waiting 0.800000
2026-03-09T00:29:32.030 INFO:teuthology.orchestra.run.vm09.stdout:/usr/bin/ceph: stderr
2026-03-09T00:29:29.772+0000 7f24127fc640 1 -- 192.168.123.109:0/1668406472 >> v2:192.168.123.109:6800/3433497319 conn(0x7f23ec03dca0 msgr2=0x7f23ec040160 unknown :-1 s=STATE_CONNECTING_RE l=1).process reconnect failed to v2:192.168.123.109:6800/3433497319
2026-03-09T00:29:32.030 INFO:teuthology.orchestra.run.vm09.stdout:/usr/bin/ceph: stderr
2026-03-09T00:29:29.772+0000 7f24127fc640 1 --2- 192.168.123.109:0/1668406472 >> v2:192.168.123.109:6800/3433497319 conn(0x7f23ec03dca0 0x7f23ec040160 unknown :-1 s=START_CONNECT pgs=0 cs=0 l=1 rev1=0 crypto rx=0 tx=0 comp rx=0 tx=0)._fault waiting 1.600000
2026-03-09T00:29:32.030 INFO:teuthology.orchestra.run.vm09.stdout:/usr/bin/ceph: stderr
2026-03-09T00:29:30.756+0000 7f2418868640 1 -- 192.168.123.109:0/1668406472 <== mon.0 v2:192.168.123.109:3300/0 6 ==== mgrmap(e 10) ==== 50027+0+0 (secure 0 0 0) 0x7f24080756c0 con 0x7f2414074650
2026-03-09T00:29:32.030 INFO:teuthology.orchestra.run.vm09.stdout:/usr/bin/ceph: stderr
2026-03-09T00:29:30.756+0000 7f2418868640 1 -- 192.168.123.109:0/1668406472 >> v2:192.168.123.109:6800/3433497319 conn(0x7f23ec03dca0 msgr2=0x7f23ec040160 unknown :-1 s=STATE_CONNECTING l=1).mark_down
2026-03-09T00:29:32.030 INFO:teuthology.orchestra.run.vm09.stdout:/usr/bin/ceph: stderr
2026-03-09T00:29:30.756+0000 7f2418868640 1 --2- 192.168.123.109:0/1668406472 >> v2:192.168.123.109:6800/3433497319 conn(0x7f23ec03dca0 0x7f23ec040160 unknown :-1 s=START_CONNECT pgs=0 cs=0 l=1 rev1=0 crypto rx=0 tx=0 comp rx=0 tx=0).stop
2026-03-09T00:29:32.030 INFO:teuthology.orchestra.run.vm09.stdout:/usr/bin/ceph: stderr
2026-03-09T00:29:31.909+0000 7f2418868640 1 -- 192.168.123.109:0/1668406472 <== mon.0 v2:192.168.123.109:3300/0 7 ==== mgrmap(e 11) ==== 50119+0+0 (secure 0 0 0) 0x7f2408075dc0 con 0x7f2414074650
2026-03-09T00:29:32.030 INFO:teuthology.orchestra.run.vm09.stdout:/usr/bin/ceph: stderr
2026-03-09T00:29:31.909+0000 7f2418868640 1 --2- 192.168.123.109:0/1668406472 >> v2:192.168.123.109:6800/82853931 conn(0x7f23ec041500 0x7f23ec0438f0 unknown :-1 s=NONE pgs=0 cs=0 l=1 rev1=0 crypto rx=0 tx=0 comp rx=0 tx=0).connect
2026-03-09T00:29:32.030 INFO:teuthology.orchestra.run.vm09.stdout:/usr/bin/ceph: stderr
2026-03-09T00:29:31.909+0000 7f2418868640 1 -- 192.168.123.109:0/1668406472 --> v2:192.168.123.109:6800/82853931 -- command(tid 0: {"prefix": "get_command_descriptions"}) -- 0x7f2408003540 con 0x7f23ec041500
2026-03-09T00:29:32.030 INFO:teuthology.orchestra.run.vm09.stdout:/usr/bin/ceph: stderr
2026-03-09T00:29:31.912+0000 7f24127fc640 1 --2- 192.168.123.109:0/1668406472 >> v2:192.168.123.109:6800/82853931 conn(0x7f23ec041500 0x7f23ec0438f0 unknown :-1 s=BANNER_CONNECTING pgs=0 cs=0 l=1 rev1=0 crypto rx=0 tx=0 comp rx=0 tx=0)._handle_peer_banner_payload supported=3 required=0
2026-03-09T00:29:32.030 INFO:teuthology.orchestra.run.vm09.stdout:/usr/bin/ceph: stderr
2026-03-09T00:29:31.912+0000 7f24127fc640 1 --2- 192.168.123.109:0/1668406472 >> v2:192.168.123.109:6800/82853931 conn(0x7f23ec041500 0x7f23ec0438f0 secure :-1 s=READY pgs=1 cs=0 l=1 rev1=1 crypto rx=0x7f23fc003a80 tx=0x7f23fc0092b0 comp rx=0 tx=0).ready entity=mgr.14150 client_cookie=0 server_cookie=0 in_seq=0 out_seq=0
2026-03-09T00:29:32.030 INFO:teuthology.orchestra.run.vm09.stdout:/usr/bin/ceph: stderr
2026-03-09T00:29:31.913+0000 7f2418868640 1 -- 192.168.123.109:0/1668406472 <== mgr.14150 v2:192.168.123.109:6800/82853931 1 ==== command_reply(tid 0: 0 ) ==== 8+0+8901 (secure 0 0 0) 0x7f2408003540 con 0x7f23ec041500
2026-03-09T00:29:32.030 INFO:teuthology.orchestra.run.vm09.stdout:/usr/bin/ceph: stderr
2026-03-09T00:29:31.917+0000 7f241986a640 1 -- 192.168.123.109:0/1668406472 --> v2:192.168.123.109:6800/82853931 -- command(tid 1: {"prefix": "mgr_status"}) -- 0x7f23e0002880 con 0x7f23ec041500
2026-03-09T00:29:32.030 INFO:teuthology.orchestra.run.vm09.stdout:/usr/bin/ceph: stderr
2026-03-09T00:29:31.917+0000 7f2418868640 1 -- 192.168.123.109:0/1668406472 <== mgr.14150 v2:192.168.123.109:6800/82853931 2 ==== command_reply(tid 1: 0 ) ==== 8+0+52 (secure 0 0 0) 0x7f23e0002880 con 0x7f23ec041500
2026-03-09T00:29:32.030 INFO:teuthology.orchestra.run.vm09.stdout:/usr/bin/ceph: stderr
2026-03-09T00:29:31.921+0000 7f241986a640 1 -- 192.168.123.109:0/1668406472 >> v2:192.168.123.109:6800/82853931 conn(0x7f23ec041500 msgr2=0x7f23ec0438f0 secure :-1 s=STATE_CONNECTION_ESTABLISHED l=1).mark_down
2026-03-09T00:29:32.030 INFO:teuthology.orchestra.run.vm09.stdout:/usr/bin/ceph: stderr
2026-03-09T00:29:31.921+0000 7f241986a640 1 --2- 192.168.123.109:0/1668406472 >> v2:192.168.123.109:6800/82853931 conn(0x7f23ec041500 0x7f23ec0438f0 secure :-1 s=READY pgs=1 cs=0 l=1 rev1=1 crypto rx=0x7f23fc003a80 tx=0x7f23fc0092b0 comp rx=0 tx=0).stop
2026-03-09T00:29:32.030 INFO:teuthology.orchestra.run.vm09.stdout:/usr/bin/ceph: stderr
2026-03-09T00:29:31.921+0000 7f241986a640 1 -- 192.168.123.109:0/1668406472 >> [v2:192.168.123.109:3300/0,v1:192.168.123.109:6789/0] conn(0x7f2414074650 msgr2=0x7f24141ab660 secure :-1 s=STATE_CONNECTION_ESTABLISHED l=1).mark_down
2026-03-09T00:29:32.030 INFO:teuthology.orchestra.run.vm09.stdout:/usr/bin/ceph: stderr
2026-03-09T00:29:31.921+0000 7f241986a640 1 --2- 192.168.123.109:0/1668406472 >> [v2:192.168.123.109:3300/0,v1:192.168.123.109:6789/0] conn(0x7f2414074650 0x7f24141ab660 secure :-1 s=READY pgs=60 cs=0 l=1 rev1=1 crypto rx=0x7f2408002410 tx=0x7f24080365d0 comp rx=0 tx=0).stop
2026-03-09T00:29:32.030 INFO:teuthology.orchestra.run.vm09.stdout:/usr/bin/ceph: stderr
2026-03-09T00:29:31.923+0000 7f241986a640 1 -- 192.168.123.109:0/1668406472 shutdown_connections
2026-03-09T00:29:32.030 INFO:teuthology.orchestra.run.vm09.stdout:/usr/bin/ceph: stderr
2026-03-09T00:29:31.923+0000 7f241986a640 1 --2- 192.168.123.109:0/1668406472 >> v2:192.168.123.109:6800/82853931 conn(0x7f23ec041500 0x7f23ec0438f0 unknown :-1 s=CLOSED pgs=1 cs=0 l=1 rev1=1 crypto rx=0 tx=0 comp rx=0 tx=0).stop
2026-03-09T00:29:32.030 INFO:teuthology.orchestra.run.vm09.stdout:/usr/bin/ceph: stderr
2026-03-09T00:29:31.923+0000 7f241986a640 1 --2- 192.168.123.109:0/1668406472 >> v2:192.168.123.109:6800/3433497319 conn(0x7f23ec03dca0 0x7f23ec040160 unknown :-1 s=CLOSED pgs=0 cs=0 l=1 rev1=0 crypto rx=0 tx=0 comp rx=0 tx=0).stop
2026-03-09T00:29:32.030 INFO:teuthology.orchestra.run.vm09.stdout:/usr/bin/ceph: stderr
2026-03-09T00:29:31.923+0000 7f241986a640 1 --2- 192.168.123.109:0/1668406472 >> [v2:192.168.123.109:3300/0,v1:192.168.123.109:6789/0] conn(0x7f2414074650 0x7f24141ab660 unknown :-1 s=CLOSED pgs=60 cs=0 l=1 rev1=1 crypto rx=0 tx=0 comp rx=0 tx=0).stop
2026-03-09T00:29:32.030 INFO:teuthology.orchestra.run.vm09.stdout:/usr/bin/ceph: stderr
2026-03-09T00:29:31.923+0000 7f241986a640 1 -- 192.168.123.109:0/1668406472 >> 192.168.123.109:0/1668406472 conn(0x7f241406fe80 msgr2=0x7f2414070880 unknown :-1 s=STATE_NONE l=0).mark_down
2026-03-09T00:29:32.030 INFO:teuthology.orchestra.run.vm09.stdout:/usr/bin/ceph: stderr
2026-03-09T00:29:31.923+0000 7f241986a640 1 -- 192.168.123.109:0/1668406472 shutdown_connections
2026-03-09T00:29:32.030 INFO:teuthology.orchestra.run.vm09.stdout:/usr/bin/ceph: stderr
2026-03-09T00:29:31.923+0000 7f241986a640 1 -- 192.168.123.109:0/1668406472 wait complete.
2026-03-09T00:29:32.030 INFO:teuthology.orchestra.run.vm09.stdout:mgr epoch 9 is available
2026-03-09T00:29:32.030 INFO:teuthology.orchestra.run.vm09.stdout:Generating a dashboard self-signed certificate...
2026-03-09T00:29:32.414 INFO:journalctl@ceph.mon.a.vm09.stdout:Mar 09 00:29:32 vm09 ceph-mon[49458]: from='mgr.14150 192.168.123.109:0/1429247171' entity='mgr.y'
2026-03-09T00:29:32.414 INFO:journalctl@ceph.mon.a.vm09.stdout:Mar 09 00:29:32 vm09 ceph-mon[49458]: mgrmap e11: y(active, since 1.15987s)
2026-03-09T00:29:32.414 INFO:journalctl@ceph.mon.a.vm09.stdout:Mar 09 00:29:32 vm09 ceph-mon[49458]: from='mgr.14150 192.168.123.109:0/1429247171' entity='mgr.y'
2026-03-09T00:29:32.521 INFO:teuthology.orchestra.run.vm09.stdout:/usr/bin/ceph: stdout Self-signed certificate created
2026-03-09T00:29:32.521 INFO:teuthology.orchestra.run.vm09.stdout:/usr/bin/ceph: stderr
2026-03-09T00:29:32.224+0000 7f22960fb640 1 Processor -- start
2026-03-09T00:29:32.521 INFO:teuthology.orchestra.run.vm09.stdout:/usr/bin/ceph: stderr
2026-03-09T00:29:32.225+0000 7f22960fb640 1 -- start start
2026-03-09T00:29:32.521 INFO:teuthology.orchestra.run.vm09.stdout:/usr/bin/ceph: stderr
2026-03-09T00:29:32.225+0000 7f22960fb640 1 --2- >> [v2:192.168.123.109:3300/0,v1:192.168.123.109:6789/0] conn(0x7f2290074cc0 0x7f22900750c0 unknown :-1 s=NONE pgs=0 cs=0 l=0 rev1=0 crypto rx=0 tx=0 comp rx=0 tx=0).connect
2026-03-09T00:29:32.521 INFO:teuthology.orchestra.run.vm09.stdout:/usr/bin/ceph: stderr
