2026-03-09T00:29:32.225+0000 7f22960fb640 1 -- --> [v2:192.168.123.109:3300/0,v1:192.168.123.109:6789/0] -- mon_getmap magic: 0 -- 0x7f2290075690 con 0x7f2290074cc0
2026-03-09T00:29:32.521 INFO:teuthology.orchestra.run.vm09.stdout:/usr/bin/ceph: stderr
2026-03-09T00:29:32.228+0000 7f228f7fe640 1 --2- >> [v2:192.168.123.109:3300/0,v1:192.168.123.109:6789/0] conn(0x7f2290074cc0 0x7f22900750c0 unknown :-1 s=BANNER_CONNECTING pgs=0 cs=0 l=0 rev1=0 crypto rx=0 tx=0 comp rx=0 tx=0)._handle_peer_banner_payload supported=3 required=0
2026-03-09T00:29:32.521 INFO:teuthology.orchestra.run.vm09.stdout:/usr/bin/ceph: stderr
2026-03-09T00:29:32.228+0000 7f228f7fe640 1 --2- >> [v2:192.168.123.109:3300/0,v1:192.168.123.109:6789/0] conn(0x7f2290074cc0 0x7f22900750c0 unknown :-1 s=HELLO_CONNECTING pgs=0 cs=0 l=0 rev1=1 crypto rx=0 tx=0 comp rx=0 tx=0).handle_hello peer v2:192.168.123.109:3300/0 says I am v2:192.168.123.109:60968/0 (socket says 192.168.123.109:60968)
2026-03-09T00:29:32.521 INFO:teuthology.orchestra.run.vm09.stdout:/usr/bin/ceph: stderr
2026-03-09T00:29:32.228+0000 7f228f7fe640 1 -- 192.168.123.109:0/3264550886 learned_addr learned my addr 192.168.123.109:0/3264550886 (peer_addr_for_me v2:192.168.123.109:0/0)
2026-03-09T00:29:32.521 INFO:teuthology.orchestra.run.vm09.stdout:/usr/bin/ceph: stderr
2026-03-09T00:29:32.229+0000 7f228f7fe640 1 -- 192.168.123.109:0/3264550886 --> [v2:192.168.123.109:3300/0,v1:192.168.123.109:6789/0] -- mon_subscribe({config=0+,monmap=0+}) -- 0x7f229010e6b0 con 0x7f2290074cc0
2026-03-09T00:29:32.521 INFO:teuthology.orchestra.run.vm09.stdout:/usr/bin/ceph: stderr
2026-03-09T00:29:32.230+0000 7f228f7fe640 1 --2- 192.168.123.109:0/3264550886 >> [v2:192.168.123.109:3300/0,v1:192.168.123.109:6789/0] conn(0x7f2290074cc0 0x7f22900750c0 secure :-1 s=READY pgs=68 cs=0 l=1 rev1=1 crypto rx=0x7f22840089a0 tx=0x7f2284031440 comp rx=0 tx=0).ready entity=mon.0 client_cookie=90b81f0d8d1f4264 server_cookie=0 in_seq=0 out_seq=0
2026-03-09T00:29:32.521 INFO:teuthology.orchestra.run.vm09.stdout:/usr/bin/ceph: stderr
2026-03-09T00:29:32.230+0000 7f228e7fc640 1 -- 192.168.123.109:0/3264550886 <== mon.0 v2:192.168.123.109:3300/0 1 ==== mon_map magic: 0 ==== 205+0+0 (secure 0 0 0) 0x7f228403c480 con 0x7f2290074cc0
2026-03-09T00:29:32.521 INFO:teuthology.orchestra.run.vm09.stdout:/usr/bin/ceph: stderr
2026-03-09T00:29:32.230+0000 7f228e7fc640 1 -- 192.168.123.109:0/3264550886 <== mon.0 v2:192.168.123.109:3300/0 2 ==== config(25 keys) ==== 1029+0+0 (secure 0 0 0) 0x7f228403ca90 con 0x7f2290074cc0
2026-03-09T00:29:32.521 INFO:teuthology.orchestra.run.vm09.stdout:/usr/bin/ceph: stderr
2026-03-09T00:29:32.230+0000 7f22960fb640 1 -- 192.168.123.109:0/3264550886 >> [v2:192.168.123.109:3300/0,v1:192.168.123.109:6789/0] conn(0x7f2290074cc0 msgr2=0x7f22900750c0 secure :-1 s=STATE_CONNECTION_ESTABLISHED l=1).mark_down
2026-03-09T00:29:32.521 INFO:teuthology.orchestra.run.vm09.stdout:/usr/bin/ceph: stderr
2026-03-09T00:29:32.230+0000 7f22960fb640 1 --2- 192.168.123.109:0/3264550886 >> [v2:192.168.123.109:3300/0,v1:192.168.123.109:6789/0] conn(0x7f2290074cc0 0x7f22900750c0 secure :-1 s=READY pgs=68 cs=0 l=1 rev1=1 crypto rx=0x7f22840089a0 tx=0x7f2284031440 comp rx=0 tx=0).stop
2026-03-09T00:29:32.521 INFO:teuthology.orchestra.run.vm09.stdout:/usr/bin/ceph: stderr
2026-03-09T00:29:32.231+0000 7f22960fb640 1 -- 192.168.123.109:0/3264550886 shutdown_connections
2026-03-09T00:29:32.521 INFO:teuthology.orchestra.run.vm09.stdout:/usr/bin/ceph: stderr
2026-03-09T00:29:32.231+0000 7f22960fb640 1 --2- 192.168.123.109:0/3264550886 >> [v2:192.168.123.109:3300/0,v1:192.168.123.109:6789/0] conn(0x7f2290074cc0 0x7f22900750c0 unknown :-1 s=CLOSED pgs=68 cs=0 l=1 rev1=1 crypto rx=0 tx=0 comp rx=0 tx=0).stop
2026-03-09T00:29:32.521 INFO:teuthology.orchestra.run.vm09.stdout:/usr/bin/ceph: stderr
2026-03-09T00:29:32.231+0000 7f22960fb640 1 -- 192.168.123.109:0/3264550886 >> 192.168.123.109:0/3264550886 conn(0x7f2290070020 msgr2=0x7f2290072480 unknown :-1 s=STATE_NONE l=0).mark_down
2026-03-09T00:29:32.521 INFO:teuthology.orchestra.run.vm09.stdout:/usr/bin/ceph: stderr
2026-03-09T00:29:32.231+0000 7f22960fb640 1 -- 192.168.123.109:0/3264550886 shutdown_connections
2026-03-09T00:29:32.521 INFO:teuthology.orchestra.run.vm09.stdout:/usr/bin/ceph: stderr
2026-03-09T00:29:32.231+0000 7f22960fb640 1 -- 192.168.123.109:0/3264550886 wait complete.
2026-03-09T00:29:32.521 INFO:teuthology.orchestra.run.vm09.stdout:/usr/bin/ceph: stderr
2026-03-09T00:29:32.231+0000 7f22960fb640 1 Processor -- start
2026-03-09T00:29:32.521 INFO:teuthology.orchestra.run.vm09.stdout:/usr/bin/ceph: stderr
2026-03-09T00:29:32.231+0000 7f22960fb640 1 -- start start
2026-03-09T00:29:32.521 INFO:teuthology.orchestra.run.vm09.stdout:/usr/bin/ceph: stderr
2026-03-09T00:29:32.231+0000 7f22960fb640 1 --2- >> [v2:192.168.123.109:3300/0,v1:192.168.123.109:6789/0] conn(0x7f22901a2d10 0x7f22901a3130 unknown :-1 s=NONE pgs=0 cs=0 l=1 rev1=0 crypto rx=0 tx=0 comp rx=0 tx=0).connect
2026-03-09T00:29:32.521 INFO:teuthology.orchestra.run.vm09.stdout:/usr/bin/ceph: stderr
2026-03-09T00:29:32.231+0000 7f22960fb640 1 -- --> [v2:192.168.123.109:3300/0,v1:192.168.123.109:6789/0] -- mon_getmap magic: 0 -- 0x7f229010f0c0 con 0x7f22901a2d10
2026-03-09T00:29:32.521 INFO:teuthology.orchestra.run.vm09.stdout:/usr/bin/ceph: stderr
2026-03-09T00:29:32.231+0000 7f228f7fe640 1 --2- >> [v2:192.168.123.109:3300/0,v1:192.168.123.109:6789/0] conn(0x7f22901a2d10 0x7f22901a3130 unknown :-1 s=BANNER_CONNECTING pgs=0 cs=0 l=1 rev1=0 crypto rx=0 tx=0 comp rx=0 tx=0)._handle_peer_banner_payload supported=3 required=0
2026-03-09T00:29:32.521 INFO:teuthology.orchestra.run.vm09.stdout:/usr/bin/ceph: stderr
2026-03-09T00:29:32.232+0000 7f228f7fe640 1 --2- >> [v2:192.168.123.109:3300/0,v1:192.168.123.109:6789/0] conn(0x7f22901a2d10 0x7f22901a3130 unknown :-1 s=HELLO_CONNECTING pgs=0 cs=0 l=1 rev1=1 crypto rx=0 tx=0 comp rx=0 tx=0).handle_hello peer v2:192.168.123.109:3300/0 says I am v2:192.168.123.109:60978/0 (socket says 192.168.123.109:60978)
2026-03-09T00:29:32.521 INFO:teuthology.orchestra.run.vm09.stdout:/usr/bin/ceph: stderr
2026-03-09T00:29:32.232+0000 7f228f7fe640 1 -- 192.168.123.109:0/3278993956 learned_addr learned my addr 192.168.123.109:0/3278993956 (peer_addr_for_me v2:192.168.123.109:0/0)
2026-03-09T00:29:32.521 INFO:teuthology.orchestra.run.vm09.stdout:/usr/bin/ceph: stderr
2026-03-09T00:29:32.232+0000 7f228f7fe640 1 -- 192.168.123.109:0/3278993956 --> [v2:192.168.123.109:3300/0,v1:192.168.123.109:6789/0] -- mon_subscribe({config=0+,monmap=0+}) -- 0x7f22901a3670 con 0x7f22901a2d10
2026-03-09T00:29:32.521 INFO:teuthology.orchestra.run.vm09.stdout:/usr/bin/ceph: stderr
2026-03-09T00:29:32.232+0000 7f228f7fe640 1 --2- 192.168.123.109:0/3278993956 >> [v2:192.168.123.109:3300/0,v1:192.168.123.109:6789/0] conn(0x7f22901a2d10 0x7f22901a3130 secure :-1 s=READY pgs=69 cs=0 l=1 rev1=1 crypto rx=0x7f2284009c80 tx=0x7f2284009cb0 comp rx=0 tx=0).ready entity=mon.0 client_cookie=0 server_cookie=0 in_seq=0 out_seq=0
2026-03-09T00:29:32.521 INFO:teuthology.orchestra.run.vm09.stdout:/usr/bin/ceph: stderr
2026-03-09T00:29:32.232+0000 7f228cff9640 1 -- 192.168.123.109:0/3278993956 <== mon.0 v2:192.168.123.109:3300/0 1 ==== mon_map magic: 0 ==== 205+0+0 (secure 0 0 0) 0x7f228403bed0 con 0x7f22901a2d10
2026-03-09T00:29:32.521 INFO:teuthology.orchestra.run.vm09.stdout:/usr/bin/ceph: stderr
2026-03-09T00:29:32.232+0000 7f22960fb640 1 -- 192.168.123.109:0/3278993956 --> [v2:192.168.123.109:3300/0,v1:192.168.123.109:6789/0] -- mon_subscribe({mgrmap=0+}) -- 0x7f22901a3900 con 0x7f22901a2d10
2026-03-09T00:29:32.521 INFO:teuthology.orchestra.run.vm09.stdout:/usr/bin/ceph: stderr
2026-03-09T00:29:32.232+0000 7f22960fb640 1 -- 192.168.123.109:0/3278993956 --> [v2:192.168.123.109:3300/0,v1:192.168.123.109:6789/0] -- mon_subscribe({osdmap=0}) -- 0x7f22901a6460 con 0x7f22901a2d10
2026-03-09T00:29:32.521 INFO:teuthology.orchestra.run.vm09.stdout:/usr/bin/ceph: stderr
2026-03-09T00:29:32.232+0000 7f228cff9640 1 -- 192.168.123.109:0/3278993956 <== mon.0 v2:192.168.123.109:3300/0 2 ==== config(25 keys) ==== 1029+0+0 (secure 0 0 0) 0x7f2284031e50 con 0x7f22901a2d10
2026-03-09T00:29:32.521 INFO:teuthology.orchestra.run.vm09.stdout:/usr/bin/ceph: stderr
2026-03-09T00:29:32.233+0000 7f228cff9640 1 -- 192.168.123.109:0/3278993956 <== mon.0 v2:192.168.123.109:3300/0 3 ==== mon_map magic: 0 ==== 205+0+0 (secure 0 0 0) 0x7f228400b400 con 0x7f22901a2d10
2026-03-09T00:29:32.521 INFO:teuthology.orchestra.run.vm09.stdout:/usr/bin/ceph: stderr
2026-03-09T00:29:32.233+0000 7f22960fb640 1 -- 192.168.123.109:0/3278993956 --> [v2:192.168.123.109:3300/0,v1:192.168.123.109:6789/0] -- mon_command({"prefix": "get_command_descriptions"} v 0) -- 0x7f2290074cc0 con 0x7f22901a2d10
2026-03-09T00:29:32.521 INFO:teuthology.orchestra.run.vm09.stdout:/usr/bin/ceph: stderr
2026-03-09T00:29:32.239+0000 7f228cff9640 1 -- 192.168.123.109:0/3278993956 <== mon.0 v2:192.168.123.109:3300/0 4 ==== mgrmap(e 11) ==== 50119+0+0 (secure 0 0 0) 0x7f228400bce0 con 0x7f22901a2d10
2026-03-09T00:29:32.521 INFO:teuthology.orchestra.run.vm09.stdout:/usr/bin/ceph: stderr
2026-03-09T00:29:32.239+0000 7f228cff9640 1 --2- 192.168.123.109:0/3278993956 >> v2:192.168.123.109:6800/82853931 conn(0x7f227003dbb0 0x7f2270040070 unknown :-1 s=NONE pgs=0 cs=0 l=1 rev1=0 crypto rx=0 tx=0 comp rx=0 tx=0).connect
2026-03-09T00:29:32.522 INFO:teuthology.orchestra.run.vm09.stdout:/usr/bin/ceph: stderr
2026-03-09T00:29:32.239+0000 7f228cff9640 1 -- 192.168.123.109:0/3278993956 <== mon.0 v2:192.168.123.109:3300/0 5 ==== osd_map(3..3 src has 1..3) ==== 1069+0+0 (secure 0 0 0) 0x7f2284076490 con 0x7f22901a2d10
2026-03-09T00:29:32.522 INFO:teuthology.orchestra.run.vm09.stdout:/usr/bin/ceph: stderr
2026-03-09T00:29:32.239+0000 7f228effd640 1 --2- 192.168.123.109:0/3278993956 >> v2:192.168.123.109:6800/82853931 conn(0x7f227003dbb0 0x7f2270040070 unknown :-1 s=BANNER_CONNECTING pgs=0 cs=0 l=1 rev1=0 crypto rx=0 tx=0 comp rx=0 tx=0)._handle_peer_banner_payload supported=3 required=0
2026-03-09T00:29:32.522 INFO:teuthology.orchestra.run.vm09.stdout:/usr/bin/ceph: stderr
2026-03-09T00:29:32.239+0000 7f228cff9640 1 -- 192.168.123.109:0/3278993956 <== mon.0 v2:192.168.123.109:3300/0 6 ==== mon_command_ack([{"prefix": "get_command_descriptions"}]=0 v0) ==== 72+0+195034 (secure 0 0 0) 0x7f2284076950 con 0x7f22901a2d10
2026-03-09T00:29:32.522 INFO:teuthology.orchestra.run.vm09.stdout:/usr/bin/ceph: stderr
2026-03-09T00:29:32.239+0000 7f228effd640 1 --2- 192.168.123.109:0/3278993956 >> v2:192.168.123.109:6800/82853931 conn(0x7f227003dbb0 0x7f2270040070 secure :-1 s=READY pgs=7 cs=0 l=1 rev1=1 crypto rx=0x7f22780099c0 tx=0x7f2278006eb0 comp rx=0 tx=0).ready entity=mgr.14150 client_cookie=0 server_cookie=0 in_seq=0 out_seq=0
2026-03-09T00:29:32.522 INFO:teuthology.orchestra.run.vm09.stdout:/usr/bin/ceph: stderr
2026-03-09T00:29:32.375+0000 7f22960fb640 1 -- 192.168.123.109:0/3278993956 --> v2:192.168.123.109:6800/82853931 -- mgr_command(tid 0: {"prefix": "dashboard create-self-signed-cert", "target": ["mon-mgr", ""]}) -- 0x7f22901a6b10 con 0x7f227003dbb0
2026-03-09T00:29:32.522 INFO:teuthology.orchestra.run.vm09.stdout:/usr/bin/ceph: stderr
2026-03-09T00:29:32.482+0000 7f228cff9640 1 -- 192.168.123.109:0/3278993956 <== mgr.14150 v2:192.168.123.109:6800/82853931 1 ==== mgr_command_reply(tid 0: 0 ) ==== 8+0+32 (secure 0 0 0) 0x7f22901a6b10 con 0x7f227003dbb0
2026-03-09T00:29:32.522 INFO:teuthology.orchestra.run.vm09.stdout:/usr/bin/ceph: stderr
2026-03-09T00:29:32.485+0000 7f226e7fc640 1 -- 192.168.123.109:0/3278993956 >> v2:192.168.123.109:6800/82853931 conn(0x7f227003dbb0 msgr2=0x7f2270040070 secure :-1 s=STATE_CONNECTION_ESTABLISHED l=1).mark_down
2026-03-09T00:29:32.522 INFO:teuthology.orchestra.run.vm09.stdout:/usr/bin/ceph: stderr
2026-03-09T00:29:32.485+0000 7f226e7fc640 1 --2- 192.168.123.109:0/3278993956 >> v2:192.168.123.109:6800/82853931 conn(0x7f227003dbb0 0x7f2270040070 secure :-1 s=READY pgs=7 cs=0 l=1 rev1=1 crypto rx=0x7f22780099c0 tx=0x7f2278006eb0 comp rx=0 tx=0).stop
2026-03-09T00:29:32.522 INFO:teuthology.orchestra.run.vm09.stdout:/usr/bin/ceph: stderr
2026-03-09T00:29:32.485+0000 7f226e7fc640 1 -- 192.168.123.109:0/3278993956 >> [v2:192.168.123.109:3300/0,v1:192.168.123.109:6789/0] conn(0x7f22901a2d10 msgr2=0x7f22901a3130 secure :-1 s=STATE_CONNECTION_ESTABLISHED l=1).mark_down
2026-03-09T00:29:32.522 INFO:teuthology.orchestra.run.vm09.stdout:/usr/bin/ceph: stderr
2026-03-09T00:29:32.485+0000 7f226e7fc640 1 --2- 192.168.123.109:0/3278993956 >> [v2:192.168.123.109:3300/0,v1:192.168.123.109:6789/0] conn(0x7f22901a2d10 0x7f22901a3130 secure :-1 s=READY pgs=69 cs=0 l=1 rev1=1 crypto rx=0x7f2284009c80 tx=0x7f2284009cb0 comp rx=0 tx=0).stop
2026-03-09T00:29:32.522 INFO:teuthology.orchestra.run.vm09.stdout:/usr/bin/ceph: stderr
2026-03-09T00:29:32.485+0000 7f226e7fc640 1 -- 192.168.123.109:0/3278993956 shutdown_connections
2026-03-09T00:29:32.522 INFO:teuthology.orchestra.run.vm09.stdout:/usr/bin/ceph: stderr
2026-03-09T00:29:32.485+0000 7f226e7fc640 1 --2- 192.168.123.109:0/3278993956 >> v2:192.168.123.109:6800/82853931 conn(0x7f227003dbb0 0x7f2270040070 unknown :-1 s=CLOSED pgs=7 cs=0 l=1 rev1=1 crypto rx=0 tx=0 comp rx=0 tx=0).stop
2026-03-09T00:29:32.522 INFO:teuthology.orchestra.run.vm09.stdout:/usr/bin/ceph: stderr
2026-03-09T00:29:32.485+0000 7f226e7fc640 1 --2- 192.168.123.109:0/3278993956 >> [v2:192.168.123.109:3300/0,v1:192.168.123.109:6789/0] conn(0x7f22901a2d10 0x7f22901a3130 unknown :-1 s=CLOSED pgs=69 cs=0 l=1 rev1=1 crypto rx=0 tx=0 comp rx=0 tx=0).stop
2026-03-09T00:29:32.522 INFO:teuthology.orchestra.run.vm09.stdout:/usr/bin/ceph: stderr
2026-03-09T00:29:32.485+0000 7f226e7fc640 1 -- 192.168.123.109:0/3278993956 >> 192.168.123.109:0/3278993956 conn(0x7f2290070020 msgr2=0x7f22900709f0 unknown :-1 s=STATE_NONE l=0).mark_down
2026-03-09T00:29:32.522 INFO:teuthology.orchestra.run.vm09.stdout:/usr/bin/ceph: stderr
2026-03-09T00:29:32.485+0000 7f226e7fc640 1 -- 192.168.123.109:0/3278993956 shutdown_connections
2026-03-09T00:29:32.522 INFO:teuthology.orchestra.run.vm09.stdout:/usr/bin/ceph: stderr
2026-03-09T00:29:32.486+0000 7f226e7fc640 1 -- 192.168.123.109:0/3278993956 wait complete.
2026-03-09T00:29:32.522 INFO:teuthology.orchestra.run.vm09.stdout:Creating initial admin user...
2026-03-09T00:29:32.974 INFO:teuthology.orchestra.run.vm09.stdout:/usr/bin/ceph: stdout {"username": "admin", "password": "$2b$12$fPH3dRkWP5dufnODVsRe4ugzLHh19yQDN1XmoVsiNpT4Td1zPua1G", "roles": ["administrator"], "name": null, "email": null, "lastUpdate": 1773016172, "enabled": true, "pwdExpirationDate": null, "pwdUpdateRequired": true}
2026-03-09T00:29:32.974 INFO:teuthology.orchestra.run.vm09.stdout:/usr/bin/ceph: stderr
2026-03-09T00:29:32.661+0000 7f4329883640 1 Processor -- start
2026-03-09T00:29:32.974 INFO:teuthology.orchestra.run.vm09.stdout:/usr/bin/ceph: stderr
2026-03-09T00:29:32.662+0000 7f4329883640 1 -- start start
2026-03-09T00:29:32.974 INFO:teuthology.orchestra.run.vm09.stdout:/usr/bin/ceph: stderr
2026-03-09T00:29:32.662+0000 7f4329883640 1 --2- >> [v2:192.168.123.109:3300/0,v1:192.168.123.109:6789/0] conn(0x7f43241066d0 0x7f4324106ad0 unknown :-1 s=NONE pgs=0 cs=0 l=0 rev1=0 crypto rx=0 tx=0 comp rx=0 tx=0).connect
2026-03-09T00:29:32.974 INFO:teuthology.orchestra.run.vm09.stdout:/usr/bin/ceph: stderr
2026-03-09T00:29:32.662+0000 7f4329883640 1 -- --> [v2:192.168.123.109:3300/0,v1:192.168.123.109:6789/0] -- mon_getmap magic: 0 -- 0x7f43241070a0 con 0x7f43241066d0
2026-03-09T00:29:32.974 INFO:teuthology.orchestra.run.vm09.stdout:/usr/bin/ceph: stderr
2026-03-09T00:29:32.662+0000 7f4328881640 1 --2- >> [v2:192.168.123.109:3300/0,v1:192.168.123.109:6789/0] conn(0x7f43241066d0 0x7f4324106ad0 unknown :-1 s=BANNER_CONNECTING pgs=0 cs=0 l=0 rev1=0 crypto rx=0 tx=0 comp rx=0 tx=0)._handle_peer_banner_payload supported=3 required=0
2026-03-09T00:29:32.974 INFO:teuthology.orchestra.run.vm09.stdout:/usr/bin/ceph: stderr
2026-03-09T00:29:32.662+0000 7f4328881640 1 --2- >> [v2:192.168.123.109:3300/0,v1:192.168.123.109:6789/0] conn(0x7f43241066d0 0x7f4324106ad0 unknown :-1 s=HELLO_CONNECTING pgs=0 cs=0 l=0 rev1=1 crypto rx=0 tx=0 comp rx=0 tx=0).handle_hello peer v2:192.168.123.109:3300/0 says I am v2:192.168.123.109:60994/0 (socket says 192.168.123.109:60994)
2026-03-09T00:29:32.974 INFO:teuthology.orchestra.run.vm09.stdout:/usr/bin/ceph: stderr
2026-03-09T00:29:32.662+0000 7f4328881640 1 -- 192.168.123.109:0/1238818469 learned_addr learned my addr 192.168.123.109:0/1238818469 (peer_addr_for_me v2:192.168.123.109:0/0)
2026-03-09T00:29:32.974 INFO:teuthology.orchestra.run.vm09.stdout:/usr/bin/ceph: stderr
2026-03-09T00:29:32.662+0000 7f4328881640 1 -- 192.168.123.109:0/1238818469 --> [v2:192.168.123.109:3300/0,v1:192.168.123.109:6789/0] -- mon_subscribe({config=0+,monmap=0+}) -- 0x7f43241078d0 con 0x7f43241066d0
2026-03-09T00:29:32.974 INFO:teuthology.orchestra.run.vm09.stdout:/usr/bin/ceph: stderr
2026-03-09T00:29:32.663+0000 7f4328881640 1 --2- 192.168.123.109:0/1238818469 >> [v2:192.168.123.109:3300/0,v1:192.168.123.109:6789/0] conn(0x7f43241066d0 0x7f4324106ad0 secure :-1 s=READY pgs=70 cs=0 l=1 rev1=1 crypto rx=0x7f430c00dec0 tx=0x7f430c0378f0 comp rx=0 tx=0).ready entity=mon.0 client_cookie=da2b1edba144efdf server_cookie=0 in_seq=0 out_seq=0
2026-03-09T00:29:32.974 INFO:teuthology.orchestra.run.vm09.stdout:/usr/bin/ceph: stderr
2026-03-09T00:29:32.663+0000 7f431b7fe640 1 -- 192.168.123.109:0/1238818469 <== mon.0 v2:192.168.123.109:3300/0 1 ==== mon_map magic: 0 ==== 205+0+0 (secure 0 0 0) 0x7f430c043070 con 0x7f43241066d0
2026-03-09T00:29:32.974 INFO:teuthology.orchestra.run.vm09.stdout:/usr/bin/ceph: stderr
2026-03-09T00:29:32.663+0000 7f431b7fe640 1 -- 192.168.123.109:0/1238818469 <== mon.0 v2:192.168.123.109:3300/0 2 ==== config(25 keys) ==== 1029+0+0 (secure 0 0 0) 0x7f430c00d410 con 0x7f43241066d0
2026-03-09T00:29:32.974 INFO:teuthology.orchestra.run.vm09.stdout:/usr/bin/ceph: stderr
2026-03-09T00:29:32.663+0000 7f4329883640 1 -- 192.168.123.109:0/1238818469 >> [v2:192.168.123.109:3300/0,v1:192.168.123.109:6789/0] conn(0x7f43241066d0 msgr2=0x7f4324106ad0 secure :-1 s=STATE_CONNECTION_ESTABLISHED l=1).mark_down
2026-03-09T00:29:32.974 INFO:teuthology.orchestra.run.vm09.stdout:/usr/bin/ceph: stderr
2026-03-09T00:29:32.663+0000 7f4329883640 1 --2- 192.168.123.109:0/1238818469 >> [v2:192.168.123.109:3300/0,v1:192.168.123.109:6789/0] conn(0x7f43241066d0 0x7f4324106ad0 secure :-1 s=READY pgs=70 cs=0 l=1 rev1=1 crypto rx=0x7f430c00dec0 tx=0x7f430c0378f0 comp rx=0 tx=0).stop
2026-03-09T00:29:32.974 INFO:teuthology.orchestra.run.vm09.stdout:/usr/bin/ceph: stderr
2026-03-09T00:29:32.667+0000 7f4329883640 1 -- 192.168.123.109:0/1238818469 shutdown_connections
2026-03-09T00:29:32.974 INFO:teuthology.orchestra.run.vm09.stdout:/usr/bin/ceph: stderr
2026-03-09T00:29:32.667+0000 7f4329883640 1 --2- 192.168.123.109:0/1238818469 >> [v2:192.168.123.109:3300/0,v1:192.168.123.109:6789/0] conn(0x7f43241066d0 0x7f4324106ad0 unknown :-1 s=CLOSED pgs=70 cs=0 l=1 rev1=1 crypto rx=0 tx=0 comp rx=0 tx=0).stop
2026-03-09T00:29:32.974 INFO:teuthology.orchestra.run.vm09.stdout:/usr/bin/ceph: stderr
2026-03-09T00:29:32.667+0000 7f4329883640 1 -- 192.168.123.109:0/1238818469 >> 192.168.123.109:0/1238818469 conn(0x7f4324101e20 msgr2=0x7f43241042a0 unknown :-1 s=STATE_NONE l=0).mark_down
2026-03-09T00:29:32.974 INFO:teuthology.orchestra.run.vm09.stdout:/usr/bin/ceph: stderr
2026-03-09T00:29:32.667+0000 7f4329883640 1 -- 192.168.123.109:0/1238818469 shutdown_connections
2026-03-09T00:29:32.974 INFO:teuthology.orchestra.run.vm09.stdout:/usr/bin/ceph: stderr
2026-03-09T00:29:32.667+0000 7f4329883640 1 -- 192.168.123.109:0/1238818469 wait complete.
2026-03-09T00:29:32.974 INFO:teuthology.orchestra.run.vm09.stdout:/usr/bin/ceph: stderr
2026-03-09T00:29:32.667+0000 7f4329883640 1 Processor -- start
2026-03-09T00:29:32.975 INFO:teuthology.orchestra.run.vm09.stdout:/usr/bin/ceph: stderr
2026-03-09T00:29:32.667+0000 7f4329883640 1 -- start start
2026-03-09T00:29:32.975 INFO:teuthology.orchestra.run.vm09.stdout:/usr/bin/ceph: stderr
2026-03-09T00:29:32.667+0000 7f4329883640 1 --2- >> [v2:192.168.123.109:3300/0,v1:192.168.123.109:6789/0] conn(0x7f43241066d0 0x7f43241ab650 unknown :-1 s=NONE pgs=0 cs=0 l=1 rev1=0 crypto rx=0 tx=0 comp rx=0 tx=0).connect
2026-03-09T00:29:32.975 INFO:teuthology.orchestra.run.vm09.stdout:/usr/bin/ceph: stderr
2026-03-09T00:29:32.667+0000 7f4329883640 1 -- --> [v2:192.168.123.109:3300/0,v1:192.168.123.109:6789/0] -- mon_getmap magic: 0 -- 0x7f4324108760 con 0x7f43241066d0
2026-03-09T00:29:32.975 INFO:teuthology.orchestra.run.vm09.stdout:/usr/bin/ceph: stderr
2026-03-09T00:29:32.668+0000 7f4328881640 1 --2- >> [v2:192.168.123.109:3300/0,v1:192.168.123.109:6789/0] conn(0x7f43241066d0 0x7f43241ab650 unknown :-1 s=BANNER_CONNECTING pgs=0 cs=0 l=1 rev1=0 crypto rx=0 tx=0 comp rx=0 tx=0)._handle_peer_banner_payload supported=3 required=0
2026-03-09T00:29:32.975 INFO:teuthology.orchestra.run.vm09.stdout:/usr/bin/ceph: stderr
2026-03-09T00:29:32.668+0000 7f4328881640 1 --2- >> [v2:192.168.123.109:3300/0,v1:192.168.123.109:6789/0] conn(0x7f43241066d0 0x7f43241ab650 unknown :-1 s=HELLO_CONNECTING pgs=0 cs=0 l=1 rev1=1 crypto rx=0 tx=0 comp rx=0 tx=0).handle_hello peer v2:192.168.123.109:3300/0 says I am v2:192.168.123.109:32768/0 (socket says 192.168.123.109:32768)
2026-03-09T00:29:32.975 INFO:teuthology.orchestra.run.vm09.stdout:/usr/bin/ceph: stderr
2026-03-09T00:29:32.668+0000 7f4328881640 1 -- 192.168.123.109:0/162828557 learned_addr learned my addr 192.168.123.109:0/162828557 (peer_addr_for_me v2:192.168.123.109:0/0)
2026-03-09T00:29:32.975 INFO:teuthology.orchestra.run.vm09.stdout:/usr/bin/ceph: stderr
2026-03-09T00:29:32.668+0000 7f4328881640 1 -- 192.168.123.109:0/162828557 --> [v2:192.168.123.109:3300/0,v1:192.168.123.109:6789/0] -- mon_subscribe({config=0+,monmap=0+}) -- 0x7f43241abb90 con 0x7f43241066d0
2026-03-09T00:29:32.975 INFO:teuthology.orchestra.run.vm09.stdout:/usr/bin/ceph: stderr
2026-03-09T00:29:32.668+0000 7f4328881640 1 --2- 192.168.123.109:0/162828557 >> [v2:192.168.123.109:3300/0,v1:192.168.123.109:6789/0] conn(0x7f43241066d0 0x7f43241ab650 secure :-1 s=READY pgs=71 cs=0 l=1 rev1=1 crypto rx=0x7f430c00d310 tx=0x7f430c00d340 comp rx=0 tx=0).ready entity=mon.0 client_cookie=0 server_cookie=0 in_seq=0 out_seq=0
2026-03-09T00:29:32.975 INFO:teuthology.orchestra.run.vm09.stdout:/usr/bin/ceph: stderr
2026-03-09T00:29:32.669+0000 7f4319ffb640 1 -- 192.168.123.109:0/162828557 <== mon.0 v2:192.168.123.109:3300/0 1 ==== mon_map magic: 0 ==== 205+0+0 (secure 0 0 0) 0x7f430c043070 con 0x7f43241066d0
2026-03-09T00:29:32.975 INFO:teuthology.orchestra.run.vm09.stdout:/usr/bin/ceph: stderr
2026-03-09T00:29:32.669+0000 7f4319ffb640 1 -- 192.168.123.109:0/162828557 <== mon.0 v2:192.168.123.109:3300/0 2 ==== config(25 keys) ==== 1029+0+0 (secure 0 0 0) 0x7f430c016c70 con 0x7f43241066d0
2026-03-09T00:29:32.975 INFO:teuthology.orchestra.run.vm09.stdout:/usr/bin/ceph: stderr
2026-03-09T00:29:32.669+0000 7f4319ffb640 1 -- 192.168.123.109:0/162828557 <== mon.0 v2:192.168.123.109:3300/0 3 ==== mon_map magic: 0 ==== 205+0+0 (secure 0 0 0) 0x7f430c03d430 con 0x7f43241066d0
2026-03-09T00:29:32.975 INFO:teuthology.orchestra.run.vm09.stdout:/usr/bin/ceph: stderr
2026-03-09T00:29:32.669+0000 7f4329883640 1 -- 192.168.123.109:0/162828557 --> [v2:192.168.123.109:3300/0,v1:192.168.123.109:6789/0] -- mon_subscribe({mgrmap=0+}) -- 0x7f43241abe20 con 0x7f43241066d0
2026-03-09T00:29:32.975 INFO:teuthology.orchestra.run.vm09.stdout:/usr/bin/ceph: stderr
2026-03-09T00:29:32.669+0000 7f4329883640 1 -- 192.168.123.109:0/162828557 --> [v2:192.168.123.109:3300/0,v1:192.168.123.109:6789/0] -- mon_subscribe({osdmap=0}) -- 0x7f43241aeb10 con 0x7f43241066d0
2026-03-09T00:29:32.975 INFO:teuthology.orchestra.run.vm09.stdout:/usr/bin/ceph: stderr
2026-03-09T00:29:32.670+0000 7f43137fe640 1 -- 192.168.123.109:0/162828557 --> [v2:192.168.123.109:3300/0,v1:192.168.123.109:6789/0] -- mon_command({"prefix": "get_command_descriptions"} v 0) -- 0x7f4324106ad0 con 0x7f43241066d0
2026-03-09T00:29:32.975 INFO:teuthology.orchestra.run.vm09.stdout:/usr/bin/ceph: stderr
2026-03-09T00:29:32.673+0000 7f4319ffb640 1 -- 192.168.123.109:0/162828557 <== mon.0 v2:192.168.123.109:3300/0 4 ==== mgrmap(e 11) ==== 50119+0+0 (secure 0 0 0) 0x7f430c050050 con 0x7f43241066d0
2026-03-09T00:29:32.975 INFO:teuthology.orchestra.run.vm09.stdout:/usr/bin/ceph: stderr
2026-03-09T00:29:32.673+0000 7f4319ffb640 1 --2- 192.168.123.109:0/162828557 >> v2:192.168.123.109:6800/82853931 conn(0x7f42f403d810 0x7f42f403fcd0 unknown :-1 s=NONE pgs=0 cs=0 l=1 rev1=0 crypto rx=0 tx=0 comp rx=0 tx=0).connect
2026-03-09T00:29:32.975 INFO:teuthology.orchestra.run.vm09.stdout:/usr/bin/ceph: stderr
2026-03-09T00:29:32.673+0000 7f4319ffb640 1 -- 192.168.123.109:0/162828557 <== mon.0 v2:192.168.123.109:3300/0 5 ==== osd_map(3..3 src has 1..3) ==== 1069+0+0 (secure 0 0 0) 0x7f430c077150 con 0x7f43241066d0
2026-03-09T00:29:32.975 INFO:teuthology.orchestra.run.vm09.stdout:/usr/bin/ceph: stderr
2026-03-09T00:29:32.673+0000 7f431bfff640 1 --2- 192.168.123.109:0/162828557 >> v2:192.168.123.109:6800/82853931 conn(0x7f42f403d810 0x7f42f403fcd0 unknown :-1 s=BANNER_CONNECTING pgs=0 cs=0 l=1 rev1=0 crypto rx=0 tx=0 comp rx=0 tx=0)._handle_peer_banner_payload supported=3 required=0
2026-03-09T00:29:32.975 INFO:teuthology.orchestra.run.vm09.stdout:/usr/bin/ceph: stderr
2026-03-09T00:29:32.673+0000 7f4319ffb640 1 -- 192.168.123.109:0/162828557 <== mon.0 v2:192.168.123.109:3300/0 6 ==== mon_command_ack([{"prefix": "get_command_descriptions"}]=0 v0) ==== 72+0+195034 (secure 0 0 0) 0x7f430c00d3e0 con 0x7f43241066d0
2026-03-09T00:29:32.975 INFO:teuthology.orchestra.run.vm09.stdout:/usr/bin/ceph: stderr
2026-03-09T00:29:32.673+0000 7f431bfff640 1 --2- 192.168.123.109:0/162828557 >> v2:192.168.123.109:6800/82853931 conn(0x7f42f403d810 0x7f42f403fcd0 secure :-1 s=READY pgs=8 cs=0 l=1 rev1=1 crypto rx=0x7f43140099c0 tx=0x7f4314006eb0 comp rx=0 tx=0).ready entity=mgr.14150 client_cookie=0 server_cookie=0 in_seq=0 out_seq=0
2026-03-09T00:29:32.975 INFO:teuthology.orchestra.run.vm09.stdout:/usr/bin/ceph: stderr
2026-03-09T00:29:32.782+0000 7f43137fe640 1 -- 192.168.123.109:0/162828557 --> v2:192.168.123.109:6800/82853931 -- mgr_command(tid 0: {"prefix": "dashboard ac-user-create", "username": "admin", "rolename": "administrator", "force_password": true, "pwd_update_required": true, "target": ["mon-mgr", ""]}) -- 0x7f43241a3b70 con 0x7f42f403d810
2026-03-09T00:29:32.975 INFO:teuthology.orchestra.run.vm09.stdout:/usr/bin/ceph: stderr
2026-03-09T00:29:32.945+0000 7f4319ffb640 1 -- 192.168.123.109:0/162828557 <== mgr.14150 v2:192.168.123.109:6800/82853931 1 ==== mgr_command_reply(tid 0: 0 ) ==== 8+0+252 (secure 0 0 0) 0x7f43241a3b70 con 0x7f42f403d810
2026-03-09T00:29:32.975 INFO:teuthology.orchestra.run.vm09.stdout:/usr/bin/ceph: stderr
2026-03-09T00:29:32.948+0000 7f43137fe640 1 -- 192.168.123.109:0/162828557 >> v2:192.168.123.109:6800/82853931 conn(0x7f42f403d810 msgr2=0x7f42f403fcd0 secure :-1 s=STATE_CONNECTION_ESTABLISHED l=1).mark_down
2026-03-09T00:29:32.975 INFO:teuthology.orchestra.run.vm09.stdout:/usr/bin/ceph: stderr
2026-03-09T00:29:32.948+0000 7f43137fe640 1 --2- 192.168.123.109:0/162828557 >> v2:192.168.123.109:6800/82853931 conn(0x7f42f403d810 0x7f42f403fcd0 secure :-1 s=READY pgs=8 cs=0 l=1 rev1=1 crypto rx=0x7f43140099c0 tx=0x7f4314006eb0 comp rx=0 tx=0).stop
2026-03-09T00:29:32.975 INFO:teuthology.orchestra.run.vm09.stdout:/usr/bin/ceph: stderr
2026-03-09T00:29:32.948+0000 7f43137fe640 1 -- 192.168.123.109:0/162828557 >> [v2:192.168.123.109:3300/0,v1:192.168.123.109:6789/0] conn(0x7f43241066d0 msgr2=0x7f43241ab650 secure :-1 s=STATE_CONNECTION_ESTABLISHED l=1).mark_down
2026-03-09T00:29:32.975 INFO:teuthology.orchestra.run.vm09.stdout:/usr/bin/ceph: stderr
2026-03-09T00:29:32.948+0000 7f43137fe640 1 --2- 192.168.123.109:0/162828557 >> [v2:192.168.123.109:3300/0,v1:192.168.123.109:6789/0] conn(0x7f43241066d0 0x7f43241ab650 secure :-1 s=READY pgs=71 cs=0 l=1 rev1=1 crypto rx=0x7f430c00d310 tx=0x7f430c00d340 comp rx=0 tx=0).stop
2026-03-09T00:29:32.975 INFO:teuthology.orchestra.run.vm09.stdout:/usr/bin/ceph: stderr
2026-03-09T00:29:32.948+0000 7f43137fe640 1 -- 192.168.123.109:0/162828557 shutdown_connections
2026-03-09T00:29:32.975 INFO:teuthology.orchestra.run.vm09.stdout:/usr/bin/ceph: stderr
2026-03-09T00:29:32.948+0000 7f43137fe640 1 --2- 192.168.123.109:0/162828557 >> v2:192.168.123.109:6800/82853931 conn(0x7f42f403d810 0x7f42f403fcd0 unknown :-1 s=CLOSED pgs=8 cs=0 l=1 rev1=1 crypto rx=0 tx=0 comp rx=0 tx=0).stop
2026-03-09T00:29:32.975 INFO:teuthology.orchestra.run.vm09.stdout:/usr/bin/ceph: stderr
2026-03-09T00:29:32.948+0000 7f43137fe640 1 --2- 192.168.123.109:0/162828557 >> [v2:192.168.123.109:3300/0,v1:192.168.123.109:6789/0] conn(0x7f43241066d0 0x7f43241ab650 unknown :-1 s=CLOSED pgs=71 cs=0 l=1 rev1=1 crypto rx=0 tx=0 comp rx=0 tx=0).stop
2026-03-09T00:29:32.975 INFO:teuthology.orchestra.run.vm09.stdout:/usr/bin/ceph: stderr
2026-03-09T00:29:32.948+0000 7f43137fe640 1 -- 192.168.123.109:0/162828557 >> 192.168.123.109:0/162828557 conn(0x7f4324101e20 msgr2=0x7f43241042a0 unknown :-1 s=STATE_NONE l=0).mark_down
2026-03-09T00:29:32.975 INFO:teuthology.orchestra.run.vm09.stdout:/usr/bin/ceph: stderr
2026-03-09T00:29:32.948+0000 7f43137fe640 1 -- 192.168.123.109:0/162828557 shutdown_connections
2026-03-09T00:29:32.975 INFO:teuthology.orchestra.run.vm09.stdout:/usr/bin/ceph: stderr
2026-03-09T00:29:32.948+0000 7f43137fe640 1 -- 192.168.123.109:0/162828557 wait complete.
2026-03-09T00:29:32.975 INFO:teuthology.orchestra.run.vm09.stdout:Fetching dashboard port number...
2026-03-09T00:29:33.302 INFO:teuthology.orchestra.run.vm09.stdout:/usr/bin/ceph: stdout 8443
2026-03-09T00:29:33.302 INFO:teuthology.orchestra.run.vm09.stdout:/usr/bin/ceph: stderr
2026-03-09T00:29:33.140+0000 7f0cca5b8640 1 Processor -- start
2026-03-09T00:29:33.302 INFO:teuthology.orchestra.run.vm09.stdout:/usr/bin/ceph: stderr
2026-03-09T00:29:33.140+0000 7f0cca5b8640 1 -- start start
2026-03-09T00:29:33.302 INFO:teuthology.orchestra.run.vm09.stdout:/usr/bin/ceph: stderr
2026-03-09T00:29:33.141+0000 7f0cca5b8640 1 --2- >> [v2:192.168.123.109:3300/0,v1:192.168.123.109:6789/0] conn(0x7f0cc4104580 0x7f0cc4104980 unknown :-1 s=NONE pgs=0 cs=0 l=0 rev1=0 crypto rx=0 tx=0 comp rx=0 tx=0).connect
2026-03-09T00:29:33.302 INFO:teuthology.orchestra.run.vm09.stdout:/usr/bin/ceph: stderr
2026-03-09T00:29:33.141+0000 7f0cca5b8640 1 -- --> [v2:192.168.123.109:3300/0,v1:192.168.123.109:6789/0] -- mon_getmap magic: 0 -- 0x7f0cc4104f50 con 0x7f0cc4104580
2026-03-09T00:29:33.302 INFO:teuthology.orchestra.run.vm09.stdout:/usr/bin/ceph: stderr
2026-03-09T00:29:33.141+0000 7f0cc3fff640 1 --2- >> [v2:192.168.123.109:3300/0,v1:192.168.123.109:6789/0] conn(0x7f0cc4104580 0x7f0cc4104980 unknown :-1 s=BANNER_CONNECTING pgs=0 cs=0 l=0 rev1=0 crypto rx=0 tx=0 comp rx=0 tx=0)._handle_peer_banner_payload supported=3 required=0
2026-03-09T00:29:33.302 INFO:teuthology.orchestra.run.vm09.stdout:/usr/bin/ceph: stderr
2026-03-09T00:29:33.141+0000 7f0cc3fff640 1 --2- >> [v2:192.168.123.109:3300/0,v1:192.168.123.109:6789/0] conn(0x7f0cc4104580 0x7f0cc4104980 unknown :-1 s=HELLO_CONNECTING pgs=0 cs=0 l=0 rev1=1 crypto rx=0 tx=0 comp rx=0 tx=0).handle_hello peer v2:192.168.123.109:3300/0 says I am v2:192.168.123.109:32780/0 (socket says 192.168.123.109:32780)
2026-03-09T00:29:33.302 INFO:teuthology.orchestra.run.vm09.stdout:/usr/bin/ceph: stderr
2026-03-09T00:29:33.141+0000 7f0cc3fff640 1 -- 192.168.123.109:0/1813214068 learned_addr learned my addr 192.168.123.109:0/1813214068 (peer_addr_for_me v2:192.168.123.109:0/0)
2026-03-09T00:29:33.302 INFO:teuthology.orchestra.run.vm09.stdout:/usr/bin/ceph: stderr
2026-03-09T00:29:33.141+0000 7f0cc3fff640 1 -- 192.168.123.109:0/1813214068 --> [v2:192.168.123.109:3300/0,v1:192.168.123.109:6789/0] -- mon_subscribe({config=0+,monmap=0+}) -- 0x7f0cc4105710 con 0x7f0cc4104580
2026-03-09T00:29:33.302 INFO:teuthology.orchestra.run.vm09.stdout:/usr/bin/ceph: stderr
2026-03-09T00:29:33.142+0000 7f0cc3fff640 1 --2- 192.168.123.109:0/1813214068 >> [v2:192.168.123.109:3300/0,v1:192.168.123.109:6789/0] conn(0x7f0cc4104580 0x7f0cc4104980 secure :-1 s=READY pgs=72 cs=0 l=1 rev1=1 crypto rx=0x7f0ca8009920 tx=0x7f0ca802ef20 comp rx=0 tx=0).ready entity=mon.0 client_cookie=45a8cf6784ef3878 server_cookie=0 in_seq=0 out_seq=0
2026-03-09T00:29:33.302 INFO:teuthology.orchestra.run.vm09.stdout:/usr/bin/ceph: stderr
2026-03-09T00:29:33.142+0000 7f0cc2ffd640 1 -- 192.168.123.109:0/1813214068 <== mon.0 v2:192.168.123.109:3300/0 1 ==== mon_map magic: 0 ==== 205+0+0 (secure 0 0 0) 0x7f0ca803c070 con 0x7f0cc4104580
2026-03-09T00:29:33.302 INFO:teuthology.orchestra.run.vm09.stdout:/usr/bin/ceph: stderr
2026-03-09T00:29:33.142+0000 7f0cc2ffd640 1 -- 192.168.123.109:0/1813214068 <== mon.0 v2:192.168.123.109:3300/0 2 ==== config(25 keys) ==== 1029+0+0 (secure 0 0 0) 0x7f0ca8037440 con 0x7f0cc4104580
2026-03-09T00:29:33.302 INFO:teuthology.orchestra.run.vm09.stdout:/usr/bin/ceph: stderr
2026-03-09T00:29:33.142+0000 7f0cc2ffd640 1 -- 192.168.123.109:0/1813214068 <== mon.0 v2:192.168.123.109:3300/0 3 ==== mon_map magic: 0 ==== 205+0+0 (secure 0 0 0) 0x7f0ca80354d0 con 0x7f0cc4104580
2026-03-09T00:29:33.303 INFO:teuthology.orchestra.run.vm09.stdout:/usr/bin/ceph: stderr
2026-03-09T00:29:33.142+0000 7f0cca5b8640 1 -- 192.168.123.109:0/1813214068 >> [v2:192.168.123.109:3300/0,v1:192.168.123.109:6789/0] conn(0x7f0cc4104580 msgr2=0x7f0cc4104980 secure :-1 s=STATE_CONNECTION_ESTABLISHED l=1).mark_down
2026-03-09T00:29:33.303 INFO:teuthology.orchestra.run.vm09.stdout:/usr/bin/ceph: stderr
2026-03-09T00:29:33.142+0000 7f0cca5b8640 1 --2- 192.168.123.109:0/1813214068 >> [v2:192.168.123.109:3300/0,v1:192.168.123.109:6789/0] conn(0x7f0cc4104580 0x7f0cc4104980 secure :-1 s=READY pgs=72 cs=0 l=1 rev1=1 crypto rx=0x7f0ca8009920 tx=0x7f0ca802ef20 comp rx=0 tx=0).stop
2026-03-09T00:29:33.303 INFO:teuthology.orchestra.run.vm09.stdout:/usr/bin/ceph: stderr
2026-03-09T00:29:33.142+0000 7f0cca5b8640 1 -- 192.168.123.109:0/1813214068 shutdown_connections
2026-03-09T00:29:33.303 INFO:teuthology.orchestra.run.vm09.stdout:/usr/bin/ceph: stderr
2026-03-09T00:29:33.142+0000 7f0cca5b8640 1 --2- 192.168.123.109:0/1813214068 >> [v2:192.168.123.109:3300/0,v1:192.168.123.109:6789/0] conn(0x7f0cc4104580 0x7f0cc4104980 unknown :-1 s=CLOSED pgs=72 cs=0 l=1 rev1=1 crypto rx=0 tx=0 comp rx=0 tx=0).stop
2026-03-09T00:29:33.303 INFO:teuthology.orchestra.run.vm09.stdout:/usr/bin/ceph: stderr
2026-03-09T00:29:33.142+0000 7f0cca5b8640 1 -- 192.168.123.109:0/1813214068 >> 192.168.123.109:0/1813214068 conn(0x7f0cc4100100 msgr2=0x7f0cc4102520 unknown :-1 s=STATE_NONE l=0).mark_down
2026-03-09T00:29:33.303 INFO:teuthology.orchestra.run.vm09.stdout:/usr/bin/ceph: stderr
2026-03-09T00:29:33.143+0000 7f0cca5b8640 1 -- 192.168.123.109:0/1813214068 shutdown_connections
2026-03-09T00:29:33.303 INFO:teuthology.orchestra.run.vm09.stdout:/usr/bin/ceph: stderr
2026-03-09T00:29:33.143+0000 7f0cca5b8640 1 -- 192.168.123.109:0/1813214068 wait complete.
2026-03-09T00:29:33.303 INFO:teuthology.orchestra.run.vm09.stdout:/usr/bin/ceph: stderr
2026-03-09T00:29:33.143+0000 7f0cca5b8640 1 Processor -- start
2026-03-09T00:29:33.303 INFO:teuthology.orchestra.run.vm09.stdout:/usr/bin/ceph: stderr
2026-03-09T00:29:33.143+0000 7f0cca5b8640 1 -- start start
2026-03-09T00:29:33.303 INFO:teuthology.orchestra.run.vm09.stdout:/usr/bin/ceph: stderr
2026-03-09T00:29:33.143+0000 7f0cca5b8640 1 --2- >> [v2:192.168.123.109:3300/0,v1:192.168.123.109:6789/0] conn(0x7f0cc4104580 0x7f0cc41134d0 unknown :-1 s=NONE pgs=0 cs=0 l=1 rev1=0 crypto rx=0 tx=0 comp rx=0 tx=0).connect
2026-03-09T00:29:33.303 INFO:teuthology.orchestra.run.vm09.stdout:/usr/bin/ceph: stderr
2026-03-09T00:29:33.143+0000 7f0cca5b8640 1 -- --> [v2:192.168.123.109:3300/0,v1:192.168.123.109:6789/0] -- mon_getmap magic: 0 -- 0x7f0cc4108960 con 0x7f0cc4104580
2026-03-09T00:29:33.303 INFO:teuthology.orchestra.run.vm09.stdout:/usr/bin/ceph: stderr
2026-03-09T00:29:33.143+0000 7f0cc3fff640 1 --2- >> [v2:192.168.123.109:3300/0,v1:192.168.123.109:6789/0] conn(0x7f0cc4104580 0x7f0cc41134d0 unknown :-1 s=BANNER_CONNECTING pgs=0 cs=0 l=1 rev1=0 crypto rx=0 tx=0 comp rx=0 tx=0)._handle_peer_banner_payload supported=3 required=0
2026-03-09T00:29:33.303 INFO:teuthology.orchestra.run.vm09.stdout:/usr/bin/ceph: stderr
2026-03-09T00:29:33.143+0000 7f0cc3fff640 1 --2- >> [v2:192.168.123.109:3300/0,v1:192.168.123.109:6789/0] conn(0x7f0cc4104580 0x7f0cc41134d0 unknown :-1 s=HELLO_CONNECTING pgs=0 cs=0 l=1 rev1=1 crypto rx=0 tx=0 comp rx=0 tx=0).handle_hello peer v2:192.168.123.109:3300/0 says I am v2:192.168.123.109:32788/0 (socket says 192.168.123.109:32788)
2026-03-09T00:29:33.303 INFO:teuthology.orchestra.run.vm09.stdout:/usr/bin/ceph: stderr
2026-03-09T00:29:33.143+0000 7f0cc3fff640 1 -- 192.168.123.109:0/1033438665 learned_addr learned my addr 192.168.123.109:0/1033438665 (peer_addr_for_me v2:192.168.123.109:0/0)
2026-03-09T00:29:33.303 INFO:teuthology.orchestra.run.vm09.stdout:/usr/bin/ceph: stderr
2026-03-09T00:29:33.144+0000 7f0cc3fff640 1 -- 192.168.123.109:0/1033438665 --> [v2:192.168.123.109:3300/0,v1:192.168.123.109:6789/0] -- mon_subscribe({config=0+,monmap=0+}) -- 0x7f0cc4113a10 con 0x7f0cc4104580
2026-03-09T00:29:33.303 INFO:teuthology.orchestra.run.vm09.stdout:/usr/bin/ceph: stderr
2026-03-09T00:29:33.144+0000 7f0cc3fff640 1 --2- 192.168.123.109:0/1033438665 >> [v2:192.168.123.109:3300/0,v1:192.168.123.109:6789/0] conn(0x7f0cc4104580 0x7f0cc41134d0 secure :-1 s=READY pgs=73 cs=0 l=1 rev1=1 crypto rx=0x7f0ca802ff50 tx=0x7f0ca802ff80 comp rx=0 tx=0).ready entity=mon.0 client_cookie=0 server_cookie=0 in_seq=0 out_seq=0
2026-03-09T00:29:33.303 INFO:teuthology.orchestra.run.vm09.stdout:/usr/bin/ceph: stderr
2026-03-09T00:29:33.144+0000 7f0cc17fa640 1 -- 192.168.123.109:0/1033438665 <== mon.0 v2:192.168.123.109:3300/0 1 ==== mon_map magic: 0 ==== 205+0+0 (secure 0 0 0) 0x7f0ca8047070 con 0x7f0cc4104580
2026-03-09T00:29:33.303 INFO:teuthology.orchestra.run.vm09.stdout:/usr/bin/ceph: stderr
2026-03-09T00:29:33.144+0000 7f0cca5b8640 1 -- 192.168.123.109:0/1033438665 --> [v2:192.168.123.109:3300/0,v1:192.168.123.109:6789/0] -- mon_subscribe({mgrmap=0+}) -- 0x7f0cc4113ca0 con 0x7f0cc4104580
2026-03-09T00:29:33.303 INFO:teuthology.orchestra.run.vm09.stdout:/usr/bin/ceph: stderr
2026-03-09T00:29:33.144+0000 7f0cca5b8640 1 -- 192.168.123.109:0/1033438665 --> [v2:192.168.123.109:3300/0,v1:192.168.123.109:6789/0] -- mon_subscribe({osdmap=0}) -- 0x7f0cc4114180 con 0x7f0cc4104580
2026-03-09T00:29:33.303 INFO:teuthology.orchestra.run.vm09.stdout:/usr/bin/ceph: stderr
2026-03-09T00:29:33.144+0000 7f0cc17fa640 1 -- 192.168.123.109:0/1033438665 <== mon.0 v2:192.168.123.109:3300/0 2 ==== config(25 keys) ==== 1029+0+0 (secure 0 0 0) 0x7f0ca8042440 con 0x7f0cc4104580
2026-03-09T00:29:33.303 INFO:teuthology.orchestra.run.vm09.stdout:/usr/bin/ceph: stderr
2026-03-09T00:29:33.144+0000 7f0cc17fa640 1 -- 192.168.123.109:0/1033438665 <== mon.0 v2:192.168.123.109:3300/0 3 ==== mon_map magic: 0 ==== 205+0+0 (secure 0 0 0) 0x7f0ca803c070 con 0x7f0cc4104580
2026-03-09T00:29:33.303 INFO:teuthology.orchestra.run.vm09.stdout:/usr/bin/ceph: stderr
2026-03-09T00:29:33.145+0000 7f0cb6ffd640 1 -- 192.168.123.109:0/1033438665 --> [v2:192.168.123.109:3300/0,v1:192.168.123.109:6789/0] -- mon_command({"prefix": "get_command_descriptions"} v 0) -- 0x7f0cc4104980 con 0x7f0cc4104580
2026-03-09T00:29:33.303 INFO:teuthology.orchestra.run.vm09.stdout:/usr/bin/ceph: stderr
2026-03-09T00:29:33.145+0000 7f0cc17fa640 1 -- 192.168.123.109:0/1033438665 <== mon.0 v2:192.168.123.109:3300/0 4 ==== mgrmap(e 11) ==== 50119+0+0 (secure 0 0 0) 0x7f0ca80428f0 con 0x7f0cc4104580
2026-03-09T00:29:33.303 INFO:teuthology.orchestra.run.vm09.stdout:/usr/bin/ceph: stderr
2026-03-09T00:29:33.146+0000 7f0cc17fa640 1 --2- 192.168.123.109:0/1033438665 >> v2:192.168.123.109:6800/82853931 conn(0x7f0c9403db80 0x7f0c94040040 unknown :-1 s=NONE pgs=0 cs=0 l=1 rev1=0 crypto rx=0 tx=0 comp rx=0 tx=0).connect
2026-03-09T00:29:33.303 INFO:teuthology.orchestra.run.vm09.stdout:/usr/bin/ceph: stderr
2026-03-09T00:29:33.146+0000 7f0cc17fa640 1 -- 192.168.123.109:0/1033438665 <== mon.0 v2:192.168.123.109:3300/0 5 ==== osd_map(3..3 src has 1..3) ==== 1069+0+0 (secure 0 0 0) 0x7f0ca8076a50 con 0x7f0cc4104580
2026-03-09T00:29:33.303 INFO:teuthology.orchestra.run.vm09.stdout:/usr/bin/ceph: stderr
2026-03-09T00:29:33.148+0000 7f0cc37fe640 1 --2- 192.168.123.109:0/1033438665 >> v2:192.168.123.109:6800/82853931 conn(0x7f0c9403db80 0x7f0c94040040 unknown :-1 s=BANNER_CONNECTING pgs=0 cs=0 l=1 rev1=0 crypto rx=0 tx=0 comp rx=0 tx=0)._handle_peer_banner_payload supported=3 required=0
2026-03-09T00:29:33.303 INFO:teuthology.orchestra.run.vm09.stdout:/usr/bin/ceph: stderr
2026-03-09T00:29:33.148+0000 7f0cc37fe640 1 --2- 192.168.123.109:0/1033438665 >> v2:192.168.123.109:6800/82853931 conn(0x7f0c9403db80 0x7f0c94040040 secure :-1 s=READY pgs=9 cs=0 l=1 rev1=1 crypto rx=0x7f0cb00099c0 tx=0x7f0cb0006eb0 comp rx=0 tx=0).ready entity=mgr.14150 client_cookie=0 server_cookie=0 in_seq=0 out_seq=0
2026-03-09T00:29:33.303 INFO:teuthology.orchestra.run.vm09.stdout:/usr/bin/ceph: stderr
2026-03-09T00:29:33.148+0000 7f0cc17fa640 1 -- 192.168.123.109:0/1033438665 <== mon.0 v2:192.168.123.109:3300/0 6 ==== mon_command_ack([{"prefix": "get_command_descriptions"}]=0 v0) ==== 72+0+195034 (secure 0 0 0) 0x7f0ca803e350 con 0x7f0cc4104580
2026-03-09T00:29:33.303 INFO:teuthology.orchestra.run.vm09.stdout:/usr/bin/ceph: stderr
2026-03-09T00:29:33.244+0000 7f0cb6ffd640 1 -- 192.168.123.109:0/1033438665 --> [v2:192.168.123.109:3300/0,v1:192.168.123.109:6789/0] -- mon_command({"prefix": "config get", "who": "mgr", "key": "mgr/dashboard/ssl_server_port"} v 0) -- 0x7f0cc4063880 con 0x7f0cc4104580
2026-03-09T00:29:33.303 INFO:teuthology.orchestra.run.vm09.stdout:/usr/bin/ceph: stderr
2026-03-09T00:29:33.245+0000 7f0cc17fa640 1 -- 192.168.123.109:0/1033438665 <== mon.0 v2:192.168.123.109:3300/0 7 ==== mon_command_ack([{"prefix": "config get", "who": "mgr", "key": "mgr/dashboard/ssl_server_port"}]=0 v8) ==== 112+0+5 (secure 0 0 0) 0x7f0ca803ee70 con 0x7f0cc4104580
2026-03-09T00:29:33.303 INFO:teuthology.orchestra.run.vm09.stdout:/usr/bin/ceph: stderr
2026-03-09T00:29:33.249+0000 7f0cb6ffd640 1 -- 192.168.123.109:0/1033438665 >> v2:192.168.123.109:6800/82853931 conn(0x7f0c9403db80 msgr2=0x7f0c94040040 secure :-1 s=STATE_CONNECTION_ESTABLISHED l=1).mark_down
2026-03-09T00:29:33.303 INFO:teuthology.orchestra.run.vm09.stdout:/usr/bin/ceph: stderr
2026-03-09T00:29:33.249+0000 7f0cb6ffd640 1 --2- 192.168.123.109:0/1033438665 >> v2:192.168.123.109:6800/82853931 conn(0x7f0c9403db80 0x7f0c94040040 secure :-1 s=READY pgs=9 cs=0 l=1 rev1=1 crypto rx=0x7f0cb00099c0 tx=0x7f0cb0006eb0 comp rx=0 tx=0).stop
2026-03-09T00:29:33.303 INFO:teuthology.orchestra.run.vm09.stdout:/usr/bin/ceph: stderr
2026-03-09T00:29:33.250+0000 7f0cb6ffd640 1 -- 192.168.123.109:0/1033438665 >> [v2:192.168.123.109:3300/0,v1:192.168.123.109:6789/0] conn(0x7f0cc4104580 msgr2=0x7f0cc41134d0 secure :-1 s=STATE_CONNECTION_ESTABLISHED l=1).mark_down
2026-03-09T00:29:33.303 INFO:teuthology.orchestra.run.vm09.stdout:/usr/bin/ceph: stderr
2026-03-09T00:29:33.250+0000 7f0cb6ffd640 1 --2- 192.168.123.109:0/1033438665 >> [v2:192.168.123.109:3300/0,v1:192.168.123.109:6789/0] conn(0x7f0cc4104580 0x7f0cc41134d0 secure :-1 s=READY pgs=73 cs=0 l=1 rev1=1 crypto rx=0x7f0ca802ff50 tx=0x7f0ca802ff80 comp rx=0 tx=0).stop
2026-03-09T00:29:33.303 INFO:teuthology.orchestra.run.vm09.stdout:/usr/bin/ceph: stderr
2026-03-09T00:29:33.250+0000 7f0cb6ffd640 1 -- 192.168.123.109:0/1033438665 shutdown_connections
2026-03-09T00:29:33.303 INFO:teuthology.orchestra.run.vm09.stdout:/usr/bin/ceph: stderr
2026-03-09T00:29:33.250+0000 7f0cb6ffd640 1 --2- 192.168.123.109:0/1033438665 >> v2:192.168.123.109:6800/82853931 conn(0x7f0c9403db80 0x7f0c94040040 unknown :-1 s=CLOSED pgs=9 cs=0 l=1 rev1=1 crypto rx=0 tx=0 comp rx=0 tx=0).stop
2026-03-09T00:29:33.303 INFO:teuthology.orchestra.run.vm09.stdout:/usr/bin/ceph: stderr
2026-03-09T00:29:33.250+0000 7f0cb6ffd640 1 --2- 192.168.123.109:0/1033438665 >> [v2:192.168.123.109:3300/0,v1:192.168.123.109:6789/0] conn(0x7f0cc4104580 0x7f0cc41134d0 unknown :-1 s=CLOSED pgs=73 cs=0 l=1 rev1=1 crypto rx=0 tx=0 comp rx=0 tx=0).stop
2026-03-09T00:29:33.303 INFO:teuthology.orchestra.run.vm09.stdout:/usr/bin/ceph: stderr
2026-03-09T00:29:33.251+0000 7f0cb6ffd640 1 -- 192.168.123.109:0/1033438665 >> 192.168.123.109:0/1033438665 conn(0x7f0cc4100100 msgr2=0x7f0cc4100ab0 unknown :-1 s=STATE_NONE l=0).mark_down
2026-03-09T00:29:33.303 INFO:teuthology.orchestra.run.vm09.stdout:/usr/bin/ceph: stderr
2026-03-09T00:29:33.251+0000 7f0cb6ffd640 1 -- 192.168.123.109:0/1033438665 shutdown_connections
2026-03-09T00:29:33.303 INFO:teuthology.orchestra.run.vm09.stdout:/usr/bin/ceph: stderr
2026-03-09T00:29:33.251+0000 7f0cb6ffd640 1 -- 192.168.123.109:0/1033438665 wait complete.
2026-03-09T00:29:33.303 INFO:teuthology.orchestra.run.vm09.stdout:firewalld does not appear to be present
2026-03-09T00:29:33.303 INFO:teuthology.orchestra.run.vm09.stdout:Not possible to open ports <[8443]>. firewalld.service is not available
2026-03-09T00:29:33.304 INFO:teuthology.orchestra.run.vm09.stdout:Ceph Dashboard is now available at:
2026-03-09T00:29:33.304 INFO:teuthology.orchestra.run.vm09.stdout:
2026-03-09T00:29:33.304 INFO:teuthology.orchestra.run.vm09.stdout: URL: https://vm09.local:8443/
2026-03-09T00:29:33.304 INFO:teuthology.orchestra.run.vm09.stdout: User: admin
2026-03-09T00:29:33.304 INFO:teuthology.orchestra.run.vm09.stdout: Password: lwc746vyrq
2026-03-09T00:29:33.304 INFO:teuthology.orchestra.run.vm09.stdout:
2026-03-09T00:29:33.304 INFO:teuthology.orchestra.run.vm09.stdout:Saving cluster configuration to /var/lib/ceph/c172d940-1b4e-11f1-be3e-fb1b568ebce1/config directory
2026-03-09T00:29:33.634 INFO:teuthology.orchestra.run.vm09.stdout:/usr/bin/ceph: stderr
2026-03-09T00:29:33.421+0000 7ff9badd1640 1 Processor -- start
2026-03-09T00:29:33.634 INFO:teuthology.orchestra.run.vm09.stdout:/usr/bin/ceph: stderr
2026-03-09T00:29:33.421+0000 7ff9badd1640 1 -- start start
2026-03-09T00:29:33.635 INFO:teuthology.orchestra.run.vm09.stdout:/usr/bin/ceph: stderr
2026-03-09T00:29:33.422+0000 7ff9badd1640 1 --2- >> [v2:192.168.123.109:3300/0,v1:192.168.123.109:6789/0] conn(0x7ff9b4108b50 0x7ff9b4108f50 unknown :-1 s=NONE pgs=0 cs=0 l=0 rev1=0 crypto rx=0 tx=0 comp rx=0 tx=0).connect
2026-03-09T00:29:33.635 INFO:teuthology.orchestra.run.vm09.stdout:/usr/bin/ceph: stderr
2026-03-09T00:29:33.422+0000 7ff9badd1640 1 -- --> [v2:192.168.123.109:3300/0,v1:192.168.123.109:6789/0] -- mon_getmap magic: 0 -- 0x7ff9b4109520 con 0x7ff9b4108b50
2026-03-09T00:29:33.635 INFO:teuthology.orchestra.run.vm09.stdout:/usr/bin/ceph: stderr
2026-03-09T00:29:33.422+0000 7ff9b8b46640 1 --2- >> [v2:192.168.123.109:3300/0,v1:192.168.123.109:6789/0] conn(0x7ff9b4108b50 0x7ff9b4108f50 unknown :-1 s=BANNER_CONNECTING pgs=0 cs=0 l=0 rev1=0 crypto rx=0 tx=0 comp rx=0 tx=0)._handle_peer_banner_payload supported=3 required=0
2026-03-09T00:29:33.635 INFO:teuthology.orchestra.run.vm09.stdout:/usr/bin/ceph: stderr
2026-03-09T00:29:33.422+0000 7ff9b8b46640 1 --2- >> [v2:192.168.123.109:3300/0,v1:192.168.123.109:6789/0] conn(0x7ff9b4108b50 0x7ff9b4108f50 unknown :-1 s=HELLO_CONNECTING pgs=0 cs=0 l=0 rev1=1 crypto rx=0 tx=0 comp rx=0 tx=0).handle_hello peer v2:192.168.123.109:3300/0 says I am v2:192.168.123.109:32792/0 (socket says 192.168.123.109:32792)
2026-03-09T00:29:33.635 INFO:teuthology.orchestra.run.vm09.stdout:/usr/bin/ceph: stderr
2026-03-09T00:29:33.422+0000 7ff9b8b46640 1 -- 192.168.123.109:0/3744228927 learned_addr learned my addr 192.168.123.109:0/3744228927 (peer_addr_for_me v2:192.168.123.109:0/0)
2026-03-09T00:29:33.635 INFO:teuthology.orchestra.run.vm09.stdout:/usr/bin/ceph: stderr
2026-03-09T00:29:33.422+0000 7ff9b8b46640 1 -- 192.168.123.109:0/3744228927 --> [v2:192.168.123.109:3300/0,v1:192.168.123.109:6789/0] -- mon_subscribe({config=0+,monmap=0+}) -- 0x7ff9b4109d50 con 0x7ff9b4108b50
2026-03-09T00:29:33.635 INFO:teuthology.orchestra.run.vm09.stdout:/usr/bin/ceph: stderr
2026-03-09T00:29:33.423+0000 7ff9b8b46640 1 --2- 192.168.123.109:0/3744228927 >> [v2:192.168.123.109:3300/0,v1:192.168.123.109:6789/0] conn(0x7ff9b4108b50 0x7ff9b4108f50 secure :-1 s=READY pgs=74 cs=0 l=1 rev1=1 crypto rx=0x7ff9a4009920 tx=0x7ff9a402ef20 comp rx=0 tx=0).ready entity=mon.0 client_cookie=62631a952741dcf server_cookie=0 in_seq=0 out_seq=0
2026-03-09T00:29:33.635 INFO:teuthology.orchestra.run.vm09.stdout:/usr/bin/ceph: stderr
2026-03-09T00:29:33.423+0000 7ff9ab7fe640 1 -- 192.168.123.109:0/3744228927 <== mon.0 v2:192.168.123.109:3300/0 1 ==== mon_map magic: 0 ==== 205+0+0 (secure 0 0 0) 0x7ff9a403c070 con 0x7ff9b4108b50
2026-03-09T00:29:33.635 INFO:teuthology.orchestra.run.vm09.stdout:/usr/bin/ceph: stderr
2026-03-09T00:29:33.423+0000 7ff9ab7fe640 1 -- 192.168.123.109:0/3744228927 <== mon.0 v2:192.168.123.109:3300/0 2 ==== config(25 keys) ==== 1029+0+0 (secure 0 0 0) 0x7ff9a4037440 con 0x7ff9b4108b50
2026-03-09T00:29:33.635 INFO:teuthology.orchestra.run.vm09.stdout:/usr/bin/ceph: stderr
2026-03-09T00:29:33.423+0000 7ff9ab7fe640 1 -- 192.168.123.109:0/3744228927 <== mon.0 v2:192.168.123.109:3300/0 3 ==== mon_map magic: 0 ==== 205+0+0 (secure 0 0 0) 0x7ff9a40354d0 con 0x7ff9b4108b50
2026-03-09T00:29:33.635 INFO:teuthology.orchestra.run.vm09.stdout:/usr/bin/ceph: stderr
