2026-03-09T00:29:22.901+0000 7fde1a575640 1 --2- 192.168.123.109:0/1795033171 >> v2:192.168.123.109:6800/3433497319 conn(0x7fddf003d890 0x7fddf003fd50 unknown :-1 s=BANNER_CONNECTING pgs=0 cs=0 l=1 rev1=0 crypto rx=0 tx=0 comp rx=0 tx=0)._handle_peer_banner_payload supported=3 required=0
2026-03-09T00:29:23.053 INFO:teuthology.orchestra.run.vm09.stdout:/usr/bin/ceph: stderr
2026-03-09T00:29:22.902+0000 7fde1a575640 1 --2- 192.168.123.109:0/1795033171 >> v2:192.168.123.109:6800/3433497319 conn(0x7fddf003d890 0x7fddf003fd50 secure :-1 s=READY pgs=10 cs=0 l=1 rev1=1 crypto rx=0x7fde04009a10 tx=0x7fde04006eb0 comp rx=0 tx=0).ready entity=mgr.14118 client_cookie=0 server_cookie=0 in_seq=0 out_seq=0
2026-03-09T00:29:23.053 INFO:teuthology.orchestra.run.vm09.stdout:/usr/bin/ceph: stderr
2026-03-09T00:29:23.001+0000 7fde21252640 1 -- 192.168.123.109:0/1795033171 --> v2:192.168.123.109:6800/3433497319 -- mgr_command(tid 0: {"prefix": "cephadm get-pub-key", "target": ["mon-mgr", ""]}) -- 0x7fdde8002bf0 con 0x7fddf003d890
2026-03-09T00:29:23.053 INFO:teuthology.orchestra.run.vm09.stdout:/usr/bin/ceph: stderr
2026-03-09T00:29:23.002+0000 7fddfbfff640 1 -- 192.168.123.109:0/1795033171 <== mgr.14118 v2:192.168.123.109:6800/3433497319 1 ==== mgr_command_reply(tid 0: 0 ) ==== 8+0+123 (secure 0 0 0) 0x7fdde8002bf0 con 0x7fddf003d890
2026-03-09T00:29:23.053 INFO:teuthology.orchestra.run.vm09.stdout:/usr/bin/ceph: stderr
2026-03-09T00:29:23.007+0000 7fde21252640 1 -- 192.168.123.109:0/1795033171 >> v2:192.168.123.109:6800/3433497319 conn(0x7fddf003d890 msgr2=0x7fddf003fd50 secure :-1 s=STATE_CONNECTION_ESTABLISHED l=1).mark_down
2026-03-09T00:29:23.053 INFO:teuthology.orchestra.run.vm09.stdout:/usr/bin/ceph: stderr
2026-03-09T00:29:23.007+0000 7fde21252640 1 --2- 192.168.123.109:0/1795033171 >> v2:192.168.123.109:6800/3433497319 conn(0x7fddf003d890 0x7fddf003fd50 secure :-1 s=READY pgs=10 cs=0 l=1 rev1=1 crypto rx=0x7fde04009a10 tx=0x7fde04006eb0 comp rx=0 tx=0).stop
2026-03-09T00:29:23.053 INFO:teuthology.orchestra.run.vm09.stdout:/usr/bin/ceph: stderr
2026-03-09T00:29:23.008+0000 7fde21252640 1 -- 192.168.123.109:0/1795033171 >> [v2:192.168.123.109:3300/0,v1:192.168.123.109:6789/0] conn(0x7fde1c07c7d0 msgr2=0x7fde1c19a4c0 secure :-1 s=STATE_CONNECTION_ESTABLISHED l=1).mark_down
2026-03-09T00:29:23.053 INFO:teuthology.orchestra.run.vm09.stdout:/usr/bin/ceph: stderr
2026-03-09T00:29:23.008+0000 7fde21252640 1 --2- 192.168.123.109:0/1795033171 >> [v2:192.168.123.109:3300/0,v1:192.168.123.109:6789/0] conn(0x7fde1c07c7d0 0x7fde1c19a4c0 secure :-1 s=READY pgs=42 cs=0 l=1 rev1=1 crypto rx=0x7fde10040a50 tx=0x7fde10004270 comp rx=0 tx=0).stop
2026-03-09T00:29:23.053 INFO:teuthology.orchestra.run.vm09.stdout:/usr/bin/ceph: stderr
2026-03-09T00:29:23.008+0000 7fde21252640 1 -- 192.168.123.109:0/1795033171 shutdown_connections
2026-03-09T00:29:23.053 INFO:teuthology.orchestra.run.vm09.stdout:/usr/bin/ceph: stderr
2026-03-09T00:29:23.008+0000 7fde21252640 1 --2- 192.168.123.109:0/1795033171 >> v2:192.168.123.109:6800/3433497319 conn(0x7fddf003d890 0x7fddf003fd50 unknown :-1 s=CLOSED pgs=10 cs=0 l=1 rev1=1 crypto rx=0 tx=0 comp rx=0 tx=0).stop
2026-03-09T00:29:23.053 INFO:teuthology.orchestra.run.vm09.stdout:/usr/bin/ceph: stderr
2026-03-09T00:29:23.008+0000 7fde21252640 1 --2- 192.168.123.109:0/1795033171 >> [v2:192.168.123.109:3300/0,v1:192.168.123.109:6789/0] conn(0x7fde1c07c7d0 0x7fde1c19a4c0 unknown :-1 s=CLOSED pgs=42 cs=0 l=1 rev1=1 crypto rx=0 tx=0 comp rx=0 tx=0).stop
2026-03-09T00:29:23.053 INFO:teuthology.orchestra.run.vm09.stdout:/usr/bin/ceph: stderr
2026-03-09T00:29:23.009+0000 7fde21252640 1 -- 192.168.123.109:0/1795033171 >> 192.168.123.109:0/1795033171 conn(0x7fde1c102090 msgr2=0x7fde1c102d70 unknown :-1 s=STATE_NONE l=0).mark_down
2026-03-09T00:29:23.053 INFO:teuthology.orchestra.run.vm09.stdout:/usr/bin/ceph: stderr
2026-03-09T00:29:23.009+0000 7fde21252640 1 -- 192.168.123.109:0/1795033171 shutdown_connections
2026-03-09T00:29:23.053 INFO:teuthology.orchestra.run.vm09.stdout:/usr/bin/ceph: stderr
2026-03-09T00:29:23.009+0000 7fde21252640 1 -- 192.168.123.109:0/1795033171 wait complete.
2026-03-09T00:29:23.053 INFO:teuthology.orchestra.run.vm09.stdout:Wrote public SSH key to /home/ubuntu/cephtest/ceph.pub
2026-03-09T00:29:23.053 INFO:teuthology.orchestra.run.vm09.stdout:Adding key to root@localhost authorized_keys...
2026-03-09T00:29:23.053 INFO:teuthology.orchestra.run.vm09.stdout:Adding host vm09...
2026-03-09T00:29:24.180 INFO:journalctl@ceph.mon.a.vm09.stdout:Mar 09 00:29:23 vm09 ceph-mon[49458]: from='client.14132 -' entity='client.admin' cmd=[{"prefix": "cephadm set-user", "user": "root", "target": ["mon-mgr", ""]}]: dispatch
2026-03-09T00:29:24.180 INFO:journalctl@ceph.mon.a.vm09.stdout:Mar 09 00:29:23 vm09 ceph-mon[49458]: [09/Mar/2026:00:29:22] ENGINE Bus STARTING
2026-03-09T00:29:24.180 INFO:journalctl@ceph.mon.a.vm09.stdout:Mar 09 00:29:23 vm09 ceph-mon[49458]: [09/Mar/2026:00:29:22] ENGINE Serving on https://192.168.123.109:7150
2026-03-09T00:29:24.180 INFO:journalctl@ceph.mon.a.vm09.stdout:Mar 09 00:29:23 vm09 ceph-mon[49458]: [09/Mar/2026:00:29:22] ENGINE Client ('192.168.123.109', 34016) lost — peer dropped the TLS connection suddenly, during handshake: (6, 'TLS/SSL connection has been closed (EOF) (_ssl.c:1147)')
2026-03-09T00:29:24.180 INFO:journalctl@ceph.mon.a.vm09.stdout:Mar 09 00:29:23 vm09 ceph-mon[49458]: [09/Mar/2026:00:29:22] ENGINE Serving on http://192.168.123.109:8765
2026-03-09T00:29:24.180 INFO:journalctl@ceph.mon.a.vm09.stdout:Mar 09 00:29:23 vm09 ceph-mon[49458]: [09/Mar/2026:00:29:22] ENGINE Bus STARTED
2026-03-09T00:29:24.180 INFO:journalctl@ceph.mon.a.vm09.stdout:Mar 09 00:29:23 vm09 ceph-mon[49458]: from='client.14134 -' entity='client.admin' cmd=[{"prefix": "cephadm generate-key", "target": ["mon-mgr", ""]}]: dispatch
2026-03-09T00:29:24.180 INFO:journalctl@ceph.mon.a.vm09.stdout:Mar 09 00:29:23 vm09 ceph-mon[49458]: Generating ssh key...
2026-03-09T00:29:24.180 INFO:journalctl@ceph.mon.a.vm09.stdout:Mar 09 00:29:23 vm09 ceph-mon[49458]: mgrmap e8: y(active, since 2s)
2026-03-09T00:29:24.180 INFO:journalctl@ceph.mon.a.vm09.stdout:Mar 09 00:29:23 vm09 ceph-mon[49458]: from='client.14136 -' entity='client.admin' cmd=[{"prefix": "cephadm get-pub-key", "target": ["mon-mgr", ""]}]: dispatch
2026-03-09T00:29:24.838 INFO:teuthology.orchestra.run.vm09.stdout:/usr/bin/ceph: stdout Added host 'vm09' with addr '192.168.123.109'
2026-03-09T00:29:24.838 INFO:teuthology.orchestra.run.vm09.stdout:/usr/bin/ceph: stderr
2026-03-09T00:29:23.170+0000 7fef99501640 1 Processor -- start
2026-03-09T00:29:24.838 INFO:teuthology.orchestra.run.vm09.stdout:/usr/bin/ceph: stderr
2026-03-09T00:29:23.171+0000 7fef99501640 1 -- start start
2026-03-09T00:29:24.838 INFO:teuthology.orchestra.run.vm09.stdout:/usr/bin/ceph: stderr
2026-03-09T00:29:23.171+0000 7fef99501640 1 --2- >> [v2:192.168.123.109:3300/0,v1:192.168.123.109:6789/0] conn(0x7fef941045e0 0x7fef941049e0 unknown :-1 s=NONE pgs=0 cs=0 l=0 rev1=0 crypto rx=0 tx=0 comp rx=0 tx=0).connect
2026-03-09T00:29:24.838 INFO:teuthology.orchestra.run.vm09.stdout:/usr/bin/ceph: stderr
2026-03-09T00:29:23.171+0000 7fef99501640 1 -- --> [v2:192.168.123.109:3300/0,v1:192.168.123.109:6789/0] -- mon_getmap magic: 0 -- 0x7fef94104f20 con 0x7fef941045e0
2026-03-09T00:29:24.838 INFO:teuthology.orchestra.run.vm09.stdout:/usr/bin/ceph: stderr
2026-03-09T00:29:23.171+0000 7fef92ffd640 1 --2- >> [v2:192.168.123.109:3300/0,v1:192.168.123.109:6789/0] conn(0x7fef941045e0 0x7fef941049e0 unknown :-1 s=BANNER_CONNECTING pgs=0 cs=0 l=0 rev1=0 crypto rx=0 tx=0 comp rx=0 tx=0)._handle_peer_banner_payload supported=3 required=0
2026-03-09T00:29:24.838 INFO:teuthology.orchestra.run.vm09.stdout:/usr/bin/ceph: stderr
2026-03-09T00:29:23.172+0000 7fef92ffd640 1 --2- >> [v2:192.168.123.109:3300/0,v1:192.168.123.109:6789/0] conn(0x7fef941045e0 0x7fef941049e0 unknown :-1 s=HELLO_CONNECTING pgs=0 cs=0 l=0 rev1=1 crypto rx=0 tx=0 comp rx=0 tx=0).handle_hello peer v2:192.168.123.109:3300/0 says I am v2:192.168.123.109:41510/0 (socket says 192.168.123.109:41510)
2026-03-09T00:29:24.838 INFO:teuthology.orchestra.run.vm09.stdout:/usr/bin/ceph: stderr
2026-03-09T00:29:23.172+0000 7fef92ffd640 1 -- 192.168.123.109:0/2945161605 learned_addr learned my addr 192.168.123.109:0/2945161605 (peer_addr_for_me v2:192.168.123.109:0/0)
2026-03-09T00:29:24.838 INFO:teuthology.orchestra.run.vm09.stdout:/usr/bin/ceph: stderr
2026-03-09T00:29:23.172+0000 7fef92ffd640 1 -- 192.168.123.109:0/2945161605 --> [v2:192.168.123.109:3300/0,v1:192.168.123.109:6789/0] -- mon_subscribe({config=0+,monmap=0+}) -- 0x7fef941050a0 con 0x7fef941045e0
2026-03-09T00:29:24.838 INFO:teuthology.orchestra.run.vm09.stdout:/usr/bin/ceph: stderr
2026-03-09T00:29:23.173+0000 7fef92ffd640 1 --2- 192.168.123.109:0/2945161605 >> [v2:192.168.123.109:3300/0,v1:192.168.123.109:6789/0] conn(0x7fef941045e0 0x7fef941049e0 secure :-1 s=READY pgs=43 cs=0 l=1 rev1=1 crypto rx=0x7fef80009b80 tx=0x7fef8002f190 comp rx=0 tx=0).ready entity=mon.0 client_cookie=60a3fb1158e1f149 server_cookie=0 in_seq=0 out_seq=0
2026-03-09T00:29:24.838 INFO:teuthology.orchestra.run.vm09.stdout:/usr/bin/ceph: stderr
2026-03-09T00:29:23.173+0000 7fef91ffb640 1 -- 192.168.123.109:0/2945161605 <== mon.0 v2:192.168.123.109:3300/0 1 ==== mon_map magic: 0 ==== 205+0+0 (secure 0 0 0) 0x7fef8003c070 con 0x7fef941045e0
2026-03-09T00:29:24.838 INFO:teuthology.orchestra.run.vm09.stdout:/usr/bin/ceph: stderr
2026-03-09T00:29:23.173+0000 7fef91ffb640 1 -- 192.168.123.109:0/2945161605 <== mon.0 v2:192.168.123.109:3300/0 2 ==== config(25 keys) ==== 998+0+0 (secure 0 0 0) 0x7fef80037440 con 0x7fef941045e0
2026-03-09T00:29:24.838 INFO:teuthology.orchestra.run.vm09.stdout:/usr/bin/ceph: stderr
2026-03-09T00:29:23.173+0000 7fef91ffb640 1 -- 192.168.123.109:0/2945161605 <== mon.0 v2:192.168.123.109:3300/0 3 ==== mon_map magic: 0 ==== 205+0+0 (secure 0 0 0) 0x7fef800353a0 con 0x7fef941045e0
2026-03-09T00:29:24.838 INFO:teuthology.orchestra.run.vm09.stdout:/usr/bin/ceph: stderr
2026-03-09T00:29:23.174+0000 7fef99501640 1 -- 192.168.123.109:0/2945161605 >> [v2:192.168.123.109:3300/0,v1:192.168.123.109:6789/0] conn(0x7fef941045e0 msgr2=0x7fef941049e0 secure :-1 s=STATE_CONNECTION_ESTABLISHED l=1).mark_down
2026-03-09T00:29:24.838 INFO:teuthology.orchestra.run.vm09.stdout:/usr/bin/ceph: stderr
2026-03-09T00:29:23.174+0000 7fef99501640 1 --2- 192.168.123.109:0/2945161605 >> [v2:192.168.123.109:3300/0,v1:192.168.123.109:6789/0] conn(0x7fef941045e0 0x7fef941049e0 secure :-1 s=READY pgs=43 cs=0 l=1 rev1=1 crypto rx=0x7fef80009b80 tx=0x7fef8002f190 comp rx=0 tx=0).stop
2026-03-09T00:29:24.838 INFO:teuthology.orchestra.run.vm09.stdout:/usr/bin/ceph: stderr
2026-03-09T00:29:23.174+0000 7fef99501640 1 -- 192.168.123.109:0/2945161605 shutdown_connections
2026-03-09T00:29:24.838 INFO:teuthology.orchestra.run.vm09.stdout:/usr/bin/ceph: stderr
2026-03-09T00:29:23.174+0000 7fef99501640 1 --2- 192.168.123.109:0/2945161605 >> [v2:192.168.123.109:3300/0,v1:192.168.123.109:6789/0] conn(0x7fef941045e0 0x7fef941049e0 unknown :-1 s=CLOSED pgs=43 cs=0 l=1 rev1=1 crypto rx=0 tx=0 comp rx=0 tx=0).stop
2026-03-09T00:29:24.838 INFO:teuthology.orchestra.run.vm09.stdout:/usr/bin/ceph: stderr
2026-03-09T00:29:23.174+0000 7fef99501640 1 -- 192.168.123.109:0/2945161605 >> 192.168.123.109:0/2945161605 conn(0x7fef94100250 msgr2=0x7fef941026b0 unknown :-1 s=STATE_NONE l=0).mark_down
2026-03-09T00:29:24.838 INFO:teuthology.orchestra.run.vm09.stdout:/usr/bin/ceph: stderr
2026-03-09T00:29:23.174+0000 7fef99501640 1 -- 192.168.123.109:0/2945161605 shutdown_connections
2026-03-09T00:29:24.838 INFO:teuthology.orchestra.run.vm09.stdout:/usr/bin/ceph: stderr
2026-03-09T00:29:23.174+0000 7fef99501640 1 -- 192.168.123.109:0/2945161605 wait complete.
2026-03-09T00:29:24.838 INFO:teuthology.orchestra.run.vm09.stdout:/usr/bin/ceph: stderr
2026-03-09T00:29:23.175+0000 7fef99501640 1 Processor -- start
2026-03-09T00:29:24.838 INFO:teuthology.orchestra.run.vm09.stdout:/usr/bin/ceph: stderr
2026-03-09T00:29:23.175+0000 7fef99501640 1 -- start start
2026-03-09T00:29:24.838 INFO:teuthology.orchestra.run.vm09.stdout:/usr/bin/ceph: stderr
2026-03-09T00:29:23.175+0000 7fef99501640 1 --2- >> [v2:192.168.123.109:3300/0,v1:192.168.123.109:6789/0] conn(0x7fef941045e0 0x7fef9419a490 unknown :-1 s=NONE pgs=0 cs=0 l=1 rev1=0 crypto rx=0 tx=0 comp rx=0 tx=0).connect
2026-03-09T00:29:24.838 INFO:teuthology.orchestra.run.vm09.stdout:/usr/bin/ceph: stderr
2026-03-09T00:29:23.175+0000 7fef99501640 1 -- --> [v2:192.168.123.109:3300/0,v1:192.168.123.109:6789/0] -- mon_getmap magic: 0 -- 0x7fef94106880 con 0x7fef941045e0
2026-03-09T00:29:24.838 INFO:teuthology.orchestra.run.vm09.stdout:/usr/bin/ceph: stderr
2026-03-09T00:29:23.175+0000 7fef92ffd640 1 --2- >> [v2:192.168.123.109:3300/0,v1:192.168.123.109:6789/0] conn(0x7fef941045e0 0x7fef9419a490 unknown :-1 s=BANNER_CONNECTING pgs=0 cs=0 l=1 rev1=0 crypto rx=0 tx=0 comp rx=0 tx=0)._handle_peer_banner_payload supported=3 required=0
2026-03-09T00:29:24.838 INFO:teuthology.orchestra.run.vm09.stdout:/usr/bin/ceph: stderr
2026-03-09T00:29:23.175+0000 7fef92ffd640 1 --2- >> [v2:192.168.123.109:3300/0,v1:192.168.123.109:6789/0] conn(0x7fef941045e0 0x7fef9419a490 unknown :-1 s=HELLO_CONNECTING pgs=0 cs=0 l=1 rev1=1 crypto rx=0 tx=0 comp rx=0 tx=0).handle_hello peer v2:192.168.123.109:3300/0 says I am v2:192.168.123.109:41522/0 (socket says 192.168.123.109:41522)
2026-03-09T00:29:24.838 INFO:teuthology.orchestra.run.vm09.stdout:/usr/bin/ceph: stderr
2026-03-09T00:29:23.175+0000 7fef92ffd640 1 -- 192.168.123.109:0/420155644 learned_addr learned my addr 192.168.123.109:0/420155644 (peer_addr_for_me v2:192.168.123.109:0/0)
2026-03-09T00:29:24.838 INFO:teuthology.orchestra.run.vm09.stdout:/usr/bin/ceph: stderr
2026-03-09T00:29:23.176+0000 7fef92ffd640 1 -- 192.168.123.109:0/420155644 --> [v2:192.168.123.109:3300/0,v1:192.168.123.109:6789/0] -- mon_subscribe({config=0+,monmap=0+}) -- 0x7fef9419a9d0 con 0x7fef941045e0
2026-03-09T00:29:24.838 INFO:teuthology.orchestra.run.vm09.stdout:/usr/bin/ceph: stderr
2026-03-09T00:29:23.176+0000 7fef92ffd640 1 --2- 192.168.123.109:0/420155644 >> [v2:192.168.123.109:3300/0,v1:192.168.123.109:6789/0] conn(0x7fef941045e0 0x7fef9419a490 secure :-1 s=READY pgs=44 cs=0 l=1 rev1=1 crypto rx=0x7fef80037ba0 tx=0x7fef800356a0 comp rx=0 tx=0).ready entity=mon.0 client_cookie=0 server_cookie=0 in_seq=0 out_seq=0
2026-03-09T00:29:24.838 INFO:teuthology.orchestra.run.vm09.stdout:/usr/bin/ceph: stderr
2026-03-09T00:29:23.176+0000 7fef6ffff640 1 -- 192.168.123.109:0/420155644 <== mon.0 v2:192.168.123.109:3300/0 1 ==== mon_map magic: 0 ==== 205+0+0 (secure 0 0 0) 0x7fef80047070 con 0x7fef941045e0
2026-03-09T00:29:24.839 INFO:teuthology.orchestra.run.vm09.stdout:/usr/bin/ceph: stderr
2026-03-09T00:29:23.176+0000 7fef6ffff640 1 -- 192.168.123.109:0/420155644 <== mon.0 v2:192.168.123.109:3300/0 2 ==== config(25 keys) ==== 998+0+0 (secure 0 0 0) 0x7fef80035e10 con 0x7fef941045e0
2026-03-09T00:29:24.839 INFO:teuthology.orchestra.run.vm09.stdout:/usr/bin/ceph: stderr
2026-03-09T00:29:23.176+0000 7fef6ffff640 1 -- 192.168.123.109:0/420155644 <== mon.0 v2:192.168.123.109:3300/0 3 ==== mon_map magic: 0 ==== 205+0+0 (secure 0 0 0) 0x7fef8003c070 con 0x7fef941045e0
2026-03-09T00:29:24.839 INFO:teuthology.orchestra.run.vm09.stdout:/usr/bin/ceph: stderr
2026-03-09T00:29:23.176+0000 7fef99501640 1 -- 192.168.123.109:0/420155644 --> [v2:192.168.123.109:3300/0,v1:192.168.123.109:6789/0] -- mon_subscribe({mgrmap=0+}) -- 0x7fef9419ac60 con 0x7fef941045e0
2026-03-09T00:29:24.839 INFO:teuthology.orchestra.run.vm09.stdout:/usr/bin/ceph: stderr
2026-03-09T00:29:23.176+0000 7fef99501640 1 -- 192.168.123.109:0/420155644 --> [v2:192.168.123.109:3300/0,v1:192.168.123.109:6789/0] -- mon_subscribe({osdmap=0}) -- 0x7fef9419d950 con 0x7fef941045e0
2026-03-09T00:29:24.839 INFO:teuthology.orchestra.run.vm09.stdout:/usr/bin/ceph: stderr
2026-03-09T00:29:23.178+0000 7fef6ffff640 1 -- 192.168.123.109:0/420155644 <== mon.0 v2:192.168.123.109:3300/0 4 ==== mgrmap(e 8) ==== 50212+0+0 (secure 0 0 0) 0x7fef8004c430 con 0x7fef941045e0
2026-03-09T00:29:24.839 INFO:teuthology.orchestra.run.vm09.stdout:/usr/bin/ceph: stderr
2026-03-09T00:29:23.178+0000 7fef6ffff640 1 --2- 192.168.123.109:0/420155644 >> v2:192.168.123.109:6800/3433497319 conn(0x7fef6803dc00 0x7fef680400c0 unknown :-1 s=NONE pgs=0 cs=0 l=1 rev1=0 crypto rx=0 tx=0 comp rx=0 tx=0).connect
2026-03-09T00:29:24.839 INFO:teuthology.orchestra.run.vm09.stdout:/usr/bin/ceph: stderr
2026-03-09T00:29:23.178+0000 7fef6ffff640 1 -- 192.168.123.109:0/420155644 <== mon.0 v2:192.168.123.109:3300/0 5 ==== osd_map(2..2 src has 1..2) ==== 897+0+0 (secure 0 0 0) 0x7fef80077be0 con 0x7fef941045e0
2026-03-09T00:29:24.839 INFO:teuthology.orchestra.run.vm09.stdout:/usr/bin/ceph: stderr
2026-03-09T00:29:23.178+0000 7fef927fc640 1 --2- 192.168.123.109:0/420155644 >> v2:192.168.123.109:6800/3433497319 conn(0x7fef6803dc00 0x7fef680400c0 unknown :-1 s=BANNER_CONNECTING pgs=0 cs=0 l=1 rev1=0 crypto rx=0 tx=0 comp rx=0 tx=0)._handle_peer_banner_payload supported=3 required=0
2026-03-09T00:29:24.839 INFO:teuthology.orchestra.run.vm09.stdout:/usr/bin/ceph: stderr
2026-03-09T00:29:23.179+0000 7fef927fc640 1 --2- 192.168.123.109:0/420155644 >> v2:192.168.123.109:6800/3433497319 conn(0x7fef6803dc00 0x7fef680400c0 secure :-1 s=READY pgs=11 cs=0 l=1 rev1=1 crypto rx=0x7fef880099c0 tx=0x7fef88006eb0 comp rx=0 tx=0).ready entity=mgr.14118 client_cookie=0 server_cookie=0 in_seq=0 out_seq=0
2026-03-09T00:29:24.839 INFO:teuthology.orchestra.run.vm09.stdout:/usr/bin/ceph: stderr
2026-03-09T00:29:23.179+0000 7fef99501640 1 -- 192.168.123.109:0/420155644 --> [v2:192.168.123.109:3300/0,v1:192.168.123.109:6789/0] -- mon_command({"prefix": "get_command_descriptions"} v 0) -- 0x7fef5c005180 con 0x7fef941045e0
2026-03-09T00:29:24.839 INFO:teuthology.orchestra.run.vm09.stdout:/usr/bin/ceph: stderr
2026-03-09T00:29:23.182+0000 7fef6ffff640 1 -- 192.168.123.109:0/420155644 <== mon.0 v2:192.168.123.109:3300/0 6 ==== mon_command_ack([{"prefix": "get_command_descriptions"}]=0 v0) ==== 72+0+195034 (secure 0 0 0) 0x7fef80042e20 con 0x7fef941045e0
2026-03-09T00:29:24.839 INFO:teuthology.orchestra.run.vm09.stdout:/usr/bin/ceph: stderr
2026-03-09T00:29:23.289+0000 7fef99501640 1 -- 192.168.123.109:0/420155644 --> v2:192.168.123.109:6800/3433497319 -- mgr_command(tid 0: {"prefix": "orch host add", "hostname": "vm09", "addr": "192.168.123.109", "target": ["mon-mgr", ""]}) -- 0x7fef5c002bf0 con 0x7fef6803dc00
2026-03-09T00:29:24.839 INFO:teuthology.orchestra.run.vm09.stdout:/usr/bin/ceph: stderr
2026-03-09T00:29:24.806+0000 7fef6ffff640 1 -- 192.168.123.109:0/420155644 <== mgr.14118 v2:192.168.123.109:6800/3433497319 1 ==== mgr_command_reply(tid 0: 0 ) ==== 8+0+46 (secure 0 0 0) 0x7fef5c002bf0 con 0x7fef6803dc00
2026-03-09T00:29:24.839 INFO:teuthology.orchestra.run.vm09.stdout:/usr/bin/ceph: stderr
2026-03-09T00:29:24.809+0000 7fef99501640 1 -- 192.168.123.109:0/420155644 >> v2:192.168.123.109:6800/3433497319 conn(0x7fef6803dc00 msgr2=0x7fef680400c0 secure :-1 s=STATE_CONNECTION_ESTABLISHED l=1).mark_down
2026-03-09T00:29:24.839 INFO:teuthology.orchestra.run.vm09.stdout:/usr/bin/ceph: stderr
2026-03-09T00:29:24.809+0000 7fef99501640 1 --2- 192.168.123.109:0/420155644 >> v2:192.168.123.109:6800/3433497319 conn(0x7fef6803dc00 0x7fef680400c0 secure :-1 s=READY pgs=11 cs=0 l=1 rev1=1 crypto rx=0x7fef880099c0 tx=0x7fef88006eb0 comp rx=0 tx=0).stop
2026-03-09T00:29:24.839 INFO:teuthology.orchestra.run.vm09.stdout:/usr/bin/ceph: stderr
2026-03-09T00:29:24.809+0000 7fef99501640 1 -- 192.168.123.109:0/420155644 >> [v2:192.168.123.109:3300/0,v1:192.168.123.109:6789/0] conn(0x7fef941045e0 msgr2=0x7fef9419a490 secure :-1 s=STATE_CONNECTION_ESTABLISHED l=1).mark_down
2026-03-09T00:29:24.839 INFO:teuthology.orchestra.run.vm09.stdout:/usr/bin/ceph: stderr
2026-03-09T00:29:24.809+0000 7fef99501640 1 --2- 192.168.123.109:0/420155644 >> [v2:192.168.123.109:3300/0,v1:192.168.123.109:6789/0] conn(0x7fef941045e0 0x7fef9419a490 secure :-1 s=READY pgs=44 cs=0 l=1 rev1=1 crypto rx=0x7fef80037ba0 tx=0x7fef800356a0 comp rx=0 tx=0).stop
2026-03-09T00:29:24.839 INFO:teuthology.orchestra.run.vm09.stdout:/usr/bin/ceph: stderr
2026-03-09T00:29:24.810+0000 7fef99501640 1 -- 192.168.123.109:0/420155644 shutdown_connections
2026-03-09T00:29:24.839 INFO:teuthology.orchestra.run.vm09.stdout:/usr/bin/ceph: stderr
2026-03-09T00:29:24.810+0000 7fef99501640 1 --2- 192.168.123.109:0/420155644 >> v2:192.168.123.109:6800/3433497319 conn(0x7fef6803dc00 0x7fef680400c0 unknown :-1 s=CLOSED pgs=11 cs=0 l=1 rev1=1 crypto rx=0 tx=0 comp rx=0 tx=0).stop
2026-03-09T00:29:24.839 INFO:teuthology.orchestra.run.vm09.stdout:/usr/bin/ceph: stderr
2026-03-09T00:29:24.810+0000 7fef99501640 1 --2- 192.168.123.109:0/420155644 >> [v2:192.168.123.109:3300/0,v1:192.168.123.109:6789/0] conn(0x7fef941045e0 0x7fef9419a490 unknown :-1 s=CLOSED pgs=44 cs=0 l=1 rev1=1 crypto rx=0 tx=0 comp rx=0 tx=0).stop
2026-03-09T00:29:24.839 INFO:teuthology.orchestra.run.vm09.stdout:/usr/bin/ceph: stderr
2026-03-09T00:29:24.810+0000 7fef99501640 1 -- 192.168.123.109:0/420155644 >> 192.168.123.109:0/420155644 conn(0x7fef94100250 msgr2=0x7fef94191110 unknown :-1 s=STATE_NONE l=0).mark_down
2026-03-09T00:29:24.839 INFO:teuthology.orchestra.run.vm09.stdout:/usr/bin/ceph: stderr
2026-03-09T00:29:24.810+0000 7fef99501640 1 -- 192.168.123.109:0/420155644 shutdown_connections
2026-03-09T00:29:24.839 INFO:teuthology.orchestra.run.vm09.stdout:/usr/bin/ceph: stderr
2026-03-09T00:29:24.810+0000 7fef99501640 1 -- 192.168.123.109:0/420155644 wait complete.
2026-03-09T00:29:24.839 INFO:teuthology.orchestra.run.vm09.stdout:Deploying unmanaged mon service...
2026-03-09T00:29:25.090 INFO:journalctl@ceph.mon.a.vm09.stdout:Mar 09 00:29:24 vm09 ceph-mon[49458]: from='client.14138 -' entity='client.admin' cmd=[{"prefix": "orch host add", "hostname": "vm09", "addr": "192.168.123.109", "target": ["mon-mgr", ""]}]: dispatch
2026-03-09T00:29:25.090 INFO:journalctl@ceph.mon.a.vm09.stdout:Mar 09 00:29:24 vm09 ceph-mon[49458]: Deploying cephadm binary to vm09
2026-03-09T00:29:25.090 INFO:journalctl@ceph.mon.a.vm09.stdout:Mar 09 00:29:24 vm09 ceph-mon[49458]: from='mgr.14118 192.168.123.109:0/3907920743' entity='mgr.y'
2026-03-09T00:29:25.090 INFO:journalctl@ceph.mon.a.vm09.stdout:Mar 09 00:29:24 vm09 ceph-mon[49458]: from='mgr.14118 192.168.123.109:0/3907920743' entity='mgr.y' cmd=[{"prefix": "config dump", "format": "json"}]: dispatch
2026-03-09T00:29:25.126 INFO:teuthology.orchestra.run.vm09.stdout:/usr/bin/ceph: stdout Scheduled mon update...
2026-03-09T00:29:25.126 INFO:teuthology.orchestra.run.vm09.stdout:/usr/bin/ceph: stderr
2026-03-09T00:29:24.962+0000 7f716e2d4640 1 Processor -- start
2026-03-09T00:29:25.126 INFO:teuthology.orchestra.run.vm09.stdout:/usr/bin/ceph: stderr
2026-03-09T00:29:24.963+0000 7f716e2d4640 1 -- start start
2026-03-09T00:29:25.126 INFO:teuthology.orchestra.run.vm09.stdout:/usr/bin/ceph: stderr
2026-03-09T00:29:24.963+0000 7f716e2d4640 1 --2- >> [v2:192.168.123.109:3300/0,v1:192.168.123.109:6789/0] conn(0x7f7168104550 0x7f7168104950 unknown :-1 s=NONE pgs=0 cs=0 l=0 rev1=0 crypto rx=0 tx=0 comp rx=0 tx=0).connect
2026-03-09T00:29:25.126 INFO:teuthology.orchestra.run.vm09.stdout:/usr/bin/ceph: stderr
2026-03-09T00:29:24.963+0000 7f716e2d4640 1 -- --> [v2:192.168.123.109:3300/0,v1:192.168.123.109:6789/0] -- mon_getmap magic: 0 -- 0x7f7168104f20 con 0x7f7168104550
2026-03-09T00:29:25.126 INFO:teuthology.orchestra.run.vm09.stdout:/usr/bin/ceph: stderr
2026-03-09T00:29:24.968+0000 7f716d2d2640 1 --2- >> [v2:192.168.123.109:3300/0,v1:192.168.123.109:6789/0] conn(0x7f7168104550 0x7f7168104950 unknown :-1 s=BANNER_CONNECTING pgs=0 cs=0 l=0 rev1=0 crypto rx=0 tx=0 comp rx=0 tx=0)._handle_peer_banner_payload supported=3 required=0
2026-03-09T00:29:25.126 INFO:teuthology.orchestra.run.vm09.stdout:/usr/bin/ceph: stderr
2026-03-09T00:29:24.968+0000 7f716d2d2640 1 --2- >> [v2:192.168.123.109:3300/0,v1:192.168.123.109:6789/0] conn(0x7f7168104550 0x7f7168104950 unknown :-1 s=HELLO_CONNECTING pgs=0 cs=0 l=0 rev1=1 crypto rx=0 tx=0 comp rx=0 tx=0).handle_hello peer v2:192.168.123.109:3300/0 says I am v2:192.168.123.109:41534/0 (socket says 192.168.123.109:41534)
2026-03-09T00:29:25.126 INFO:teuthology.orchestra.run.vm09.stdout:/usr/bin/ceph: stderr
2026-03-09T00:29:24.968+0000 7f716d2d2640 1 -- 192.168.123.109:0/1298047222 learned_addr learned my addr 192.168.123.109:0/1298047222 (peer_addr_for_me v2:192.168.123.109:0/0)
2026-03-09T00:29:25.126 INFO:teuthology.orchestra.run.vm09.stdout:/usr/bin/ceph: stderr
2026-03-09T00:29:24.969+0000 7f716d2d2640 1 -- 192.168.123.109:0/1298047222 --> [v2:192.168.123.109:3300/0,v1:192.168.123.109:6789/0] -- mon_subscribe({config=0+,monmap=0+}) -- 0x7f71681056e0 con 0x7f7168104550
2026-03-09T00:29:25.126 INFO:teuthology.orchestra.run.vm09.stdout:/usr/bin/ceph: stderr
2026-03-09T00:29:24.969+0000 7f716d2d2640 1 --2- 192.168.123.109:0/1298047222 >> [v2:192.168.123.109:3300/0,v1:192.168.123.109:6789/0] conn(0x7f7168104550 0x7f7168104950 secure :-1 s=READY pgs=45 cs=0 l=1 rev1=1 crypto rx=0x7f7158009b80 tx=0x7f715802f190 comp rx=0 tx=0).ready entity=mon.0 client_cookie=310c75a60dcea998 server_cookie=0 in_seq=0 out_seq=0
2026-03-09T00:29:25.126 INFO:teuthology.orchestra.run.vm09.stdout:/usr/bin/ceph: stderr
2026-03-09T00:29:24.969+0000 7f7157fff640 1 -- 192.168.123.109:0/1298047222 <== mon.0 v2:192.168.123.109:3300/0 1 ==== mon_map magic: 0 ==== 205+0+0 (secure 0 0 0) 0x7f715803c070 con 0x7f7168104550
2026-03-09T00:29:25.126 INFO:teuthology.orchestra.run.vm09.stdout:/usr/bin/ceph: stderr
2026-03-09T00:29:24.969+0000 7f7157fff640 1 -- 192.168.123.109:0/1298047222 <== mon.0 v2:192.168.123.109:3300/0 2 ==== config(25 keys) ==== 998+0+0 (secure 0 0 0) 0x7f7158037440 con 0x7f7168104550
2026-03-09T00:29:25.126 INFO:teuthology.orchestra.run.vm09.stdout:/usr/bin/ceph: stderr
2026-03-09T00:29:24.970+0000 7f716e2d4640 1 -- 192.168.123.109:0/1298047222 >> [v2:192.168.123.109:3300/0,v1:192.168.123.109:6789/0] conn(0x7f7168104550 msgr2=0x7f7168104950 secure :-1 s=STATE_CONNECTION_ESTABLISHED l=1).mark_down
2026-03-09T00:29:25.126 INFO:teuthology.orchestra.run.vm09.stdout:/usr/bin/ceph: stderr
2026-03-09T00:29:24.970+0000 7f716e2d4640 1 --2- 192.168.123.109:0/1298047222 >> [v2:192.168.123.109:3300/0,v1:192.168.123.109:6789/0] conn(0x7f7168104550 0x7f7168104950 secure :-1 s=READY pgs=45 cs=0 l=1 rev1=1 crypto rx=0x7f7158009b80 tx=0x7f715802f190 comp rx=0 tx=0).stop
2026-03-09T00:29:25.126 INFO:teuthology.orchestra.run.vm09.stdout:/usr/bin/ceph: stderr
2026-03-09T00:29:24.972+0000 7f716e2d4640 1 -- 192.168.123.109:0/1298047222 shutdown_connections
2026-03-09T00:29:25.126 INFO:teuthology.orchestra.run.vm09.stdout:/usr/bin/ceph: stderr
2026-03-09T00:29:24.972+0000 7f716e2d4640 1 --2- 192.168.123.109:0/1298047222 >> [v2:192.168.123.109:3300/0,v1:192.168.123.109:6789/0] conn(0x7f7168104550 0x7f7168104950 unknown :-1 s=CLOSED pgs=45 cs=0 l=1 rev1=1 crypto rx=0 tx=0 comp rx=0 tx=0).stop
2026-03-09T00:29:25.126 INFO:teuthology.orchestra.run.vm09.stdout:/usr/bin/ceph: stderr
2026-03-09T00:29:24.972+0000 7f716e2d4640 1 -- 192.168.123.109:0/1298047222 >> 192.168.123.109:0/1298047222 conn(0x7f71681000d0 msgr2=0x7f71681024f0 unknown :-1 s=STATE_NONE l=0).mark_down
2026-03-09T00:29:25.126 INFO:teuthology.orchestra.run.vm09.stdout:/usr/bin/ceph: stderr
2026-03-09T00:29:24.972+0000 7f716e2d4640 1 -- 192.168.123.109:0/1298047222 shutdown_connections
2026-03-09T00:29:25.126 INFO:teuthology.orchestra.run.vm09.stdout:/usr/bin/ceph: stderr
2026-03-09T00:29:24.972+0000 7f716e2d4640 1 -- 192.168.123.109:0/1298047222 wait complete.
2026-03-09T00:29:25.126 INFO:teuthology.orchestra.run.vm09.stdout:/usr/bin/ceph: stderr
2026-03-09T00:29:24.972+0000 7f716e2d4640 1 Processor -- start
2026-03-09T00:29:25.126 INFO:teuthology.orchestra.run.vm09.stdout:/usr/bin/ceph: stderr
2026-03-09T00:29:24.972+0000 7f716e2d4640 1 -- start start
2026-03-09T00:29:25.126 INFO:teuthology.orchestra.run.vm09.stdout:/usr/bin/ceph: stderr
2026-03-09T00:29:24.972+0000 7f716e2d4640 1 --2- >> [v2:192.168.123.109:3300/0,v1:192.168.123.109:6789/0] conn(0x7f7168104550 0x7f7168073ca0 unknown :-1 s=NONE pgs=0 cs=0 l=1 rev1=0 crypto rx=0 tx=0 comp rx=0 tx=0).connect
2026-03-09T00:29:25.126 INFO:teuthology.orchestra.run.vm09.stdout:/usr/bin/ceph: stderr
2026-03-09T00:29:24.973+0000 7f716e2d4640 1 -- --> [v2:192.168.123.109:3300/0,v1:192.168.123.109:6789/0] -- mon_getmap magic: 0 -- 0x7f7168108930 con 0x7f7168104550
2026-03-09T00:29:25.126 INFO:teuthology.orchestra.run.vm09.stdout:/usr/bin/ceph: stderr
2026-03-09T00:29:24.973+0000 7f716d2d2640 1 --2- >> [v2:192.168.123.109:3300/0,v1:192.168.123.109:6789/0] conn(0x7f7168104550 0x7f7168073ca0 unknown :-1 s=BANNER_CONNECTING pgs=0 cs=0 l=1 rev1=0 crypto rx=0 tx=0 comp rx=0 tx=0)._handle_peer_banner_payload supported=3 required=0
2026-03-09T00:29:25.126 INFO:teuthology.orchestra.run.vm09.stdout:/usr/bin/ceph: stderr
2026-03-09T00:29:24.973+0000 7f716d2d2640 1 --2- >> [v2:192.168.123.109:3300/0,v1:192.168.123.109:6789/0] conn(0x7f7168104550 0x7f7168073ca0 unknown :-1 s=HELLO_CONNECTING pgs=0 cs=0 l=1 rev1=1 crypto rx=0 tx=0 comp rx=0 tx=0).handle_hello peer v2:192.168.123.109:3300/0 says I am v2:192.168.123.109:41548/0 (socket says 192.168.123.109:41548)
2026-03-09T00:29:25.126 INFO:teuthology.orchestra.run.vm09.stdout:/usr/bin/ceph: stderr
2026-03-09T00:29:24.973+0000 7f716d2d2640 1 -- 192.168.123.109:0/360365692 learned_addr learned my addr 192.168.123.109:0/360365692 (peer_addr_for_me v2:192.168.123.109:0/0)
2026-03-09T00:29:25.126 INFO:teuthology.orchestra.run.vm09.stdout:/usr/bin/ceph: stderr
2026-03-09T00:29:24.973+0000 7f716d2d2640 1 -- 192.168.123.109:0/360365692 --> [v2:192.168.123.109:3300/0,v1:192.168.123.109:6789/0] -- mon_subscribe({config=0+,monmap=0+}) -- 0x7f71680741e0 con 0x7f7168104550
2026-03-09T00:29:25.127 INFO:teuthology.orchestra.run.vm09.stdout:/usr/bin/ceph: stderr
2026-03-09T00:29:24.974+0000 7f716d2d2640 1 --2- 192.168.123.109:0/360365692 >> [v2:192.168.123.109:3300/0,v1:192.168.123.109:6789/0] conn(0x7f7168104550 0x7f7168073ca0 secure :-1 s=READY pgs=46 cs=0 l=1 rev1=1 crypto rx=0x7f715802f740 tx=0x7f71580039b0 comp rx=0 tx=0).ready entity=mon.0 client_cookie=0 server_cookie=0 in_seq=0 out_seq=0
2026-03-09T00:29:25.127 INFO:teuthology.orchestra.run.vm09.stdout:/usr/bin/ceph: stderr
2026-03-09T00:29:24.974+0000 7f71567fc640 1 -- 192.168.123.109:0/360365692 <== mon.0 v2:192.168.123.109:3300/0 1 ==== mon_map magic: 0 ==== 205+0+0 (secure 0 0 0) 0x7f715803c040 con 0x7f7168104550
2026-03-09T00:29:25.127 INFO:teuthology.orchestra.run.vm09.stdout:/usr/bin/ceph: stderr
2026-03-09T00:29:24.974+0000 7f716e2d4640 1 -- 192.168.123.109:0/360365692 --> [v2:192.168.123.109:3300/0,v1:192.168.123.109:6789/0] -- mon_subscribe({mgrmap=0+}) -- 0x7f7168074470 con 0x7f7168104550
2026-03-09T00:29:25.127 INFO:teuthology.orchestra.run.vm09.stdout:/usr/bin/ceph: stderr
2026-03-09T00:29:24.974+0000 7f716e2d4640 1 -- 192.168.123.109:0/360365692 --> [v2:192.168.123.109:3300/0,v1:192.168.123.109:6789/0] -- mon_subscribe({osdmap=0}) -- 0x7f71681aede0 con 0x7f7168104550
2026-03-09T00:29:25.127 INFO:teuthology.orchestra.run.vm09.stdout:/usr/bin/ceph: stderr
2026-03-09T00:29:24.975+0000 7f71567fc640 1 -- 192.168.123.109:0/360365692 <== mon.0 v2:192.168.123.109:3300/0 2 ==== config(25 keys) ==== 998+0+0 (secure 0 0 0) 0x7f7158003c40 con 0x7f7168104550
2026-03-09T00:29:25.127 INFO:teuthology.orchestra.run.vm09.stdout:/usr/bin/ceph: stderr
2026-03-09T00:29:24.975+0000 7f71567fc640 1 -- 192.168.123.109:0/360365692 <== mon.0 v2:192.168.123.109:3300/0 3 ==== mon_map magic: 0 ==== 205+0+0 (secure 0 0 0) 0x7f7158035db0 con 0x7f7168104550
2026-03-09T00:29:25.127 INFO:teuthology.orchestra.run.vm09.stdout:/usr/bin/ceph: stderr
2026-03-09T00:29:24.976+0000 7f71567fc640 1 -- 192.168.123.109:0/360365692 <== mon.0 v2:192.168.123.109:3300/0 4 ==== mgrmap(e 8) ==== 50212+0+0 (secure 0 0 0) 0x7f7158030050 con 0x7f7168104550
2026-03-09T00:29:25.127 INFO:teuthology.orchestra.run.vm09.stdout:/usr/bin/ceph: stderr
2026-03-09T00:29:24.976+0000 7f71567fc640 1 --2- 192.168.123.109:0/360365692 >> v2:192.168.123.109:6800/3433497319 conn(0x7f715003dc80 0x7f7150040140 unknown :-1 s=NONE pgs=0 cs=0 l=1 rev1=0 crypto rx=0 tx=0 comp rx=0 tx=0).connect
2026-03-09T00:29:25.127 INFO:teuthology.orchestra.run.vm09.stdout:/usr/bin/ceph: stderr
2026-03-09T00:29:24.976+0000 7f71567fc640 1 -- 192.168.123.109:0/360365692 <== mon.0 v2:192.168.123.109:3300/0 5 ==== osd_map(2..2 src has 1..2) ==== 897+0+0 (secure 0 0 0) 0x7f7158077c10 con 0x7f7168104550
2026-03-09T00:29:25.127 INFO:teuthology.orchestra.run.vm09.stdout:/usr/bin/ceph: stderr
2026-03-09T00:29:24.977+0000 7f716cad1640 1 --2- 192.168.123.109:0/360365692 >> v2:192.168.123.109:6800/3433497319 conn(0x7f715003dc80 0x7f7150040140 unknown :-1 s=BANNER_CONNECTING pgs=0 cs=0 l=1 rev1=0 crypto rx=0 tx=0 comp rx=0 tx=0)._handle_peer_banner_payload supported=3 required=0
2026-03-09T00:29:25.127 INFO:teuthology.orchestra.run.vm09.stdout:/usr/bin/ceph: stderr
2026-03-09T00:29:24.977+0000 7f716cad1640 1 --2- 192.168.123.109:0/360365692 >> v2:192.168.123.109:6800/3433497319 conn(0x7f715003dc80 0x7f7150040140 secure :-1 s=READY pgs=12 cs=0 l=1 rev1=1 crypto rx=0x7f715c009a10 tx=0x7f715c006eb0 comp rx=0 tx=0).ready entity=mgr.14118 client_cookie=0 server_cookie=0 in_seq=0 out_seq=0
2026-03-09T00:29:25.127 INFO:teuthology.orchestra.run.vm09.stdout:/usr/bin/ceph: stderr
2026-03-09T00:29:24.979+0000 7f716e2d4640 1 -- 192.168.123.109:0/360365692 --> [v2:192.168.123.109:3300/0,v1:192.168.123.109:6789/0] -- mon_command({"prefix": "get_command_descriptions"} v 0) -- 0x7f7130005180 con 0x7f7168104550
2026-03-09T00:29:25.127 INFO:teuthology.orchestra.run.vm09.stdout:/usr/bin/ceph: stderr
2026-03-09T00:29:24.984+0000 7f71567fc640 1 -- 192.168.123.109:0/360365692 <== mon.0 v2:192.168.123.109:3300/0 6 ==== mon_command_ack([{"prefix": "get_command_descriptions"}]=0 v0) ==== 72+0+195034 (secure 0 0 0) 0x7f7158051240 con 0x7f7168104550
2026-03-09T00:29:25.127 INFO:teuthology.orchestra.run.vm09.stdout:/usr/bin/ceph: stderr
2026-03-09T00:29:25.090+0000 7f716e2d4640 1 -- 192.168.123.109:0/360365692 --> v2:192.168.123.109:6800/3433497319 -- mgr_command(tid 0: {"prefix": "orch apply", "service_type": "mon", "unmanaged": true, "target": ["mon-mgr", ""]}) -- 0x7f7130002bf0 con 0x7f715003dc80
2026-03-09T00:29:25.127 INFO:teuthology.orchestra.run.vm09.stdout:/usr/bin/ceph: stderr
2026-03-09T00:29:25.096+0000 7f71567fc640 1 -- 192.168.123.109:0/360365692 <== mgr.14118 v2:192.168.123.109:6800/3433497319 1 ==== mgr_command_reply(tid 0: 0 ) ==== 8+0+24 (secure 0 0 0) 0x7f7130002bf0 con 0x7f715003dc80
2026-03-09T00:29:25.127 INFO:teuthology.orchestra.run.vm09.stdout:/usr/bin/ceph: stderr
2026-03-09T00:29:25.098+0000 7f716e2d4640 1 -- 192.168.123.109:0/360365692 >> v2:192.168.123.109:6800/3433497319 conn(0x7f715003dc80 msgr2=0x7f7150040140 secure :-1 s=STATE_CONNECTION_ESTABLISHED l=1).mark_down
2026-03-09T00:29:25.127 INFO:teuthology.orchestra.run.vm09.stdout:/usr/bin/ceph: stderr
2026-03-09T00:29:25.098+0000 7f716e2d4640 1 --2- 192.168.123.109:0/360365692 >> v2:192.168.123.109:6800/3433497319 conn(0x7f715003dc80 0x7f7150040140 secure :-1 s=READY pgs=12 cs=0 l=1 rev1=1 crypto rx=0x7f715c009a10 tx=0x7f715c006eb0 comp rx=0 tx=0).stop
2026-03-09T00:29:25.127 INFO:teuthology.orchestra.run.vm09.stdout:/usr/bin/ceph: stderr
2026-03-09T00:29:25.098+0000 7f716e2d4640 1 -- 192.168.123.109:0/360365692 >> [v2:192.168.123.109:3300/0,v1:192.168.123.109:6789/0] conn(0x7f7168104550 msgr2=0x7f7168073ca0 secure :-1 s=STATE_CONNECTION_ESTABLISHED l=1).mark_down
2026-03-09T00:29:25.127 INFO:teuthology.orchestra.run.vm09.stdout:/usr/bin/ceph: stderr
2026-03-09T00:29:25.098+0000 7f716e2d4640 1 --2- 192.168.123.109:0/360365692 >> [v2:192.168.123.109:3300/0,v1:192.168.123.109:6789/0] conn(0x7f7168104550 0x7f7168073ca0 secure :-1 s=READY pgs=46 cs=0 l=1 rev1=1 crypto rx=0x7f715802f740 tx=0x7f71580039b0 comp rx=0 tx=0).stop
2026-03-09T00:29:25.127 INFO:teuthology.orchestra.run.vm09.stdout:/usr/bin/ceph: stderr
2026-03-09T00:29:25.099+0000 7f716e2d4640 1 -- 192.168.123.109:0/360365692 shutdown_connections
2026-03-09T00:29:25.127 INFO:teuthology.orchestra.run.vm09.stdout:/usr/bin/ceph: stderr
2026-03-09T00:29:25.099+0000 7f716e2d4640 1 --2- 192.168.123.109:0/360365692 >> v2:192.168.123.109:6800/3433497319 conn(0x7f715003dc80 0x7f7150040140 unknown :-1 s=CLOSED pgs=12 cs=0 l=1 rev1=1 crypto rx=0 tx=0 comp rx=0 tx=0).stop
2026-03-09T00:29:25.127 INFO:teuthology.orchestra.run.vm09.stdout:/usr/bin/ceph: stderr
2026-03-09T00:29:25.099+0000 7f716e2d4640 1 --2- 192.168.123.109:0/360365692 >> [v2:192.168.123.109:3300/0,v1:192.168.123.109:6789/0] conn(0x7f7168104550 0x7f7168073ca0 unknown :-1 s=CLOSED pgs=46 cs=0 l=1 rev1=1 crypto rx=0 tx=0 comp rx=0 tx=0).stop
2026-03-09T00:29:25.127 INFO:teuthology.orchestra.run.vm09.stdout:/usr/bin/ceph: stderr
2026-03-09T00:29:25.099+0000 7f716e2d4640 1 -- 192.168.123.109:0/360365692 >> 192.168.123.109:0/360365692 conn(0x7f71681000d0 msgr2=0x7f7168100b70 unknown :-1 s=STATE_NONE l=0).mark_down
2026-03-09T00:29:25.127 INFO:teuthology.orchestra.run.vm09.stdout:/usr/bin/ceph: stderr
2026-03-09T00:29:25.099+0000 7f716e2d4640 1 -- 192.168.123.109:0/360365692 shutdown_connections
2026-03-09T00:29:25.127 INFO:teuthology.orchestra.run.vm09.stdout:/usr/bin/ceph: stderr
2026-03-09T00:29:25.099+0000 7f716e2d4640 1 -- 192.168.123.109:0/360365692 wait complete.
2026-03-09T00:29:25.127 INFO:teuthology.orchestra.run.vm09.stdout:Deploying unmanaged mgr service...
2026-03-09T00:29:25.401 INFO:teuthology.orchestra.run.vm09.stdout:/usr/bin/ceph: stdout Scheduled mgr update...
2026-03-09T00:29:25.402 INFO:teuthology.orchestra.run.vm09.stdout:/usr/bin/ceph: stderr
2026-03-09T00:29:25.245+0000 7fc273242640 1 Processor -- start
2026-03-09T00:29:25.402 INFO:teuthology.orchestra.run.vm09.stdout:/usr/bin/ceph: stderr
2026-03-09T00:29:25.246+0000 7fc273242640 1 -- start start
2026-03-09T00:29:25.402 INFO:teuthology.orchestra.run.vm09.stdout:/usr/bin/ceph: stderr
2026-03-09T00:29:25.246+0000 7fc273242640 1 --2- >> [v2:192.168.123.109:3300/0,v1:192.168.123.109:6789/0] conn(0x7fc26c107ec0 0x7fc26c1082c0 unknown :-1 s=NONE pgs=0 cs=0 l=0 rev1=0 crypto rx=0 tx=0 comp rx=0 tx=0).connect
2026-03-09T00:29:25.402 INFO:teuthology.orchestra.run.vm09.stdout:/usr/bin/ceph: stderr
2026-03-09T00:29:25.246+0000 7fc273242640 1 -- --> [v2:192.168.123.109:3300/0,v1:192.168.123.109:6789/0] -- mon_getmap magic: 0 -- 0x7fc26c07ca70 con 0x7fc26c107ec0
2026-03-09T00:29:25.402 INFO:teuthology.orchestra.run.vm09.stdout:/usr/bin/ceph: stderr
2026-03-09T00:29:25.246+0000 7fc270fb7640 1 --2- >> [v2:192.168.123.109:3300/0,v1:192.168.123.109:6789/0] conn(0x7fc26c107ec0 0x7fc26c1082c0 unknown :-1 s=BANNER_CONNECTING pgs=0 cs=0 l=0 rev1=0 crypto rx=0 tx=0 comp rx=0 tx=0)._handle_peer_banner_payload supported=3 required=0
2026-03-09T00:29:25.402 INFO:teuthology.orchestra.run.vm09.stdout:/usr/bin/ceph: stderr
2026-03-09T00:29:25.246+0000 7fc270fb7640 1 --2- >> [v2:192.168.123.109:3300/0,v1:192.168.123.109:6789/0] conn(0x7fc26c107ec0 0x7fc26c1082c0 unknown :-1 s=HELLO_CONNECTING pgs=0 cs=0 l=0 rev1=1 crypto rx=0 tx=0 comp rx=0 tx=0).handle_hello peer v2:192.168.123.109:3300/0 says I am v2:192.168.123.109:41560/0 (socket says 192.168.123.109:41560)
2026-03-09T00:29:25.402 INFO:teuthology.orchestra.run.vm09.stdout:/usr/bin/ceph: stderr
2026-03-09T00:29:25.246+0000 7fc270fb7640 1 -- 192.168.123.109:0/2757164511 learned_addr learned my addr 192.168.123.109:0/2757164511 (peer_addr_for_me v2:192.168.123.109:0/0)
2026-03-09T00:29:25.402 INFO:teuthology.orchestra.run.vm09.stdout:/usr/bin/ceph: stderr
2026-03-09T00:29:25.247+0000 7fc270fb7640 1 -- 192.168.123.109:0/2757164511 --> [v2:192.168.123.109:3300/0,v1:192.168.123.109:6789/0] -- mon_subscribe({config=0+,monmap=0+}) -- 0x7fc26c108800 con 0x7fc26c107ec0
2026-03-09T00:29:25.402 INFO:teuthology.orchestra.run.vm09.stdout:/usr/bin/ceph: stderr
2026-03-09T00:29:25.247+0000 7fc270fb7640 1 --2- 192.168.123.109:0/2757164511 >> [v2:192.168.123.109:3300/0,v1:192.168.123.109:6789/0] conn(0x7fc26c107ec0 0x7fc26c1082c0 secure :-1 s=READY pgs=47 cs=0 l=1 rev1=1 crypto rx=0x7fc25c009920 tx=0x7fc25c02ef20 comp rx=0 tx=0).ready entity=mon.0 client_cookie=ec97a97fff9743d2 server_cookie=0 in_seq=0 out_seq=0
2026-03-09T00:29:25.402 INFO:teuthology.orchestra.run.vm09.stdout:/usr/bin/ceph: stderr
2026-03-09T00:29:25.248+0000 7fc2637fe640 1 -- 192.168.123.109:0/2757164511 <== mon.0 v2:192.168.123.109:3300/0 1 ==== mon_map magic: 0 ==== 205+0+0 (secure 0 0 0) 0x7fc25c03c070 con 0x7fc26c107ec0
2026-03-09T00:29:25.402 INFO:teuthology.orchestra.run.vm09.stdout:/usr/bin/ceph: stderr
2026-03-09T00:29:25.248+0000 7fc2637fe640 1 -- 192.168.123.109:0/2757164511 <== mon.0 v2:192.168.123.109:3300/0 2 ==== config(25 keys) ==== 998+0+0 (secure 0 0 0) 0x7fc25c037440 con 0x7fc26c107ec0
2026-03-09T00:29:25.402 INFO:teuthology.orchestra.run.vm09.stdout:/usr/bin/ceph: stderr
2026-03-09T00:29:25.248+0000 7fc2637fe640 1 -- 192.168.123.109:0/2757164511 <== mon.0 v2:192.168.123.109:3300/0 3 ==== mon_map magic: 0 ==== 205+0+0 (secure 0 0 0) 0x7fc25c0354d0 con 0x7fc26c107ec0
2026-03-09T00:29:25.402 INFO:teuthology.orchestra.run.vm09.stdout:/usr/bin/ceph: stderr
2026-03-09T00:29:25.248+0000 7fc273242640 1 -- 192.168.123.109:0/2757164511 >> [v2:192.168.123.109:3300/0,v1:192.168.123.109:6789/0] conn(0x7fc26c107ec0 msgr2=0x7fc26c1082c0 secure :-1 s=STATE_CONNECTION_ESTABLISHED l=1).mark_down
2026-03-09T00:29:25.402 INFO:teuthology.orchestra.run.vm09.stdout:/usr/bin/ceph: stderr
2026-03-09T00:29:25.248+0000 7fc273242640 1 --2- 192.168.123.109:0/2757164511 >> [v2:192.168.123.109:3300/0,v1:192.168.123.109:6789/0] conn(0x7fc26c107ec0 0x7fc26c1082c0 secure :-1 s=READY pgs=47 cs=0 l=1 rev1=1 crypto rx=0x7fc25c009920 tx=0x7fc25c02ef20 comp rx=0 tx=0).stop
2026-03-09T00:29:25.402 INFO:teuthology.orchestra.run.vm09.stdout:/usr/bin/ceph: stderr
2026-03-09T00:29:25.248+0000 7fc273242640 1 -- 192.168.123.109:0/2757164511 shutdown_connections
2026-03-09T00:29:25.402 INFO:teuthology.orchestra.run.vm09.stdout:/usr/bin/ceph: stderr
2026-03-09T00:29:25.248+0000 7fc273242640 1 --2- 192.168.123.109:0/2757164511 >> [v2:192.168.123.109:3300/0,v1:192.168.123.109:6789/0] conn(0x7fc26c107ec0 0x7fc26c1082c0 unknown :-1 s=CLOSED pgs=47 cs=0 l=1 rev1=1 crypto rx=0 tx=0 comp rx=0 tx=0).stop
2026-03-09T00:29:25.402 INFO:teuthology.orchestra.run.vm09.stdout:/usr/bin/ceph: stderr
2026-03-09T00:29:25.248+0000 7fc273242640 1 -- 192.168.123.109:0/2757164511 >> 192.168.123.109:0/2757164511 conn(0x7fc26c102090 msgr2=0x7fc26c1044b0 unknown :-1 s=STATE_NONE l=0).mark_down
2026-03-09T00:29:25.402 INFO:teuthology.orchestra.run.vm09.stdout:/usr/bin/ceph: stderr
2026-03-09T00:29:25.249+0000 7fc273242640 1 -- 192.168.123.109:0/2757164511 shutdown_connections
2026-03-09T00:29:25.402 INFO:teuthology.orchestra.run.vm09.stdout:/usr/bin/ceph: stderr
2026-03-09T00:29:25.249+0000 7fc273242640 1 -- 192.168.123.109:0/2757164511 wait complete.
2026-03-09T00:29:25.402 INFO:teuthology.orchestra.run.vm09.stdout:/usr/bin/ceph: stderr
2026-03-09T00:29:25.249+0000 7fc273242640 1 Processor -- start
2026-03-09T00:29:25.402 INFO:teuthology.orchestra.run.vm09.stdout:/usr/bin/ceph: stderr
2026-03-09T00:29:25.250+0000 7fc273242640 1 -- start start
2026-03-09T00:29:25.402 INFO:teuthology.orchestra.run.vm09.stdout:/usr/bin/ceph: stderr
2026-03-09T00:29:25.250+0000 7fc273242640 1 --2- >> [v2:192.168.123.109:3300/0,v1:192.168.123.109:6789/0] conn(0x7fc26c107ec0 0x7fc26c19e970 unknown :-1 s=NONE pgs=0 cs=0 l=1 rev1=0 crypto rx=0 tx=0 comp rx=0 tx=0).connect
2026-03-09T00:29:25.402 INFO:teuthology.orchestra.run.vm09.stdout:/usr/bin/ceph: stderr
2026-03-09T00:29:25.250+0000 7fc273242640 1 -- --> [v2:192.168.123.109:3300/0,v1:192.168.123.109:6789/0] -- mon_getmap magic: 0 -- 0x7fc26c1070f0 con 0x7fc26c107ec0
2026-03-09T00:29:25.402 INFO:teuthology.orchestra.run.vm09.stdout:/usr/bin/ceph: stderr
2026-03-09T00:29:25.250+0000 7fc270fb7640 1 --2- >> [v2:192.168.123.109:3300/0,v1:192.168.123.109:6789/0] conn(0x7fc26c107ec0 0x7fc26c19e970 unknown :-1 s=BANNER_CONNECTING pgs=0 cs=0 l=1 rev1=0 crypto rx=0 tx=0 comp rx=0 tx=0)._handle_peer_banner_payload supported=3 required=0
2026-03-09T00:29:25.402 INFO:teuthology.orchestra.run.vm09.stdout:/usr/bin/ceph: stderr
2026-03-09T00:29:25.250+0000 7fc270fb7640 1 --2- >> [v2:192.168.123.109:3300/0,v1:192.168.123.109:6789/0] conn(0x7fc26c107ec0 0x7fc26c19e970 unknown :-1 s=HELLO_CONNECTING pgs=0 cs=0 l=1 rev1=1 crypto rx=0 tx=0 comp rx=0 tx=0).handle_hello peer v2:192.168.123.109:3300/0 says I am v2:192.168.123.109:41562/0 (socket says 192.168.123.109:41562)
2026-03-09T00:29:25.402 INFO:teuthology.orchestra.run.vm09.stdout:/usr/bin/ceph: stderr
2026-03-09T00:29:25.250+0000 7fc270fb7640 1 -- 192.168.123.109:0/3509039085 learned_addr learned my addr 192.168.123.109:0/3509039085 (peer_addr_for_me v2:192.168.123.109:0/0)
2026-03-09T00:29:25.402 INFO:teuthology.orchestra.run.vm09.stdout:/usr/bin/ceph: stderr
2026-03-09T00:29:25.250+0000 7fc270fb7640 1 -- 192.168.123.109:0/3509039085 --> [v2:192.168.123.109:3300/0,v1:192.168.123.109:6789/0] -- mon_subscribe({config=0+,monmap=0+}) -- 0x7fc26c19eeb0 con 0x7fc26c107ec0
2026-03-09T00:29:25.402 INFO:teuthology.orchestra.run.vm09.stdout:/usr/bin/ceph: stderr
2026-03-09T00:29:25.250+0000 7fc270fb7640 1 --2- 192.168.123.109:0/3509039085 >> [v2:192.168.123.109:3300/0,v1:192.168.123.109:6789/0] conn(0x7fc26c107ec0 0x7fc26c19e970 secure :-1 s=READY pgs=48 cs=0 l=1 rev1=1 crypto rx=0x7fc25c006fd0 tx=0x7fc25c035dc0 comp rx=0 tx=0).ready entity=mon.0 client_cookie=0 server_cookie=0 in_seq=0 out_seq=0
2026-03-09T00:29:25.402 INFO:teuthology.orchestra.run.vm09.stdout:/usr/bin/ceph: stderr
2026-03-09T00:29:25.251+0000 7fc261ffb640 1 -- 192.168.123.109:0/3509039085 <== mon.0 v2:192.168.123.109:3300/0 1 ==== mon_map magic: 0 ==== 205+0+0 (secure 0 0 0) 0x7fc25c045070 con 0x7fc26c107ec0
2026-03-09T00:29:25.402 INFO:teuthology.orchestra.run.vm09.stdout:/usr/bin/ceph: stderr
2026-03-09T00:29:25.251+0000 7fc261ffb640 1 -- 192.168.123.109:0/3509039085 <== mon.0 v2:192.168.123.109:3300/0 2 ==== config(25 keys) ==== 998+0+0 (secure 0 0 0) 0x7fc25c02fbc0 con 0x7fc26c107ec0
2026-03-09T00:29:25.402 INFO:teuthology.orchestra.run.vm09.stdout:/usr/bin/ceph: stderr
2026-03-09T00:29:25.251+0000 7fc261ffb640 1 -- 192.168.123.109:0/3509039085 <== mon.0 v2:192.168.123.109:3300/0 3 ==== mon_map magic: 0 ==== 205+0+0 (secure 0 0 0) 0x7fc25c03c070 con 0x7fc26c107ec0
2026-03-09T00:29:25.402 INFO:teuthology.orchestra.run.vm09.stdout:/usr/bin/ceph: stderr
2026-03-09T00:29:25.251+0000 7fc273242640 1 -- 192.168.123.109:0/3509039085 --> [v2:192.168.123.109:3300/0,v1:192.168.123.109:6789/0] -- mon_subscribe({mgrmap=0+}) -- 0x7fc26c19f140 con 0x7fc26c107ec0
2026-03-09T00:29:25.402 INFO:teuthology.orchestra.run.vm09.stdout:/usr/bin/ceph: stderr
2026-03-09T00:29:25.251+0000 7fc273242640 1 -- 192.168.123.109:0/3509039085 --> [v2:192.168.123.109:3300/0,v1:192.168.123.109:6789/0] -- mon_subscribe({osdmap=0}) -- 0x7fc26c1a1e30 con 0x7fc26c107ec0
2026-03-09T00:29:25.402 INFO:teuthology.orchestra.run.vm09.stdout:/usr/bin/ceph: stderr
2026-03-09T00:29:25.252+0000 7fc261ffb640 1 -- 192.168.123.109:0/3509039085 <== mon.0 v2:192.168.123.109:3300/0 4 ==== mgrmap(e 8) ==== 50212+0+0 (secure 0 0 0) 0x7fc25c04a430 con 0x7fc26c107ec0
2026-03-09T00:29:25.402 INFO:teuthology.orchestra.run.vm09.stdout:/usr/bin/ceph: stderr
2026-03-09T00:29:25.252+0000 7fc261ffb640 1 --2- 192.168.123.109:0/3509039085 >> v2:192.168.123.109:6800/3433497319 conn(0x7fc24803dc00 0x7fc2480400c0 unknown :-1 s=NONE pgs=0 cs=0 l=1 rev1=0 crypto rx=0 tx=0 comp rx=0 tx=0).connect
2026-03-09T00:29:25.402 INFO:teuthology.orchestra.run.vm09.stdout:/usr/bin/ceph: stderr
2026-03-09T00:29:25.252+0000 7fc261ffb640 1 -- 192.168.123.109:0/3509039085 <== mon.0 v2:192.168.123.109:3300/0 5 ==== osd_map(2..2 src has 1..2) ==== 897+0+0 (secure 0 0 0) 0x7fc25c0777e0 con 0x7fc26c107ec0
2026-03-09T00:29:25.402 INFO:teuthology.orchestra.run.vm09.stdout:/usr/bin/ceph: stderr
2026-03-09T00:29:25.252+0000 7fc263fff640 1 --2- 192.168.123.109:0/3509039085 >> v2:192.168.123.109:6800/3433497319 conn(0x7fc24803dc00 0x7fc2480400c0 unknown :-1 s=BANNER_CONNECTING pgs=0 cs=0 l=1 rev1=0 crypto rx=0 tx=0 comp rx=0 tx=0)._handle_peer_banner_payload supported=3 required=0
2026-03-09T00:29:25.402 INFO:teuthology.orchestra.run.vm09.stdout:/usr/bin/ceph: stderr
2026-03-09T00:29:25.255+0000 7fc263fff640 1 --2- 192.168.123.109:0/3509039085 >> v2:192.168.123.109:6800/3433497319 conn(0x7fc24803dc00 0x7fc2480400c0 secure :-1 s=READY pgs=13 cs=0 l=1 rev1=1 crypto rx=0x7fc2540099c0 tx=0x7fc254006eb0 comp rx=0 tx=0).ready entity=mgr.14118 client_cookie=0 server_cookie=0 in_seq=0 out_seq=0
2026-03-09T00:29:25.402 INFO:teuthology.orchestra.run.vm09.stdout:/usr/bin/ceph: stderr
2026-03-09T00:29:25.257+0000 7fc273242640 1 -- 192.168.123.109:0/3509039085 --> [v2:192.168.123.109:3300/0,v1:192.168.123.109:6789/0] -- mon_command({"prefix": "get_command_descriptions"} v 0) -- 0x7fc234005180 con 0x7fc26c107ec0
2026-03-09T00:29:25.402 INFO:teuthology.orchestra.run.vm09.stdout:/usr/bin/ceph: stderr
2026-03-09T00:29:25.261+0000 7fc261ffb640 1 -- 192.168.123.109:0/3509039085 <== mon.0 v2:192.168.123.109:3300/0 6 ==== mon_command_ack([{"prefix": "get_command_descriptions"}]=0 v0) ==== 72+0+195034 (secure 0 0 0) 0x7fc25c033200 con 0x7fc26c107ec0
2026-03-09T00:29:25.402 INFO:teuthology.orchestra.run.vm09.stdout:/usr/bin/ceph: stderr
