2026-03-09T00:29:15.932 INFO:teuthology.orchestra.run.vm09.stdout:/usr/bin/ceph: stderr
2026-03-09T00:29:14.623+0000 7f835d4b9640 1 -- 192.168.123.109:0/2596035929 --> [v2:192.168.123.109:3300/0,v1:192.168.123.109:6789/0] -- mon_subscribe({config=0+,monmap=0+}) -- 0x7f83581a3450 con 0x7f835807d1d0
2026-03-09T00:29:15.932 INFO:teuthology.orchestra.run.vm09.stdout:/usr/bin/ceph: stderr
2026-03-09T00:29:14.623+0000 7f835d4b9640 1 --2- 192.168.123.109:0/2596035929 >> [v2:192.168.123.109:3300/0,v1:192.168.123.109:6789/0] conn(0x7f835807d1d0 0x7f83581a2f10 secure :-1 s=READY pgs=17 cs=0 l=1 rev1=1 crypto rx=0x7f83400376c0 tx=0x7f83400376f0 comp rx=0 tx=0).ready entity=mon.0 client_cookie=0 server_cookie=0 in_seq=0 out_seq=0
2026-03-09T00:29:15.932 INFO:teuthology.orchestra.run.vm09.stdout:/usr/bin/ceph: stderr
2026-03-09T00:29:14.624+0000 7f834e7fc640 1 -- 192.168.123.109:0/2596035929 <== mon.0 v2:192.168.123.109:3300/0 1 ==== mon_map magic: 0 ==== 205+0+0 (secure 0 0 0) 0x7f8340045070 con 0x7f835807d1d0
2026-03-09T00:29:15.932 INFO:teuthology.orchestra.run.vm09.stdout:/usr/bin/ceph: stderr
2026-03-09T00:29:14.624+0000 7f834e7fc640 1 -- 192.168.123.109:0/2596035929 <== mon.0 v2:192.168.123.109:3300/0 2 ==== config(25 keys) ==== 998+0+0 (secure 0 0 0) 0x7f8340037d00 con 0x7f835807d1d0
2026-03-09T00:29:15.932 INFO:teuthology.orchestra.run.vm09.stdout:/usr/bin/ceph: stderr
2026-03-09T00:29:14.624+0000 7f834e7fc640 1 -- 192.168.123.109:0/2596035929 <== mon.0 v2:192.168.123.109:3300/0 3 ==== mon_map magic: 0 ==== 205+0+0 (secure 0 0 0) 0x7f834003c070 con 0x7f835807d1d0
2026-03-09T00:29:15.932 INFO:teuthology.orchestra.run.vm09.stdout:/usr/bin/ceph: stderr
2026-03-09T00:29:14.624+0000 7f835f744640 1 -- 192.168.123.109:0/2596035929 --> [v2:192.168.123.109:3300/0,v1:192.168.123.109:6789/0] -- mon_subscribe({mgrmap=0+}) -- 0x7f83581a36e0 con 0x7f835807d1d0
2026-03-09T00:29:15.932 INFO:teuthology.orchestra.run.vm09.stdout:/usr/bin/ceph: stderr
2026-03-09T00:29:14.624+0000 7f835f744640 1 -- 192.168.123.109:0/2596035929 --> [v2:192.168.123.109:3300/0,v1:192.168.123.109:6789/0] -- mon_subscribe({osdmap=0}) -- 0x7f83581a63d0 con 0x7f835807d1d0
2026-03-09T00:29:15.932 INFO:teuthology.orchestra.run.vm09.stdout:/usr/bin/ceph: stderr
2026-03-09T00:29:14.624+0000 7f834e7fc640 1 -- 192.168.123.109:0/2596035929 <== mon.0 v2:192.168.123.109:3300/0 4 ==== mgrmap(e 3) ==== 50095+0+0 (secure 0 0 0) 0x7f834004a430 con 0x7f835807d1d0
2026-03-09T00:29:15.932 INFO:teuthology.orchestra.run.vm09.stdout:/usr/bin/ceph: stderr
2026-03-09T00:29:14.625+0000 7f834e7fc640 1 --2- 192.168.123.109:0/2596035929 >> v2:192.168.123.109:6800/770453877 conn(0x7f833403da90 0x7f833403ff50 unknown :-1 s=NONE pgs=0 cs=0 l=1 rev1=0 crypto rx=0 tx=0 comp rx=0 tx=0).connect
2026-03-09T00:29:15.932 INFO:teuthology.orchestra.run.vm09.stdout:/usr/bin/ceph: stderr
2026-03-09T00:29:14.625+0000 7f834e7fc640 1 -- 192.168.123.109:0/2596035929 <== mon.0 v2:192.168.123.109:3300/0 5 ==== osd_map(1..1 src has 1..1) ==== 725+0+0 (secure 0 0 0) 0x7f8340076db0 con 0x7f835807d1d0
2026-03-09T00:29:15.933 INFO:teuthology.orchestra.run.vm09.stdout:/usr/bin/ceph: stderr
2026-03-09T00:29:14.625+0000 7f835ccb8640 1 --2- 192.168.123.109:0/2596035929 >> v2:192.168.123.109:6800/770453877 conn(0x7f833403da90 0x7f833403ff50 unknown :-1 s=BANNER_CONNECTING pgs=0 cs=0 l=1 rev1=0 crypto rx=0 tx=0 comp rx=0 tx=0)._handle_peer_banner_payload supported=3 required=0
2026-03-09T00:29:15.933 INFO:teuthology.orchestra.run.vm09.stdout:/usr/bin/ceph: stderr
2026-03-09T00:29:14.625+0000 7f835f744640 1 -- 192.168.123.109:0/2596035929 --> [v2:192.168.123.109:3300/0,v1:192.168.123.109:6789/0] -- mon_command({"prefix": "get_command_descriptions"} v 0) -- 0x7f8320005180 con 0x7f835807d1d0
2026-03-09T00:29:15.933 INFO:teuthology.orchestra.run.vm09.stdout:/usr/bin/ceph: stderr
2026-03-09T00:29:14.629+0000 7f834e7fc640 1 -- 192.168.123.109:0/2596035929 <== mon.0 v2:192.168.123.109:3300/0 6 ==== mon_command_ack([{"prefix": "get_command_descriptions"}]=0 v0) ==== 72+0+195034 (secure 0 0 0) 0x7f8340033200 con 0x7f835807d1d0
2026-03-09T00:29:15.933 INFO:teuthology.orchestra.run.vm09.stdout:/usr/bin/ceph: stderr
2026-03-09T00:29:14.629+0000 7f835ccb8640 1 --2- 192.168.123.109:0/2596035929 >> v2:192.168.123.109:6800/770453877 conn(0x7f833403da90 0x7f833403ff50 secure :-1 s=READY pgs=6 cs=0 l=1 rev1=1 crypto rx=0x7f83480099c0 tx=0x7f8348006eb0 comp rx=0 tx=0).ready entity=mgr.14100 client_cookie=0 server_cookie=0 in_seq=0 out_seq=0
2026-03-09T00:29:15.933 INFO:teuthology.orchestra.run.vm09.stdout:/usr/bin/ceph: stderr
2026-03-09T00:29:14.773+0000 7f835f744640 1 -- 192.168.123.109:0/2596035929 --> [v2:192.168.123.109:3300/0,v1:192.168.123.109:6789/0] -- mon_command({"prefix": "status", "format": "json-pretty"} v 0) -- 0x7f8320005470 con 0x7f835807d1d0
2026-03-09T00:29:15.933 INFO:teuthology.orchestra.run.vm09.stdout:/usr/bin/ceph: stderr
2026-03-09T00:29:14.775+0000 7f834e7fc640 1 -- 192.168.123.109:0/2596035929 <== mon.0 v2:192.168.123.109:3300/0 7 ==== mon_command_ack([{"prefix": "status", "format": "json-pretty"}]=0 v0) ==== 79+0+1290 (secure 0 0 0) 0x7f8340048c60 con 0x7f835807d1d0
2026-03-09T00:29:15.933 INFO:teuthology.orchestra.run.vm09.stdout:/usr/bin/ceph: stderr
2026-03-09T00:29:14.778+0000 7f835f744640 1 -- 192.168.123.109:0/2596035929 >> v2:192.168.123.109:6800/770453877 conn(0x7f833403da90 msgr2=0x7f833403ff50 secure :-1 s=STATE_CONNECTION_ESTABLISHED l=1).mark_down
2026-03-09T00:29:15.933 INFO:teuthology.orchestra.run.vm09.stdout:/usr/bin/ceph: stderr
2026-03-09T00:29:14.778+0000 7f835f744640 1 --2- 192.168.123.109:0/2596035929 >> v2:192.168.123.109:6800/770453877 conn(0x7f833403da90 0x7f833403ff50 secure :-1 s=READY pgs=6 cs=0 l=1 rev1=1 crypto rx=0x7f83480099c0 tx=0x7f8348006eb0 comp rx=0 tx=0).stop
2026-03-09T00:29:15.933 INFO:teuthology.orchestra.run.vm09.stdout:/usr/bin/ceph: stderr
2026-03-09T00:29:14.778+0000 7f835f744640 1 -- 192.168.123.109:0/2596035929 >> [v2:192.168.123.109:3300/0,v1:192.168.123.109:6789/0] conn(0x7f835807d1d0 msgr2=0x7f83581a2f10 secure :-1 s=STATE_CONNECTION_ESTABLISHED l=1).mark_down
2026-03-09T00:29:15.933 INFO:teuthology.orchestra.run.vm09.stdout:/usr/bin/ceph: stderr
2026-03-09T00:29:14.778+0000 7f835f744640 1 --2- 192.168.123.109:0/2596035929 >> [v2:192.168.123.109:3300/0,v1:192.168.123.109:6789/0] conn(0x7f835807d1d0 0x7f83581a2f10 secure :-1 s=READY pgs=17 cs=0 l=1 rev1=1 crypto rx=0x7f83400376c0 tx=0x7f83400376f0 comp rx=0 tx=0).stop
2026-03-09T00:29:15.933 INFO:teuthology.orchestra.run.vm09.stdout:/usr/bin/ceph: stderr
2026-03-09T00:29:14.779+0000 7f835f744640 1 -- 192.168.123.109:0/2596035929 shutdown_connections
2026-03-09T00:29:15.933 INFO:teuthology.orchestra.run.vm09.stdout:/usr/bin/ceph: stderr
2026-03-09T00:29:14.779+0000 7f835f744640 1 --2- 192.168.123.109:0/2596035929 >> v2:192.168.123.109:6800/770453877 conn(0x7f833403da90 0x7f833403ff50 unknown :-1 s=CLOSED pgs=6 cs=0 l=1 rev1=1 crypto rx=0 tx=0 comp rx=0 tx=0).stop
2026-03-09T00:29:15.933 INFO:teuthology.orchestra.run.vm09.stdout:/usr/bin/ceph: stderr
2026-03-09T00:29:14.779+0000 7f835f744640 1 --2- 192.168.123.109:0/2596035929 >> [v2:192.168.123.109:3300/0,v1:192.168.123.109:6789/0] conn(0x7f835807d1d0 0x7f83581a2f10 unknown :-1 s=CLOSED pgs=17 cs=0 l=1 rev1=1 crypto rx=0 tx=0 comp rx=0 tx=0).stop
2026-03-09T00:29:15.933 INFO:teuthology.orchestra.run.vm09.stdout:/usr/bin/ceph: stderr
2026-03-09T00:29:14.779+0000 7f835f744640 1 -- 192.168.123.109:0/2596035929 >> 192.168.123.109:0/2596035929 conn(0x7f835807c030 msgr2=0x7f8358107370 unknown :-1 s=STATE_NONE l=0).mark_down
2026-03-09T00:29:15.933 INFO:teuthology.orchestra.run.vm09.stdout:/usr/bin/ceph: stderr
2026-03-09T00:29:14.779+0000 7f835f744640 1 -- 192.168.123.109:0/2596035929 shutdown_connections
2026-03-09T00:29:15.933 INFO:teuthology.orchestra.run.vm09.stdout:/usr/bin/ceph: stderr
2026-03-09T00:29:14.779+0000 7f835f744640 1 -- 192.168.123.109:0/2596035929 wait complete.
2026-03-09T00:29:15.933 INFO:teuthology.orchestra.run.vm09.stdout:mgr is available
2026-03-09T00:29:16.162 INFO:journalctl@ceph.mon.a.vm09.stdout:Mar 09 00:29:15 vm09 ceph-mon[49458]: mgrmap e3: y(active, since 1.00794s)
2026-03-09T00:29:16.162 INFO:journalctl@ceph.mon.a.vm09.stdout:Mar 09 00:29:15 vm09 ceph-mon[49458]: from='client.? 192.168.123.109:0/2596035929' entity='client.admin' cmd=[{"prefix": "status", "format": "json-pretty"}]: dispatch
2026-03-09T00:29:16.182 INFO:teuthology.orchestra.run.vm09.stdout:/usr/bin/ceph: stdout
2026-03-09T00:29:16.182 INFO:teuthology.orchestra.run.vm09.stdout:/usr/bin/ceph: stdout [global]
2026-03-09T00:29:16.182 INFO:teuthology.orchestra.run.vm09.stdout:/usr/bin/ceph: stdout fsid = c172d940-1b4e-11f1-be3e-fb1b568ebce1
2026-03-09T00:29:16.182 INFO:teuthology.orchestra.run.vm09.stdout:/usr/bin/ceph: stdout mon_cluster_log_file_level = debug
2026-03-09T00:29:16.182 INFO:teuthology.orchestra.run.vm09.stdout:/usr/bin/ceph: stdout mon_host = [v2:192.168.123.109:3300,v1:192.168.123.109:6789]
2026-03-09T00:29:16.182 INFO:teuthology.orchestra.run.vm09.stdout:/usr/bin/ceph: stdout mon_osd_allow_pg_remap = true
2026-03-09T00:29:16.182 INFO:teuthology.orchestra.run.vm09.stdout:/usr/bin/ceph: stdout mon_osd_allow_primary_affinity = true
2026-03-09T00:29:16.182 INFO:teuthology.orchestra.run.vm09.stdout:/usr/bin/ceph: stdout mon_warn_on_no_sortbitwise = false
2026-03-09T00:29:16.182 INFO:teuthology.orchestra.run.vm09.stdout:/usr/bin/ceph: stdout osd_crush_chooseleaf_type = 0
2026-03-09T00:29:16.182 INFO:teuthology.orchestra.run.vm09.stdout:/usr/bin/ceph: stdout
2026-03-09T00:29:16.182 INFO:teuthology.orchestra.run.vm09.stdout:/usr/bin/ceph: stdout [mgr]
2026-03-09T00:29:16.182 INFO:teuthology.orchestra.run.vm09.stdout:/usr/bin/ceph: stdout mgr/telemetry/nag = false
2026-03-09T00:29:16.182 INFO:teuthology.orchestra.run.vm09.stdout:/usr/bin/ceph: stdout
2026-03-09T00:29:16.182 INFO:teuthology.orchestra.run.vm09.stdout:/usr/bin/ceph: stdout [osd]
2026-03-09T00:29:16.182 INFO:teuthology.orchestra.run.vm09.stdout:/usr/bin/ceph: stdout osd_map_max_advance = 10
2026-03-09T00:29:16.182 INFO:teuthology.orchestra.run.vm09.stdout:/usr/bin/ceph: stdout osd_sloppy_crc = true
2026-03-09T00:29:16.182 INFO:teuthology.orchestra.run.vm09.stdout:/usr/bin/ceph: stderr
2026-03-09T00:29:16.048+0000 7f3d81003640 1 Processor -- start
2026-03-09T00:29:16.182 INFO:teuthology.orchestra.run.vm09.stdout:/usr/bin/ceph: stderr
2026-03-09T00:29:16.048+0000 7f3d81003640 1 -- start start
2026-03-09T00:29:16.182 INFO:teuthology.orchestra.run.vm09.stdout:/usr/bin/ceph: stderr
2026-03-09T00:29:16.048+0000 7f3d81003640 1 --2- >> [v2:192.168.123.109:3300/0,v1:192.168.123.109:6789/0] conn(0x7f3d7c104710 0x7f3d7c104b10 unknown :-1 s=NONE pgs=0 cs=0 l=0 rev1=0 crypto rx=0 tx=0 comp rx=0 tx=0).connect
2026-03-09T00:29:16.182 INFO:teuthology.orchestra.run.vm09.stdout:/usr/bin/ceph: stderr
2026-03-09T00:29:16.048+0000 7f3d81003640 1 -- --> [v2:192.168.123.109:3300/0,v1:192.168.123.109:6789/0] -- mon_getmap magic: 0 -- 0x7f3d7c1050e0 con 0x7f3d7c104710
2026-03-09T00:29:16.182 INFO:teuthology.orchestra.run.vm09.stdout:/usr/bin/ceph: stderr
2026-03-09T00:29:16.049+0000 7f3d7ad76640 1 --2- >> [v2:192.168.123.109:3300/0,v1:192.168.123.109:6789/0] conn(0x7f3d7c104710 0x7f3d7c104b10 unknown :-1 s=BANNER_CONNECTING pgs=0 cs=0 l=0 rev1=0 crypto rx=0 tx=0 comp rx=0 tx=0)._handle_peer_banner_payload supported=3 required=0
2026-03-09T00:29:16.182 INFO:teuthology.orchestra.run.vm09.stdout:/usr/bin/ceph: stderr
2026-03-09T00:29:16.049+0000 7f3d7ad76640 1 --2- >> [v2:192.168.123.109:3300/0,v1:192.168.123.109:6789/0] conn(0x7f3d7c104710 0x7f3d7c104b10 unknown :-1 s=HELLO_CONNECTING pgs=0 cs=0 l=0 rev1=1 crypto rx=0 tx=0 comp rx=0 tx=0).handle_hello peer v2:192.168.123.109:3300/0 says I am v2:192.168.123.109:59150/0 (socket says 192.168.123.109:59150)
2026-03-09T00:29:16.182 INFO:teuthology.orchestra.run.vm09.stdout:/usr/bin/ceph: stderr
2026-03-09T00:29:16.049+0000 7f3d7ad76640 1 -- 192.168.123.109:0/1084362093 learned_addr learned my addr 192.168.123.109:0/1084362093 (peer_addr_for_me v2:192.168.123.109:0/0)
2026-03-09T00:29:16.182 INFO:teuthology.orchestra.run.vm09.stdout:/usr/bin/ceph: stderr
2026-03-09T00:29:16.049+0000 7f3d7ad76640 1 -- 192.168.123.109:0/1084362093 --> [v2:192.168.123.109:3300/0,v1:192.168.123.109:6789/0] -- mon_subscribe({config=0+,monmap=0+}) -- 0x7f3d7c1058a0 con 0x7f3d7c104710
2026-03-09T00:29:16.182 INFO:teuthology.orchestra.run.vm09.stdout:/usr/bin/ceph: stderr
2026-03-09T00:29:16.050+0000 7f3d7ad76640 1 --2- 192.168.123.109:0/1084362093 >> [v2:192.168.123.109:3300/0,v1:192.168.123.109:6789/0] conn(0x7f3d7c104710 0x7f3d7c104b10 secure :-1 s=READY pgs=18 cs=0 l=1 rev1=1 crypto rx=0x7f3d64009b80 tx=0x7f3d6402f190 comp rx=0 tx=0).ready entity=mon.0 client_cookie=79b771010ddbf262 server_cookie=0 in_seq=0 out_seq=0
2026-03-09T00:29:16.182 INFO:teuthology.orchestra.run.vm09.stdout:/usr/bin/ceph: stderr
2026-03-09T00:29:16.050+0000 7f3d79d74640 1 -- 192.168.123.109:0/1084362093 <== mon.0 v2:192.168.123.109:3300/0 1 ==== mon_map magic: 0 ==== 205+0+0 (secure 0 0 0) 0x7f3d6403c070 con 0x7f3d7c104710
2026-03-09T00:29:16.182 INFO:teuthology.orchestra.run.vm09.stdout:/usr/bin/ceph: stderr
2026-03-09T00:29:16.050+0000 7f3d79d74640 1 -- 192.168.123.109:0/1084362093 <== mon.0 v2:192.168.123.109:3300/0 2 ==== config(25 keys) ==== 998+0+0 (secure 0 0 0) 0x7f3d64037440 con 0x7f3d7c104710
2026-03-09T00:29:16.182 INFO:teuthology.orchestra.run.vm09.stdout:/usr/bin/ceph: stderr
2026-03-09T00:29:16.050+0000 7f3d81003640 1 -- 192.168.123.109:0/1084362093 >> [v2:192.168.123.109:3300/0,v1:192.168.123.109:6789/0] conn(0x7f3d7c104710 msgr2=0x7f3d7c104b10 secure :-1 s=STATE_CONNECTION_ESTABLISHED l=1).mark_down
2026-03-09T00:29:16.182 INFO:teuthology.orchestra.run.vm09.stdout:/usr/bin/ceph: stderr
2026-03-09T00:29:16.050+0000 7f3d81003640 1 --2- 192.168.123.109:0/1084362093 >> [v2:192.168.123.109:3300/0,v1:192.168.123.109:6789/0] conn(0x7f3d7c104710 0x7f3d7c104b10 secure :-1 s=READY pgs=18 cs=0 l=1 rev1=1 crypto rx=0x7f3d64009b80 tx=0x7f3d6402f190 comp rx=0 tx=0).stop
2026-03-09T00:29:16.182 INFO:teuthology.orchestra.run.vm09.stdout:/usr/bin/ceph: stderr
2026-03-09T00:29:16.050+0000 7f3d81003640 1 -- 192.168.123.109:0/1084362093 shutdown_connections
2026-03-09T00:29:16.182 INFO:teuthology.orchestra.run.vm09.stdout:/usr/bin/ceph: stderr
2026-03-09T00:29:16.050+0000 7f3d81003640 1 --2- 192.168.123.109:0/1084362093 >> [v2:192.168.123.109:3300/0,v1:192.168.123.109:6789/0] conn(0x7f3d7c104710 0x7f3d7c104b10 unknown :-1 s=CLOSED pgs=18 cs=0 l=1 rev1=1 crypto rx=0 tx=0 comp rx=0 tx=0).stop
2026-03-09T00:29:16.182 INFO:teuthology.orchestra.run.vm09.stdout:/usr/bin/ceph: stderr
2026-03-09T00:29:16.050+0000 7f3d81003640 1 -- 192.168.123.109:0/1084362093 >> 192.168.123.109:0/1084362093 conn(0x7f3d7c100250 msgr2=0x7f3d7c1026b0 unknown :-1 s=STATE_NONE l=0).mark_down
2026-03-09T00:29:16.182 INFO:teuthology.orchestra.run.vm09.stdout:/usr/bin/ceph: stderr
2026-03-09T00:29:16.050+0000 7f3d81003640 1 -- 192.168.123.109:0/1084362093 shutdown_connections
2026-03-09T00:29:16.182 INFO:teuthology.orchestra.run.vm09.stdout:/usr/bin/ceph: stderr
2026-03-09T00:29:16.051+0000 7f3d81003640 1 -- 192.168.123.109:0/1084362093 wait complete.
2026-03-09T00:29:16.182 INFO:teuthology.orchestra.run.vm09.stdout:/usr/bin/ceph: stderr
2026-03-09T00:29:16.051+0000 7f3d81003640 1 Processor -- start
2026-03-09T00:29:16.182 INFO:teuthology.orchestra.run.vm09.stdout:/usr/bin/ceph: stderr
2026-03-09T00:29:16.051+0000 7f3d81003640 1 -- start start
2026-03-09T00:29:16.182 INFO:teuthology.orchestra.run.vm09.stdout:/usr/bin/ceph: stderr
2026-03-09T00:29:16.051+0000 7f3d81003640 1 --2- >> [v2:192.168.123.109:3300/0,v1:192.168.123.109:6789/0] conn(0x7f3d7c104710 0x7f3d7c1a2fd0 unknown :-1 s=NONE pgs=0 cs=0 l=1 rev1=0 crypto rx=0 tx=0 comp rx=0 tx=0).connect
2026-03-09T00:29:16.182 INFO:teuthology.orchestra.run.vm09.stdout:/usr/bin/ceph: stderr
2026-03-09T00:29:16.051+0000 7f3d81003640 1 -- --> [v2:192.168.123.109:3300/0,v1:192.168.123.109:6789/0] -- mon_getmap magic: 0 -- 0x7f3d7c108af0 con 0x7f3d7c104710
2026-03-09T00:29:16.182 INFO:teuthology.orchestra.run.vm09.stdout:/usr/bin/ceph: stderr
2026-03-09T00:29:16.051+0000 7f3d7ad76640 1 --2- >> [v2:192.168.123.109:3300/0,v1:192.168.123.109:6789/0] conn(0x7f3d7c104710 0x7f3d7c1a2fd0 unknown :-1 s=BANNER_CONNECTING pgs=0 cs=0 l=1 rev1=0 crypto rx=0 tx=0 comp rx=0 tx=0)._handle_peer_banner_payload supported=3 required=0
2026-03-09T00:29:16.182 INFO:teuthology.orchestra.run.vm09.stdout:/usr/bin/ceph: stderr
2026-03-09T00:29:16.051+0000 7f3d7ad76640 1 --2- >> [v2:192.168.123.109:3300/0,v1:192.168.123.109:6789/0] conn(0x7f3d7c104710 0x7f3d7c1a2fd0 unknown :-1 s=HELLO_CONNECTING pgs=0 cs=0 l=1 rev1=1 crypto rx=0 tx=0 comp rx=0 tx=0).handle_hello peer v2:192.168.123.109:3300/0 says I am v2:192.168.123.109:59164/0 (socket says 192.168.123.109:59164)
2026-03-09T00:29:16.182 INFO:teuthology.orchestra.run.vm09.stdout:/usr/bin/ceph: stderr
2026-03-09T00:29:16.051+0000 7f3d7ad76640 1 -- 192.168.123.109:0/265673053 learned_addr learned my addr 192.168.123.109:0/265673053 (peer_addr_for_me v2:192.168.123.109:0/0)
2026-03-09T00:29:16.182 INFO:teuthology.orchestra.run.vm09.stdout:/usr/bin/ceph: stderr
2026-03-09T00:29:16.052+0000 7f3d7ad76640 1 -- 192.168.123.109:0/265673053 --> [v2:192.168.123.109:3300/0,v1:192.168.123.109:6789/0] -- mon_subscribe({config=0+,monmap=0+}) -- 0x7f3d7c1a3510 con 0x7f3d7c104710
2026-03-09T00:29:16.182 INFO:teuthology.orchestra.run.vm09.stdout:/usr/bin/ceph: stderr
2026-03-09T00:29:16.052+0000 7f3d7ad76640 1 --2- 192.168.123.109:0/265673053 >> [v2:192.168.123.109:3300/0,v1:192.168.123.109:6789/0] conn(0x7f3d7c104710 0x7f3d7c1a2fd0 secure :-1 s=READY pgs=19 cs=0 l=1 rev1=1 crypto rx=0x7f3d6402f740 tx=0x7f3d640039b0 comp rx=0 tx=0).ready entity=mon.0 client_cookie=0 server_cookie=0 in_seq=0 out_seq=0
2026-03-09T00:29:16.182 INFO:teuthology.orchestra.run.vm09.stdout:/usr/bin/ceph: stderr
2026-03-09T00:29:16.052+0000 7f3d5bfff640 1 -- 192.168.123.109:0/265673053 <== mon.0 v2:192.168.123.109:3300/0 1 ==== mon_map magic: 0 ==== 205+0+0 (secure 0 0 0) 0x7f3d6403c040 con 0x7f3d7c104710
2026-03-09T00:29:16.182 INFO:teuthology.orchestra.run.vm09.stdout:/usr/bin/ceph: stderr
2026-03-09T00:29:16.052+0000 7f3d5bfff640 1 -- 192.168.123.109:0/265673053 <== mon.0 v2:192.168.123.109:3300/0 2 ==== config(25 keys) ==== 998+0+0 (secure 0 0 0) 0x7f3d64003c40 con 0x7f3d7c104710
2026-03-09T00:29:16.182 INFO:teuthology.orchestra.run.vm09.stdout:/usr/bin/ceph: stderr
2026-03-09T00:29:16.052+0000 7f3d5bfff640 1 -- 192.168.123.109:0/265673053 <== mon.0 v2:192.168.123.109:3300/0 3 ==== mon_map magic: 0 ==== 205+0+0 (secure 0 0 0) 0x7f3d64035db0 con 0x7f3d7c104710
2026-03-09T00:29:16.183 INFO:teuthology.orchestra.run.vm09.stdout:/usr/bin/ceph: stderr
2026-03-09T00:29:16.053+0000 7f3d81003640 1 -- 192.168.123.109:0/265673053 --> [v2:192.168.123.109:3300/0,v1:192.168.123.109:6789/0] -- mon_subscribe({mgrmap=0+}) -- 0x7f3d7c1a37a0 con 0x7f3d7c104710
2026-03-09T00:29:16.183 INFO:teuthology.orchestra.run.vm09.stdout:/usr/bin/ceph: stderr
2026-03-09T00:29:16.053+0000 7f3d81003640 1 -- 192.168.123.109:0/265673053 --> [v2:192.168.123.109:3300/0,v1:192.168.123.109:6789/0] -- mon_subscribe({osdmap=0}) -- 0x7f3d7c1a6490 con 0x7f3d7c104710
2026-03-09T00:29:16.183 INFO:teuthology.orchestra.run.vm09.stdout:/usr/bin/ceph: stderr
2026-03-09T00:29:16.053+0000 7f3d5bfff640 1 -- 192.168.123.109:0/265673053 <== mon.0 v2:192.168.123.109:3300/0 4 ==== mgrmap(e 4) ==== 50201+0+0 (secure 0 0 0) 0x7f3d6402fa10 con 0x7f3d7c104710
2026-03-09T00:29:16.183 INFO:teuthology.orchestra.run.vm09.stdout:/usr/bin/ceph: stderr
2026-03-09T00:29:16.054+0000 7f3d5bfff640 1 --2- 192.168.123.109:0/265673053 >> v2:192.168.123.109:6800/770453877 conn(0x7f3d5403d7a0 0x7f3d5403fc60 unknown :-1 s=NONE pgs=0 cs=0 l=1 rev1=0 crypto rx=0 tx=0 comp rx=0 tx=0).connect
2026-03-09T00:29:16.183 INFO:teuthology.orchestra.run.vm09.stdout:/usr/bin/ceph: stderr
2026-03-09T00:29:16.054+0000 7f3d5bfff640 1 -- 192.168.123.109:0/265673053 <== mon.0 v2:192.168.123.109:3300/0 5 ==== osd_map(1..1 src has 1..1) ==== 725+0+0 (secure 0 0 0) 0x7f3d64076900 con 0x7f3d7c104710
2026-03-09T00:29:16.183 INFO:teuthology.orchestra.run.vm09.stdout:/usr/bin/ceph: stderr
2026-03-09T00:29:16.054+0000 7f3d7a575640 1 --2- 192.168.123.109:0/265673053 >> v2:192.168.123.109:6800/770453877 conn(0x7f3d5403d7a0 0x7f3d5403fc60 unknown :-1 s=BANNER_CONNECTING pgs=0 cs=0 l=1 rev1=0 crypto rx=0 tx=0 comp rx=0 tx=0)._handle_peer_banner_payload supported=3 required=0
2026-03-09T00:29:16.183 INFO:teuthology.orchestra.run.vm09.stdout:/usr/bin/ceph: stderr
2026-03-09T00:29:16.054+0000 7f3d81003640 1 -- 192.168.123.109:0/265673053 --> [v2:192.168.123.109:3300/0,v1:192.168.123.109:6789/0] -- mon_command({"prefix": "get_command_descriptions"} v 0) -- 0x7f3d7c104b10 con 0x7f3d7c104710
2026-03-09T00:29:16.183 INFO:teuthology.orchestra.run.vm09.stdout:/usr/bin/ceph: stderr
2026-03-09T00:29:16.054+0000 7f3d7a575640 1 --2- 192.168.123.109:0/265673053 >> v2:192.168.123.109:6800/770453877 conn(0x7f3d5403d7a0 0x7f3d5403fc60 secure :-1 s=READY pgs=7 cs=0 l=1 rev1=1 crypto rx=0x7f3d700099c0 tx=0x7f3d70006eb0 comp rx=0 tx=0).ready entity=mgr.14100 client_cookie=0 server_cookie=0 in_seq=0 out_seq=0
2026-03-09T00:29:16.183 INFO:teuthology.orchestra.run.vm09.stdout:/usr/bin/ceph: stderr
2026-03-09T00:29:16.057+0000 7f3d5bfff640 1 -- 192.168.123.109:0/265673053 <== mon.0 v2:192.168.123.109:3300/0 6 ==== mon_command_ack([{"prefix": "get_command_descriptions"}]=0 v0) ==== 72+0+195034 (secure 0 0 0) 0x7f3d6403e2e0 con 0x7f3d7c104710
2026-03-09T00:29:16.183 INFO:teuthology.orchestra.run.vm09.stdout:/usr/bin/ceph: stderr
2026-03-09T00:29:16.150+0000 7f3d81003640 1 -- 192.168.123.109:0/265673053 --> [v2:192.168.123.109:3300/0,v1:192.168.123.109:6789/0] -- mon_command({"prefix": "config assimilate-conf"} v 0) -- 0x7f3d7c1a7880 con 0x7f3d7c104710
2026-03-09T00:29:16.183 INFO:teuthology.orchestra.run.vm09.stdout:/usr/bin/ceph: stderr
2026-03-09T00:29:16.151+0000 7f3d5bfff640 1 -- 192.168.123.109:0/265673053 <== mon.0 v2:192.168.123.109:3300/0 7 ==== mon_command_ack([{"prefix": "config assimilate-conf"}]=0 v3) ==== 70+0+380 (secure 0 0 0) 0x7f3d64036e00 con 0x7f3d7c104710
2026-03-09T00:29:16.183 INFO:teuthology.orchestra.run.vm09.stdout:/usr/bin/ceph: stderr
2026-03-09T00:29:16.154+0000 7f3d81003640 1 -- 192.168.123.109:0/265673053 >> v2:192.168.123.109:6800/770453877 conn(0x7f3d5403d7a0 msgr2=0x7f3d5403fc60 secure :-1 s=STATE_CONNECTION_ESTABLISHED l=1).mark_down
2026-03-09T00:29:16.183 INFO:teuthology.orchestra.run.vm09.stdout:/usr/bin/ceph: stderr
2026-03-09T00:29:16.154+0000 7f3d81003640 1 --2- 192.168.123.109:0/265673053 >> v2:192.168.123.109:6800/770453877 conn(0x7f3d5403d7a0 0x7f3d5403fc60 secure :-1 s=READY pgs=7 cs=0 l=1 rev1=1 crypto rx=0x7f3d700099c0 tx=0x7f3d70006eb0 comp rx=0 tx=0).stop
2026-03-09T00:29:16.183 INFO:teuthology.orchestra.run.vm09.stdout:/usr/bin/ceph: stderr
2026-03-09T00:29:16.154+0000 7f3d81003640 1 -- 192.168.123.109:0/265673053 >> [v2:192.168.123.109:3300/0,v1:192.168.123.109:6789/0] conn(0x7f3d7c104710 msgr2=0x7f3d7c1a2fd0 secure :-1 s=STATE_CONNECTION_ESTABLISHED l=1).mark_down
2026-03-09T00:29:16.183 INFO:teuthology.orchestra.run.vm09.stdout:/usr/bin/ceph: stderr
2026-03-09T00:29:16.154+0000 7f3d81003640 1 --2- 192.168.123.109:0/265673053 >> [v2:192.168.123.109:3300/0,v1:192.168.123.109:6789/0] conn(0x7f3d7c104710 0x7f3d7c1a2fd0 secure :-1 s=READY pgs=19 cs=0 l=1 rev1=1 crypto rx=0x7f3d6402f740 tx=0x7f3d640039b0 comp rx=0 tx=0).stop
2026-03-09T00:29:16.183 INFO:teuthology.orchestra.run.vm09.stdout:/usr/bin/ceph: stderr
2026-03-09T00:29:16.154+0000 7f3d81003640 1 -- 192.168.123.109:0/265673053 shutdown_connections
2026-03-09T00:29:16.183 INFO:teuthology.orchestra.run.vm09.stdout:/usr/bin/ceph: stderr
2026-03-09T00:29:16.154+0000 7f3d81003640 1 --2- 192.168.123.109:0/265673053 >> v2:192.168.123.109:6800/770453877 conn(0x7f3d5403d7a0 0x7f3d5403fc60 unknown :-1 s=CLOSED pgs=7 cs=0 l=1 rev1=1 crypto rx=0 tx=0 comp rx=0 tx=0).stop
2026-03-09T00:29:16.183 INFO:teuthology.orchestra.run.vm09.stdout:/usr/bin/ceph: stderr
2026-03-09T00:29:16.154+0000 7f3d81003640 1 --2- 192.168.123.109:0/265673053 >> [v2:192.168.123.109:3300/0,v1:192.168.123.109:6789/0] conn(0x7f3d7c104710 0x7f3d7c1a2fd0 unknown :-1 s=CLOSED pgs=19 cs=0 l=1 rev1=1 crypto rx=0 tx=0 comp rx=0 tx=0).stop
2026-03-09T00:29:16.183 INFO:teuthology.orchestra.run.vm09.stdout:/usr/bin/ceph: stderr
2026-03-09T00:29:16.154+0000 7f3d81003640 1 -- 192.168.123.109:0/265673053 >> 192.168.123.109:0/265673053 conn(0x7f3d7c100250 msgr2=0x7f3d7c100db0 unknown :-1 s=STATE_NONE l=0).mark_down
2026-03-09T00:29:16.183 INFO:teuthology.orchestra.run.vm09.stdout:/usr/bin/ceph: stderr
2026-03-09T00:29:16.154+0000 7f3d81003640 1 -- 192.168.123.109:0/265673053 shutdown_connections
2026-03-09T00:29:16.183 INFO:teuthology.orchestra.run.vm09.stdout:/usr/bin/ceph: stderr
2026-03-09T00:29:16.154+0000 7f3d81003640 1 -- 192.168.123.109:0/265673053 wait complete.
2026-03-09T00:29:16.183 INFO:teuthology.orchestra.run.vm09.stdout:Enabling cephadm module...
2026-03-09T00:29:16.961 INFO:teuthology.orchestra.run.vm09.stdout:/usr/bin/ceph: stderr
2026-03-09T00:29:16.306+0000 7f3143577640 1 Processor -- start
2026-03-09T00:29:16.961 INFO:teuthology.orchestra.run.vm09.stdout:/usr/bin/ceph: stderr
2026-03-09T00:29:16.306+0000 7f3143577640 1 -- start start
2026-03-09T00:29:16.961 INFO:teuthology.orchestra.run.vm09.stdout:/usr/bin/ceph: stderr
2026-03-09T00:29:16.306+0000 7f3143577640 1 --2- >> [v2:192.168.123.109:3300/0,v1:192.168.123.109:6789/0] conn(0x7f314407d1a0 0x7f314407d5a0 unknown :-1 s=NONE pgs=0 cs=0 l=0 rev1=0 crypto rx=0 tx=0 comp rx=0 tx=0).connect
2026-03-09T00:29:16.961 INFO:teuthology.orchestra.run.vm09.stdout:/usr/bin/ceph: stderr
2026-03-09T00:29:16.306+0000 7f3143577640 1 -- --> [v2:192.168.123.109:3300/0,v1:192.168.123.109:6789/0] -- mon_getmap magic: 0 -- 0x7f314407db70 con 0x7f314407d1a0
2026-03-09T00:29:16.961 INFO:teuthology.orchestra.run.vm09.stdout:/usr/bin/ceph: stderr
2026-03-09T00:29:16.307+0000 7f3142575640 1 --2- >> [v2:192.168.123.109:3300/0,v1:192.168.123.109:6789/0] conn(0x7f314407d1a0 0x7f314407d5a0 unknown :-1 s=BANNER_CONNECTING pgs=0 cs=0 l=0 rev1=0 crypto rx=0 tx=0 comp rx=0 tx=0)._handle_peer_banner_payload supported=3 required=0
2026-03-09T00:29:16.961 INFO:teuthology.orchestra.run.vm09.stdout:/usr/bin/ceph: stderr
2026-03-09T00:29:16.307+0000 7f3142575640 1 --2- >> [v2:192.168.123.109:3300/0,v1:192.168.123.109:6789/0] conn(0x7f314407d1a0 0x7f314407d5a0 unknown :-1 s=HELLO_CONNECTING pgs=0 cs=0 l=0 rev1=1 crypto rx=0 tx=0 comp rx=0 tx=0).handle_hello peer v2:192.168.123.109:3300/0 says I am v2:192.168.123.109:59172/0 (socket says 192.168.123.109:59172)
2026-03-09T00:29:16.961 INFO:teuthology.orchestra.run.vm09.stdout:/usr/bin/ceph: stderr
2026-03-09T00:29:16.307+0000 7f3142575640 1 -- 192.168.123.109:0/909271631 learned_addr learned my addr 192.168.123.109:0/909271631 (peer_addr_for_me v2:192.168.123.109:0/0)
2026-03-09T00:29:16.961 INFO:teuthology.orchestra.run.vm09.stdout:/usr/bin/ceph: stderr
2026-03-09T00:29:16.307+0000 7f3142575640 1 -- 192.168.123.109:0/909271631 --> [v2:192.168.123.109:3300/0,v1:192.168.123.109:6789/0] -- mon_subscribe({config=0+,monmap=0+}) -- 0x7f314407e3f0 con 0x7f314407d1a0
2026-03-09T00:29:16.961 INFO:teuthology.orchestra.run.vm09.stdout:/usr/bin/ceph: stderr
2026-03-09T00:29:16.308+0000 7f3142575640 1 --2- 192.168.123.109:0/909271631 >> [v2:192.168.123.109:3300/0,v1:192.168.123.109:6789/0] conn(0x7f314407d1a0 0x7f314407d5a0 secure :-1 s=READY pgs=20 cs=0 l=1 rev1=1 crypto rx=0x7f312c009b80 tx=0x7f312c02f190 comp rx=0 tx=0).ready entity=mon.0 client_cookie=e7f436898483e04f server_cookie=0 in_seq=0 out_seq=0
2026-03-09T00:29:16.961 INFO:teuthology.orchestra.run.vm09.stdout:/usr/bin/ceph: stderr
2026-03-09T00:29:16.308+0000 7f3141573640 1 -- 192.168.123.109:0/909271631 <== mon.0 v2:192.168.123.109:3300/0 1 ==== mon_map magic: 0 ==== 205+0+0 (secure 0 0 0) 0x7f312c03c070 con 0x7f314407d1a0
2026-03-09T00:29:16.961 INFO:teuthology.orchestra.run.vm09.stdout:/usr/bin/ceph: stderr
2026-03-09T00:29:16.308+0000 7f3141573640 1 -- 192.168.123.109:0/909271631 <== mon.0 v2:192.168.123.109:3300/0 2 ==== config(25 keys) ==== 998+0+0 (secure 0 0 0) 0x7f312c037440 con 0x7f314407d1a0
2026-03-09T00:29:16.961 INFO:teuthology.orchestra.run.vm09.stdout:/usr/bin/ceph: stderr
2026-03-09T00:29:16.308+0000 7f3141573640 1 -- 192.168.123.109:0/909271631 <== mon.0 v2:192.168.123.109:3300/0 3 ==== mon_map magic: 0 ==== 205+0+0 (secure 0 0 0) 0x7f312c0353a0 con 0x7f314407d1a0
2026-03-09T00:29:16.961 INFO:teuthology.orchestra.run.vm09.stdout:/usr/bin/ceph: stderr
2026-03-09T00:29:16.309+0000 7f3143577640 1 -- 192.168.123.109:0/909271631 >> [v2:192.168.123.109:3300/0,v1:192.168.123.109:6789/0] conn(0x7f314407d1a0 msgr2=0x7f314407d5a0 secure :-1 s=STATE_CONNECTION_ESTABLISHED l=1).mark_down
2026-03-09T00:29:16.961 INFO:teuthology.orchestra.run.vm09.stdout:/usr/bin/ceph: stderr
2026-03-09T00:29:16.309+0000 7f3143577640 1 --2- 192.168.123.109:0/909271631 >> [v2:192.168.123.109:3300/0,v1:192.168.123.109:6789/0] conn(0x7f314407d1a0 0x7f314407d5a0 secure :-1 s=READY pgs=20 cs=0 l=1 rev1=1 crypto rx=0x7f312c009b80 tx=0x7f312c02f190 comp rx=0 tx=0).stop
2026-03-09T00:29:16.961 INFO:teuthology.orchestra.run.vm09.stdout:/usr/bin/ceph: stderr
2026-03-09T00:29:16.309+0000 7f3143577640 1 -- 192.168.123.109:0/909271631 shutdown_connections
2026-03-09T00:29:16.961 INFO:teuthology.orchestra.run.vm09.stdout:/usr/bin/ceph: stderr
2026-03-09T00:29:16.309+0000 7f3143577640 1 --2- 192.168.123.109:0/909271631 >> [v2:192.168.123.109:3300/0,v1:192.168.123.109:6789/0] conn(0x7f314407d1a0 0x7f314407d5a0 unknown :-1 s=CLOSED pgs=20 cs=0 l=1 rev1=1 crypto rx=0 tx=0 comp rx=0 tx=0).stop
2026-03-09T00:29:16.961 INFO:teuthology.orchestra.run.vm09.stdout:/usr/bin/ceph: stderr
2026-03-09T00:29:16.309+0000 7f3143577640 1 -- 192.168.123.109:0/909271631 >> 192.168.123.109:0/909271631 conn(0x7f314407beb0 msgr2=0x7f314407c2c0 unknown :-1 s=STATE_NONE l=0).mark_down
2026-03-09T00:29:16.961 INFO:teuthology.orchestra.run.vm09.stdout:/usr/bin/ceph: stderr
2026-03-09T00:29:16.309+0000 7f3143577640 1 -- 192.168.123.109:0/909271631 shutdown_connections
2026-03-09T00:29:16.961 INFO:teuthology.orchestra.run.vm09.stdout:/usr/bin/ceph: stderr
2026-03-09T00:29:16.309+0000 7f3143577640 1 -- 192.168.123.109:0/909271631 wait complete.
2026-03-09T00:29:16.961 INFO:teuthology.orchestra.run.vm09.stdout:/usr/bin/ceph: stderr
2026-03-09T00:29:16.310+0000 7f3143577640 1 Processor -- start
2026-03-09T00:29:16.961 INFO:teuthology.orchestra.run.vm09.stdout:/usr/bin/ceph: stderr
2026-03-09T00:29:16.310+0000 7f3143577640 1 -- start start
2026-03-09T00:29:16.961 INFO:teuthology.orchestra.run.vm09.stdout:/usr/bin/ceph: stderr
2026-03-09T00:29:16.310+0000 7f3143577640 1 --2- >> [v2:192.168.123.109:3300/0,v1:192.168.123.109:6789/0] conn(0x7f314407d1a0 0x7f31441a2c20 unknown :-1 s=NONE pgs=0 cs=0 l=1 rev1=0 crypto rx=0 tx=0 comp rx=0 tx=0).connect
2026-03-09T00:29:16.961 INFO:teuthology.orchestra.run.vm09.stdout:/usr/bin/ceph: stderr
2026-03-09T00:29:16.310+0000 7f3143577640 1 -- --> [v2:192.168.123.109:3300/0,v1:192.168.123.109:6789/0] -- mon_getmap magic: 0 -- 0x7f314407f630 con 0x7f314407d1a0
2026-03-09T00:29:16.961 INFO:teuthology.orchestra.run.vm09.stdout:/usr/bin/ceph: stderr
2026-03-09T00:29:16.310+0000 7f3142575640 1 --2- >> [v2:192.168.123.109:3300/0,v1:192.168.123.109:6789/0] conn(0x7f314407d1a0 0x7f31441a2c20 unknown :-1 s=BANNER_CONNECTING pgs=0 cs=0 l=1 rev1=0 crypto rx=0 tx=0 comp rx=0 tx=0)._handle_peer_banner_payload supported=3 required=0
2026-03-09T00:29:16.961 INFO:teuthology.orchestra.run.vm09.stdout:/usr/bin/ceph: stderr
2026-03-09T00:29:16.310+0000 7f3142575640 1 --2- >> [v2:192.168.123.109:3300/0,v1:192.168.123.109:6789/0] conn(0x7f314407d1a0 0x7f31441a2c20 unknown :-1 s=HELLO_CONNECTING pgs=0 cs=0 l=1 rev1=1 crypto rx=0 tx=0 comp rx=0 tx=0).handle_hello peer v2:192.168.123.109:3300/0 says I am v2:192.168.123.109:59182/0 (socket says 192.168.123.109:59182)
2026-03-09T00:29:16.961 INFO:teuthology.orchestra.run.vm09.stdout:/usr/bin/ceph: stderr
2026-03-09T00:29:16.310+0000 7f3142575640 1 -- 192.168.123.109:0/2514545362 learned_addr learned my addr 192.168.123.109:0/2514545362 (peer_addr_for_me v2:192.168.123.109:0/0)
2026-03-09T00:29:16.961 INFO:teuthology.orchestra.run.vm09.stdout:/usr/bin/ceph: stderr
2026-03-09T00:29:16.310+0000 7f3142575640 1 -- 192.168.123.109:0/2514545362 --> [v2:192.168.123.109:3300/0,v1:192.168.123.109:6789/0] -- mon_subscribe({config=0+,monmap=0+}) -- 0x7f31441a3160 con 0x7f314407d1a0
2026-03-09T00:29:16.961 INFO:teuthology.orchestra.run.vm09.stdout:/usr/bin/ceph: stderr
2026-03-09T00:29:16.311+0000 7f3142575640 1 --2- 192.168.123.109:0/2514545362 >> [v2:192.168.123.109:3300/0,v1:192.168.123.109:6789/0] conn(0x7f314407d1a0 0x7f31441a2c20 secure :-1 s=READY pgs=21 cs=0 l=1 rev1=1 crypto rx=0x7f312c0356a0 tx=0x7f312c0356d0 comp rx=0 tx=0).ready entity=mon.0 client_cookie=0 server_cookie=0 in_seq=0 out_seq=0
2026-03-09T00:29:16.961 INFO:teuthology.orchestra.run.vm09.stdout:/usr/bin/ceph: stderr
2026-03-09T00:29:16.311+0000 7f31337fe640 1 -- 192.168.123.109:0/2514545362 <== mon.0 v2:192.168.123.109:3300/0 1 ==== mon_map magic: 0 ==== 205+0+0 (secure 0 0 0) 0x7f312c047070 con 0x7f314407d1a0
2026-03-09T00:29:16.961 INFO:teuthology.orchestra.run.vm09.stdout:/usr/bin/ceph: stderr
2026-03-09T00:29:16.311+0000 7f31337fe640 1 -- 192.168.123.109:0/2514545362 <== mon.0 v2:192.168.123.109:3300/0 2 ==== config(25 keys) ==== 998+0+0 (secure 0 0 0) 0x7f312c042440 con 0x7f314407d1a0
2026-03-09T00:29:16.961 INFO:teuthology.orchestra.run.vm09.stdout:/usr/bin/ceph: stderr
2026-03-09T00:29:16.311+0000 7f31337fe640 1 -- 192.168.123.109:0/2514545362 <== mon.0 v2:192.168.123.109:3300/0 3 ==== mon_map magic: 0 ==== 205+0+0 (secure 0 0 0) 0x7f312c03c070 con 0x7f314407d1a0
2026-03-09T00:29:16.961 INFO:teuthology.orchestra.run.vm09.stdout:/usr/bin/ceph: stderr
2026-03-09T00:29:16.311+0000 7f3143577640 1 -- 192.168.123.109:0/2514545362 --> [v2:192.168.123.109:3300/0,v1:192.168.123.109:6789/0] -- mon_subscribe({mgrmap=0+}) -- 0x7f31441a33f0 con 0x7f314407d1a0
2026-03-09T00:29:16.961 INFO:teuthology.orchestra.run.vm09.stdout:/usr/bin/ceph: stderr
2026-03-09T00:29:16.311+0000 7f3143577640 1 -- 192.168.123.109:0/2514545362 --> [v2:192.168.123.109:3300/0,v1:192.168.123.109:6789/0] -- mon_subscribe({osdmap=0}) -- 0x7f31441a60e0 con 0x7f314407d1a0
2026-03-09T00:29:16.961 INFO:teuthology.orchestra.run.vm09.stdout:/usr/bin/ceph: stderr
2026-03-09T00:29:16.312+0000 7f31337fe640 1 -- 192.168.123.109:0/2514545362 <== mon.0 v2:192.168.123.109:3300/0 4 ==== mgrmap(e 4) ==== 50201+0+0 (secure 0 0 0) 0x7f312c0413e0 con 0x7f314407d1a0
2026-03-09T00:29:16.961 INFO:teuthology.orchestra.run.vm09.stdout:/usr/bin/ceph: stderr
2026-03-09T00:29:16.312+0000 7f31337fe640 1 --2- 192.168.123.109:0/2514545362 >> v2:192.168.123.109:6800/770453877 conn(0x7f311c03dbb0 0x7f311c040070 unknown :-1 s=NONE pgs=0 cs=0 l=1 rev1=0 crypto rx=0 tx=0 comp rx=0 tx=0).connect
2026-03-09T00:29:16.962 INFO:teuthology.orchestra.run.vm09.stdout:/usr/bin/ceph: stderr
2026-03-09T00:29:16.312+0000 7f31337fe640 1 -- 192.168.123.109:0/2514545362 <== mon.0 v2:192.168.123.109:3300/0 5 ==== osd_map(1..1 src has 1..1) ==== 725+0+0 (secure 0 0 0) 0x7f312c077830 con 0x7f314407d1a0
2026-03-09T00:29:16.962 INFO:teuthology.orchestra.run.vm09.stdout:/usr/bin/ceph: stderr
2026-03-09T00:29:16.312+0000 7f3141d74640 1 --2- 192.168.123.109:0/2514545362 >> v2:192.168.123.109:6800/770453877 conn(0x7f311c03dbb0 0x7f311c040070 unknown :-1 s=BANNER_CONNECTING pgs=0 cs=0 l=1 rev1=0 crypto rx=0 tx=0 comp rx=0 tx=0)._handle_peer_banner_payload supported=3 required=0
2026-03-09T00:29:16.962 INFO:teuthology.orchestra.run.vm09.stdout:/usr/bin/ceph: stderr
2026-03-09T00:29:16.312+0000 7f3143577640 1 -- 192.168.123.109:0/2514545362 --> [v2:192.168.123.109:3300/0,v1:192.168.123.109:6789/0] -- mon_command({"prefix": "get_command_descriptions"} v 0) -- 0x7f314407d5a0 con 0x7f314407d1a0
2026-03-09T00:29:16.962 INFO:teuthology.orchestra.run.vm09.stdout:/usr/bin/ceph: stderr
2026-03-09T00:29:16.316+0000 7f3141d74640 1 --2- 192.168.123.109:0/2514545362 >> v2:192.168.123.109:6800/770453877 conn(0x7f311c03dbb0 0x7f311c040070 secure :-1 s=READY pgs=8 cs=0 l=1 rev1=1 crypto rx=0x7f3138009a10 tx=0x7f3138006eb0 comp rx=0 tx=0).ready entity=mgr.14100 client_cookie=0 server_cookie=0 in_seq=0 out_seq=0
2026-03-09T00:29:16.962 INFO:teuthology.orchestra.run.vm09.stdout:/usr/bin/ceph: stderr
2026-03-09T00:29:16.316+0000 7f31337fe640 1 -- 192.168.123.109:0/2514545362 <== mon.0 v2:192.168.123.109:3300/0 6 ==== mon_command_ack([{"prefix": "get_command_descriptions"}]=0 v0) ==== 72+0+195034 (secure 0 0 0) 0x7f312c040340 con 0x7f314407d1a0
2026-03-09T00:29:16.962 INFO:teuthology.orchestra.run.vm09.stdout:/usr/bin/ceph: stderr
2026-03-09T00:29:16.440+0000 7f3143577640 1 -- 192.168.123.109:0/2514545362 --> [v2:192.168.123.109:3300/0,v1:192.168.123.109:6789/0] -- mon_command({"prefix": "mgr module enable", "module": "cephadm"} v 0) -- 0x7f314419bda0 con 0x7f314407d1a0
2026-03-09T00:29:16.962 INFO:teuthology.orchestra.run.vm09.stdout:/usr/bin/ceph: stderr
2026-03-09T00:29:16.922+0000 7f31337fe640 1 -- 192.168.123.109:0/2514545362 <== mon.0 v2:192.168.123.109:3300/0 7 ==== mon_command_ack([{"prefix": "mgr module enable", "module": "cephadm"}]=0 v5) ==== 86+0+0 (secure 0 0 0) 0x7f312c050170 con 0x7f314407d1a0
2026-03-09T00:29:16.962 INFO:teuthology.orchestra.run.vm09.stdout:/usr/bin/ceph: stderr
2026-03-09T00:29:16.924+0000 7f31337fe640 1 -- 192.168.123.109:0/2514545362 <== mon.0 v2:192.168.123.109:3300/0 8 ==== mgrmap(e 5) ==== 50212+0+0 (secure 0 0 0) 0x7f312c0363a0 con 0x7f314407d1a0
2026-03-09T00:29:16.962 INFO:teuthology.orchestra.run.vm09.stdout:/usr/bin/ceph: stderr
2026-03-09T00:29:16.927+0000 7f3143577640 1 -- 192.168.123.109:0/2514545362 >> v2:192.168.123.109:6800/770453877 conn(0x7f311c03dbb0 msgr2=0x7f311c040070 secure :-1 s=STATE_CONNECTION_ESTABLISHED l=1).mark_down
2026-03-09T00:29:16.962 INFO:teuthology.orchestra.run.vm09.stdout:/usr/bin/ceph: stderr
2026-03-09T00:29:16.927+0000 7f3143577640 1 --2- 192.168.123.109:0/2514545362 >> v2:192.168.123.109:6800/770453877 conn(0x7f311c03dbb0 0x7f311c040070 secure :-1 s=READY pgs=8 cs=0 l=1 rev1=1 crypto rx=0x7f3138009a10 tx=0x7f3138006eb0 comp rx=0 tx=0).stop
2026-03-09T00:29:16.962 INFO:teuthology.orchestra.run.vm09.stdout:/usr/bin/ceph: stderr
2026-03-09T00:29:16.928+0000 7f3143577640 1 -- 192.168.123.109:0/2514545362 >> [v2:192.168.123.109:3300/0,v1:192.168.123.109:6789/0] conn(0x7f314407d1a0 msgr2=0x7f31441a2c20 secure :-1 s=STATE_CONNECTION_ESTABLISHED l=1).mark_down
2026-03-09T00:29:16.962 INFO:teuthology.orchestra.run.vm09.stdout:/usr/bin/ceph: stderr
2026-03-09T00:29:16.928+0000 7f3143577640 1 --2- 192.168.123.109:0/2514545362 >> [v2:192.168.123.109:3300/0,v1:192.168.123.109:6789/0] conn(0x7f314407d1a0 0x7f31441a2c20 secure :-1 s=READY pgs=21 cs=0 l=1 rev1=1 crypto rx=0x7f312c0356a0 tx=0x7f312c0356d0 comp rx=0 tx=0).stop
2026-03-09T00:29:16.962 INFO:teuthology.orchestra.run.vm09.stdout:/usr/bin/ceph: stderr
2026-03-09T00:29:16.928+0000 7f3143577640 1 -- 192.168.123.109:0/2514545362 shutdown_connections
2026-03-09T00:29:16.962 INFO:teuthology.orchestra.run.vm09.stdout:/usr/bin/ceph: stderr
2026-03-09T00:29:16.928+0000 7f3143577640 1 --2- 192.168.123.109:0/2514545362 >> v2:192.168.123.109:6800/770453877 conn(0x7f311c03dbb0 0x7f311c040070 unknown :-1 s=CLOSED pgs=8 cs=0 l=1 rev1=1 crypto rx=0 tx=0 comp rx=0 tx=0).stop
2026-03-09T00:29:16.962 INFO:teuthology.orchestra.run.vm09.stdout:/usr/bin/ceph: stderr
2026-03-09T00:29:16.928+0000 7f3143577640 1 --2- 192.168.123.109:0/2514545362 >> [v2:192.168.123.109:3300/0,v1:192.168.123.109:6789/0] conn(0x7f314407d1a0 0x7f31441a2c20 unknown :-1 s=CLOSED pgs=21 cs=0 l=1 rev1=1 crypto rx=0 tx=0 comp rx=0 tx=0).stop
2026-03-09T00:29:16.962 INFO:teuthology.orchestra.run.vm09.stdout:/usr/bin/ceph: stderr
2026-03-09T00:29:16.928+0000 7f3143577640 1 -- 192.168.123.109:0/2514545362 >> 192.168.123.109:0/2514545362 conn(0x7f314407beb0 msgr2=0x7f31441070c0 unknown :-1 s=STATE_NONE l=0).mark_down
2026-03-09T00:29:16.962 INFO:teuthology.orchestra.run.vm09.stdout:/usr/bin/ceph: stderr
2026-03-09T00:29:16.929+0000 7f3143577640 1 -- 192.168.123.109:0/2514545362 shutdown_connections
2026-03-09T00:29:16.962 INFO:teuthology.orchestra.run.vm09.stdout:/usr/bin/ceph: stderr
2026-03-09T00:29:16.929+0000 7f3143577640 1 -- 192.168.123.109:0/2514545362 wait complete.
2026-03-09T00:29:17.180 INFO:journalctl@ceph.mgr.y.vm09.stdout:Mar 09 00:29:17 vm09 ceph-c172d940-1b4e-11f1-be3e-fb1b568ebce1-mgr-y[49665]: ignoring --setuser ceph since I am not root
2026-03-09T00:29:17.180 INFO:journalctl@ceph.mgr.y.vm09.stdout:Mar 09 00:29:17 vm09 ceph-c172d940-1b4e-11f1-be3e-fb1b568ebce1-mgr-y[49665]: ignoring --setgroup ceph since I am not root
2026-03-09T00:29:17.180 INFO:journalctl@ceph.mgr.y.vm09.stdout:Mar 09 00:29:17 vm09 ceph-c172d940-1b4e-11f1-be3e-fb1b568ebce1-mgr-y[49665]:
2026-03-09T00:29:17.101+0000 7f571aa28140 -1 mgr[py] Module alerts has missing NOTIFY_TYPES member
2026-03-09T00:29:17.180 INFO:journalctl@ceph.mgr.y.vm09.stdout:Mar 09 00:29:17 vm09 ceph-c172d940-1b4e-11f1-be3e-fb1b568ebce1-mgr-y[49665]:
2026-03-09T00:29:17.151+0000 7f571aa28140 -1 mgr[py] Module balancer has missing NOTIFY_TYPES member
2026-03-09T00:29:17.180 INFO:journalctl@ceph.mon.a.vm09.stdout:Mar 09 00:29:16 vm09 ceph-mon[49458]: mgrmap e4: y(active, since 2s)
2026-03-09T00:29:17.180 INFO:journalctl@ceph.mon.a.vm09.stdout:Mar 09 00:29:16 vm09 ceph-mon[49458]: from='client.? 192.168.123.109:0/265673053' entity='client.admin' cmd=[{"prefix": "config assimilate-conf"}]: dispatch
2026-03-09T00:29:17.180 INFO:journalctl@ceph.mon.a.vm09.stdout:Mar 09 00:29:16 vm09 ceph-mon[49458]: from='client.? 192.168.123.109:0/2514545362' entity='client.admin' cmd=[{"prefix": "mgr module enable", "module": "cephadm"}]: dispatch
2026-03-09T00:29:17.278 INFO:teuthology.orchestra.run.vm09.stdout:/usr/bin/ceph: stdout {
2026-03-09T00:29:17.278 INFO:teuthology.orchestra.run.vm09.stdout:/usr/bin/ceph: stdout "epoch": 5,
2026-03-09T00:29:17.278 INFO:teuthology.orchestra.run.vm09.stdout:/usr/bin/ceph: stdout "available": true,
2026-03-09T00:29:17.278 INFO:teuthology.orchestra.run.vm09.stdout:/usr/bin/ceph: stdout "active_name": "y",
2026-03-09T00:29:17.278 INFO:teuthology.orchestra.run.vm09.stdout:/usr/bin/ceph: stdout "num_standby": 0
2026-03-09T00:29:17.278 INFO:teuthology.orchestra.run.vm09.stdout:/usr/bin/ceph: stdout }
2026-03-09T00:29:17.278 INFO:teuthology.orchestra.run.vm09.stdout:/usr/bin/ceph: stderr
2026-03-09T00:29:17.096+0000 7f177b442640 1 Processor -- start
2026-03-09T00:29:17.278 INFO:teuthology.orchestra.run.vm09.stdout:/usr/bin/ceph: stderr
2026-03-09T00:29:17.096+0000 7f177b442640 1 -- start start
2026-03-09T00:29:17.278 INFO:teuthology.orchestra.run.vm09.stdout:/usr/bin/ceph: stderr
2026-03-09T00:29:17.096+0000 7f177b442640 1 --2- >> [v2:192.168.123.109:3300/0,v1:192.168.123.109:6789/0] conn(0x7f1774074650 0x7f1774074a50 unknown :-1 s=NONE pgs=0 cs=0 l=0 rev1=0 crypto rx=0 tx=0 comp rx=0 tx=0).connect
2026-03-09T00:29:17.278 INFO:teuthology.orchestra.run.vm09.stdout:/usr/bin/ceph: stderr
2026-03-09T00:29:17.096+0000 7f177b442640 1 -- --> [v2:192.168.123.109:3300/0,v1:192.168.123.109:6789/0] -- mon_getmap magic: 0 -- 0x7f1774075020 con 0x7f1774074650
2026-03-09T00:29:17.278 INFO:teuthology.orchestra.run.vm09.stdout:/usr/bin/ceph: stderr
2026-03-09T00:29:17.098+0000 7f17791b7640 1 --2- >> [v2:192.168.123.109:3300/0,v1:192.168.123.109:6789/0] conn(0x7f1774074650 0x7f1774074a50 unknown :-1 s=BANNER_CONNECTING pgs=0 cs=0 l=0 rev1=0 crypto rx=0 tx=0 comp rx=0 tx=0)._handle_peer_banner_payload supported=3 required=0
2026-03-09T00:29:17.278 INFO:teuthology.orchestra.run.vm09.stdout:/usr/bin/ceph: stderr
2026-03-09T00:29:17.098+0000 7f17791b7640 1 --2- >> [v2:192.168.123.109:3300/0,v1:192.168.123.109:6789/0] conn(0x7f1774074650 0x7f1774074a50 unknown :-1 s=HELLO_CONNECTING pgs=0 cs=0 l=0 rev1=1 crypto rx=0 tx=0 comp rx=0 tx=0).handle_hello peer v2:192.168.123.109:3300/0 says I am v2:192.168.123.109:59214/0 (socket says 192.168.123.109:59214)
2026-03-09T00:29:17.278 INFO:teuthology.orchestra.run.vm09.stdout:/usr/bin/ceph: stderr
2026-03-09T00:29:17.098+0000 7f17791b7640 1 -- 192.168.123.109:0/2824994836 learned_addr learned my addr 192.168.123.109:0/2824994836 (peer_addr_for_me v2:192.168.123.109:0/0)
2026-03-09T00:29:17.278 INFO:teuthology.orchestra.run.vm09.stdout:/usr/bin/ceph: stderr
2026-03-09T00:29:17.098+0000 7f17791b7640 1 -- 192.168.123.109:0/2824994836 --> [v2:192.168.123.109:3300/0,v1:192.168.123.109:6789/0] -- mon_subscribe({config=0+,monmap=0+}) -- 0x7f17740751a0 con 0x7f1774074650
2026-03-09T00:29:17.279 INFO:teuthology.orchestra.run.vm09.stdout:/usr/bin/ceph: stderr
2026-03-09T00:29:17.099+0000 7f17791b7640 1 --2- 192.168.123.109:0/2824994836 >> [v2:192.168.123.109:3300/0,v1:192.168.123.109:6789/0] conn(0x7f1774074650 0x7f1774074a50 secure :-1 s=READY pgs=24 cs=0 l=1 rev1=1 crypto rx=0x7f1764009920 tx=0x7f176402ef20 comp rx=0 tx=0).ready entity=mon.0 client_cookie=ebd0a44c6e6667a3 server_cookie=0 in_seq=0 out_seq=0
2026-03-09T00:29:17.279 INFO:teuthology.orchestra.run.vm09.stdout:/usr/bin/ceph: stderr
2026-03-09T00:29:17.099+0000 7f1763fff640 1 -- 192.168.123.109:0/2824994836 <== mon.0 v2:192.168.123.109:3300/0 1 ==== mon_map magic: 0 ==== 205+0+0 (secure 0 0 0) 0x7f176403c070 con 0x7f1774074650
2026-03-09T00:29:17.279 INFO:teuthology.orchestra.run.vm09.stdout:/usr/bin/ceph: stderr
2026-03-09T00:29:17.099+0000 7f1763fff640 1 -- 192.168.123.109:0/2824994836 <== mon.0 v2:192.168.123.109:3300/0 2 ==== config(25 keys) ==== 998+0+0 (secure 0 0 0) 0x7f1764037440 con 0x7f1774074650
2026-03-09T00:29:17.279 INFO:teuthology.orchestra.run.vm09.stdout:/usr/bin/ceph: stderr
2026-03-09T00:29:17.100+0000 7f177b442640 1 -- 192.168.123.109:0/2824994836 >> [v2:192.168.123.109:3300/0,v1:192.168.123.109:6789/0] conn(0x7f1774074650 msgr2=0x7f1774074a50 secure :-1 s=STATE_CONNECTION_ESTABLISHED l=1).mark_down
2026-03-09T00:29:17.279 INFO:teuthology.orchestra.run.vm09.stdout:/usr/bin/ceph: stderr
2026-03-09T00:29:17.100+0000 7f177b442640 1 --2- 192.168.123.109:0/2824994836 >> [v2:192.168.123.109:3300/0,v1:192.168.123.109:6789/0] conn(0x7f1774074650 0x7f1774074a50 secure :-1 s=READY pgs=24 cs=0 l=1 rev1=1 crypto rx=0x7f1764009920 tx=0x7f176402ef20 comp rx=0 tx=0).stop
2026-03-09T00:29:17.279 INFO:teuthology.orchestra.run.vm09.stdout:/usr/bin/ceph: stderr
2026-03-09T00:29:17.100+0000 7f177b442640 1 -- 192.168.123.109:0/2824994836 shutdown_connections
2026-03-09T00:29:17.279 INFO:teuthology.orchestra.run.vm09.stdout:/usr/bin/ceph: stderr
2026-03-09T00:29:17.100+0000 7f177b442640 1 --2- 192.168.123.109:0/2824994836 >> [v2:192.168.123.109:3300/0,v1:192.168.123.109:6789/0] conn(0x7f1774074650 0x7f1774074a50 unknown :-1 s=CLOSED pgs=24 cs=0 l=1 rev1=1 crypto rx=0 tx=0 comp rx=0 tx=0).stop
2026-03-09T00:29:17.279 INFO:teuthology.orchestra.run.vm09.stdout:/usr/bin/ceph: stderr
2026-03-09T00:29:17.100+0000 7f177b442640 1 -- 192.168.123.109:0/2824994836 >> 192.168.123.109:0/2824994836 conn(0x7f177406fe80 msgr2=0x7f17740722e0 unknown :-1 s=STATE_NONE l=0).mark_down
2026-03-09T00:29:17.279 INFO:teuthology.orchestra.run.vm09.stdout:/usr/bin/ceph: stderr
2026-03-09T00:29:17.101+0000 7f177b442640 1 -- 192.168.123.109:0/2824994836 shutdown_connections
2026-03-09T00:29:17.279 INFO:teuthology.orchestra.run.vm09.stdout:/usr/bin/ceph: stderr
2026-03-09T00:29:17.101+0000 7f177b442640 1 -- 192.168.123.109:0/2824994836 wait complete.
2026-03-09T00:29:17.279 INFO:teuthology.orchestra.run.vm09.stdout:/usr/bin/ceph: stderr
2026-03-09T00:29:17.101+0000 7f177b442640 1 Processor -- start
2026-03-09T00:29:17.279 INFO:teuthology.orchestra.run.vm09.stdout:/usr/bin/ceph: stderr
2026-03-09T00:29:17.101+0000 7f177b442640 1 -- start start
2026-03-09T00:29:17.279 INFO:teuthology.orchestra.run.vm09.stdout:/usr/bin/ceph: stderr
2026-03-09T00:29:17.101+0000 7f177b442640 1 --2- >> [v2:192.168.123.109:3300/0,v1:192.168.123.109:6789/0] conn(0x7f1774074650 0x7f177411bf20 unknown :-1 s=NONE pgs=0 cs=0 l=1 rev1=0 crypto rx=0 tx=0 comp rx=0 tx=0).connect
2026-03-09T00:29:17.279 INFO:teuthology.orchestra.run.vm09.stdout:/usr/bin/ceph: stderr
2026-03-09T00:29:17.101+0000 7f177b442640 1 -- --> [v2:192.168.123.109:3300/0,v1:192.168.123.109:6789/0] -- mon_getmap magic: 0 -- 0x7f177410ee60 con 0x7f1774074650
2026-03-09T00:29:17.279 INFO:teuthology.orchestra.run.vm09.stdout:/usr/bin/ceph: stderr
2026-03-09T00:29:17.102+0000 7f17791b7640 1 --2- >> [v2:192.168.123.109:3300/0,v1:192.168.123.109:6789/0] conn(0x7f1774074650 0x7f177411bf20 unknown :-1 s=BANNER_CONNECTING pgs=0 cs=0 l=1 rev1=0 crypto rx=0 tx=0 comp rx=0 tx=0)._handle_peer_banner_payload supported=3 required=0
2026-03-09T00:29:17.279 INFO:teuthology.orchestra.run.vm09.stdout:/usr/bin/ceph: stderr
2026-03-09T00:29:17.102+0000 7f17791b7640 1 --2- >> [v2:192.168.123.109:3300/0,v1:192.168.123.109:6789/0] conn(0x7f1774074650 0x7f177411bf20 unknown :-1 s=HELLO_CONNECTING pgs=0 cs=0 l=1 rev1=1 crypto rx=0 tx=0 comp rx=0 tx=0).handle_hello peer v2:192.168.123.109:3300/0 says I am v2:192.168.123.109:59224/0 (socket says 192.168.123.109:59224)
2026-03-09T00:29:17.279 INFO:teuthology.orchestra.run.vm09.stdout:/usr/bin/ceph: stderr
2026-03-09T00:29:17.102+0000 7f17791b7640 1 -- 192.168.123.109:0/355193582 learned_addr learned my addr 192.168.123.109:0/355193582 (peer_addr_for_me v2:192.168.123.109:0/0)
2026-03-09T00:29:17.279 INFO:teuthology.orchestra.run.vm09.stdout:/usr/bin/ceph: stderr
