2026-03-09T14:05:25.319 INFO:teuthology.orchestra.run.vm00.stdout:/usr/bin/ceph: stderr
2026-03-09T14:05:25.268+0000 7fa792243640 1 --2- 192.168.123.100:0/4077284033 >> [v2:192.168.123.100:3300/0,v1:192.168.123.100:6789/0] conn(0x7fa78c19b900 0x7fa78c19bd20 unknown :-1 s=CLOSED pgs=46 cs=0 l=1 rev1=1 crypto rx=0 tx=0 comp rx=0 tx=0).stop
2026-03-09T14:05:25.319 INFO:teuthology.orchestra.run.vm00.stdout:/usr/bin/ceph: stderr
2026-03-09T14:05:25.268+0000 7fa792243640 1 -- 192.168.123.100:0/4077284033 >> 192.168.123.100:0/4077284033 conn(0x7fa78c06edd0 msgr2=0x7fa78c06f750 unknown :-1 s=STATE_NONE l=0).mark_down
2026-03-09T14:05:25.319 INFO:teuthology.orchestra.run.vm00.stdout:/usr/bin/ceph: stderr
2026-03-09T14:05:25.268+0000 7fa792243640 1 -- 192.168.123.100:0/4077284033 shutdown_connections
2026-03-09T14:05:25.319 INFO:teuthology.orchestra.run.vm00.stdout:/usr/bin/ceph: stderr
2026-03-09T14:05:25.268+0000 7fa792243640 1 -- 192.168.123.100:0/4077284033 wait complete.
2026-03-09T14:05:25.319 INFO:teuthology.orchestra.run.vm00.stdout:Deploying unmanaged mgr service...
2026-03-09T14:05:25.609 INFO:teuthology.orchestra.run.vm00.stdout:/usr/bin/ceph: stdout Scheduled mgr update...
2026-03-09T14:05:25.609 INFO:teuthology.orchestra.run.vm00.stdout:/usr/bin/ceph: stderr
2026-03-09T14:05:25.436+0000 7f908864b640 1 Processor -- start
2026-03-09T14:05:25.610 INFO:teuthology.orchestra.run.vm00.stdout:/usr/bin/ceph: stderr
2026-03-09T14:05:25.436+0000 7f908864b640 1 -- start start
2026-03-09T14:05:25.610 INFO:teuthology.orchestra.run.vm00.stdout:/usr/bin/ceph: stderr
2026-03-09T14:05:25.436+0000 7f908864b640 1 --2- >> [v2:192.168.123.100:3300/0,v1:192.168.123.100:6789/0] conn(0x7f9080109ac0 0x7f9080109ec0 unknown :-1 s=NONE pgs=0 cs=0 l=0 rev1=0 crypto rx=0 tx=0 comp rx=0 tx=0).connect
2026-03-09T14:05:25.610 INFO:teuthology.orchestra.run.vm00.stdout:/usr/bin/ceph: stderr
2026-03-09T14:05:25.436+0000 7f908864b640 1 -- --> [v2:192.168.123.100:3300/0,v1:192.168.123.100:6789/0] -- mon_getmap magic: 0 -- 0x7f908010a490 con 0x7f9080109ac0
2026-03-09T14:05:25.610 INFO:teuthology.orchestra.run.vm00.stdout:/usr/bin/ceph: stderr
2026-03-09T14:05:25.436+0000 7f90863c0640 1 --2- >> [v2:192.168.123.100:3300/0,v1:192.168.123.100:6789/0] conn(0x7f9080109ac0 0x7f9080109ec0 unknown :-1 s=BANNER_CONNECTING pgs=0 cs=0 l=0 rev1=0 crypto rx=0 tx=0 comp rx=0 tx=0)._handle_peer_banner_payload supported=3 required=0
2026-03-09T14:05:25.610 INFO:teuthology.orchestra.run.vm00.stdout:/usr/bin/ceph: stderr
2026-03-09T14:05:25.436+0000 7f90863c0640 1 --2- >> [v2:192.168.123.100:3300/0,v1:192.168.123.100:6789/0] conn(0x7f9080109ac0 0x7f9080109ec0 unknown :-1 s=HELLO_CONNECTING pgs=0 cs=0 l=0 rev1=1 crypto rx=0 tx=0 comp rx=0 tx=0).handle_hello peer v2:192.168.123.100:3300/0 says I am v2:192.168.123.100:47614/0 (socket says 192.168.123.100:47614)
2026-03-09T14:05:25.610 INFO:teuthology.orchestra.run.vm00.stdout:/usr/bin/ceph: stderr
2026-03-09T14:05:25.436+0000 7f90863c0640 1 -- 192.168.123.100:0/1930341743 learned_addr learned my addr 192.168.123.100:0/1930341743 (peer_addr_for_me v2:192.168.123.100:0/0)
2026-03-09T14:05:25.610 INFO:teuthology.orchestra.run.vm00.stdout:/usr/bin/ceph: stderr
2026-03-09T14:05:25.436+0000 7f90863c0640 1 -- 192.168.123.100:0/1930341743 --> [v2:192.168.123.100:3300/0,v1:192.168.123.100:6789/0] -- mon_subscribe({config=0+,monmap=0+}) -- 0x7f908010ac70 con 0x7f9080109ac0
2026-03-09T14:05:25.610 INFO:teuthology.orchestra.run.vm00.stdout:/usr/bin/ceph: stderr
2026-03-09T14:05:25.436+0000 7f90863c0640 1 --2- 192.168.123.100:0/1930341743 >> [v2:192.168.123.100:3300/0,v1:192.168.123.100:6789/0] conn(0x7f9080109ac0 0x7f9080109ec0 secure :-1 s=READY pgs=47 cs=0 l=1 rev1=1 crypto rx=0x7f9068009920 tx=0x7f906802ef20 comp rx=0 tx=0).ready entity=mon.0 client_cookie=77cb21e693128340 server_cookie=0 in_seq=0 out_seq=0
2026-03-09T14:05:25.610 INFO:teuthology.orchestra.run.vm00.stdout:/usr/bin/ceph: stderr
2026-03-09T14:05:25.436+0000 7f90853be640 1 -- 192.168.123.100:0/1930341743 <== mon.0 v2:192.168.123.100:3300/0 1 ==== mon_map magic: 0 ==== 205+0+0 (secure 0 0 0) 0x7f906803c070 con 0x7f9080109ac0
2026-03-09T14:05:25.610 INFO:teuthology.orchestra.run.vm00.stdout:/usr/bin/ceph: stderr
2026-03-09T14:05:25.436+0000 7f90853be640 1 -- 192.168.123.100:0/1930341743 <== mon.0 v2:192.168.123.100:3300/0 2 ==== config(25 keys) ==== 1007+0+0 (secure 0 0 0) 0x7f9068037440 con 0x7f9080109ac0
2026-03-09T14:05:25.610 INFO:teuthology.orchestra.run.vm00.stdout:/usr/bin/ceph: stderr
2026-03-09T14:05:25.436+0000 7f90853be640 1 -- 192.168.123.100:0/1930341743 <== mon.0 v2:192.168.123.100:3300/0 3 ==== mon_map magic: 0 ==== 205+0+0 (secure 0 0 0) 0x7f90680354d0 con 0x7f9080109ac0
2026-03-09T14:05:25.610 INFO:teuthology.orchestra.run.vm00.stdout:/usr/bin/ceph: stderr
2026-03-09T14:05:25.436+0000 7f908864b640 1 -- 192.168.123.100:0/1930341743 >> [v2:192.168.123.100:3300/0,v1:192.168.123.100:6789/0] conn(0x7f9080109ac0 msgr2=0x7f9080109ec0 secure :-1 s=STATE_CONNECTION_ESTABLISHED l=1).mark_down
2026-03-09T14:05:25.610 INFO:teuthology.orchestra.run.vm00.stdout:/usr/bin/ceph: stderr
2026-03-09T14:05:25.436+0000 7f908864b640 1 --2- 192.168.123.100:0/1930341743 >> [v2:192.168.123.100:3300/0,v1:192.168.123.100:6789/0] conn(0x7f9080109ac0 0x7f9080109ec0 secure :-1 s=READY pgs=47 cs=0 l=1 rev1=1 crypto rx=0x7f9068009920 tx=0x7f906802ef20 comp rx=0 tx=0).stop
2026-03-09T14:05:25.610 INFO:teuthology.orchestra.run.vm00.stdout:/usr/bin/ceph: stderr
2026-03-09T14:05:25.436+0000 7f908864b640 1 -- 192.168.123.100:0/1930341743 shutdown_connections
2026-03-09T14:05:25.610 INFO:teuthology.orchestra.run.vm00.stdout:/usr/bin/ceph: stderr
2026-03-09T14:05:25.436+0000 7f908864b640 1 --2- 192.168.123.100:0/1930341743 >> [v2:192.168.123.100:3300/0,v1:192.168.123.100:6789/0] conn(0x7f9080109ac0 0x7f9080109ec0 unknown :-1 s=CLOSED pgs=47 cs=0 l=1 rev1=1 crypto rx=0 tx=0 comp rx=0 tx=0).stop
2026-03-09T14:05:25.610 INFO:teuthology.orchestra.run.vm00.stdout:/usr/bin/ceph: stderr
2026-03-09T14:05:25.436+0000 7f908864b640 1 -- 192.168.123.100:0/1930341743 >> 192.168.123.100:0/1930341743 conn(0x7f908007d070 msgr2=0x7f908007d4a0 unknown :-1 s=STATE_NONE l=0).mark_down
2026-03-09T14:05:25.610 INFO:teuthology.orchestra.run.vm00.stdout:/usr/bin/ceph: stderr
2026-03-09T14:05:25.436+0000 7f908864b640 1 -- 192.168.123.100:0/1930341743 shutdown_connections
2026-03-09T14:05:25.610 INFO:teuthology.orchestra.run.vm00.stdout:/usr/bin/ceph: stderr
2026-03-09T14:05:25.436+0000 7f908864b640 1 -- 192.168.123.100:0/1930341743 wait complete.
2026-03-09T14:05:25.610 INFO:teuthology.orchestra.run.vm00.stdout:/usr/bin/ceph: stderr
2026-03-09T14:05:25.436+0000 7f908864b640 1 Processor -- start
2026-03-09T14:05:25.610 INFO:teuthology.orchestra.run.vm00.stdout:/usr/bin/ceph: stderr
2026-03-09T14:05:25.436+0000 7f908864b640 1 -- start start
2026-03-09T14:05:25.610 INFO:teuthology.orchestra.run.vm00.stdout:/usr/bin/ceph: stderr
2026-03-09T14:05:25.440+0000 7f908864b640 1 --2- >> [v2:192.168.123.100:3300/0,v1:192.168.123.100:6789/0] conn(0x7f9080109ac0 0x7f908019f8c0 unknown :-1 s=NONE pgs=0 cs=0 l=1 rev1=0 crypto rx=0 tx=0 comp rx=0 tx=0).connect
2026-03-09T14:05:25.610 INFO:teuthology.orchestra.run.vm00.stdout:/usr/bin/ceph: stderr
2026-03-09T14:05:25.440+0000 7f908864b640 1 -- --> [v2:192.168.123.100:3300/0,v1:192.168.123.100:6789/0] -- mon_getmap magic: 0 -- 0x7f908010dea0 con 0x7f9080109ac0
2026-03-09T14:05:25.610 INFO:teuthology.orchestra.run.vm00.stdout:/usr/bin/ceph: stderr
2026-03-09T14:05:25.440+0000 7f90863c0640 1 --2- >> [v2:192.168.123.100:3300/0,v1:192.168.123.100:6789/0] conn(0x7f9080109ac0 0x7f908019f8c0 unknown :-1 s=BANNER_CONNECTING pgs=0 cs=0 l=1 rev1=0 crypto rx=0 tx=0 comp rx=0 tx=0)._handle_peer_banner_payload supported=3 required=0
2026-03-09T14:05:25.610 INFO:teuthology.orchestra.run.vm00.stdout:/usr/bin/ceph: stderr
2026-03-09T14:05:25.440+0000 7f90863c0640 1 --2- >> [v2:192.168.123.100:3300/0,v1:192.168.123.100:6789/0] conn(0x7f9080109ac0 0x7f908019f8c0 unknown :-1 s=HELLO_CONNECTING pgs=0 cs=0 l=1 rev1=1 crypto rx=0 tx=0 comp rx=0 tx=0).handle_hello peer v2:192.168.123.100:3300/0 says I am v2:192.168.123.100:47628/0 (socket says 192.168.123.100:47628)
2026-03-09T14:05:25.610 INFO:teuthology.orchestra.run.vm00.stdout:/usr/bin/ceph: stderr
2026-03-09T14:05:25.440+0000 7f90863c0640 1 -- 192.168.123.100:0/2479970784 learned_addr learned my addr 192.168.123.100:0/2479970784 (peer_addr_for_me v2:192.168.123.100:0/0)
2026-03-09T14:05:25.610 INFO:teuthology.orchestra.run.vm00.stdout:/usr/bin/ceph: stderr
2026-03-09T14:05:25.440+0000 7f90863c0640 1 -- 192.168.123.100:0/2479970784 --> [v2:192.168.123.100:3300/0,v1:192.168.123.100:6789/0] -- mon_subscribe({config=0+,monmap=0+}) -- 0x7f908019fe00 con 0x7f9080109ac0
2026-03-09T14:05:25.610 INFO:teuthology.orchestra.run.vm00.stdout:/usr/bin/ceph: stderr
2026-03-09T14:05:25.440+0000 7f90863c0640 1 --2- 192.168.123.100:0/2479970784 >> [v2:192.168.123.100:3300/0,v1:192.168.123.100:6789/0] conn(0x7f9080109ac0 0x7f908019f8c0 secure :-1 s=READY pgs=48 cs=0 l=1 rev1=1 crypto rx=0x7f9068002410 tx=0x7f9068035ac0 comp rx=0 tx=0).ready entity=mon.0 client_cookie=0 server_cookie=0 in_seq=0 out_seq=0
2026-03-09T14:05:25.610 INFO:teuthology.orchestra.run.vm00.stdout:/usr/bin/ceph: stderr
2026-03-09T14:05:25.440+0000 7f90777fe640 1 -- 192.168.123.100:0/2479970784 <== mon.0 v2:192.168.123.100:3300/0 1 ==== mon_map magic: 0 ==== 205+0+0 (secure 0 0 0) 0x7f9068045070 con 0x7f9080109ac0
2026-03-09T14:05:25.610 INFO:teuthology.orchestra.run.vm00.stdout:/usr/bin/ceph: stderr
2026-03-09T14:05:25.440+0000 7f90777fe640 1 -- 192.168.123.100:0/2479970784 <== mon.0 v2:192.168.123.100:3300/0 2 ==== config(25 keys) ==== 1007+0+0 (secure 0 0 0) 0x7f906802fe00 con 0x7f9080109ac0
2026-03-09T14:05:25.610 INFO:teuthology.orchestra.run.vm00.stdout:/usr/bin/ceph: stderr
2026-03-09T14:05:25.440+0000 7f90777fe640 1 -- 192.168.123.100:0/2479970784 <== mon.0 v2:192.168.123.100:3300/0 3 ==== mon_map magic: 0 ==== 205+0+0 (secure 0 0 0) 0x7f906803c070 con 0x7f9080109ac0
2026-03-09T14:05:25.610 INFO:teuthology.orchestra.run.vm00.stdout:/usr/bin/ceph: stderr
2026-03-09T14:05:25.440+0000 7f908864b640 1 -- 192.168.123.100:0/2479970784 --> [v2:192.168.123.100:3300/0,v1:192.168.123.100:6789/0] -- mon_subscribe({mgrmap=0+}) -- 0x7f90801a0090 con 0x7f9080109ac0
2026-03-09T14:05:25.610 INFO:teuthology.orchestra.run.vm00.stdout:/usr/bin/ceph: stderr
2026-03-09T14:05:25.440+0000 7f908864b640 1 -- 192.168.123.100:0/2479970784 --> [v2:192.168.123.100:3300/0,v1:192.168.123.100:6789/0] -- mon_subscribe({osdmap=0}) -- 0x7f90801a04b0 con 0x7f9080109ac0
2026-03-09T14:05:25.610 INFO:teuthology.orchestra.run.vm00.stdout:/usr/bin/ceph: stderr
2026-03-09T14:05:25.440+0000 7f90777fe640 1 -- 192.168.123.100:0/2479970784 <== mon.0 v2:192.168.123.100:3300/0 4 ==== mgrmap(e 7) ==== 50247+0+0 (secure 0 0 0) 0x7f906804a430 con 0x7f9080109ac0
2026-03-09T14:05:25.610 INFO:teuthology.orchestra.run.vm00.stdout:/usr/bin/ceph: stderr
2026-03-09T14:05:25.440+0000 7f90777fe640 1 --2- 192.168.123.100:0/2479970784 >> [v2:192.168.123.100:6800/2528524255,v1:192.168.123.100:6801/2528524255] conn(0x7f905803dc90 0x7f9058040150 unknown :-1 s=NONE pgs=0 cs=0 l=1 rev1=0 crypto rx=0 tx=0 comp rx=0 tx=0).connect
2026-03-09T14:05:25.610 INFO:teuthology.orchestra.run.vm00.stdout:/usr/bin/ceph: stderr
2026-03-09T14:05:25.440+0000 7f90777fe640 1 -- 192.168.123.100:0/2479970784 <== mon.0 v2:192.168.123.100:3300/0 5 ==== osd_map(2..2 src has 1..2) ==== 940+0+0 (secure 0 0 0) 0x7f90680777d0 con 0x7f9080109ac0
2026-03-09T14:05:25.610 INFO:teuthology.orchestra.run.vm00.stdout:/usr/bin/ceph: stderr
2026-03-09T14:05:25.440+0000 7f9085bbf640 1 --2- 192.168.123.100:0/2479970784 >> [v2:192.168.123.100:6800/2528524255,v1:192.168.123.100:6801/2528524255] conn(0x7f905803dc90 0x7f9058040150 unknown :-1 s=BANNER_CONNECTING pgs=0 cs=0 l=1 rev1=0 crypto rx=0 tx=0 comp rx=0 tx=0)._handle_peer_banner_payload supported=3 required=0
2026-03-09T14:05:25.610 INFO:teuthology.orchestra.run.vm00.stdout:/usr/bin/ceph: stderr
2026-03-09T14:05:25.440+0000 7f9085bbf640 1 --2- 192.168.123.100:0/2479970784 >> [v2:192.168.123.100:6800/2528524255,v1:192.168.123.100:6801/2528524255] conn(0x7f905803dc90 0x7f9058040150 secure :-1 s=READY pgs=13 cs=0 l=1 rev1=1 crypto rx=0x7f90700099c0 tx=0x7f9070006eb0 comp rx=0 tx=0).ready entity=mgr.14118 client_cookie=0 server_cookie=0 in_seq=0 out_seq=0
2026-03-09T14:05:25.610 INFO:teuthology.orchestra.run.vm00.stdout:/usr/bin/ceph: stderr
2026-03-09T14:05:25.440+0000 7f908864b640 1 -- 192.168.123.100:0/2479970784 --> [v2:192.168.123.100:3300/0,v1:192.168.123.100:6789/0] -- mon_command({"prefix": "get_command_descriptions"} v 0) -- 0x7f9048005390 con 0x7f9080109ac0
2026-03-09T14:05:25.610 INFO:teuthology.orchestra.run.vm00.stdout:/usr/bin/ceph: stderr
2026-03-09T14:05:25.444+0000 7f90777fe640 1 -- 192.168.123.100:0/2479970784 <== mon.0 v2:192.168.123.100:3300/0 6 ==== mon_command_ack([{"prefix": "get_command_descriptions"}]=0 v0) ==== 72+0+195034 (secure 0 0 0) 0x7f9068040450 con 0x7f9080109ac0
2026-03-09T14:05:25.610 INFO:teuthology.orchestra.run.vm00.stdout:/usr/bin/ceph: stderr
2026-03-09T14:05:25.540+0000 7f908864b640 1 -- 192.168.123.100:0/2479970784 --> [v2:192.168.123.100:6800/2528524255,v1:192.168.123.100:6801/2528524255] -- mgr_command(tid 0: {"prefix": "orch apply", "service_type": "mgr", "unmanaged": true, "target": ["mon-mgr", ""]}) -- 0x7f9048002bf0 con 0x7f905803dc90
2026-03-09T14:05:25.610 INFO:teuthology.orchestra.run.vm00.stdout:/usr/bin/ceph: stderr
2026-03-09T14:05:25.548+0000 7f90777fe640 1 -- 192.168.123.100:0/2479970784 <== mgr.14118 v2:192.168.123.100:6800/2528524255 1 ==== mgr_command_reply(tid 0: 0 ) ==== 8+0+24 (secure 0 0 0) 0x7f9048002bf0 con 0x7f905803dc90
2026-03-09T14:05:25.610 INFO:teuthology.orchestra.run.vm00.stdout:/usr/bin/ceph: stderr
2026-03-09T14:05:25.548+0000 7f908864b640 1 -- 192.168.123.100:0/2479970784 >> [v2:192.168.123.100:6800/2528524255,v1:192.168.123.100:6801/2528524255] conn(0x7f905803dc90 msgr2=0x7f9058040150 secure :-1 s=STATE_CONNECTION_ESTABLISHED l=1).mark_down
2026-03-09T14:05:25.610 INFO:teuthology.orchestra.run.vm00.stdout:/usr/bin/ceph: stderr
2026-03-09T14:05:25.548+0000 7f908864b640 1 --2- 192.168.123.100:0/2479970784 >> [v2:192.168.123.100:6800/2528524255,v1:192.168.123.100:6801/2528524255] conn(0x7f905803dc90 0x7f9058040150 secure :-1 s=READY pgs=13 cs=0 l=1 rev1=1 crypto rx=0x7f90700099c0 tx=0x7f9070006eb0 comp rx=0 tx=0).stop
2026-03-09T14:05:25.610 INFO:teuthology.orchestra.run.vm00.stdout:/usr/bin/ceph: stderr
2026-03-09T14:05:25.548+0000 7f908864b640 1 -- 192.168.123.100:0/2479970784 >> [v2:192.168.123.100:3300/0,v1:192.168.123.100:6789/0] conn(0x7f9080109ac0 msgr2=0x7f908019f8c0 secure :-1 s=STATE_CONNECTION_ESTABLISHED l=1).mark_down
2026-03-09T14:05:25.610 INFO:teuthology.orchestra.run.vm00.stdout:/usr/bin/ceph: stderr
2026-03-09T14:05:25.548+0000 7f908864b640 1 --2- 192.168.123.100:0/2479970784 >> [v2:192.168.123.100:3300/0,v1:192.168.123.100:6789/0] conn(0x7f9080109ac0 0x7f908019f8c0 secure :-1 s=READY pgs=48 cs=0 l=1 rev1=1 crypto rx=0x7f9068002410 tx=0x7f9068035ac0 comp rx=0 tx=0).stop
2026-03-09T14:05:25.610 INFO:teuthology.orchestra.run.vm00.stdout:/usr/bin/ceph: stderr
2026-03-09T14:05:25.548+0000 7f908864b640 1 -- 192.168.123.100:0/2479970784 shutdown_connections
2026-03-09T14:05:25.610 INFO:teuthology.orchestra.run.vm00.stdout:/usr/bin/ceph: stderr
2026-03-09T14:05:25.548+0000 7f908864b640 1 --2- 192.168.123.100:0/2479970784 >> [v2:192.168.123.100:6800/2528524255,v1:192.168.123.100:6801/2528524255] conn(0x7f905803dc90 0x7f9058040150 unknown :-1 s=CLOSED pgs=13 cs=0 l=1 rev1=1 crypto rx=0 tx=0 comp rx=0 tx=0).stop
2026-03-09T14:05:25.610 INFO:teuthology.orchestra.run.vm00.stdout:/usr/bin/ceph: stderr
2026-03-09T14:05:25.548+0000 7f908864b640 1 --2- 192.168.123.100:0/2479970784 >> [v2:192.168.123.100:3300/0,v1:192.168.123.100:6789/0] conn(0x7f9080109ac0 0x7f908019f8c0 unknown :-1 s=CLOSED pgs=48 cs=0 l=1 rev1=1 crypto rx=0 tx=0 comp rx=0 tx=0).stop
2026-03-09T14:05:25.610 INFO:teuthology.orchestra.run.vm00.stdout:/usr/bin/ceph: stderr
2026-03-09T14:05:25.548+0000 7f908864b640 1 -- 192.168.123.100:0/2479970784 >> 192.168.123.100:0/2479970784 conn(0x7f908007d070 msgr2=0x7f9080107790 unknown :-1 s=STATE_NONE l=0).mark_down
2026-03-09T14:05:25.610 INFO:teuthology.orchestra.run.vm00.stdout:/usr/bin/ceph: stderr
2026-03-09T14:05:25.548+0000 7f908864b640 1 -- 192.168.123.100:0/2479970784 shutdown_connections
2026-03-09T14:05:25.611 INFO:teuthology.orchestra.run.vm00.stdout:/usr/bin/ceph: stderr
2026-03-09T14:05:25.548+0000 7f908864b640 1 -- 192.168.123.100:0/2479970784 wait complete.
2026-03-09T14:05:25.889 INFO:teuthology.orchestra.run.vm00.stdout:/usr/bin/ceph: stderr
2026-03-09T14:05:25.720+0000 7f92af3a4640 1 Processor -- start
2026-03-09T14:05:25.889 INFO:teuthology.orchestra.run.vm00.stdout:/usr/bin/ceph: stderr
2026-03-09T14:05:25.720+0000 7f92af3a4640 1 -- start start
2026-03-09T14:05:25.889 INFO:teuthology.orchestra.run.vm00.stdout:/usr/bin/ceph: stderr
2026-03-09T14:05:25.720+0000 7f92af3a4640 1 --2- >> [v2:192.168.123.100:3300/0,v1:192.168.123.100:6789/0] conn(0x7f92a81077e0 0x7f92a8107be0 unknown :-1 s=NONE pgs=0 cs=0 l=0 rev1=0 crypto rx=0 tx=0 comp rx=0 tx=0).connect
2026-03-09T14:05:25.889 INFO:teuthology.orchestra.run.vm00.stdout:/usr/bin/ceph: stderr
2026-03-09T14:05:25.720+0000 7f92af3a4640 1 -- --> [v2:192.168.123.100:3300/0,v1:192.168.123.100:6789/0] -- mon_getmap magic: 0 -- 0x7f92a81081b0 con 0x7f92a81077e0
2026-03-09T14:05:25.889 INFO:teuthology.orchestra.run.vm00.stdout:/usr/bin/ceph: stderr
2026-03-09T14:05:25.720+0000 7f92ad119640 1 --2- >> [v2:192.168.123.100:3300/0,v1:192.168.123.100:6789/0] conn(0x7f92a81077e0 0x7f92a8107be0 unknown :-1 s=BANNER_CONNECTING pgs=0 cs=0 l=0 rev1=0 crypto rx=0 tx=0 comp rx=0 tx=0)._handle_peer_banner_payload supported=3 required=0
2026-03-09T14:05:25.889 INFO:teuthology.orchestra.run.vm00.stdout:/usr/bin/ceph: stderr
2026-03-09T14:05:25.720+0000 7f92ad119640 1 --2- >> [v2:192.168.123.100:3300/0,v1:192.168.123.100:6789/0] conn(0x7f92a81077e0 0x7f92a8107be0 unknown :-1 s=HELLO_CONNECTING pgs=0 cs=0 l=0 rev1=1 crypto rx=0 tx=0 comp rx=0 tx=0).handle_hello peer v2:192.168.123.100:3300/0 says I am v2:192.168.123.100:47630/0 (socket says 192.168.123.100:47630)
2026-03-09T14:05:25.889 INFO:teuthology.orchestra.run.vm00.stdout:/usr/bin/ceph: stderr
2026-03-09T14:05:25.720+0000 7f92ad119640 1 -- 192.168.123.100:0/192998325 learned_addr learned my addr 192.168.123.100:0/192998325 (peer_addr_for_me v2:192.168.123.100:0/0)
2026-03-09T14:05:25.889 INFO:teuthology.orchestra.run.vm00.stdout:/usr/bin/ceph: stderr
2026-03-09T14:05:25.724+0000 7f92ad119640 1 -- 192.168.123.100:0/192998325 --> [v2:192.168.123.100:3300/0,v1:192.168.123.100:6789/0] -- mon_subscribe({config=0+,monmap=0+}) -- 0x7f92a8108990 con 0x7f92a81077e0
2026-03-09T14:05:25.889 INFO:teuthology.orchestra.run.vm00.stdout:/usr/bin/ceph: stderr
2026-03-09T14:05:25.724+0000 7f92ad119640 1 --2- 192.168.123.100:0/192998325 >> [v2:192.168.123.100:3300/0,v1:192.168.123.100:6789/0] conn(0x7f92a81077e0 0x7f92a8107be0 secure :-1 s=READY pgs=49 cs=0 l=1 rev1=1 crypto rx=0x7f9298009920 tx=0x7f929802ef20 comp rx=0 tx=0).ready entity=mon.0 client_cookie=23b6545f9fe1ea09 server_cookie=0 in_seq=0 out_seq=0
2026-03-09T14:05:25.889 INFO:teuthology.orchestra.run.vm00.stdout:/usr/bin/ceph: stderr
2026-03-09T14:05:25.724+0000 7f9297fff640 1 -- 192.168.123.100:0/192998325 <== mon.0 v2:192.168.123.100:3300/0 1 ==== mon_map magic: 0 ==== 205+0+0 (secure 0 0 0) 0x7f929803c070 con 0x7f92a81077e0
2026-03-09T14:05:25.889 INFO:teuthology.orchestra.run.vm00.stdout:/usr/bin/ceph: stderr
2026-03-09T14:05:25.724+0000 7f9297fff640 1 -- 192.168.123.100:0/192998325 <== mon.0 v2:192.168.123.100:3300/0 2 ==== config(25 keys) ==== 1007+0+0 (secure 0 0 0) 0x7f9298037440 con 0x7f92a81077e0
2026-03-09T14:05:25.889 INFO:teuthology.orchestra.run.vm00.stdout:/usr/bin/ceph: stderr
2026-03-09T14:05:25.724+0000 7f9297fff640 1 -- 192.168.123.100:0/192998325 <== mon.0 v2:192.168.123.100:3300/0 3 ==== mon_map magic: 0 ==== 205+0+0 (secure 0 0 0) 0x7f92980354d0 con 0x7f92a81077e0
2026-03-09T14:05:25.889 INFO:teuthology.orchestra.run.vm00.stdout:/usr/bin/ceph: stderr
2026-03-09T14:05:25.724+0000 7f92af3a4640 1 -- 192.168.123.100:0/192998325 >> [v2:192.168.123.100:3300/0,v1:192.168.123.100:6789/0] conn(0x7f92a81077e0 msgr2=0x7f92a8107be0 secure :-1 s=STATE_CONNECTION_ESTABLISHED l=1).mark_down
2026-03-09T14:05:25.889 INFO:teuthology.orchestra.run.vm00.stdout:/usr/bin/ceph: stderr
2026-03-09T14:05:25.724+0000 7f92af3a4640 1 --2- 192.168.123.100:0/192998325 >> [v2:192.168.123.100:3300/0,v1:192.168.123.100:6789/0] conn(0x7f92a81077e0 0x7f92a8107be0 secure :-1 s=READY pgs=49 cs=0 l=1 rev1=1 crypto rx=0x7f9298009920 tx=0x7f929802ef20 comp rx=0 tx=0).stop
2026-03-09T14:05:25.889 INFO:teuthology.orchestra.run.vm00.stdout:/usr/bin/ceph: stderr
2026-03-09T14:05:25.724+0000 7f92af3a4640 1 -- 192.168.123.100:0/192998325 shutdown_connections
2026-03-09T14:05:25.889 INFO:teuthology.orchestra.run.vm00.stdout:/usr/bin/ceph: stderr
2026-03-09T14:05:25.724+0000 7f92af3a4640 1 --2- 192.168.123.100:0/192998325 >> [v2:192.168.123.100:3300/0,v1:192.168.123.100:6789/0] conn(0x7f92a81077e0 0x7f92a8107be0 unknown :-1 s=CLOSED pgs=49 cs=0 l=1 rev1=1 crypto rx=0 tx=0 comp rx=0 tx=0).stop
2026-03-09T14:05:25.890 INFO:teuthology.orchestra.run.vm00.stdout:/usr/bin/ceph: stderr
2026-03-09T14:05:25.724+0000 7f92af3a4640 1 -- 192.168.123.100:0/192998325 >> 192.168.123.100:0/192998325 conn(0x7f92a8102f70 msgr2=0x7f92a81053b0 unknown :-1 s=STATE_NONE l=0).mark_down
2026-03-09T14:05:25.890 INFO:teuthology.orchestra.run.vm00.stdout:/usr/bin/ceph: stderr
2026-03-09T14:05:25.724+0000 7f92af3a4640 1 -- 192.168.123.100:0/192998325 shutdown_connections
2026-03-09T14:05:25.890 INFO:teuthology.orchestra.run.vm00.stdout:/usr/bin/ceph: stderr
2026-03-09T14:05:25.724+0000 7f92af3a4640 1 -- 192.168.123.100:0/192998325 wait complete.
2026-03-09T14:05:25.890 INFO:teuthology.orchestra.run.vm00.stdout:/usr/bin/ceph: stderr
2026-03-09T14:05:25.724+0000 7f92af3a4640 1 Processor -- start
2026-03-09T14:05:25.890 INFO:teuthology.orchestra.run.vm00.stdout:/usr/bin/ceph: stderr
2026-03-09T14:05:25.724+0000 7f92af3a4640 1 -- start start
2026-03-09T14:05:25.890 INFO:teuthology.orchestra.run.vm00.stdout:/usr/bin/ceph: stderr
2026-03-09T14:05:25.724+0000 7f92af3a4640 1 --2- >> [v2:192.168.123.100:3300/0,v1:192.168.123.100:6789/0] conn(0x7f92a81077e0 0x7f92a819f8f0 unknown :-1 s=NONE pgs=0 cs=0 l=1 rev1=0 crypto rx=0 tx=0 comp rx=0 tx=0).connect
2026-03-09T14:05:25.890 INFO:teuthology.orchestra.run.vm00.stdout:/usr/bin/ceph: stderr
2026-03-09T14:05:25.724+0000 7f92af3a4640 1 -- --> [v2:192.168.123.100:3300/0,v1:192.168.123.100:6789/0] -- mon_getmap magic: 0 -- 0x7f92a810bbc0 con 0x7f92a81077e0
2026-03-09T14:05:25.890 INFO:teuthology.orchestra.run.vm00.stdout:/usr/bin/ceph: stderr
2026-03-09T14:05:25.724+0000 7f92ad119640 1 --2- >> [v2:192.168.123.100:3300/0,v1:192.168.123.100:6789/0] conn(0x7f92a81077e0 0x7f92a819f8f0 unknown :-1 s=BANNER_CONNECTING pgs=0 cs=0 l=1 rev1=0 crypto rx=0 tx=0 comp rx=0 tx=0)._handle_peer_banner_payload supported=3 required=0
2026-03-09T14:05:25.890 INFO:teuthology.orchestra.run.vm00.stdout:/usr/bin/ceph: stderr
2026-03-09T14:05:25.724+0000 7f92ad119640 1 --2- >> [v2:192.168.123.100:3300/0,v1:192.168.123.100:6789/0] conn(0x7f92a81077e0 0x7f92a819f8f0 unknown :-1 s=HELLO_CONNECTING pgs=0 cs=0 l=1 rev1=1 crypto rx=0 tx=0 comp rx=0 tx=0).handle_hello peer v2:192.168.123.100:3300/0 says I am v2:192.168.123.100:47638/0 (socket says 192.168.123.100:47638)
2026-03-09T14:05:25.890 INFO:teuthology.orchestra.run.vm00.stdout:/usr/bin/ceph: stderr
2026-03-09T14:05:25.724+0000 7f92ad119640 1 -- 192.168.123.100:0/231399142 learned_addr learned my addr 192.168.123.100:0/231399142 (peer_addr_for_me v2:192.168.123.100:0/0)
2026-03-09T14:05:25.890 INFO:teuthology.orchestra.run.vm00.stdout:/usr/bin/ceph: stderr
2026-03-09T14:05:25.724+0000 7f92ad119640 1 -- 192.168.123.100:0/231399142 --> [v2:192.168.123.100:3300/0,v1:192.168.123.100:6789/0] -- mon_subscribe({config=0+,monmap=0+}) -- 0x7f92a819fe30 con 0x7f92a81077e0
2026-03-09T14:05:25.890 INFO:teuthology.orchestra.run.vm00.stdout:/usr/bin/ceph: stderr
2026-03-09T14:05:25.728+0000 7f92ad119640 1 --2- 192.168.123.100:0/231399142 >> [v2:192.168.123.100:3300/0,v1:192.168.123.100:6789/0] conn(0x7f92a81077e0 0x7f92a819f8f0 secure :-1 s=READY pgs=50 cs=0 l=1 rev1=1 crypto rx=0x7f9298035a20 tx=0x7f9298035a50 comp rx=0 tx=0).ready entity=mon.0 client_cookie=0 server_cookie=0 in_seq=0 out_seq=0
2026-03-09T14:05:25.890 INFO:teuthology.orchestra.run.vm00.stdout:/usr/bin/ceph: stderr
2026-03-09T14:05:25.728+0000 7f92967fc640 1 -- 192.168.123.100:0/231399142 <== mon.0 v2:192.168.123.100:3300/0 1 ==== mon_map magic: 0 ==== 205+0+0 (secure 0 0 0) 0x7f9298045070 con 0x7f92a81077e0
2026-03-09T14:05:25.890 INFO:teuthology.orchestra.run.vm00.stdout:/usr/bin/ceph: stderr
2026-03-09T14:05:25.728+0000 7f92967fc640 1 -- 192.168.123.100:0/231399142 <== mon.0 v2:192.168.123.100:3300/0 2 ==== config(25 keys) ==== 1007+0+0 (secure 0 0 0) 0x7f929802fe00 con 0x7f92a81077e0
2026-03-09T14:05:25.890 INFO:teuthology.orchestra.run.vm00.stdout:/usr/bin/ceph: stderr
2026-03-09T14:05:25.728+0000 7f92967fc640 1 -- 192.168.123.100:0/231399142 <== mon.0 v2:192.168.123.100:3300/0 3 ==== mon_map magic: 0 ==== 205+0+0 (secure 0 0 0) 0x7f929803c070 con 0x7f92a81077e0
2026-03-09T14:05:25.890 INFO:teuthology.orchestra.run.vm00.stdout:/usr/bin/ceph: stderr
2026-03-09T14:05:25.728+0000 7f92af3a4640 1 -- 192.168.123.100:0/231399142 --> [v2:192.168.123.100:3300/0,v1:192.168.123.100:6789/0] -- mon_subscribe({mgrmap=0+}) -- 0x7f92a81a00c0 con 0x7f92a81077e0
2026-03-09T14:05:25.890 INFO:teuthology.orchestra.run.vm00.stdout:/usr/bin/ceph: stderr
2026-03-09T14:05:25.728+0000 7f92af3a4640 1 -- 192.168.123.100:0/231399142 --> [v2:192.168.123.100:3300/0,v1:192.168.123.100:6789/0] -- mon_subscribe({osdmap=0}) -- 0x7f92a81a04e0 con 0x7f92a81077e0
2026-03-09T14:05:25.890 INFO:teuthology.orchestra.run.vm00.stdout:/usr/bin/ceph: stderr
2026-03-09T14:05:25.728+0000 7f92967fc640 1 -- 192.168.123.100:0/231399142 <== mon.0 v2:192.168.123.100:3300/0 4 ==== mgrmap(e 7) ==== 50247+0+0 (secure 0 0 0) 0x7f929804a430 con 0x7f92a81077e0
2026-03-09T14:05:25.890 INFO:teuthology.orchestra.run.vm00.stdout:/usr/bin/ceph: stderr
2026-03-09T14:05:25.728+0000 7f92967fc640 1 --2- 192.168.123.100:0/231399142 >> [v2:192.168.123.100:6800/2528524255,v1:192.168.123.100:6801/2528524255] conn(0x7f928003dc40 0x7f9280040100 unknown :-1 s=NONE pgs=0 cs=0 l=1 rev1=0 crypto rx=0 tx=0 comp rx=0 tx=0).connect
2026-03-09T14:05:25.890 INFO:teuthology.orchestra.run.vm00.stdout:/usr/bin/ceph: stderr
2026-03-09T14:05:25.728+0000 7f92967fc640 1 -- 192.168.123.100:0/231399142 <== mon.0 v2:192.168.123.100:3300/0 5 ==== osd_map(2..2 src has 1..2) ==== 940+0+0 (secure 0 0 0) 0x7f92980778d0 con 0x7f92a81077e0
2026-03-09T14:05:25.890 INFO:teuthology.orchestra.run.vm00.stdout:/usr/bin/ceph: stderr
2026-03-09T14:05:25.728+0000 7f92ac918640 1 --2- 192.168.123.100:0/231399142 >> [v2:192.168.123.100:6800/2528524255,v1:192.168.123.100:6801/2528524255] conn(0x7f928003dc40 0x7f9280040100 unknown :-1 s=BANNER_CONNECTING pgs=0 cs=0 l=1 rev1=0 crypto rx=0 tx=0 comp rx=0 tx=0)._handle_peer_banner_payload supported=3 required=0
2026-03-09T14:05:25.890 INFO:teuthology.orchestra.run.vm00.stdout:/usr/bin/ceph: stderr
2026-03-09T14:05:25.728+0000 7f92ac918640 1 --2- 192.168.123.100:0/231399142 >> [v2:192.168.123.100:6800/2528524255,v1:192.168.123.100:6801/2528524255] conn(0x7f928003dc40 0x7f9280040100 secure :-1 s=READY pgs=14 cs=0 l=1 rev1=1 crypto rx=0x7f929c0099c0 tx=0x7f929c006eb0 comp rx=0 tx=0).ready entity=mgr.14118 client_cookie=0 server_cookie=0 in_seq=0 out_seq=0
2026-03-09T14:05:25.890 INFO:teuthology.orchestra.run.vm00.stdout:/usr/bin/ceph: stderr
2026-03-09T14:05:25.728+0000 7f92af3a4640 1 -- 192.168.123.100:0/231399142 --> [v2:192.168.123.100:3300/0,v1:192.168.123.100:6789/0] -- mon_command({"prefix": "get_command_descriptions"} v 0) -- 0x7f9270005390 con 0x7f92a81077e0
2026-03-09T14:05:25.890 INFO:teuthology.orchestra.run.vm00.stdout:/usr/bin/ceph: stderr
2026-03-09T14:05:25.732+0000 7f92967fc640 1 -- 192.168.123.100:0/231399142 <== mon.0 v2:192.168.123.100:3300/0 6 ==== mon_command_ack([{"prefix": "get_command_descriptions"}]=0 v0) ==== 72+0+195034 (secure 0 0 0) 0x7f9298033200 con 0x7f92a81077e0
2026-03-09T14:05:25.890 INFO:teuthology.orchestra.run.vm00.stdout:/usr/bin/ceph: stderr
2026-03-09T14:05:25.832+0000 7f92af3a4640 1 -- 192.168.123.100:0/231399142 --> [v2:192.168.123.100:3300/0,v1:192.168.123.100:6789/0] -- mon_command([{prefix=config set, name=mgr/cephadm/container_init}] v 0) -- 0x7f9270005680 con 0x7f92a81077e0
2026-03-09T14:05:25.890 INFO:teuthology.orchestra.run.vm00.stdout:/usr/bin/ceph: stderr
2026-03-09T14:05:25.836+0000 7f92967fc640 1 -- 192.168.123.100:0/231399142 <== mon.0 v2:192.168.123.100:3300/0 7 ==== mon_command_ack([{prefix=config set, name=mgr/cephadm/container_init}]=0 v6)=0 v6) ==== 142+0+0 (secure 0 0 0) 0x7f9298077220 con 0x7f92a81077e0
2026-03-09T14:05:25.890 INFO:teuthology.orchestra.run.vm00.stdout:/usr/bin/ceph: stderr
2026-03-09T14:05:25.844+0000 7f92af3a4640 1 -- 192.168.123.100:0/231399142 >> [v2:192.168.123.100:6800/2528524255,v1:192.168.123.100:6801/2528524255] conn(0x7f928003dc40 msgr2=0x7f9280040100 secure :-1 s=STATE_CONNECTION_ESTABLISHED l=1).mark_down
2026-03-09T14:05:25.890 INFO:teuthology.orchestra.run.vm00.stdout:/usr/bin/ceph: stderr
2026-03-09T14:05:25.844+0000 7f92af3a4640 1 --2- 192.168.123.100:0/231399142 >> [v2:192.168.123.100:6800/2528524255,v1:192.168.123.100:6801/2528524255] conn(0x7f928003dc40 0x7f9280040100 secure :-1 s=READY pgs=14 cs=0 l=1 rev1=1 crypto rx=0x7f929c0099c0 tx=0x7f929c006eb0 comp rx=0 tx=0).stop
2026-03-09T14:05:25.890 INFO:teuthology.orchestra.run.vm00.stdout:/usr/bin/ceph: stderr
2026-03-09T14:05:25.844+0000 7f92af3a4640 1 -- 192.168.123.100:0/231399142 >> [v2:192.168.123.100:3300/0,v1:192.168.123.100:6789/0] conn(0x7f92a81077e0 msgr2=0x7f92a819f8f0 secure :-1 s=STATE_CONNECTION_ESTABLISHED l=1).mark_down
2026-03-09T14:05:25.890 INFO:teuthology.orchestra.run.vm00.stdout:/usr/bin/ceph: stderr
2026-03-09T14:05:25.844+0000 7f92af3a4640 1 --2- 192.168.123.100:0/231399142 >> [v2:192.168.123.100:3300/0,v1:192.168.123.100:6789/0] conn(0x7f92a81077e0 0x7f92a819f8f0 secure :-1 s=READY pgs=50 cs=0 l=1 rev1=1 crypto rx=0x7f9298035a20 tx=0x7f9298035a50 comp rx=0 tx=0).stop
2026-03-09T14:05:25.890 INFO:teuthology.orchestra.run.vm00.stdout:/usr/bin/ceph: stderr
2026-03-09T14:05:25.844+0000 7f92af3a4640 1 -- 192.168.123.100:0/231399142 shutdown_connections
2026-03-09T14:05:25.890 INFO:teuthology.orchestra.run.vm00.stdout:/usr/bin/ceph: stderr
2026-03-09T14:05:25.844+0000 7f92af3a4640 1 --2- 192.168.123.100:0/231399142 >> [v2:192.168.123.100:6800/2528524255,v1:192.168.123.100:6801/2528524255] conn(0x7f928003dc40 0x7f9280040100 unknown :-1 s=CLOSED pgs=14 cs=0 l=1 rev1=1 crypto rx=0 tx=0 comp rx=0 tx=0).stop
2026-03-09T14:05:25.890 INFO:teuthology.orchestra.run.vm00.stdout:/usr/bin/ceph: stderr
2026-03-09T14:05:25.844+0000 7f92af3a4640 1 --2- 192.168.123.100:0/231399142 >> [v2:192.168.123.100:3300/0,v1:192.168.123.100:6789/0] conn(0x7f92a81077e0 0x7f92a819f8f0 unknown :-1 s=CLOSED pgs=50 cs=0 l=1 rev1=1 crypto rx=0 tx=0 comp rx=0 tx=0).stop
2026-03-09T14:05:25.890 INFO:teuthology.orchestra.run.vm00.stdout:/usr/bin/ceph: stderr
2026-03-09T14:05:25.844+0000 7f92af3a4640 1 -- 192.168.123.100:0/231399142 >> 192.168.123.100:0/231399142 conn(0x7f92a8102f70 msgr2=0x7f92a8103aa0 unknown :-1 s=STATE_NONE l=0).mark_down
2026-03-09T14:05:25.890 INFO:teuthology.orchestra.run.vm00.stdout:/usr/bin/ceph: stderr
2026-03-09T14:05:25.844+0000 7f92af3a4640 1 -- 192.168.123.100:0/231399142 shutdown_connections
2026-03-09T14:05:25.890 INFO:teuthology.orchestra.run.vm00.stdout:/usr/bin/ceph: stderr
2026-03-09T14:05:25.844+0000 7f92af3a4640 1 -- 192.168.123.100:0/231399142 wait complete.
2026-03-09T14:05:26.121 INFO:journalctl@ceph.mon.a.vm00.stdout:Mar 09 14:05:25 vm00 bash[20879]: audit
2026-03-09T14:05:24.902241+0000 mon.a (mon.0) 60 : audit [INF] from='mgr.14118 192.168.123.100:0/2917185732' entity='mgr.x'
2026-03-09T14:05:26.121 INFO:journalctl@ceph.mon.a.vm00.stdout:Mar 09 14:05:25 vm00 bash[20879]: audit
2026-03-09T14:05:24.902241+0000 mon.a (mon.0) 60 : audit [INF] from='mgr.14118 192.168.123.100:0/2917185732' entity='mgr.x'
2026-03-09T14:05:26.121 INFO:journalctl@ceph.mon.a.vm00.stdout:Mar 09 14:05:25 vm00 bash[20879]: cephadm
2026-03-09T14:05:24.902730+0000 mgr.x (mgr.14118) 16 : cephadm [INF] Added host vm00
2026-03-09T14:05:26.121 INFO:journalctl@ceph.mon.a.vm00.stdout:Mar 09 14:05:25 vm00 bash[20879]: cephadm
2026-03-09T14:05:24.902730+0000 mgr.x (mgr.14118) 16 : cephadm [INF] Added host vm00
2026-03-09T14:05:26.121 INFO:journalctl@ceph.mon.a.vm00.stdout:Mar 09 14:05:25 vm00 bash[20879]: audit
2026-03-09T14:05:24.903055+0000 mon.a (mon.0) 61 : audit [DBG] from='mgr.14118 192.168.123.100:0/2917185732' entity='mgr.x' cmd=[{"prefix": "config dump", "format": "json"}]: dispatch
2026-03-09T14:05:26.121 INFO:journalctl@ceph.mon.a.vm00.stdout:Mar 09 14:05:25 vm00 bash[20879]: audit
2026-03-09T14:05:24.903055+0000 mon.a (mon.0) 61 : audit [DBG] from='mgr.14118 192.168.123.100:0/2917185732' entity='mgr.x' cmd=[{"prefix": "config dump", "format": "json"}]: dispatch
2026-03-09T14:05:26.121 INFO:journalctl@ceph.mon.a.vm00.stdout:Mar 09 14:05:25 vm00 bash[20879]: audit
2026-03-09T14:05:25.269374+0000 mon.a (mon.0) 62 : audit [INF] from='mgr.14118 192.168.123.100:0/2917185732' entity='mgr.x'
2026-03-09T14:05:26.121 INFO:journalctl@ceph.mon.a.vm00.stdout:Mar 09 14:05:25 vm00 bash[20879]: audit
2026-03-09T14:05:25.269374+0000 mon.a (mon.0) 62 : audit [INF] from='mgr.14118 192.168.123.100:0/2917185732' entity='mgr.x'
2026-03-09T14:05:26.121 INFO:journalctl@ceph.mon.a.vm00.stdout:Mar 09 14:05:25 vm00 bash[20879]: audit
2026-03-09T14:05:25.551657+0000 mon.a (mon.0) 63 : audit [INF] from='mgr.14118 192.168.123.100:0/2917185732' entity='mgr.x'
2026-03-09T14:05:26.121 INFO:journalctl@ceph.mon.a.vm00.stdout:Mar 09 14:05:25 vm00 bash[20879]: audit
2026-03-09T14:05:25.551657+0000 mon.a (mon.0) 63 : audit [INF] from='mgr.14118 192.168.123.100:0/2917185732' entity='mgr.x'
2026-03-09T14:05:26.121 INFO:journalctl@ceph.mon.a.vm00.stdout:Mar 09 14:05:25 vm00 bash[20879]: audit
2026-03-09T14:05:25.841946+0000 mon.a (mon.0) 64 : audit [INF] from='client.? 192.168.123.100:0/231399142' entity='client.admin'
2026-03-09T14:05:26.121 INFO:journalctl@ceph.mon.a.vm00.stdout:Mar 09 14:05:25 vm00 bash[20879]: audit
2026-03-09T14:05:25.841946+0000 mon.a (mon.0) 64 : audit [INF] from='client.? 192.168.123.100:0/231399142' entity='client.admin'
2026-03-09T14:05:26.154 INFO:teuthology.orchestra.run.vm00.stdout:/usr/bin/ceph: stderr
2026-03-09T14:05:26.000+0000 7f47fc8cc640 1 Processor -- start
2026-03-09T14:05:26.155 INFO:teuthology.orchestra.run.vm00.stdout:/usr/bin/ceph: stderr
2026-03-09T14:05:26.000+0000 7f47fc8cc640 1 -- start start
2026-03-09T14:05:26.155 INFO:teuthology.orchestra.run.vm00.stdout:/usr/bin/ceph: stderr
2026-03-09T14:05:26.000+0000 7f47fc8cc640 1 --2- >> [v2:192.168.123.100:3300/0,v1:192.168.123.100:6789/0] conn(0x7f47f8109ac0 0x7f47f8109ec0 unknown :-1 s=NONE pgs=0 cs=0 l=0 rev1=0 crypto rx=0 tx=0 comp rx=0 tx=0).connect
2026-03-09T14:05:26.155 INFO:teuthology.orchestra.run.vm00.stdout:/usr/bin/ceph: stderr
2026-03-09T14:05:26.000+0000 7f47fc8cc640 1 -- --> [v2:192.168.123.100:3300/0,v1:192.168.123.100:6789/0] -- mon_getmap magic: 0 -- 0x7f47f810a490 con 0x7f47f8109ac0
2026-03-09T14:05:26.155 INFO:teuthology.orchestra.run.vm00.stdout:/usr/bin/ceph: stderr
2026-03-09T14:05:26.000+0000 7f47f6d76640 1 --2- >> [v2:192.168.123.100:3300/0,v1:192.168.123.100:6789/0] conn(0x7f47f8109ac0 0x7f47f8109ec0 unknown :-1 s=BANNER_CONNECTING pgs=0 cs=0 l=0 rev1=0 crypto rx=0 tx=0 comp rx=0 tx=0)._handle_peer_banner_payload supported=3 required=0
2026-03-09T14:05:26.155 INFO:teuthology.orchestra.run.vm00.stdout:/usr/bin/ceph: stderr
2026-03-09T14:05:26.000+0000 7f47f6d76640 1 --2- >> [v2:192.168.123.100:3300/0,v1:192.168.123.100:6789/0] conn(0x7f47f8109ac0 0x7f47f8109ec0 unknown :-1 s=HELLO_CONNECTING pgs=0 cs=0 l=0 rev1=1 crypto rx=0 tx=0 comp rx=0 tx=0).handle_hello peer v2:192.168.123.100:3300/0 says I am v2:192.168.123.100:47642/0 (socket says 192.168.123.100:47642)
2026-03-09T14:05:26.155 INFO:teuthology.orchestra.run.vm00.stdout:/usr/bin/ceph: stderr
2026-03-09T14:05:26.000+0000 7f47f6d76640 1 -- 192.168.123.100:0/3796097361 learned_addr learned my addr 192.168.123.100:0/3796097361 (peer_addr_for_me v2:192.168.123.100:0/0)
2026-03-09T14:05:26.155 INFO:teuthology.orchestra.run.vm00.stdout:/usr/bin/ceph: stderr
2026-03-09T14:05:26.000+0000 7f47f6d76640 1 -- 192.168.123.100:0/3796097361 --> [v2:192.168.123.100:3300/0,v1:192.168.123.100:6789/0] -- mon_subscribe({config=0+,monmap=0+}) -- 0x7f47f810a930 con 0x7f47f8109ac0
2026-03-09T14:05:26.156 INFO:teuthology.orchestra.run.vm00.stdout:/usr/bin/ceph: stderr
2026-03-09T14:05:26.000+0000 7f47f6d76640 1 --2- 192.168.123.100:0/3796097361 >> [v2:192.168.123.100:3300/0,v1:192.168.123.100:6789/0] conn(0x7f47f8109ac0 0x7f47f8109ec0 secure :-1 s=READY pgs=51 cs=0 l=1 rev1=1 crypto rx=0x7f47e0009b80 tx=0x7f47e002f190 comp rx=0 tx=0).ready entity=mon.0 client_cookie=53bca2883bb43173 server_cookie=0 in_seq=0 out_seq=0
2026-03-09T14:05:26.156 INFO:teuthology.orchestra.run.vm00.stdout:/usr/bin/ceph: stderr
2026-03-09T14:05:26.000+0000 7f47f5d74640 1 -- 192.168.123.100:0/3796097361 <== mon.0 v2:192.168.123.100:3300/0 1 ==== mon_map magic: 0 ==== 205+0+0 (secure 0 0 0) 0x7f47e003c070 con 0x7f47f8109ac0
2026-03-09T14:05:26.156 INFO:teuthology.orchestra.run.vm00.stdout:/usr/bin/ceph: stderr
2026-03-09T14:05:26.000+0000 7f47f5d74640 1 -- 192.168.123.100:0/3796097361 <== mon.0 v2:192.168.123.100:3300/0 2 ==== config(25 keys) ==== 1007+0+0 (secure 0 0 0) 0x7f47e0037440 con 0x7f47f8109ac0
2026-03-09T14:05:26.156 INFO:teuthology.orchestra.run.vm00.stdout:/usr/bin/ceph: stderr
2026-03-09T14:05:26.000+0000 7f47fc8cc640 1 -- 192.168.123.100:0/3796097361 >> [v2:192.168.123.100:3300/0,v1:192.168.123.100:6789/0] conn(0x7f47f8109ac0 msgr2=0x7f47f8109ec0 secure :-1 s=STATE_CONNECTION_ESTABLISHED l=1).mark_down
2026-03-09T14:05:26.156 INFO:teuthology.orchestra.run.vm00.stdout:/usr/bin/ceph: stderr
2026-03-09T14:05:26.000+0000 7f47fc8cc640 1 --2- 192.168.123.100:0/3796097361 >> [v2:192.168.123.100:3300/0,v1:192.168.123.100:6789/0] conn(0x7f47f8109ac0 0x7f47f8109ec0 secure :-1 s=READY pgs=51 cs=0 l=1 rev1=1 crypto rx=0x7f47e0009b80 tx=0x7f47e002f190 comp rx=0 tx=0).stop
2026-03-09T14:05:26.156 INFO:teuthology.orchestra.run.vm00.stdout:/usr/bin/ceph: stderr
2026-03-09T14:05:26.000+0000 7f47fc8cc640 1 -- 192.168.123.100:0/3796097361 shutdown_connections
2026-03-09T14:05:26.156 INFO:teuthology.orchestra.run.vm00.stdout:/usr/bin/ceph: stderr
2026-03-09T14:05:26.000+0000 7f47fc8cc640 1 --2- 192.168.123.100:0/3796097361 >> [v2:192.168.123.100:3300/0,v1:192.168.123.100:6789/0] conn(0x7f47f8109ac0 0x7f47f8109ec0 unknown :-1 s=CLOSED pgs=51 cs=0 l=1 rev1=1 crypto rx=0 tx=0 comp rx=0 tx=0).stop
2026-03-09T14:05:26.156 INFO:teuthology.orchestra.run.vm00.stdout:/usr/bin/ceph: stderr
2026-03-09T14:05:26.000+0000 7f47fc8cc640 1 -- 192.168.123.100:0/3796097361 >> 192.168.123.100:0/3796097361 conn(0x7f47f807cc00 msgr2=0x7f47f807d050 unknown :-1 s=STATE_NONE l=0).mark_down
2026-03-09T14:05:26.156 INFO:teuthology.orchestra.run.vm00.stdout:/usr/bin/ceph: stderr
2026-03-09T14:05:26.000+0000 7f47fc8cc640 1 -- 192.168.123.100:0/3796097361 shutdown_connections
2026-03-09T14:05:26.156 INFO:teuthology.orchestra.run.vm00.stdout:/usr/bin/ceph: stderr
2026-03-09T14:05:26.000+0000 7f47fc8cc640 1 -- 192.168.123.100:0/3796097361 wait complete.
2026-03-09T14:05:26.156 INFO:teuthology.orchestra.run.vm00.stdout:/usr/bin/ceph: stderr
2026-03-09T14:05:26.000+0000 7f47fc8cc640 1 Processor -- start
2026-03-09T14:05:26.156 INFO:teuthology.orchestra.run.vm00.stdout:/usr/bin/ceph: stderr
2026-03-09T14:05:26.000+0000 7f47fc8cc640 1 -- start start
2026-03-09T14:05:26.156 INFO:teuthology.orchestra.run.vm00.stdout:/usr/bin/ceph: stderr
2026-03-09T14:05:26.000+0000 7f47fc8cc640 1 --2- >> [v2:192.168.123.100:3300/0,v1:192.168.123.100:6789/0] conn(0x7f47f8109ac0 0x7f47f8081c80 unknown :-1 s=NONE pgs=0 cs=0 l=1 rev1=0 crypto rx=0 tx=0 comp rx=0 tx=0).connect
2026-03-09T14:05:26.156 INFO:teuthology.orchestra.run.vm00.stdout:/usr/bin/ceph: stderr
2026-03-09T14:05:26.000+0000 7f47fc8cc640 1 -- --> [v2:192.168.123.100:3300/0,v1:192.168.123.100:6789/0] -- mon_getmap magic: 0 -- 0x7f47f810db60 con 0x7f47f8109ac0
2026-03-09T14:05:26.156 INFO:teuthology.orchestra.run.vm00.stdout:/usr/bin/ceph: stderr
2026-03-09T14:05:26.000+0000 7f47f6d76640 1 --2- >> [v2:192.168.123.100:3300/0,v1:192.168.123.100:6789/0] conn(0x7f47f8109ac0 0x7f47f8081c80 unknown :-1 s=BANNER_CONNECTING pgs=0 cs=0 l=1 rev1=0 crypto rx=0 tx=0 comp rx=0 tx=0)._handle_peer_banner_payload supported=3 required=0
2026-03-09T14:05:26.156 INFO:teuthology.orchestra.run.vm00.stdout:/usr/bin/ceph: stderr
2026-03-09T14:05:26.000+0000 7f47f6d76640 1 --2- >> [v2:192.168.123.100:3300/0,v1:192.168.123.100:6789/0] conn(0x7f47f8109ac0 0x7f47f8081c80 unknown :-1 s=HELLO_CONNECTING pgs=0 cs=0 l=1 rev1=1 crypto rx=0 tx=0 comp rx=0 tx=0).handle_hello peer v2:192.168.123.100:3300/0 says I am v2:192.168.123.100:47658/0 (socket says 192.168.123.100:47658)
2026-03-09T14:05:26.156 INFO:teuthology.orchestra.run.vm00.stdout:/usr/bin/ceph: stderr
2026-03-09T14:05:26.000+0000 7f47f6d76640 1 -- 192.168.123.100:0/1019746563 learned_addr learned my addr 192.168.123.100:0/1019746563 (peer_addr_for_me v2:192.168.123.100:0/0)
2026-03-09T14:05:26.156 INFO:teuthology.orchestra.run.vm00.stdout:/usr/bin/ceph: stderr
2026-03-09T14:05:26.004+0000 7f47f6d76640 1 -- 192.168.123.100:0/1019746563 --> [v2:192.168.123.100:3300/0,v1:192.168.123.100:6789/0] -- mon_subscribe({config=0+,monmap=0+}) -- 0x7f47f80821c0 con 0x7f47f8109ac0
2026-03-09T14:05:26.156 INFO:teuthology.orchestra.run.vm00.stdout:/usr/bin/ceph: stderr
2026-03-09T14:05:26.004+0000 7f47f6d76640 1 --2- 192.168.123.100:0/1019746563 >> [v2:192.168.123.100:3300/0,v1:192.168.123.100:6789/0] conn(0x7f47f8109ac0 0x7f47f8081c80 secure :-1 s=READY pgs=52 cs=0 l=1 rev1=1 crypto rx=0x7f47e002f6c0 tx=0x7f47e0003940 comp rx=0 tx=0).ready entity=mon.0 client_cookie=0 server_cookie=0 in_seq=0 out_seq=0
2026-03-09T14:05:26.156 INFO:teuthology.orchestra.run.vm00.stdout:/usr/bin/ceph: stderr
2026-03-09T14:05:26.004+0000 7f47d7fff640 1 -- 192.168.123.100:0/1019746563 <== mon.0 v2:192.168.123.100:3300/0 1 ==== mon_map magic: 0 ==== 205+0+0 (secure 0 0 0) 0x7f47e0046020 con 0x7f47f8109ac0
2026-03-09T14:05:26.156 INFO:teuthology.orchestra.run.vm00.stdout:/usr/bin/ceph: stderr
2026-03-09T14:05:26.004+0000 7f47d7fff640 1 -- 192.168.123.100:0/1019746563 <== mon.0 v2:192.168.123.100:3300/0 2 ==== config(25 keys) ==== 1007+0+0 (secure 0 0 0) 0x7f47e0003c70 con 0x7f47f8109ac0
2026-03-09T14:05:26.156 INFO:teuthology.orchestra.run.vm00.stdout:/usr/bin/ceph: stderr
2026-03-09T14:05:26.004+0000 7f47d7fff640 1 -- 192.168.123.100:0/1019746563 <== mon.0 v2:192.168.123.100:3300/0 3 ==== mon_map magic: 0 ==== 205+0+0 (secure 0 0 0) 0x7f47e003c040 con 0x7f47f8109ac0
2026-03-09T14:05:26.156 INFO:teuthology.orchestra.run.vm00.stdout:/usr/bin/ceph: stderr
2026-03-09T14:05:26.004+0000 7f47fc8cc640 1 -- 192.168.123.100:0/1019746563 --> [v2:192.168.123.100:3300/0,v1:192.168.123.100:6789/0] -- mon_subscribe({mgrmap=0+}) -- 0x7f47f8082450 con 0x7f47f8109ac0
2026-03-09T14:05:26.156 INFO:teuthology.orchestra.run.vm00.stdout:/usr/bin/ceph: stderr
2026-03-09T14:05:26.004+0000 7f47fc8cc640 1 -- 192.168.123.100:0/1019746563 --> [v2:192.168.123.100:3300/0,v1:192.168.123.100:6789/0] -- mon_subscribe({osdmap=0}) -- 0x7f47f807e7c0 con 0x7f47f8109ac0
2026-03-09T14:05:26.156 INFO:teuthology.orchestra.run.vm00.stdout:/usr/bin/ceph: stderr
2026-03-09T14:05:26.004+0000 7f47d7fff640 1 -- 192.168.123.100:0/1019746563 <== mon.0 v2:192.168.123.100:3300/0 4 ==== mgrmap(e 7) ==== 50247+0+0 (secure 0 0 0) 0x7f47e0035cd0 con 0x7f47f8109ac0
2026-03-09T14:05:26.156 INFO:teuthology.orchestra.run.vm00.stdout:/usr/bin/ceph: stderr
2026-03-09T14:05:26.004+0000 7f47fc8cc640 1 -- 192.168.123.100:0/1019746563 --> [v2:192.168.123.100:3300/0,v1:192.168.123.100:6789/0] -- mon_command({"prefix": "get_command_descriptions"} v 0) -- 0x7f47bc005390 con 0x7f47f8109ac0
2026-03-09T14:05:26.156 INFO:teuthology.orchestra.run.vm00.stdout:/usr/bin/ceph: stderr
2026-03-09T14:05:26.008+0000 7f47d7fff640 1 --2- 192.168.123.100:0/1019746563 >> [v2:192.168.123.100:6800/2528524255,v1:192.168.123.100:6801/2528524255] conn(0x7f47cc03d880 0x7f47cc03fd40 unknown :-1 s=NONE pgs=0 cs=0 l=1 rev1=0 crypto rx=0 tx=0 comp rx=0 tx=0).connect
2026-03-09T14:05:26.156 INFO:teuthology.orchestra.run.vm00.stdout:/usr/bin/ceph: stderr
2026-03-09T14:05:26.008+0000 7f47d7fff640 1 -- 192.168.123.100:0/1019746563 <== mon.0 v2:192.168.123.100:3300/0 5 ==== osd_map(2..2 src has 1..2) ==== 940+0+0 (secure 0 0 0) 0x7f47e0076850 con 0x7f47f8109ac0
2026-03-09T14:05:26.156 INFO:teuthology.orchestra.run.vm00.stdout:/usr/bin/ceph: stderr
2026-03-09T14:05:26.008+0000 7f47f6575640 1 --2- 192.168.123.100:0/1019746563 >> [v2:192.168.123.100:6800/2528524255,v1:192.168.123.100:6801/2528524255] conn(0x7f47cc03d880 0x7f47cc03fd40 unknown :-1 s=BANNER_CONNECTING pgs=0 cs=0 l=1 rev1=0 crypto rx=0 tx=0 comp rx=0 tx=0)._handle_peer_banner_payload supported=3 required=0
2026-03-09T14:05:26.156 INFO:teuthology.orchestra.run.vm00.stdout:/usr/bin/ceph: stderr
2026-03-09T14:05:26.008+0000 7f47f6575640 1 --2- 192.168.123.100:0/1019746563 >> [v2:192.168.123.100:6800/2528524255,v1:192.168.123.100:6801/2528524255] conn(0x7f47cc03d880 0x7f47cc03fd40 secure :-1 s=READY pgs=15 cs=0 l=1 rev1=1 crypto rx=0x7f47ec0099c0 tx=0x7f47ec006eb0 comp rx=0 tx=0).ready entity=mgr.14118 client_cookie=0 server_cookie=0 in_seq=0 out_seq=0
2026-03-09T14:05:26.156 INFO:teuthology.orchestra.run.vm00.stdout:/usr/bin/ceph: stderr
2026-03-09T14:05:26.008+0000 7f47d7fff640 1 -- 192.168.123.100:0/1019746563 <== mon.0 v2:192.168.123.100:3300/0 6 ==== mon_command_ack([{"prefix": "get_command_descriptions"}]=0 v0) ==== 72+0+195034 (secure 0 0 0) 0x7f47e00363a0 con 0x7f47f8109ac0
2026-03-09T14:05:26.156 INFO:teuthology.orchestra.run.vm00.stdout:/usr/bin/ceph: stderr
2026-03-09T14:05:26.100+0000 7f47fc8cc640 1 -- 192.168.123.100:0/1019746563 --> [v2:192.168.123.100:3300/0,v1:192.168.123.100:6789/0] -- mon_command([{prefix=config set, name=mgr/dashboard/ssl_server_port}] v 0) -- 0x7f47bc005680 con 0x7f47f8109ac0
2026-03-09T14:05:26.156 INFO:teuthology.orchestra.run.vm00.stdout:/usr/bin/ceph: stderr
2026-03-09T14:05:26.104+0000 7f47d7fff640 1 -- 192.168.123.100:0/1019746563 <== mon.0 v2:192.168.123.100:3300/0 7 ==== mon_command_ack([{prefix=config set, name=mgr/dashboard/ssl_server_port}]=0 v7)=0 v7) ==== 130+0+0 (secure 0 0 0) 0x7f47e003e2e0 con 0x7f47f8109ac0
2026-03-09T14:05:26.156 INFO:teuthology.orchestra.run.vm00.stdout:/usr/bin/ceph: stderr
2026-03-09T14:05:26.112+0000 7f47fc8cc640 1 -- 192.168.123.100:0/1019746563 >> [v2:192.168.123.100:6800/2528524255,v1:192.168.123.100:6801/2528524255] conn(0x7f47cc03d880 msgr2=0x7f47cc03fd40 secure :-1 s=STATE_CONNECTION_ESTABLISHED l=1).mark_down
2026-03-09T14:05:26.156 INFO:teuthology.orchestra.run.vm00.stdout:/usr/bin/ceph: stderr
2026-03-09T14:05:26.112+0000 7f47fc8cc640 1 --2- 192.168.123.100:0/1019746563 >> [v2:192.168.123.100:6800/2528524255,v1:192.168.123.100:6801/2528524255] conn(0x7f47cc03d880 0x7f47cc03fd40 secure :-1 s=READY pgs=15 cs=0 l=1 rev1=1 crypto rx=0x7f47ec0099c0 tx=0x7f47ec006eb0 comp rx=0 tx=0).stop
2026-03-09T14:05:26.156 INFO:teuthology.orchestra.run.vm00.stdout:/usr/bin/ceph: stderr
2026-03-09T14:05:26.112+0000 7f47fc8cc640 1 -- 192.168.123.100:0/1019746563 >> [v2:192.168.123.100:3300/0,v1:192.168.123.100:6789/0] conn(0x7f47f8109ac0 msgr2=0x7f47f8081c80 secure :-1 s=STATE_CONNECTION_ESTABLISHED l=1).mark_down
2026-03-09T14:05:26.156 INFO:teuthology.orchestra.run.vm00.stdout:/usr/bin/ceph: stderr
2026-03-09T14:05:26.112+0000 7f47fc8cc640 1 --2- 192.168.123.100:0/1019746563 >> [v2:192.168.123.100:3300/0,v1:192.168.123.100:6789/0] conn(0x7f47f8109ac0 0x7f47f8081c80 secure :-1 s=READY pgs=52 cs=0 l=1 rev1=1 crypto rx=0x7f47e002f6c0 tx=0x7f47e0003940 comp rx=0 tx=0).stop
2026-03-09T14:05:26.156 INFO:teuthology.orchestra.run.vm00.stdout:/usr/bin/ceph: stderr
2026-03-09T14:05:26.112+0000 7f47fc8cc640 1 -- 192.168.123.100:0/1019746563 shutdown_connections
2026-03-09T14:05:26.156 INFO:teuthology.orchestra.run.vm00.stdout:/usr/bin/ceph: stderr
2026-03-09T14:05:26.112+0000 7f47fc8cc640 1 --2- 192.168.123.100:0/1019746563 >> [v2:192.168.123.100:6800/2528524255,v1:192.168.123.100:6801/2528524255] conn(0x7f47cc03d880 0x7f47cc03fd40 unknown :-1 s=CLOSED pgs=15 cs=0 l=1 rev1=1 crypto rx=0 tx=0 comp rx=0 tx=0).stop
2026-03-09T14:05:26.156 INFO:teuthology.orchestra.run.vm00.stdout:/usr/bin/ceph: stderr
2026-03-09T14:05:26.112+0000 7f47fc8cc640 1 --2- 192.168.123.100:0/1019746563 >> [v2:192.168.123.100:3300/0,v1:192.168.123.100:6789/0] conn(0x7f47f8109ac0 0x7f47f8081c80 unknown :-1 s=CLOSED pgs=52 cs=0 l=1 rev1=1 crypto rx=0 tx=0 comp rx=0 tx=0).stop
2026-03-09T14:05:26.156 INFO:teuthology.orchestra.run.vm00.stdout:/usr/bin/ceph: stderr
2026-03-09T14:05:26.112+0000 7f47fc8cc640 1 -- 192.168.123.100:0/1019746563 >> 192.168.123.100:0/1019746563 conn(0x7f47f807cc00 msgr2=0x7f47f8107970 unknown :-1 s=STATE_NONE l=0).mark_down
2026-03-09T14:05:26.156 INFO:teuthology.orchestra.run.vm00.stdout:/usr/bin/ceph: stderr
