2026-03-09T14:05:22.608+0000 7f8a6a575640 1 --2- 192.168.123.100:0/2397617022 >> [v2:192.168.123.100:3300/0,v1:192.168.123.100:6789/0] conn(0x7f8a6c105dc0 0x7f8a6c1061c0 secure :-1 s=READY pgs=41 cs=0 l=1 rev1=1 crypto rx=0x7f8a6000ab00 tx=0x7f8a600303c0 comp rx=0 tx=0).ready entity=mon.0 client_cookie=fdfbe82552a02200 server_cookie=0 in_seq=0 out_seq=0
2026-03-09T14:05:22.755 INFO:teuthology.orchestra.run.vm00.stdout:/usr/bin/ceph: stderr
2026-03-09T14:05:22.608+0000 7f8a69573640 1 -- 192.168.123.100:0/2397617022 <== mon.0 v2:192.168.123.100:3300/0 1 ==== mon_map magic: 0 ==== 205+0+0 (secure 0 0 0) 0x7f8a6003d070 con 0x7f8a6c105dc0
2026-03-09T14:05:22.755 INFO:teuthology.orchestra.run.vm00.stdout:/usr/bin/ceph: stderr
2026-03-09T14:05:22.608+0000 7f8a69573640 1 -- 192.168.123.100:0/2397617022 <== mon.0 v2:192.168.123.100:3300/0 2 ==== config(25 keys) ==== 1007+0+0 (secure 0 0 0) 0x7f8a60038890 con 0x7f8a6c105dc0
2026-03-09T14:05:22.755 INFO:teuthology.orchestra.run.vm00.stdout:/usr/bin/ceph: stderr
2026-03-09T14:05:22.608+0000 7f8a70f89640 1 -- 192.168.123.100:0/2397617022 >> [v2:192.168.123.100:3300/0,v1:192.168.123.100:6789/0] conn(0x7f8a6c105dc0 msgr2=0x7f8a6c1061c0 secure :-1 s=STATE_CONNECTION_ESTABLISHED l=1).mark_down
2026-03-09T14:05:22.755 INFO:teuthology.orchestra.run.vm00.stdout:/usr/bin/ceph: stderr
2026-03-09T14:05:22.608+0000 7f8a70f89640 1 --2- 192.168.123.100:0/2397617022 >> [v2:192.168.123.100:3300/0,v1:192.168.123.100:6789/0] conn(0x7f8a6c105dc0 0x7f8a6c1061c0 secure :-1 s=READY pgs=41 cs=0 l=1 rev1=1 crypto rx=0x7f8a6000ab00 tx=0x7f8a600303c0 comp rx=0 tx=0).stop
2026-03-09T14:05:22.755 INFO:teuthology.orchestra.run.vm00.stdout:/usr/bin/ceph: stderr
2026-03-09T14:05:22.608+0000 7f8a70f89640 1 -- 192.168.123.100:0/2397617022 shutdown_connections
2026-03-09T14:05:22.755 INFO:teuthology.orchestra.run.vm00.stdout:/usr/bin/ceph: stderr
2026-03-09T14:05:22.608+0000 7f8a70f89640 1 --2- 192.168.123.100:0/2397617022 >> [v2:192.168.123.100:3300/0,v1:192.168.123.100:6789/0] conn(0x7f8a6c105dc0 0x7f8a6c1061c0 unknown :-1 s=CLOSED pgs=41 cs=0 l=1 rev1=1 crypto rx=0 tx=0 comp rx=0 tx=0).stop
2026-03-09T14:05:22.755 INFO:teuthology.orchestra.run.vm00.stdout:/usr/bin/ceph: stderr
2026-03-09T14:05:22.608+0000 7f8a70f89640 1 -- 192.168.123.100:0/2397617022 >> 192.168.123.100:0/2397617022 conn(0x7f8a6c101530 msgr2=0x7f8a6c103990 unknown :-1 s=STATE_NONE l=0).mark_down
2026-03-09T14:05:22.755 INFO:teuthology.orchestra.run.vm00.stdout:/usr/bin/ceph: stderr
2026-03-09T14:05:22.608+0000 7f8a70f89640 1 -- 192.168.123.100:0/2397617022 shutdown_connections
2026-03-09T14:05:22.755 INFO:teuthology.orchestra.run.vm00.stdout:/usr/bin/ceph: stderr
2026-03-09T14:05:22.608+0000 7f8a70f89640 1 -- 192.168.123.100:0/2397617022 wait complete.
2026-03-09T14:05:22.755 INFO:teuthology.orchestra.run.vm00.stdout:/usr/bin/ceph: stderr
2026-03-09T14:05:22.608+0000 7f8a70f89640 1 Processor -- start
2026-03-09T14:05:22.755 INFO:teuthology.orchestra.run.vm00.stdout:/usr/bin/ceph: stderr
2026-03-09T14:05:22.612+0000 7f8a70f89640 1 -- start start
2026-03-09T14:05:22.755 INFO:teuthology.orchestra.run.vm00.stdout:/usr/bin/ceph: stderr
2026-03-09T14:05:22.612+0000 7f8a70f89640 1 --2- >> [v2:192.168.123.100:3300/0,v1:192.168.123.100:6789/0] conn(0x7f8a6c105dc0 0x7f8a6c19f9f0 unknown :-1 s=NONE pgs=0 cs=0 l=1 rev1=0 crypto rx=0 tx=0 comp rx=0 tx=0).connect
2026-03-09T14:05:22.755 INFO:teuthology.orchestra.run.vm00.stdout:/usr/bin/ceph: stderr
2026-03-09T14:05:22.612+0000 7f8a6a575640 1 --2- >> [v2:192.168.123.100:3300/0,v1:192.168.123.100:6789/0] conn(0x7f8a6c105dc0 0x7f8a6c19f9f0 unknown :-1 s=BANNER_CONNECTING pgs=0 cs=0 l=1 rev1=0 crypto rx=0 tx=0 comp rx=0 tx=0)._handle_peer_banner_payload supported=3 required=0
2026-03-09T14:05:22.755 INFO:teuthology.orchestra.run.vm00.stdout:/usr/bin/ceph: stderr
2026-03-09T14:05:22.612+0000 7f8a6a575640 1 --2- >> [v2:192.168.123.100:3300/0,v1:192.168.123.100:6789/0] conn(0x7f8a6c105dc0 0x7f8a6c19f9f0 unknown :-1 s=HELLO_CONNECTING pgs=0 cs=0 l=1 rev1=1 crypto rx=0 tx=0 comp rx=0 tx=0).handle_hello peer v2:192.168.123.100:3300/0 says I am v2:192.168.123.100:47570/0 (socket says 192.168.123.100:47570)
2026-03-09T14:05:22.755 INFO:teuthology.orchestra.run.vm00.stdout:/usr/bin/ceph: stderr
2026-03-09T14:05:22.612+0000 7f8a6a575640 1 -- 192.168.123.100:0/2307527528 learned_addr learned my addr 192.168.123.100:0/2307527528 (peer_addr_for_me v2:192.168.123.100:0/0)
2026-03-09T14:05:22.755 INFO:teuthology.orchestra.run.vm00.stdout:/usr/bin/ceph: stderr
2026-03-09T14:05:22.612+0000 7f8a70f89640 1 -- --> [v2:192.168.123.100:3300/0,v1:192.168.123.100:6789/0] -- mon_getmap magic: 0 -- 0x7f8a6c1075a0 con 0x7f8a6c105dc0
2026-03-09T14:05:22.755 INFO:teuthology.orchestra.run.vm00.stdout:/usr/bin/ceph: stderr
2026-03-09T14:05:22.612+0000 7f8a6a575640 1 -- 192.168.123.100:0/2307527528 --> [v2:192.168.123.100:3300/0,v1:192.168.123.100:6789/0] -- mon_subscribe({config=0+,monmap=0+}) -- 0x7f8a6c19ff30 con 0x7f8a6c105dc0
2026-03-09T14:05:22.755 INFO:teuthology.orchestra.run.vm00.stdout:/usr/bin/ceph: stderr
2026-03-09T14:05:22.612+0000 7f8a6a575640 1 --2- 192.168.123.100:0/2307527528 >> [v2:192.168.123.100:3300/0,v1:192.168.123.100:6789/0] conn(0x7f8a6c105dc0 0x7f8a6c19f9f0 secure :-1 s=READY pgs=42 cs=0 l=1 rev1=1 crypto rx=0x7f8a600308f0 tx=0x7f8a60037940 comp rx=0 tx=0).ready entity=mon.0 client_cookie=0 server_cookie=0 in_seq=0 out_seq=0
2026-03-09T14:05:22.755 INFO:teuthology.orchestra.run.vm00.stdout:/usr/bin/ceph: stderr
2026-03-09T14:05:22.612+0000 7f8a537fe640 1 -- 192.168.123.100:0/2307527528 <== mon.0 v2:192.168.123.100:3300/0 1 ==== mon_map magic: 0 ==== 205+0+0 (secure 0 0 0) 0x7f8a60048070 con 0x7f8a6c105dc0
2026-03-09T14:05:22.755 INFO:teuthology.orchestra.run.vm00.stdout:/usr/bin/ceph: stderr
2026-03-09T14:05:22.612+0000 7f8a537fe640 1 -- 192.168.123.100:0/2307527528 <== mon.0 v2:192.168.123.100:3300/0 2 ==== config(25 keys) ==== 1007+0+0 (secure 0 0 0) 0x7f8a6003f050 con 0x7f8a6c105dc0
2026-03-09T14:05:22.755 INFO:teuthology.orchestra.run.vm00.stdout:/usr/bin/ceph: stderr
2026-03-09T14:05:22.612+0000 7f8a70f89640 1 -- 192.168.123.100:0/2307527528 --> [v2:192.168.123.100:3300/0,v1:192.168.123.100:6789/0] -- mon_subscribe({mgrmap=0+}) -- 0x7f8a6c1a01c0 con 0x7f8a6c105dc0
2026-03-09T14:05:22.755 INFO:teuthology.orchestra.run.vm00.stdout:/usr/bin/ceph: stderr
2026-03-09T14:05:22.612+0000 7f8a537fe640 1 -- 192.168.123.100:0/2307527528 <== mon.0 v2:192.168.123.100:3300/0 3 ==== mon_map magic: 0 ==== 205+0+0 (secure 0 0 0) 0x7f8a6003d030 con 0x7f8a6c105dc0
2026-03-09T14:05:22.755 INFO:teuthology.orchestra.run.vm00.stdout:/usr/bin/ceph: stderr
2026-03-09T14:05:22.612+0000 7f8a70f89640 1 -- 192.168.123.100:0/2307527528 --> [v2:192.168.123.100:3300/0,v1:192.168.123.100:6789/0] -- mon_subscribe({osdmap=0}) -- 0x7f8a6c1a2eb0 con 0x7f8a6c105dc0
2026-03-09T14:05:22.755 INFO:teuthology.orchestra.run.vm00.stdout:/usr/bin/ceph: stderr
2026-03-09T14:05:22.612+0000 7f8a537fe640 1 -- 192.168.123.100:0/2307527528 <== mon.0 v2:192.168.123.100:3300/0 4 ==== mgrmap(e 6) ==== 50141+0+0 (secure 0 0 0) 0x7f8a60038440 con 0x7f8a6c105dc0
2026-03-09T14:05:22.755 INFO:teuthology.orchestra.run.vm00.stdout:/usr/bin/ceph: stderr
2026-03-09T14:05:22.612+0000 7f8a537fe640 1 --2- 192.168.123.100:0/2307527528 >> [v2:192.168.123.100:6800/2528524255,v1:192.168.123.100:6801/2528524255] conn(0x7f8a4803db70 0x7f8a48040030 unknown :-1 s=NONE pgs=0 cs=0 l=1 rev1=0 crypto rx=0 tx=0 comp rx=0 tx=0).connect
2026-03-09T14:05:22.755 INFO:teuthology.orchestra.run.vm00.stdout:/usr/bin/ceph: stderr
2026-03-09T14:05:22.612+0000 7f8a537fe640 1 -- 192.168.123.100:0/2307527528 <== mon.0 v2:192.168.123.100:3300/0 5 ==== osd_map(2..2 src has 1..2) ==== 940+0+0 (secure 0 0 0) 0x7f8a6003e070 con 0x7f8a6c105dc0
2026-03-09T14:05:22.755 INFO:teuthology.orchestra.run.vm00.stdout:/usr/bin/ceph: stderr
2026-03-09T14:05:22.612+0000 7f8a69d74640 1 --2- 192.168.123.100:0/2307527528 >> [v2:192.168.123.100:6800/2528524255,v1:192.168.123.100:6801/2528524255] conn(0x7f8a4803db70 0x7f8a48040030 unknown :-1 s=BANNER_CONNECTING pgs=0 cs=0 l=1 rev1=0 crypto rx=0 tx=0 comp rx=0 tx=0)._handle_peer_banner_payload supported=3 required=0
2026-03-09T14:05:22.755 INFO:teuthology.orchestra.run.vm00.stdout:/usr/bin/ceph: stderr
2026-03-09T14:05:22.612+0000 7f8a70f89640 1 -- 192.168.123.100:0/2307527528 --> [v2:192.168.123.100:3300/0,v1:192.168.123.100:6789/0] -- mon_command({"prefix": "get_command_descriptions"} v 0) -- 0x7f8a38005390 con 0x7f8a6c105dc0
2026-03-09T14:05:22.755 INFO:teuthology.orchestra.run.vm00.stdout:/usr/bin/ceph: stderr
2026-03-09T14:05:22.612+0000 7f8a69d74640 1 --2- 192.168.123.100:0/2307527528 >> [v2:192.168.123.100:6800/2528524255,v1:192.168.123.100:6801/2528524255] conn(0x7f8a4803db70 0x7f8a48040030 secure :-1 s=READY pgs=10 cs=0 l=1 rev1=1 crypto rx=0x7f8a54009a10 tx=0x7f8a54006eb0 comp rx=0 tx=0).ready entity=mgr.14118 client_cookie=0 server_cookie=0 in_seq=0 out_seq=0
2026-03-09T14:05:22.755 INFO:teuthology.orchestra.run.vm00.stdout:/usr/bin/ceph: stderr
2026-03-09T14:05:22.616+0000 7f8a537fe640 1 -- 192.168.123.100:0/2307527528 <== mon.0 v2:192.168.123.100:3300/0 6 ==== mon_command_ack([{"prefix": "get_command_descriptions"}]=0 v0) ==== 72+0+195034 (secure 0 0 0) 0x7f8a6000b040 con 0x7f8a6c105dc0
2026-03-09T14:05:22.755 INFO:teuthology.orchestra.run.vm00.stdout:/usr/bin/ceph: stderr
2026-03-09T14:05:22.708+0000 7f8a70f89640 1 -- 192.168.123.100:0/2307527528 --> [v2:192.168.123.100:6800/2528524255,v1:192.168.123.100:6801/2528524255] -- mgr_command(tid 0: {"prefix": "cephadm get-pub-key", "target": ["mon-mgr", ""]}) -- 0x7f8a38002bf0 con 0x7f8a4803db70
2026-03-09T14:05:22.755 INFO:teuthology.orchestra.run.vm00.stdout:/usr/bin/ceph: stderr
2026-03-09T14:05:22.712+0000 7f8a537fe640 1 -- 192.168.123.100:0/2307527528 <== mgr.14118 v2:192.168.123.100:6800/2528524255 1 ==== mgr_command_reply(tid 0: 0 ) ==== 8+0+123 (secure 0 0 0) 0x7f8a38002bf0 con 0x7f8a4803db70
2026-03-09T14:05:22.755 INFO:teuthology.orchestra.run.vm00.stdout:/usr/bin/ceph: stderr
2026-03-09T14:05:22.712+0000 7f8a70f89640 1 -- 192.168.123.100:0/2307527528 >> [v2:192.168.123.100:6800/2528524255,v1:192.168.123.100:6801/2528524255] conn(0x7f8a4803db70 msgr2=0x7f8a48040030 secure :-1 s=STATE_CONNECTION_ESTABLISHED l=1).mark_down
2026-03-09T14:05:22.755 INFO:teuthology.orchestra.run.vm00.stdout:/usr/bin/ceph: stderr
2026-03-09T14:05:22.712+0000 7f8a70f89640 1 --2- 192.168.123.100:0/2307527528 >> [v2:192.168.123.100:6800/2528524255,v1:192.168.123.100:6801/2528524255] conn(0x7f8a4803db70 0x7f8a48040030 secure :-1 s=READY pgs=10 cs=0 l=1 rev1=1 crypto rx=0x7f8a54009a10 tx=0x7f8a54006eb0 comp rx=0 tx=0).stop
2026-03-09T14:05:22.755 INFO:teuthology.orchestra.run.vm00.stdout:/usr/bin/ceph: stderr
2026-03-09T14:05:22.712+0000 7f8a70f89640 1 -- 192.168.123.100:0/2307527528 >> [v2:192.168.123.100:3300/0,v1:192.168.123.100:6789/0] conn(0x7f8a6c105dc0 msgr2=0x7f8a6c19f9f0 secure :-1 s=STATE_CONNECTION_ESTABLISHED l=1).mark_down
2026-03-09T14:05:22.755 INFO:teuthology.orchestra.run.vm00.stdout:/usr/bin/ceph: stderr
2026-03-09T14:05:22.712+0000 7f8a70f89640 1 --2- 192.168.123.100:0/2307527528 >> [v2:192.168.123.100:3300/0,v1:192.168.123.100:6789/0] conn(0x7f8a6c105dc0 0x7f8a6c19f9f0 secure :-1 s=READY pgs=42 cs=0 l=1 rev1=1 crypto rx=0x7f8a600308f0 tx=0x7f8a60037940 comp rx=0 tx=0).stop
2026-03-09T14:05:22.755 INFO:teuthology.orchestra.run.vm00.stdout:/usr/bin/ceph: stderr
2026-03-09T14:05:22.712+0000 7f8a70f89640 1 -- 192.168.123.100:0/2307527528 shutdown_connections
2026-03-09T14:05:22.755 INFO:teuthology.orchestra.run.vm00.stdout:/usr/bin/ceph: stderr
2026-03-09T14:05:22.712+0000 7f8a70f89640 1 --2- 192.168.123.100:0/2307527528 >> [v2:192.168.123.100:6800/2528524255,v1:192.168.123.100:6801/2528524255] conn(0x7f8a4803db70 0x7f8a48040030 unknown :-1 s=CLOSED pgs=10 cs=0 l=1 rev1=1 crypto rx=0 tx=0 comp rx=0 tx=0).stop
2026-03-09T14:05:22.755 INFO:teuthology.orchestra.run.vm00.stdout:/usr/bin/ceph: stderr
2026-03-09T14:05:22.712+0000 7f8a70f89640 1 --2- 192.168.123.100:0/2307527528 >> [v2:192.168.123.100:3300/0,v1:192.168.123.100:6789/0] conn(0x7f8a6c105dc0 0x7f8a6c19f9f0 unknown :-1 s=CLOSED pgs=42 cs=0 l=1 rev1=1 crypto rx=0 tx=0 comp rx=0 tx=0).stop
2026-03-09T14:05:22.755 INFO:teuthology.orchestra.run.vm00.stdout:/usr/bin/ceph: stderr
2026-03-09T14:05:22.712+0000 7f8a70f89640 1 -- 192.168.123.100:0/2307527528 >> 192.168.123.100:0/2307527528 conn(0x7f8a6c101530 msgr2=0x7f8a6c18ee30 unknown :-1 s=STATE_NONE l=0).mark_down
2026-03-09T14:05:22.755 INFO:teuthology.orchestra.run.vm00.stdout:/usr/bin/ceph: stderr
2026-03-09T14:05:22.712+0000 7f8a70f89640 1 -- 192.168.123.100:0/2307527528 shutdown_connections
2026-03-09T14:05:22.755 INFO:teuthology.orchestra.run.vm00.stdout:/usr/bin/ceph: stderr
2026-03-09T14:05:22.712+0000 7f8a70f89640 1 -- 192.168.123.100:0/2307527528 wait complete.
2026-03-09T14:05:22.755 INFO:teuthology.orchestra.run.vm00.stdout:Wrote public SSH key to /home/ubuntu/cephtest/ceph.pub
2026-03-09T14:05:22.755 INFO:teuthology.orchestra.run.vm00.stdout:Adding key to root@localhost authorized_keys...
2026-03-09T14:05:22.755 INFO:teuthology.orchestra.run.vm00.stdout:Adding host vm00...
2026-03-09T14:05:23.853 INFO:journalctl@ceph.mon.a.vm00.stdout:Mar 09 14:05:23 vm00 bash[20879]: audit
2026-03-09T14:05:22.129237+0000 mgr.x (mgr.14118) 5 : audit [DBG] from='client.14132 -' entity='client.admin' cmd=[{"prefix": "cephadm set-user", "user": "root", "target": ["mon-mgr", ""]}]: dispatch
2026-03-09T14:05:23.860 INFO:journalctl@ceph.mon.a.vm00.stdout:Mar 09 14:05:23 vm00 bash[20879]: audit
2026-03-09T14:05:22.129237+0000 mgr.x (mgr.14118) 5 : audit [DBG] from='client.14132 -' entity='client.admin' cmd=[{"prefix": "cephadm set-user", "user": "root", "target": ["mon-mgr", ""]}]: dispatch
2026-03-09T14:05:23.860 INFO:journalctl@ceph.mon.a.vm00.stdout:Mar 09 14:05:23 vm00 bash[20879]: cephadm
2026-03-09T14:05:22.283572+0000 mgr.x (mgr.14118) 6 : cephadm [INF] [09/Mar/2026:14:05:22] ENGINE Bus STARTING
2026-03-09T14:05:23.860 INFO:journalctl@ceph.mon.a.vm00.stdout:Mar 09 14:05:23 vm00 bash[20879]: cephadm
2026-03-09T14:05:22.283572+0000 mgr.x (mgr.14118) 6 : cephadm [INF] [09/Mar/2026:14:05:22] ENGINE Bus STARTING
2026-03-09T14:05:23.860 INFO:journalctl@ceph.mon.a.vm00.stdout:Mar 09 14:05:23 vm00 bash[20879]: cephadm
2026-03-09T14:05:22.384911+0000 mgr.x (mgr.14118) 7 : cephadm [INF] [09/Mar/2026:14:05:22] ENGINE Serving on http://192.168.123.100:8765
2026-03-09T14:05:23.860 INFO:journalctl@ceph.mon.a.vm00.stdout:Mar 09 14:05:23 vm00 bash[20879]: cephadm
2026-03-09T14:05:22.384911+0000 mgr.x (mgr.14118) 7 : cephadm [INF] [09/Mar/2026:14:05:22] ENGINE Serving on http://192.168.123.100:8765
2026-03-09T14:05:23.860 INFO:journalctl@ceph.mon.a.vm00.stdout:Mar 09 14:05:23 vm00 bash[20879]: audit
2026-03-09T14:05:22.423521+0000 mgr.x (mgr.14118) 8 : audit [DBG] from='client.14134 -' entity='client.admin' cmd=[{"prefix": "cephadm generate-key", "target": ["mon-mgr", ""]}]: dispatch
2026-03-09T14:05:23.860 INFO:journalctl@ceph.mon.a.vm00.stdout:Mar 09 14:05:23 vm00 bash[20879]: audit
2026-03-09T14:05:22.423521+0000 mgr.x (mgr.14118) 8 : audit [DBG] from='client.14134 -' entity='client.admin' cmd=[{"prefix": "cephadm generate-key", "target": ["mon-mgr", ""]}]: dispatch
2026-03-09T14:05:23.860 INFO:journalctl@ceph.mon.a.vm00.stdout:Mar 09 14:05:23 vm00 bash[20879]: cephadm
2026-03-09T14:05:22.423654+0000 mgr.x (mgr.14118) 9 : cephadm [INF] Generating ssh key...
2026-03-09T14:05:23.860 INFO:journalctl@ceph.mon.a.vm00.stdout:Mar 09 14:05:23 vm00 bash[20879]: cephadm
2026-03-09T14:05:22.423654+0000 mgr.x (mgr.14118) 9 : cephadm [INF] Generating ssh key...
2026-03-09T14:05:23.860 INFO:journalctl@ceph.mon.a.vm00.stdout:Mar 09 14:05:23 vm00 bash[20879]: cephadm
2026-03-09T14:05:22.493880+0000 mgr.x (mgr.14118) 10 : cephadm [INF] [09/Mar/2026:14:05:22] ENGINE Serving on https://192.168.123.100:7150
2026-03-09T14:05:23.860 INFO:journalctl@ceph.mon.a.vm00.stdout:Mar 09 14:05:23 vm00 bash[20879]: cephadm
2026-03-09T14:05:22.493880+0000 mgr.x (mgr.14118) 10 : cephadm [INF] [09/Mar/2026:14:05:22] ENGINE Serving on https://192.168.123.100:7150
2026-03-09T14:05:23.860 INFO:journalctl@ceph.mon.a.vm00.stdout:Mar 09 14:05:23 vm00 bash[20879]: cephadm
2026-03-09T14:05:22.493933+0000 mgr.x (mgr.14118) 11 : cephadm [INF] [09/Mar/2026:14:05:22] ENGINE Bus STARTED
2026-03-09T14:05:23.860 INFO:journalctl@ceph.mon.a.vm00.stdout:Mar 09 14:05:23 vm00 bash[20879]: cephadm
2026-03-09T14:05:22.493933+0000 mgr.x (mgr.14118) 11 : cephadm [INF] [09/Mar/2026:14:05:22] ENGINE Bus STARTED
2026-03-09T14:05:23.860 INFO:journalctl@ceph.mon.a.vm00.stdout:Mar 09 14:05:23 vm00 bash[20879]: audit
2026-03-09T14:05:22.494535+0000 mon.a (mon.0) 58 : audit [DBG] from='mgr.14118 192.168.123.100:0/2917185732' entity='mgr.x' cmd=[{"prefix": "config dump", "format": "json"}]: dispatch
2026-03-09T14:05:23.860 INFO:journalctl@ceph.mon.a.vm00.stdout:Mar 09 14:05:23 vm00 bash[20879]: audit
2026-03-09T14:05:22.494535+0000 mon.a (mon.0) 58 : audit [DBG] from='mgr.14118 192.168.123.100:0/2917185732' entity='mgr.x' cmd=[{"prefix": "config dump", "format": "json"}]: dispatch
2026-03-09T14:05:23.860 INFO:journalctl@ceph.mon.a.vm00.stdout:Mar 09 14:05:23 vm00 bash[20879]: cephadm
2026-03-09T14:05:22.494975+0000 mgr.x (mgr.14118) 12 : cephadm [INF] [09/Mar/2026:14:05:22] ENGINE Client ('192.168.123.100', 51518) lost — peer dropped the TLS connection suddenly, during handshake: (6, 'TLS/SSL connection has been closed (EOF) (_ssl.c:1147)')
2026-03-09T14:05:23.860 INFO:journalctl@ceph.mon.a.vm00.stdout:Mar 09 14:05:23 vm00 bash[20879]: cephadm
2026-03-09T14:05:22.494975+0000 mgr.x (mgr.14118) 12 : cephadm [INF] [09/Mar/2026:14:05:22] ENGINE Client ('192.168.123.100', 51518) lost — peer dropped the TLS connection suddenly, during handshake: (6, 'TLS/SSL connection has been closed (EOF) (_ssl.c:1147)')
2026-03-09T14:05:23.860 INFO:journalctl@ceph.mon.a.vm00.stdout:Mar 09 14:05:23 vm00 bash[20879]: audit
2026-03-09T14:05:22.715893+0000 mgr.x (mgr.14118) 13 : audit [DBG] from='client.14136 -' entity='client.admin' cmd=[{"prefix": "cephadm get-pub-key", "target": ["mon-mgr", ""]}]: dispatch
2026-03-09T14:05:23.860 INFO:journalctl@ceph.mon.a.vm00.stdout:Mar 09 14:05:23 vm00 bash[20879]: audit
2026-03-09T14:05:22.715893+0000 mgr.x (mgr.14118) 13 : audit [DBG] from='client.14136 -' entity='client.admin' cmd=[{"prefix": "cephadm get-pub-key", "target": ["mon-mgr", ""]}]: dispatch
2026-03-09T14:05:23.860 INFO:journalctl@ceph.mon.a.vm00.stdout:Mar 09 14:05:23 vm00 bash[20879]: cluster
2026-03-09T14:05:22.781889+0000 mon.a (mon.0) 59 : cluster [DBG] mgrmap e7: x(active, since 2s)
2026-03-09T14:05:23.860 INFO:journalctl@ceph.mon.a.vm00.stdout:Mar 09 14:05:23 vm00 bash[20879]: cluster
2026-03-09T14:05:22.781889+0000 mon.a (mon.0) 59 : cluster [DBG] mgrmap e7: x(active, since 2s)
2026-03-09T14:05:23.860 INFO:journalctl@ceph.mon.a.vm00.stdout:Mar 09 14:05:23 vm00 bash[20879]: audit
2026-03-09T14:05:22.993174+0000 mgr.x (mgr.14118) 14 : audit [DBG] from='client.14138 -' entity='client.admin' cmd=[{"prefix": "orch host add", "hostname": "vm00", "addr": "192.168.123.100", "target": ["mon-mgr", ""]}]: dispatch
2026-03-09T14:05:23.860 INFO:journalctl@ceph.mon.a.vm00.stdout:Mar 09 14:05:23 vm00 bash[20879]: audit
2026-03-09T14:05:22.993174+0000 mgr.x (mgr.14118) 14 : audit [DBG] from='client.14138 -' entity='client.admin' cmd=[{"prefix": "orch host add", "hostname": "vm00", "addr": "192.168.123.100", "target": ["mon-mgr", ""]}]: dispatch
2026-03-09T14:05:24.871 INFO:journalctl@ceph.mon.a.vm00.stdout:Mar 09 14:05:24 vm00 bash[20879]: cephadm
2026-03-09T14:05:23.564545+0000 mgr.x (mgr.14118) 15 : cephadm [INF] Deploying cephadm binary to vm00
2026-03-09T14:05:24.871 INFO:journalctl@ceph.mon.a.vm00.stdout:Mar 09 14:05:24 vm00 bash[20879]: cephadm
2026-03-09T14:05:23.564545+0000 mgr.x (mgr.14118) 15 : cephadm [INF] Deploying cephadm binary to vm00
2026-03-09T14:05:24.964 INFO:teuthology.orchestra.run.vm00.stdout:/usr/bin/ceph: stdout Added host 'vm00' with addr '192.168.123.100'
2026-03-09T14:05:24.965 INFO:teuthology.orchestra.run.vm00.stdout:/usr/bin/ceph: stderr
2026-03-09T14:05:22.876+0000 7fc13d2c9640 1 Processor -- start
2026-03-09T14:05:24.965 INFO:teuthology.orchestra.run.vm00.stdout:/usr/bin/ceph: stderr
2026-03-09T14:05:22.876+0000 7fc13d2c9640 1 -- start start
2026-03-09T14:05:24.965 INFO:teuthology.orchestra.run.vm00.stdout:/usr/bin/ceph: stderr
2026-03-09T14:05:22.876+0000 7fc13d2c9640 1 --2- >> [v2:192.168.123.100:3300/0,v1:192.168.123.100:6789/0] conn(0x7fc138109a70 0x7fc138109e90 unknown :-1 s=NONE pgs=0 cs=0 l=0 rev1=0 crypto rx=0 tx=0 comp rx=0 tx=0).connect
2026-03-09T14:05:24.965 INFO:teuthology.orchestra.run.vm00.stdout:/usr/bin/ceph: stderr
2026-03-09T14:05:22.876+0000 7fc13d2c9640 1 -- --> [v2:192.168.123.100:3300/0,v1:192.168.123.100:6789/0] -- mon_getmap magic: 0 -- 0x7fc13810a460 con 0x7fc138109a70
2026-03-09T14:05:24.965 INFO:teuthology.orchestra.run.vm00.stdout:/usr/bin/ceph: stderr
2026-03-09T14:05:22.876+0000 7fc136ffd640 1 --2- >> [v2:192.168.123.100:3300/0,v1:192.168.123.100:6789/0] conn(0x7fc138109a70 0x7fc138109e90 unknown :-1 s=BANNER_CONNECTING pgs=0 cs=0 l=0 rev1=0 crypto rx=0 tx=0 comp rx=0 tx=0)._handle_peer_banner_payload supported=3 required=0
2026-03-09T14:05:24.965 INFO:teuthology.orchestra.run.vm00.stdout:/usr/bin/ceph: stderr
2026-03-09T14:05:22.876+0000 7fc136ffd640 1 --2- >> [v2:192.168.123.100:3300/0,v1:192.168.123.100:6789/0] conn(0x7fc138109a70 0x7fc138109e90 unknown :-1 s=HELLO_CONNECTING pgs=0 cs=0 l=0 rev1=1 crypto rx=0 tx=0 comp rx=0 tx=0).handle_hello peer v2:192.168.123.100:3300/0 says I am v2:192.168.123.100:47578/0 (socket says 192.168.123.100:47578)
2026-03-09T14:05:24.965 INFO:teuthology.orchestra.run.vm00.stdout:/usr/bin/ceph: stderr
2026-03-09T14:05:22.876+0000 7fc136ffd640 1 -- 192.168.123.100:0/3468958538 learned_addr learned my addr 192.168.123.100:0/3468958538 (peer_addr_for_me v2:192.168.123.100:0/0)
2026-03-09T14:05:24.965 INFO:teuthology.orchestra.run.vm00.stdout:/usr/bin/ceph: stderr
2026-03-09T14:05:22.876+0000 7fc136ffd640 1 -- 192.168.123.100:0/3468958538 --> [v2:192.168.123.100:3300/0,v1:192.168.123.100:6789/0] -- mon_subscribe({config=0+,monmap=0+}) -- 0x7fc13810abe0 con 0x7fc138109a70
2026-03-09T14:05:24.965 INFO:teuthology.orchestra.run.vm00.stdout:/usr/bin/ceph: stderr
2026-03-09T14:05:22.876+0000 7fc136ffd640 1 --2- 192.168.123.100:0/3468958538 >> [v2:192.168.123.100:3300/0,v1:192.168.123.100:6789/0] conn(0x7fc138109a70 0x7fc138109e90 secure :-1 s=READY pgs=43 cs=0 l=1 rev1=1 crypto rx=0x7fc12c009920 tx=0x7fc12c02ef20 comp rx=0 tx=0).ready entity=mon.0 client_cookie=29068e3bb6ae3d14 server_cookie=0 in_seq=0 out_seq=0
2026-03-09T14:05:24.965 INFO:teuthology.orchestra.run.vm00.stdout:/usr/bin/ceph: stderr
2026-03-09T14:05:22.880+0000 7fc135ffb640 1 -- 192.168.123.100:0/3468958538 <== mon.0 v2:192.168.123.100:3300/0 1 ==== mon_map magic: 0 ==== 205+0+0 (secure 0 0 0) 0x7fc12c03c070 con 0x7fc138109a70
2026-03-09T14:05:24.965 INFO:teuthology.orchestra.run.vm00.stdout:/usr/bin/ceph: stderr
2026-03-09T14:05:22.880+0000 7fc135ffb640 1 -- 192.168.123.100:0/3468958538 <== mon.0 v2:192.168.123.100:3300/0 2 ==== config(25 keys) ==== 1007+0+0 (secure 0 0 0) 0x7fc12c037440 con 0x7fc138109a70
2026-03-09T14:05:24.965 INFO:teuthology.orchestra.run.vm00.stdout:/usr/bin/ceph: stderr
2026-03-09T14:05:22.880+0000 7fc13d2c9640 1 -- 192.168.123.100:0/3468958538 >> [v2:192.168.123.100:3300/0,v1:192.168.123.100:6789/0] conn(0x7fc138109a70 msgr2=0x7fc138109e90 secure :-1 s=STATE_CONNECTION_ESTABLISHED l=1).mark_down
2026-03-09T14:05:24.965 INFO:teuthology.orchestra.run.vm00.stdout:/usr/bin/ceph: stderr
2026-03-09T14:05:22.880+0000 7fc13d2c9640 1 --2- 192.168.123.100:0/3468958538 >> [v2:192.168.123.100:3300/0,v1:192.168.123.100:6789/0] conn(0x7fc138109a70 0x7fc138109e90 secure :-1 s=READY pgs=43 cs=0 l=1 rev1=1 crypto rx=0x7fc12c009920 tx=0x7fc12c02ef20 comp rx=0 tx=0).stop
2026-03-09T14:05:24.965 INFO:teuthology.orchestra.run.vm00.stdout:/usr/bin/ceph: stderr
2026-03-09T14:05:22.880+0000 7fc13d2c9640 1 -- 192.168.123.100:0/3468958538 shutdown_connections
2026-03-09T14:05:24.965 INFO:teuthology.orchestra.run.vm00.stdout:/usr/bin/ceph: stderr
2026-03-09T14:05:22.880+0000 7fc13d2c9640 1 --2- 192.168.123.100:0/3468958538 >> [v2:192.168.123.100:3300/0,v1:192.168.123.100:6789/0] conn(0x7fc138109a70 0x7fc138109e90 unknown :-1 s=CLOSED pgs=43 cs=0 l=1 rev1=1 crypto rx=0 tx=0 comp rx=0 tx=0).stop
2026-03-09T14:05:24.965 INFO:teuthology.orchestra.run.vm00.stdout:/usr/bin/ceph: stderr
2026-03-09T14:05:22.880+0000 7fc13d2c9640 1 -- 192.168.123.100:0/3468958538 >> 192.168.123.100:0/3468958538 conn(0x7fc13807d040 msgr2=0x7fc13807d4b0 unknown :-1 s=STATE_NONE l=0).mark_down
2026-03-09T14:05:24.965 INFO:teuthology.orchestra.run.vm00.stdout:/usr/bin/ceph: stderr
2026-03-09T14:05:22.880+0000 7fc13d2c9640 1 -- 192.168.123.100:0/3468958538 shutdown_connections
2026-03-09T14:05:24.965 INFO:teuthology.orchestra.run.vm00.stdout:/usr/bin/ceph: stderr
2026-03-09T14:05:22.880+0000 7fc13d2c9640 1 -- 192.168.123.100:0/3468958538 wait complete.
2026-03-09T14:05:24.965 INFO:teuthology.orchestra.run.vm00.stdout:/usr/bin/ceph: stderr
2026-03-09T14:05:22.880+0000 7fc13d2c9640 1 Processor -- start
2026-03-09T14:05:24.965 INFO:teuthology.orchestra.run.vm00.stdout:/usr/bin/ceph: stderr
2026-03-09T14:05:22.880+0000 7fc13d2c9640 1 -- start start
2026-03-09T14:05:24.965 INFO:teuthology.orchestra.run.vm00.stdout:/usr/bin/ceph: stderr
2026-03-09T14:05:22.880+0000 7fc13d2c9640 1 --2- >> [v2:192.168.123.100:3300/0,v1:192.168.123.100:6789/0] conn(0x7fc138109a70 0x7fc13819f950 unknown :-1 s=NONE pgs=0 cs=0 l=1 rev1=0 crypto rx=0 tx=0 comp rx=0 tx=0).connect
2026-03-09T14:05:24.965 INFO:teuthology.orchestra.run.vm00.stdout:/usr/bin/ceph: stderr
2026-03-09T14:05:22.880+0000 7fc13d2c9640 1 -- --> [v2:192.168.123.100:3300/0,v1:192.168.123.100:6789/0] -- mon_getmap magic: 0 -- 0x7fc13810de10 con 0x7fc138109a70
2026-03-09T14:05:24.965 INFO:teuthology.orchestra.run.vm00.stdout:/usr/bin/ceph: stderr
2026-03-09T14:05:22.880+0000 7fc136ffd640 1 --2- >> [v2:192.168.123.100:3300/0,v1:192.168.123.100:6789/0] conn(0x7fc138109a70 0x7fc13819f950 unknown :-1 s=BANNER_CONNECTING pgs=0 cs=0 l=1 rev1=0 crypto rx=0 tx=0 comp rx=0 tx=0)._handle_peer_banner_payload supported=3 required=0
2026-03-09T14:05:24.965 INFO:teuthology.orchestra.run.vm00.stdout:/usr/bin/ceph: stderr
2026-03-09T14:05:22.880+0000 7fc136ffd640 1 --2- >> [v2:192.168.123.100:3300/0,v1:192.168.123.100:6789/0] conn(0x7fc138109a70 0x7fc13819f950 unknown :-1 s=HELLO_CONNECTING pgs=0 cs=0 l=1 rev1=1 crypto rx=0 tx=0 comp rx=0 tx=0).handle_hello peer v2:192.168.123.100:3300/0 says I am v2:192.168.123.100:47594/0 (socket says 192.168.123.100:47594)
2026-03-09T14:05:24.965 INFO:teuthology.orchestra.run.vm00.stdout:/usr/bin/ceph: stderr
2026-03-09T14:05:22.880+0000 7fc136ffd640 1 -- 192.168.123.100:0/4127641753 learned_addr learned my addr 192.168.123.100:0/4127641753 (peer_addr_for_me v2:192.168.123.100:0/0)
2026-03-09T14:05:24.965 INFO:teuthology.orchestra.run.vm00.stdout:/usr/bin/ceph: stderr
2026-03-09T14:05:22.880+0000 7fc136ffd640 1 -- 192.168.123.100:0/4127641753 --> [v2:192.168.123.100:3300/0,v1:192.168.123.100:6789/0] -- mon_subscribe({config=0+,monmap=0+}) -- 0x7fc13819fe90 con 0x7fc138109a70
2026-03-09T14:05:24.965 INFO:teuthology.orchestra.run.vm00.stdout:/usr/bin/ceph: stderr
2026-03-09T14:05:22.880+0000 7fc136ffd640 1 --2- 192.168.123.100:0/4127641753 >> [v2:192.168.123.100:3300/0,v1:192.168.123.100:6789/0] conn(0x7fc138109a70 0x7fc13819f950 secure :-1 s=READY pgs=44 cs=0 l=1 rev1=1 crypto rx=0x7fc12c02f450 tx=0x7fc12c035f00 comp rx=0 tx=0).ready entity=mon.0 client_cookie=0 server_cookie=0 in_seq=0 out_seq=0
2026-03-09T14:05:24.965 INFO:teuthology.orchestra.run.vm00.stdout:/usr/bin/ceph: stderr
2026-03-09T14:05:22.880+0000 7fc117fff640 1 -- 192.168.123.100:0/4127641753 <== mon.0 v2:192.168.123.100:3300/0 1 ==== mon_map magic: 0 ==== 205+0+0 (secure 0 0 0) 0x7fc12c045070 con 0x7fc138109a70
2026-03-09T14:05:24.965 INFO:teuthology.orchestra.run.vm00.stdout:/usr/bin/ceph: stderr
2026-03-09T14:05:22.880+0000 7fc117fff640 1 -- 192.168.123.100:0/4127641753 <== mon.0 v2:192.168.123.100:3300/0 2 ==== config(25 keys) ==== 1007+0+0 (secure 0 0 0) 0x7fc12c037ca0 con 0x7fc138109a70
2026-03-09T14:05:24.965 INFO:teuthology.orchestra.run.vm00.stdout:/usr/bin/ceph: stderr
2026-03-09T14:05:22.880+0000 7fc13d2c9640 1 -- 192.168.123.100:0/4127641753 --> [v2:192.168.123.100:3300/0,v1:192.168.123.100:6789/0] -- mon_subscribe({mgrmap=0+}) -- 0x7fc1381a0120 con 0x7fc138109a70
2026-03-09T14:05:24.965 INFO:teuthology.orchestra.run.vm00.stdout:/usr/bin/ceph: stderr
2026-03-09T14:05:22.880+0000 7fc13d2c9640 1 -- 192.168.123.100:0/4127641753 --> [v2:192.168.123.100:3300/0,v1:192.168.123.100:6789/0] -- mon_subscribe({osdmap=0}) -- 0x7fc1381a2e10 con 0x7fc138109a70
2026-03-09T14:05:24.965 INFO:teuthology.orchestra.run.vm00.stdout:/usr/bin/ceph: stderr
2026-03-09T14:05:22.884+0000 7fc117fff640 1 -- 192.168.123.100:0/4127641753 <== mon.0 v2:192.168.123.100:3300/0 3 ==== mon_map magic: 0 ==== 205+0+0 (secure 0 0 0) 0x7fc12c03c070 con 0x7fc138109a70
2026-03-09T14:05:24.965 INFO:teuthology.orchestra.run.vm00.stdout:/usr/bin/ceph: stderr
2026-03-09T14:05:22.884+0000 7fc117fff640 1 -- 192.168.123.100:0/4127641753 <== mon.0 v2:192.168.123.100:3300/0 4 ==== mgrmap(e 7) ==== 50247+0+0 (secure 0 0 0) 0x7fc12c04a430 con 0x7fc138109a70
2026-03-09T14:05:24.965 INFO:teuthology.orchestra.run.vm00.stdout:/usr/bin/ceph: stderr
2026-03-09T14:05:22.884+0000 7fc117fff640 1 --2- 192.168.123.100:0/4127641753 >> [v2:192.168.123.100:6800/2528524255,v1:192.168.123.100:6801/2528524255] conn(0x7fc11003dce0 0x7fc1100401a0 unknown :-1 s=NONE pgs=0 cs=0 l=1 rev1=0 crypto rx=0 tx=0 comp rx=0 tx=0).connect
2026-03-09T14:05:24.965 INFO:teuthology.orchestra.run.vm00.stdout:/usr/bin/ceph: stderr
2026-03-09T14:05:22.884+0000 7fc117fff640 1 -- 192.168.123.100:0/4127641753 <== mon.0 v2:192.168.123.100:3300/0 5 ==== osd_map(2..2 src has 1..2) ==== 940+0+0 (secure 0 0 0) 0x7fc12c077480 con 0x7fc138109a70
2026-03-09T14:05:24.965 INFO:teuthology.orchestra.run.vm00.stdout:/usr/bin/ceph: stderr
2026-03-09T14:05:22.884+0000 7fc13d2c9640 1 -- 192.168.123.100:0/4127641753 --> [v2:192.168.123.100:3300/0,v1:192.168.123.100:6789/0] -- mon_command({"prefix": "get_command_descriptions"} v 0) -- 0x7fc104005390 con 0x7fc138109a70
2026-03-09T14:05:24.965 INFO:teuthology.orchestra.run.vm00.stdout:/usr/bin/ceph: stderr
2026-03-09T14:05:22.888+0000 7fc1367fc640 1 --2- 192.168.123.100:0/4127641753 >> [v2:192.168.123.100:6800/2528524255,v1:192.168.123.100:6801/2528524255] conn(0x7fc11003dce0 0x7fc1100401a0 unknown :-1 s=BANNER_CONNECTING pgs=0 cs=0 l=1 rev1=0 crypto rx=0 tx=0 comp rx=0 tx=0)._handle_peer_banner_payload supported=3 required=0
2026-03-09T14:05:24.966 INFO:teuthology.orchestra.run.vm00.stdout:/usr/bin/ceph: stderr
2026-03-09T14:05:22.888+0000 7fc1367fc640 1 --2- 192.168.123.100:0/4127641753 >> [v2:192.168.123.100:6800/2528524255,v1:192.168.123.100:6801/2528524255] conn(0x7fc11003dce0 0x7fc1100401a0 secure :-1 s=READY pgs=11 cs=0 l=1 rev1=1 crypto rx=0x7fc1200099c0 tx=0x7fc120006eb0 comp rx=0 tx=0).ready entity=mgr.14118 client_cookie=0 server_cookie=0 in_seq=0 out_seq=0
2026-03-09T14:05:24.966 INFO:teuthology.orchestra.run.vm00.stdout:/usr/bin/ceph: stderr
2026-03-09T14:05:22.888+0000 7fc117fff640 1 -- 192.168.123.100:0/4127641753 <== mon.0 v2:192.168.123.100:3300/0 6 ==== mon_command_ack([{"prefix": "get_command_descriptions"}]=0 v0) ==== 72+0+195034 (secure 0 0 0) 0x7fc12c033200 con 0x7fc138109a70
2026-03-09T14:05:24.966 INFO:teuthology.orchestra.run.vm00.stdout:/usr/bin/ceph: stderr
2026-03-09T14:05:22.988+0000 7fc13d2c9640 1 -- 192.168.123.100:0/4127641753 --> [v2:192.168.123.100:6800/2528524255,v1:192.168.123.100:6801/2528524255] -- mgr_command(tid 0: {"prefix": "orch host add", "hostname": "vm00", "addr": "192.168.123.100", "target": ["mon-mgr", ""]}) -- 0x7fc104002bf0 con 0x7fc11003dce0
2026-03-09T14:05:24.966 INFO:teuthology.orchestra.run.vm00.stdout:/usr/bin/ceph: stderr
2026-03-09T14:05:24.896+0000 7fc117fff640 1 -- 192.168.123.100:0/4127641753 <== mgr.14118 v2:192.168.123.100:6800/2528524255 1 ==== mgr_command_reply(tid 0: 0 ) ==== 8+0+46 (secure 0 0 0) 0x7fc104002bf0 con 0x7fc11003dce0
2026-03-09T14:05:24.966 INFO:teuthology.orchestra.run.vm00.stdout:/usr/bin/ceph: stderr
2026-03-09T14:05:24.900+0000 7fc13d2c9640 1 -- 192.168.123.100:0/4127641753 >> [v2:192.168.123.100:6800/2528524255,v1:192.168.123.100:6801/2528524255] conn(0x7fc11003dce0 msgr2=0x7fc1100401a0 secure :-1 s=STATE_CONNECTION_ESTABLISHED l=1).mark_down
2026-03-09T14:05:24.966 INFO:teuthology.orchestra.run.vm00.stdout:/usr/bin/ceph: stderr
2026-03-09T14:05:24.900+0000 7fc13d2c9640 1 --2- 192.168.123.100:0/4127641753 >> [v2:192.168.123.100:6800/2528524255,v1:192.168.123.100:6801/2528524255] conn(0x7fc11003dce0 0x7fc1100401a0 secure :-1 s=READY pgs=11 cs=0 l=1 rev1=1 crypto rx=0x7fc1200099c0 tx=0x7fc120006eb0 comp rx=0 tx=0).stop
2026-03-09T14:05:24.966 INFO:teuthology.orchestra.run.vm00.stdout:/usr/bin/ceph: stderr
2026-03-09T14:05:24.900+0000 7fc13d2c9640 1 -- 192.168.123.100:0/4127641753 >> [v2:192.168.123.100:3300/0,v1:192.168.123.100:6789/0] conn(0x7fc138109a70 msgr2=0x7fc13819f950 secure :-1 s=STATE_CONNECTION_ESTABLISHED l=1).mark_down
2026-03-09T14:05:24.966 INFO:teuthology.orchestra.run.vm00.stdout:/usr/bin/ceph: stderr
2026-03-09T14:05:24.900+0000 7fc13d2c9640 1 --2- 192.168.123.100:0/4127641753 >> [v2:192.168.123.100:3300/0,v1:192.168.123.100:6789/0] conn(0x7fc138109a70 0x7fc13819f950 secure :-1 s=READY pgs=44 cs=0 l=1 rev1=1 crypto rx=0x7fc12c02f450 tx=0x7fc12c035f00 comp rx=0 tx=0).stop
2026-03-09T14:05:24.966 INFO:teuthology.orchestra.run.vm00.stdout:/usr/bin/ceph: stderr
2026-03-09T14:05:24.900+0000 7fc13d2c9640 1 -- 192.168.123.100:0/4127641753 shutdown_connections
2026-03-09T14:05:24.966 INFO:teuthology.orchestra.run.vm00.stdout:/usr/bin/ceph: stderr
2026-03-09T14:05:24.900+0000 7fc13d2c9640 1 --2- 192.168.123.100:0/4127641753 >> [v2:192.168.123.100:6800/2528524255,v1:192.168.123.100:6801/2528524255] conn(0x7fc11003dce0 0x7fc1100401a0 unknown :-1 s=CLOSED pgs=11 cs=0 l=1 rev1=1 crypto rx=0 tx=0 comp rx=0 tx=0).stop
2026-03-09T14:05:24.966 INFO:teuthology.orchestra.run.vm00.stdout:/usr/bin/ceph: stderr
2026-03-09T14:05:24.900+0000 7fc13d2c9640 1 --2- 192.168.123.100:0/4127641753 >> [v2:192.168.123.100:3300/0,v1:192.168.123.100:6789/0] conn(0x7fc138109a70 0x7fc13819f950 unknown :-1 s=CLOSED pgs=44 cs=0 l=1 rev1=1 crypto rx=0 tx=0 comp rx=0 tx=0).stop
2026-03-09T14:05:24.966 INFO:teuthology.orchestra.run.vm00.stdout:/usr/bin/ceph: stderr
2026-03-09T14:05:24.900+0000 7fc13d2c9640 1 -- 192.168.123.100:0/4127641753 >> 192.168.123.100:0/4127641753 conn(0x7fc13807d040 msgr2=0x7fc138107920 unknown :-1 s=STATE_NONE l=0).mark_down
2026-03-09T14:05:24.966 INFO:teuthology.orchestra.run.vm00.stdout:/usr/bin/ceph: stderr
2026-03-09T14:05:24.900+0000 7fc13d2c9640 1 -- 192.168.123.100:0/4127641753 shutdown_connections
2026-03-09T14:05:24.966 INFO:teuthology.orchestra.run.vm00.stdout:/usr/bin/ceph: stderr
2026-03-09T14:05:24.900+0000 7fc13d2c9640 1 -- 192.168.123.100:0/4127641753 wait complete.
2026-03-09T14:05:24.966 INFO:teuthology.orchestra.run.vm00.stdout:Deploying unmanaged mon service...
2026-03-09T14:05:25.318 INFO:teuthology.orchestra.run.vm00.stdout:/usr/bin/ceph: stdout Scheduled mon update...
2026-03-09T14:05:25.318 INFO:teuthology.orchestra.run.vm00.stdout:/usr/bin/ceph: stderr
2026-03-09T14:05:25.144+0000 7fa792243640 1 Processor -- start
2026-03-09T14:05:25.318 INFO:teuthology.orchestra.run.vm00.stdout:/usr/bin/ceph: stderr
2026-03-09T14:05:25.144+0000 7fa792243640 1 -- start start
2026-03-09T14:05:25.318 INFO:teuthology.orchestra.run.vm00.stdout:/usr/bin/ceph: stderr
2026-03-09T14:05:25.144+0000 7fa792243640 1 --2- >> [v2:192.168.123.100:3300/0,v1:192.168.123.100:6789/0] conn(0x7fa78c073700 0x7fa78c073b00 unknown :-1 s=NONE pgs=0 cs=0 l=0 rev1=0 crypto rx=0 tx=0 comp rx=0 tx=0).connect
2026-03-09T14:05:25.318 INFO:teuthology.orchestra.run.vm00.stdout:/usr/bin/ceph: stderr
2026-03-09T14:05:25.144+0000 7fa792243640 1 -- --> [v2:192.168.123.100:3300/0,v1:192.168.123.100:6789/0] -- mon_getmap magic: 0 -- 0x7fa78c0740d0 con 0x7fa78c073700
2026-03-09T14:05:25.318 INFO:teuthology.orchestra.run.vm00.stdout:/usr/bin/ceph: stderr
2026-03-09T14:05:25.144+0000 7fa791241640 1 --2- >> [v2:192.168.123.100:3300/0,v1:192.168.123.100:6789/0] conn(0x7fa78c073700 0x7fa78c073b00 unknown :-1 s=BANNER_CONNECTING pgs=0 cs=0 l=0 rev1=0 crypto rx=0 tx=0 comp rx=0 tx=0)._handle_peer_banner_payload supported=3 required=0
2026-03-09T14:05:25.318 INFO:teuthology.orchestra.run.vm00.stdout:/usr/bin/ceph: stderr
2026-03-09T14:05:25.148+0000 7fa791241640 1 --2- >> [v2:192.168.123.100:3300/0,v1:192.168.123.100:6789/0] conn(0x7fa78c073700 0x7fa78c073b00 unknown :-1 s=HELLO_CONNECTING pgs=0 cs=0 l=0 rev1=1 crypto rx=0 tx=0 comp rx=0 tx=0).handle_hello peer v2:192.168.123.100:3300/0 says I am v2:192.168.123.100:47598/0 (socket says 192.168.123.100:47598)
2026-03-09T14:05:25.318 INFO:teuthology.orchestra.run.vm00.stdout:/usr/bin/ceph: stderr
2026-03-09T14:05:25.148+0000 7fa791241640 1 -- 192.168.123.100:0/2923621353 learned_addr learned my addr 192.168.123.100:0/2923621353 (peer_addr_for_me v2:192.168.123.100:0/0)
2026-03-09T14:05:25.318 INFO:teuthology.orchestra.run.vm00.stdout:/usr/bin/ceph: stderr
2026-03-09T14:05:25.148+0000 7fa791241640 1 -- 192.168.123.100:0/2923621353 --> [v2:192.168.123.100:3300/0,v1:192.168.123.100:6789/0] -- mon_subscribe({config=0+,monmap=0+}) -- 0x7fa78c074250 con 0x7fa78c073700
2026-03-09T14:05:25.318 INFO:teuthology.orchestra.run.vm00.stdout:/usr/bin/ceph: stderr
2026-03-09T14:05:25.148+0000 7fa791241640 1 --2- 192.168.123.100:0/2923621353 >> [v2:192.168.123.100:3300/0,v1:192.168.123.100:6789/0] conn(0x7fa78c073700 0x7fa78c073b00 secure :-1 s=READY pgs=45 cs=0 l=1 rev1=1 crypto rx=0x7fa788009530 tx=0x7fa7880301d0 comp rx=0 tx=0).ready entity=mon.0 client_cookie=7983eb9ca1b53746 server_cookie=0 in_seq=0 out_seq=0
2026-03-09T14:05:25.318 INFO:teuthology.orchestra.run.vm00.stdout:/usr/bin/ceph: stderr
2026-03-09T14:05:25.148+0000 7fa77bfff640 1 -- 192.168.123.100:0/2923621353 <== mon.0 v2:192.168.123.100:3300/0 1 ==== mon_map magic: 0 ==== 205+0+0 (secure 0 0 0) 0x7fa78803d070 con 0x7fa78c073700
2026-03-09T14:05:25.318 INFO:teuthology.orchestra.run.vm00.stdout:/usr/bin/ceph: stderr
2026-03-09T14:05:25.148+0000 7fa77bfff640 1 -- 192.168.123.100:0/2923621353 <== mon.0 v2:192.168.123.100:3300/0 2 ==== config(25 keys) ==== 1007+0+0 (secure 0 0 0) 0x7fa788030d90 con 0x7fa78c073700
2026-03-09T14:05:25.318 INFO:teuthology.orchestra.run.vm00.stdout:/usr/bin/ceph: stderr
2026-03-09T14:05:25.148+0000 7fa792243640 1 -- 192.168.123.100:0/2923621353 >> [v2:192.168.123.100:3300/0,v1:192.168.123.100:6789/0] conn(0x7fa78c073700 msgr2=0x7fa78c073b00 secure :-1 s=STATE_CONNECTION_ESTABLISHED l=1).mark_down
2026-03-09T14:05:25.318 INFO:teuthology.orchestra.run.vm00.stdout:/usr/bin/ceph: stderr
2026-03-09T14:05:25.148+0000 7fa792243640 1 --2- 192.168.123.100:0/2923621353 >> [v2:192.168.123.100:3300/0,v1:192.168.123.100:6789/0] conn(0x7fa78c073700 0x7fa78c073b00 secure :-1 s=READY pgs=45 cs=0 l=1 rev1=1 crypto rx=0x7fa788009530 tx=0x7fa7880301d0 comp rx=0 tx=0).stop
2026-03-09T14:05:25.318 INFO:teuthology.orchestra.run.vm00.stdout:/usr/bin/ceph: stderr
2026-03-09T14:05:25.148+0000 7fa792243640 1 -- 192.168.123.100:0/2923621353 shutdown_connections
2026-03-09T14:05:25.318 INFO:teuthology.orchestra.run.vm00.stdout:/usr/bin/ceph: stderr
2026-03-09T14:05:25.148+0000 7fa792243640 1 --2- 192.168.123.100:0/2923621353 >> [v2:192.168.123.100:3300/0,v1:192.168.123.100:6789/0] conn(0x7fa78c073700 0x7fa78c073b00 unknown :-1 s=CLOSED pgs=45 cs=0 l=1 rev1=1 crypto rx=0 tx=0 comp rx=0 tx=0).stop
2026-03-09T14:05:25.318 INFO:teuthology.orchestra.run.vm00.stdout:/usr/bin/ceph: stderr
2026-03-09T14:05:25.148+0000 7fa792243640 1 -- 192.168.123.100:0/2923621353 >> 192.168.123.100:0/2923621353 conn(0x7fa78c06edd0 msgr2=0x7fa78c071250 unknown :-1 s=STATE_NONE l=0).mark_down
2026-03-09T14:05:25.318 INFO:teuthology.orchestra.run.vm00.stdout:/usr/bin/ceph: stderr
2026-03-09T14:05:25.148+0000 7fa792243640 1 -- 192.168.123.100:0/2923621353 shutdown_connections
2026-03-09T14:05:25.318 INFO:teuthology.orchestra.run.vm00.stdout:/usr/bin/ceph: stderr
2026-03-09T14:05:25.148+0000 7fa792243640 1 -- 192.168.123.100:0/2923621353 wait complete.
2026-03-09T14:05:25.318 INFO:teuthology.orchestra.run.vm00.stdout:/usr/bin/ceph: stderr
2026-03-09T14:05:25.152+0000 7fa792243640 1 Processor -- start
2026-03-09T14:05:25.318 INFO:teuthology.orchestra.run.vm00.stdout:/usr/bin/ceph: stderr
2026-03-09T14:05:25.152+0000 7fa792243640 1 -- start start
2026-03-09T14:05:25.318 INFO:teuthology.orchestra.run.vm00.stdout:/usr/bin/ceph: stderr
2026-03-09T14:05:25.152+0000 7fa792243640 1 --2- >> [v2:192.168.123.100:3300/0,v1:192.168.123.100:6789/0] conn(0x7fa78c19b900 0x7fa78c19bd20 unknown :-1 s=NONE pgs=0 cs=0 l=1 rev1=0 crypto rx=0 tx=0 comp rx=0 tx=0).connect
2026-03-09T14:05:25.318 INFO:teuthology.orchestra.run.vm00.stdout:/usr/bin/ceph: stderr
2026-03-09T14:05:25.152+0000 7fa792243640 1 -- --> [v2:192.168.123.100:3300/0,v1:192.168.123.100:6789/0] -- mon_getmap magic: 0 -- 0x7fa78c111fa0 con 0x7fa78c19b900
2026-03-09T14:05:25.318 INFO:teuthology.orchestra.run.vm00.stdout:/usr/bin/ceph: stderr
2026-03-09T14:05:25.152+0000 7fa791241640 1 --2- >> [v2:192.168.123.100:3300/0,v1:192.168.123.100:6789/0] conn(0x7fa78c19b900 0x7fa78c19bd20 unknown :-1 s=BANNER_CONNECTING pgs=0 cs=0 l=1 rev1=0 crypto rx=0 tx=0 comp rx=0 tx=0)._handle_peer_banner_payload supported=3 required=0
2026-03-09T14:05:25.318 INFO:teuthology.orchestra.run.vm00.stdout:/usr/bin/ceph: stderr
2026-03-09T14:05:25.152+0000 7fa791241640 1 --2- >> [v2:192.168.123.100:3300/0,v1:192.168.123.100:6789/0] conn(0x7fa78c19b900 0x7fa78c19bd20 unknown :-1 s=HELLO_CONNECTING pgs=0 cs=0 l=1 rev1=1 crypto rx=0 tx=0 comp rx=0 tx=0).handle_hello peer v2:192.168.123.100:3300/0 says I am v2:192.168.123.100:47610/0 (socket says 192.168.123.100:47610)
2026-03-09T14:05:25.318 INFO:teuthology.orchestra.run.vm00.stdout:/usr/bin/ceph: stderr
2026-03-09T14:05:25.152+0000 7fa791241640 1 -- 192.168.123.100:0/4077284033 learned_addr learned my addr 192.168.123.100:0/4077284033 (peer_addr_for_me v2:192.168.123.100:0/0)
2026-03-09T14:05:25.318 INFO:teuthology.orchestra.run.vm00.stdout:/usr/bin/ceph: stderr
2026-03-09T14:05:25.152+0000 7fa791241640 1 -- 192.168.123.100:0/4077284033 --> [v2:192.168.123.100:3300/0,v1:192.168.123.100:6789/0] -- mon_subscribe({config=0+,monmap=0+}) -- 0x7fa78c19c260 con 0x7fa78c19b900
2026-03-09T14:05:25.318 INFO:teuthology.orchestra.run.vm00.stdout:/usr/bin/ceph: stderr
2026-03-09T14:05:25.152+0000 7fa791241640 1 --2- 192.168.123.100:0/4077284033 >> [v2:192.168.123.100:3300/0,v1:192.168.123.100:6789/0] conn(0x7fa78c19b900 0x7fa78c19bd20 secure :-1 s=READY pgs=46 cs=0 l=1 rev1=1 crypto rx=0x7fa788037990 tx=0x7fa7880379c0 comp rx=0 tx=0).ready entity=mon.0 client_cookie=0 server_cookie=0 in_seq=0 out_seq=0
2026-03-09T14:05:25.318 INFO:teuthology.orchestra.run.vm00.stdout:/usr/bin/ceph: stderr
2026-03-09T14:05:25.152+0000 7fa77a7fc640 1 -- 192.168.123.100:0/4077284033 <== mon.0 v2:192.168.123.100:3300/0 1 ==== mon_map magic: 0 ==== 205+0+0 (secure 0 0 0) 0x7fa788045070 con 0x7fa78c19b900
2026-03-09T14:05:25.318 INFO:teuthology.orchestra.run.vm00.stdout:/usr/bin/ceph: stderr
2026-03-09T14:05:25.152+0000 7fa792243640 1 -- 192.168.123.100:0/4077284033 --> [v2:192.168.123.100:3300/0,v1:192.168.123.100:6789/0] -- mon_subscribe({mgrmap=0+}) -- 0x7fa78c19c4f0 con 0x7fa78c19b900
2026-03-09T14:05:25.318 INFO:teuthology.orchestra.run.vm00.stdout:/usr/bin/ceph: stderr
2026-03-09T14:05:25.152+0000 7fa792243640 1 -- 192.168.123.100:0/4077284033 --> [v2:192.168.123.100:3300/0,v1:192.168.123.100:6789/0] -- mon_subscribe({osdmap=0}) -- 0x7fa78c19f050 con 0x7fa78c19b900
2026-03-09T14:05:25.318 INFO:teuthology.orchestra.run.vm00.stdout:/usr/bin/ceph: stderr
2026-03-09T14:05:25.152+0000 7fa77a7fc640 1 -- 192.168.123.100:0/4077284033 <== mon.0 v2:192.168.123.100:3300/0 2 ==== config(25 keys) ==== 1007+0+0 (secure 0 0 0) 0x7fa788037c30 con 0x7fa78c19b900
2026-03-09T14:05:25.318 INFO:teuthology.orchestra.run.vm00.stdout:/usr/bin/ceph: stderr
2026-03-09T14:05:25.152+0000 7fa77a7fc640 1 -- 192.168.123.100:0/4077284033 <== mon.0 v2:192.168.123.100:3300/0 3 ==== mon_map magic: 0 ==== 205+0+0 (secure 0 0 0) 0x7fa78803d070 con 0x7fa78c19b900
2026-03-09T14:05:25.318 INFO:teuthology.orchestra.run.vm00.stdout:/usr/bin/ceph: stderr
2026-03-09T14:05:25.156+0000 7fa77a7fc640 1 -- 192.168.123.100:0/4077284033 <== mon.0 v2:192.168.123.100:3300/0 4 ==== mgrmap(e 7) ==== 50247+0+0 (secure 0 0 0) 0x7fa78804a430 con 0x7fa78c19b900
2026-03-09T14:05:25.318 INFO:teuthology.orchestra.run.vm00.stdout:/usr/bin/ceph: stderr
2026-03-09T14:05:25.156+0000 7fa77a7fc640 1 --2- 192.168.123.100:0/4077284033 >> [v2:192.168.123.100:6800/2528524255,v1:192.168.123.100:6801/2528524255] conn(0x7fa76803dce0 0x7fa7680401a0 unknown :-1 s=NONE pgs=0 cs=0 l=1 rev1=0 crypto rx=0 tx=0 comp rx=0 tx=0).connect
2026-03-09T14:05:25.318 INFO:teuthology.orchestra.run.vm00.stdout:/usr/bin/ceph: stderr
2026-03-09T14:05:25.156+0000 7fa77a7fc640 1 -- 192.168.123.100:0/4077284033 <== mon.0 v2:192.168.123.100:3300/0 5 ==== osd_map(2..2 src has 1..2) ==== 940+0+0 (secure 0 0 0) 0x7fa788077590 con 0x7fa78c19b900
2026-03-09T14:05:25.318 INFO:teuthology.orchestra.run.vm00.stdout:/usr/bin/ceph: stderr
2026-03-09T14:05:25.156+0000 7fa790a40640 1 --2- 192.168.123.100:0/4077284033 >> [v2:192.168.123.100:6800/2528524255,v1:192.168.123.100:6801/2528524255] conn(0x7fa76803dce0 0x7fa7680401a0 unknown :-1 s=BANNER_CONNECTING pgs=0 cs=0 l=1 rev1=0 crypto rx=0 tx=0 comp rx=0 tx=0)._handle_peer_banner_payload supported=3 required=0
2026-03-09T14:05:25.318 INFO:teuthology.orchestra.run.vm00.stdout:/usr/bin/ceph: stderr
2026-03-09T14:05:25.156+0000 7fa790a40640 1 --2- 192.168.123.100:0/4077284033 >> [v2:192.168.123.100:6800/2528524255,v1:192.168.123.100:6801/2528524255] conn(0x7fa76803dce0 0x7fa7680401a0 secure :-1 s=READY pgs=12 cs=0 l=1 rev1=1 crypto rx=0x7fa78400ad30 tx=0x7fa7840093f0 comp rx=0 tx=0).ready entity=mgr.14118 client_cookie=0 server_cookie=0 in_seq=0 out_seq=0
2026-03-09T14:05:25.318 INFO:teuthology.orchestra.run.vm00.stdout:/usr/bin/ceph: stderr
2026-03-09T14:05:25.156+0000 7fa792243640 1 -- 192.168.123.100:0/4077284033 --> [v2:192.168.123.100:3300/0,v1:192.168.123.100:6789/0] -- mon_command({"prefix": "get_command_descriptions"} v 0) -- 0x7fa760005390 con 0x7fa78c19b900
2026-03-09T14:05:25.318 INFO:teuthology.orchestra.run.vm00.stdout:/usr/bin/ceph: stderr
2026-03-09T14:05:25.160+0000 7fa77a7fc640 1 -- 192.168.123.100:0/4077284033 <== mon.0 v2:192.168.123.100:3300/0 6 ==== mon_command_ack([{"prefix": "get_command_descriptions"}]=0 v0) ==== 72+0+195034 (secure 0 0 0) 0x7fa788076ee0 con 0x7fa78c19b900
2026-03-09T14:05:25.318 INFO:teuthology.orchestra.run.vm00.stdout:/usr/bin/ceph: stderr
2026-03-09T14:05:25.260+0000 7fa792243640 1 -- 192.168.123.100:0/4077284033 --> [v2:192.168.123.100:6800/2528524255,v1:192.168.123.100:6801/2528524255] -- mgr_command(tid 0: {"prefix": "orch apply", "service_type": "mon", "unmanaged": true, "target": ["mon-mgr", ""]}) -- 0x7fa754000d90 con 0x7fa76803dce0
2026-03-09T14:05:25.318 INFO:teuthology.orchestra.run.vm00.stdout:/usr/bin/ceph: stderr
2026-03-09T14:05:25.264+0000 7fa77a7fc640 1 -- 192.168.123.100:0/4077284033 <== mgr.14118 v2:192.168.123.100:6800/2528524255 1 ==== mgr_command_reply(tid 0: 0 ) ==== 8+0+24 (secure 0 0 0) 0x7fa754000d90 con 0x7fa76803dce0
2026-03-09T14:05:25.318 INFO:teuthology.orchestra.run.vm00.stdout:/usr/bin/ceph: stderr
2026-03-09T14:05:25.268+0000 7fa792243640 1 -- 192.168.123.100:0/4077284033 >> [v2:192.168.123.100:6800/2528524255,v1:192.168.123.100:6801/2528524255] conn(0x7fa76803dce0 msgr2=0x7fa7680401a0 secure :-1 s=STATE_CONNECTION_ESTABLISHED l=1).mark_down
2026-03-09T14:05:25.318 INFO:teuthology.orchestra.run.vm00.stdout:/usr/bin/ceph: stderr
2026-03-09T14:05:25.268+0000 7fa792243640 1 --2- 192.168.123.100:0/4077284033 >> [v2:192.168.123.100:6800/2528524255,v1:192.168.123.100:6801/2528524255] conn(0x7fa76803dce0 0x7fa7680401a0 secure :-1 s=READY pgs=12 cs=0 l=1 rev1=1 crypto rx=0x7fa78400ad30 tx=0x7fa7840093f0 comp rx=0 tx=0).stop
2026-03-09T14:05:25.319 INFO:teuthology.orchestra.run.vm00.stdout:/usr/bin/ceph: stderr
2026-03-09T14:05:25.268+0000 7fa792243640 1 -- 192.168.123.100:0/4077284033 >> [v2:192.168.123.100:3300/0,v1:192.168.123.100:6789/0] conn(0x7fa78c19b900 msgr2=0x7fa78c19bd20 secure :-1 s=STATE_CONNECTION_ESTABLISHED l=1).mark_down
2026-03-09T14:05:25.319 INFO:teuthology.orchestra.run.vm00.stdout:/usr/bin/ceph: stderr
2026-03-09T14:05:25.268+0000 7fa792243640 1 --2- 192.168.123.100:0/4077284033 >> [v2:192.168.123.100:3300/0,v1:192.168.123.100:6789/0] conn(0x7fa78c19b900 0x7fa78c19bd20 secure :-1 s=READY pgs=46 cs=0 l=1 rev1=1 crypto rx=0x7fa788037990 tx=0x7fa7880379c0 comp rx=0 tx=0).stop
2026-03-09T14:05:25.319 INFO:teuthology.orchestra.run.vm00.stdout:/usr/bin/ceph: stderr
2026-03-09T14:05:25.268+0000 7fa792243640 1 -- 192.168.123.100:0/4077284033 shutdown_connections
2026-03-09T14:05:25.319 INFO:teuthology.orchestra.run.vm00.stdout:/usr/bin/ceph: stderr
2026-03-09T14:05:25.268+0000 7fa792243640 1 --2- 192.168.123.100:0/4077284033 >> [v2:192.168.123.100:6800/2528524255,v1:192.168.123.100:6801/2528524255] conn(0x7fa76803dce0 0x7fa7680401a0 unknown :-1 s=CLOSED pgs=12 cs=0 l=1 rev1=1 crypto rx=0 tx=0 comp rx=0 tx=0).stop
