2026-03-09T14:05:32.684 INFO:teuthology.orchestra.run.vm00.stdout:/usr/bin/ceph: stderr
2026-03-09T14:05:32.368+0000 7fe8637fe640 1 -- 192.168.123.100:0/3886728610 <== mon.0 v2:192.168.123.100:3300/0 5 ==== osd_map(3..3 src has 1..3) ==== 1155+0+0 (secure 0 0 0) 0x7fe864076a20 con 0x7fe87c109a70
2026-03-09T14:05:32.684 INFO:teuthology.orchestra.run.vm00.stdout:/usr/bin/ceph: stderr
2026-03-09T14:05:32.368+0000 7fe879d74640 1 --2- 192.168.123.100:0/3886728610 >> [v2:192.168.123.100:6800/382579543,v1:192.168.123.100:6801/382579543] conn(0x7fe85803db70 0x7fe858040030 unknown :-1 s=BANNER_CONNECTING pgs=0 cs=0 l=1 rev1=0 crypto rx=0 tx=0 comp rx=0 tx=0)._handle_peer_banner_payload supported=3 required=0
2026-03-09T14:05:32.684 INFO:teuthology.orchestra.run.vm00.stdout:/usr/bin/ceph: stderr
2026-03-09T14:05:32.368+0000 7fe8637fe640 1 -- 192.168.123.100:0/3886728610 <== mon.0 v2:192.168.123.100:3300/0 6 ==== mon_command_ack([{"prefix": "get_command_descriptions"}]=0 v0) ==== 72+0+195034 (secure 0 0 0) 0x7fe86403f2a0 con 0x7fe87c109a70
2026-03-09T14:05:32.684 INFO:teuthology.orchestra.run.vm00.stdout:/usr/bin/ceph: stderr
2026-03-09T14:05:32.368+0000 7fe879d74640 1 --2- 192.168.123.100:0/3886728610 >> [v2:192.168.123.100:6800/382579543,v1:192.168.123.100:6801/382579543] conn(0x7fe85803db70 0x7fe858040030 secure :-1 s=READY pgs=8 cs=0 l=1 rev1=1 crypto rx=0x7fe8700099c0 tx=0x7fe870006eb0 comp rx=0 tx=0).ready entity=mgr.14150 client_cookie=0 server_cookie=0 in_seq=0 out_seq=0
2026-03-09T14:05:32.684 INFO:teuthology.orchestra.run.vm00.stdout:/usr/bin/ceph: stderr
2026-03-09T14:05:32.480+0000 7fe880dbf640 1 -- 192.168.123.100:0/3886728610 --> [v2:192.168.123.100:6800/382579543,v1:192.168.123.100:6801/382579543] -- mgr_command(tid 0: {"prefix": "dashboard ac-user-create", "username": "admin", "rolename": "administrator", "force_password": true, "pwd_update_required": true, "target": ["mon-mgr", ""]}) -- 0x7fe87c1a2f30 con 0x7fe85803db70
2026-03-09T14:05:32.684 INFO:teuthology.orchestra.run.vm00.stdout:/usr/bin/ceph: stderr
2026-03-09T14:05:32.636+0000 7fe8637fe640 1 -- 192.168.123.100:0/3886728610 <== mgr.14150 v2:192.168.123.100:6800/382579543 1 ==== mgr_command_reply(tid 0: 0 ) ==== 8+0+252 (secure 0 0 0) 0x7fe87c1a2f30 con 0x7fe85803db70
2026-03-09T14:05:32.684 INFO:teuthology.orchestra.run.vm00.stdout:/usr/bin/ceph: stderr
2026-03-09T14:05:32.640+0000 7fe880dbf640 1 -- 192.168.123.100:0/3886728610 >> [v2:192.168.123.100:6800/382579543,v1:192.168.123.100:6801/382579543] conn(0x7fe85803db70 msgr2=0x7fe858040030 secure :-1 s=STATE_CONNECTION_ESTABLISHED l=1).mark_down
2026-03-09T14:05:32.684 INFO:teuthology.orchestra.run.vm00.stdout:/usr/bin/ceph: stderr
2026-03-09T14:05:32.640+0000 7fe880dbf640 1 --2- 192.168.123.100:0/3886728610 >> [v2:192.168.123.100:6800/382579543,v1:192.168.123.100:6801/382579543] conn(0x7fe85803db70 0x7fe858040030 secure :-1 s=READY pgs=8 cs=0 l=1 rev1=1 crypto rx=0x7fe8700099c0 tx=0x7fe870006eb0 comp rx=0 tx=0).stop
2026-03-09T14:05:32.684 INFO:teuthology.orchestra.run.vm00.stdout:/usr/bin/ceph: stderr
2026-03-09T14:05:32.640+0000 7fe880dbf640 1 -- 192.168.123.100:0/3886728610 >> [v2:192.168.123.100:3300/0,v1:192.168.123.100:6789/0] conn(0x7fe87c109a70 msgr2=0x7fe87c19f8a0 secure :-1 s=STATE_CONNECTION_ESTABLISHED l=1).mark_down
2026-03-09T14:05:32.684 INFO:teuthology.orchestra.run.vm00.stdout:/usr/bin/ceph: stderr
2026-03-09T14:05:32.640+0000 7fe880dbf640 1 --2- 192.168.123.100:0/3886728610 >> [v2:192.168.123.100:3300/0,v1:192.168.123.100:6789/0] conn(0x7fe87c109a70 0x7fe87c19f8a0 secure :-1 s=READY pgs=71 cs=0 l=1 rev1=1 crypto rx=0x7fe864037960 tx=0x7fe864037990 comp rx=0 tx=0).stop
2026-03-09T14:05:32.684 INFO:teuthology.orchestra.run.vm00.stdout:/usr/bin/ceph: stderr
2026-03-09T14:05:32.640+0000 7fe880dbf640 1 -- 192.168.123.100:0/3886728610 shutdown_connections
2026-03-09T14:05:32.684 INFO:teuthology.orchestra.run.vm00.stdout:/usr/bin/ceph: stderr
2026-03-09T14:05:32.640+0000 7fe880dbf640 1 --2- 192.168.123.100:0/3886728610 >> [v2:192.168.123.100:6800/382579543,v1:192.168.123.100:6801/382579543] conn(0x7fe85803db70 0x7fe858040030 unknown :-1 s=CLOSED pgs=8 cs=0 l=1 rev1=1 crypto rx=0 tx=0 comp rx=0 tx=0).stop
2026-03-09T14:05:32.684 INFO:teuthology.orchestra.run.vm00.stdout:/usr/bin/ceph: stderr
2026-03-09T14:05:32.640+0000 7fe880dbf640 1 --2- 192.168.123.100:0/3886728610 >> [v2:192.168.123.100:3300/0,v1:192.168.123.100:6789/0] conn(0x7fe87c109a70 0x7fe87c19f8a0 unknown :-1 s=CLOSED pgs=71 cs=0 l=1 rev1=1 crypto rx=0 tx=0 comp rx=0 tx=0).stop
2026-03-09T14:05:32.684 INFO:teuthology.orchestra.run.vm00.stdout:/usr/bin/ceph: stderr
2026-03-09T14:05:32.640+0000 7fe880dbf640 1 -- 192.168.123.100:0/3886728610 >> 192.168.123.100:0/3886728610 conn(0x7fe87c07d070 msgr2=0x7fe87c107840 unknown :-1 s=STATE_NONE l=0).mark_down
2026-03-09T14:05:32.684 INFO:teuthology.orchestra.run.vm00.stdout:/usr/bin/ceph: stderr
2026-03-09T14:05:32.640+0000 7fe880dbf640 1 -- 192.168.123.100:0/3886728610 shutdown_connections
2026-03-09T14:05:32.684 INFO:teuthology.orchestra.run.vm00.stdout:/usr/bin/ceph: stderr
2026-03-09T14:05:32.640+0000 7fe880dbf640 1 -- 192.168.123.100:0/3886728610 wait complete.
2026-03-09T14:05:32.684 INFO:teuthology.orchestra.run.vm00.stdout:Fetching dashboard port number...
2026-03-09T14:05:32.993 INFO:teuthology.orchestra.run.vm00.stdout:/usr/bin/ceph: stdout 8443
2026-03-09T14:05:32.993 INFO:teuthology.orchestra.run.vm00.stdout:/usr/bin/ceph: stderr
2026-03-09T14:05:32.836+0000 7f4c821aa640 1 Processor -- start
2026-03-09T14:05:32.993 INFO:teuthology.orchestra.run.vm00.stdout:/usr/bin/ceph: stderr
2026-03-09T14:05:32.836+0000 7f4c821aa640 1 -- start start
2026-03-09T14:05:32.993 INFO:teuthology.orchestra.run.vm00.stdout:/usr/bin/ceph: stderr
2026-03-09T14:05:32.836+0000 7f4c821aa640 1 --2- >> [v2:192.168.123.100:3300/0,v1:192.168.123.100:6789/0] conn(0x7f4c7c0737a0 0x7f4c7c073ba0 unknown :-1 s=NONE pgs=0 cs=0 l=0 rev1=0 crypto rx=0 tx=0 comp rx=0 tx=0).connect
2026-03-09T14:05:32.993 INFO:teuthology.orchestra.run.vm00.stdout:/usr/bin/ceph: stderr
2026-03-09T14:05:32.836+0000 7f4c821aa640 1 -- --> [v2:192.168.123.100:3300/0,v1:192.168.123.100:6789/0] -- mon_getmap magic: 0 -- 0x7f4c7c074170 con 0x7f4c7c0737a0
2026-03-09T14:05:32.993 INFO:teuthology.orchestra.run.vm00.stdout:/usr/bin/ceph: stderr
2026-03-09T14:05:32.836+0000 7f4c7b7fe640 1 --2- >> [v2:192.168.123.100:3300/0,v1:192.168.123.100:6789/0] conn(0x7f4c7c0737a0 0x7f4c7c073ba0 unknown :-1 s=BANNER_CONNECTING pgs=0 cs=0 l=0 rev1=0 crypto rx=0 tx=0 comp rx=0 tx=0)._handle_peer_banner_payload supported=3 required=0
2026-03-09T14:05:32.993 INFO:teuthology.orchestra.run.vm00.stdout:/usr/bin/ceph: stderr
2026-03-09T14:05:32.836+0000 7f4c7b7fe640 1 --2- >> [v2:192.168.123.100:3300/0,v1:192.168.123.100:6789/0] conn(0x7f4c7c0737a0 0x7f4c7c073ba0 unknown :-1 s=HELLO_CONNECTING pgs=0 cs=0 l=0 rev1=1 crypto rx=0 tx=0 comp rx=0 tx=0).handle_hello peer v2:192.168.123.100:3300/0 says I am v2:192.168.123.100:49980/0 (socket says 192.168.123.100:49980)
2026-03-09T14:05:32.993 INFO:teuthology.orchestra.run.vm00.stdout:/usr/bin/ceph: stderr
2026-03-09T14:05:32.836+0000 7f4c7b7fe640 1 -- 192.168.123.100:0/1799633794 learned_addr learned my addr 192.168.123.100:0/1799633794 (peer_addr_for_me v2:192.168.123.100:0/0)
2026-03-09T14:05:32.993 INFO:teuthology.orchestra.run.vm00.stdout:/usr/bin/ceph: stderr
2026-03-09T14:05:32.836+0000 7f4c7b7fe640 1 -- 192.168.123.100:0/1799633794 --> [v2:192.168.123.100:3300/0,v1:192.168.123.100:6789/0] -- mon_subscribe({config=0+,monmap=0+}) -- 0x7f4c7c0742f0 con 0x7f4c7c0737a0
2026-03-09T14:05:32.993 INFO:teuthology.orchestra.run.vm00.stdout:/usr/bin/ceph: stderr
2026-03-09T14:05:32.836+0000 7f4c7b7fe640 1 --2- 192.168.123.100:0/1799633794 >> [v2:192.168.123.100:3300/0,v1:192.168.123.100:6789/0] conn(0x7f4c7c0737a0 0x7f4c7c073ba0 secure :-1 s=READY pgs=72 cs=0 l=1 rev1=1 crypto rx=0x7f4c64009b80 tx=0x7f4c6402f190 comp rx=0 tx=0).ready entity=mon.0 client_cookie=ae05efb75764f13d server_cookie=0 in_seq=0 out_seq=0
2026-03-09T14:05:32.993 INFO:teuthology.orchestra.run.vm00.stdout:/usr/bin/ceph: stderr
2026-03-09T14:05:32.836+0000 7f4c7a7fc640 1 -- 192.168.123.100:0/1799633794 <== mon.0 v2:192.168.123.100:3300/0 1 ==== mon_map magic: 0 ==== 205+0+0 (secure 0 0 0) 0x7f4c6403c070 con 0x7f4c7c0737a0
2026-03-09T14:05:32.993 INFO:teuthology.orchestra.run.vm00.stdout:/usr/bin/ceph: stderr
2026-03-09T14:05:32.836+0000 7f4c7a7fc640 1 -- 192.168.123.100:0/1799633794 <== mon.0 v2:192.168.123.100:3300/0 2 ==== config(25 keys) ==== 1038+0+0 (secure 0 0 0) 0x7f4c64037440 con 0x7f4c7c0737a0
2026-03-09T14:05:32.994 INFO:teuthology.orchestra.run.vm00.stdout:/usr/bin/ceph: stderr
2026-03-09T14:05:32.836+0000 7f4c821aa640 1 -- 192.168.123.100:0/1799633794 >> [v2:192.168.123.100:3300/0,v1:192.168.123.100:6789/0] conn(0x7f4c7c0737a0 msgr2=0x7f4c7c073ba0 secure :-1 s=STATE_CONNECTION_ESTABLISHED l=1).mark_down
2026-03-09T14:05:32.994 INFO:teuthology.orchestra.run.vm00.stdout:/usr/bin/ceph: stderr
2026-03-09T14:05:32.836+0000 7f4c821aa640 1 --2- 192.168.123.100:0/1799633794 >> [v2:192.168.123.100:3300/0,v1:192.168.123.100:6789/0] conn(0x7f4c7c0737a0 0x7f4c7c073ba0 secure :-1 s=READY pgs=72 cs=0 l=1 rev1=1 crypto rx=0x7f4c64009b80 tx=0x7f4c6402f190 comp rx=0 tx=0).stop
2026-03-09T14:05:32.994 INFO:teuthology.orchestra.run.vm00.stdout:/usr/bin/ceph: stderr
2026-03-09T14:05:32.836+0000 7f4c821aa640 1 -- 192.168.123.100:0/1799633794 shutdown_connections
2026-03-09T14:05:32.994 INFO:teuthology.orchestra.run.vm00.stdout:/usr/bin/ceph: stderr
2026-03-09T14:05:32.836+0000 7f4c821aa640 1 --2- 192.168.123.100:0/1799633794 >> [v2:192.168.123.100:3300/0,v1:192.168.123.100:6789/0] conn(0x7f4c7c0737a0 0x7f4c7c073ba0 unknown :-1 s=CLOSED pgs=72 cs=0 l=1 rev1=1 crypto rx=0 tx=0 comp rx=0 tx=0).stop
2026-03-09T14:05:32.994 INFO:teuthology.orchestra.run.vm00.stdout:/usr/bin/ceph: stderr
2026-03-09T14:05:32.836+0000 7f4c821aa640 1 -- 192.168.123.100:0/1799633794 >> 192.168.123.100:0/1799633794 conn(0x7f4c7c06ede0 msgr2=0x7f4c7c071260 unknown :-1 s=STATE_NONE l=0).mark_down
2026-03-09T14:05:32.994 INFO:teuthology.orchestra.run.vm00.stdout:/usr/bin/ceph: stderr
2026-03-09T14:05:32.836+0000 7f4c821aa640 1 -- 192.168.123.100:0/1799633794 shutdown_connections
2026-03-09T14:05:32.994 INFO:teuthology.orchestra.run.vm00.stdout:/usr/bin/ceph: stderr
2026-03-09T14:05:32.836+0000 7f4c821aa640 1 -- 192.168.123.100:0/1799633794 wait complete.
2026-03-09T14:05:32.994 INFO:teuthology.orchestra.run.vm00.stdout:/usr/bin/ceph: stderr
2026-03-09T14:05:32.836+0000 7f4c821aa640 1 Processor -- start
2026-03-09T14:05:32.994 INFO:teuthology.orchestra.run.vm00.stdout:/usr/bin/ceph: stderr
2026-03-09T14:05:32.836+0000 7f4c821aa640 1 -- start start
2026-03-09T14:05:32.994 INFO:teuthology.orchestra.run.vm00.stdout:/usr/bin/ceph: stderr
2026-03-09T14:05:32.836+0000 7f4c821aa640 1 --2- >> [v2:192.168.123.100:3300/0,v1:192.168.123.100:6789/0] conn(0x7f4c7c0737a0 0x7f4c7c113eb0 unknown :-1 s=NONE pgs=0 cs=0 l=1 rev1=0 crypto rx=0 tx=0 comp rx=0 tx=0).connect
2026-03-09T14:05:32.994 INFO:teuthology.orchestra.run.vm00.stdout:/usr/bin/ceph: stderr
2026-03-09T14:05:32.836+0000 7f4c821aa640 1 -- --> [v2:192.168.123.100:3300/0,v1:192.168.123.100:6789/0] -- mon_getmap magic: 0 -- 0x7f4c7c112480 con 0x7f4c7c0737a0
2026-03-09T14:05:32.994 INFO:teuthology.orchestra.run.vm00.stdout:/usr/bin/ceph: stderr
2026-03-09T14:05:32.836+0000 7f4c7b7fe640 1 --2- >> [v2:192.168.123.100:3300/0,v1:192.168.123.100:6789/0] conn(0x7f4c7c0737a0 0x7f4c7c113eb0 unknown :-1 s=BANNER_CONNECTING pgs=0 cs=0 l=1 rev1=0 crypto rx=0 tx=0 comp rx=0 tx=0)._handle_peer_banner_payload supported=3 required=0
2026-03-09T14:05:32.994 INFO:teuthology.orchestra.run.vm00.stdout:/usr/bin/ceph: stderr
2026-03-09T14:05:32.836+0000 7f4c7b7fe640 1 --2- >> [v2:192.168.123.100:3300/0,v1:192.168.123.100:6789/0] conn(0x7f4c7c0737a0 0x7f4c7c113eb0 unknown :-1 s=HELLO_CONNECTING pgs=0 cs=0 l=1 rev1=1 crypto rx=0 tx=0 comp rx=0 tx=0).handle_hello peer v2:192.168.123.100:3300/0 says I am v2:192.168.123.100:49994/0 (socket says 192.168.123.100:49994)
2026-03-09T14:05:32.994 INFO:teuthology.orchestra.run.vm00.stdout:/usr/bin/ceph: stderr
2026-03-09T14:05:32.836+0000 7f4c7b7fe640 1 -- 192.168.123.100:0/461296941 learned_addr learned my addr 192.168.123.100:0/461296941 (peer_addr_for_me v2:192.168.123.100:0/0)
2026-03-09T14:05:32.994 INFO:teuthology.orchestra.run.vm00.stdout:/usr/bin/ceph: stderr
2026-03-09T14:05:32.840+0000 7f4c7b7fe640 1 -- 192.168.123.100:0/461296941 --> [v2:192.168.123.100:3300/0,v1:192.168.123.100:6789/0] -- mon_subscribe({config=0+,monmap=0+}) -- 0x7f4c7c1a6a80 con 0x7f4c7c0737a0
2026-03-09T14:05:32.994 INFO:teuthology.orchestra.run.vm00.stdout:/usr/bin/ceph: stderr
2026-03-09T14:05:32.840+0000 7f4c7b7fe640 1 --2- 192.168.123.100:0/461296941 >> [v2:192.168.123.100:3300/0,v1:192.168.123.100:6789/0] conn(0x7f4c7c0737a0 0x7f4c7c113eb0 secure :-1 s=READY pgs=73 cs=0 l=1 rev1=1 crypto rx=0x7f4c64035a00 tx=0x7f4c64035a30 comp rx=0 tx=0).ready entity=mon.0 client_cookie=0 server_cookie=0 in_seq=0 out_seq=0
2026-03-09T14:05:32.994 INFO:teuthology.orchestra.run.vm00.stdout:/usr/bin/ceph: stderr
2026-03-09T14:05:32.840+0000 7f4c78ff9640 1 -- 192.168.123.100:0/461296941 <== mon.0 v2:192.168.123.100:3300/0 1 ==== mon_map magic: 0 ==== 205+0+0 (secure 0 0 0) 0x7f4c6403c040 con 0x7f4c7c0737a0
2026-03-09T14:05:32.994 INFO:teuthology.orchestra.run.vm00.stdout:/usr/bin/ceph: stderr
2026-03-09T14:05:32.840+0000 7f4c821aa640 1 -- 192.168.123.100:0/461296941 --> [v2:192.168.123.100:3300/0,v1:192.168.123.100:6789/0] -- mon_subscribe({mgrmap=0+}) -- 0x7f4c7c1a6d10 con 0x7f4c7c0737a0
2026-03-09T14:05:32.994 INFO:teuthology.orchestra.run.vm00.stdout:/usr/bin/ceph: stderr
2026-03-09T14:05:32.840+0000 7f4c821aa640 1 -- 192.168.123.100:0/461296941 --> [v2:192.168.123.100:3300/0,v1:192.168.123.100:6789/0] -- mon_subscribe({osdmap=0}) -- 0x7f4c7c1a71f0 con 0x7f4c7c0737a0
2026-03-09T14:05:32.994 INFO:teuthology.orchestra.run.vm00.stdout:/usr/bin/ceph: stderr
2026-03-09T14:05:32.840+0000 7f4c78ff9640 1 -- 192.168.123.100:0/461296941 <== mon.0 v2:192.168.123.100:3300/0 2 ==== config(25 keys) ==== 1038+0+0 (secure 0 0 0) 0x7f4c64035c80 con 0x7f4c7c0737a0
2026-03-09T14:05:32.994 INFO:teuthology.orchestra.run.vm00.stdout:/usr/bin/ceph: stderr
2026-03-09T14:05:32.840+0000 7f4c78ff9640 1 -- 192.168.123.100:0/461296941 <== mon.0 v2:192.168.123.100:3300/0 3 ==== mon_map magic: 0 ==== 205+0+0 (secure 0 0 0) 0x7f4c640378c0 con 0x7f4c7c0737a0
2026-03-09T14:05:32.994 INFO:teuthology.orchestra.run.vm00.stdout:/usr/bin/ceph: stderr
2026-03-09T14:05:32.840+0000 7f4c78ff9640 1 -- 192.168.123.100:0/461296941 <== mon.0 v2:192.168.123.100:3300/0 4 ==== mgrmap(e 10) ==== 50154+0+0 (secure 0 0 0) 0x7f4c64037b20 con 0x7f4c7c0737a0
2026-03-09T14:05:32.994 INFO:teuthology.orchestra.run.vm00.stdout:/usr/bin/ceph: stderr
2026-03-09T14:05:32.840+0000 7f4c78ff9640 1 --2- 192.168.123.100:0/461296941 >> [v2:192.168.123.100:6800/382579543,v1:192.168.123.100:6801/382579543] conn(0x7f4c5003dc10 0x7f4c500400d0 unknown :-1 s=NONE pgs=0 cs=0 l=1 rev1=0 crypto rx=0 tx=0 comp rx=0 tx=0).connect
2026-03-09T14:05:32.994 INFO:teuthology.orchestra.run.vm00.stdout:/usr/bin/ceph: stderr
2026-03-09T14:05:32.840+0000 7f4c7affd640 1 --2- 192.168.123.100:0/461296941 >> [v2:192.168.123.100:6800/382579543,v1:192.168.123.100:6801/382579543] conn(0x7f4c5003dc10 0x7f4c500400d0 unknown :-1 s=BANNER_CONNECTING pgs=0 cs=0 l=1 rev1=0 crypto rx=0 tx=0 comp rx=0 tx=0)._handle_peer_banner_payload supported=3 required=0
2026-03-09T14:05:32.994 INFO:teuthology.orchestra.run.vm00.stdout:/usr/bin/ceph: stderr
2026-03-09T14:05:32.840+0000 7f4c821aa640 1 -- 192.168.123.100:0/461296941 --> [v2:192.168.123.100:3300/0,v1:192.168.123.100:6789/0] -- mon_command({"prefix": "get_command_descriptions"} v 0) -- 0x7f4c7c072b30 con 0x7f4c7c0737a0
2026-03-09T14:05:32.994 INFO:teuthology.orchestra.run.vm00.stdout:/usr/bin/ceph: stderr
2026-03-09T14:05:32.844+0000 7f4c7affd640 1 --2- 192.168.123.100:0/461296941 >> [v2:192.168.123.100:6800/382579543,v1:192.168.123.100:6801/382579543] conn(0x7f4c5003dc10 0x7f4c500400d0 secure :-1 s=READY pgs=9 cs=0 l=1 rev1=1 crypto rx=0x7f4c68009a10 tx=0x7f4c68006eb0 comp rx=0 tx=0).ready entity=mgr.14150 client_cookie=0 server_cookie=0 in_seq=0 out_seq=0
2026-03-09T14:05:32.994 INFO:teuthology.orchestra.run.vm00.stdout:/usr/bin/ceph: stderr
2026-03-09T14:05:32.844+0000 7f4c78ff9640 1 -- 192.168.123.100:0/461296941 <== mon.0 v2:192.168.123.100:3300/0 5 ==== osd_map(3..3 src has 1..3) ==== 1155+0+0 (secure 0 0 0) 0x7f4c64077ba0 con 0x7f4c7c0737a0
2026-03-09T14:05:32.994 INFO:teuthology.orchestra.run.vm00.stdout:/usr/bin/ceph: stderr
2026-03-09T14:05:32.844+0000 7f4c78ff9640 1 -- 192.168.123.100:0/461296941 <== mon.0 v2:192.168.123.100:3300/0 6 ==== mon_command_ack([{"prefix": "get_command_descriptions"}]=0 v0) ==== 72+0+195034 (secure 0 0 0) 0x7f4c64003c80 con 0x7f4c7c0737a0
2026-03-09T14:05:32.994 INFO:teuthology.orchestra.run.vm00.stdout:/usr/bin/ceph: stderr
2026-03-09T14:05:32.948+0000 7f4c821aa640 1 -- 192.168.123.100:0/461296941 --> [v2:192.168.123.100:3300/0,v1:192.168.123.100:6789/0] -- mon_command({"prefix": "config get", "who": "mgr", "key": "mgr/dashboard/ssl_server_port"} v 0) -- 0x7f4c7c19e5e0 con 0x7f4c7c0737a0
2026-03-09T14:05:32.994 INFO:teuthology.orchestra.run.vm00.stdout:/usr/bin/ceph: stderr
2026-03-09T14:05:32.948+0000 7f4c78ff9640 1 -- 192.168.123.100:0/461296941 <== mon.0 v2:192.168.123.100:3300/0 7 ==== mon_command_ack([{"prefix": "config get", "who": "mgr", "key": "mgr/dashboard/ssl_server_port"}]=0 v8) ==== 112+0+5 (secure 0 0 0) 0x7f4c6403e320 con 0x7f4c7c0737a0
2026-03-09T14:05:32.994 INFO:teuthology.orchestra.run.vm00.stdout:/usr/bin/ceph: stderr
2026-03-09T14:05:32.952+0000 7f4c821aa640 1 -- 192.168.123.100:0/461296941 >> [v2:192.168.123.100:6800/382579543,v1:192.168.123.100:6801/382579543] conn(0x7f4c5003dc10 msgr2=0x7f4c500400d0 secure :-1 s=STATE_CONNECTION_ESTABLISHED l=1).mark_down
2026-03-09T14:05:32.994 INFO:teuthology.orchestra.run.vm00.stdout:/usr/bin/ceph: stderr
2026-03-09T14:05:32.952+0000 7f4c821aa640 1 --2- 192.168.123.100:0/461296941 >> [v2:192.168.123.100:6800/382579543,v1:192.168.123.100:6801/382579543] conn(0x7f4c5003dc10 0x7f4c500400d0 secure :-1 s=READY pgs=9 cs=0 l=1 rev1=1 crypto rx=0x7f4c68009a10 tx=0x7f4c68006eb0 comp rx=0 tx=0).stop
2026-03-09T14:05:32.994 INFO:teuthology.orchestra.run.vm00.stdout:/usr/bin/ceph: stderr
2026-03-09T14:05:32.952+0000 7f4c821aa640 1 -- 192.168.123.100:0/461296941 >> [v2:192.168.123.100:3300/0,v1:192.168.123.100:6789/0] conn(0x7f4c7c0737a0 msgr2=0x7f4c7c113eb0 secure :-1 s=STATE_CONNECTION_ESTABLISHED l=1).mark_down
2026-03-09T14:05:32.994 INFO:teuthology.orchestra.run.vm00.stdout:/usr/bin/ceph: stderr
2026-03-09T14:05:32.952+0000 7f4c821aa640 1 --2- 192.168.123.100:0/461296941 >> [v2:192.168.123.100:3300/0,v1:192.168.123.100:6789/0] conn(0x7f4c7c0737a0 0x7f4c7c113eb0 secure :-1 s=READY pgs=73 cs=0 l=1 rev1=1 crypto rx=0x7f4c64035a00 tx=0x7f4c64035a30 comp rx=0 tx=0).stop
2026-03-09T14:05:32.994 INFO:teuthology.orchestra.run.vm00.stdout:/usr/bin/ceph: stderr
2026-03-09T14:05:32.952+0000 7f4c821aa640 1 -- 192.168.123.100:0/461296941 shutdown_connections
2026-03-09T14:05:32.994 INFO:teuthology.orchestra.run.vm00.stdout:/usr/bin/ceph: stderr
2026-03-09T14:05:32.952+0000 7f4c821aa640 1 --2- 192.168.123.100:0/461296941 >> [v2:192.168.123.100:6800/382579543,v1:192.168.123.100:6801/382579543] conn(0x7f4c5003dc10 0x7f4c500400d0 unknown :-1 s=CLOSED pgs=9 cs=0 l=1 rev1=1 crypto rx=0 tx=0 comp rx=0 tx=0).stop
2026-03-09T14:05:32.994 INFO:teuthology.orchestra.run.vm00.stdout:/usr/bin/ceph: stderr
2026-03-09T14:05:32.952+0000 7f4c821aa640 1 --2- 192.168.123.100:0/461296941 >> [v2:192.168.123.100:3300/0,v1:192.168.123.100:6789/0] conn(0x7f4c7c0737a0 0x7f4c7c113eb0 unknown :-1 s=CLOSED pgs=73 cs=0 l=1 rev1=1 crypto rx=0 tx=0 comp rx=0 tx=0).stop
2026-03-09T14:05:32.994 INFO:teuthology.orchestra.run.vm00.stdout:/usr/bin/ceph: stderr
2026-03-09T14:05:32.952+0000 7f4c821aa640 1 -- 192.168.123.100:0/461296941 >> 192.168.123.100:0/461296941 conn(0x7f4c7c06ede0 msgr2=0x7f4c7c06f570 unknown :-1 s=STATE_NONE l=0).mark_down
2026-03-09T14:05:32.994 INFO:teuthology.orchestra.run.vm00.stdout:/usr/bin/ceph: stderr
2026-03-09T14:05:32.952+0000 7f4c821aa640 1 -- 192.168.123.100:0/461296941 shutdown_connections
2026-03-09T14:05:32.994 INFO:teuthology.orchestra.run.vm00.stdout:/usr/bin/ceph: stderr
2026-03-09T14:05:32.952+0000 7f4c821aa640 1 -- 192.168.123.100:0/461296941 wait complete.
2026-03-09T14:05:32.994 INFO:teuthology.orchestra.run.vm00.stdout:firewalld does not appear to be present
2026-03-09T14:05:32.994 INFO:teuthology.orchestra.run.vm00.stdout:Not possible to open ports <[8443]>. firewalld.service is not available
2026-03-09T14:05:32.995 INFO:teuthology.orchestra.run.vm00.stdout:Ceph Dashboard is now available at:
2026-03-09T14:05:32.995 INFO:teuthology.orchestra.run.vm00.stdout:
2026-03-09T14:05:32.995 INFO:teuthology.orchestra.run.vm00.stdout: URL: https://vm00.local:8443/
2026-03-09T14:05:32.995 INFO:teuthology.orchestra.run.vm00.stdout: User: admin
2026-03-09T14:05:32.995 INFO:teuthology.orchestra.run.vm00.stdout: Password: nomp6ioutm
2026-03-09T14:05:32.995 INFO:teuthology.orchestra.run.vm00.stdout:
2026-03-09T14:05:32.995 INFO:teuthology.orchestra.run.vm00.stdout:Saving cluster configuration to /var/lib/ceph/c981ce80-1bc0-11f1-b902-f34d050d898a/config directory
2026-03-09T14:05:33.302 INFO:teuthology.orchestra.run.vm00.stdout:/usr/bin/ceph: stderr
2026-03-09T14:05:33.112+0000 7fc0256ab640 1 Processor -- start
2026-03-09T14:05:33.302 INFO:teuthology.orchestra.run.vm00.stdout:/usr/bin/ceph: stderr
2026-03-09T14:05:33.112+0000 7fc0256ab640 1 -- start start
2026-03-09T14:05:33.303 INFO:teuthology.orchestra.run.vm00.stdout:/usr/bin/ceph: stderr
2026-03-09T14:05:33.112+0000 7fc0256ab640 1 --2- >> [v2:192.168.123.100:3300/0,v1:192.168.123.100:6789/0] conn(0x7fc020109a70 0x7fc020109e70 unknown :-1 s=NONE pgs=0 cs=0 l=0 rev1=0 crypto rx=0 tx=0 comp rx=0 tx=0).connect
2026-03-09T14:05:33.303 INFO:teuthology.orchestra.run.vm00.stdout:/usr/bin/ceph: stderr
2026-03-09T14:05:33.112+0000 7fc0256ab640 1 -- --> [v2:192.168.123.100:3300/0,v1:192.168.123.100:6789/0] -- mon_getmap magic: 0 -- 0x7fc02010a440 con 0x7fc020109a70
2026-03-09T14:05:33.303 INFO:teuthology.orchestra.run.vm00.stdout:/usr/bin/ceph: stderr
2026-03-09T14:05:33.112+0000 7fc01effd640 1 --2- >> [v2:192.168.123.100:3300/0,v1:192.168.123.100:6789/0] conn(0x7fc020109a70 0x7fc020109e70 unknown :-1 s=BANNER_CONNECTING pgs=0 cs=0 l=0 rev1=0 crypto rx=0 tx=0 comp rx=0 tx=0)._handle_peer_banner_payload supported=3 required=0
2026-03-09T14:05:33.303 INFO:teuthology.orchestra.run.vm00.stdout:/usr/bin/ceph: stderr
2026-03-09T14:05:33.112+0000 7fc01effd640 1 --2- >> [v2:192.168.123.100:3300/0,v1:192.168.123.100:6789/0] conn(0x7fc020109a70 0x7fc020109e70 unknown :-1 s=HELLO_CONNECTING pgs=0 cs=0 l=0 rev1=1 crypto rx=0 tx=0 comp rx=0 tx=0).handle_hello peer v2:192.168.123.100:3300/0 says I am v2:192.168.123.100:49998/0 (socket says 192.168.123.100:49998)
2026-03-09T14:05:33.303 INFO:teuthology.orchestra.run.vm00.stdout:/usr/bin/ceph: stderr
2026-03-09T14:05:33.112+0000 7fc01effd640 1 -- 192.168.123.100:0/3087158564 learned_addr learned my addr 192.168.123.100:0/3087158564 (peer_addr_for_me v2:192.168.123.100:0/0)
2026-03-09T14:05:33.303 INFO:teuthology.orchestra.run.vm00.stdout:/usr/bin/ceph: stderr
2026-03-09T14:05:33.112+0000 7fc01effd640 1 -- 192.168.123.100:0/3087158564 --> [v2:192.168.123.100:3300/0,v1:192.168.123.100:6789/0] -- mon_subscribe({config=0+,monmap=0+}) -- 0x7fc02010ac10 con 0x7fc020109a70
2026-03-09T14:05:33.303 INFO:teuthology.orchestra.run.vm00.stdout:/usr/bin/ceph: stderr
2026-03-09T14:05:33.112+0000 7fc01effd640 1 --2- 192.168.123.100:0/3087158564 >> [v2:192.168.123.100:3300/0,v1:192.168.123.100:6789/0] conn(0x7fc020109a70 0x7fc020109e70 secure :-1 s=READY pgs=74 cs=0 l=1 rev1=1 crypto rx=0x7fc008009920 tx=0x7fc00802ef20 comp rx=0 tx=0).ready entity=mon.0 client_cookie=5c85321fe72842c0 server_cookie=0 in_seq=0 out_seq=0
2026-03-09T14:05:33.303 INFO:teuthology.orchestra.run.vm00.stdout:/usr/bin/ceph: stderr
2026-03-09T14:05:33.112+0000 7fc01dffb640 1 -- 192.168.123.100:0/3087158564 <== mon.0 v2:192.168.123.100:3300/0 1 ==== mon_map magic: 0 ==== 205+0+0 (secure 0 0 0) 0x7fc00803c070 con 0x7fc020109a70
2026-03-09T14:05:33.303 INFO:teuthology.orchestra.run.vm00.stdout:/usr/bin/ceph: stderr
2026-03-09T14:05:33.112+0000 7fc01dffb640 1 -- 192.168.123.100:0/3087158564 <== mon.0 v2:192.168.123.100:3300/0 2 ==== config(25 keys) ==== 1038+0+0 (secure 0 0 0) 0x7fc008037440 con 0x7fc020109a70
2026-03-09T14:05:33.303 INFO:teuthology.orchestra.run.vm00.stdout:/usr/bin/ceph: stderr
2026-03-09T14:05:33.112+0000 7fc01dffb640 1 -- 192.168.123.100:0/3087158564 <== mon.0 v2:192.168.123.100:3300/0 3 ==== mon_map magic: 0 ==== 205+0+0 (secure 0 0 0) 0x7fc0080354d0 con 0x7fc020109a70
2026-03-09T14:05:33.303 INFO:teuthology.orchestra.run.vm00.stdout:/usr/bin/ceph: stderr
2026-03-09T14:05:33.112+0000 7fc0256ab640 1 -- 192.168.123.100:0/3087158564 >> [v2:192.168.123.100:3300/0,v1:192.168.123.100:6789/0] conn(0x7fc020109a70 msgr2=0x7fc020109e70 secure :-1 s=STATE_CONNECTION_ESTABLISHED l=1).mark_down
2026-03-09T14:05:33.303 INFO:teuthology.orchestra.run.vm00.stdout:/usr/bin/ceph: stderr
2026-03-09T14:05:33.112+0000 7fc0256ab640 1 --2- 192.168.123.100:0/3087158564 >> [v2:192.168.123.100:3300/0,v1:192.168.123.100:6789/0] conn(0x7fc020109a70 0x7fc020109e70 secure :-1 s=READY pgs=74 cs=0 l=1 rev1=1 crypto rx=0x7fc008009920 tx=0x7fc00802ef20 comp rx=0 tx=0).stop
2026-03-09T14:05:33.303 INFO:teuthology.orchestra.run.vm00.stdout:/usr/bin/ceph: stderr
2026-03-09T14:05:33.116+0000 7fc0256ab640 1 -- 192.168.123.100:0/3087158564 shutdown_connections
2026-03-09T14:05:33.303 INFO:teuthology.orchestra.run.vm00.stdout:/usr/bin/ceph: stderr
2026-03-09T14:05:33.116+0000 7fc0256ab640 1 --2- 192.168.123.100:0/3087158564 >> [v2:192.168.123.100:3300/0,v1:192.168.123.100:6789/0] conn(0x7fc020109a70 0x7fc020109e70 unknown :-1 s=CLOSED pgs=74 cs=0 l=1 rev1=1 crypto rx=0 tx=0 comp rx=0 tx=0).stop
2026-03-09T14:05:33.303 INFO:teuthology.orchestra.run.vm00.stdout:/usr/bin/ceph: stderr
2026-03-09T14:05:33.116+0000 7fc0256ab640 1 -- 192.168.123.100:0/3087158564 >> 192.168.123.100:0/3087158564 conn(0x7fc02007d070 msgr2=0x7fc02007d4c0 unknown :-1 s=STATE_NONE l=0).mark_down
2026-03-09T14:05:33.303 INFO:teuthology.orchestra.run.vm00.stdout:/usr/bin/ceph: stderr
2026-03-09T14:05:33.116+0000 7fc0256ab640 1 -- 192.168.123.100:0/3087158564 shutdown_connections
2026-03-09T14:05:33.303 INFO:teuthology.orchestra.run.vm00.stdout:/usr/bin/ceph: stderr
2026-03-09T14:05:33.116+0000 7fc0256ab640 1 -- 192.168.123.100:0/3087158564 wait complete.
2026-03-09T14:05:33.303 INFO:teuthology.orchestra.run.vm00.stdout:/usr/bin/ceph: stderr
2026-03-09T14:05:33.116+0000 7fc0256ab640 1 Processor -- start
2026-03-09T14:05:33.303 INFO:teuthology.orchestra.run.vm00.stdout:/usr/bin/ceph: stderr
2026-03-09T14:05:33.116+0000 7fc0256ab640 1 -- start start
2026-03-09T14:05:33.303 INFO:teuthology.orchestra.run.vm00.stdout:/usr/bin/ceph: stderr
2026-03-09T14:05:33.116+0000 7fc0256ab640 1 --2- >> [v2:192.168.123.100:3300/0,v1:192.168.123.100:6789/0] conn(0x7fc020109a70 0x7fc02019f8e0 unknown :-1 s=NONE pgs=0 cs=0 l=1 rev1=0 crypto rx=0 tx=0 comp rx=0 tx=0).connect
2026-03-09T14:05:33.303 INFO:teuthology.orchestra.run.vm00.stdout:/usr/bin/ceph: stderr
2026-03-09T14:05:33.116+0000 7fc0256ab640 1 -- --> [v2:192.168.123.100:3300/0,v1:192.168.123.100:6789/0] -- mon_getmap magic: 0 -- 0x7fc02010de40 con 0x7fc020109a70
2026-03-09T14:05:33.303 INFO:teuthology.orchestra.run.vm00.stdout:/usr/bin/ceph: stderr
2026-03-09T14:05:33.116+0000 7fc01effd640 1 --2- >> [v2:192.168.123.100:3300/0,v1:192.168.123.100:6789/0] conn(0x7fc020109a70 0x7fc02019f8e0 unknown :-1 s=BANNER_CONNECTING pgs=0 cs=0 l=1 rev1=0 crypto rx=0 tx=0 comp rx=0 tx=0)._handle_peer_banner_payload supported=3 required=0
2026-03-09T14:05:33.303 INFO:teuthology.orchestra.run.vm00.stdout:/usr/bin/ceph: stderr
2026-03-09T14:05:33.116+0000 7fc01effd640 1 --2- >> [v2:192.168.123.100:3300/0,v1:192.168.123.100:6789/0] conn(0x7fc020109a70 0x7fc02019f8e0 unknown :-1 s=HELLO_CONNECTING pgs=0 cs=0 l=1 rev1=1 crypto rx=0 tx=0 comp rx=0 tx=0).handle_hello peer v2:192.168.123.100:3300/0 says I am v2:192.168.123.100:50014/0 (socket says 192.168.123.100:50014)
2026-03-09T14:05:33.303 INFO:teuthology.orchestra.run.vm00.stdout:/usr/bin/ceph: stderr
2026-03-09T14:05:33.116+0000 7fc01effd640 1 -- 192.168.123.100:0/325472930 learned_addr learned my addr 192.168.123.100:0/325472930 (peer_addr_for_me v2:192.168.123.100:0/0)
2026-03-09T14:05:33.303 INFO:teuthology.orchestra.run.vm00.stdout:/usr/bin/ceph: stderr
2026-03-09T14:05:33.116+0000 7fc01effd640 1 -- 192.168.123.100:0/325472930 --> [v2:192.168.123.100:3300/0,v1:192.168.123.100:6789/0] -- mon_subscribe({config=0+,monmap=0+}) -- 0x7fc02019fe20 con 0x7fc020109a70
2026-03-09T14:05:33.303 INFO:teuthology.orchestra.run.vm00.stdout:/usr/bin/ceph: stderr
2026-03-09T14:05:33.116+0000 7fc01effd640 1 --2- 192.168.123.100:0/325472930 >> [v2:192.168.123.100:3300/0,v1:192.168.123.100:6789/0] conn(0x7fc020109a70 0x7fc02019f8e0 secure :-1 s=READY pgs=75 cs=0 l=1 rev1=1 crypto rx=0x7fc008006b90 tx=0x7fc008037870 comp rx=0 tx=0).ready entity=mon.0 client_cookie=0 server_cookie=0 in_seq=0 out_seq=0
2026-03-09T14:05:33.303 INFO:teuthology.orchestra.run.vm00.stdout:/usr/bin/ceph: stderr
2026-03-09T14:05:33.116+0000 7fbffffff640 1 -- 192.168.123.100:0/325472930 <== mon.0 v2:192.168.123.100:3300/0 1 ==== mon_map magic: 0 ==== 205+0+0 (secure 0 0 0) 0x7fc008047070 con 0x7fc020109a70
2026-03-09T14:05:33.303 INFO:teuthology.orchestra.run.vm00.stdout:/usr/bin/ceph: stderr
2026-03-09T14:05:33.116+0000 7fbffffff640 1 -- 192.168.123.100:0/325472930 <== mon.0 v2:192.168.123.100:3300/0 2 ==== config(25 keys) ==== 1038+0+0 (secure 0 0 0) 0x7fc008035d70 con 0x7fc020109a70
2026-03-09T14:05:33.303 INFO:teuthology.orchestra.run.vm00.stdout:/usr/bin/ceph: stderr
2026-03-09T14:05:33.116+0000 7fbffffff640 1 -- 192.168.123.100:0/325472930 <== mon.0 v2:192.168.123.100:3300/0 3 ==== mon_map magic: 0 ==== 205+0+0 (secure 0 0 0) 0x7fc00803c070 con 0x7fc020109a70
2026-03-09T14:05:33.303 INFO:teuthology.orchestra.run.vm00.stdout:/usr/bin/ceph: stderr
2026-03-09T14:05:33.116+0000 7fc0256ab640 1 -- 192.168.123.100:0/325472930 --> [v2:192.168.123.100:3300/0,v1:192.168.123.100:6789/0] -- mon_subscribe({mgrmap=0+}) -- 0x7fc0201a00b0 con 0x7fc020109a70
2026-03-09T14:05:33.303 INFO:teuthology.orchestra.run.vm00.stdout:/usr/bin/ceph: stderr
2026-03-09T14:05:33.116+0000 7fc0256ab640 1 -- 192.168.123.100:0/325472930 --> [v2:192.168.123.100:3300/0,v1:192.168.123.100:6789/0] -- mon_subscribe({osdmap=0}) -- 0x7fc0201a04d0 con 0x7fc020109a70
2026-03-09T14:05:33.303 INFO:teuthology.orchestra.run.vm00.stdout:/usr/bin/ceph: stderr
2026-03-09T14:05:33.116+0000 7fbffffff640 1 -- 192.168.123.100:0/325472930 <== mon.0 v2:192.168.123.100:3300/0 4 ==== mgrmap(e 10) ==== 50154+0+0 (secure 0 0 0) 0x7fc00804c430 con 0x7fc020109a70
2026-03-09T14:05:33.303 INFO:teuthology.orchestra.run.vm00.stdout:/usr/bin/ceph: stderr
2026-03-09T14:05:33.116+0000 7fc0256ab640 1 -- 192.168.123.100:0/325472930 --> [v2:192.168.123.100:3300/0,v1:192.168.123.100:6789/0] -- mon_command({"prefix": "get_command_descriptions"} v 0) -- 0x7fbfec005390 con 0x7fc020109a70
2026-03-09T14:05:33.303 INFO:teuthology.orchestra.run.vm00.stdout:/usr/bin/ceph: stderr
2026-03-09T14:05:33.120+0000 7fbffffff640 1 --2- 192.168.123.100:0/325472930 >> [v2:192.168.123.100:6800/382579543,v1:192.168.123.100:6801/382579543] conn(0x7fbff803db70 0x7fbff8040030 unknown :-1 s=NONE pgs=0 cs=0 l=1 rev1=0 crypto rx=0 tx=0 comp rx=0 tx=0).connect
2026-03-09T14:05:33.303 INFO:teuthology.orchestra.run.vm00.stdout:/usr/bin/ceph: stderr
2026-03-09T14:05:33.120+0000 7fbffffff640 1 -- 192.168.123.100:0/325472930 <== mon.0 v2:192.168.123.100:3300/0 5 ==== osd_map(3..3 src has 1..3) ==== 1155+0+0 (secure 0 0 0) 0x7fc008077b70 con 0x7fc020109a70
2026-03-09T14:05:33.303 INFO:teuthology.orchestra.run.vm00.stdout:/usr/bin/ceph: stderr
2026-03-09T14:05:33.120+0000 7fbffffff640 1 -- 192.168.123.100:0/325472930 <== mon.0 v2:192.168.123.100:3300/0 6 ==== mon_command_ack([{"prefix": "get_command_descriptions"}]=0 v0) ==== 72+0+195034 (secure 0 0 0) 0x7fc008031040 con 0x7fc020109a70
2026-03-09T14:05:33.303 INFO:teuthology.orchestra.run.vm00.stdout:/usr/bin/ceph: stderr
2026-03-09T14:05:33.120+0000 7fc01e7fc640 1 --2- 192.168.123.100:0/325472930 >> [v2:192.168.123.100:6800/382579543,v1:192.168.123.100:6801/382579543] conn(0x7fbff803db70 0x7fbff8040030 unknown :-1 s=BANNER_CONNECTING pgs=0 cs=0 l=1 rev1=0 crypto rx=0 tx=0 comp rx=0 tx=0)._handle_peer_banner_payload supported=3 required=0
2026-03-09T14:05:33.303 INFO:teuthology.orchestra.run.vm00.stdout:/usr/bin/ceph: stderr
2026-03-09T14:05:33.120+0000 7fc01e7fc640 1 --2- 192.168.123.100:0/325472930 >> [v2:192.168.123.100:6800/382579543,v1:192.168.123.100:6801/382579543] conn(0x7fbff803db70 0x7fbff8040030 secure :-1 s=READY pgs=10 cs=0 l=1 rev1=1 crypto rx=0x7fc0140099c0 tx=0x7fc014006eb0 comp rx=0 tx=0).ready entity=mgr.14150 client_cookie=0 server_cookie=0 in_seq=0 out_seq=0
2026-03-09T14:05:33.303 INFO:teuthology.orchestra.run.vm00.stdout:/usr/bin/ceph: stderr
2026-03-09T14:05:33.256+0000 7fc0256ab640 1 -- 192.168.123.100:0/325472930 --> [v2:192.168.123.100:3300/0,v1:192.168.123.100:6789/0] -- mon_command([{prefix=config-key set, key=mgr/dashboard/cluster/status}] v 0) -- 0x7fbfec005680 con 0x7fc020109a70
2026-03-09T14:05:33.303 INFO:teuthology.orchestra.run.vm00.stdout:/usr/bin/ceph: stderr
2026-03-09T14:05:33.260+0000 7fbffffff640 1 -- 192.168.123.100:0/325472930 <== mon.0 v2:192.168.123.100:3300/0 7 ==== mon_command_ack([{prefix=config-key set, key=mgr/dashboard/cluster/status}]=0 set mgr/dashboard/cluster/status v24)=0 set mgr/dashboard/cluster/status v24) ==== 153+0+0 (secure 0 0 0) 0x7fc0080342a0 con 0x7fc020109a70
2026-03-09T14:05:33.303 INFO:teuthology.orchestra.run.vm00.stdout:/usr/bin/ceph: stderr set mgr/dashboard/cluster/status
2026-03-09T14:05:33.303 INFO:teuthology.orchestra.run.vm00.stdout:/usr/bin/ceph: stderr
2026-03-09T14:05:33.260+0000 7fc0256ab640 1 -- 192.168.123.100:0/325472930 >> [v2:192.168.123.100:6800/382579543,v1:192.168.123.100:6801/382579543] conn(0x7fbff803db70 msgr2=0x7fbff8040030 secure :-1 s=STATE_CONNECTION_ESTABLISHED l=1).mark_down
2026-03-09T14:05:33.303 INFO:teuthology.orchestra.run.vm00.stdout:/usr/bin/ceph: stderr
2026-03-09T14:05:33.260+0000 7fc0256ab640 1 --2- 192.168.123.100:0/325472930 >> [v2:192.168.123.100:6800/382579543,v1:192.168.123.100:6801/382579543] conn(0x7fbff803db70 0x7fbff8040030 secure :-1 s=READY pgs=10 cs=0 l=1 rev1=1 crypto rx=0x7fc0140099c0 tx=0x7fc014006eb0 comp rx=0 tx=0).stop
2026-03-09T14:05:33.303 INFO:teuthology.orchestra.run.vm00.stdout:/usr/bin/ceph: stderr
2026-03-09T14:05:33.260+0000 7fc0256ab640 1 -- 192.168.123.100:0/325472930 >> [v2:192.168.123.100:3300/0,v1:192.168.123.100:6789/0] conn(0x7fc020109a70 msgr2=0x7fc02019f8e0 secure :-1 s=STATE_CONNECTION_ESTABLISHED l=1).mark_down
2026-03-09T14:05:33.303 INFO:teuthology.orchestra.run.vm00.stdout:/usr/bin/ceph: stderr
2026-03-09T14:05:33.260+0000 7fc0256ab640 1 --2- 192.168.123.100:0/325472930 >> [v2:192.168.123.100:3300/0,v1:192.168.123.100:6789/0] conn(0x7fc020109a70 0x7fc02019f8e0 secure :-1 s=READY pgs=75 cs=0 l=1 rev1=1 crypto rx=0x7fc008006b90 tx=0x7fc008037870 comp rx=0 tx=0).stop
2026-03-09T14:05:33.303 INFO:teuthology.orchestra.run.vm00.stdout:/usr/bin/ceph: stderr
2026-03-09T14:05:33.260+0000 7fc0256ab640 1 -- 192.168.123.100:0/325472930 shutdown_connections
2026-03-09T14:05:33.303 INFO:teuthology.orchestra.run.vm00.stdout:/usr/bin/ceph: stderr
2026-03-09T14:05:33.260+0000 7fc0256ab640 1 --2- 192.168.123.100:0/325472930 >> [v2:192.168.123.100:6800/382579543,v1:192.168.123.100:6801/382579543] conn(0x7fbff803db70 0x7fbff8040030 unknown :-1 s=CLOSED pgs=10 cs=0 l=1 rev1=1 crypto rx=0 tx=0 comp rx=0 tx=0).stop
2026-03-09T14:05:33.303 INFO:teuthology.orchestra.run.vm00.stdout:/usr/bin/ceph: stderr
2026-03-09T14:05:33.264+0000 7fc0256ab640 1 --2- 192.168.123.100:0/325472930 >> [v2:192.168.123.100:3300/0,v1:192.168.123.100:6789/0] conn(0x7fc020109a70 0x7fc02019f8e0 unknown :-1 s=CLOSED pgs=75 cs=0 l=1 rev1=1 crypto rx=0 tx=0 comp rx=0 tx=0).stop
2026-03-09T14:05:33.303 INFO:teuthology.orchestra.run.vm00.stdout:/usr/bin/ceph: stderr
2026-03-09T14:05:33.264+0000 7fc0256ab640 1 -- 192.168.123.100:0/325472930 >> 192.168.123.100:0/325472930 conn(0x7fc02007d070 msgr2=0x7fc020107850 unknown :-1 s=STATE_NONE l=0).mark_down
2026-03-09T14:05:33.303 INFO:teuthology.orchestra.run.vm00.stdout:/usr/bin/ceph: stderr
2026-03-09T14:05:33.264+0000 7fc0256ab640 1 -- 192.168.123.100:0/325472930 shutdown_connections
2026-03-09T14:05:33.303 INFO:teuthology.orchestra.run.vm00.stdout:/usr/bin/ceph: stderr
2026-03-09T14:05:33.264+0000 7fc0256ab640 1 -- 192.168.123.100:0/325472930 wait complete.
2026-03-09T14:05:33.303 INFO:teuthology.orchestra.run.vm00.stdout:You can access the Ceph CLI as following in case of multi-cluster or non-default config:
2026-03-09T14:05:33.303 INFO:teuthology.orchestra.run.vm00.stdout:
2026-03-09T14:05:33.303 INFO:teuthology.orchestra.run.vm00.stdout: sudo /home/ubuntu/cephtest/cephadm shell --fsid c981ce80-1bc0-11f1-b902-f34d050d898a -c /etc/ceph/ceph.conf -k /etc/ceph/ceph.client.admin.keyring
2026-03-09T14:05:33.303 INFO:teuthology.orchestra.run.vm00.stdout:
2026-03-09T14:05:33.303 INFO:teuthology.orchestra.run.vm00.stdout:Or, if you are only running a single cluster on this host:
2026-03-09T14:05:33.303 INFO:teuthology.orchestra.run.vm00.stdout:
2026-03-09T14:05:33.304 INFO:teuthology.orchestra.run.vm00.stdout: sudo /home/ubuntu/cephtest/cephadm shell
2026-03-09T14:05:33.304 INFO:teuthology.orchestra.run.vm00.stdout:
2026-03-09T14:05:33.304 INFO:teuthology.orchestra.run.vm00.stdout:Please consider enabling telemetry to help improve Ceph:
2026-03-09T14:05:33.304 INFO:teuthology.orchestra.run.vm00.stdout:
2026-03-09T14:05:33.304 INFO:teuthology.orchestra.run.vm00.stdout: ceph telemetry on
2026-03-09T14:05:33.304 INFO:teuthology.orchestra.run.vm00.stdout:
2026-03-09T14:05:33.304 INFO:teuthology.orchestra.run.vm00.stdout:For more information see:
2026-03-09T14:05:33.304 INFO:teuthology.orchestra.run.vm00.stdout:
2026-03-09T14:05:33.304 INFO:teuthology.orchestra.run.vm00.stdout: https://docs.ceph.com/en/latest/mgr/telemetry/
2026-03-09T14:05:33.304 INFO:teuthology.orchestra.run.vm00.stdout:
2026-03-09T14:05:33.304 INFO:teuthology.orchestra.run.vm00.stdout:Bootstrap complete.
2026-03-09T14:05:33.318 INFO:tasks.cephadm:Fetching config...
2026-03-09T14:05:33.319 DEBUG:teuthology.orchestra.run.vm00:> set -ex
2026-03-09T14:05:33.319 DEBUG:teuthology.orchestra.run.vm00:> dd if=/etc/ceph/ceph.conf of=/dev/stdout
2026-03-09T14:05:33.321 INFO:tasks.cephadm:Fetching client.admin keyring...
2026-03-09T14:05:33.321 DEBUG:teuthology.orchestra.run.vm00:> set -ex
2026-03-09T14:05:33.321 DEBUG:teuthology.orchestra.run.vm00:> dd if=/etc/ceph/ceph.client.admin.keyring of=/dev/stdout
2026-03-09T14:05:33.366 INFO:tasks.cephadm:Fetching mon keyring...
2026-03-09T14:05:33.366 DEBUG:teuthology.orchestra.run.vm00:> set -ex
2026-03-09T14:05:33.366 DEBUG:teuthology.orchestra.run.vm00:> sudo dd if=/var/lib/ceph/c981ce80-1bc0-11f1-b902-f34d050d898a/mon.a/keyring of=/dev/stdout
2026-03-09T14:05:33.415 INFO:tasks.cephadm:Fetching pub ssh key...
2026-03-09T14:05:33.415 DEBUG:teuthology.orchestra.run.vm00:> set -ex
2026-03-09T14:05:33.415 DEBUG:teuthology.orchestra.run.vm00:> dd if=/home/ubuntu/cephtest/ceph.pub of=/dev/stdout
2026-03-09T14:05:33.461 INFO:tasks.cephadm:Installing pub ssh key for root users...
2026-03-09T14:05:33.461 DEBUG:teuthology.orchestra.run.vm00:> sudo install -d -m 0700 /root/.ssh && echo 'ssh-ed25519 AAAAC3NzaC1lZDI1NTE5AAAAIBRizy0BA6Khog7+s7YGMLkrjKa7O9721MeRogo/DHzy ceph-c981ce80-1bc0-11f1-b902-f34d050d898a' | sudo tee -a /root/.ssh/authorized_keys && sudo chmod 0600 /root/.ssh/authorized_keys
2026-03-09T14:05:33.508 INFO:journalctl@ceph.mon.a.vm00.stdout:Mar 09 14:05:33 vm00 bash[20879]: cephadm
2026-03-09T14:05:31.655589+0000 mgr.x (mgr.14150) 2 : cephadm [INF] [09/Mar/2026:14:05:31] ENGINE Serving on http://192.168.123.100:8765
2026-03-09T14:05:33.508 INFO:journalctl@ceph.mon.a.vm00.stdout:Mar 09 14:05:33 vm00 bash[20879]: cephadm
2026-03-09T14:05:31.655589+0000 mgr.x (mgr.14150) 2 : cephadm [INF] [09/Mar/2026:14:05:31] ENGINE Serving on http://192.168.123.100:8765
2026-03-09T14:05:33.508 INFO:journalctl@ceph.mon.a.vm00.stdout:Mar 09 14:05:33 vm00 bash[20879]: cephadm
2026-03-09T14:05:31.764887+0000 mgr.x (mgr.14150) 3 : cephadm [INF] [09/Mar/2026:14:05:31] ENGINE Serving on https://192.168.123.100:7150
2026-03-09T14:05:33.508 INFO:journalctl@ceph.mon.a.vm00.stdout:Mar 09 14:05:33 vm00 bash[20879]: cephadm
2026-03-09T14:05:31.764887+0000 mgr.x (mgr.14150) 3 : cephadm [INF] [09/Mar/2026:14:05:31] ENGINE Serving on https://192.168.123.100:7150
2026-03-09T14:05:33.508 INFO:journalctl@ceph.mon.a.vm00.stdout:Mar 09 14:05:33 vm00 bash[20879]: cephadm
2026-03-09T14:05:31.764927+0000 mgr.x (mgr.14150) 4 : cephadm [INF] [09/Mar/2026:14:05:31] ENGINE Bus STARTED
2026-03-09T14:05:33.508 INFO:journalctl@ceph.mon.a.vm00.stdout:Mar 09 14:05:33 vm00 bash[20879]: cephadm
2026-03-09T14:05:31.764927+0000 mgr.x (mgr.14150) 4 : cephadm [INF] [09/Mar/2026:14:05:31] ENGINE Bus STARTED
2026-03-09T14:05:33.508 INFO:journalctl@ceph.mon.a.vm00.stdout:Mar 09 14:05:33 vm00 bash[20879]: cephadm
2026-03-09T14:05:31.765175+0000 mgr.x (mgr.14150) 5 : cephadm [INF] [09/Mar/2026:14:05:31] ENGINE Client ('192.168.123.100', 44750) lost — peer dropped the TLS connection suddenly, during handshake: (6, 'TLS/SSL connection has been closed (EOF) (_ssl.c:1147)')
2026-03-09T14:05:33.508 INFO:journalctl@ceph.mon.a.vm00.stdout:Mar 09 14:05:33 vm00 bash[20879]: cephadm
2026-03-09T14:05:31.765175+0000 mgr.x (mgr.14150) 5 : cephadm [INF] [09/Mar/2026:14:05:31] ENGINE Client ('192.168.123.100', 44750) lost — peer dropped the TLS connection suddenly, during handshake: (6, 'TLS/SSL connection has been closed (EOF) (_ssl.c:1147)')
2026-03-09T14:05:33.508 INFO:journalctl@ceph.mon.a.vm00.stdout:Mar 09 14:05:33 vm00 bash[20879]: audit
2026-03-09T14:05:31.860843+0000 mgr.x (mgr.14150) 6 : audit [DBG] from='client.14154 -' entity='client.admin' cmd=[{"prefix": "get_command_descriptions"}]: dispatch
2026-03-09T14:05:33.508 INFO:journalctl@ceph.mon.a.vm00.stdout:Mar 09 14:05:33 vm00 bash[20879]: audit
2026-03-09T14:05:31.860843+0000 mgr.x (mgr.14150) 6 : audit [DBG] from='client.14154 -' entity='client.admin' cmd=[{"prefix": "get_command_descriptions"}]: dispatch
2026-03-09T14:05:33.508 INFO:journalctl@ceph.mon.a.vm00.stdout:Mar 09 14:05:33 vm00 bash[20879]: audit
2026-03-09T14:05:31.867940+0000 mgr.x (mgr.14150) 7 : audit [DBG] from='client.14154 -' entity='client.admin' cmd=[{"prefix": "mgr_status"}]: dispatch
2026-03-09T14:05:33.508 INFO:journalctl@ceph.mon.a.vm00.stdout:Mar 09 14:05:33 vm00 bash[20879]: audit
2026-03-09T14:05:31.867940+0000 mgr.x (mgr.14150) 7 : audit [DBG] from='client.14154 -' entity='client.admin' cmd=[{"prefix": "mgr_status"}]: dispatch
2026-03-09T14:05:33.508 INFO:journalctl@ceph.mon.a.vm00.stdout:Mar 09 14:05:33 vm00 bash[20879]: audit
2026-03-09T14:05:32.126959+0000 mgr.x (mgr.14150) 8 : audit [DBG] from='client.14162 -' entity='client.admin' cmd=[{"prefix": "dashboard create-self-signed-cert", "target": ["mon-mgr", ""]}]: dispatch
2026-03-09T14:05:33.508 INFO:journalctl@ceph.mon.a.vm00.stdout:Mar 09 14:05:33 vm00 bash[20879]: audit
2026-03-09T14:05:32.126959+0000 mgr.x (mgr.14150) 8 : audit [DBG] from='client.14162 -' entity='client.admin' cmd=[{"prefix": "dashboard create-self-signed-cert", "target": ["mon-mgr", ""]}]: dispatch
2026-03-09T14:05:33.508 INFO:journalctl@ceph.mon.a.vm00.stdout:Mar 09 14:05:33 vm00 bash[20879]: audit
2026-03-09T14:05:32.187219+0000 mon.a (mon.0) 86 : audit [INF] from='mgr.14150 192.168.123.100:0/3990715523' entity='mgr.x'
2026-03-09T14:05:33.508 INFO:journalctl@ceph.mon.a.vm00.stdout:Mar 09 14:05:33 vm00 bash[20879]: audit
2026-03-09T14:05:32.187219+0000 mon.a (mon.0) 86 : audit [INF] from='mgr.14150 192.168.123.100:0/3990715523' entity='mgr.x'
2026-03-09T14:05:33.508 INFO:journalctl@ceph.mon.a.vm00.stdout:Mar 09 14:05:33 vm00 bash[20879]: audit
2026-03-09T14:05:32.190490+0000 mon.a (mon.0) 87 : audit [INF] from='mgr.14150 192.168.123.100:0/3990715523' entity='mgr.x'
2026-03-09T14:05:33.508 INFO:journalctl@ceph.mon.a.vm00.stdout:Mar 09 14:05:33 vm00 bash[20879]: audit
2026-03-09T14:05:32.190490+0000 mon.a (mon.0) 87 : audit [INF] from='mgr.14150 192.168.123.100:0/3990715523' entity='mgr.x'
2026-03-09T14:05:33.508 INFO:journalctl@ceph.mon.a.vm00.stdout:Mar 09 14:05:33 vm00 bash[20879]: audit
2026-03-09T14:05:32.485188+0000 mgr.x (mgr.14150) 9 : audit [DBG] from='client.14164 -' entity='client.admin' cmd=[{"prefix": "dashboard ac-user-create", "username": "admin", "rolename": "administrator", "force_password": true, "pwd_update_required": true, "target": ["mon-mgr", ""]}]: dispatch
2026-03-09T14:05:33.508 INFO:journalctl@ceph.mon.a.vm00.stdout:Mar 09 14:05:33 vm00 bash[20879]: audit
2026-03-09T14:05:32.485188+0000 mgr.x (mgr.14150) 9 : audit [DBG] from='client.14164 -' entity='client.admin' cmd=[{"prefix": "dashboard ac-user-create", "username": "admin", "rolename": "administrator", "force_password": true, "pwd_update_required": true, "target": ["mon-mgr", ""]}]: dispatch
2026-03-09T14:05:33.508 INFO:journalctl@ceph.mon.a.vm00.stdout:Mar 09 14:05:33 vm00 bash[20879]: audit
2026-03-09T14:05:32.641625+0000 mon.a (mon.0) 88 : audit [INF] from='mgr.14150 192.168.123.100:0/3990715523' entity='mgr.x'
2026-03-09T14:05:33.508 INFO:journalctl@ceph.mon.a.vm00.stdout:Mar 09 14:05:33 vm00 bash[20879]: audit
2026-03-09T14:05:32.641625+0000 mon.a (mon.0) 88 : audit [INF] from='mgr.14150 192.168.123.100:0/3990715523' entity='mgr.x'
2026-03-09T14:05:33.508 INFO:journalctl@ceph.mon.a.vm00.stdout:Mar 09 14:05:33 vm00 bash[20879]: audit
2026-03-09T14:05:32.954009+0000 mon.a (mon.0) 89 : audit [DBG] from='client.? 192.168.123.100:0/461296941' entity='client.admin' cmd=[{"prefix": "config get", "who": "mgr", "key": "mgr/dashboard/ssl_server_port"}]: dispatch
2026-03-09T14:05:33.508 INFO:journalctl@ceph.mon.a.vm00.stdout:Mar 09 14:05:33 vm00 bash[20879]: audit
2026-03-09T14:05:32.954009+0000 mon.a (mon.0) 89 : audit [DBG] from='client.? 192.168.123.100:0/461296941' entity='client.admin' cmd=[{"prefix": "config get", "who": "mgr", "key": "mgr/dashboard/ssl_server_port"}]: dispatch
2026-03-09T14:05:33.515 INFO:teuthology.orchestra.run.vm00.stdout:ssh-ed25519 AAAAC3NzaC1lZDI1NTE5AAAAIBRizy0BA6Khog7+s7YGMLkrjKa7O9721MeRogo/DHzy ceph-c981ce80-1bc0-11f1-b902-f34d050d898a
2026-03-09T14:05:33.520 DEBUG:teuthology.orchestra.run.vm00:> sudo /home/ubuntu/cephtest/cephadm --image quay.ceph.io/ceph-ci/ceph:e911bdebe5c8faa3800735d1568fcdca65db60df shell -c /etc/ceph/ceph.conf -k /etc/ceph/ceph.client.admin.keyring --fsid c981ce80-1bc0-11f1-b902-f34d050d898a -- ceph config set mgr mgr/cephadm/allow_ptrace true
2026-03-09T14:05:34.621 INFO:journalctl@ceph.mon.a.vm00.stdout:Mar 09 14:05:34 vm00 bash[20879]: audit
2026-03-09T14:05:33.264663+0000 mon.a (mon.0) 90 : audit [INF] from='client.? 192.168.123.100:0/325472930' entity='client.admin'
2026-03-09T14:05:34.621 INFO:journalctl@ceph.mon.a.vm00.stdout:Mar 09 14:05:34 vm00 bash[20879]: audit
2026-03-09T14:05:33.264663+0000 mon.a (mon.0) 90 : audit [INF] from='client.? 192.168.123.100:0/325472930' entity='client.admin'
2026-03-09T14:05:34.621 INFO:journalctl@ceph.mon.a.vm00.stdout:Mar 09 14:05:34 vm00 bash[20879]: cluster
2026-03-09T14:05:33.645647+0000 mon.a (mon.0) 91 : cluster [DBG] mgrmap e11: x(active, since 2s)
2026-03-09T14:05:34.621 INFO:journalctl@ceph.mon.a.vm00.stdout:Mar 09 14:05:34 vm00 bash[20879]: cluster
2026-03-09T14:05:33.645647+0000 mon.a (mon.0) 91 : cluster [DBG] mgrmap e11: x(active, since 2s)
2026-03-09T14:05:37.120 INFO:journalctl@ceph.mon.a.vm00.stdout:Mar 09 14:05:36 vm00 bash[20879]: audit
2026-03-09T14:05:35.654307+0000 mon.a (mon.0) 92 : audit [INF] from='mgr.14150 192.168.123.100:0/3990715523' entity='mgr.x'
2026-03-09T14:05:37.121 INFO:journalctl@ceph.mon.a.vm00.stdout:Mar 09 14:05:36 vm00 bash[20879]: audit
2026-03-09T14:05:35.654307+0000 mon.a (mon.0) 92 : audit [INF] from='mgr.14150 192.168.123.100:0/3990715523' entity='mgr.x'
2026-03-09T14:05:37.121 INFO:journalctl@ceph.mon.a.vm00.stdout:Mar 09 14:05:36 vm00 bash[20879]: audit
2026-03-09T14:05:36.255081+0000 mon.a (mon.0) 93 : audit [INF] from='mgr.14150 192.168.123.100:0/3990715523' entity='mgr.x'
2026-03-09T14:05:37.121 INFO:journalctl@ceph.mon.a.vm00.stdout:Mar 09 14:05:36 vm00 bash[20879]: audit
2026-03-09T14:05:36.255081+0000 mon.a (mon.0) 93 : audit [INF] from='mgr.14150 192.168.123.100:0/3990715523' entity='mgr.x'
2026-03-09T14:05:37.514 INFO:teuthology.orchestra.run.vm00.stderr:Inferring config /var/lib/ceph/c981ce80-1bc0-11f1-b902-f34d050d898a/mon.a/config
2026-03-09T14:05:37.684 INFO:teuthology.orchestra.run.vm00.stderr:2026-03-09T14:05:37.680+0000 7fcf68b7e640 1 -- 192.168.123.100:0/1661705182 >> [v2:192.168.123.100:3300/0,v1:192.168.123.100:6789/0] conn(0x7fcf641045f0 msgr2=0x7fcf641049f0 secure :-1 s=STATE_CONNECTION_ESTABLISHED l=1).mark_down
2026-03-09T14:05:37.684 INFO:teuthology.orchestra.run.vm00.stderr:2026-03-09T14:05:37.680+0000 7fcf68b7e640 1 --2- 192.168.123.100:0/1661705182 >> [v2:192.168.123.100:3300/0,v1:192.168.123.100:6789/0] conn(0x7fcf641045f0 0x7fcf641049f0 secure :-1 s=READY pgs=76 cs=0 l=1 rev1=1 crypto rx=0x7fcf580099b0 tx=0x7fcf5802f2b0 comp rx=0 tx=0).stop
