2026-03-09T14:05:30.902457+0000 mon.a (mon.0) 83 : audit [INF] from='mgr.14150 192.168.123.100:0/3990715523' entity='mgr.x' cmd=[{"prefix":"config rm","who":"mgr","name":"mgr/rbd_support/x/mirror_snapshot_schedule"}]: dispatch
2026-03-09T14:05:31.371 INFO:journalctl@ceph.mon.a.vm00.stdout:Mar 09 14:05:30 vm00 bash[20879]: audit
2026-03-09T14:05:30.902457+0000 mon.a (mon.0) 83 : audit [INF] from='mgr.14150 192.168.123.100:0/3990715523' entity='mgr.x' cmd=[{"prefix":"config rm","who":"mgr","name":"mgr/rbd_support/x/mirror_snapshot_schedule"}]: dispatch
2026-03-09T14:05:31.906 INFO:teuthology.orchestra.run.vm00.stdout:/usr/bin/ceph: stdout {
2026-03-09T14:05:31.906 INFO:teuthology.orchestra.run.vm00.stdout:/usr/bin/ceph: stdout "mgrmap_epoch": 10,
2026-03-09T14:05:31.906 INFO:teuthology.orchestra.run.vm00.stdout:/usr/bin/ceph: stdout "initialized": true
2026-03-09T14:05:31.906 INFO:teuthology.orchestra.run.vm00.stdout:/usr/bin/ceph: stdout }
2026-03-09T14:05:31.906 INFO:teuthology.orchestra.run.vm00.stdout:/usr/bin/ceph: stderr
2026-03-09T14:05:28.244+0000 7f4b69fcb640 1 Processor -- start
2026-03-09T14:05:31.906 INFO:teuthology.orchestra.run.vm00.stdout:/usr/bin/ceph: stderr
2026-03-09T14:05:28.244+0000 7f4b69fcb640 1 -- start start
2026-03-09T14:05:31.906 INFO:teuthology.orchestra.run.vm00.stdout:/usr/bin/ceph: stderr
2026-03-09T14:05:28.244+0000 7f4b69fcb640 1 --2- >> [v2:192.168.123.100:3300/0,v1:192.168.123.100:6789/0] conn(0x7f4b64073660 0x7f4b64073a60 unknown :-1 s=NONE pgs=0 cs=0 l=0 rev1=0 crypto rx=0 tx=0 comp rx=0 tx=0).connect
2026-03-09T14:05:31.906 INFO:teuthology.orchestra.run.vm00.stdout:/usr/bin/ceph: stderr
2026-03-09T14:05:28.244+0000 7f4b69fcb640 1 -- --> [v2:192.168.123.100:3300/0,v1:192.168.123.100:6789/0] -- mon_getmap magic: 0 -- 0x7f4b64073fa0 con 0x7f4b64073660
2026-03-09T14:05:31.906 INFO:teuthology.orchestra.run.vm00.stdout:/usr/bin/ceph: stderr
2026-03-09T14:05:28.244+0000 7f4b68fc9640 1 --2- >> [v2:192.168.123.100:3300/0,v1:192.168.123.100:6789/0] conn(0x7f4b64073660 0x7f4b64073a60 unknown :-1 s=BANNER_CONNECTING pgs=0 cs=0 l=0 rev1=0 crypto rx=0 tx=0 comp rx=0 tx=0)._handle_peer_banner_payload supported=3 required=0
2026-03-09T14:05:31.906 INFO:teuthology.orchestra.run.vm00.stdout:/usr/bin/ceph: stderr
2026-03-09T14:05:28.244+0000 7f4b68fc9640 1 --2- >> [v2:192.168.123.100:3300/0,v1:192.168.123.100:6789/0] conn(0x7f4b64073660 0x7f4b64073a60 unknown :-1 s=HELLO_CONNECTING pgs=0 cs=0 l=0 rev1=1 crypto rx=0 tx=0 comp rx=0 tx=0).handle_hello peer v2:192.168.123.100:3300/0 says I am v2:192.168.123.100:47716/0 (socket says 192.168.123.100:47716)
2026-03-09T14:05:31.906 INFO:teuthology.orchestra.run.vm00.stdout:/usr/bin/ceph: stderr
2026-03-09T14:05:28.244+0000 7f4b68fc9640 1 -- 192.168.123.100:0/151296059 learned_addr learned my addr 192.168.123.100:0/151296059 (peer_addr_for_me v2:192.168.123.100:0/0)
2026-03-09T14:05:31.906 INFO:teuthology.orchestra.run.vm00.stdout:/usr/bin/ceph: stderr
2026-03-09T14:05:28.244+0000 7f4b68fc9640 1 -- 192.168.123.100:0/151296059 --> [v2:192.168.123.100:3300/0,v1:192.168.123.100:6789/0] -- mon_subscribe({config=0+,monmap=0+}) -- 0x7f4b64074120 con 0x7f4b64073660
2026-03-09T14:05:31.906 INFO:teuthology.orchestra.run.vm00.stdout:/usr/bin/ceph: stderr
2026-03-09T14:05:28.244+0000 7f4b68fc9640 1 --2- 192.168.123.100:0/151296059 >> [v2:192.168.123.100:3300/0,v1:192.168.123.100:6789/0] conn(0x7f4b64073660 0x7f4b64073a60 secure :-1 s=READY pgs=59 cs=0 l=1 rev1=1 crypto rx=0x7f4b54009b80 tx=0x7f4b5402f220 comp rx=0 tx=0).ready entity=mon.0 client_cookie=14dacd9afe7616d9 server_cookie=0 in_seq=0 out_seq=0
2026-03-09T14:05:31.906 INFO:teuthology.orchestra.run.vm00.stdout:/usr/bin/ceph: stderr
2026-03-09T14:05:28.244+0000 7f4b637fe640 1 -- 192.168.123.100:0/151296059 <== mon.0 v2:192.168.123.100:3300/0 1 ==== mon_map magic: 0 ==== 205+0+0 (secure 0 0 0) 0x7f4b5403c070 con 0x7f4b64073660
2026-03-09T14:05:31.906 INFO:teuthology.orchestra.run.vm00.stdout:/usr/bin/ceph: stderr
2026-03-09T14:05:28.244+0000 7f4b637fe640 1 -- 192.168.123.100:0/151296059 <== mon.0 v2:192.168.123.100:3300/0 2 ==== config(25 keys) ==== 1038+0+0 (secure 0 0 0) 0x7f4b5402fbd0 con 0x7f4b64073660
2026-03-09T14:05:31.906 INFO:teuthology.orchestra.run.vm00.stdout:/usr/bin/ceph: stderr
2026-03-09T14:05:28.244+0000 7f4b637fe640 1 -- 192.168.123.100:0/151296059 <== mon.0 v2:192.168.123.100:3300/0 3 ==== mon_map magic: 0 ==== 205+0+0 (secure 0 0 0) 0x7f4b540354d0 con 0x7f4b64073660
2026-03-09T14:05:31.906 INFO:teuthology.orchestra.run.vm00.stdout:/usr/bin/ceph: stderr
2026-03-09T14:05:28.248+0000 7f4b69fcb640 1 -- 192.168.123.100:0/151296059 >> [v2:192.168.123.100:3300/0,v1:192.168.123.100:6789/0] conn(0x7f4b64073660 msgr2=0x7f4b64073a60 secure :-1 s=STATE_CONNECTION_ESTABLISHED l=1).mark_down
2026-03-09T14:05:31.906 INFO:teuthology.orchestra.run.vm00.stdout:/usr/bin/ceph: stderr
2026-03-09T14:05:28.248+0000 7f4b69fcb640 1 --2- 192.168.123.100:0/151296059 >> [v2:192.168.123.100:3300/0,v1:192.168.123.100:6789/0] conn(0x7f4b64073660 0x7f4b64073a60 secure :-1 s=READY pgs=59 cs=0 l=1 rev1=1 crypto rx=0x7f4b54009b80 tx=0x7f4b5402f220 comp rx=0 tx=0).stop
2026-03-09T14:05:31.906 INFO:teuthology.orchestra.run.vm00.stdout:/usr/bin/ceph: stderr
2026-03-09T14:05:28.248+0000 7f4b69fcb640 1 -- 192.168.123.100:0/151296059 shutdown_connections
2026-03-09T14:05:31.906 INFO:teuthology.orchestra.run.vm00.stdout:/usr/bin/ceph: stderr
2026-03-09T14:05:28.248+0000 7f4b69fcb640 1 --2- 192.168.123.100:0/151296059 >> [v2:192.168.123.100:3300/0,v1:192.168.123.100:6789/0] conn(0x7f4b64073660 0x7f4b64073a60 unknown :-1 s=CLOSED pgs=59 cs=0 l=1 rev1=1 crypto rx=0 tx=0 comp rx=0 tx=0).stop
2026-03-09T14:05:31.906 INFO:teuthology.orchestra.run.vm00.stdout:/usr/bin/ceph: stderr
2026-03-09T14:05:28.248+0000 7f4b69fcb640 1 -- 192.168.123.100:0/151296059 >> 192.168.123.100:0/151296059 conn(0x7f4b6406ed30 msgr2=0x7f4b640711b0 unknown :-1 s=STATE_NONE l=0).mark_down
2026-03-09T14:05:31.906 INFO:teuthology.orchestra.run.vm00.stdout:/usr/bin/ceph: stderr
2026-03-09T14:05:28.248+0000 7f4b69fcb640 1 -- 192.168.123.100:0/151296059 shutdown_connections
2026-03-09T14:05:31.906 INFO:teuthology.orchestra.run.vm00.stdout:/usr/bin/ceph: stderr
2026-03-09T14:05:28.248+0000 7f4b69fcb640 1 -- 192.168.123.100:0/151296059 wait complete.
2026-03-09T14:05:31.906 INFO:teuthology.orchestra.run.vm00.stdout:/usr/bin/ceph: stderr
2026-03-09T14:05:28.248+0000 7f4b69fcb640 1 Processor -- start
2026-03-09T14:05:31.906 INFO:teuthology.orchestra.run.vm00.stdout:/usr/bin/ceph: stderr
2026-03-09T14:05:28.248+0000 7f4b69fcb640 1 -- start start
2026-03-09T14:05:31.906 INFO:teuthology.orchestra.run.vm00.stdout:/usr/bin/ceph: stderr
2026-03-09T14:05:28.248+0000 7f4b69fcb640 1 --2- >> [v2:192.168.123.100:3300/0,v1:192.168.123.100:6789/0] conn(0x7f4b64073660 0x7f4b641ac5d0 unknown :-1 s=NONE pgs=0 cs=0 l=1 rev1=0 crypto rx=0 tx=0 comp rx=0 tx=0).connect
2026-03-09T14:05:31.906 INFO:teuthology.orchestra.run.vm00.stdout:/usr/bin/ceph: stderr
2026-03-09T14:05:28.248+0000 7f4b69fcb640 1 -- --> [v2:192.168.123.100:3300/0,v1:192.168.123.100:6789/0] -- mon_getmap magic: 0 -- 0x7f4b64111fa0 con 0x7f4b64073660
2026-03-09T14:05:31.906 INFO:teuthology.orchestra.run.vm00.stdout:/usr/bin/ceph: stderr
2026-03-09T14:05:28.248+0000 7f4b68fc9640 1 --2- >> [v2:192.168.123.100:3300/0,v1:192.168.123.100:6789/0] conn(0x7f4b64073660 0x7f4b641ac5d0 unknown :-1 s=BANNER_CONNECTING pgs=0 cs=0 l=1 rev1=0 crypto rx=0 tx=0 comp rx=0 tx=0)._handle_peer_banner_payload supported=3 required=0
2026-03-09T14:05:31.906 INFO:teuthology.orchestra.run.vm00.stdout:/usr/bin/ceph: stderr
2026-03-09T14:05:28.248+0000 7f4b68fc9640 1 --2- >> [v2:192.168.123.100:3300/0,v1:192.168.123.100:6789/0] conn(0x7f4b64073660 0x7f4b641ac5d0 unknown :-1 s=HELLO_CONNECTING pgs=0 cs=0 l=1 rev1=1 crypto rx=0 tx=0 comp rx=0 tx=0).handle_hello peer v2:192.168.123.100:3300/0 says I am v2:192.168.123.100:47726/0 (socket says 192.168.123.100:47726)
2026-03-09T14:05:31.906 INFO:teuthology.orchestra.run.vm00.stdout:/usr/bin/ceph: stderr
2026-03-09T14:05:28.252+0000 7f4b68fc9640 1 -- 192.168.123.100:0/2270118262 learned_addr learned my addr 192.168.123.100:0/2270118262 (peer_addr_for_me v2:192.168.123.100:0/0)
2026-03-09T14:05:31.907 INFO:teuthology.orchestra.run.vm00.stdout:/usr/bin/ceph: stderr
2026-03-09T14:05:28.252+0000 7f4b68fc9640 1 -- 192.168.123.100:0/2270118262 --> [v2:192.168.123.100:3300/0,v1:192.168.123.100:6789/0] -- mon_subscribe({config=0+,monmap=0+}) -- 0x7f4b641acb10 con 0x7f4b64073660
2026-03-09T14:05:31.907 INFO:teuthology.orchestra.run.vm00.stdout:/usr/bin/ceph: stderr
2026-03-09T14:05:28.252+0000 7f4b68fc9640 1 --2- 192.168.123.100:0/2270118262 >> [v2:192.168.123.100:3300/0,v1:192.168.123.100:6789/0] conn(0x7f4b64073660 0x7f4b641ac5d0 secure :-1 s=READY pgs=60 cs=0 l=1 rev1=1 crypto rx=0x7f4b54037e90 tx=0x7f4b540365b0 comp rx=0 tx=0).ready entity=mon.0 client_cookie=0 server_cookie=0 in_seq=0 out_seq=0
2026-03-09T14:05:31.907 INFO:teuthology.orchestra.run.vm00.stdout:/usr/bin/ceph: stderr
2026-03-09T14:05:28.256+0000 7f4b61ffb640 1 -- 192.168.123.100:0/2270118262 <== mon.0 v2:192.168.123.100:3300/0 1 ==== mon_map magic: 0 ==== 205+0+0 (secure 0 0 0) 0x7f4b54047070 con 0x7f4b64073660
2026-03-09T14:05:31.907 INFO:teuthology.orchestra.run.vm00.stdout:/usr/bin/ceph: stderr
2026-03-09T14:05:28.256+0000 7f4b69fcb640 1 -- 192.168.123.100:0/2270118262 --> [v2:192.168.123.100:3300/0,v1:192.168.123.100:6789/0] -- mon_subscribe({mgrmap=0+}) -- 0x7f4b641acda0 con 0x7f4b64073660
2026-03-09T14:05:31.907 INFO:teuthology.orchestra.run.vm00.stdout:/usr/bin/ceph: stderr
2026-03-09T14:05:28.256+0000 7f4b69fcb640 1 -- 192.168.123.100:0/2270118262 --> [v2:192.168.123.100:3300/0,v1:192.168.123.100:6789/0] -- mon_subscribe({osdmap=0}) -- 0x7f4b641afa90 con 0x7f4b64073660
2026-03-09T14:05:31.907 INFO:teuthology.orchestra.run.vm00.stdout:/usr/bin/ceph: stderr
2026-03-09T14:05:28.256+0000 7f4b61ffb640 1 -- 192.168.123.100:0/2270118262 <== mon.0 v2:192.168.123.100:3300/0 2 ==== config(25 keys) ==== 1038+0+0 (secure 0 0 0) 0x7f4b54036d80 con 0x7f4b64073660
2026-03-09T14:05:31.907 INFO:teuthology.orchestra.run.vm00.stdout:/usr/bin/ceph: stderr
2026-03-09T14:05:28.256+0000 7f4b61ffb640 1 -- 192.168.123.100:0/2270118262 <== mon.0 v2:192.168.123.100:3300/0 3 ==== mon_map magic: 0 ==== 205+0+0 (secure 0 0 0) 0x7f4b5403c070 con 0x7f4b64073660
2026-03-09T14:05:31.907 INFO:teuthology.orchestra.run.vm00.stdout:/usr/bin/ceph: stderr
2026-03-09T14:05:28.256+0000 7f4b61ffb640 1 -- 192.168.123.100:0/2270118262 <== mon.0 v2:192.168.123.100:3300/0 4 ==== mgrmap(e 8) ==== 50260+0+0 (secure 0 0 0) 0x7f4b5404c430 con 0x7f4b64073660
2026-03-09T14:05:31.907 INFO:teuthology.orchestra.run.vm00.stdout:/usr/bin/ceph: stderr
2026-03-09T14:05:28.256+0000 7f4b61ffb640 1 --2- 192.168.123.100:0/2270118262 >> [v2:192.168.123.100:6800/2528524255,v1:192.168.123.100:6801/2528524255] conn(0x7f4b4403dd30 0x7f4b440401f0 unknown :-1 s=NONE pgs=0 cs=0 l=1 rev1=0 crypto rx=0 tx=0 comp rx=0 tx=0).connect
2026-03-09T14:05:31.907 INFO:teuthology.orchestra.run.vm00.stdout:/usr/bin/ceph: stderr
2026-03-09T14:05:28.256+0000 7f4b63fff640 1 -- 192.168.123.100:0/2270118262 >> [v2:192.168.123.100:6800/2528524255,v1:192.168.123.100:6801/2528524255] conn(0x7f4b4403dd30 msgr2=0x7f4b440401f0 unknown :-1 s=STATE_CONNECTING_RE l=1).process reconnect failed to v2:192.168.123.100:6800/2528524255
2026-03-09T14:05:31.907 INFO:teuthology.orchestra.run.vm00.stdout:/usr/bin/ceph: stderr
2026-03-09T14:05:28.256+0000 7f4b63fff640 1 --2- 192.168.123.100:0/2270118262 >> [v2:192.168.123.100:6800/2528524255,v1:192.168.123.100:6801/2528524255] conn(0x7f4b4403dd30 0x7f4b440401f0 unknown :-1 s=START_CONNECT pgs=0 cs=0 l=1 rev1=0 crypto rx=0 tx=0 comp rx=0 tx=0)._fault waiting 0.200000
2026-03-09T14:05:31.907 INFO:teuthology.orchestra.run.vm00.stdout:/usr/bin/ceph: stderr
2026-03-09T14:05:28.256+0000 7f4b61ffb640 1 -- 192.168.123.100:0/2270118262 <== mon.0 v2:192.168.123.100:3300/0 5 ==== osd_map(2..2 src has 1..2) ==== 940+0+0 (secure 0 0 0) 0x7f4b540777c0 con 0x7f4b64073660
2026-03-09T14:05:31.907 INFO:teuthology.orchestra.run.vm00.stdout:/usr/bin/ceph: stderr
2026-03-09T14:05:28.256+0000 7f4b69fcb640 1 -- 192.168.123.100:0/2270118262 --> [v2:192.168.123.100:6800/2528524255,v1:192.168.123.100:6801/2528524255] -- command(tid 0: {"prefix": "get_command_descriptions"}) -- 0x7f4b2c000d10 con 0x7f4b4403dd30
2026-03-09T14:05:31.907 INFO:teuthology.orchestra.run.vm00.stdout:/usr/bin/ceph: stderr
2026-03-09T14:05:28.456+0000 7f4b63fff640 1 -- 192.168.123.100:0/2270118262 >> [v2:192.168.123.100:6800/2528524255,v1:192.168.123.100:6801/2528524255] conn(0x7f4b4403dd30 msgr2=0x7f4b440401f0 unknown :-1 s=STATE_CONNECTING_RE l=1).process reconnect failed to v2:192.168.123.100:6800/2528524255
2026-03-09T14:05:31.907 INFO:teuthology.orchestra.run.vm00.stdout:/usr/bin/ceph: stderr
2026-03-09T14:05:28.456+0000 7f4b63fff640 1 --2- 192.168.123.100:0/2270118262 >> [v2:192.168.123.100:6800/2528524255,v1:192.168.123.100:6801/2528524255] conn(0x7f4b4403dd30 0x7f4b440401f0 unknown :-1 s=START_CONNECT pgs=0 cs=0 l=1 rev1=0 crypto rx=0 tx=0 comp rx=0 tx=0)._fault waiting 0.400000
2026-03-09T14:05:31.907 INFO:teuthology.orchestra.run.vm00.stdout:/usr/bin/ceph: stderr
2026-03-09T14:05:28.856+0000 7f4b63fff640 1 -- 192.168.123.100:0/2270118262 >> [v2:192.168.123.100:6800/2528524255,v1:192.168.123.100:6801/2528524255] conn(0x7f4b4403dd30 msgr2=0x7f4b440401f0 unknown :-1 s=STATE_CONNECTING_RE l=1).process reconnect failed to v2:192.168.123.100:6800/2528524255
2026-03-09T14:05:31.907 INFO:teuthology.orchestra.run.vm00.stdout:/usr/bin/ceph: stderr
2026-03-09T14:05:28.856+0000 7f4b63fff640 1 --2- 192.168.123.100:0/2270118262 >> [v2:192.168.123.100:6800/2528524255,v1:192.168.123.100:6801/2528524255] conn(0x7f4b4403dd30 0x7f4b440401f0 unknown :-1 s=START_CONNECT pgs=0 cs=0 l=1 rev1=0 crypto rx=0 tx=0 comp rx=0 tx=0)._fault waiting 0.800000
2026-03-09T14:05:31.907 INFO:teuthology.orchestra.run.vm00.stdout:/usr/bin/ceph: stderr
2026-03-09T14:05:29.660+0000 7f4b63fff640 1 -- 192.168.123.100:0/2270118262 >> [v2:192.168.123.100:6800/2528524255,v1:192.168.123.100:6801/2528524255] conn(0x7f4b4403dd30 msgr2=0x7f4b440401f0 unknown :-1 s=STATE_CONNECTING_RE l=1).process reconnect failed to v2:192.168.123.100:6800/2528524255
2026-03-09T14:05:31.907 INFO:teuthology.orchestra.run.vm00.stdout:/usr/bin/ceph: stderr
2026-03-09T14:05:29.660+0000 7f4b63fff640 1 --2- 192.168.123.100:0/2270118262 >> [v2:192.168.123.100:6800/2528524255,v1:192.168.123.100:6801/2528524255] conn(0x7f4b4403dd30 0x7f4b440401f0 unknown :-1 s=START_CONNECT pgs=0 cs=0 l=1 rev1=0 crypto rx=0 tx=0 comp rx=0 tx=0)._fault waiting 1.600000
2026-03-09T14:05:31.907 INFO:teuthology.orchestra.run.vm00.stdout:/usr/bin/ceph: stderr
2026-03-09T14:05:30.852+0000 7f4b61ffb640 1 -- 192.168.123.100:0/2270118262 <== mon.0 v2:192.168.123.100:3300/0 6 ==== mgrmap(e 9) ==== 50027+0+0 (secure 0 0 0) 0x7f4b540765c0 con 0x7f4b64073660
2026-03-09T14:05:31.907 INFO:teuthology.orchestra.run.vm00.stdout:/usr/bin/ceph: stderr
2026-03-09T14:05:30.852+0000 7f4b61ffb640 1 -- 192.168.123.100:0/2270118262 >> [v2:192.168.123.100:6800/2528524255,v1:192.168.123.100:6801/2528524255] conn(0x7f4b4403dd30 msgr2=0x7f4b440401f0 unknown :-1 s=STATE_CONNECTING l=1).mark_down
2026-03-09T14:05:31.907 INFO:teuthology.orchestra.run.vm00.stdout:/usr/bin/ceph: stderr
2026-03-09T14:05:30.852+0000 7f4b61ffb640 1 --2- 192.168.123.100:0/2270118262 >> [v2:192.168.123.100:6800/2528524255,v1:192.168.123.100:6801/2528524255] conn(0x7f4b4403dd30 0x7f4b440401f0 unknown :-1 s=START_CONNECT pgs=0 cs=0 l=1 rev1=0 crypto rx=0 tx=0 comp rx=0 tx=0).stop
2026-03-09T14:05:31.907 INFO:teuthology.orchestra.run.vm00.stdout:/usr/bin/ceph: stderr
2026-03-09T14:05:31.852+0000 7f4b61ffb640 1 -- 192.168.123.100:0/2270118262 <== mon.0 v2:192.168.123.100:3300/0 7 ==== mgrmap(e 10) ==== 50154+0+0 (secure 0 0 0) 0x7f4b54076cc0 con 0x7f4b64073660
2026-03-09T14:05:31.907 INFO:teuthology.orchestra.run.vm00.stdout:/usr/bin/ceph: stderr
2026-03-09T14:05:31.852+0000 7f4b61ffb640 1 --2- 192.168.123.100:0/2270118262 >> [v2:192.168.123.100:6800/382579543,v1:192.168.123.100:6801/382579543] conn(0x7f4b44041620 0x7f4b44043a10 unknown :-1 s=NONE pgs=0 cs=0 l=1 rev1=0 crypto rx=0 tx=0 comp rx=0 tx=0).connect
2026-03-09T14:05:31.907 INFO:teuthology.orchestra.run.vm00.stdout:/usr/bin/ceph: stderr
2026-03-09T14:05:31.852+0000 7f4b61ffb640 1 -- 192.168.123.100:0/2270118262 --> [v2:192.168.123.100:6800/382579543,v1:192.168.123.100:6801/382579543] -- command(tid 0: {"prefix": "get_command_descriptions"}) -- 0x7f4b54047e70 con 0x7f4b44041620
2026-03-09T14:05:31.907 INFO:teuthology.orchestra.run.vm00.stdout:/usr/bin/ceph: stderr
2026-03-09T14:05:31.852+0000 7f4b63fff640 1 --2- 192.168.123.100:0/2270118262 >> [v2:192.168.123.100:6800/382579543,v1:192.168.123.100:6801/382579543] conn(0x7f4b44041620 0x7f4b44043a10 unknown :-1 s=BANNER_CONNECTING pgs=0 cs=0 l=1 rev1=0 crypto rx=0 tx=0 comp rx=0 tx=0)._handle_peer_banner_payload supported=3 required=0
2026-03-09T14:05:31.907 INFO:teuthology.orchestra.run.vm00.stdout:/usr/bin/ceph: stderr
2026-03-09T14:05:31.856+0000 7f4b63fff640 1 --2- 192.168.123.100:0/2270118262 >> [v2:192.168.123.100:6800/382579543,v1:192.168.123.100:6801/382579543] conn(0x7f4b44041620 0x7f4b44043a10 secure :-1 s=READY pgs=1 cs=0 l=1 rev1=1 crypto rx=0x7f4b5c003e00 tx=0x7f4b5c0073c0 comp rx=0 tx=0).ready entity=mgr.14150 client_cookie=0 server_cookie=0 in_seq=0 out_seq=0
2026-03-09T14:05:31.907 INFO:teuthology.orchestra.run.vm00.stdout:/usr/bin/ceph: stderr
2026-03-09T14:05:31.860+0000 7f4b61ffb640 1 -- 192.168.123.100:0/2270118262 <== mgr.14150 v2:192.168.123.100:6800/382579543 1 ==== command_reply(tid 0: 0 ) ==== 8+0+8901 (secure 0 0 0) 0x7f4b54047e70 con 0x7f4b44041620
2026-03-09T14:05:31.907 INFO:teuthology.orchestra.run.vm00.stdout:/usr/bin/ceph: stderr
2026-03-09T14:05:31.860+0000 7f4b337fe640 1 -- 192.168.123.100:0/2270118262 --> [v2:192.168.123.100:6800/382579543,v1:192.168.123.100:6801/382579543] -- command(tid 1: {"prefix": "mgr_status"}) -- 0x7f4b24000d10 con 0x7f4b44041620
2026-03-09T14:05:31.907 INFO:teuthology.orchestra.run.vm00.stdout:/usr/bin/ceph: stderr
2026-03-09T14:05:31.864+0000 7f4b61ffb640 1 -- 192.168.123.100:0/2270118262 <== mgr.14150 v2:192.168.123.100:6800/382579543 2 ==== command_reply(tid 1: 0 ) ==== 8+0+52 (secure 0 0 0) 0x7f4b24000d10 con 0x7f4b44041620
2026-03-09T14:05:31.907 INFO:teuthology.orchestra.run.vm00.stdout:/usr/bin/ceph: stderr
2026-03-09T14:05:31.864+0000 7f4b337fe640 1 -- 192.168.123.100:0/2270118262 >> [v2:192.168.123.100:6800/382579543,v1:192.168.123.100:6801/382579543] conn(0x7f4b44041620 msgr2=0x7f4b44043a10 secure :-1 s=STATE_CONNECTION_ESTABLISHED l=1).mark_down
2026-03-09T14:05:31.907 INFO:teuthology.orchestra.run.vm00.stdout:/usr/bin/ceph: stderr
2026-03-09T14:05:31.864+0000 7f4b337fe640 1 --2- 192.168.123.100:0/2270118262 >> [v2:192.168.123.100:6800/382579543,v1:192.168.123.100:6801/382579543] conn(0x7f4b44041620 0x7f4b44043a10 secure :-1 s=READY pgs=1 cs=0 l=1 rev1=1 crypto rx=0x7f4b5c003e00 tx=0x7f4b5c0073c0 comp rx=0 tx=0).stop
2026-03-09T14:05:31.907 INFO:teuthology.orchestra.run.vm00.stdout:/usr/bin/ceph: stderr
2026-03-09T14:05:31.864+0000 7f4b337fe640 1 -- 192.168.123.100:0/2270118262 >> [v2:192.168.123.100:3300/0,v1:192.168.123.100:6789/0] conn(0x7f4b64073660 msgr2=0x7f4b641ac5d0 secure :-1 s=STATE_CONNECTION_ESTABLISHED l=1).mark_down
2026-03-09T14:05:31.907 INFO:teuthology.orchestra.run.vm00.stdout:/usr/bin/ceph: stderr
2026-03-09T14:05:31.864+0000 7f4b337fe640 1 --2- 192.168.123.100:0/2270118262 >> [v2:192.168.123.100:3300/0,v1:192.168.123.100:6789/0] conn(0x7f4b64073660 0x7f4b641ac5d0 secure :-1 s=READY pgs=60 cs=0 l=1 rev1=1 crypto rx=0x7f4b54037e90 tx=0x7f4b540365b0 comp rx=0 tx=0).stop
2026-03-09T14:05:31.907 INFO:teuthology.orchestra.run.vm00.stdout:/usr/bin/ceph: stderr
2026-03-09T14:05:31.864+0000 7f4b337fe640 1 -- 192.168.123.100:0/2270118262 shutdown_connections
2026-03-09T14:05:31.907 INFO:teuthology.orchestra.run.vm00.stdout:/usr/bin/ceph: stderr
2026-03-09T14:05:31.864+0000 7f4b337fe640 1 --2- 192.168.123.100:0/2270118262 >> [v2:192.168.123.100:6800/382579543,v1:192.168.123.100:6801/382579543] conn(0x7f4b44041620 0x7f4b44043a10 unknown :-1 s=CLOSED pgs=1 cs=0 l=1 rev1=1 crypto rx=0 tx=0 comp rx=0 tx=0).stop
2026-03-09T14:05:31.907 INFO:teuthology.orchestra.run.vm00.stdout:/usr/bin/ceph: stderr
2026-03-09T14:05:31.864+0000 7f4b337fe640 1 --2- 192.168.123.100:0/2270118262 >> [v2:192.168.123.100:6800/2528524255,v1:192.168.123.100:6801/2528524255] conn(0x7f4b4403dd30 0x7f4b440401f0 unknown :-1 s=CLOSED pgs=0 cs=0 l=1 rev1=0 crypto rx=0 tx=0 comp rx=0 tx=0).stop
2026-03-09T14:05:31.907 INFO:teuthology.orchestra.run.vm00.stdout:/usr/bin/ceph: stderr
2026-03-09T14:05:31.864+0000 7f4b337fe640 1 --2- 192.168.123.100:0/2270118262 >> [v2:192.168.123.100:3300/0,v1:192.168.123.100:6789/0] conn(0x7f4b64073660 0x7f4b641ac5d0 unknown :-1 s=CLOSED pgs=60 cs=0 l=1 rev1=1 crypto rx=0 tx=0 comp rx=0 tx=0).stop
2026-03-09T14:05:31.907 INFO:teuthology.orchestra.run.vm00.stdout:/usr/bin/ceph: stderr
2026-03-09T14:05:31.864+0000 7f4b337fe640 1 -- 192.168.123.100:0/2270118262 >> 192.168.123.100:0/2270118262 conn(0x7f4b6406ed30 msgr2=0x7f4b6406f9c0 unknown :-1 s=STATE_NONE l=0).mark_down
2026-03-09T14:05:31.907 INFO:teuthology.orchestra.run.vm00.stdout:/usr/bin/ceph: stderr
2026-03-09T14:05:31.864+0000 7f4b337fe640 1 -- 192.168.123.100:0/2270118262 shutdown_connections
2026-03-09T14:05:31.907 INFO:teuthology.orchestra.run.vm00.stdout:/usr/bin/ceph: stderr
2026-03-09T14:05:31.864+0000 7f4b337fe640 1 -- 192.168.123.100:0/2270118262 wait complete.
2026-03-09T14:05:31.907 INFO:teuthology.orchestra.run.vm00.stdout:mgr epoch 8 is available
2026-03-09T14:05:31.907 INFO:teuthology.orchestra.run.vm00.stdout:Generating a dashboard self-signed certificate...
2026-03-09T14:05:32.201 INFO:journalctl@ceph.mon.a.vm00.stdout:Mar 09 14:05:31 vm00 bash[20879]: audit
2026-03-09T14:05:30.925610+0000 mon.a (mon.0) 84 : audit [INF] from='mgr.14150 192.168.123.100:0/3990715523' entity='mgr.x' cmd=[{"prefix":"config rm","who":"mgr","name":"mgr/rbd_support/x/trash_purge_schedule"}]: dispatch
2026-03-09T14:05:32.201 INFO:journalctl@ceph.mon.a.vm00.stdout:Mar 09 14:05:31 vm00 bash[20879]: audit
2026-03-09T14:05:30.925610+0000 mon.a (mon.0) 84 : audit [INF] from='mgr.14150 192.168.123.100:0/3990715523' entity='mgr.x' cmd=[{"prefix":"config rm","who":"mgr","name":"mgr/rbd_support/x/trash_purge_schedule"}]: dispatch
2026-03-09T14:05:32.201 INFO:journalctl@ceph.mon.a.vm00.stdout:Mar 09 14:05:31 vm00 bash[20879]: cephadm
2026-03-09T14:05:31.554174+0000 mgr.x (mgr.14150) 1 : cephadm [INF] [09/Mar/2026:14:05:31] ENGINE Bus STARTING
2026-03-09T14:05:32.201 INFO:journalctl@ceph.mon.a.vm00.stdout:Mar 09 14:05:31 vm00 bash[20879]: cephadm
2026-03-09T14:05:31.554174+0000 mgr.x (mgr.14150) 1 : cephadm [INF] [09/Mar/2026:14:05:31] ENGINE Bus STARTING
2026-03-09T14:05:32.201 INFO:journalctl@ceph.mon.a.vm00.stdout:Mar 09 14:05:31 vm00 bash[20879]: cluster
2026-03-09T14:05:31.862188+0000 mon.a (mon.0) 85 : cluster [DBG] mgrmap e10: x(active, since 1.01065s)
2026-03-09T14:05:32.201 INFO:journalctl@ceph.mon.a.vm00.stdout:Mar 09 14:05:31 vm00 bash[20879]: cluster
2026-03-09T14:05:31.862188+0000 mon.a (mon.0) 85 : cluster [DBG] mgrmap e10: x(active, since 1.01065s)
2026-03-09T14:05:32.241 INFO:teuthology.orchestra.run.vm00.stdout:/usr/bin/ceph: stdout Self-signed certificate created
2026-03-09T14:05:32.241 INFO:teuthology.orchestra.run.vm00.stdout:/usr/bin/ceph: stderr
2026-03-09T14:05:32.012+0000 7f09aec28640 1 Processor -- start
2026-03-09T14:05:32.241 INFO:teuthology.orchestra.run.vm00.stdout:/usr/bin/ceph: stderr
2026-03-09T14:05:32.016+0000 7f09aec28640 1 -- start start
2026-03-09T14:05:32.241 INFO:teuthology.orchestra.run.vm00.stdout:/usr/bin/ceph: stderr
2026-03-09T14:05:32.016+0000 7f09aec28640 1 --2- >> [v2:192.168.123.100:3300/0,v1:192.168.123.100:6789/0] conn(0x7f09a8105a80 0x7f09a8105e80 unknown :-1 s=NONE pgs=0 cs=0 l=0 rev1=0 crypto rx=0 tx=0 comp rx=0 tx=0).connect
2026-03-09T14:05:32.241 INFO:teuthology.orchestra.run.vm00.stdout:/usr/bin/ceph: stderr
2026-03-09T14:05:32.016+0000 7f09aec28640 1 -- --> [v2:192.168.123.100:3300/0,v1:192.168.123.100:6789/0] -- mon_getmap magic: 0 -- 0x7f09a8106450 con 0x7f09a8105a80
2026-03-09T14:05:32.241 INFO:teuthology.orchestra.run.vm00.stdout:/usr/bin/ceph: stderr
2026-03-09T14:05:32.016+0000 7f09ac99d640 1 --2- >> [v2:192.168.123.100:3300/0,v1:192.168.123.100:6789/0] conn(0x7f09a8105a80 0x7f09a8105e80 unknown :-1 s=BANNER_CONNECTING pgs=0 cs=0 l=0 rev1=0 crypto rx=0 tx=0 comp rx=0 tx=0)._handle_peer_banner_payload supported=3 required=0
2026-03-09T14:05:32.241 INFO:teuthology.orchestra.run.vm00.stdout:/usr/bin/ceph: stderr
2026-03-09T14:05:32.016+0000 7f09ac99d640 1 --2- >> [v2:192.168.123.100:3300/0,v1:192.168.123.100:6789/0] conn(0x7f09a8105a80 0x7f09a8105e80 unknown :-1 s=HELLO_CONNECTING pgs=0 cs=0 l=0 rev1=1 crypto rx=0 tx=0 comp rx=0 tx=0).handle_hello peer v2:192.168.123.100:3300/0 says I am v2:192.168.123.100:49956/0 (socket says 192.168.123.100:49956)
2026-03-09T14:05:32.241 INFO:teuthology.orchestra.run.vm00.stdout:/usr/bin/ceph: stderr
2026-03-09T14:05:32.016+0000 7f09ac99d640 1 -- 192.168.123.100:0/1053282241 learned_addr learned my addr 192.168.123.100:0/1053282241 (peer_addr_for_me v2:192.168.123.100:0/0)
2026-03-09T14:05:32.241 INFO:teuthology.orchestra.run.vm00.stdout:/usr/bin/ceph: stderr
2026-03-09T14:05:32.016+0000 7f09ac99d640 1 -- 192.168.123.100:0/1053282241 --> [v2:192.168.123.100:3300/0,v1:192.168.123.100:6789/0] -- mon_subscribe({config=0+,monmap=0+}) -- 0x7f09a8106760 con 0x7f09a8105a80
2026-03-09T14:05:32.241 INFO:teuthology.orchestra.run.vm00.stdout:/usr/bin/ceph: stderr
2026-03-09T14:05:32.016+0000 7f09ac99d640 1 --2- 192.168.123.100:0/1053282241 >> [v2:192.168.123.100:3300/0,v1:192.168.123.100:6789/0] conn(0x7f09a8105a80 0x7f09a8105e80 secure :-1 s=READY pgs=68 cs=0 l=1 rev1=1 crypto rx=0x7f0998009920 tx=0x7f099802ef20 comp rx=0 tx=0).ready entity=mon.0 client_cookie=790b35a4b9b2b51a server_cookie=0 in_seq=0 out_seq=0
2026-03-09T14:05:32.241 INFO:teuthology.orchestra.run.vm00.stdout:/usr/bin/ceph: stderr
2026-03-09T14:05:32.016+0000 7f099f7fe640 1 -- 192.168.123.100:0/1053282241 <== mon.0 v2:192.168.123.100:3300/0 1 ==== mon_map magic: 0 ==== 205+0+0 (secure 0 0 0) 0x7f099803c070 con 0x7f09a8105a80
2026-03-09T14:05:32.241 INFO:teuthology.orchestra.run.vm00.stdout:/usr/bin/ceph: stderr
2026-03-09T14:05:32.016+0000 7f099f7fe640 1 -- 192.168.123.100:0/1053282241 <== mon.0 v2:192.168.123.100:3300/0 2 ==== config(25 keys) ==== 1038+0+0 (secure 0 0 0) 0x7f0998037440 con 0x7f09a8105a80
2026-03-09T14:05:32.241 INFO:teuthology.orchestra.run.vm00.stdout:/usr/bin/ceph: stderr
2026-03-09T14:05:32.016+0000 7f099f7fe640 1 -- 192.168.123.100:0/1053282241 <== mon.0 v2:192.168.123.100:3300/0 3 ==== mon_map magic: 0 ==== 205+0+0 (secure 0 0 0) 0x7f09980354d0 con 0x7f09a8105a80
2026-03-09T14:05:32.241 INFO:teuthology.orchestra.run.vm00.stdout:/usr/bin/ceph: stderr
2026-03-09T14:05:32.016+0000 7f09aec28640 1 -- 192.168.123.100:0/1053282241 >> [v2:192.168.123.100:3300/0,v1:192.168.123.100:6789/0] conn(0x7f09a8105a80 msgr2=0x7f09a8105e80 secure :-1 s=STATE_CONNECTION_ESTABLISHED l=1).mark_down
2026-03-09T14:05:32.241 INFO:teuthology.orchestra.run.vm00.stdout:/usr/bin/ceph: stderr
2026-03-09T14:05:32.016+0000 7f09aec28640 1 --2- 192.168.123.100:0/1053282241 >> [v2:192.168.123.100:3300/0,v1:192.168.123.100:6789/0] conn(0x7f09a8105a80 0x7f09a8105e80 secure :-1 s=READY pgs=68 cs=0 l=1 rev1=1 crypto rx=0x7f0998009920 tx=0x7f099802ef20 comp rx=0 tx=0).stop
2026-03-09T14:05:32.241 INFO:teuthology.orchestra.run.vm00.stdout:/usr/bin/ceph: stderr
2026-03-09T14:05:32.016+0000 7f09aec28640 1 -- 192.168.123.100:0/1053282241 shutdown_connections
2026-03-09T14:05:32.241 INFO:teuthology.orchestra.run.vm00.stdout:/usr/bin/ceph: stderr
2026-03-09T14:05:32.016+0000 7f09aec28640 1 --2- 192.168.123.100:0/1053282241 >> [v2:192.168.123.100:3300/0,v1:192.168.123.100:6789/0] conn(0x7f09a8105a80 0x7f09a8105e80 unknown :-1 s=CLOSED pgs=68 cs=0 l=1 rev1=1 crypto rx=0 tx=0 comp rx=0 tx=0).stop
2026-03-09T14:05:32.241 INFO:teuthology.orchestra.run.vm00.stdout:/usr/bin/ceph: stderr
2026-03-09T14:05:32.016+0000 7f09aec28640 1 -- 192.168.123.100:0/1053282241 >> 192.168.123.100:0/1053282241 conn(0x7f09a8101500 msgr2=0x7f09a8103980 unknown :-1 s=STATE_NONE l=0).mark_down
2026-03-09T14:05:32.241 INFO:teuthology.orchestra.run.vm00.stdout:/usr/bin/ceph: stderr
2026-03-09T14:05:32.016+0000 7f09aec28640 1 -- 192.168.123.100:0/1053282241 shutdown_connections
2026-03-09T14:05:32.241 INFO:teuthology.orchestra.run.vm00.stdout:/usr/bin/ceph: stderr
2026-03-09T14:05:32.016+0000 7f09aec28640 1 -- 192.168.123.100:0/1053282241 wait complete.
2026-03-09T14:05:32.241 INFO:teuthology.orchestra.run.vm00.stdout:/usr/bin/ceph: stderr
2026-03-09T14:05:32.016+0000 7f09aec28640 1 Processor -- start
2026-03-09T14:05:32.241 INFO:teuthology.orchestra.run.vm00.stdout:/usr/bin/ceph: stderr
2026-03-09T14:05:32.016+0000 7f09aec28640 1 -- start start
2026-03-09T14:05:32.242 INFO:teuthology.orchestra.run.vm00.stdout:/usr/bin/ceph: stderr
2026-03-09T14:05:32.016+0000 7f09aec28640 1 --2- >> [v2:192.168.123.100:3300/0,v1:192.168.123.100:6789/0] conn(0x7f09a8105a80 0x7f09a819f960 unknown :-1 s=NONE pgs=0 cs=0 l=1 rev1=0 crypto rx=0 tx=0 comp rx=0 tx=0).connect
2026-03-09T14:05:32.242 INFO:teuthology.orchestra.run.vm00.stdout:/usr/bin/ceph: stderr
2026-03-09T14:05:32.016+0000 7f09aec28640 1 -- --> [v2:192.168.123.100:3300/0,v1:192.168.123.100:6789/0] -- mon_getmap magic: 0 -- 0x7f09a81079a0 con 0x7f09a8105a80
2026-03-09T14:05:32.242 INFO:teuthology.orchestra.run.vm00.stdout:/usr/bin/ceph: stderr
2026-03-09T14:05:32.016+0000 7f09ac99d640 1 --2- >> [v2:192.168.123.100:3300/0,v1:192.168.123.100:6789/0] conn(0x7f09a8105a80 0x7f09a819f960 unknown :-1 s=BANNER_CONNECTING pgs=0 cs=0 l=1 rev1=0 crypto rx=0 tx=0 comp rx=0 tx=0)._handle_peer_banner_payload supported=3 required=0
2026-03-09T14:05:32.242 INFO:teuthology.orchestra.run.vm00.stdout:/usr/bin/ceph: stderr
2026-03-09T14:05:32.016+0000 7f09ac99d640 1 --2- >> [v2:192.168.123.100:3300/0,v1:192.168.123.100:6789/0] conn(0x7f09a8105a80 0x7f09a819f960 unknown :-1 s=HELLO_CONNECTING pgs=0 cs=0 l=1 rev1=1 crypto rx=0 tx=0 comp rx=0 tx=0).handle_hello peer v2:192.168.123.100:3300/0 says I am v2:192.168.123.100:49960/0 (socket says 192.168.123.100:49960)
2026-03-09T14:05:32.242 INFO:teuthology.orchestra.run.vm00.stdout:/usr/bin/ceph: stderr
2026-03-09T14:05:32.016+0000 7f09ac99d640 1 -- 192.168.123.100:0/1206673193 learned_addr learned my addr 192.168.123.100:0/1206673193 (peer_addr_for_me v2:192.168.123.100:0/0)
2026-03-09T14:05:32.242 INFO:teuthology.orchestra.run.vm00.stdout:/usr/bin/ceph: stderr
2026-03-09T14:05:32.016+0000 7f09ac99d640 1 -- 192.168.123.100:0/1206673193 --> [v2:192.168.123.100:3300/0,v1:192.168.123.100:6789/0] -- mon_subscribe({config=0+,monmap=0+}) -- 0x7f09a819fea0 con 0x7f09a8105a80
2026-03-09T14:05:32.242 INFO:teuthology.orchestra.run.vm00.stdout:/usr/bin/ceph: stderr
2026-03-09T14:05:32.020+0000 7f09ac99d640 1 --2- 192.168.123.100:0/1206673193 >> [v2:192.168.123.100:3300/0,v1:192.168.123.100:6789/0] conn(0x7f09a8105a80 0x7f09a819f960 secure :-1 s=READY pgs=69 cs=0 l=1 rev1=1 crypto rx=0x7f0998037820 tx=0x7f0998037850 comp rx=0 tx=0).ready entity=mon.0 client_cookie=0 server_cookie=0 in_seq=0 out_seq=0
2026-03-09T14:05:32.242 INFO:teuthology.orchestra.run.vm00.stdout:/usr/bin/ceph: stderr
2026-03-09T14:05:32.020+0000 7f099dffb640 1 -- 192.168.123.100:0/1206673193 <== mon.0 v2:192.168.123.100:3300/0 1 ==== mon_map magic: 0 ==== 205+0+0 (secure 0 0 0) 0x7f0998047070 con 0x7f09a8105a80
2026-03-09T14:05:32.242 INFO:teuthology.orchestra.run.vm00.stdout:/usr/bin/ceph: stderr
2026-03-09T14:05:32.020+0000 7f099dffb640 1 -- 192.168.123.100:0/1206673193 <== mon.0 v2:192.168.123.100:3300/0 2 ==== config(25 keys) ==== 1038+0+0 (secure 0 0 0) 0x7f0998035d70 con 0x7f09a8105a80
2026-03-09T14:05:32.242 INFO:teuthology.orchestra.run.vm00.stdout:/usr/bin/ceph: stderr
2026-03-09T14:05:32.020+0000 7f09aec28640 1 -- 192.168.123.100:0/1206673193 --> [v2:192.168.123.100:3300/0,v1:192.168.123.100:6789/0] -- mon_subscribe({mgrmap=0+}) -- 0x7f09a81a0130 con 0x7f09a8105a80
2026-03-09T14:05:32.242 INFO:teuthology.orchestra.run.vm00.stdout:/usr/bin/ceph: stderr
2026-03-09T14:05:32.020+0000 7f09aec28640 1 -- 192.168.123.100:0/1206673193 --> [v2:192.168.123.100:3300/0,v1:192.168.123.100:6789/0] -- mon_subscribe({osdmap=0}) -- 0x7f09a81a2e20 con 0x7f09a8105a80
2026-03-09T14:05:32.242 INFO:teuthology.orchestra.run.vm00.stdout:/usr/bin/ceph: stderr
2026-03-09T14:05:32.020+0000 7f099dffb640 1 -- 192.168.123.100:0/1206673193 <== mon.0 v2:192.168.123.100:3300/0 3 ==== mon_map magic: 0 ==== 205+0+0 (secure 0 0 0) 0x7f099803c070 con 0x7f09a8105a80
2026-03-09T14:05:32.242 INFO:teuthology.orchestra.run.vm00.stdout:/usr/bin/ceph: stderr
2026-03-09T14:05:32.020+0000 7f09aec28640 1 -- 192.168.123.100:0/1206673193 --> [v2:192.168.123.100:3300/0,v1:192.168.123.100:6789/0] -- mon_command({"prefix": "get_command_descriptions"} v 0) -- 0x7f0970005390 con 0x7f09a8105a80
2026-03-09T14:05:32.242 INFO:teuthology.orchestra.run.vm00.stdout:/usr/bin/ceph: stderr
2026-03-09T14:05:32.020+0000 7f099dffb640 1 -- 192.168.123.100:0/1206673193 <== mon.0 v2:192.168.123.100:3300/0 4 ==== mgrmap(e 10) ==== 50154+0+0 (secure 0 0 0) 0x7f09980425f0 con 0x7f09a8105a80
2026-03-09T14:05:32.242 INFO:teuthology.orchestra.run.vm00.stdout:/usr/bin/ceph: stderr
2026-03-09T14:05:32.020+0000 7f099dffb640 1 --2- 192.168.123.100:0/1206673193 >> [v2:192.168.123.100:6800/382579543,v1:192.168.123.100:6801/382579543] conn(0x7f098003db70 0x7f0980040030 unknown :-1 s=NONE pgs=0 cs=0 l=1 rev1=0 crypto rx=0 tx=0 comp rx=0 tx=0).connect
2026-03-09T14:05:32.242 INFO:teuthology.orchestra.run.vm00.stdout:/usr/bin/ceph: stderr
2026-03-09T14:05:32.020+0000 7f099dffb640 1 -- 192.168.123.100:0/1206673193 <== mon.0 v2:192.168.123.100:3300/0 5 ==== osd_map(3..3 src has 1..3) ==== 1155+0+0 (secure 0 0 0) 0x7f09980769d0 con 0x7f09a8105a80
2026-03-09T14:05:32.242 INFO:teuthology.orchestra.run.vm00.stdout:/usr/bin/ceph: stderr
2026-03-09T14:05:32.024+0000 7f099ffff640 1 --2- 192.168.123.100:0/1206673193 >> [v2:192.168.123.100:6800/382579543,v1:192.168.123.100:6801/382579543] conn(0x7f098003db70 0x7f0980040030 unknown :-1 s=BANNER_CONNECTING pgs=0 cs=0 l=1 rev1=0 crypto rx=0 tx=0 comp rx=0 tx=0)._handle_peer_banner_payload supported=3 required=0
2026-03-09T14:05:32.242 INFO:teuthology.orchestra.run.vm00.stdout:/usr/bin/ceph: stderr
2026-03-09T14:05:32.024+0000 7f099ffff640 1 --2- 192.168.123.100:0/1206673193 >> [v2:192.168.123.100:6800/382579543,v1:192.168.123.100:6801/382579543] conn(0x7f098003db70 0x7f0980040030 secure :-1 s=READY pgs=7 cs=0 l=1 rev1=1 crypto rx=0x7f09900099c0 tx=0x7f0990006eb0 comp rx=0 tx=0).ready entity=mgr.14150 client_cookie=0 server_cookie=0 in_seq=0 out_seq=0
2026-03-09T14:05:32.242 INFO:teuthology.orchestra.run.vm00.stdout:/usr/bin/ceph: stderr
2026-03-09T14:05:32.024+0000 7f099dffb640 1 -- 192.168.123.100:0/1206673193 <== mon.0 v2:192.168.123.100:3300/0 6 ==== mon_command_ack([{"prefix": "get_command_descriptions"}]=0 v0) ==== 72+0+195034 (secure 0 0 0) 0x7f099803e350 con 0x7f09a8105a80
2026-03-09T14:05:32.242 INFO:teuthology.orchestra.run.vm00.stdout:/usr/bin/ceph: stderr
2026-03-09T14:05:32.120+0000 7f09aec28640 1 -- 192.168.123.100:0/1206673193 --> [v2:192.168.123.100:6800/382579543,v1:192.168.123.100:6801/382579543] -- mgr_command(tid 0: {"prefix": "dashboard create-self-signed-cert", "target": ["mon-mgr", ""]}) -- 0x7f0970002bf0 con 0x7f098003db70
2026-03-09T14:05:32.242 INFO:teuthology.orchestra.run.vm00.stdout:/usr/bin/ceph: stderr
2026-03-09T14:05:32.184+0000 7f099dffb640 1 -- 192.168.123.100:0/1206673193 <== mgr.14150 v2:192.168.123.100:6800/382579543 1 ==== mgr_command_reply(tid 0: 0 ) ==== 8+0+32 (secure 0 0 0) 0x7f0970002bf0 con 0x7f098003db70
2026-03-09T14:05:32.242 INFO:teuthology.orchestra.run.vm00.stdout:/usr/bin/ceph: stderr
2026-03-09T14:05:32.188+0000 7f09aec28640 1 -- 192.168.123.100:0/1206673193 >> [v2:192.168.123.100:6800/382579543,v1:192.168.123.100:6801/382579543] conn(0x7f098003db70 msgr2=0x7f0980040030 secure :-1 s=STATE_CONNECTION_ESTABLISHED l=1).mark_down
2026-03-09T14:05:32.242 INFO:teuthology.orchestra.run.vm00.stdout:/usr/bin/ceph: stderr
2026-03-09T14:05:32.188+0000 7f09aec28640 1 --2- 192.168.123.100:0/1206673193 >> [v2:192.168.123.100:6800/382579543,v1:192.168.123.100:6801/382579543] conn(0x7f098003db70 0x7f0980040030 secure :-1 s=READY pgs=7 cs=0 l=1 rev1=1 crypto rx=0x7f09900099c0 tx=0x7f0990006eb0 comp rx=0 tx=0).stop
2026-03-09T14:05:32.242 INFO:teuthology.orchestra.run.vm00.stdout:/usr/bin/ceph: stderr
2026-03-09T14:05:32.188+0000 7f09aec28640 1 -- 192.168.123.100:0/1206673193 >> [v2:192.168.123.100:3300/0,v1:192.168.123.100:6789/0] conn(0x7f09a8105a80 msgr2=0x7f09a819f960 secure :-1 s=STATE_CONNECTION_ESTABLISHED l=1).mark_down
2026-03-09T14:05:32.242 INFO:teuthology.orchestra.run.vm00.stdout:/usr/bin/ceph: stderr
2026-03-09T14:05:32.188+0000 7f09aec28640 1 --2- 192.168.123.100:0/1206673193 >> [v2:192.168.123.100:3300/0,v1:192.168.123.100:6789/0] conn(0x7f09a8105a80 0x7f09a819f960 secure :-1 s=READY pgs=69 cs=0 l=1 rev1=1 crypto rx=0x7f0998037820 tx=0x7f0998037850 comp rx=0 tx=0).stop
2026-03-09T14:05:32.242 INFO:teuthology.orchestra.run.vm00.stdout:/usr/bin/ceph: stderr
2026-03-09T14:05:32.188+0000 7f09aec28640 1 -- 192.168.123.100:0/1206673193 shutdown_connections
2026-03-09T14:05:32.242 INFO:teuthology.orchestra.run.vm00.stdout:/usr/bin/ceph: stderr
2026-03-09T14:05:32.188+0000 7f09aec28640 1 --2- 192.168.123.100:0/1206673193 >> [v2:192.168.123.100:6800/382579543,v1:192.168.123.100:6801/382579543] conn(0x7f098003db70 0x7f0980040030 unknown :-1 s=CLOSED pgs=7 cs=0 l=1 rev1=1 crypto rx=0 tx=0 comp rx=0 tx=0).stop
2026-03-09T14:05:32.242 INFO:teuthology.orchestra.run.vm00.stdout:/usr/bin/ceph: stderr
2026-03-09T14:05:32.188+0000 7f09aec28640 1 --2- 192.168.123.100:0/1206673193 >> [v2:192.168.123.100:3300/0,v1:192.168.123.100:6789/0] conn(0x7f09a8105a80 0x7f09a819f960 unknown :-1 s=CLOSED pgs=69 cs=0 l=1 rev1=1 crypto rx=0 tx=0 comp rx=0 tx=0).stop
2026-03-09T14:05:32.242 INFO:teuthology.orchestra.run.vm00.stdout:/usr/bin/ceph: stderr
2026-03-09T14:05:32.188+0000 7f09aec28640 1 -- 192.168.123.100:0/1206673193 >> 192.168.123.100:0/1206673193 conn(0x7f09a8101500 msgr2=0x7f09a8195fc0 unknown :-1 s=STATE_NONE l=0).mark_down
2026-03-09T14:05:32.242 INFO:teuthology.orchestra.run.vm00.stdout:/usr/bin/ceph: stderr
2026-03-09T14:05:32.188+0000 7f09aec28640 1 -- 192.168.123.100:0/1206673193 shutdown_connections
2026-03-09T14:05:32.242 INFO:teuthology.orchestra.run.vm00.stdout:/usr/bin/ceph: stderr
2026-03-09T14:05:32.188+0000 7f09aec28640 1 -- 192.168.123.100:0/1206673193 wait complete.
2026-03-09T14:05:32.242 INFO:teuthology.orchestra.run.vm00.stdout:Creating initial admin user...
2026-03-09T14:05:32.679 INFO:teuthology.orchestra.run.vm00.stdout:/usr/bin/ceph: stdout {"username": "admin", "password": "$2b$12$utnQrhbEelm.xdBa4yHIleaD3bPHzBhj90fELLbDwweiTCkbDpWPC", "roles": ["administrator"], "name": null, "email": null, "lastUpdate": 1773065132, "enabled": true, "pwdExpirationDate": null, "pwdUpdateRequired": true}
2026-03-09T14:05:32.679 INFO:teuthology.orchestra.run.vm00.stdout:/usr/bin/ceph: stderr
2026-03-09T14:05:32.360+0000 7fe880dbf640 1 Processor -- start
2026-03-09T14:05:32.679 INFO:teuthology.orchestra.run.vm00.stdout:/usr/bin/ceph: stderr
2026-03-09T14:05:32.360+0000 7fe880dbf640 1 -- start start
2026-03-09T14:05:32.679 INFO:teuthology.orchestra.run.vm00.stdout:/usr/bin/ceph: stderr
2026-03-09T14:05:32.360+0000 7fe880dbf640 1 --2- >> [v2:192.168.123.100:3300/0,v1:192.168.123.100:6789/0] conn(0x7fe87c109a70 0x7fe87c109e70 unknown :-1 s=NONE pgs=0 cs=0 l=0 rev1=0 crypto rx=0 tx=0 comp rx=0 tx=0).connect
2026-03-09T14:05:32.679 INFO:teuthology.orchestra.run.vm00.stdout:/usr/bin/ceph: stderr
2026-03-09T14:05:32.360+0000 7fe880dbf640 1 -- --> [v2:192.168.123.100:3300/0,v1:192.168.123.100:6789/0] -- mon_getmap magic: 0 -- 0x7fe87c10a440 con 0x7fe87c109a70
2026-03-09T14:05:32.683 INFO:teuthology.orchestra.run.vm00.stdout:/usr/bin/ceph: stderr
2026-03-09T14:05:32.360+0000 7fe87a575640 1 --2- >> [v2:192.168.123.100:3300/0,v1:192.168.123.100:6789/0] conn(0x7fe87c109a70 0x7fe87c109e70 unknown :-1 s=BANNER_CONNECTING pgs=0 cs=0 l=0 rev1=0 crypto rx=0 tx=0 comp rx=0 tx=0)._handle_peer_banner_payload supported=3 required=0
2026-03-09T14:05:32.683 INFO:teuthology.orchestra.run.vm00.stdout:/usr/bin/ceph: stderr
2026-03-09T14:05:32.360+0000 7fe87a575640 1 --2- >> [v2:192.168.123.100:3300/0,v1:192.168.123.100:6789/0] conn(0x7fe87c109a70 0x7fe87c109e70 unknown :-1 s=HELLO_CONNECTING pgs=0 cs=0 l=0 rev1=1 crypto rx=0 tx=0 comp rx=0 tx=0).handle_hello peer v2:192.168.123.100:3300/0 says I am v2:192.168.123.100:49972/0 (socket says 192.168.123.100:49972)
2026-03-09T14:05:32.683 INFO:teuthology.orchestra.run.vm00.stdout:/usr/bin/ceph: stderr
2026-03-09T14:05:32.360+0000 7fe87a575640 1 -- 192.168.123.100:0/30599019 learned_addr learned my addr 192.168.123.100:0/30599019 (peer_addr_for_me v2:192.168.123.100:0/0)
2026-03-09T14:05:32.683 INFO:teuthology.orchestra.run.vm00.stdout:/usr/bin/ceph: stderr
2026-03-09T14:05:32.360+0000 7fe87a575640 1 -- 192.168.123.100:0/30599019 --> [v2:192.168.123.100:3300/0,v1:192.168.123.100:6789/0] -- mon_subscribe({config=0+,monmap=0+}) -- 0x7fe87c10ac10 con 0x7fe87c109a70
2026-03-09T14:05:32.683 INFO:teuthology.orchestra.run.vm00.stdout:/usr/bin/ceph: stderr
2026-03-09T14:05:32.360+0000 7fe87a575640 1 --2- 192.168.123.100:0/30599019 >> [v2:192.168.123.100:3300/0,v1:192.168.123.100:6789/0] conn(0x7fe87c109a70 0x7fe87c109e70 secure :-1 s=READY pgs=70 cs=0 l=1 rev1=1 crypto rx=0x7fe864009b80 tx=0x7fe86402f190 comp rx=0 tx=0).ready entity=mon.0 client_cookie=b3700a99b3d2a3c4 server_cookie=0 in_seq=0 out_seq=0
2026-03-09T14:05:32.683 INFO:teuthology.orchestra.run.vm00.stdout:/usr/bin/ceph: stderr
2026-03-09T14:05:32.360+0000 7fe879573640 1 -- 192.168.123.100:0/30599019 <== mon.0 v2:192.168.123.100:3300/0 1 ==== mon_map magic: 0 ==== 205+0+0 (secure 0 0 0) 0x7fe86403c070 con 0x7fe87c109a70
2026-03-09T14:05:32.683 INFO:teuthology.orchestra.run.vm00.stdout:/usr/bin/ceph: stderr
2026-03-09T14:05:32.360+0000 7fe879573640 1 -- 192.168.123.100:0/30599019 <== mon.0 v2:192.168.123.100:3300/0 2 ==== config(25 keys) ==== 1038+0+0 (secure 0 0 0) 0x7fe864037440 con 0x7fe87c109a70
2026-03-09T14:05:32.683 INFO:teuthology.orchestra.run.vm00.stdout:/usr/bin/ceph: stderr
2026-03-09T14:05:32.360+0000 7fe879573640 1 -- 192.168.123.100:0/30599019 <== mon.0 v2:192.168.123.100:3300/0 3 ==== mon_map magic: 0 ==== 205+0+0 (secure 0 0 0) 0x7fe8640354d0 con 0x7fe87c109a70
2026-03-09T14:05:32.683 INFO:teuthology.orchestra.run.vm00.stdout:/usr/bin/ceph: stderr
2026-03-09T14:05:32.364+0000 7fe880dbf640 1 -- 192.168.123.100:0/30599019 >> [v2:192.168.123.100:3300/0,v1:192.168.123.100:6789/0] conn(0x7fe87c109a70 msgr2=0x7fe87c109e70 secure :-1 s=STATE_CONNECTION_ESTABLISHED l=1).mark_down
2026-03-09T14:05:32.683 INFO:teuthology.orchestra.run.vm00.stdout:/usr/bin/ceph: stderr
2026-03-09T14:05:32.364+0000 7fe880dbf640 1 --2- 192.168.123.100:0/30599019 >> [v2:192.168.123.100:3300/0,v1:192.168.123.100:6789/0] conn(0x7fe87c109a70 0x7fe87c109e70 secure :-1 s=READY pgs=70 cs=0 l=1 rev1=1 crypto rx=0x7fe864009b80 tx=0x7fe86402f190 comp rx=0 tx=0).stop
2026-03-09T14:05:32.683 INFO:teuthology.orchestra.run.vm00.stdout:/usr/bin/ceph: stderr
2026-03-09T14:05:32.364+0000 7fe880dbf640 1 -- 192.168.123.100:0/30599019 shutdown_connections
2026-03-09T14:05:32.683 INFO:teuthology.orchestra.run.vm00.stdout:/usr/bin/ceph: stderr
2026-03-09T14:05:32.364+0000 7fe880dbf640 1 --2- 192.168.123.100:0/30599019 >> [v2:192.168.123.100:3300/0,v1:192.168.123.100:6789/0] conn(0x7fe87c109a70 0x7fe87c109e70 unknown :-1 s=CLOSED pgs=70 cs=0 l=1 rev1=1 crypto rx=0 tx=0 comp rx=0 tx=0).stop
2026-03-09T14:05:32.683 INFO:teuthology.orchestra.run.vm00.stdout:/usr/bin/ceph: stderr
2026-03-09T14:05:32.364+0000 7fe880dbf640 1 -- 192.168.123.100:0/30599019 >> 192.168.123.100:0/30599019 conn(0x7fe87c07d070 msgr2=0x7fe87c07d4c0 unknown :-1 s=STATE_NONE l=0).mark_down
2026-03-09T14:05:32.683 INFO:teuthology.orchestra.run.vm00.stdout:/usr/bin/ceph: stderr
2026-03-09T14:05:32.364+0000 7fe880dbf640 1 -- 192.168.123.100:0/30599019 shutdown_connections
2026-03-09T14:05:32.683 INFO:teuthology.orchestra.run.vm00.stdout:/usr/bin/ceph: stderr
2026-03-09T14:05:32.364+0000 7fe880dbf640 1 -- 192.168.123.100:0/30599019 wait complete.
2026-03-09T14:05:32.683 INFO:teuthology.orchestra.run.vm00.stdout:/usr/bin/ceph: stderr
2026-03-09T14:05:32.364+0000 7fe880dbf640 1 Processor -- start
2026-03-09T14:05:32.683 INFO:teuthology.orchestra.run.vm00.stdout:/usr/bin/ceph: stderr
2026-03-09T14:05:32.364+0000 7fe880dbf640 1 -- start start
2026-03-09T14:05:32.683 INFO:teuthology.orchestra.run.vm00.stdout:/usr/bin/ceph: stderr
2026-03-09T14:05:32.364+0000 7fe880dbf640 1 --2- >> [v2:192.168.123.100:3300/0,v1:192.168.123.100:6789/0] conn(0x7fe87c109a70 0x7fe87c19f8a0 unknown :-1 s=NONE pgs=0 cs=0 l=1 rev1=0 crypto rx=0 tx=0 comp rx=0 tx=0).connect
2026-03-09T14:05:32.683 INFO:teuthology.orchestra.run.vm00.stdout:/usr/bin/ceph: stderr
2026-03-09T14:05:32.364+0000 7fe87a575640 1 --2- >> [v2:192.168.123.100:3300/0,v1:192.168.123.100:6789/0] conn(0x7fe87c109a70 0x7fe87c19f8a0 unknown :-1 s=BANNER_CONNECTING pgs=0 cs=0 l=1 rev1=0 crypto rx=0 tx=0 comp rx=0 tx=0)._handle_peer_banner_payload supported=3 required=0
2026-03-09T14:05:32.683 INFO:teuthology.orchestra.run.vm00.stdout:/usr/bin/ceph: stderr
2026-03-09T14:05:32.364+0000 7fe87a575640 1 --2- >> [v2:192.168.123.100:3300/0,v1:192.168.123.100:6789/0] conn(0x7fe87c109a70 0x7fe87c19f8a0 unknown :-1 s=HELLO_CONNECTING pgs=0 cs=0 l=1 rev1=1 crypto rx=0 tx=0 comp rx=0 tx=0).handle_hello peer v2:192.168.123.100:3300/0 says I am v2:192.168.123.100:49976/0 (socket says 192.168.123.100:49976)
2026-03-09T14:05:32.683 INFO:teuthology.orchestra.run.vm00.stdout:/usr/bin/ceph: stderr
2026-03-09T14:05:32.364+0000 7fe87a575640 1 -- 192.168.123.100:0/3886728610 learned_addr learned my addr 192.168.123.100:0/3886728610 (peer_addr_for_me v2:192.168.123.100:0/0)
2026-03-09T14:05:32.683 INFO:teuthology.orchestra.run.vm00.stdout:/usr/bin/ceph: stderr
2026-03-09T14:05:32.364+0000 7fe880dbf640 1 -- 192.168.123.100:0/3886728610 --> [v2:192.168.123.100:3300/0,v1:192.168.123.100:6789/0] -- mon_getmap magic: 0 -- 0x7fe87c10de40 con 0x7fe87c109a70
2026-03-09T14:05:32.683 INFO:teuthology.orchestra.run.vm00.stdout:/usr/bin/ceph: stderr
2026-03-09T14:05:32.364+0000 7fe87a575640 1 -- 192.168.123.100:0/3886728610 --> [v2:192.168.123.100:3300/0,v1:192.168.123.100:6789/0] -- mon_subscribe({config=0+,monmap=0+}) -- 0x7fe87c19fde0 con 0x7fe87c109a70
2026-03-09T14:05:32.683 INFO:teuthology.orchestra.run.vm00.stdout:/usr/bin/ceph: stderr
2026-03-09T14:05:32.364+0000 7fe87a575640 1 --2- 192.168.123.100:0/3886728610 >> [v2:192.168.123.100:3300/0,v1:192.168.123.100:6789/0] conn(0x7fe87c109a70 0x7fe87c19f8a0 secure :-1 s=READY pgs=71 cs=0 l=1 rev1=1 crypto rx=0x7fe864037960 tx=0x7fe864037990 comp rx=0 tx=0).ready entity=mon.0 client_cookie=0 server_cookie=0 in_seq=0 out_seq=0
2026-03-09T14:05:32.683 INFO:teuthology.orchestra.run.vm00.stdout:/usr/bin/ceph: stderr
2026-03-09T14:05:32.364+0000 7fe8637fe640 1 -- 192.168.123.100:0/3886728610 <== mon.0 v2:192.168.123.100:3300/0 1 ==== mon_map magic: 0 ==== 205+0+0 (secure 0 0 0) 0x7fe864047070 con 0x7fe87c109a70
2026-03-09T14:05:32.683 INFO:teuthology.orchestra.run.vm00.stdout:/usr/bin/ceph: stderr
2026-03-09T14:05:32.364+0000 7fe8637fe640 1 -- 192.168.123.100:0/3886728610 <== mon.0 v2:192.168.123.100:3300/0 2 ==== config(25 keys) ==== 1038+0+0 (secure 0 0 0) 0x7fe864035d70 con 0x7fe87c109a70
2026-03-09T14:05:32.683 INFO:teuthology.orchestra.run.vm00.stdout:/usr/bin/ceph: stderr
2026-03-09T14:05:32.364+0000 7fe8637fe640 1 -- 192.168.123.100:0/3886728610 <== mon.0 v2:192.168.123.100:3300/0 3 ==== mon_map magic: 0 ==== 205+0+0 (secure 0 0 0) 0x7fe86403c070 con 0x7fe87c109a70
2026-03-09T14:05:32.683 INFO:teuthology.orchestra.run.vm00.stdout:/usr/bin/ceph: stderr
2026-03-09T14:05:32.364+0000 7fe880dbf640 1 -- 192.168.123.100:0/3886728610 --> [v2:192.168.123.100:3300/0,v1:192.168.123.100:6789/0] -- mon_subscribe({mgrmap=0+}) -- 0x7fe87c1a0070 con 0x7fe87c109a70
2026-03-09T14:05:32.684 INFO:teuthology.orchestra.run.vm00.stdout:/usr/bin/ceph: stderr
2026-03-09T14:05:32.364+0000 7fe880dbf640 1 -- 192.168.123.100:0/3886728610 --> [v2:192.168.123.100:3300/0,v1:192.168.123.100:6789/0] -- mon_subscribe({osdmap=0}) -- 0x7fe87c1a2d60 con 0x7fe87c109a70
2026-03-09T14:05:32.684 INFO:teuthology.orchestra.run.vm00.stdout:/usr/bin/ceph: stderr
2026-03-09T14:05:32.364+0000 7fe8637fe640 1 -- 192.168.123.100:0/3886728610 <== mon.0 v2:192.168.123.100:3300/0 4 ==== mgrmap(e 10) ==== 50154+0+0 (secure 0 0 0) 0x7fe864042680 con 0x7fe87c109a70
2026-03-09T14:05:32.684 INFO:teuthology.orchestra.run.vm00.stdout:/usr/bin/ceph: stderr
2026-03-09T14:05:32.364+0000 7fe880dbf640 1 -- 192.168.123.100:0/3886728610 --> [v2:192.168.123.100:3300/0,v1:192.168.123.100:6789/0] -- mon_command({"prefix": "get_command_descriptions"} v 0) -- 0x7fe87c109ef0 con 0x7fe87c109a70
2026-03-09T14:05:32.684 INFO:teuthology.orchestra.run.vm00.stdout:/usr/bin/ceph: stderr
2026-03-09T14:05:32.368+0000 7fe8637fe640 1 --2- 192.168.123.100:0/3886728610 >> [v2:192.168.123.100:6800/382579543,v1:192.168.123.100:6801/382579543] conn(0x7fe85803db70 0x7fe858040030 unknown :-1 s=NONE pgs=0 cs=0 l=1 rev1=0 crypto rx=0 tx=0 comp rx=0 tx=0).connect
