2026-03-09T14:05:16.280+0000 7f1a8cdb6640 1 --2- 192.168.123.100:0/3526884623 >> [v2:192.168.123.100:6800/823844242,v1:192.168.123.100:6801/823844242] conn(0x7f1a5803db20 0x7f1a5803ffe0 unknown :-1 s=BANNER_CONNECTING pgs=0 cs=0 l=1 rev1=0 crypto rx=0 tx=0 comp rx=0 tx=0)._handle_peer_banner_payload supported=3 required=0
2026-03-09T14:05:16.473 INFO:teuthology.orchestra.run.vm00.stdout:/usr/bin/ceph: stderr
2026-03-09T14:05:16.284+0000 7f1a8cdb6640 1 --2- 192.168.123.100:0/3526884623 >> [v2:192.168.123.100:6800/823844242,v1:192.168.123.100:6801/823844242] conn(0x7f1a5803db20 0x7f1a5803ffe0 secure :-1 s=READY pgs=6 cs=0 l=1 rev1=1 crypto rx=0x7f1a700099c0 tx=0x7f1a70006eb0 comp rx=0 tx=0).ready entity=mgr.14100 client_cookie=0 server_cookie=0 in_seq=0 out_seq=0
2026-03-09T14:05:16.473 INFO:teuthology.orchestra.run.vm00.stdout:/usr/bin/ceph: stderr
2026-03-09T14:05:16.284+0000 7f1a8f842640 1 -- 192.168.123.100:0/3526884623 --> [v2:192.168.123.100:3300/0,v1:192.168.123.100:6789/0] -- mon_command({"prefix": "get_command_descriptions"} v 0) -- 0x7f1a50005390 con 0x7f1a8807df10
2026-03-09T14:05:16.473 INFO:teuthology.orchestra.run.vm00.stdout:/usr/bin/ceph: stderr
2026-03-09T14:05:16.284+0000 7f1a7e7fc640 1 -- 192.168.123.100:0/3526884623 <== mon.0 v2:192.168.123.100:3300/0 6 ==== mon_command_ack([{"prefix": "get_command_descriptions"}]=0 v0) ==== 72+0+195034 (secure 0 0 0) 0x7f1a78048360 con 0x7f1a8807df10
2026-03-09T14:05:16.473 INFO:teuthology.orchestra.run.vm00.stdout:/usr/bin/ceph: stderr
2026-03-09T14:05:16.420+0000 7f1a8f842640 1 -- 192.168.123.100:0/3526884623 --> [v2:192.168.123.100:3300/0,v1:192.168.123.100:6789/0] -- mon_command({"prefix": "status", "format": "json-pretty"} v 0) -- 0x7f1a50005680 con 0x7f1a8807df10
2026-03-09T14:05:16.473 INFO:teuthology.orchestra.run.vm00.stdout:/usr/bin/ceph: stderr
2026-03-09T14:05:16.420+0000 7f1a7e7fc640 1 -- 192.168.123.100:0/3526884623 <== mon.0 v2:192.168.123.100:3300/0 7 ==== mon_command_ack([{"prefix": "status", "format": "json-pretty"}]=0 v0) ==== 79+0+1290 (secure 0 0 0) 0x7f1a78043120 con 0x7f1a8807df10
2026-03-09T14:05:16.473 INFO:teuthology.orchestra.run.vm00.stdout:/usr/bin/ceph: stderr
2026-03-09T14:05:16.420+0000 7f1a8f842640 1 -- 192.168.123.100:0/3526884623 >> [v2:192.168.123.100:6800/823844242,v1:192.168.123.100:6801/823844242] conn(0x7f1a5803db20 msgr2=0x7f1a5803ffe0 secure :-1 s=STATE_CONNECTION_ESTABLISHED l=1).mark_down
2026-03-09T14:05:16.473 INFO:teuthology.orchestra.run.vm00.stdout:/usr/bin/ceph: stderr
2026-03-09T14:05:16.420+0000 7f1a8f842640 1 --2- 192.168.123.100:0/3526884623 >> [v2:192.168.123.100:6800/823844242,v1:192.168.123.100:6801/823844242] conn(0x7f1a5803db20 0x7f1a5803ffe0 secure :-1 s=READY pgs=6 cs=0 l=1 rev1=1 crypto rx=0x7f1a700099c0 tx=0x7f1a70006eb0 comp rx=0 tx=0).stop
2026-03-09T14:05:16.473 INFO:teuthology.orchestra.run.vm00.stdout:/usr/bin/ceph: stderr
2026-03-09T14:05:16.420+0000 7f1a8f842640 1 -- 192.168.123.100:0/3526884623 >> [v2:192.168.123.100:3300/0,v1:192.168.123.100:6789/0] conn(0x7f1a8807df10 msgr2=0x7f1a881a3e40 secure :-1 s=STATE_CONNECTION_ESTABLISHED l=1).mark_down
2026-03-09T14:05:16.474 INFO:teuthology.orchestra.run.vm00.stdout:/usr/bin/ceph: stderr
2026-03-09T14:05:16.420+0000 7f1a8f842640 1 --2- 192.168.123.100:0/3526884623 >> [v2:192.168.123.100:3300/0,v1:192.168.123.100:6789/0] conn(0x7f1a8807df10 0x7f1a881a3e40 secure :-1 s=READY pgs=17 cs=0 l=1 rev1=1 crypto rx=0x7f1a78035ed0 tx=0x7f1a78035f00 comp rx=0 tx=0).stop
2026-03-09T14:05:16.474 INFO:teuthology.orchestra.run.vm00.stdout:/usr/bin/ceph: stderr
2026-03-09T14:05:16.424+0000 7f1a8f842640 1 -- 192.168.123.100:0/3526884623 shutdown_connections
2026-03-09T14:05:16.474 INFO:teuthology.orchestra.run.vm00.stdout:/usr/bin/ceph: stderr
2026-03-09T14:05:16.424+0000 7f1a8f842640 1 --2- 192.168.123.100:0/3526884623 >> [v2:192.168.123.100:6800/823844242,v1:192.168.123.100:6801/823844242] conn(0x7f1a5803db20 0x7f1a5803ffe0 unknown :-1 s=CLOSED pgs=6 cs=0 l=1 rev1=1 crypto rx=0 tx=0 comp rx=0 tx=0).stop
2026-03-09T14:05:16.474 INFO:teuthology.orchestra.run.vm00.stdout:/usr/bin/ceph: stderr
2026-03-09T14:05:16.424+0000 7f1a8f842640 1 --2- 192.168.123.100:0/3526884623 >> [v2:192.168.123.100:3300/0,v1:192.168.123.100:6789/0] conn(0x7f1a8807df10 0x7f1a881a3e40 unknown :-1 s=CLOSED pgs=17 cs=0 l=1 rev1=1 crypto rx=0 tx=0 comp rx=0 tx=0).stop
2026-03-09T14:05:16.474 INFO:teuthology.orchestra.run.vm00.stdout:/usr/bin/ceph: stderr
2026-03-09T14:05:16.424+0000 7f1a8f842640 1 -- 192.168.123.100:0/3526884623 >> 192.168.123.100:0/3526884623 conn(0x7f1a88102ee0 msgr2=0x7f1a88105360 unknown :-1 s=STATE_NONE l=0).mark_down
2026-03-09T14:05:16.474 INFO:teuthology.orchestra.run.vm00.stdout:/usr/bin/ceph: stderr
2026-03-09T14:05:16.424+0000 7f1a8f842640 1 -- 192.168.123.100:0/3526884623 shutdown_connections
2026-03-09T14:05:16.474 INFO:teuthology.orchestra.run.vm00.stdout:/usr/bin/ceph: stderr
2026-03-09T14:05:16.424+0000 7f1a8f842640 1 -- 192.168.123.100:0/3526884623 wait complete.
2026-03-09T14:05:16.474 INFO:teuthology.orchestra.run.vm00.stdout:mgr is available
2026-03-09T14:05:16.725 INFO:teuthology.orchestra.run.vm00.stdout:/usr/bin/ceph: stdout
2026-03-09T14:05:16.725 INFO:teuthology.orchestra.run.vm00.stdout:/usr/bin/ceph: stdout [global]
2026-03-09T14:05:16.725 INFO:teuthology.orchestra.run.vm00.stdout:/usr/bin/ceph: stdout fsid = c981ce80-1bc0-11f1-b902-f34d050d898a
2026-03-09T14:05:16.725 INFO:teuthology.orchestra.run.vm00.stdout:/usr/bin/ceph: stdout mon_cluster_log_file_level = debug
2026-03-09T14:05:16.725 INFO:teuthology.orchestra.run.vm00.stdout:/usr/bin/ceph: stdout mon_host = [v2:192.168.123.100:3300,v1:192.168.123.100:6789]
2026-03-09T14:05:16.725 INFO:teuthology.orchestra.run.vm00.stdout:/usr/bin/ceph: stdout mon_osd_allow_pg_remap = true
2026-03-09T14:05:16.725 INFO:teuthology.orchestra.run.vm00.stdout:/usr/bin/ceph: stdout mon_osd_allow_primary_affinity = true
2026-03-09T14:05:16.725 INFO:teuthology.orchestra.run.vm00.stdout:/usr/bin/ceph: stdout mon_warn_on_no_sortbitwise = false
2026-03-09T14:05:16.725 INFO:teuthology.orchestra.run.vm00.stdout:/usr/bin/ceph: stdout osd_crush_chooseleaf_type = 0
2026-03-09T14:05:16.725 INFO:teuthology.orchestra.run.vm00.stdout:/usr/bin/ceph: stdout
2026-03-09T14:05:16.725 INFO:teuthology.orchestra.run.vm00.stdout:/usr/bin/ceph: stdout [mgr]
2026-03-09T14:05:16.725 INFO:teuthology.orchestra.run.vm00.stdout:/usr/bin/ceph: stdout mgr/telemetry/nag = false
2026-03-09T14:05:16.725 INFO:teuthology.orchestra.run.vm00.stdout:/usr/bin/ceph: stdout
2026-03-09T14:05:16.725 INFO:teuthology.orchestra.run.vm00.stdout:/usr/bin/ceph: stdout [osd]
2026-03-09T14:05:16.725 INFO:teuthology.orchestra.run.vm00.stdout:/usr/bin/ceph: stdout osd_map_max_advance = 10
2026-03-09T14:05:16.725 INFO:teuthology.orchestra.run.vm00.stdout:/usr/bin/ceph: stdout osd_sloppy_crc = true
2026-03-09T14:05:16.725 INFO:teuthology.orchestra.run.vm00.stdout:/usr/bin/ceph: stderr
2026-03-09T14:05:16.584+0000 7f1c63575640 1 Processor -- start
2026-03-09T14:05:16.725 INFO:teuthology.orchestra.run.vm00.stdout:/usr/bin/ceph: stderr
2026-03-09T14:05:16.584+0000 7f1c63575640 1 -- start start
2026-03-09T14:05:16.725 INFO:teuthology.orchestra.run.vm00.stdout:/usr/bin/ceph: stderr
2026-03-09T14:05:16.584+0000 7f1c63575640 1 --2- >> [v2:192.168.123.100:3300/0,v1:192.168.123.100:6789/0] conn(0x7f1c5c109a70 0x7f1c5c109e70 unknown :-1 s=NONE pgs=0 cs=0 l=0 rev1=0 crypto rx=0 tx=0 comp rx=0 tx=0).connect
2026-03-09T14:05:16.725 INFO:teuthology.orchestra.run.vm00.stdout:/usr/bin/ceph: stderr
2026-03-09T14:05:16.584+0000 7f1c63575640 1 -- --> [v2:192.168.123.100:3300/0,v1:192.168.123.100:6789/0] -- mon_getmap magic: 0 -- 0x7f1c5c10a440 con 0x7f1c5c109a70
2026-03-09T14:05:16.725 INFO:teuthology.orchestra.run.vm00.stdout:/usr/bin/ceph: stderr
2026-03-09T14:05:16.584+0000 7f1c612ea640 1 --2- >> [v2:192.168.123.100:3300/0,v1:192.168.123.100:6789/0] conn(0x7f1c5c109a70 0x7f1c5c109e70 unknown :-1 s=BANNER_CONNECTING pgs=0 cs=0 l=0 rev1=0 crypto rx=0 tx=0 comp rx=0 tx=0)._handle_peer_banner_payload supported=3 required=0
2026-03-09T14:05:16.725 INFO:teuthology.orchestra.run.vm00.stdout:/usr/bin/ceph: stderr
2026-03-09T14:05:16.584+0000 7f1c612ea640 1 --2- >> [v2:192.168.123.100:3300/0,v1:192.168.123.100:6789/0] conn(0x7f1c5c109a70 0x7f1c5c109e70 unknown :-1 s=HELLO_CONNECTING pgs=0 cs=0 l=0 rev1=1 crypto rx=0 tx=0 comp rx=0 tx=0).handle_hello peer v2:192.168.123.100:3300/0 says I am v2:192.168.123.100:45596/0 (socket says 192.168.123.100:45596)
2026-03-09T14:05:16.725 INFO:teuthology.orchestra.run.vm00.stdout:/usr/bin/ceph: stderr
2026-03-09T14:05:16.584+0000 7f1c612ea640 1 -- 192.168.123.100:0/3992697104 learned_addr learned my addr 192.168.123.100:0/3992697104 (peer_addr_for_me v2:192.168.123.100:0/0)
2026-03-09T14:05:16.725 INFO:teuthology.orchestra.run.vm00.stdout:/usr/bin/ceph: stderr
2026-03-09T14:05:16.584+0000 7f1c612ea640 1 -- 192.168.123.100:0/3992697104 --> [v2:192.168.123.100:3300/0,v1:192.168.123.100:6789/0] -- mon_subscribe({config=0+,monmap=0+}) -- 0x7f1c5c10ac10 con 0x7f1c5c109a70
2026-03-09T14:05:16.725 INFO:teuthology.orchestra.run.vm00.stdout:/usr/bin/ceph: stderr
2026-03-09T14:05:16.584+0000 7f1c612ea640 1 --2- 192.168.123.100:0/3992697104 >> [v2:192.168.123.100:3300/0,v1:192.168.123.100:6789/0] conn(0x7f1c5c109a70 0x7f1c5c109e70 secure :-1 s=READY pgs=18 cs=0 l=1 rev1=1 crypto rx=0x7f1c50009920 tx=0x7f1c5002ef20 comp rx=0 tx=0).ready entity=mon.0 client_cookie=6b742a7a8152ad60 server_cookie=0 in_seq=0 out_seq=0
2026-03-09T14:05:16.725 INFO:teuthology.orchestra.run.vm00.stdout:/usr/bin/ceph: stderr
2026-03-09T14:05:16.584+0000 7f1c4bfff640 1 -- 192.168.123.100:0/3992697104 <== mon.0 v2:192.168.123.100:3300/0 1 ==== mon_map magic: 0 ==== 205+0+0 (secure 0 0 0) 0x7f1c5003c070 con 0x7f1c5c109a70
2026-03-09T14:05:16.725 INFO:teuthology.orchestra.run.vm00.stdout:/usr/bin/ceph: stderr
2026-03-09T14:05:16.584+0000 7f1c4bfff640 1 -- 192.168.123.100:0/3992697104 <== mon.0 v2:192.168.123.100:3300/0 2 ==== config(25 keys) ==== 1007+0+0 (secure 0 0 0) 0x7f1c50037440 con 0x7f1c5c109a70
2026-03-09T14:05:16.725 INFO:teuthology.orchestra.run.vm00.stdout:/usr/bin/ceph: stderr
2026-03-09T14:05:16.584+0000 7f1c4bfff640 1 -- 192.168.123.100:0/3992697104 <== mon.0 v2:192.168.123.100:3300/0 3 ==== mon_map magic: 0 ==== 205+0+0 (secure 0 0 0) 0x7f1c500354d0 con 0x7f1c5c109a70
2026-03-09T14:05:16.725 INFO:teuthology.orchestra.run.vm00.stdout:/usr/bin/ceph: stderr
2026-03-09T14:05:16.584+0000 7f1c63575640 1 -- 192.168.123.100:0/3992697104 >> [v2:192.168.123.100:3300/0,v1:192.168.123.100:6789/0] conn(0x7f1c5c109a70 msgr2=0x7f1c5c109e70 secure :-1 s=STATE_CONNECTION_ESTABLISHED l=1).mark_down
2026-03-09T14:05:16.725 INFO:teuthology.orchestra.run.vm00.stdout:/usr/bin/ceph: stderr
2026-03-09T14:05:16.584+0000 7f1c63575640 1 --2- 192.168.123.100:0/3992697104 >> [v2:192.168.123.100:3300/0,v1:192.168.123.100:6789/0] conn(0x7f1c5c109a70 0x7f1c5c109e70 secure :-1 s=READY pgs=18 cs=0 l=1 rev1=1 crypto rx=0x7f1c50009920 tx=0x7f1c5002ef20 comp rx=0 tx=0).stop
2026-03-09T14:05:16.725 INFO:teuthology.orchestra.run.vm00.stdout:/usr/bin/ceph: stderr
2026-03-09T14:05:16.584+0000 7f1c63575640 1 -- 192.168.123.100:0/3992697104 shutdown_connections
2026-03-09T14:05:16.725 INFO:teuthology.orchestra.run.vm00.stdout:/usr/bin/ceph: stderr
2026-03-09T14:05:16.584+0000 7f1c63575640 1 --2- 192.168.123.100:0/3992697104 >> [v2:192.168.123.100:3300/0,v1:192.168.123.100:6789/0] conn(0x7f1c5c109a70 0x7f1c5c109e70 unknown :-1 s=CLOSED pgs=18 cs=0 l=1 rev1=1 crypto rx=0 tx=0 comp rx=0 tx=0).stop
2026-03-09T14:05:16.725 INFO:teuthology.orchestra.run.vm00.stdout:/usr/bin/ceph: stderr
2026-03-09T14:05:16.584+0000 7f1c63575640 1 -- 192.168.123.100:0/3992697104 >> 192.168.123.100:0/3992697104 conn(0x7f1c5c07d070 msgr2=0x7f1c5c07d4c0 unknown :-1 s=STATE_NONE l=0).mark_down
2026-03-09T14:05:16.725 INFO:teuthology.orchestra.run.vm00.stdout:/usr/bin/ceph: stderr
2026-03-09T14:05:16.584+0000 7f1c63575640 1 -- 192.168.123.100:0/3992697104 shutdown_connections
2026-03-09T14:05:16.725 INFO:teuthology.orchestra.run.vm00.stdout:/usr/bin/ceph: stderr
2026-03-09T14:05:16.584+0000 7f1c63575640 1 -- 192.168.123.100:0/3992697104 wait complete.
2026-03-09T14:05:16.725 INFO:teuthology.orchestra.run.vm00.stdout:/usr/bin/ceph: stderr
2026-03-09T14:05:16.584+0000 7f1c63575640 1 Processor -- start
2026-03-09T14:05:16.725 INFO:teuthology.orchestra.run.vm00.stdout:/usr/bin/ceph: stderr
2026-03-09T14:05:16.584+0000 7f1c63575640 1 -- start start
2026-03-09T14:05:16.725 INFO:teuthology.orchestra.run.vm00.stdout:/usr/bin/ceph: stderr
2026-03-09T14:05:16.588+0000 7f1c63575640 1 --2- >> [v2:192.168.123.100:3300/0,v1:192.168.123.100:6789/0] conn(0x7f1c5c109a70 0x7f1c5c19f8d0 unknown :-1 s=NONE pgs=0 cs=0 l=1 rev1=0 crypto rx=0 tx=0 comp rx=0 tx=0).connect
2026-03-09T14:05:16.725 INFO:teuthology.orchestra.run.vm00.stdout:/usr/bin/ceph: stderr
2026-03-09T14:05:16.588+0000 7f1c63575640 1 -- --> [v2:192.168.123.100:3300/0,v1:192.168.123.100:6789/0] -- mon_getmap magic: 0 -- 0x7f1c5c10de40 con 0x7f1c5c109a70
2026-03-09T14:05:16.726 INFO:teuthology.orchestra.run.vm00.stdout:/usr/bin/ceph: stderr
2026-03-09T14:05:16.588+0000 7f1c612ea640 1 --2- >> [v2:192.168.123.100:3300/0,v1:192.168.123.100:6789/0] conn(0x7f1c5c109a70 0x7f1c5c19f8d0 unknown :-1 s=BANNER_CONNECTING pgs=0 cs=0 l=1 rev1=0 crypto rx=0 tx=0 comp rx=0 tx=0)._handle_peer_banner_payload supported=3 required=0
2026-03-09T14:05:16.726 INFO:teuthology.orchestra.run.vm00.stdout:/usr/bin/ceph: stderr
2026-03-09T14:05:16.588+0000 7f1c612ea640 1 --2- >> [v2:192.168.123.100:3300/0,v1:192.168.123.100:6789/0] conn(0x7f1c5c109a70 0x7f1c5c19f8d0 unknown :-1 s=HELLO_CONNECTING pgs=0 cs=0 l=1 rev1=1 crypto rx=0 tx=0 comp rx=0 tx=0).handle_hello peer v2:192.168.123.100:3300/0 says I am v2:192.168.123.100:45612/0 (socket says 192.168.123.100:45612)
2026-03-09T14:05:16.726 INFO:teuthology.orchestra.run.vm00.stdout:/usr/bin/ceph: stderr
2026-03-09T14:05:16.588+0000 7f1c612ea640 1 -- 192.168.123.100:0/2922760161 learned_addr learned my addr 192.168.123.100:0/2922760161 (peer_addr_for_me v2:192.168.123.100:0/0)
2026-03-09T14:05:16.726 INFO:teuthology.orchestra.run.vm00.stdout:/usr/bin/ceph: stderr
2026-03-09T14:05:16.588+0000 7f1c612ea640 1 -- 192.168.123.100:0/2922760161 --> [v2:192.168.123.100:3300/0,v1:192.168.123.100:6789/0] -- mon_subscribe({config=0+,monmap=0+}) -- 0x7f1c5c19fe10 con 0x7f1c5c109a70
2026-03-09T14:05:16.726 INFO:teuthology.orchestra.run.vm00.stdout:/usr/bin/ceph: stderr
2026-03-09T14:05:16.588+0000 7f1c612ea640 1 --2- 192.168.123.100:0/2922760161 >> [v2:192.168.123.100:3300/0,v1:192.168.123.100:6789/0] conn(0x7f1c5c109a70 0x7f1c5c19f8d0 secure :-1 s=READY pgs=19 cs=0 l=1 rev1=1 crypto rx=0x7f1c50035700 tx=0x7f1c50035a70 comp rx=0 tx=0).ready entity=mon.0 client_cookie=0 server_cookie=0 in_seq=0 out_seq=0
2026-03-09T14:05:16.726 INFO:teuthology.orchestra.run.vm00.stdout:/usr/bin/ceph: stderr
2026-03-09T14:05:16.588+0000 7f1c4a7fc640 1 -- 192.168.123.100:0/2922760161 <== mon.0 v2:192.168.123.100:3300/0 1 ==== mon_map magic: 0 ==== 205+0+0 (secure 0 0 0) 0x7f1c5003c030 con 0x7f1c5c109a70
2026-03-09T14:05:16.726 INFO:teuthology.orchestra.run.vm00.stdout:/usr/bin/ceph: stderr
2026-03-09T14:05:16.588+0000 7f1c4a7fc640 1 -- 192.168.123.100:0/2922760161 <== mon.0 v2:192.168.123.100:3300/0 2 ==== config(25 keys) ==== 1007+0+0 (secure 0 0 0) 0x7f1c5003e070 con 0x7f1c5c109a70
2026-03-09T14:05:16.726 INFO:teuthology.orchestra.run.vm00.stdout:/usr/bin/ceph: stderr
2026-03-09T14:05:16.588+0000 7f1c4a7fc640 1 -- 192.168.123.100:0/2922760161 <== mon.0 v2:192.168.123.100:3300/0 3 ==== mon_map magic: 0 ==== 205+0+0 (secure 0 0 0) 0x7f1c50042990 con 0x7f1c5c109a70
2026-03-09T14:05:16.726 INFO:teuthology.orchestra.run.vm00.stdout:/usr/bin/ceph: stderr
2026-03-09T14:05:16.588+0000 7f1c63575640 1 -- 192.168.123.100:0/2922760161 --> [v2:192.168.123.100:3300/0,v1:192.168.123.100:6789/0] -- mon_subscribe({mgrmap=0+}) -- 0x7f1c5c1a00a0 con 0x7f1c5c109a70
2026-03-09T14:05:16.726 INFO:teuthology.orchestra.run.vm00.stdout:/usr/bin/ceph: stderr
2026-03-09T14:05:16.588+0000 7f1c63575640 1 -- 192.168.123.100:0/2922760161 --> [v2:192.168.123.100:3300/0,v1:192.168.123.100:6789/0] -- mon_subscribe({osdmap=0}) -- 0x7f1c5c1a04c0 con 0x7f1c5c109a70
2026-03-09T14:05:16.726 INFO:teuthology.orchestra.run.vm00.stdout:/usr/bin/ceph: stderr
2026-03-09T14:05:16.588+0000 7f1c4a7fc640 1 -- 192.168.123.100:0/2922760161 <== mon.0 v2:192.168.123.100:3300/0 4 ==== mgrmap(e 3) ==== 50130+0+0 (secure 0 0 0) 0x7f1c50042b30 con 0x7f1c5c109a70
2026-03-09T14:05:16.726 INFO:teuthology.orchestra.run.vm00.stdout:/usr/bin/ceph: stderr
2026-03-09T14:05:16.588+0000 7f1c4a7fc640 1 --2- 192.168.123.100:0/2922760161 >> [v2:192.168.123.100:6800/823844242,v1:192.168.123.100:6801/823844242] conn(0x7f1c3403db20 0x7f1c3403ffe0 unknown :-1 s=NONE pgs=0 cs=0 l=1 rev1=0 crypto rx=0 tx=0 comp rx=0 tx=0).connect
2026-03-09T14:05:16.726 INFO:teuthology.orchestra.run.vm00.stdout:/usr/bin/ceph: stderr
2026-03-09T14:05:16.588+0000 7f1c4a7fc640 1 -- 192.168.123.100:0/2922760161 <== mon.0 v2:192.168.123.100:3300/0 5 ==== osd_map(1..1 src has 1..1) ==== 725+0+0 (secure 0 0 0) 0x7f1c5003d070 con 0x7f1c5c109a70
2026-03-09T14:05:16.726 INFO:teuthology.orchestra.run.vm00.stdout:/usr/bin/ceph: stderr
2026-03-09T14:05:16.588+0000 7f1c60ae9640 1 --2- 192.168.123.100:0/2922760161 >> [v2:192.168.123.100:6800/823844242,v1:192.168.123.100:6801/823844242] conn(0x7f1c3403db20 0x7f1c3403ffe0 unknown :-1 s=BANNER_CONNECTING pgs=0 cs=0 l=1 rev1=0 crypto rx=0 tx=0 comp rx=0 tx=0)._handle_peer_banner_payload supported=3 required=0
2026-03-09T14:05:16.726 INFO:teuthology.orchestra.run.vm00.stdout:/usr/bin/ceph: stderr
2026-03-09T14:05:16.588+0000 7f1c63575640 1 -- 192.168.123.100:0/2922760161 --> [v2:192.168.123.100:3300/0,v1:192.168.123.100:6789/0] -- mon_command({"prefix": "get_command_descriptions"} v 0) -- 0x7f1c24005390 con 0x7f1c5c109a70
2026-03-09T14:05:16.726 INFO:teuthology.orchestra.run.vm00.stdout:/usr/bin/ceph: stderr
2026-03-09T14:05:16.592+0000 7f1c60ae9640 1 --2- 192.168.123.100:0/2922760161 >> [v2:192.168.123.100:6800/823844242,v1:192.168.123.100:6801/823844242] conn(0x7f1c3403db20 0x7f1c3403ffe0 secure :-1 s=READY pgs=7 cs=0 l=1 rev1=1 crypto rx=0x7f1c4c0099c0 tx=0x7f1c4c006eb0 comp rx=0 tx=0).ready entity=mgr.14100 client_cookie=0 server_cookie=0 in_seq=0 out_seq=0
2026-03-09T14:05:16.726 INFO:teuthology.orchestra.run.vm00.stdout:/usr/bin/ceph: stderr
2026-03-09T14:05:16.592+0000 7f1c4a7fc640 1 -- 192.168.123.100:0/2922760161 <== mon.0 v2:192.168.123.100:3300/0 6 ==== mon_command_ack([{"prefix": "get_command_descriptions"}]=0 v0) ==== 72+0+195034 (secure 0 0 0) 0x7f1c5003f2c0 con 0x7f1c5c109a70
2026-03-09T14:05:16.726 INFO:teuthology.orchestra.run.vm00.stdout:/usr/bin/ceph: stderr
2026-03-09T14:05:16.680+0000 7f1c63575640 1 -- 192.168.123.100:0/2922760161 --> [v2:192.168.123.100:3300/0,v1:192.168.123.100:6789/0] -- mon_command({"prefix": "config assimilate-conf"} v 0) -- 0x7f1c24003c00 con 0x7f1c5c109a70
2026-03-09T14:05:16.726 INFO:teuthology.orchestra.run.vm00.stdout:/usr/bin/ceph: stderr
2026-03-09T14:05:16.684+0000 7f1c4a7fc640 1 -- 192.168.123.100:0/2922760161 <== mon.0 v2:192.168.123.100:3300/0 7 ==== mon_command_ack([{"prefix": "config assimilate-conf"}]=0 v3) ==== 70+0+380 (secure 0 0 0) 0x7f1c5004a360 con 0x7f1c5c109a70
2026-03-09T14:05:16.726 INFO:teuthology.orchestra.run.vm00.stdout:/usr/bin/ceph: stderr
2026-03-09T14:05:16.684+0000 7f1c63575640 1 -- 192.168.123.100:0/2922760161 >> [v2:192.168.123.100:6800/823844242,v1:192.168.123.100:6801/823844242] conn(0x7f1c3403db20 msgr2=0x7f1c3403ffe0 secure :-1 s=STATE_CONNECTION_ESTABLISHED l=1).mark_down
2026-03-09T14:05:16.726 INFO:teuthology.orchestra.run.vm00.stdout:/usr/bin/ceph: stderr
2026-03-09T14:05:16.684+0000 7f1c63575640 1 --2- 192.168.123.100:0/2922760161 >> [v2:192.168.123.100:6800/823844242,v1:192.168.123.100:6801/823844242] conn(0x7f1c3403db20 0x7f1c3403ffe0 secure :-1 s=READY pgs=7 cs=0 l=1 rev1=1 crypto rx=0x7f1c4c0099c0 tx=0x7f1c4c006eb0 comp rx=0 tx=0).stop
2026-03-09T14:05:16.726 INFO:teuthology.orchestra.run.vm00.stdout:/usr/bin/ceph: stderr
2026-03-09T14:05:16.684+0000 7f1c63575640 1 -- 192.168.123.100:0/2922760161 >> [v2:192.168.123.100:3300/0,v1:192.168.123.100:6789/0] conn(0x7f1c5c109a70 msgr2=0x7f1c5c19f8d0 secure :-1 s=STATE_CONNECTION_ESTABLISHED l=1).mark_down
2026-03-09T14:05:16.726 INFO:teuthology.orchestra.run.vm00.stdout:/usr/bin/ceph: stderr
2026-03-09T14:05:16.684+0000 7f1c63575640 1 --2- 192.168.123.100:0/2922760161 >> [v2:192.168.123.100:3300/0,v1:192.168.123.100:6789/0] conn(0x7f1c5c109a70 0x7f1c5c19f8d0 secure :-1 s=READY pgs=19 cs=0 l=1 rev1=1 crypto rx=0x7f1c50035700 tx=0x7f1c50035a70 comp rx=0 tx=0).stop
2026-03-09T14:05:16.726 INFO:teuthology.orchestra.run.vm00.stdout:/usr/bin/ceph: stderr
2026-03-09T14:05:16.684+0000 7f1c63575640 1 -- 192.168.123.100:0/2922760161 shutdown_connections
2026-03-09T14:05:16.726 INFO:teuthology.orchestra.run.vm00.stdout:/usr/bin/ceph: stderr
2026-03-09T14:05:16.684+0000 7f1c63575640 1 --2- 192.168.123.100:0/2922760161 >> [v2:192.168.123.100:6800/823844242,v1:192.168.123.100:6801/823844242] conn(0x7f1c3403db20 0x7f1c3403ffe0 unknown :-1 s=CLOSED pgs=7 cs=0 l=1 rev1=1 crypto rx=0 tx=0 comp rx=0 tx=0).stop
2026-03-09T14:05:16.726 INFO:teuthology.orchestra.run.vm00.stdout:/usr/bin/ceph: stderr
2026-03-09T14:05:16.684+0000 7f1c63575640 1 --2- 192.168.123.100:0/2922760161 >> [v2:192.168.123.100:3300/0,v1:192.168.123.100:6789/0] conn(0x7f1c5c109a70 0x7f1c5c19f8d0 unknown :-1 s=CLOSED pgs=19 cs=0 l=1 rev1=1 crypto rx=0 tx=0 comp rx=0 tx=0).stop
2026-03-09T14:05:16.726 INFO:teuthology.orchestra.run.vm00.stdout:/usr/bin/ceph: stderr
2026-03-09T14:05:16.684+0000 7f1c63575640 1 -- 192.168.123.100:0/2922760161 >> 192.168.123.100:0/2922760161 conn(0x7f1c5c07d070 msgr2=0x7f1c5c1077c0 unknown :-1 s=STATE_NONE l=0).mark_down
2026-03-09T14:05:16.726 INFO:teuthology.orchestra.run.vm00.stdout:/usr/bin/ceph: stderr
2026-03-09T14:05:16.684+0000 7f1c63575640 1 -- 192.168.123.100:0/2922760161 shutdown_connections
2026-03-09T14:05:16.726 INFO:teuthology.orchestra.run.vm00.stdout:/usr/bin/ceph: stderr
2026-03-09T14:05:16.684+0000 7f1c63575640 1 -- 192.168.123.100:0/2922760161 wait complete.
2026-03-09T14:05:16.726 INFO:teuthology.orchestra.run.vm00.stdout:Enabling cephadm module...
2026-03-09T14:05:17.096 INFO:teuthology.orchestra.run.vm00.stdout:/usr/bin/ceph: stderr
2026-03-09T14:05:16.832+0000 7f614d37c640 1 Processor -- start
2026-03-09T14:05:17.096 INFO:teuthology.orchestra.run.vm00.stdout:/usr/bin/ceph: stderr
2026-03-09T14:05:16.832+0000 7f614d37c640 1 -- start start
2026-03-09T14:05:17.096 INFO:teuthology.orchestra.run.vm00.stdout:/usr/bin/ceph: stderr
2026-03-09T14:05:16.832+0000 7f614d37c640 1 --2- >> [v2:192.168.123.100:3300/0,v1:192.168.123.100:6789/0] conn(0x7f614807bad0 0x7f614810c810 unknown :-1 s=NONE pgs=0 cs=0 l=0 rev1=0 crypto rx=0 tx=0 comp rx=0 tx=0).connect
2026-03-09T14:05:17.096 INFO:teuthology.orchestra.run.vm00.stdout:/usr/bin/ceph: stderr
2026-03-09T14:05:16.832+0000 7f614d37c640 1 -- --> [v2:192.168.123.100:3300/0,v1:192.168.123.100:6789/0] -- mon_getmap magic: 0 -- 0x7f614807bf60 con 0x7f614807bad0
2026-03-09T14:05:17.096 INFO:teuthology.orchestra.run.vm00.stdout:/usr/bin/ceph: stderr
2026-03-09T14:05:16.832+0000 7f6146ffd640 1 --2- >> [v2:192.168.123.100:3300/0,v1:192.168.123.100:6789/0] conn(0x7f614807bad0 0x7f614810c810 unknown :-1 s=BANNER_CONNECTING pgs=0 cs=0 l=0 rev1=0 crypto rx=0 tx=0 comp rx=0 tx=0)._handle_peer_banner_payload supported=3 required=0
2026-03-09T14:05:17.096 INFO:teuthology.orchestra.run.vm00.stdout:/usr/bin/ceph: stderr
2026-03-09T14:05:16.832+0000 7f6146ffd640 1 --2- >> [v2:192.168.123.100:3300/0,v1:192.168.123.100:6789/0] conn(0x7f614807bad0 0x7f614810c810 unknown :-1 s=HELLO_CONNECTING pgs=0 cs=0 l=0 rev1=1 crypto rx=0 tx=0 comp rx=0 tx=0).handle_hello peer v2:192.168.123.100:3300/0 says I am v2:192.168.123.100:45616/0 (socket says 192.168.123.100:45616)
2026-03-09T14:05:17.096 INFO:teuthology.orchestra.run.vm00.stdout:/usr/bin/ceph: stderr
2026-03-09T14:05:16.832+0000 7f6146ffd640 1 -- 192.168.123.100:0/643178527 learned_addr learned my addr 192.168.123.100:0/643178527 (peer_addr_for_me v2:192.168.123.100:0/0)
2026-03-09T14:05:17.096 INFO:teuthology.orchestra.run.vm00.stdout:/usr/bin/ceph: stderr
2026-03-09T14:05:16.832+0000 7f6146ffd640 1 -- 192.168.123.100:0/643178527 --> [v2:192.168.123.100:3300/0,v1:192.168.123.100:6789/0] -- mon_subscribe({config=0+,monmap=0+}) -- 0x7f614810cd50 con 0x7f614807bad0
2026-03-09T14:05:17.096 INFO:teuthology.orchestra.run.vm00.stdout:/usr/bin/ceph: stderr
2026-03-09T14:05:16.836+0000 7f6146ffd640 1 --2- 192.168.123.100:0/643178527 >> [v2:192.168.123.100:3300/0,v1:192.168.123.100:6789/0] conn(0x7f614807bad0 0x7f614810c810 secure :-1 s=READY pgs=20 cs=0 l=1 rev1=1 crypto rx=0x7f613c009920 tx=0x7f613c02ef20 comp rx=0 tx=0).ready entity=mon.0 client_cookie=894c17f92045b15a server_cookie=0 in_seq=0 out_seq=0
2026-03-09T14:05:17.096 INFO:teuthology.orchestra.run.vm00.stdout:/usr/bin/ceph: stderr
2026-03-09T14:05:16.836+0000 7f6145ffb640 1 -- 192.168.123.100:0/643178527 <== mon.0 v2:192.168.123.100:3300/0 1 ==== mon_map magic: 0 ==== 205+0+0 (secure 0 0 0) 0x7f613c03c070 con 0x7f614807bad0
2026-03-09T14:05:17.096 INFO:teuthology.orchestra.run.vm00.stdout:/usr/bin/ceph: stderr
2026-03-09T14:05:16.836+0000 7f6145ffb640 1 -- 192.168.123.100:0/643178527 <== mon.0 v2:192.168.123.100:3300/0 2 ==== config(25 keys) ==== 1007+0+0 (secure 0 0 0) 0x7f613c037440 con 0x7f614807bad0
2026-03-09T14:05:17.096 INFO:teuthology.orchestra.run.vm00.stdout:/usr/bin/ceph: stderr
2026-03-09T14:05:16.836+0000 7f614d37c640 1 -- 192.168.123.100:0/643178527 >> [v2:192.168.123.100:3300/0,v1:192.168.123.100:6789/0] conn(0x7f614807bad0 msgr2=0x7f614810c810 secure :-1 s=STATE_CONNECTION_ESTABLISHED l=1).mark_down
2026-03-09T14:05:17.096 INFO:teuthology.orchestra.run.vm00.stdout:/usr/bin/ceph: stderr
2026-03-09T14:05:16.836+0000 7f614d37c640 1 --2- 192.168.123.100:0/643178527 >> [v2:192.168.123.100:3300/0,v1:192.168.123.100:6789/0] conn(0x7f614807bad0 0x7f614810c810 secure :-1 s=READY pgs=20 cs=0 l=1 rev1=1 crypto rx=0x7f613c009920 tx=0x7f613c02ef20 comp rx=0 tx=0).stop
2026-03-09T14:05:17.096 INFO:teuthology.orchestra.run.vm00.stdout:/usr/bin/ceph: stderr
2026-03-09T14:05:16.836+0000 7f614d37c640 1 -- 192.168.123.100:0/643178527 shutdown_connections
2026-03-09T14:05:17.096 INFO:teuthology.orchestra.run.vm00.stdout:/usr/bin/ceph: stderr
2026-03-09T14:05:16.836+0000 7f614d37c640 1 --2- 192.168.123.100:0/643178527 >> [v2:192.168.123.100:3300/0,v1:192.168.123.100:6789/0] conn(0x7f614807bad0 0x7f614810c810 unknown :-1 s=CLOSED pgs=20 cs=0 l=1 rev1=1 crypto rx=0 tx=0 comp rx=0 tx=0).stop
2026-03-09T14:05:17.096 INFO:teuthology.orchestra.run.vm00.stdout:/usr/bin/ceph: stderr
2026-03-09T14:05:16.836+0000 7f614d37c640 1 -- 192.168.123.100:0/643178527 >> 192.168.123.100:0/643178527 conn(0x7f6148101e20 msgr2=0x7f6148104260 unknown :-1 s=STATE_NONE l=0).mark_down
2026-03-09T14:05:17.096 INFO:teuthology.orchestra.run.vm00.stdout:/usr/bin/ceph: stderr
2026-03-09T14:05:16.836+0000 7f614d37c640 1 -- 192.168.123.100:0/643178527 shutdown_connections
2026-03-09T14:05:17.096 INFO:teuthology.orchestra.run.vm00.stdout:/usr/bin/ceph: stderr
2026-03-09T14:05:16.836+0000 7f614d37c640 1 -- 192.168.123.100:0/643178527 wait complete.
2026-03-09T14:05:17.096 INFO:teuthology.orchestra.run.vm00.stdout:/usr/bin/ceph: stderr
2026-03-09T14:05:16.836+0000 7f614d37c640 1 Processor -- start
2026-03-09T14:05:17.096 INFO:teuthology.orchestra.run.vm00.stdout:/usr/bin/ceph: stderr
2026-03-09T14:05:16.836+0000 7f614d37c640 1 -- start start
2026-03-09T14:05:17.096 INFO:teuthology.orchestra.run.vm00.stdout:/usr/bin/ceph: stderr
2026-03-09T14:05:16.836+0000 7f614d37c640 1 --2- >> [v2:192.168.123.100:3300/0,v1:192.168.123.100:6789/0] conn(0x7f614807bad0 0x7f614819f7e0 unknown :-1 s=NONE pgs=0 cs=0 l=1 rev1=0 crypto rx=0 tx=0 comp rx=0 tx=0).connect
2026-03-09T14:05:17.096 INFO:teuthology.orchestra.run.vm00.stdout:/usr/bin/ceph: stderr
2026-03-09T14:05:16.836+0000 7f614d37c640 1 -- --> [v2:192.168.123.100:3300/0,v1:192.168.123.100:6789/0] -- mon_getmap magic: 0 -- 0x7f614810dc80 con 0x7f614807bad0
2026-03-09T14:05:17.096 INFO:teuthology.orchestra.run.vm00.stdout:/usr/bin/ceph: stderr
2026-03-09T14:05:16.836+0000 7f6146ffd640 1 --2- >> [v2:192.168.123.100:3300/0,v1:192.168.123.100:6789/0] conn(0x7f614807bad0 0x7f614819f7e0 unknown :-1 s=BANNER_CONNECTING pgs=0 cs=0 l=1 rev1=0 crypto rx=0 tx=0 comp rx=0 tx=0)._handle_peer_banner_payload supported=3 required=0
2026-03-09T14:05:17.096 INFO:teuthology.orchestra.run.vm00.stdout:/usr/bin/ceph: stderr
2026-03-09T14:05:16.836+0000 7f6146ffd640 1 --2- >> [v2:192.168.123.100:3300/0,v1:192.168.123.100:6789/0] conn(0x7f614807bad0 0x7f614819f7e0 unknown :-1 s=HELLO_CONNECTING pgs=0 cs=0 l=1 rev1=1 crypto rx=0 tx=0 comp rx=0 tx=0).handle_hello peer v2:192.168.123.100:3300/0 says I am v2:192.168.123.100:45622/0 (socket says 192.168.123.100:45622)
2026-03-09T14:05:17.096 INFO:teuthology.orchestra.run.vm00.stdout:/usr/bin/ceph: stderr
2026-03-09T14:05:16.836+0000 7f6146ffd640 1 -- 192.168.123.100:0/1216997586 learned_addr learned my addr 192.168.123.100:0/1216997586 (peer_addr_for_me v2:192.168.123.100:0/0)
2026-03-09T14:05:17.096 INFO:teuthology.orchestra.run.vm00.stdout:/usr/bin/ceph: stderr
2026-03-09T14:05:16.836+0000 7f6146ffd640 1 -- 192.168.123.100:0/1216997586 --> [v2:192.168.123.100:3300/0,v1:192.168.123.100:6789/0] -- mon_subscribe({config=0+,monmap=0+}) -- 0x7f614819fd20 con 0x7f614807bad0
2026-03-09T14:05:17.096 INFO:teuthology.orchestra.run.vm00.stdout:/usr/bin/ceph: stderr
2026-03-09T14:05:16.836+0000 7f6146ffd640 1 --2- 192.168.123.100:0/1216997586 >> [v2:192.168.123.100:3300/0,v1:192.168.123.100:6789/0] conn(0x7f614807bad0 0x7f614819f7e0 secure :-1 s=READY pgs=21 cs=0 l=1 rev1=1 crypto rx=0x7f613c035e60 tx=0x7f613c035e90 comp rx=0 tx=0).ready entity=mon.0 client_cookie=0 server_cookie=0 in_seq=0 out_seq=0
2026-03-09T14:05:17.096 INFO:teuthology.orchestra.run.vm00.stdout:/usr/bin/ceph: stderr
2026-03-09T14:05:16.836+0000 7f612bfff640 1 -- 192.168.123.100:0/1216997586 <== mon.0 v2:192.168.123.100:3300/0 1 ==== mon_map magic: 0 ==== 205+0+0 (secure 0 0 0) 0x7f613c03c070 con 0x7f614807bad0
2026-03-09T14:05:17.096 INFO:teuthology.orchestra.run.vm00.stdout:/usr/bin/ceph: stderr
2026-03-09T14:05:16.836+0000 7f614d37c640 1 -- 192.168.123.100:0/1216997586 --> [v2:192.168.123.100:3300/0,v1:192.168.123.100:6789/0] -- mon_subscribe({mgrmap=0+}) -- 0x7f614819ffb0 con 0x7f614807bad0
2026-03-09T14:05:17.096 INFO:teuthology.orchestra.run.vm00.stdout:/usr/bin/ceph: stderr
2026-03-09T14:05:16.836+0000 7f614d37c640 1 -- 192.168.123.100:0/1216997586 --> [v2:192.168.123.100:3300/0,v1:192.168.123.100:6789/0] -- mon_subscribe({osdmap=0}) -- 0x7f61481a2ca0 con 0x7f614807bad0
2026-03-09T14:05:17.096 INFO:teuthology.orchestra.run.vm00.stdout:/usr/bin/ceph: stderr
2026-03-09T14:05:16.836+0000 7f612bfff640 1 -- 192.168.123.100:0/1216997586 <== mon.0 v2:192.168.123.100:3300/0 2 ==== config(25 keys) ==== 1007+0+0 (secure 0 0 0) 0x7f613c03e070 con 0x7f614807bad0
2026-03-09T14:05:17.096 INFO:teuthology.orchestra.run.vm00.stdout:/usr/bin/ceph: stderr
2026-03-09T14:05:16.836+0000 7f612bfff640 1 -- 192.168.123.100:0/1216997586 <== mon.0 v2:192.168.123.100:3300/0 3 ==== mon_map magic: 0 ==== 205+0+0 (secure 0 0 0) 0x7f613c041370 con 0x7f614807bad0
2026-03-09T14:05:17.097 INFO:teuthology.orchestra.run.vm00.stdout:/usr/bin/ceph: stderr
2026-03-09T14:05:16.840+0000 7f612bfff640 1 -- 192.168.123.100:0/1216997586 <== mon.0 v2:192.168.123.100:3300/0 4 ==== mgrmap(e 3) ==== 50130+0+0 (secure 0 0 0) 0x7f613c041510 con 0x7f614807bad0
2026-03-09T14:05:17.097 INFO:teuthology.orchestra.run.vm00.stdout:/usr/bin/ceph: stderr
2026-03-09T14:05:16.840+0000 7f612bfff640 1 --2- 192.168.123.100:0/1216997586 >> [v2:192.168.123.100:6800/823844242,v1:192.168.123.100:6801/823844242] conn(0x7f611003db20 0x7f611003ffe0 unknown :-1 s=NONE pgs=0 cs=0 l=1 rev1=0 crypto rx=0 tx=0 comp rx=0 tx=0).connect
2026-03-09T14:05:17.097 INFO:teuthology.orchestra.run.vm00.stdout:/usr/bin/ceph: stderr
2026-03-09T14:05:16.840+0000 7f612bfff640 1 -- 192.168.123.100:0/1216997586 <== mon.0 v2:192.168.123.100:3300/0 5 ==== osd_map(1..1 src has 1..1) ==== 725+0+0 (secure 0 0 0) 0x7f613c077810 con 0x7f614807bad0
2026-03-09T14:05:17.097 INFO:teuthology.orchestra.run.vm00.stdout:/usr/bin/ceph: stderr
2026-03-09T14:05:16.840+0000 7f61467fc640 1 --2- 192.168.123.100:0/1216997586 >> [v2:192.168.123.100:6800/823844242,v1:192.168.123.100:6801/823844242] conn(0x7f611003db20 0x7f611003ffe0 unknown :-1 s=BANNER_CONNECTING pgs=0 cs=0 l=1 rev1=0 crypto rx=0 tx=0 comp rx=0 tx=0)._handle_peer_banner_payload supported=3 required=0
2026-03-09T14:05:17.097 INFO:teuthology.orchestra.run.vm00.stdout:/usr/bin/ceph: stderr
2026-03-09T14:05:16.840+0000 7f614d37c640 1 -- 192.168.123.100:0/1216997586 --> [v2:192.168.123.100:3300/0,v1:192.168.123.100:6789/0] -- mon_command({"prefix": "get_command_descriptions"} v 0) -- 0x7f614810c810 con 0x7f614807bad0
2026-03-09T14:05:17.097 INFO:teuthology.orchestra.run.vm00.stdout:/usr/bin/ceph: stderr
2026-03-09T14:05:16.840+0000 7f61467fc640 1 --2- 192.168.123.100:0/1216997586 >> [v2:192.168.123.100:6800/823844242,v1:192.168.123.100:6801/823844242] conn(0x7f611003db20 0x7f611003ffe0 secure :-1 s=READY pgs=8 cs=0 l=1 rev1=1 crypto rx=0x7f61340099c0 tx=0x7f6134006eb0 comp rx=0 tx=0).ready entity=mgr.14100 client_cookie=0 server_cookie=0 in_seq=0 out_seq=0
2026-03-09T14:05:17.097 INFO:teuthology.orchestra.run.vm00.stdout:/usr/bin/ceph: stderr
2026-03-09T14:05:16.844+0000 7f612bfff640 1 -- 192.168.123.100:0/1216997586 <== mon.0 v2:192.168.123.100:3300/0 6 ==== mon_command_ack([{"prefix": "get_command_descriptions"}]=0 v0) ==== 72+0+195034 (secure 0 0 0) 0x7f613c048210 con 0x7f614807bad0
2026-03-09T14:05:17.097 INFO:teuthology.orchestra.run.vm00.stdout:/usr/bin/ceph: stderr
2026-03-09T14:05:16.960+0000 7f614d37c640 1 -- 192.168.123.100:0/1216997586 --> [v2:192.168.123.100:3300/0,v1:192.168.123.100:6789/0] -- mon_command({"prefix": "mgr module enable", "module": "cephadm"} v 0) -- 0x7f61481a3120 con 0x7f614807bad0
2026-03-09T14:05:17.097 INFO:teuthology.orchestra.run.vm00.stdout:/usr/bin/ceph: stderr
2026-03-09T14:05:17.028+0000 7f612bfff640 1 -- 192.168.123.100:0/1216997586 <== mon.0 v2:192.168.123.100:3300/0 7 ==== mon_command_ack([{"prefix": "mgr module enable", "module": "cephadm"}]=0 v4) ==== 86+0+0 (secure 0 0 0) 0x7f613c02fcf0 con 0x7f614807bad0
2026-03-09T14:05:17.097 INFO:teuthology.orchestra.run.vm00.stdout:/usr/bin/ceph: stderr
2026-03-09T14:05:17.032+0000 7f612bfff640 1 -- 192.168.123.100:0/1216997586 <== mon.0 v2:192.168.123.100:3300/0 8 ==== mgrmap(e 4) ==== 50247+0+0 (secure 0 0 0) 0x7f613c04d430 con 0x7f614807bad0
2026-03-09T14:05:17.097 INFO:teuthology.orchestra.run.vm00.stdout:/usr/bin/ceph: stderr
2026-03-09T14:05:17.048+0000 7f614d37c640 1 -- 192.168.123.100:0/1216997586 >> [v2:192.168.123.100:6800/823844242,v1:192.168.123.100:6801/823844242] conn(0x7f611003db20 msgr2=0x7f611003ffe0 secure :-1 s=STATE_CONNECTION_ESTABLISHED l=1).mark_down
2026-03-09T14:05:17.097 INFO:teuthology.orchestra.run.vm00.stdout:/usr/bin/ceph: stderr
2026-03-09T14:05:17.048+0000 7f614d37c640 1 --2- 192.168.123.100:0/1216997586 >> [v2:192.168.123.100:6800/823844242,v1:192.168.123.100:6801/823844242] conn(0x7f611003db20 0x7f611003ffe0 secure :-1 s=READY pgs=8 cs=0 l=1 rev1=1 crypto rx=0x7f61340099c0 tx=0x7f6134006eb0 comp rx=0 tx=0).stop
2026-03-09T14:05:17.097 INFO:teuthology.orchestra.run.vm00.stdout:/usr/bin/ceph: stderr
2026-03-09T14:05:17.048+0000 7f614d37c640 1 -- 192.168.123.100:0/1216997586 >> [v2:192.168.123.100:3300/0,v1:192.168.123.100:6789/0] conn(0x7f614807bad0 msgr2=0x7f614819f7e0 secure :-1 s=STATE_CONNECTION_ESTABLISHED l=1).mark_down
2026-03-09T14:05:17.097 INFO:teuthology.orchestra.run.vm00.stdout:/usr/bin/ceph: stderr
2026-03-09T14:05:17.048+0000 7f614d37c640 1 --2- 192.168.123.100:0/1216997586 >> [v2:192.168.123.100:3300/0,v1:192.168.123.100:6789/0] conn(0x7f614807bad0 0x7f614819f7e0 secure :-1 s=READY pgs=21 cs=0 l=1 rev1=1 crypto rx=0x7f613c035e60 tx=0x7f613c035e90 comp rx=0 tx=0).stop
2026-03-09T14:05:17.097 INFO:teuthology.orchestra.run.vm00.stdout:/usr/bin/ceph: stderr
2026-03-09T14:05:17.048+0000 7f614d37c640 1 -- 192.168.123.100:0/1216997586 shutdown_connections
2026-03-09T14:05:17.097 INFO:teuthology.orchestra.run.vm00.stdout:/usr/bin/ceph: stderr
2026-03-09T14:05:17.048+0000 7f614d37c640 1 --2- 192.168.123.100:0/1216997586 >> [v2:192.168.123.100:6800/823844242,v1:192.168.123.100:6801/823844242] conn(0x7f611003db20 0x7f611003ffe0 unknown :-1 s=CLOSED pgs=8 cs=0 l=1 rev1=1 crypto rx=0 tx=0 comp rx=0 tx=0).stop
2026-03-09T14:05:17.097 INFO:teuthology.orchestra.run.vm00.stdout:/usr/bin/ceph: stderr
2026-03-09T14:05:17.048+0000 7f614d37c640 1 --2- 192.168.123.100:0/1216997586 >> [v2:192.168.123.100:3300/0,v1:192.168.123.100:6789/0] conn(0x7f614807bad0 0x7f614819f7e0 unknown :-1 s=CLOSED pgs=21 cs=0 l=1 rev1=1 crypto rx=0 tx=0 comp rx=0 tx=0).stop
2026-03-09T14:05:17.097 INFO:teuthology.orchestra.run.vm00.stdout:/usr/bin/ceph: stderr
2026-03-09T14:05:17.048+0000 7f614d37c640 1 -- 192.168.123.100:0/1216997586 >> 192.168.123.100:0/1216997586 conn(0x7f6148101e20 msgr2=0x7f6148102940 unknown :-1 s=STATE_NONE l=0).mark_down
2026-03-09T14:05:17.097 INFO:teuthology.orchestra.run.vm00.stdout:/usr/bin/ceph: stderr
2026-03-09T14:05:17.048+0000 7f614d37c640 1 -- 192.168.123.100:0/1216997586 shutdown_connections
2026-03-09T14:05:17.097 INFO:teuthology.orchestra.run.vm00.stdout:/usr/bin/ceph: stderr
2026-03-09T14:05:17.048+0000 7f614d37c640 1 -- 192.168.123.100:0/1216997586 wait complete.
2026-03-09T14:05:17.340 INFO:journalctl@ceph.mon.a.vm00.stdout:Mar 09 14:05:17 vm00 bash[20879]: cluster
2026-03-09T14:05:16.029301+0000 mon.a (mon.0) 28 : cluster [DBG] mgrmap e3: x(active, since 1.00951s)
2026-03-09T14:05:17.340 INFO:journalctl@ceph.mon.a.vm00.stdout:Mar 09 14:05:17 vm00 bash[20879]: cluster
2026-03-09T14:05:16.029301+0000 mon.a (mon.0) 28 : cluster [DBG] mgrmap e3: x(active, since 1.00951s)
2026-03-09T14:05:17.340 INFO:journalctl@ceph.mon.a.vm00.stdout:Mar 09 14:05:17 vm00 bash[20879]: audit
2026-03-09T14:05:16.424720+0000 mon.a (mon.0) 29 : audit [DBG] from='client.? 192.168.123.100:0/3526884623' entity='client.admin' cmd=[{"prefix": "status", "format": "json-pretty"}]: dispatch
2026-03-09T14:05:17.340 INFO:journalctl@ceph.mon.a.vm00.stdout:Mar 09 14:05:17 vm00 bash[20879]: audit
2026-03-09T14:05:16.424720+0000 mon.a (mon.0) 29 : audit [DBG] from='client.? 192.168.123.100:0/3526884623' entity='client.admin' cmd=[{"prefix": "status", "format": "json-pretty"}]: dispatch
2026-03-09T14:05:17.340 INFO:journalctl@ceph.mon.a.vm00.stdout:Mar 09 14:05:17 vm00 bash[20879]: audit
2026-03-09T14:05:16.687965+0000 mon.a (mon.0) 30 : audit [INF] from='client.? 192.168.123.100:0/2922760161' entity='client.admin' cmd=[{"prefix": "config assimilate-conf"}]: dispatch
2026-03-09T14:05:17.340 INFO:journalctl@ceph.mon.a.vm00.stdout:Mar 09 14:05:17 vm00 bash[20879]: audit
2026-03-09T14:05:16.687965+0000 mon.a (mon.0) 30 : audit [INF] from='client.? 192.168.123.100:0/2922760161' entity='client.admin' cmd=[{"prefix": "config assimilate-conf"}]: dispatch
2026-03-09T14:05:17.340 INFO:journalctl@ceph.mon.a.vm00.stdout:Mar 09 14:05:17 vm00 bash[20879]: audit
2026-03-09T14:05:16.965099+0000 mon.a (mon.0) 31 : audit [INF] from='client.? 192.168.123.100:0/1216997586' entity='client.admin' cmd=[{"prefix": "mgr module enable", "module": "cephadm"}]: dispatch
2026-03-09T14:05:17.340 INFO:journalctl@ceph.mon.a.vm00.stdout:Mar 09 14:05:17 vm00 bash[20879]: audit
2026-03-09T14:05:16.965099+0000 mon.a (mon.0) 31 : audit [INF] from='client.? 192.168.123.100:0/1216997586' entity='client.admin' cmd=[{"prefix": "mgr module enable", "module": "cephadm"}]: dispatch
2026-03-09T14:05:17.341 INFO:journalctl@ceph.mgr.x.vm00.stdout:Mar 09 14:05:17 vm00 bash[21148]: ignoring --setuser ceph since I am not root
2026-03-09T14:05:17.341 INFO:journalctl@ceph.mgr.x.vm00.stdout:Mar 09 14:05:17 vm00 bash[21148]: ignoring --setgroup ceph since I am not root
2026-03-09T14:05:17.341 INFO:journalctl@ceph.mgr.x.vm00.stdout:Mar 09 14:05:17 vm00 bash[21148]: debug
2026-03-09T14:05:17.168+0000 7f82921cb140 -1 mgr[py] Module status has missing NOTIFY_TYPES member
2026-03-09T14:05:17.341 INFO:journalctl@ceph.mgr.x.vm00.stdout:Mar 09 14:05:17 vm00 bash[21148]: debug
2026-03-09T14:05:17.216+0000 7f82921cb140 -1 mgr[py] Module osd_support has missing NOTIFY_TYPES member
2026-03-09T14:05:17.441 INFO:teuthology.orchestra.run.vm00.stdout:/usr/bin/ceph: stdout {
2026-03-09T14:05:17.441 INFO:teuthology.orchestra.run.vm00.stdout:/usr/bin/ceph: stdout "epoch": 4,
2026-03-09T14:05:17.441 INFO:teuthology.orchestra.run.vm00.stdout:/usr/bin/ceph: stdout "available": true,
2026-03-09T14:05:17.441 INFO:teuthology.orchestra.run.vm00.stdout:/usr/bin/ceph: stdout "active_name": "x",
2026-03-09T14:05:17.441 INFO:teuthology.orchestra.run.vm00.stdout:/usr/bin/ceph: stdout "num_standby": 0
2026-03-09T14:05:17.441 INFO:teuthology.orchestra.run.vm00.stdout:/usr/bin/ceph: stdout }
2026-03-09T14:05:17.441 INFO:teuthology.orchestra.run.vm00.stdout:/usr/bin/ceph: stderr
2026-03-09T14:05:17.240+0000 7f29dd383640 1 Processor -- start
2026-03-09T14:05:17.441 INFO:teuthology.orchestra.run.vm00.stdout:/usr/bin/ceph: stderr
2026-03-09T14:05:17.240+0000 7f29dd383640 1 -- start start
2026-03-09T14:05:17.441 INFO:teuthology.orchestra.run.vm00.stdout:/usr/bin/ceph: stderr
2026-03-09T14:05:17.240+0000 7f29dd383640 1 --2- >> [v2:192.168.123.100:3300/0,v1:192.168.123.100:6789/0] conn(0x7f29d80737a0 0x7f29d8073ba0 unknown :-1 s=NONE pgs=0 cs=0 l=0 rev1=0 crypto rx=0 tx=0 comp rx=0 tx=0).connect
2026-03-09T14:05:17.441 INFO:teuthology.orchestra.run.vm00.stdout:/usr/bin/ceph: stderr
2026-03-09T14:05:17.240+0000 7f29dd383640 1 -- --> [v2:192.168.123.100:3300/0,v1:192.168.123.100:6789/0] -- mon_getmap magic: 0 -- 0x7f29d8074170 con 0x7f29d80737a0
2026-03-09T14:05:17.441 INFO:teuthology.orchestra.run.vm00.stdout:/usr/bin/ceph: stderr
2026-03-09T14:05:17.240+0000 7f29d6ffd640 1 --2- >> [v2:192.168.123.100:3300/0,v1:192.168.123.100:6789/0] conn(0x7f29d80737a0 0x7f29d8073ba0 unknown :-1 s=BANNER_CONNECTING pgs=0 cs=0 l=0 rev1=0 crypto rx=0 tx=0 comp rx=0 tx=0)._handle_peer_banner_payload supported=3 required=0
2026-03-09T14:05:17.441 INFO:teuthology.orchestra.run.vm00.stdout:/usr/bin/ceph: stderr
2026-03-09T14:05:17.240+0000 7f29d6ffd640 1 --2- >> [v2:192.168.123.100:3300/0,v1:192.168.123.100:6789/0] conn(0x7f29d80737a0 0x7f29d8073ba0 unknown :-1 s=HELLO_CONNECTING pgs=0 cs=0 l=0 rev1=1 crypto rx=0 tx=0 comp rx=0 tx=0).handle_hello peer v2:192.168.123.100:3300/0 says I am v2:192.168.123.100:45648/0 (socket says 192.168.123.100:45648)
2026-03-09T14:05:17.442 INFO:teuthology.orchestra.run.vm00.stdout:/usr/bin/ceph: stderr
2026-03-09T14:05:17.240+0000 7f29d6ffd640 1 -- 192.168.123.100:0/1585121872 learned_addr learned my addr 192.168.123.100:0/1585121872 (peer_addr_for_me v2:192.168.123.100:0/0)
2026-03-09T14:05:17.442 INFO:teuthology.orchestra.run.vm00.stdout:/usr/bin/ceph: stderr
2026-03-09T14:05:17.240+0000 7f29d6ffd640 1 -- 192.168.123.100:0/1585121872 --> [v2:192.168.123.100:3300/0,v1:192.168.123.100:6789/0] -- mon_subscribe({config=0+,monmap=0+}) -- 0x7f29d80742f0 con 0x7f29d80737a0
2026-03-09T14:05:17.442 INFO:teuthology.orchestra.run.vm00.stdout:/usr/bin/ceph: stderr
2026-03-09T14:05:17.240+0000 7f29d6ffd640 1 --2- 192.168.123.100:0/1585121872 >> [v2:192.168.123.100:3300/0,v1:192.168.123.100:6789/0] conn(0x7f29d80737a0 0x7f29d8073ba0 secure :-1 s=READY pgs=24 cs=0 l=1 rev1=1 crypto rx=0x7f29c80089a0 tx=0x7f29c8031440 comp rx=0 tx=0).ready entity=mon.0 client_cookie=6f6df32d793a4e32 server_cookie=0 in_seq=0 out_seq=0
2026-03-09T14:05:17.442 INFO:teuthology.orchestra.run.vm00.stdout:/usr/bin/ceph: stderr
2026-03-09T14:05:17.240+0000 7f29d5ffb640 1 -- 192.168.123.100:0/1585121872 <== mon.0 v2:192.168.123.100:3300/0 1 ==== mon_map magic: 0 ==== 205+0+0 (secure 0 0 0) 0x7f29c803c480 con 0x7f29d80737a0
2026-03-09T14:05:17.442 INFO:teuthology.orchestra.run.vm00.stdout:/usr/bin/ceph: stderr
2026-03-09T14:05:17.240+0000 7f29d5ffb640 1 -- 192.168.123.100:0/1585121872 <== mon.0 v2:192.168.123.100:3300/0 2 ==== config(25 keys) ==== 1007+0+0 (secure 0 0 0) 0x7f29c803ca70 con 0x7f29d80737a0
2026-03-09T14:05:17.442 INFO:teuthology.orchestra.run.vm00.stdout:/usr/bin/ceph: stderr
2026-03-09T14:05:17.240+0000 7f29d5ffb640 1 -- 192.168.123.100:0/1585121872 <== mon.0 v2:192.168.123.100:3300/0 3 ==== mon_map magic: 0 ==== 205+0+0 (secure 0 0 0) 0x7f29c803ba00 con 0x7f29d80737a0
2026-03-09T14:05:17.442 INFO:teuthology.orchestra.run.vm00.stdout:/usr/bin/ceph: stderr
2026-03-09T14:05:17.240+0000 7f29dd383640 1 -- 192.168.123.100:0/1585121872 >> [v2:192.168.123.100:3300/0,v1:192.168.123.100:6789/0] conn(0x7f29d80737a0 msgr2=0x7f29d8073ba0 secure :-1 s=STATE_CONNECTION_ESTABLISHED l=1).mark_down
2026-03-09T14:05:17.442 INFO:teuthology.orchestra.run.vm00.stdout:/usr/bin/ceph: stderr
2026-03-09T14:05:17.240+0000 7f29dd383640 1 --2- 192.168.123.100:0/1585121872 >> [v2:192.168.123.100:3300/0,v1:192.168.123.100:6789/0] conn(0x7f29d80737a0 0x7f29d8073ba0 secure :-1 s=READY pgs=24 cs=0 l=1 rev1=1 crypto rx=0x7f29c80089a0 tx=0x7f29c8031440 comp rx=0 tx=0).stop
2026-03-09T14:05:17.442 INFO:teuthology.orchestra.run.vm00.stdout:/usr/bin/ceph: stderr
2026-03-09T14:05:17.240+0000 7f29dd383640 1 -- 192.168.123.100:0/1585121872 shutdown_connections
2026-03-09T14:05:17.442 INFO:teuthology.orchestra.run.vm00.stdout:/usr/bin/ceph: stderr
2026-03-09T14:05:17.240+0000 7f29dd383640 1 --2- 192.168.123.100:0/1585121872 >> [v2:192.168.123.100:3300/0,v1:192.168.123.100:6789/0] conn(0x7f29d80737a0 0x7f29d8073ba0 unknown :-1 s=CLOSED pgs=24 cs=0 l=1 rev1=1 crypto rx=0 tx=0 comp rx=0 tx=0).stop
2026-03-09T14:05:17.442 INFO:teuthology.orchestra.run.vm00.stdout:/usr/bin/ceph: stderr
2026-03-09T14:05:17.240+0000 7f29dd383640 1 -- 192.168.123.100:0/1585121872 >> 192.168.123.100:0/1585121872 conn(0x7f29d806ede0 msgr2=0x7f29d8071260 unknown :-1 s=STATE_NONE l=0).mark_down
2026-03-09T14:05:17.442 INFO:teuthology.orchestra.run.vm00.stdout:/usr/bin/ceph: stderr
2026-03-09T14:05:17.240+0000 7f29dd383640 1 -- 192.168.123.100:0/1585121872 shutdown_connections
2026-03-09T14:05:17.442 INFO:teuthology.orchestra.run.vm00.stdout:/usr/bin/ceph: stderr
2026-03-09T14:05:17.240+0000 7f29dd383640 1 -- 192.168.123.100:0/1585121872 wait complete.
2026-03-09T14:05:17.442 INFO:teuthology.orchestra.run.vm00.stdout:/usr/bin/ceph: stderr
2026-03-09T14:05:17.240+0000 7f29dd383640 1 Processor -- start
2026-03-09T14:05:17.442 INFO:teuthology.orchestra.run.vm00.stdout:/usr/bin/ceph: stderr
2026-03-09T14:05:17.244+0000 7f29dd383640 1 -- start start
2026-03-09T14:05:17.442 INFO:teuthology.orchestra.run.vm00.stdout:/usr/bin/ceph: stderr
2026-03-09T14:05:17.244+0000 7f29dd383640 1 --2- >> [v2:192.168.123.100:3300/0,v1:192.168.123.100:6789/0] conn(0x7f29d80737a0 0x7f29d81ac540 unknown :-1 s=NONE pgs=0 cs=0 l=1 rev1=0 crypto rx=0 tx=0 comp rx=0 tx=0).connect
2026-03-09T14:05:17.442 INFO:teuthology.orchestra.run.vm00.stdout:/usr/bin/ceph: stderr
2026-03-09T14:05:17.244+0000 7f29d6ffd640 1 --2- >> [v2:192.168.123.100:3300/0,v1:192.168.123.100:6789/0] conn(0x7f29d80737a0 0x7f29d81ac540 unknown :-1 s=BANNER_CONNECTING pgs=0 cs=0 l=1 rev1=0 crypto rx=0 tx=0 comp rx=0 tx=0)._handle_peer_banner_payload supported=3 required=0
2026-03-09T14:05:17.442 INFO:teuthology.orchestra.run.vm00.stdout:/usr/bin/ceph: stderr
2026-03-09T14:05:17.244+0000 7f29d6ffd640 1 --2- >> [v2:192.168.123.100:3300/0,v1:192.168.123.100:6789/0] conn(0x7f29d80737a0 0x7f29d81ac540 unknown :-1 s=HELLO_CONNECTING pgs=0 cs=0 l=1 rev1=1 crypto rx=0 tx=0 comp rx=0 tx=0).handle_hello peer v2:192.168.123.100:3300/0 says I am v2:192.168.123.100:45664/0 (socket says 192.168.123.100:45664)
2026-03-09T14:05:17.442 INFO:teuthology.orchestra.run.vm00.stdout:/usr/bin/ceph: stderr
2026-03-09T14:05:17.244+0000 7f29dd383640 1 -- --> [v2:192.168.123.100:3300/0,v1:192.168.123.100:6789/0] -- mon_getmap magic: 0 -- 0x7f29d8111ff0 con 0x7f29d80737a0
2026-03-09T14:05:17.442 INFO:teuthology.orchestra.run.vm00.stdout:/usr/bin/ceph: stderr
2026-03-09T14:05:17.244+0000 7f29d6ffd640 1 -- 192.168.123.100:0/595545081 learned_addr learned my addr 192.168.123.100:0/595545081 (peer_addr_for_me v2:192.168.123.100:0/0)
2026-03-09T14:05:17.442 INFO:teuthology.orchestra.run.vm00.stdout:/usr/bin/ceph: stderr
2026-03-09T14:05:17.244+0000 7f29d6ffd640 1 -- 192.168.123.100:0/595545081 --> [v2:192.168.123.100:3300/0,v1:192.168.123.100:6789/0] -- mon_subscribe({config=0+,monmap=0+}) -- 0x7f29d81aca80 con 0x7f29d80737a0
2026-03-09T14:05:17.442 INFO:teuthology.orchestra.run.vm00.stdout:/usr/bin/ceph: stderr
2026-03-09T14:05:17.244+0000 7f29d6ffd640 1 --2- 192.168.123.100:0/595545081 >> [v2:192.168.123.100:3300/0,v1:192.168.123.100:6789/0] conn(0x7f29d80737a0 0x7f29d81ac540 secure :-1 s=READY pgs=25 cs=0 l=1 rev1=1 crypto rx=0x7f29c8031f50 tx=0x7f29c803cf90 comp rx=0 tx=0).ready entity=mon.0 client_cookie=0 server_cookie=0 in_seq=0 out_seq=0
2026-03-09T14:05:17.442 INFO:teuthology.orchestra.run.vm00.stdout:/usr/bin/ceph: stderr
2026-03-09T14:05:17.244+0000 7f29b7fff640 1 -- 192.168.123.100:0/595545081 <== mon.0 v2:192.168.123.100:3300/0 1 ==== mon_map magic: 0 ==== 205+0+0 (secure 0 0 0) 0x7f29c8042070 con 0x7f29d80737a0
2026-03-09T14:05:17.442 INFO:teuthology.orchestra.run.vm00.stdout:/usr/bin/ceph: stderr
2026-03-09T14:05:17.244+0000 7f29b7fff640 1 -- 192.168.123.100:0/595545081 <== mon.0 v2:192.168.123.100:3300/0 2 ==== config(25 keys) ==== 1007+0+0 (secure 0 0 0) 0x7f29c803c480 con 0x7f29d80737a0
