2026-03-09T15:48:24.282+0000 7f99b37fe640 1 -- 192.168.123.101:0/467313273 <== mon.0 v2:192.168.123.101:3300/0 1 ==== mon_map magic: 0 ==== 205+0+0 (secure 0 0 0) 0x7f99bc047070 con 0x7f99cc108860
2026-03-09T15:48:24.468 INFO:teuthology.orchestra.run.vm01.stdout:/usr/bin/ceph: stderr
2026-03-09T15:48:24.282+0000 7f99b37fe640 1 -- 192.168.123.101:0/467313273 <== mon.0 v2:192.168.123.101:3300/0 2 ==== config(23 keys) ==== 978+0+0 (secure 0 0 0) 0x7f99bc035dc0 con 0x7f99cc108860
2026-03-09T15:48:24.469 INFO:teuthology.orchestra.run.vm01.stdout:/usr/bin/ceph: stderr
2026-03-09T15:48:24.282+0000 7f99b37fe640 1 -- 192.168.123.101:0/467313273 <== mon.0 v2:192.168.123.101:3300/0 3 ==== mon_map magic: 0 ==== 205+0+0 (secure 0 0 0) 0x7f99bc03c070 con 0x7f99cc108860
2026-03-09T15:48:24.469 INFO:teuthology.orchestra.run.vm01.stdout:/usr/bin/ceph: stderr
2026-03-09T15:48:24.282+0000 7f99d4615640 1 -- 192.168.123.101:0/467313273 --> [v2:192.168.123.101:3300/0,v1:192.168.123.101:6789/0] -- mon_subscribe({mgrmap=0+}) -- 0x7f99cc19ede0 con 0x7f99cc108860
2026-03-09T15:48:24.469 INFO:teuthology.orchestra.run.vm01.stdout:/usr/bin/ceph: stderr
2026-03-09T15:48:24.282+0000 7f99d4615640 1 -- 192.168.123.101:0/467313273 --> [v2:192.168.123.101:3300/0,v1:192.168.123.101:6789/0] -- mon_subscribe({osdmap=0}) -- 0x7f99cc1a1ad0 con 0x7f99cc108860
2026-03-09T15:48:24.469 INFO:teuthology.orchestra.run.vm01.stdout:/usr/bin/ceph: stderr
2026-03-09T15:48:24.282+0000 7f99d4615640 1 -- 192.168.123.101:0/467313273 --> [v2:192.168.123.101:3300/0,v1:192.168.123.101:6789/0] -- mon_command({"prefix": "get_command_descriptions"} v 0) -- 0x7f9994005180 con 0x7f99cc108860
2026-03-09T15:48:24.469 INFO:teuthology.orchestra.run.vm01.stdout:/usr/bin/ceph: stderr
2026-03-09T15:48:24.286+0000 7f99b37fe640 1 -- 192.168.123.101:0/467313273 <== mon.0 v2:192.168.123.101:3300/0 4 ==== mgrmap(e 10) ==== 50154+0+0 (secure 0 0 0) 0x7f99bc054080 con 0x7f99cc108860
2026-03-09T15:48:24.469 INFO:teuthology.orchestra.run.vm01.stdout:/usr/bin/ceph: stderr
2026-03-09T15:48:24.286+0000 7f99b37fe640 1 --2- 192.168.123.101:0/467313273 >> [v2:192.168.123.101:6800/1421049061,v1:192.168.123.101:6801/1421049061] conn(0x7f99a803dbc0 0x7f99a8040080 unknown :-1 s=NONE pgs=0 cs=0 l=1 rev1=0 crypto rx=0 tx=0 comp rx=0 tx=0).connect
2026-03-09T15:48:24.469 INFO:teuthology.orchestra.run.vm01.stdout:/usr/bin/ceph: stderr
2026-03-09T15:48:24.286+0000 7f99b37fe640 1 -- 192.168.123.101:0/467313273 <== mon.0 v2:192.168.123.101:3300/0 5 ==== osd_map(3..3 src has 1..3) ==== 1155+0+0 (secure 0 0 0) 0x7f99bc077620 con 0x7f99cc108860
2026-03-09T15:48:24.469 INFO:teuthology.orchestra.run.vm01.stdout:/usr/bin/ceph: stderr
2026-03-09T15:48:24.286+0000 7f99b37fe640 1 -- 192.168.123.101:0/467313273 <== mon.0 v2:192.168.123.101:3300/0 6 ==== mon_command_ack([{"prefix": "get_command_descriptions"}]=0 v0) ==== 72+0+195034 (secure 0 0 0) 0x7f99bc077ae0 con 0x7f99cc108860
2026-03-09T15:48:24.469 INFO:teuthology.orchestra.run.vm01.stdout:/usr/bin/ceph: stderr
2026-03-09T15:48:24.286+0000 7f99d1b89640 1 --2- 192.168.123.101:0/467313273 >> [v2:192.168.123.101:6800/1421049061,v1:192.168.123.101:6801/1421049061] conn(0x7f99a803dbc0 0x7f99a8040080 unknown :-1 s=BANNER_CONNECTING pgs=0 cs=0 l=1 rev1=0 crypto rx=0 tx=0 comp rx=0 tx=0)._handle_peer_banner_payload supported=3 required=0
2026-03-09T15:48:24.469 INFO:teuthology.orchestra.run.vm01.stdout:/usr/bin/ceph: stderr
2026-03-09T15:48:24.286+0000 7f99d1b89640 1 --2- 192.168.123.101:0/467313273 >> [v2:192.168.123.101:6800/1421049061,v1:192.168.123.101:6801/1421049061] conn(0x7f99a803dbc0 0x7f99a8040080 secure :-1 s=READY pgs=7 cs=0 l=1 rev1=1 crypto rx=0x7f99c0009a10 tx=0x7f99c0006eb0 comp rx=0 tx=0).ready entity=mgr.14150 client_cookie=0 server_cookie=0 in_seq=0 out_seq=0
2026-03-09T15:48:24.469 INFO:teuthology.orchestra.run.vm01.stdout:/usr/bin/ceph: stderr
2026-03-09T15:48:24.382+0000 7f99d4615640 1 -- 192.168.123.101:0/467313273 --> [v2:192.168.123.101:6800/1421049061,v1:192.168.123.101:6801/1421049061] -- mgr_command(tid 0: {"prefix": "dashboard create-self-signed-cert", "target": ["mon-mgr", ""]}) -- 0x7f9994002bf0 con 0x7f99a803dbc0
2026-03-09T15:48:24.469 INFO:teuthology.orchestra.run.vm01.stdout:/usr/bin/ceph: stderr
2026-03-09T15:48:24.418+0000 7f99b37fe640 1 -- 192.168.123.101:0/467313273 <== mgr.14150 v2:192.168.123.101:6800/1421049061 1 ==== mgr_command_reply(tid 0: 0 ) ==== 8+0+32 (secure 0 0 0) 0x7f9994002bf0 con 0x7f99a803dbc0
2026-03-09T15:48:24.469 INFO:teuthology.orchestra.run.vm01.stdout:/usr/bin/ceph: stderr
2026-03-09T15:48:24.418+0000 7f99d4615640 1 -- 192.168.123.101:0/467313273 >> [v2:192.168.123.101:6800/1421049061,v1:192.168.123.101:6801/1421049061] conn(0x7f99a803dbc0 msgr2=0x7f99a8040080 secure :-1 s=STATE_CONNECTION_ESTABLISHED l=1).mark_down
2026-03-09T15:48:24.469 INFO:teuthology.orchestra.run.vm01.stdout:/usr/bin/ceph: stderr
2026-03-09T15:48:24.418+0000 7f99d4615640 1 --2- 192.168.123.101:0/467313273 >> [v2:192.168.123.101:6800/1421049061,v1:192.168.123.101:6801/1421049061] conn(0x7f99a803dbc0 0x7f99a8040080 secure :-1 s=READY pgs=7 cs=0 l=1 rev1=1 crypto rx=0x7f99c0009a10 tx=0x7f99c0006eb0 comp rx=0 tx=0).stop
2026-03-09T15:48:24.469 INFO:teuthology.orchestra.run.vm01.stdout:/usr/bin/ceph: stderr
2026-03-09T15:48:24.418+0000 7f99d4615640 1 -- 192.168.123.101:0/467313273 >> [v2:192.168.123.101:3300/0,v1:192.168.123.101:6789/0] conn(0x7f99cc108860 msgr2=0x7f99cc19e610 secure :-1 s=STATE_CONNECTION_ESTABLISHED l=1).mark_down
2026-03-09T15:48:24.469 INFO:teuthology.orchestra.run.vm01.stdout:/usr/bin/ceph: stderr
2026-03-09T15:48:24.418+0000 7f99d4615640 1 --2- 192.168.123.101:0/467313273 >> [v2:192.168.123.101:3300/0,v1:192.168.123.101:6789/0] conn(0x7f99cc108860 0x7f99cc19e610 secure :-1 s=READY pgs=69 cs=0 l=1 rev1=1 crypto rx=0x7f99bc009a50 tx=0x7f99bc037b00 comp rx=0 tx=0).stop
2026-03-09T15:48:24.469 INFO:teuthology.orchestra.run.vm01.stdout:/usr/bin/ceph: stderr
2026-03-09T15:48:24.418+0000 7f99d4615640 1 -- 192.168.123.101:0/467313273 shutdown_connections
2026-03-09T15:48:24.469 INFO:teuthology.orchestra.run.vm01.stdout:/usr/bin/ceph: stderr
2026-03-09T15:48:24.418+0000 7f99d4615640 1 --2- 192.168.123.101:0/467313273 >> [v2:192.168.123.101:6800/1421049061,v1:192.168.123.101:6801/1421049061] conn(0x7f99a803dbc0 0x7f99a8040080 unknown :-1 s=CLOSED pgs=7 cs=0 l=1 rev1=1 crypto rx=0 tx=0 comp rx=0 tx=0).stop
2026-03-09T15:48:24.469 INFO:teuthology.orchestra.run.vm01.stdout:/usr/bin/ceph: stderr
2026-03-09T15:48:24.418+0000 7f99d4615640 1 --2- 192.168.123.101:0/467313273 >> [v2:192.168.123.101:3300/0,v1:192.168.123.101:6789/0] conn(0x7f99cc108860 0x7f99cc19e610 unknown :-1 s=CLOSED pgs=69 cs=0 l=1 rev1=1 crypto rx=0 tx=0 comp rx=0 tx=0).stop
2026-03-09T15:48:24.469 INFO:teuthology.orchestra.run.vm01.stdout:/usr/bin/ceph: stderr
2026-03-09T15:48:24.418+0000 7f99d4615640 1 -- 192.168.123.101:0/467313273 >> 192.168.123.101:0/467313273 conn(0x7f99cc07bda0 msgr2=0x7f99cc105ef0 unknown :-1 s=STATE_NONE l=0).mark_down
2026-03-09T15:48:24.469 INFO:teuthology.orchestra.run.vm01.stdout:/usr/bin/ceph: stderr
2026-03-09T15:48:24.422+0000 7f99d4615640 1 -- 192.168.123.101:0/467313273 shutdown_connections
2026-03-09T15:48:24.469 INFO:teuthology.orchestra.run.vm01.stdout:/usr/bin/ceph: stderr
2026-03-09T15:48:24.422+0000 7f99d4615640 1 -- 192.168.123.101:0/467313273 wait complete.
2026-03-09T15:48:24.469 INFO:teuthology.orchestra.run.vm01.stdout:Creating initial admin user...
2026-03-09T15:48:24.916 INFO:teuthology.orchestra.run.vm01.stdout:/usr/bin/ceph: stdout {"username": "admin", "password": "$2b$12$fXcVvHo824Lq3JnTVMLY8ujNysrt.K2iUNSRXScCfJhU0UXqfnwCG", "roles": ["administrator"], "name": null, "email": null, "lastUpdate": 1773071304, "enabled": true, "pwdExpirationDate": null, "pwdUpdateRequired": true}
2026-03-09T15:48:24.916 INFO:teuthology.orchestra.run.vm01.stdout:/usr/bin/ceph: stderr
2026-03-09T15:48:24.594+0000 7f53454e1640 1 Processor -- start
2026-03-09T15:48:24.916 INFO:teuthology.orchestra.run.vm01.stdout:/usr/bin/ceph: stderr
2026-03-09T15:48:24.594+0000 7f53454e1640 1 -- start start
2026-03-09T15:48:24.916 INFO:teuthology.orchestra.run.vm01.stdout:/usr/bin/ceph: stderr
2026-03-09T15:48:24.594+0000 7f53454e1640 1 --2- >> [v2:192.168.123.101:3300/0,v1:192.168.123.101:6789/0] conn(0x7f5340108830 0x7f5340108c30 unknown :-1 s=NONE pgs=0 cs=0 l=0 rev1=0 crypto rx=0 tx=0 comp rx=0 tx=0).connect
2026-03-09T15:48:24.916 INFO:teuthology.orchestra.run.vm01.stdout:/usr/bin/ceph: stderr
2026-03-09T15:48:24.594+0000 7f53454e1640 1 -- --> [v2:192.168.123.101:3300/0,v1:192.168.123.101:6789/0] -- mon_getmap magic: 0 -- 0x7f5340109200 con 0x7f5340108830
2026-03-09T15:48:24.916 INFO:teuthology.orchestra.run.vm01.stdout:/usr/bin/ceph: stderr
2026-03-09T15:48:24.594+0000 7f533effd640 1 --2- >> [v2:192.168.123.101:3300/0,v1:192.168.123.101:6789/0] conn(0x7f5340108830 0x7f5340108c30 unknown :-1 s=BANNER_CONNECTING pgs=0 cs=0 l=0 rev1=0 crypto rx=0 tx=0 comp rx=0 tx=0)._handle_peer_banner_payload supported=3 required=0
2026-03-09T15:48:24.916 INFO:teuthology.orchestra.run.vm01.stdout:/usr/bin/ceph: stderr
2026-03-09T15:48:24.594+0000 7f533effd640 1 --2- >> [v2:192.168.123.101:3300/0,v1:192.168.123.101:6789/0] conn(0x7f5340108830 0x7f5340108c30 unknown :-1 s=HELLO_CONNECTING pgs=0 cs=0 l=0 rev1=1 crypto rx=0 tx=0 comp rx=0 tx=0).handle_hello peer v2:192.168.123.101:3300/0 says I am v2:192.168.123.101:38432/0 (socket says 192.168.123.101:38432)
2026-03-09T15:48:24.916 INFO:teuthology.orchestra.run.vm01.stdout:/usr/bin/ceph: stderr
2026-03-09T15:48:24.594+0000 7f533effd640 1 -- 192.168.123.101:0/1592194472 learned_addr learned my addr 192.168.123.101:0/1592194472 (peer_addr_for_me v2:192.168.123.101:0/0)
2026-03-09T15:48:24.916 INFO:teuthology.orchestra.run.vm01.stdout:/usr/bin/ceph: stderr
2026-03-09T15:48:24.594+0000 7f533effd640 1 -- 192.168.123.101:0/1592194472 --> [v2:192.168.123.101:3300/0,v1:192.168.123.101:6789/0] -- mon_subscribe({config=0+,monmap=0+}) -- 0x7f5340109a30 con 0x7f5340108830
2026-03-09T15:48:24.916 INFO:teuthology.orchestra.run.vm01.stdout:/usr/bin/ceph: stderr
2026-03-09T15:48:24.598+0000 7f533effd640 1 --2- 192.168.123.101:0/1592194472 >> [v2:192.168.123.101:3300/0,v1:192.168.123.101:6789/0] conn(0x7f5340108830 0x7f5340108c30 secure :-1 s=READY pgs=70 cs=0 l=1 rev1=1 crypto rx=0x7f5334009920 tx=0x7f533402ef20 comp rx=0 tx=0).ready entity=mon.0 client_cookie=953b9da4a4e923ab server_cookie=0 in_seq=0 out_seq=0
2026-03-09T15:48:24.916 INFO:teuthology.orchestra.run.vm01.stdout:/usr/bin/ceph: stderr
2026-03-09T15:48:24.598+0000 7f533dffb640 1 -- 192.168.123.101:0/1592194472 <== mon.0 v2:192.168.123.101:3300/0 1 ==== mon_map magic: 0 ==== 205+0+0 (secure 0 0 0) 0x7f533403c070 con 0x7f5340108830
2026-03-09T15:48:24.916 INFO:teuthology.orchestra.run.vm01.stdout:/usr/bin/ceph: stderr
2026-03-09T15:48:24.598+0000 7f533dffb640 1 -- 192.168.123.101:0/1592194472 <== mon.0 v2:192.168.123.101:3300/0 2 ==== config(23 keys) ==== 978+0+0 (secure 0 0 0) 0x7f5334037440 con 0x7f5340108830
2026-03-09T15:48:24.916 INFO:teuthology.orchestra.run.vm01.stdout:/usr/bin/ceph: stderr
2026-03-09T15:48:24.598+0000 7f533dffb640 1 -- 192.168.123.101:0/1592194472 <== mon.0 v2:192.168.123.101:3300/0 3 ==== mon_map magic: 0 ==== 205+0+0 (secure 0 0 0) 0x7f5334035340 con 0x7f5340108830
2026-03-09T15:48:24.916 INFO:teuthology.orchestra.run.vm01.stdout:/usr/bin/ceph: stderr
2026-03-09T15:48:24.598+0000 7f53454e1640 1 -- 192.168.123.101:0/1592194472 >> [v2:192.168.123.101:3300/0,v1:192.168.123.101:6789/0] conn(0x7f5340108830 msgr2=0x7f5340108c30 secure :-1 s=STATE_CONNECTION_ESTABLISHED l=1).mark_down
2026-03-09T15:48:24.916 INFO:teuthology.orchestra.run.vm01.stdout:/usr/bin/ceph: stderr
2026-03-09T15:48:24.598+0000 7f53454e1640 1 --2- 192.168.123.101:0/1592194472 >> [v2:192.168.123.101:3300/0,v1:192.168.123.101:6789/0] conn(0x7f5340108830 0x7f5340108c30 secure :-1 s=READY pgs=70 cs=0 l=1 rev1=1 crypto rx=0x7f5334009920 tx=0x7f533402ef20 comp rx=0 tx=0).stop
2026-03-09T15:48:24.916 INFO:teuthology.orchestra.run.vm01.stdout:/usr/bin/ceph: stderr
2026-03-09T15:48:24.598+0000 7f53454e1640 1 -- 192.168.123.101:0/1592194472 shutdown_connections
2026-03-09T15:48:24.916 INFO:teuthology.orchestra.run.vm01.stdout:/usr/bin/ceph: stderr
2026-03-09T15:48:24.598+0000 7f53454e1640 1 --2- 192.168.123.101:0/1592194472 >> [v2:192.168.123.101:3300/0,v1:192.168.123.101:6789/0] conn(0x7f5340108830 0x7f5340108c30 unknown :-1 s=CLOSED pgs=70 cs=0 l=1 rev1=1 crypto rx=0 tx=0 comp rx=0 tx=0).stop
2026-03-09T15:48:24.916 INFO:teuthology.orchestra.run.vm01.stdout:/usr/bin/ceph: stderr
2026-03-09T15:48:24.598+0000 7f53454e1640 1 -- 192.168.123.101:0/1592194472 >> 192.168.123.101:0/1592194472 conn(0x7f534007bd50 msgr2=0x7f534007c1a0 unknown :-1 s=STATE_NONE l=0).mark_down
2026-03-09T15:48:24.916 INFO:teuthology.orchestra.run.vm01.stdout:/usr/bin/ceph: stderr
2026-03-09T15:48:24.598+0000 7f53454e1640 1 -- 192.168.123.101:0/1592194472 shutdown_connections
2026-03-09T15:48:24.916 INFO:teuthology.orchestra.run.vm01.stdout:/usr/bin/ceph: stderr
2026-03-09T15:48:24.598+0000 7f53454e1640 1 -- 192.168.123.101:0/1592194472 wait complete.
2026-03-09T15:48:24.916 INFO:teuthology.orchestra.run.vm01.stdout:/usr/bin/ceph: stderr
2026-03-09T15:48:24.598+0000 7f53454e1640 1 Processor -- start
2026-03-09T15:48:24.916 INFO:teuthology.orchestra.run.vm01.stdout:/usr/bin/ceph: stderr
2026-03-09T15:48:24.598+0000 7f53454e1640 1 -- start start
2026-03-09T15:48:24.916 INFO:teuthology.orchestra.run.vm01.stdout:/usr/bin/ceph: stderr
2026-03-09T15:48:24.598+0000 7f53454e1640 1 --2- >> [v2:192.168.123.101:3300/0,v1:192.168.123.101:6789/0] conn(0x7f5340108830 0x7f534019e5b0 unknown :-1 s=NONE pgs=0 cs=0 l=1 rev1=0 crypto rx=0 tx=0 comp rx=0 tx=0).connect
2026-03-09T15:48:24.916 INFO:teuthology.orchestra.run.vm01.stdout:/usr/bin/ceph: stderr
2026-03-09T15:48:24.598+0000 7f53454e1640 1 -- --> [v2:192.168.123.101:3300/0,v1:192.168.123.101:6789/0] -- mon_getmap magic: 0 -- 0x7f534010cc60 con 0x7f5340108830
2026-03-09T15:48:24.916 INFO:teuthology.orchestra.run.vm01.stdout:/usr/bin/ceph: stderr
2026-03-09T15:48:24.598+0000 7f533effd640 1 --2- >> [v2:192.168.123.101:3300/0,v1:192.168.123.101:6789/0] conn(0x7f5340108830 0x7f534019e5b0 unknown :-1 s=BANNER_CONNECTING pgs=0 cs=0 l=1 rev1=0 crypto rx=0 tx=0 comp rx=0 tx=0)._handle_peer_banner_payload supported=3 required=0
2026-03-09T15:48:24.916 INFO:teuthology.orchestra.run.vm01.stdout:/usr/bin/ceph: stderr
2026-03-09T15:48:24.598+0000 7f533effd640 1 --2- >> [v2:192.168.123.101:3300/0,v1:192.168.123.101:6789/0] conn(0x7f5340108830 0x7f534019e5b0 unknown :-1 s=HELLO_CONNECTING pgs=0 cs=0 l=1 rev1=1 crypto rx=0 tx=0 comp rx=0 tx=0).handle_hello peer v2:192.168.123.101:3300/0 says I am v2:192.168.123.101:38440/0 (socket says 192.168.123.101:38440)
2026-03-09T15:48:24.916 INFO:teuthology.orchestra.run.vm01.stdout:/usr/bin/ceph: stderr
2026-03-09T15:48:24.598+0000 7f533effd640 1 -- 192.168.123.101:0/1553647638 learned_addr learned my addr 192.168.123.101:0/1553647638 (peer_addr_for_me v2:192.168.123.101:0/0)
2026-03-09T15:48:24.916 INFO:teuthology.orchestra.run.vm01.stdout:/usr/bin/ceph: stderr
2026-03-09T15:48:24.598+0000 7f533effd640 1 -- 192.168.123.101:0/1553647638 --> [v2:192.168.123.101:3300/0,v1:192.168.123.101:6789/0] -- mon_subscribe({config=0+,monmap=0+}) -- 0x7f534019eaf0 con 0x7f5340108830
2026-03-09T15:48:24.916 INFO:teuthology.orchestra.run.vm01.stdout:/usr/bin/ceph: stderr
2026-03-09T15:48:24.598+0000 7f533effd640 1 --2- 192.168.123.101:0/1553647638 >> [v2:192.168.123.101:3300/0,v1:192.168.123.101:6789/0] conn(0x7f5340108830 0x7f534019e5b0 secure :-1 s=READY pgs=71 cs=0 l=1 rev1=1 crypto rx=0x7f53340098f0 tx=0x7f5334037f60 comp rx=0 tx=0).ready entity=mon.0 client_cookie=0 server_cookie=0 in_seq=0 out_seq=0
2026-03-09T15:48:24.916 INFO:teuthology.orchestra.run.vm01.stdout:/usr/bin/ceph: stderr
2026-03-09T15:48:24.598+0000 7f531ffff640 1 -- 192.168.123.101:0/1553647638 <== mon.0 v2:192.168.123.101:3300/0 1 ==== mon_map magic: 0 ==== 205+0+0 (secure 0 0 0) 0x7f5334047070 con 0x7f5340108830
2026-03-09T15:48:24.916 INFO:teuthology.orchestra.run.vm01.stdout:/usr/bin/ceph: stderr
2026-03-09T15:48:24.598+0000 7f53454e1640 1 -- 192.168.123.101:0/1553647638 --> [v2:192.168.123.101:3300/0,v1:192.168.123.101:6789/0] -- mon_subscribe({mgrmap=0+}) -- 0x7f534019ed80 con 0x7f5340108830
2026-03-09T15:48:24.916 INFO:teuthology.orchestra.run.vm01.stdout:/usr/bin/ceph: stderr
2026-03-09T15:48:24.598+0000 7f53454e1640 1 -- 192.168.123.101:0/1553647638 --> [v2:192.168.123.101:3300/0,v1:192.168.123.101:6789/0] -- mon_subscribe({osdmap=0}) -- 0x7f53401a1a70 con 0x7f5340108830
2026-03-09T15:48:24.916 INFO:teuthology.orchestra.run.vm01.stdout:/usr/bin/ceph: stderr
2026-03-09T15:48:24.598+0000 7f531ffff640 1 -- 192.168.123.101:0/1553647638 <== mon.0 v2:192.168.123.101:3300/0 2 ==== config(23 keys) ==== 978+0+0 (secure 0 0 0) 0x7f5334035dc0 con 0x7f5340108830
2026-03-09T15:48:24.916 INFO:teuthology.orchestra.run.vm01.stdout:/usr/bin/ceph: stderr
2026-03-09T15:48:24.598+0000 7f531ffff640 1 -- 192.168.123.101:0/1553647638 <== mon.0 v2:192.168.123.101:3300/0 3 ==== mon_map magic: 0 ==== 205+0+0 (secure 0 0 0) 0x7f533403c070 con 0x7f5340108830
2026-03-09T15:48:24.916 INFO:teuthology.orchestra.run.vm01.stdout:/usr/bin/ceph: stderr
2026-03-09T15:48:24.602+0000 7f531ffff640 1 -- 192.168.123.101:0/1553647638 <== mon.0 v2:192.168.123.101:3300/0 4 ==== mgrmap(e 10) ==== 50154+0+0 (secure 0 0 0) 0x7f533404c430 con 0x7f5340108830
2026-03-09T15:48:24.916 INFO:teuthology.orchestra.run.vm01.stdout:/usr/bin/ceph: stderr
2026-03-09T15:48:24.602+0000 7f531ffff640 1 --2- 192.168.123.101:0/1553647638 >> [v2:192.168.123.101:6800/1421049061,v1:192.168.123.101:6801/1421049061] conn(0x7f530c03dbc0 0x7f530c040080 unknown :-1 s=NONE pgs=0 cs=0 l=1 rev1=0 crypto rx=0 tx=0 comp rx=0 tx=0).connect
2026-03-09T15:48:24.916 INFO:teuthology.orchestra.run.vm01.stdout:/usr/bin/ceph: stderr
2026-03-09T15:48:24.602+0000 7f531ffff640 1 -- 192.168.123.101:0/1553647638 <== mon.0 v2:192.168.123.101:3300/0 5 ==== osd_map(3..3 src has 1..3) ==== 1155+0+0 (secure 0 0 0) 0x7f5334077ab0 con 0x7f5340108830
2026-03-09T15:48:24.916 INFO:teuthology.orchestra.run.vm01.stdout:/usr/bin/ceph: stderr
2026-03-09T15:48:24.602+0000 7f533e7fc640 1 --2- 192.168.123.101:0/1553647638 >> [v2:192.168.123.101:6800/1421049061,v1:192.168.123.101:6801/1421049061] conn(0x7f530c03dbc0 0x7f530c040080 unknown :-1 s=BANNER_CONNECTING pgs=0 cs=0 l=1 rev1=0 crypto rx=0 tx=0 comp rx=0 tx=0)._handle_peer_banner_payload supported=3 required=0
2026-03-09T15:48:24.916 INFO:teuthology.orchestra.run.vm01.stdout:/usr/bin/ceph: stderr
2026-03-09T15:48:24.602+0000 7f53454e1640 1 -- 192.168.123.101:0/1553647638 --> [v2:192.168.123.101:3300/0,v1:192.168.123.101:6789/0] -- mon_command({"prefix": "get_command_descriptions"} v 0) -- 0x7f5300005180 con 0x7f5340108830
2026-03-09T15:48:24.916 INFO:teuthology.orchestra.run.vm01.stdout:/usr/bin/ceph: stderr
2026-03-09T15:48:24.602+0000 7f533e7fc640 1 --2- 192.168.123.101:0/1553647638 >> [v2:192.168.123.101:6800/1421049061,v1:192.168.123.101:6801/1421049061] conn(0x7f530c03dbc0 0x7f530c040080 secure :-1 s=READY pgs=8 cs=0 l=1 rev1=1 crypto rx=0x7f5328009a10 tx=0x7f5328006eb0 comp rx=0 tx=0).ready entity=mgr.14150 client_cookie=0 server_cookie=0 in_seq=0 out_seq=0
2026-03-09T15:48:24.917 INFO:teuthology.orchestra.run.vm01.stdout:/usr/bin/ceph: stderr
2026-03-09T15:48:24.606+0000 7f531ffff640 1 -- 192.168.123.101:0/1553647638 <== mon.0 v2:192.168.123.101:3300/0 6 ==== mon_command_ack([{"prefix": "get_command_descriptions"}]=0 v0) ==== 72+0+195034 (secure 0 0 0) 0x7f53340342a0 con 0x7f5340108830
2026-03-09T15:48:24.917 INFO:teuthology.orchestra.run.vm01.stdout:/usr/bin/ceph: stderr
2026-03-09T15:48:24.706+0000 7f53454e1640 1 -- 192.168.123.101:0/1553647638 --> [v2:192.168.123.101:6800/1421049061,v1:192.168.123.101:6801/1421049061] -- mgr_command(tid 0: {"prefix": "dashboard ac-user-create", "username": "admin", "rolename": "administrator", "force_password": true, "pwd_update_required": true, "target": ["mon-mgr", ""]}) -- 0x7f5300003c00 con 0x7f530c03dbc0
2026-03-09T15:48:24.917 INFO:teuthology.orchestra.run.vm01.stdout:/usr/bin/ceph: stderr
2026-03-09T15:48:24.870+0000 7f531ffff640 1 -- 192.168.123.101:0/1553647638 <== mgr.14150 v2:192.168.123.101:6800/1421049061 1 ==== mgr_command_reply(tid 0: 0 ) ==== 8+0+252 (secure 0 0 0) 0x7f5300003c00 con 0x7f530c03dbc0
2026-03-09T15:48:24.917 INFO:teuthology.orchestra.run.vm01.stdout:/usr/bin/ceph: stderr
2026-03-09T15:48:24.870+0000 7f53454e1640 1 -- 192.168.123.101:0/1553647638 >> [v2:192.168.123.101:6800/1421049061,v1:192.168.123.101:6801/1421049061] conn(0x7f530c03dbc0 msgr2=0x7f530c040080 secure :-1 s=STATE_CONNECTION_ESTABLISHED l=1).mark_down
2026-03-09T15:48:24.917 INFO:teuthology.orchestra.run.vm01.stdout:/usr/bin/ceph: stderr
2026-03-09T15:48:24.870+0000 7f53454e1640 1 --2- 192.168.123.101:0/1553647638 >> [v2:192.168.123.101:6800/1421049061,v1:192.168.123.101:6801/1421049061] conn(0x7f530c03dbc0 0x7f530c040080 secure :-1 s=READY pgs=8 cs=0 l=1 rev1=1 crypto rx=0x7f5328009a10 tx=0x7f5328006eb0 comp rx=0 tx=0).stop
2026-03-09T15:48:24.917 INFO:teuthology.orchestra.run.vm01.stdout:/usr/bin/ceph: stderr
2026-03-09T15:48:24.870+0000 7f53454e1640 1 -- 192.168.123.101:0/1553647638 >> [v2:192.168.123.101:3300/0,v1:192.168.123.101:6789/0] conn(0x7f5340108830 msgr2=0x7f534019e5b0 secure :-1 s=STATE_CONNECTION_ESTABLISHED l=1).mark_down
2026-03-09T15:48:24.917 INFO:teuthology.orchestra.run.vm01.stdout:/usr/bin/ceph: stderr
2026-03-09T15:48:24.870+0000 7f53454e1640 1 --2- 192.168.123.101:0/1553647638 >> [v2:192.168.123.101:3300/0,v1:192.168.123.101:6789/0] conn(0x7f5340108830 0x7f534019e5b0 secure :-1 s=READY pgs=71 cs=0 l=1 rev1=1 crypto rx=0x7f53340098f0 tx=0x7f5334037f60 comp rx=0 tx=0).stop
2026-03-09T15:48:24.917 INFO:teuthology.orchestra.run.vm01.stdout:/usr/bin/ceph: stderr
2026-03-09T15:48:24.870+0000 7f53454e1640 1 -- 192.168.123.101:0/1553647638 shutdown_connections
2026-03-09T15:48:24.917 INFO:teuthology.orchestra.run.vm01.stdout:/usr/bin/ceph: stderr
2026-03-09T15:48:24.870+0000 7f53454e1640 1 --2- 192.168.123.101:0/1553647638 >> [v2:192.168.123.101:6800/1421049061,v1:192.168.123.101:6801/1421049061] conn(0x7f530c03dbc0 0x7f530c040080 unknown :-1 s=CLOSED pgs=8 cs=0 l=1 rev1=1 crypto rx=0 tx=0 comp rx=0 tx=0).stop
2026-03-09T15:48:24.917 INFO:teuthology.orchestra.run.vm01.stdout:/usr/bin/ceph: stderr
2026-03-09T15:48:24.870+0000 7f53454e1640 1 --2- 192.168.123.101:0/1553647638 >> [v2:192.168.123.101:3300/0,v1:192.168.123.101:6789/0] conn(0x7f5340108830 0x7f534019e5b0 unknown :-1 s=CLOSED pgs=71 cs=0 l=1 rev1=1 crypto rx=0 tx=0 comp rx=0 tx=0).stop
2026-03-09T15:48:24.917 INFO:teuthology.orchestra.run.vm01.stdout:/usr/bin/ceph: stderr
2026-03-09T15:48:24.870+0000 7f53454e1640 1 -- 192.168.123.101:0/1553647638 >> 192.168.123.101:0/1553647638 conn(0x7f534007bd50 msgr2=0x7f5340105f00 unknown :-1 s=STATE_NONE l=0).mark_down
2026-03-09T15:48:24.917 INFO:teuthology.orchestra.run.vm01.stdout:/usr/bin/ceph: stderr
2026-03-09T15:48:24.870+0000 7f53454e1640 1 -- 192.168.123.101:0/1553647638 shutdown_connections
2026-03-09T15:48:24.917 INFO:teuthology.orchestra.run.vm01.stdout:/usr/bin/ceph: stderr
2026-03-09T15:48:24.870+0000 7f53454e1640 1 -- 192.168.123.101:0/1553647638 wait complete.
2026-03-09T15:48:24.917 INFO:teuthology.orchestra.run.vm01.stdout:Fetching dashboard port number...
2026-03-09T15:48:25.192 INFO:teuthology.orchestra.run.vm01.stdout:/usr/bin/ceph: stdout 8443
2026-03-09T15:48:25.192 INFO:teuthology.orchestra.run.vm01.stdout:/usr/bin/ceph: stderr
2026-03-09T15:48:25.030+0000 7ffa45a7d640 1 Processor -- start
2026-03-09T15:48:25.192 INFO:teuthology.orchestra.run.vm01.stdout:/usr/bin/ceph: stderr
2026-03-09T15:48:25.030+0000 7ffa45a7d640 1 -- start start
2026-03-09T15:48:25.192 INFO:teuthology.orchestra.run.vm01.stdout:/usr/bin/ceph: stderr
2026-03-09T15:48:25.030+0000 7ffa45a7d640 1 --2- >> [v2:192.168.123.101:3300/0,v1:192.168.123.101:6789/0] conn(0x7ffa40108860 0x7ffa40108c60 unknown :-1 s=NONE pgs=0 cs=0 l=0 rev1=0 crypto rx=0 tx=0 comp rx=0 tx=0).connect
2026-03-09T15:48:25.192 INFO:teuthology.orchestra.run.vm01.stdout:/usr/bin/ceph: stderr
2026-03-09T15:48:25.030+0000 7ffa45a7d640 1 -- --> [v2:192.168.123.101:3300/0,v1:192.168.123.101:6789/0] -- mon_getmap magic: 0 -- 0x7ffa40109230 con 0x7ffa40108860
2026-03-09T15:48:25.192 INFO:teuthology.orchestra.run.vm01.stdout:/usr/bin/ceph: stderr
2026-03-09T15:48:25.030+0000 7ffa3effd640 1 --2- >> [v2:192.168.123.101:3300/0,v1:192.168.123.101:6789/0] conn(0x7ffa40108860 0x7ffa40108c60 unknown :-1 s=BANNER_CONNECTING pgs=0 cs=0 l=0 rev1=0 crypto rx=0 tx=0 comp rx=0 tx=0)._handle_peer_banner_payload supported=3 required=0
2026-03-09T15:48:25.192 INFO:teuthology.orchestra.run.vm01.stdout:/usr/bin/ceph: stderr
2026-03-09T15:48:25.030+0000 7ffa3effd640 1 --2- >> [v2:192.168.123.101:3300/0,v1:192.168.123.101:6789/0] conn(0x7ffa40108860 0x7ffa40108c60 unknown :-1 s=HELLO_CONNECTING pgs=0 cs=0 l=0 rev1=1 crypto rx=0 tx=0 comp rx=0 tx=0).handle_hello peer v2:192.168.123.101:3300/0 says I am v2:192.168.123.101:38454/0 (socket says 192.168.123.101:38454)
2026-03-09T15:48:25.192 INFO:teuthology.orchestra.run.vm01.stdout:/usr/bin/ceph: stderr
2026-03-09T15:48:25.030+0000 7ffa3effd640 1 -- 192.168.123.101:0/1890033706 learned_addr learned my addr 192.168.123.101:0/1890033706 (peer_addr_for_me v2:192.168.123.101:0/0)
2026-03-09T15:48:25.192 INFO:teuthology.orchestra.run.vm01.stdout:/usr/bin/ceph: stderr
2026-03-09T15:48:25.030+0000 7ffa3effd640 1 -- 192.168.123.101:0/1890033706 --> [v2:192.168.123.101:3300/0,v1:192.168.123.101:6789/0] -- mon_subscribe({config=0+,monmap=0+}) -- 0x7ffa40109a60 con 0x7ffa40108860
2026-03-09T15:48:25.192 INFO:teuthology.orchestra.run.vm01.stdout:/usr/bin/ceph: stderr
2026-03-09T15:48:25.034+0000 7ffa3effd640 1 --2- 192.168.123.101:0/1890033706 >> [v2:192.168.123.101:3300/0,v1:192.168.123.101:6789/0] conn(0x7ffa40108860 0x7ffa40108c60 secure :-1 s=READY pgs=72 cs=0 l=1 rev1=1 crypto rx=0x7ffa34009920 tx=0x7ffa3402ef20 comp rx=0 tx=0).ready entity=mon.0 client_cookie=1b6e02f93952e669 server_cookie=0 in_seq=0 out_seq=0
2026-03-09T15:48:25.192 INFO:teuthology.orchestra.run.vm01.stdout:/usr/bin/ceph: stderr
2026-03-09T15:48:25.034+0000 7ffa3dffb640 1 -- 192.168.123.101:0/1890033706 <== mon.0 v2:192.168.123.101:3300/0 1 ==== mon_map magic: 0 ==== 205+0+0 (secure 0 0 0) 0x7ffa3403c070 con 0x7ffa40108860
2026-03-09T15:48:25.192 INFO:teuthology.orchestra.run.vm01.stdout:/usr/bin/ceph: stderr
2026-03-09T15:48:25.034+0000 7ffa3dffb640 1 -- 192.168.123.101:0/1890033706 <== mon.0 v2:192.168.123.101:3300/0 2 ==== config(23 keys) ==== 978+0+0 (secure 0 0 0) 0x7ffa34037440 con 0x7ffa40108860
2026-03-09T15:48:25.192 INFO:teuthology.orchestra.run.vm01.stdout:/usr/bin/ceph: stderr
2026-03-09T15:48:25.034+0000 7ffa45a7d640 1 -- 192.168.123.101:0/1890033706 >> [v2:192.168.123.101:3300/0,v1:192.168.123.101:6789/0] conn(0x7ffa40108860 msgr2=0x7ffa40108c60 secure :-1 s=STATE_CONNECTION_ESTABLISHED l=1).mark_down
2026-03-09T15:48:25.192 INFO:teuthology.orchestra.run.vm01.stdout:/usr/bin/ceph: stderr
2026-03-09T15:48:25.034+0000 7ffa45a7d640 1 --2- 192.168.123.101:0/1890033706 >> [v2:192.168.123.101:3300/0,v1:192.168.123.101:6789/0] conn(0x7ffa40108860 0x7ffa40108c60 secure :-1 s=READY pgs=72 cs=0 l=1 rev1=1 crypto rx=0x7ffa34009920 tx=0x7ffa3402ef20 comp rx=0 tx=0).stop
2026-03-09T15:48:25.192 INFO:teuthology.orchestra.run.vm01.stdout:/usr/bin/ceph: stderr
2026-03-09T15:48:25.034+0000 7ffa45a7d640 1 -- 192.168.123.101:0/1890033706 shutdown_connections
2026-03-09T15:48:25.192 INFO:teuthology.orchestra.run.vm01.stdout:/usr/bin/ceph: stderr
2026-03-09T15:48:25.034+0000 7ffa45a7d640 1 --2- 192.168.123.101:0/1890033706 >> [v2:192.168.123.101:3300/0,v1:192.168.123.101:6789/0] conn(0x7ffa40108860 0x7ffa40108c60 unknown :-1 s=CLOSED pgs=72 cs=0 l=1 rev1=1 crypto rx=0 tx=0 comp rx=0 tx=0).stop
2026-03-09T15:48:25.192 INFO:teuthology.orchestra.run.vm01.stdout:/usr/bin/ceph: stderr
2026-03-09T15:48:25.034+0000 7ffa45a7d640 1 -- 192.168.123.101:0/1890033706 >> 192.168.123.101:0/1890033706 conn(0x7ffa4007bda0 msgr2=0x7ffa4007c1b0 unknown :-1 s=STATE_NONE l=0).mark_down
2026-03-09T15:48:25.192 INFO:teuthology.orchestra.run.vm01.stdout:/usr/bin/ceph: stderr
2026-03-09T15:48:25.034+0000 7ffa45a7d640 1 -- 192.168.123.101:0/1890033706 shutdown_connections
2026-03-09T15:48:25.192 INFO:teuthology.orchestra.run.vm01.stdout:/usr/bin/ceph: stderr
2026-03-09T15:48:25.034+0000 7ffa45a7d640 1 -- 192.168.123.101:0/1890033706 wait complete.
2026-03-09T15:48:25.192 INFO:teuthology.orchestra.run.vm01.stdout:/usr/bin/ceph: stderr
2026-03-09T15:48:25.034+0000 7ffa45a7d640 1 Processor -- start
2026-03-09T15:48:25.192 INFO:teuthology.orchestra.run.vm01.stdout:/usr/bin/ceph: stderr
2026-03-09T15:48:25.034+0000 7ffa45a7d640 1 -- start start
2026-03-09T15:48:25.192 INFO:teuthology.orchestra.run.vm01.stdout:/usr/bin/ceph: stderr
2026-03-09T15:48:25.034+0000 7ffa45a7d640 1 --2- >> [v2:192.168.123.101:3300/0,v1:192.168.123.101:6789/0] conn(0x7ffa40108860 0x7ffa4019e750 unknown :-1 s=NONE pgs=0 cs=0 l=1 rev1=0 crypto rx=0 tx=0 comp rx=0 tx=0).connect
2026-03-09T15:48:25.192 INFO:teuthology.orchestra.run.vm01.stdout:/usr/bin/ceph: stderr
2026-03-09T15:48:25.034+0000 7ffa45a7d640 1 -- --> [v2:192.168.123.101:3300/0,v1:192.168.123.101:6789/0] -- mon_getmap magic: 0 -- 0x7ffa4010cc90 con 0x7ffa40108860
2026-03-09T15:48:25.192 INFO:teuthology.orchestra.run.vm01.stdout:/usr/bin/ceph: stderr
2026-03-09T15:48:25.034+0000 7ffa3effd640 1 --2- >> [v2:192.168.123.101:3300/0,v1:192.168.123.101:6789/0] conn(0x7ffa40108860 0x7ffa4019e750 unknown :-1 s=BANNER_CONNECTING pgs=0 cs=0 l=1 rev1=0 crypto rx=0 tx=0 comp rx=0 tx=0)._handle_peer_banner_payload supported=3 required=0
2026-03-09T15:48:25.192 INFO:teuthology.orchestra.run.vm01.stdout:/usr/bin/ceph: stderr
2026-03-09T15:48:25.034+0000 7ffa3effd640 1 --2- >> [v2:192.168.123.101:3300/0,v1:192.168.123.101:6789/0] conn(0x7ffa40108860 0x7ffa4019e750 unknown :-1 s=HELLO_CONNECTING pgs=0 cs=0 l=1 rev1=1 crypto rx=0 tx=0 comp rx=0 tx=0).handle_hello peer v2:192.168.123.101:3300/0 says I am v2:192.168.123.101:38462/0 (socket says 192.168.123.101:38462)
2026-03-09T15:48:25.192 INFO:teuthology.orchestra.run.vm01.stdout:/usr/bin/ceph: stderr
2026-03-09T15:48:25.034+0000 7ffa3effd640 1 -- 192.168.123.101:0/1869152731 learned_addr learned my addr 192.168.123.101:0/1869152731 (peer_addr_for_me v2:192.168.123.101:0/0)
2026-03-09T15:48:25.192 INFO:teuthology.orchestra.run.vm01.stdout:/usr/bin/ceph: stderr
2026-03-09T15:48:25.034+0000 7ffa3effd640 1 -- 192.168.123.101:0/1869152731 --> [v2:192.168.123.101:3300/0,v1:192.168.123.101:6789/0] -- mon_subscribe({config=0+,monmap=0+}) -- 0x7ffa4019ec90 con 0x7ffa40108860
2026-03-09T15:48:25.192 INFO:teuthology.orchestra.run.vm01.stdout:/usr/bin/ceph: stderr
2026-03-09T15:48:25.034+0000 7ffa3effd640 1 --2- 192.168.123.101:0/1869152731 >> [v2:192.168.123.101:3300/0,v1:192.168.123.101:6789/0] conn(0x7ffa40108860 0x7ffa4019e750 secure :-1 s=READY pgs=73 cs=0 l=1 rev1=1 crypto rx=0x7ffa34035eb0 tx=0x7ffa34035ee0 comp rx=0 tx=0).ready entity=mon.0 client_cookie=0 server_cookie=0 in_seq=0 out_seq=0
2026-03-09T15:48:25.192 INFO:teuthology.orchestra.run.vm01.stdout:/usr/bin/ceph: stderr
2026-03-09T15:48:25.034+0000 7ffa44a7b640 1 -- 192.168.123.101:0/1869152731 <== mon.0 v2:192.168.123.101:3300/0 1 ==== mon_map magic: 0 ==== 205+0+0 (secure 0 0 0) 0x7ffa3403c070 con 0x7ffa40108860
2026-03-09T15:48:25.192 INFO:teuthology.orchestra.run.vm01.stdout:/usr/bin/ceph: stderr
2026-03-09T15:48:25.034+0000 7ffa45a7d640 1 -- 192.168.123.101:0/1869152731 --> [v2:192.168.123.101:3300/0,v1:192.168.123.101:6789/0] -- mon_subscribe({mgrmap=0+}) -- 0x7ffa4019ef20 con 0x7ffa40108860
2026-03-09T15:48:25.193 INFO:teuthology.orchestra.run.vm01.stdout:/usr/bin/ceph: stderr
2026-03-09T15:48:25.034+0000 7ffa45a7d640 1 -- 192.168.123.101:0/1869152731 --> [v2:192.168.123.101:3300/0,v1:192.168.123.101:6789/0] -- mon_subscribe({osdmap=0}) -- 0x7ffa401a1c10 con 0x7ffa40108860
2026-03-09T15:48:25.193 INFO:teuthology.orchestra.run.vm01.stdout:/usr/bin/ceph: stderr
2026-03-09T15:48:25.038+0000 7ffa44a7b640 1 -- 192.168.123.101:0/1869152731 <== mon.0 v2:192.168.123.101:3300/0 2 ==== config(23 keys) ==== 978+0+0 (secure 0 0 0) 0x7ffa34044070 con 0x7ffa40108860
2026-03-09T15:48:25.193 INFO:teuthology.orchestra.run.vm01.stdout:/usr/bin/ceph: stderr
2026-03-09T15:48:25.038+0000 7ffa44a7b640 1 -- 192.168.123.101:0/1869152731 <== mon.0 v2:192.168.123.101:3300/0 3 ==== mon_map magic: 0 ==== 205+0+0 (secure 0 0 0) 0x7ffa3403f9e0 con 0x7ffa40108860
2026-03-09T15:48:25.193 INFO:teuthology.orchestra.run.vm01.stdout:/usr/bin/ceph: stderr
2026-03-09T15:48:25.038+0000 7ffa44a7b640 1 -- 192.168.123.101:0/1869152731 <== mon.0 v2:192.168.123.101:3300/0 4 ==== mgrmap(e 10) ==== 50154+0+0 (secure 0 0 0) 0x7ffa3403fb80 con 0x7ffa40108860
2026-03-09T15:48:25.193 INFO:teuthology.orchestra.run.vm01.stdout:/usr/bin/ceph: stderr
2026-03-09T15:48:25.038+0000 7ffa44a7b640 1 --2- 192.168.123.101:0/1869152731 >> [v2:192.168.123.101:6800/1421049061,v1:192.168.123.101:6801/1421049061] conn(0x7ffa0803dbc0 0x7ffa08040080 unknown :-1 s=NONE pgs=0 cs=0 l=1 rev1=0 crypto rx=0 tx=0 comp rx=0 tx=0).connect
2026-03-09T15:48:25.193 INFO:teuthology.orchestra.run.vm01.stdout:/usr/bin/ceph: stderr
2026-03-09T15:48:25.038+0000 7ffa44a7b640 1 -- 192.168.123.101:0/1869152731 <== mon.0 v2:192.168.123.101:3300/0 5 ==== osd_map(3..3 src has 1..3) ==== 1155+0+0 (secure 0 0 0) 0x7ffa340771b0 con 0x7ffa40108860
2026-03-09T15:48:25.193 INFO:teuthology.orchestra.run.vm01.stdout:/usr/bin/ceph: stderr
2026-03-09T15:48:25.038+0000 7ffa3e7fc640 1 --2- 192.168.123.101:0/1869152731 >> [v2:192.168.123.101:6800/1421049061,v1:192.168.123.101:6801/1421049061] conn(0x7ffa0803dbc0 0x7ffa08040080 unknown :-1 s=BANNER_CONNECTING pgs=0 cs=0 l=1 rev1=0 crypto rx=0 tx=0 comp rx=0 tx=0)._handle_peer_banner_payload supported=3 required=0
2026-03-09T15:48:25.193 INFO:teuthology.orchestra.run.vm01.stdout:/usr/bin/ceph: stderr
2026-03-09T15:48:25.038+0000 7ffa45a7d640 1 -- 192.168.123.101:0/1869152731 --> [v2:192.168.123.101:3300/0,v1:192.168.123.101:6789/0] -- mon_command({"prefix": "get_command_descriptions"} v 0) -- 0x7ffa0c005180 con 0x7ffa40108860
2026-03-09T15:48:25.193 INFO:teuthology.orchestra.run.vm01.stdout:/usr/bin/ceph: stderr
2026-03-09T15:48:25.042+0000 7ffa44a7b640 1 -- 192.168.123.101:0/1869152731 <== mon.0 v2:192.168.123.101:3300/0 6 ==== mon_command_ack([{"prefix": "get_command_descriptions"}]=0 v0) ==== 72+0+195034 (secure 0 0 0) 0x7ffa3404e1f0 con 0x7ffa40108860
2026-03-09T15:48:25.193 INFO:teuthology.orchestra.run.vm01.stdout:/usr/bin/ceph: stderr
2026-03-09T15:48:25.042+0000 7ffa3e7fc640 1 --2- 192.168.123.101:0/1869152731 >> [v2:192.168.123.101:6800/1421049061,v1:192.168.123.101:6801/1421049061] conn(0x7ffa0803dbc0 0x7ffa08040080 secure :-1 s=READY pgs=9 cs=0 l=1 rev1=1 crypto rx=0x7ffa280099c0 tx=0x7ffa28006eb0 comp rx=0 tx=0).ready entity=mgr.14150 client_cookie=0 server_cookie=0 in_seq=0 out_seq=0
2026-03-09T15:48:25.193 INFO:teuthology.orchestra.run.vm01.stdout:/usr/bin/ceph: stderr
2026-03-09T15:48:25.142+0000 7ffa45a7d640 1 -- 192.168.123.101:0/1869152731 --> [v2:192.168.123.101:3300/0,v1:192.168.123.101:6789/0] -- mon_command({"prefix": "config get", "who": "mgr", "key": "mgr/dashboard/ssl_server_port"} v 0) -- 0x7ffa0c005470 con 0x7ffa40108860
2026-03-09T15:48:25.193 INFO:teuthology.orchestra.run.vm01.stdout:/usr/bin/ceph: stderr
2026-03-09T15:48:25.142+0000 7ffa44a7b640 1 -- 192.168.123.101:0/1869152731 <== mon.0 v2:192.168.123.101:3300/0 7 ==== mon_command_ack([{"prefix": "config get", "who": "mgr", "key": "mgr/dashboard/ssl_server_port"}]=0 v8) ==== 112+0+5 (secure 0 0 0) 0x7ffa340483c0 con 0x7ffa40108860
2026-03-09T15:48:25.193 INFO:teuthology.orchestra.run.vm01.stdout:/usr/bin/ceph: stderr
2026-03-09T15:48:25.146+0000 7ffa45a7d640 1 -- 192.168.123.101:0/1869152731 >> [v2:192.168.123.101:6800/1421049061,v1:192.168.123.101:6801/1421049061] conn(0x7ffa0803dbc0 msgr2=0x7ffa08040080 secure :-1 s=STATE_CONNECTION_ESTABLISHED l=1).mark_down
2026-03-09T15:48:25.193 INFO:teuthology.orchestra.run.vm01.stdout:/usr/bin/ceph: stderr
2026-03-09T15:48:25.146+0000 7ffa45a7d640 1 --2- 192.168.123.101:0/1869152731 >> [v2:192.168.123.101:6800/1421049061,v1:192.168.123.101:6801/1421049061] conn(0x7ffa0803dbc0 0x7ffa08040080 secure :-1 s=READY pgs=9 cs=0 l=1 rev1=1 crypto rx=0x7ffa280099c0 tx=0x7ffa28006eb0 comp rx=0 tx=0).stop
2026-03-09T15:48:25.193 INFO:teuthology.orchestra.run.vm01.stdout:/usr/bin/ceph: stderr
2026-03-09T15:48:25.146+0000 7ffa45a7d640 1 -- 192.168.123.101:0/1869152731 >> [v2:192.168.123.101:3300/0,v1:192.168.123.101:6789/0] conn(0x7ffa40108860 msgr2=0x7ffa4019e750 secure :-1 s=STATE_CONNECTION_ESTABLISHED l=1).mark_down
2026-03-09T15:48:25.193 INFO:teuthology.orchestra.run.vm01.stdout:/usr/bin/ceph: stderr
2026-03-09T15:48:25.146+0000 7ffa45a7d640 1 --2- 192.168.123.101:0/1869152731 >> [v2:192.168.123.101:3300/0,v1:192.168.123.101:6789/0] conn(0x7ffa40108860 0x7ffa4019e750 secure :-1 s=READY pgs=73 cs=0 l=1 rev1=1 crypto rx=0x7ffa34035eb0 tx=0x7ffa34035ee0 comp rx=0 tx=0).stop
2026-03-09T15:48:25.193 INFO:teuthology.orchestra.run.vm01.stdout:/usr/bin/ceph: stderr
2026-03-09T15:48:25.146+0000 7ffa45a7d640 1 -- 192.168.123.101:0/1869152731 shutdown_connections
2026-03-09T15:48:25.193 INFO:teuthology.orchestra.run.vm01.stdout:/usr/bin/ceph: stderr
2026-03-09T15:48:25.146+0000 7ffa45a7d640 1 --2- 192.168.123.101:0/1869152731 >> [v2:192.168.123.101:6800/1421049061,v1:192.168.123.101:6801/1421049061] conn(0x7ffa0803dbc0 0x7ffa08040080 unknown :-1 s=CLOSED pgs=9 cs=0 l=1 rev1=1 crypto rx=0 tx=0 comp rx=0 tx=0).stop
2026-03-09T15:48:25.193 INFO:teuthology.orchestra.run.vm01.stdout:/usr/bin/ceph: stderr
2026-03-09T15:48:25.146+0000 7ffa45a7d640 1 --2- 192.168.123.101:0/1869152731 >> [v2:192.168.123.101:3300/0,v1:192.168.123.101:6789/0] conn(0x7ffa40108860 0x7ffa4019e750 unknown :-1 s=CLOSED pgs=73 cs=0 l=1 rev1=1 crypto rx=0 tx=0 comp rx=0 tx=0).stop
2026-03-09T15:48:25.193 INFO:teuthology.orchestra.run.vm01.stdout:/usr/bin/ceph: stderr
2026-03-09T15:48:25.146+0000 7ffa45a7d640 1 -- 192.168.123.101:0/1869152731 >> 192.168.123.101:0/1869152731 conn(0x7ffa4007bda0 msgr2=0x7ffa40106070 unknown :-1 s=STATE_NONE l=0).mark_down
2026-03-09T15:48:25.193 INFO:teuthology.orchestra.run.vm01.stdout:/usr/bin/ceph: stderr
2026-03-09T15:48:25.146+0000 7ffa45a7d640 1 -- 192.168.123.101:0/1869152731 shutdown_connections
2026-03-09T15:48:25.193 INFO:teuthology.orchestra.run.vm01.stdout:/usr/bin/ceph: stderr
2026-03-09T15:48:25.146+0000 7ffa45a7d640 1 -- 192.168.123.101:0/1869152731 wait complete.
2026-03-09T15:48:25.193 INFO:teuthology.orchestra.run.vm01.stdout:firewalld does not appear to be present
2026-03-09T15:48:25.193 INFO:teuthology.orchestra.run.vm01.stdout:Not possible to open ports <[8443]>. firewalld.service is not available
2026-03-09T15:48:25.193 INFO:teuthology.orchestra.run.vm01.stdout:Ceph Dashboard is now available at:
2026-03-09T15:48:25.193 INFO:teuthology.orchestra.run.vm01.stdout:
2026-03-09T15:48:25.193 INFO:teuthology.orchestra.run.vm01.stdout: URL: https://vm01.local:8443/
2026-03-09T15:48:25.193 INFO:teuthology.orchestra.run.vm01.stdout: User: admin
2026-03-09T15:48:25.193 INFO:teuthology.orchestra.run.vm01.stdout: Password: fgulgjefo6
2026-03-09T15:48:25.193 INFO:teuthology.orchestra.run.vm01.stdout:
2026-03-09T15:48:25.193 INFO:teuthology.orchestra.run.vm01.stdout:Saving cluster configuration to /var/lib/ceph/397fadc0-1bcf-11f1-8481-edc1430c2c03/config directory
2026-03-09T15:48:25.529 INFO:teuthology.orchestra.run.vm01.stdout:/usr/bin/ceph: stderr
2026-03-09T15:48:25.318+0000 7f3e5e75e640 1 Processor -- start
2026-03-09T15:48:25.529 INFO:teuthology.orchestra.run.vm01.stdout:/usr/bin/ceph: stderr
2026-03-09T15:48:25.318+0000 7f3e5e75e640 1 -- start start
2026-03-09T15:48:25.529 INFO:teuthology.orchestra.run.vm01.stdout:/usr/bin/ceph: stderr
2026-03-09T15:48:25.318+0000 7f3e5e75e640 1 --2- >> [v2:192.168.123.101:3300/0,v1:192.168.123.101:6789/0] conn(0x7f3e581065b0 0x7f3e581069b0 unknown :-1 s=NONE pgs=0 cs=0 l=0 rev1=0 crypto rx=0 tx=0 comp rx=0 tx=0).connect
2026-03-09T15:48:25.529 INFO:teuthology.orchestra.run.vm01.stdout:/usr/bin/ceph: stderr
2026-03-09T15:48:25.318+0000 7f3e5e75e640 1 -- --> [v2:192.168.123.101:3300/0,v1:192.168.123.101:6789/0] -- mon_getmap magic: 0 -- 0x7f3e58106f80 con 0x7f3e581065b0
2026-03-09T15:48:25.529 INFO:teuthology.orchestra.run.vm01.stdout:/usr/bin/ceph: stderr
2026-03-09T15:48:25.318+0000 7f3e57fff640 1 --2- >> [v2:192.168.123.101:3300/0,v1:192.168.123.101:6789/0] conn(0x7f3e581065b0 0x7f3e581069b0 unknown :-1 s=BANNER_CONNECTING pgs=0 cs=0 l=0 rev1=0 crypto rx=0 tx=0 comp rx=0 tx=0)._handle_peer_banner_payload supported=3 required=0
2026-03-09T15:48:25.529 INFO:teuthology.orchestra.run.vm01.stdout:/usr/bin/ceph: stderr
2026-03-09T15:48:25.318+0000 7f3e57fff640 1 --2- >> [v2:192.168.123.101:3300/0,v1:192.168.123.101:6789/0] conn(0x7f3e581065b0 0x7f3e581069b0 unknown :-1 s=HELLO_CONNECTING pgs=0 cs=0 l=0 rev1=1 crypto rx=0 tx=0 comp rx=0 tx=0).handle_hello peer v2:192.168.123.101:3300/0 says I am v2:192.168.123.101:38478/0 (socket says 192.168.123.101:38478)
2026-03-09T15:48:25.529 INFO:teuthology.orchestra.run.vm01.stdout:/usr/bin/ceph: stderr
2026-03-09T15:48:25.318+0000 7f3e57fff640 1 -- 192.168.123.101:0/1774696915 learned_addr learned my addr 192.168.123.101:0/1774696915 (peer_addr_for_me v2:192.168.123.101:0/0)
2026-03-09T15:48:25.529 INFO:teuthology.orchestra.run.vm01.stdout:/usr/bin/ceph: stderr
2026-03-09T15:48:25.318+0000 7f3e57fff640 1 -- 192.168.123.101:0/1774696915 --> [v2:192.168.123.101:3300/0,v1:192.168.123.101:6789/0] -- mon_subscribe({config=0+,monmap=0+}) -- 0x7f3e581077b0 con 0x7f3e581065b0
2026-03-09T15:48:25.529 INFO:teuthology.orchestra.run.vm01.stdout:/usr/bin/ceph: stderr
2026-03-09T15:48:25.322+0000 7f3e57fff640 1 --2- 192.168.123.101:0/1774696915 >> [v2:192.168.123.101:3300/0,v1:192.168.123.101:6789/0] conn(0x7f3e581065b0 0x7f3e581069b0 secure :-1 s=READY pgs=74 cs=0 l=1 rev1=1 crypto rx=0x7f3e3c009b80 tx=0x7f3e3c02f190 comp rx=0 tx=0).ready entity=mon.0 client_cookie=eb3976a7e65807fb server_cookie=0 in_seq=0 out_seq=0
2026-03-09T15:48:25.530 INFO:teuthology.orchestra.run.vm01.stdout:/usr/bin/ceph: stderr
2026-03-09T15:48:25.322+0000 7f3e56ffd640 1 -- 192.168.123.101:0/1774696915 <== mon.0 v2:192.168.123.101:3300/0 1 ==== mon_map magic: 0 ==== 205+0+0 (secure 0 0 0) 0x7f3e3c03c070 con 0x7f3e581065b0
2026-03-09T15:48:25.530 INFO:teuthology.orchestra.run.vm01.stdout:/usr/bin/ceph: stderr
2026-03-09T15:48:25.322+0000 7f3e56ffd640 1 -- 192.168.123.101:0/1774696915 <== mon.0 v2:192.168.123.101:3300/0 2 ==== config(23 keys) ==== 978+0+0 (secure 0 0 0) 0x7f3e3c037440 con 0x7f3e581065b0
2026-03-09T15:48:25.530 INFO:teuthology.orchestra.run.vm01.stdout:/usr/bin/ceph: stderr
2026-03-09T15:48:25.322+0000 7f3e5e75e640 1 -- 192.168.123.101:0/1774696915 >> [v2:192.168.123.101:3300/0,v1:192.168.123.101:6789/0] conn(0x7f3e581065b0 msgr2=0x7f3e581069b0 secure :-1 s=STATE_CONNECTION_ESTABLISHED l=1).mark_down
2026-03-09T15:48:25.530 INFO:teuthology.orchestra.run.vm01.stdout:/usr/bin/ceph: stderr
2026-03-09T15:48:25.322+0000 7f3e5e75e640 1 --2- 192.168.123.101:0/1774696915 >> [v2:192.168.123.101:3300/0,v1:192.168.123.101:6789/0] conn(0x7f3e581065b0 0x7f3e581069b0 secure :-1 s=READY pgs=74 cs=0 l=1 rev1=1 crypto rx=0x7f3e3c009b80 tx=0x7f3e3c02f190 comp rx=0 tx=0).stop
2026-03-09T15:48:25.530 INFO:teuthology.orchestra.run.vm01.stdout:/usr/bin/ceph: stderr
2026-03-09T15:48:25.322+0000 7f3e5e75e640 1 -- 192.168.123.101:0/1774696915 shutdown_connections
2026-03-09T15:48:25.530 INFO:teuthology.orchestra.run.vm01.stdout:/usr/bin/ceph: stderr
2026-03-09T15:48:25.322+0000 7f3e5e75e640 1 --2- 192.168.123.101:0/1774696915 >> [v2:192.168.123.101:3300/0,v1:192.168.123.101:6789/0] conn(0x7f3e581065b0 0x7f3e581069b0 unknown :-1 s=CLOSED pgs=74 cs=0 l=1 rev1=1 crypto rx=0 tx=0 comp rx=0 tx=0).stop
2026-03-09T15:48:25.530 INFO:teuthology.orchestra.run.vm01.stdout:/usr/bin/ceph: stderr
2026-03-09T15:48:25.322+0000 7f3e5e75e640 1 -- 192.168.123.101:0/1774696915 >> 192.168.123.101:0/1774696915 conn(0x7f3e58101d60 msgr2=0x7f3e58104180 unknown :-1 s=STATE_NONE l=0).mark_down
2026-03-09T15:48:25.530 INFO:teuthology.orchestra.run.vm01.stdout:/usr/bin/ceph: stderr
2026-03-09T15:48:25.322+0000 7f3e5e75e640 1 -- 192.168.123.101:0/1774696915 shutdown_connections
2026-03-09T15:48:25.530 INFO:teuthology.orchestra.run.vm01.stdout:/usr/bin/ceph: stderr
2026-03-09T15:48:25.322+0000 7f3e5e75e640 1 -- 192.168.123.101:0/1774696915 wait complete.
2026-03-09T15:48:25.530 INFO:teuthology.orchestra.run.vm01.stdout:/usr/bin/ceph: stderr
2026-03-09T15:48:25.322+0000 7f3e5e75e640 1 Processor -- start
2026-03-09T15:48:25.530 INFO:teuthology.orchestra.run.vm01.stdout:/usr/bin/ceph: stderr
2026-03-09T15:48:25.322+0000 7f3e5e75e640 1 -- start start
2026-03-09T15:48:25.530 INFO:teuthology.orchestra.run.vm01.stdout:/usr/bin/ceph: stderr
2026-03-09T15:48:25.322+0000 7f3e5e75e640 1 --2- >> [v2:192.168.123.101:3300/0,v1:192.168.123.101:6789/0] conn(0x7f3e581065b0 0x7f3e581953a0 unknown :-1 s=NONE pgs=0 cs=0 l=1 rev1=0 crypto rx=0 tx=0 comp rx=0 tx=0).connect
2026-03-09T15:48:25.530 INFO:teuthology.orchestra.run.vm01.stdout:/usr/bin/ceph: stderr
2026-03-09T15:48:25.322+0000 7f3e5e75e640 1 -- --> [v2:192.168.123.101:3300/0,v1:192.168.123.101:6789/0] -- mon_getmap magic: 0 -- 0x7f3e5810a9e0 con 0x7f3e581065b0
2026-03-09T15:48:25.530 INFO:teuthology.orchestra.run.vm01.stdout:/usr/bin/ceph: stderr
2026-03-09T15:48:25.322+0000 7f3e57fff640 1 --2- >> [v2:192.168.123.101:3300/0,v1:192.168.123.101:6789/0] conn(0x7f3e581065b0 0x7f3e581953a0 unknown :-1 s=BANNER_CONNECTING pgs=0 cs=0 l=1 rev1=0 crypto rx=0 tx=0 comp rx=0 tx=0)._handle_peer_banner_payload supported=3 required=0
2026-03-09T15:48:25.530 INFO:teuthology.orchestra.run.vm01.stdout:/usr/bin/ceph: stderr
2026-03-09T15:48:25.322+0000 7f3e57fff640 1 --2- >> [v2:192.168.123.101:3300/0,v1:192.168.123.101:6789/0] conn(0x7f3e581065b0 0x7f3e581953a0 unknown :-1 s=HELLO_CONNECTING pgs=0 cs=0 l=1 rev1=1 crypto rx=0 tx=0 comp rx=0 tx=0).handle_hello peer v2:192.168.123.101:3300/0 says I am v2:192.168.123.101:38480/0 (socket says 192.168.123.101:38480)
2026-03-09T15:48:25.530 INFO:teuthology.orchestra.run.vm01.stdout:/usr/bin/ceph: stderr
2026-03-09T15:48:25.322+0000 7f3e57fff640 1 -- 192.168.123.101:0/1457351094 learned_addr learned my addr 192.168.123.101:0/1457351094 (peer_addr_for_me v2:192.168.123.101:0/0)
2026-03-09T15:48:25.530 INFO:teuthology.orchestra.run.vm01.stdout:/usr/bin/ceph: stderr
2026-03-09T15:48:25.322+0000 7f3e57fff640 1 -- 192.168.123.101:0/1457351094 --> [v2:192.168.123.101:3300/0,v1:192.168.123.101:6789/0] -- mon_subscribe({config=0+,monmap=0+}) -- 0x7f3e581958e0 con 0x7f3e581065b0
2026-03-09T15:48:25.530 INFO:teuthology.orchestra.run.vm01.stdout:/usr/bin/ceph: stderr
2026-03-09T15:48:25.322+0000 7f3e57fff640 1 --2- 192.168.123.101:0/1457351094 >> [v2:192.168.123.101:3300/0,v1:192.168.123.101:6789/0] conn(0x7f3e581065b0 0x7f3e581953a0 secure :-1 s=READY pgs=75 cs=0 l=1 rev1=1 crypto rx=0x7f3e3c003940 tx=0x7f3e3c003970 comp rx=0 tx=0).ready entity=mon.0 client_cookie=0 server_cookie=0 in_seq=0 out_seq=0
2026-03-09T15:48:25.530 INFO:teuthology.orchestra.run.vm01.stdout:/usr/bin/ceph: stderr
2026-03-09T15:48:25.322+0000 7f3e557fa640 1 -- 192.168.123.101:0/1457351094 <== mon.0 v2:192.168.123.101:3300/0 1 ==== mon_map magic: 0 ==== 205+0+0 (secure 0 0 0) 0x7f3e3c047070 con 0x7f3e581065b0
2026-03-09T15:48:25.530 INFO:teuthology.orchestra.run.vm01.stdout:/usr/bin/ceph: stderr
2026-03-09T15:48:25.326+0000 7f3e557fa640 1 -- 192.168.123.101:0/1457351094 <== mon.0 v2:192.168.123.101:3300/0 2 ==== config(23 keys) ==== 978+0+0 (secure 0 0 0) 0x7f3e3c003c00 con 0x7f3e581065b0
2026-03-09T15:48:25.530 INFO:teuthology.orchestra.run.vm01.stdout:/usr/bin/ceph: stderr
2026-03-09T15:48:25.326+0000 7f3e557fa640 1 -- 192.168.123.101:0/1457351094 <== mon.0 v2:192.168.123.101:3300/0 3 ==== mon_map magic: 0 ==== 205+0+0 (secure 0 0 0) 0x7f3e3c03c040 con 0x7f3e581065b0
2026-03-09T15:48:25.530 INFO:teuthology.orchestra.run.vm01.stdout:/usr/bin/ceph: stderr
2026-03-09T15:48:25.326+0000 7f3e5e75e640 1 -- 192.168.123.101:0/1457351094 --> [v2:192.168.123.101:3300/0,v1:192.168.123.101:6789/0] -- mon_subscribe({mgrmap=0+}) -- 0x7f3e58195b70 con 0x7f3e581065b0
2026-03-09T15:48:25.530 INFO:teuthology.orchestra.run.vm01.stdout:/usr/bin/ceph: stderr
2026-03-09T15:48:25.326+0000 7f3e5e75e640 1 -- 192.168.123.101:0/1457351094 --> [v2:192.168.123.101:3300/0,v1:192.168.123.101:6789/0] -- mon_subscribe({osdmap=0}) -- 0x7f3e58192130 con 0x7f3e581065b0
2026-03-09T15:48:25.530 INFO:teuthology.orchestra.run.vm01.stdout:/usr/bin/ceph: stderr
2026-03-09T15:48:25.326+0000 7f3e4affd640 1 -- 192.168.123.101:0/1457351094 --> [v2:192.168.123.101:3300/0,v1:192.168.123.101:6789/0] -- mon_command({"prefix": "get_command_descriptions"} v 0) -- 0x7f3e20005180 con 0x7f3e581065b0
2026-03-09T15:48:25.530 INFO:teuthology.orchestra.run.vm01.stdout:/usr/bin/ceph: stderr
2026-03-09T15:48:25.326+0000 7f3e557fa640 1 -- 192.168.123.101:0/1457351094 <== mon.0 v2:192.168.123.101:3300/0 4 ==== mgrmap(e 10) ==== 50154+0+0 (secure 0 0 0) 0x7f3e3c035640 con 0x7f3e581065b0
2026-03-09T15:48:25.530 INFO:teuthology.orchestra.run.vm01.stdout:/usr/bin/ceph: stderr
2026-03-09T15:48:25.326+0000 7f3e557fa640 1 --2- 192.168.123.101:0/1457351094 >> [v2:192.168.123.101:6800/1421049061,v1:192.168.123.101:6801/1421049061] conn(0x7f3e2c03d800 0x7f3e2c03fcc0 unknown :-1 s=NONE pgs=0 cs=0 l=1 rev1=0 crypto rx=0 tx=0 comp rx=0 tx=0).connect
