2026-03-09T15:48:08.966+0000 7f90c17fa640 1 -- 192.168.123.101:0/2808265687 <== mon.0 v2:192.168.123.101:3300/0 3 ==== mon_map magic: 0 ==== 205+0+0 (secure 0 0 0) 0x7f90a8042ca0 con 0x7f90c407be60
2026-03-09T15:48:09.296 INFO:teuthology.orchestra.run.vm01.stdout:/usr/bin/ceph: stderr
2026-03-09T15:48:08.966+0000 7f90ca5b9640 1 -- 192.168.123.101:0/2808265687 --> [v2:192.168.123.101:3300/0,v1:192.168.123.101:6789/0] -- mon_subscribe({mgrmap=0+}) -- 0x7f90c419edc0 con 0x7f90c407be60
2026-03-09T15:48:09.296 INFO:teuthology.orchestra.run.vm01.stdout:/usr/bin/ceph: stderr
2026-03-09T15:48:08.966+0000 7f90ca5b9640 1 -- 192.168.123.101:0/2808265687 --> [v2:192.168.123.101:3300/0,v1:192.168.123.101:6789/0] -- mon_subscribe({osdmap=0}) -- 0x7f90c419f1e0 con 0x7f90c407be60
2026-03-09T15:48:09.296 INFO:teuthology.orchestra.run.vm01.stdout:/usr/bin/ceph: stderr
2026-03-09T15:48:08.966+0000 7f90c17fa640 1 -- 192.168.123.101:0/2808265687 <== mon.0 v2:192.168.123.101:3300/0 4 ==== mgrmap(e 3) ==== 50130+0+0 (secure 0 0 0) 0x7f90a804c430 con 0x7f90c407be60
2026-03-09T15:48:09.296 INFO:teuthology.orchestra.run.vm01.stdout:/usr/bin/ceph: stderr
2026-03-09T15:48:08.966+0000 7f90c17fa640 1 --2- 192.168.123.101:0/2808265687 >> [v2:192.168.123.101:6800/2299265276,v1:192.168.123.101:6801/2299265276] conn(0x7f909803dad0 0x7f909803ff90 unknown :-1 s=NONE pgs=0 cs=0 l=1 rev1=0 crypto rx=0 tx=0 comp rx=0 tx=0).connect
2026-03-09T15:48:09.296 INFO:teuthology.orchestra.run.vm01.stdout:/usr/bin/ceph: stderr
2026-03-09T15:48:08.966+0000 7f90c17fa640 1 -- 192.168.123.101:0/2808265687 <== mon.0 v2:192.168.123.101:3300/0 5 ==== osd_map(1..1 src has 1..1) ==== 725+0+0 (secure 0 0 0) 0x7f90a803d070 con 0x7f90c407be60
2026-03-09T15:48:09.296 INFO:teuthology.orchestra.run.vm01.stdout:/usr/bin/ceph: stderr
2026-03-09T15:48:08.970+0000 7f90c37fe640 1 --2- 192.168.123.101:0/2808265687 >> [v2:192.168.123.101:6800/2299265276,v1:192.168.123.101:6801/2299265276] conn(0x7f909803dad0 0x7f909803ff90 unknown :-1 s=BANNER_CONNECTING pgs=0 cs=0 l=1 rev1=0 crypto rx=0 tx=0 comp rx=0 tx=0)._handle_peer_banner_payload supported=3 required=0
2026-03-09T15:48:09.296 INFO:teuthology.orchestra.run.vm01.stdout:/usr/bin/ceph: stderr
2026-03-09T15:48:08.970+0000 7f90ca5b9640 1 -- 192.168.123.101:0/2808265687 --> [v2:192.168.123.101:3300/0,v1:192.168.123.101:6789/0] -- mon_command({"prefix": "get_command_descriptions"} v 0) -- 0x7f9088005180 con 0x7f90c407be60
2026-03-09T15:48:09.296 INFO:teuthology.orchestra.run.vm01.stdout:/usr/bin/ceph: stderr
2026-03-09T15:48:08.974+0000 7f90c37fe640 1 --2- 192.168.123.101:0/2808265687 >> [v2:192.168.123.101:6800/2299265276,v1:192.168.123.101:6801/2299265276] conn(0x7f909803dad0 0x7f909803ff90 secure :-1 s=READY pgs=8 cs=0 l=1 rev1=1 crypto rx=0x7f90b00099c0 tx=0x7f90b0006eb0 comp rx=0 tx=0).ready entity=mgr.14102 client_cookie=0 server_cookie=0 in_seq=0 out_seq=0
2026-03-09T15:48:09.296 INFO:teuthology.orchestra.run.vm01.stdout:/usr/bin/ceph: stderr
2026-03-09T15:48:08.974+0000 7f90c17fa640 1 -- 192.168.123.101:0/2808265687 <== mon.0 v2:192.168.123.101:3300/0 6 ==== mon_command_ack([{"prefix": "get_command_descriptions"}]=0 v0) ==== 72+0+195034 (secure 0 0 0) 0x7f90a8033c90 con 0x7f90c407be60
2026-03-09T15:48:09.296 INFO:teuthology.orchestra.run.vm01.stdout:/usr/bin/ceph: stderr
2026-03-09T15:48:09.090+0000 7f90ca5b9640 1 -- 192.168.123.101:0/2808265687 --> [v2:192.168.123.101:3300/0,v1:192.168.123.101:6789/0] -- mon_command({"prefix": "mgr module enable", "module": "cephadm"} v 0) -- 0x7f9088005470 con 0x7f90c407be60
2026-03-09T15:48:09.296 INFO:teuthology.orchestra.run.vm01.stdout:/usr/bin/ceph: stderr
2026-03-09T15:48:09.214+0000 7f90c17fa640 1 -- 192.168.123.101:0/2808265687 <== mon.0 v2:192.168.123.101:3300/0 7 ==== mon_command_ack([{"prefix": "mgr module enable", "module": "cephadm"}]=0 v4) ==== 86+0+0 (secure 0 0 0) 0x7f90a8035dc0 con 0x7f90c407be60
2026-03-09T15:48:09.296 INFO:teuthology.orchestra.run.vm01.stdout:/usr/bin/ceph: stderr
2026-03-09T15:48:09.218+0000 7f90c17fa640 1 -- 192.168.123.101:0/2808265687 <== mon.0 v2:192.168.123.101:3300/0 8 ==== mgrmap(e 4) ==== 50247+0+0 (secure 0 0 0) 0x7f90a8077020 con 0x7f90c407be60
2026-03-09T15:48:09.296 INFO:teuthology.orchestra.run.vm01.stdout:/usr/bin/ceph: stderr
2026-03-09T15:48:09.222+0000 7f90ca5b9640 1 -- 192.168.123.101:0/2808265687 >> [v2:192.168.123.101:6800/2299265276,v1:192.168.123.101:6801/2299265276] conn(0x7f909803dad0 msgr2=0x7f909803ff90 secure :-1 s=STATE_CONNECTION_ESTABLISHED l=1).mark_down
2026-03-09T15:48:09.296 INFO:teuthology.orchestra.run.vm01.stdout:/usr/bin/ceph: stderr
2026-03-09T15:48:09.222+0000 7f90ca5b9640 1 --2- 192.168.123.101:0/2808265687 >> [v2:192.168.123.101:6800/2299265276,v1:192.168.123.101:6801/2299265276] conn(0x7f909803dad0 0x7f909803ff90 secure :-1 s=READY pgs=8 cs=0 l=1 rev1=1 crypto rx=0x7f90b00099c0 tx=0x7f90b0006eb0 comp rx=0 tx=0).stop
2026-03-09T15:48:09.296 INFO:teuthology.orchestra.run.vm01.stdout:/usr/bin/ceph: stderr
2026-03-09T15:48:09.222+0000 7f90ca5b9640 1 -- 192.168.123.101:0/2808265687 >> [v2:192.168.123.101:3300/0,v1:192.168.123.101:6789/0] conn(0x7f90c407be60 msgr2=0x7f90c419e5f0 secure :-1 s=STATE_CONNECTION_ESTABLISHED l=1).mark_down
2026-03-09T15:48:09.296 INFO:teuthology.orchestra.run.vm01.stdout:/usr/bin/ceph: stderr
2026-03-09T15:48:09.222+0000 7f90ca5b9640 1 --2- 192.168.123.101:0/2808265687 >> [v2:192.168.123.101:3300/0,v1:192.168.123.101:6789/0] conn(0x7f90c407be60 0x7f90c419e5f0 secure :-1 s=READY pgs=21 cs=0 l=1 rev1=1 crypto rx=0x7f90a8009a50 tx=0x7f90a8036ec0 comp rx=0 tx=0).stop
2026-03-09T15:48:09.296 INFO:teuthology.orchestra.run.vm01.stdout:/usr/bin/ceph: stderr
2026-03-09T15:48:09.222+0000 7f90ca5b9640 1 -- 192.168.123.101:0/2808265687 shutdown_connections
2026-03-09T15:48:09.296 INFO:teuthology.orchestra.run.vm01.stdout:/usr/bin/ceph: stderr
2026-03-09T15:48:09.222+0000 7f90ca5b9640 1 --2- 192.168.123.101:0/2808265687 >> [v2:192.168.123.101:6800/2299265276,v1:192.168.123.101:6801/2299265276] conn(0x7f909803dad0 0x7f909803ff90 unknown :-1 s=CLOSED pgs=8 cs=0 l=1 rev1=1 crypto rx=0 tx=0 comp rx=0 tx=0).stop
2026-03-09T15:48:09.296 INFO:teuthology.orchestra.run.vm01.stdout:/usr/bin/ceph: stderr
2026-03-09T15:48:09.222+0000 7f90ca5b9640 1 --2- 192.168.123.101:0/2808265687 >> [v2:192.168.123.101:3300/0,v1:192.168.123.101:6789/0] conn(0x7f90c407be60 0x7f90c419e5f0 unknown :-1 s=CLOSED pgs=21 cs=0 l=1 rev1=1 crypto rx=0 tx=0 comp rx=0 tx=0).stop
2026-03-09T15:48:09.296 INFO:teuthology.orchestra.run.vm01.stdout:/usr/bin/ceph: stderr
2026-03-09T15:48:09.222+0000 7f90ca5b9640 1 -- 192.168.123.101:0/2808265687 >> 192.168.123.101:0/2808265687 conn(0x7f90c4101d80 msgr2=0x7f90c4102950 unknown :-1 s=STATE_NONE l=0).mark_down
2026-03-09T15:48:09.296 INFO:teuthology.orchestra.run.vm01.stdout:/usr/bin/ceph: stderr
2026-03-09T15:48:09.222+0000 7f90ca5b9640 1 -- 192.168.123.101:0/2808265687 shutdown_connections
2026-03-09T15:48:09.296 INFO:teuthology.orchestra.run.vm01.stdout:/usr/bin/ceph: stderr
2026-03-09T15:48:09.222+0000 7f90ca5b9640 1 -- 192.168.123.101:0/2808265687 wait complete.
2026-03-09T15:48:09.419 INFO:journalctl@ceph.mon.a.vm01.stdout:Mar 09 15:48:09 vm01 bash[20728]: audit
2026-03-09T15:48:08.491718+0000 mon.a (mon.0) 29 : audit [DBG] from='client.? 192.168.123.101:0/1471219276' entity='client.admin' cmd=[{"prefix": "status", "format": "json-pretty"}]: dispatch
2026-03-09T15:48:09.419 INFO:journalctl@ceph.mon.a.vm01.stdout:Mar 09 15:48:09 vm01 bash[20728]: audit
2026-03-09T15:48:08.491718+0000 mon.a (mon.0) 29 : audit [DBG] from='client.? 192.168.123.101:0/1471219276' entity='client.admin' cmd=[{"prefix": "status", "format": "json-pretty"}]: dispatch
2026-03-09T15:48:09.419 INFO:journalctl@ceph.mon.a.vm01.stdout:Mar 09 15:48:09 vm01 bash[20728]: audit
2026-03-09T15:48:08.772597+0000 mon.a (mon.0) 30 : audit [INF] from='client.? 192.168.123.101:0/2712992155' entity='client.admin' cmd=[{"prefix": "config assimilate-conf"}]: dispatch
2026-03-09T15:48:09.419 INFO:journalctl@ceph.mon.a.vm01.stdout:Mar 09 15:48:09 vm01 bash[20728]: audit
2026-03-09T15:48:08.772597+0000 mon.a (mon.0) 30 : audit [INF] from='client.? 192.168.123.101:0/2712992155' entity='client.admin' cmd=[{"prefix": "config assimilate-conf"}]: dispatch
2026-03-09T15:48:09.419 INFO:journalctl@ceph.mon.a.vm01.stdout:Mar 09 15:48:09 vm01 bash[20728]: audit
2026-03-09T15:48:09.096742+0000 mon.a (mon.0) 31 : audit [INF] from='client.? 192.168.123.101:0/2808265687' entity='client.admin' cmd=[{"prefix": "mgr module enable", "module": "cephadm"}]: dispatch
2026-03-09T15:48:09.419 INFO:journalctl@ceph.mon.a.vm01.stdout:Mar 09 15:48:09 vm01 bash[20728]: audit
2026-03-09T15:48:09.096742+0000 mon.a (mon.0) 31 : audit [INF] from='client.? 192.168.123.101:0/2808265687' entity='client.admin' cmd=[{"prefix": "mgr module enable", "module": "cephadm"}]: dispatch
2026-03-09T15:48:09.419 INFO:journalctl@ceph.mgr.y.vm01.stdout:Mar 09 15:48:09 vm01 bash[21002]: ignoring --setuser ceph since I am not root
2026-03-09T15:48:09.419 INFO:journalctl@ceph.mgr.y.vm01.stdout:Mar 09 15:48:09 vm01 bash[21002]: ignoring --setgroup ceph since I am not root
2026-03-09T15:48:09.419 INFO:journalctl@ceph.mgr.y.vm01.stdout:Mar 09 15:48:09 vm01 bash[21002]: debug
2026-03-09T15:48:09.354+0000 7f3e922d1140 -1 mgr[py] Module status has missing NOTIFY_TYPES member
2026-03-09T15:48:09.674 INFO:journalctl@ceph.mgr.y.vm01.stdout:Mar 09 15:48:09 vm01 bash[21002]: debug
2026-03-09T15:48:09.410+0000 7f3e922d1140 -1 mgr[py] Module osd_support has missing NOTIFY_TYPES member
2026-03-09T15:48:09.674 INFO:journalctl@ceph.mgr.y.vm01.stdout:Mar 09 15:48:09 vm01 bash[21002]: debug
2026-03-09T15:48:09.554+0000 7f3e922d1140 -1 mgr[py] Module rgw has missing NOTIFY_TYPES member
2026-03-09T15:48:09.708 INFO:teuthology.orchestra.run.vm01.stdout:/usr/bin/ceph: stdout {
2026-03-09T15:48:09.708 INFO:teuthology.orchestra.run.vm01.stdout:/usr/bin/ceph: stdout "epoch": 4,
2026-03-09T15:48:09.708 INFO:teuthology.orchestra.run.vm01.stdout:/usr/bin/ceph: stdout "available": true,
2026-03-09T15:48:09.708 INFO:teuthology.orchestra.run.vm01.stdout:/usr/bin/ceph: stdout "active_name": "y",
2026-03-09T15:48:09.708 INFO:teuthology.orchestra.run.vm01.stdout:/usr/bin/ceph: stdout "num_standby": 0
2026-03-09T15:48:09.708 INFO:teuthology.orchestra.run.vm01.stdout:/usr/bin/ceph: stdout }
2026-03-09T15:48:09.708 INFO:teuthology.orchestra.run.vm01.stdout:/usr/bin/ceph: stderr
2026-03-09T15:48:09.518+0000 7f36faeda640 1 Processor -- start
2026-03-09T15:48:09.708 INFO:teuthology.orchestra.run.vm01.stdout:/usr/bin/ceph: stderr
2026-03-09T15:48:09.518+0000 7f36faeda640 1 -- start start
2026-03-09T15:48:09.708 INFO:teuthology.orchestra.run.vm01.stdout:/usr/bin/ceph: stderr
2026-03-09T15:48:09.518+0000 7f36faeda640 1 --2- >> [v2:192.168.123.101:3300/0,v1:192.168.123.101:6789/0] conn(0x7f36ec0a4920 0x7f36ec0a4d20 unknown :-1 s=NONE pgs=0 cs=0 l=0 rev1=0 crypto rx=0 tx=0 comp rx=0 tx=0).connect
2026-03-09T15:48:09.708 INFO:teuthology.orchestra.run.vm01.stdout:/usr/bin/ceph: stderr
2026-03-09T15:48:09.518+0000 7f36faeda640 1 -- --> [v2:192.168.123.101:3300/0,v1:192.168.123.101:6789/0] -- mon_getmap magic: 0 -- 0x7f36ec0a52f0 con 0x7f36ec0a4920
2026-03-09T15:48:09.708 INFO:teuthology.orchestra.run.vm01.stdout:/usr/bin/ceph: stderr
2026-03-09T15:48:09.518+0000 7f36f9ed8640 1 --2- >> [v2:192.168.123.101:3300/0,v1:192.168.123.101:6789/0] conn(0x7f36ec0a4920 0x7f36ec0a4d20 unknown :-1 s=BANNER_CONNECTING pgs=0 cs=0 l=0 rev1=0 crypto rx=0 tx=0 comp rx=0 tx=0)._handle_peer_banner_payload supported=3 required=0
2026-03-09T15:48:09.708 INFO:teuthology.orchestra.run.vm01.stdout:/usr/bin/ceph: stderr
2026-03-09T15:48:09.518+0000 7f36f9ed8640 1 --2- >> [v2:192.168.123.101:3300/0,v1:192.168.123.101:6789/0] conn(0x7f36ec0a4920 0x7f36ec0a4d20 unknown :-1 s=HELLO_CONNECTING pgs=0 cs=0 l=0 rev1=1 crypto rx=0 tx=0 comp rx=0 tx=0).handle_hello peer v2:192.168.123.101:3300/0 says I am v2:192.168.123.101:43774/0 (socket says 192.168.123.101:43774)
2026-03-09T15:48:09.708 INFO:teuthology.orchestra.run.vm01.stdout:/usr/bin/ceph: stderr
2026-03-09T15:48:09.518+0000 7f36f9ed8640 1 -- 192.168.123.101:0/3130042148 learned_addr learned my addr 192.168.123.101:0/3130042148 (peer_addr_for_me v2:192.168.123.101:0/0)
2026-03-09T15:48:09.708 INFO:teuthology.orchestra.run.vm01.stdout:/usr/bin/ceph: stderr
2026-03-09T15:48:09.518+0000 7f36f9ed8640 1 -- 192.168.123.101:0/3130042148 --> [v2:192.168.123.101:3300/0,v1:192.168.123.101:6789/0] -- mon_subscribe({config=0+,monmap=0+}) -- 0x7f36ec0a5b20 con 0x7f36ec0a4920
2026-03-09T15:48:09.708 INFO:teuthology.orchestra.run.vm01.stdout:/usr/bin/ceph: stderr
2026-03-09T15:48:09.518+0000 7f36f9ed8640 1 --2- 192.168.123.101:0/3130042148 >> [v2:192.168.123.101:3300/0,v1:192.168.123.101:6789/0] conn(0x7f36ec0a4920 0x7f36ec0a4d20 secure :-1 s=READY pgs=24 cs=0 l=1 rev1=1 crypto rx=0x7f36f000a9c0 tx=0x7f36f0033650 comp rx=0 tx=0).ready entity=mon.0 client_cookie=7bbdf7f9fad06370 server_cookie=0 in_seq=0 out_seq=0
2026-03-09T15:48:09.708 INFO:teuthology.orchestra.run.vm01.stdout:/usr/bin/ceph: stderr
2026-03-09T15:48:09.518+0000 7f36f8ed6640 1 -- 192.168.123.101:0/3130042148 <== mon.0 v2:192.168.123.101:3300/0 1 ==== mon_map magic: 0 ==== 205+0+0 (secure 0 0 0) 0x7f36f0037580 con 0x7f36ec0a4920
2026-03-09T15:48:09.708 INFO:teuthology.orchestra.run.vm01.stdout:/usr/bin/ceph: stderr
2026-03-09T15:48:09.518+0000 7f36f8ed6640 1 -- 192.168.123.101:0/3130042148 <== mon.0 v2:192.168.123.101:3300/0 2 ==== config(23 keys) ==== 947+0+0 (secure 0 0 0) 0x7f36f0037b40 con 0x7f36ec0a4920
2026-03-09T15:48:09.708 INFO:teuthology.orchestra.run.vm01.stdout:/usr/bin/ceph: stderr
2026-03-09T15:48:09.518+0000 7f36f8ed6640 1 -- 192.168.123.101:0/3130042148 <== mon.0 v2:192.168.123.101:3300/0 3 ==== mon_map magic: 0 ==== 205+0+0 (secure 0 0 0) 0x7f36f003ca30 con 0x7f36ec0a4920
2026-03-09T15:48:09.708 INFO:teuthology.orchestra.run.vm01.stdout:/usr/bin/ceph: stderr
2026-03-09T15:48:09.518+0000 7f36faeda640 1 -- 192.168.123.101:0/3130042148 >> [v2:192.168.123.101:3300/0,v1:192.168.123.101:6789/0] conn(0x7f36ec0a4920 msgr2=0x7f36ec0a4d20 secure :-1 s=STATE_CONNECTION_ESTABLISHED l=1).mark_down
2026-03-09T15:48:09.708 INFO:teuthology.orchestra.run.vm01.stdout:/usr/bin/ceph: stderr
2026-03-09T15:48:09.518+0000 7f36faeda640 1 --2- 192.168.123.101:0/3130042148 >> [v2:192.168.123.101:3300/0,v1:192.168.123.101:6789/0] conn(0x7f36ec0a4920 0x7f36ec0a4d20 secure :-1 s=READY pgs=24 cs=0 l=1 rev1=1 crypto rx=0x7f36f000a9c0 tx=0x7f36f0033650 comp rx=0 tx=0).stop
2026-03-09T15:48:09.708 INFO:teuthology.orchestra.run.vm01.stdout:/usr/bin/ceph: stderr
2026-03-09T15:48:09.518+0000 7f36faeda640 1 -- 192.168.123.101:0/3130042148 shutdown_connections
2026-03-09T15:48:09.708 INFO:teuthology.orchestra.run.vm01.stdout:/usr/bin/ceph: stderr
2026-03-09T15:48:09.518+0000 7f36faeda640 1 --2- 192.168.123.101:0/3130042148 >> [v2:192.168.123.101:3300/0,v1:192.168.123.101:6789/0] conn(0x7f36ec0a4920 0x7f36ec0a4d20 unknown :-1 s=CLOSED pgs=24 cs=0 l=1 rev1=1 crypto rx=0 tx=0 comp rx=0 tx=0).stop
2026-03-09T15:48:09.708 INFO:teuthology.orchestra.run.vm01.stdout:/usr/bin/ceph: stderr
2026-03-09T15:48:09.518+0000 7f36faeda640 1 -- 192.168.123.101:0/3130042148 >> 192.168.123.101:0/3130042148 conn(0x7f36ec09fc30 msgr2=0x7f36ec0a2090 unknown :-1 s=STATE_NONE l=0).mark_down
2026-03-09T15:48:09.708 INFO:teuthology.orchestra.run.vm01.stdout:/usr/bin/ceph: stderr
2026-03-09T15:48:09.518+0000 7f36faeda640 1 -- 192.168.123.101:0/3130042148 shutdown_connections
2026-03-09T15:48:09.708 INFO:teuthology.orchestra.run.vm01.stdout:/usr/bin/ceph: stderr
2026-03-09T15:48:09.518+0000 7f36faeda640 1 -- 192.168.123.101:0/3130042148 wait complete.
2026-03-09T15:48:09.708 INFO:teuthology.orchestra.run.vm01.stdout:/usr/bin/ceph: stderr
2026-03-09T15:48:09.522+0000 7f36faeda640 1 Processor -- start
2026-03-09T15:48:09.708 INFO:teuthology.orchestra.run.vm01.stdout:/usr/bin/ceph: stderr
2026-03-09T15:48:09.522+0000 7f36faeda640 1 -- start start
2026-03-09T15:48:09.708 INFO:teuthology.orchestra.run.vm01.stdout:/usr/bin/ceph: stderr
2026-03-09T15:48:09.522+0000 7f36faeda640 1 --2- >> [v2:192.168.123.101:3300/0,v1:192.168.123.101:6789/0] conn(0x7f36ec0a4920 0x7f36ec142c00 unknown :-1 s=NONE pgs=0 cs=0 l=1 rev1=0 crypto rx=0 tx=0 comp rx=0 tx=0).connect
2026-03-09T15:48:09.708 INFO:teuthology.orchestra.run.vm01.stdout:/usr/bin/ceph: stderr
2026-03-09T15:48:09.522+0000 7f36faeda640 1 -- --> [v2:192.168.123.101:3300/0,v1:192.168.123.101:6789/0] -- mon_getmap magic: 0 -- 0x7f36ec0a64c0 con 0x7f36ec0a4920
2026-03-09T15:48:09.708 INFO:teuthology.orchestra.run.vm01.stdout:/usr/bin/ceph: stderr
2026-03-09T15:48:09.522+0000 7f36f9ed8640 1 --2- >> [v2:192.168.123.101:3300/0,v1:192.168.123.101:6789/0] conn(0x7f36ec0a4920 0x7f36ec142c00 unknown :-1 s=BANNER_CONNECTING pgs=0 cs=0 l=1 rev1=0 crypto rx=0 tx=0 comp rx=0 tx=0)._handle_peer_banner_payload supported=3 required=0
2026-03-09T15:48:09.708 INFO:teuthology.orchestra.run.vm01.stdout:/usr/bin/ceph: stderr
2026-03-09T15:48:09.522+0000 7f36f9ed8640 1 --2- >> [v2:192.168.123.101:3300/0,v1:192.168.123.101:6789/0] conn(0x7f36ec0a4920 0x7f36ec142c00 unknown :-1 s=HELLO_CONNECTING pgs=0 cs=0 l=1 rev1=1 crypto rx=0 tx=0 comp rx=0 tx=0).handle_hello peer v2:192.168.123.101:3300/0 says I am v2:192.168.123.101:43788/0 (socket says 192.168.123.101:43788)
2026-03-09T15:48:09.708 INFO:teuthology.orchestra.run.vm01.stdout:/usr/bin/ceph: stderr
2026-03-09T15:48:09.522+0000 7f36f9ed8640 1 -- 192.168.123.101:0/836432097 learned_addr learned my addr 192.168.123.101:0/836432097 (peer_addr_for_me v2:192.168.123.101:0/0)
2026-03-09T15:48:09.708 INFO:teuthology.orchestra.run.vm01.stdout:/usr/bin/ceph: stderr
2026-03-09T15:48:09.522+0000 7f36f9ed8640 1 -- 192.168.123.101:0/836432097 --> [v2:192.168.123.101:3300/0,v1:192.168.123.101:6789/0] -- mon_subscribe({config=0+,monmap=0+}) -- 0x7f36ec143140 con 0x7f36ec0a4920
2026-03-09T15:48:09.708 INFO:teuthology.orchestra.run.vm01.stdout:/usr/bin/ceph: stderr
2026-03-09T15:48:09.522+0000 7f36f9ed8640 1 --2- 192.168.123.101:0/836432097 >> [v2:192.168.123.101:3300/0,v1:192.168.123.101:6789/0] conn(0x7f36ec0a4920 0x7f36ec142c00 secure :-1 s=READY pgs=25 cs=0 l=1 rev1=1 crypto rx=0x7f36f000aaf0 tx=0x7f36f0037680 comp rx=0 tx=0).ready entity=mon.0 client_cookie=0 server_cookie=0 in_seq=0 out_seq=0
2026-03-09T15:48:09.708 INFO:teuthology.orchestra.run.vm01.stdout:/usr/bin/ceph: stderr
2026-03-09T15:48:09.526+0000 7f36e2ffd640 1 -- 192.168.123.101:0/836432097 <== mon.0 v2:192.168.123.101:3300/0 1 ==== mon_map magic: 0 ==== 205+0+0 (secure 0 0 0) 0x7f36f0043070 con 0x7f36ec0a4920
2026-03-09T15:48:09.708 INFO:teuthology.orchestra.run.vm01.stdout:/usr/bin/ceph: stderr
2026-03-09T15:48:09.526+0000 7f36faeda640 1 -- 192.168.123.101:0/836432097 --> [v2:192.168.123.101:3300/0,v1:192.168.123.101:6789/0] -- mon_subscribe({mgrmap=0+}) -- 0x7f36ec1433d0 con 0x7f36ec0a4920
2026-03-09T15:48:09.708 INFO:teuthology.orchestra.run.vm01.stdout:/usr/bin/ceph: stderr
2026-03-09T15:48:09.526+0000 7f36faeda640 1 -- 192.168.123.101:0/836432097 --> [v2:192.168.123.101:3300/0,v1:192.168.123.101:6789/0] -- mon_subscribe({osdmap=0}) -- 0x7f36ec1460c0 con 0x7f36ec0a4920
2026-03-09T15:48:09.708 INFO:teuthology.orchestra.run.vm01.stdout:/usr/bin/ceph: stderr
2026-03-09T15:48:09.526+0000 7f36e2ffd640 1 -- 192.168.123.101:0/836432097 <== mon.0 v2:192.168.123.101:3300/0 2 ==== config(23 keys) ==== 947+0+0 (secure 0 0 0) 0x7f36f0037870 con 0x7f36ec0a4920
2026-03-09T15:48:09.708 INFO:teuthology.orchestra.run.vm01.stdout:/usr/bin/ceph: stderr
2026-03-09T15:48:09.526+0000 7f36e2ffd640 1 -- 192.168.123.101:0/836432097 <== mon.0 v2:192.168.123.101:3300/0 3 ==== mon_map magic: 0 ==== 205+0+0 (secure 0 0 0) 0x7f36f0047400 con 0x7f36ec0a4920
2026-03-09T15:48:09.708 INFO:teuthology.orchestra.run.vm01.stdout:/usr/bin/ceph: stderr
2026-03-09T15:48:09.526+0000 7f36e2ffd640 1 -- 192.168.123.101:0/836432097 <== mon.0 v2:192.168.123.101:3300/0 4 ==== mgrmap(e 4) ==== 50247+0+0 (secure 0 0 0) 0x7f36f003b070 con 0x7f36ec0a4920
2026-03-09T15:48:09.708 INFO:teuthology.orchestra.run.vm01.stdout:/usr/bin/ceph: stderr
2026-03-09T15:48:09.526+0000 7f36e2ffd640 1 --2- 192.168.123.101:0/836432097 >> [v2:192.168.123.101:6800/2299265276,v1:192.168.123.101:6801/2299265276] conn(0x7f36d403dce0 0x7f36d40401a0 unknown :-1 s=NONE pgs=0 cs=0 l=1 rev1=0 crypto rx=0 tx=0 comp rx=0 tx=0).connect
2026-03-09T15:48:09.708 INFO:teuthology.orchestra.run.vm01.stdout:/usr/bin/ceph: stderr
2026-03-09T15:48:09.526+0000 7f36f96d7640 1 -- 192.168.123.101:0/836432097 >> [v2:192.168.123.101:6800/2299265276,v1:192.168.123.101:6801/2299265276] conn(0x7f36d403dce0 msgr2=0x7f36d40401a0 unknown :-1 s=STATE_CONNECTING_RE l=1).process reconnect failed to v2:192.168.123.101:6800/2299265276
2026-03-09T15:48:09.708 INFO:teuthology.orchestra.run.vm01.stdout:/usr/bin/ceph: stderr
2026-03-09T15:48:09.526+0000 7f36f96d7640 1 --2- 192.168.123.101:0/836432097 >> [v2:192.168.123.101:6800/2299265276,v1:192.168.123.101:6801/2299265276] conn(0x7f36d403dce0 0x7f36d40401a0 unknown :-1 s=START_CONNECT pgs=0 cs=0 l=1 rev1=0 crypto rx=0 tx=0 comp rx=0 tx=0)._fault waiting 0.200000
2026-03-09T15:48:09.708 INFO:teuthology.orchestra.run.vm01.stdout:/usr/bin/ceph: stderr
2026-03-09T15:48:09.526+0000 7f36e2ffd640 1 -- 192.168.123.101:0/836432097 <== mon.0 v2:192.168.123.101:3300/0 5 ==== osd_map(1..1 src has 1..1) ==== 725+0+0 (secure 0 0 0) 0x7f36f0078370 con 0x7f36ec0a4920
2026-03-09T15:48:09.708 INFO:teuthology.orchestra.run.vm01.stdout:/usr/bin/ceph: stderr
2026-03-09T15:48:09.526+0000 7f36faeda640 1 -- 192.168.123.101:0/836432097 --> [v2:192.168.123.101:3300/0,v1:192.168.123.101:6789/0] -- mon_command({"prefix": "get_command_descriptions"} v 0) -- 0x7f36bc005180 con 0x7f36ec0a4920
2026-03-09T15:48:09.708 INFO:teuthology.orchestra.run.vm01.stdout:/usr/bin/ceph: stderr
2026-03-09T15:48:09.534+0000 7f36e2ffd640 1 -- 192.168.123.101:0/836432097 <== mon.0 v2:192.168.123.101:3300/0 6 ==== mon_command_ack([{"prefix": "get_command_descriptions"}]=0 v0) ==== 72+0+195034 (secure 0 0 0) 0x7f36f0066070 con 0x7f36ec0a4920
2026-03-09T15:48:09.708 INFO:teuthology.orchestra.run.vm01.stdout:/usr/bin/ceph: stderr
2026-03-09T15:48:09.654+0000 7f36faeda640 1 -- 192.168.123.101:0/836432097 --> [v2:192.168.123.101:3300/0,v1:192.168.123.101:6789/0] -- mon_command({"prefix": "mgr stat"} v 0) -- 0x7f36bc005c80 con 0x7f36ec0a4920
2026-03-09T15:48:09.708 INFO:teuthology.orchestra.run.vm01.stdout:/usr/bin/ceph: stderr
2026-03-09T15:48:09.654+0000 7f36e2ffd640 1 -- 192.168.123.101:0/836432097 <== mon.0 v2:192.168.123.101:3300/0 7 ==== mon_command_ack([{"prefix": "mgr stat"}]=0 v4) ==== 56+0+88 (secure 0 0 0) 0x7f36f006c070 con 0x7f36ec0a4920
2026-03-09T15:48:09.708 INFO:teuthology.orchestra.run.vm01.stdout:/usr/bin/ceph: stderr
2026-03-09T15:48:09.658+0000 7f36e0ff9640 1 -- 192.168.123.101:0/836432097 >> [v2:192.168.123.101:6800/2299265276,v1:192.168.123.101:6801/2299265276] conn(0x7f36d403dce0 msgr2=0x7f36d40401a0 unknown :-1 s=STATE_CONNECTING l=1).mark_down
2026-03-09T15:48:09.709 INFO:teuthology.orchestra.run.vm01.stdout:/usr/bin/ceph: stderr
2026-03-09T15:48:09.658+0000 7f36e0ff9640 1 --2- 192.168.123.101:0/836432097 >> [v2:192.168.123.101:6800/2299265276,v1:192.168.123.101:6801/2299265276] conn(0x7f36d403dce0 0x7f36d40401a0 unknown :-1 s=START_CONNECT pgs=0 cs=0 l=1 rev1=0 crypto rx=0 tx=0 comp rx=0 tx=0).stop
2026-03-09T15:48:09.709 INFO:teuthology.orchestra.run.vm01.stdout:/usr/bin/ceph: stderr
2026-03-09T15:48:09.658+0000 7f36e0ff9640 1 -- 192.168.123.101:0/836432097 >> [v2:192.168.123.101:3300/0,v1:192.168.123.101:6789/0] conn(0x7f36ec0a4920 msgr2=0x7f36ec142c00 secure :-1 s=STATE_CONNECTION_ESTABLISHED l=1).mark_down
2026-03-09T15:48:09.709 INFO:teuthology.orchestra.run.vm01.stdout:/usr/bin/ceph: stderr
2026-03-09T15:48:09.658+0000 7f36e0ff9640 1 --2- 192.168.123.101:0/836432097 >> [v2:192.168.123.101:3300/0,v1:192.168.123.101:6789/0] conn(0x7f36ec0a4920 0x7f36ec142c00 secure :-1 s=READY pgs=25 cs=0 l=1 rev1=1 crypto rx=0x7f36f000aaf0 tx=0x7f36f0037680 comp rx=0 tx=0).stop
2026-03-09T15:48:09.709 INFO:teuthology.orchestra.run.vm01.stdout:/usr/bin/ceph: stderr
2026-03-09T15:48:09.658+0000 7f36e0ff9640 1 -- 192.168.123.101:0/836432097 shutdown_connections
2026-03-09T15:48:09.709 INFO:teuthology.orchestra.run.vm01.stdout:/usr/bin/ceph: stderr
2026-03-09T15:48:09.658+0000 7f36e0ff9640 1 --2- 192.168.123.101:0/836432097 >> [v2:192.168.123.101:6800/2299265276,v1:192.168.123.101:6801/2299265276] conn(0x7f36d403dce0 0x7f36d40401a0 unknown :-1 s=CLOSED pgs=0 cs=0 l=1 rev1=0 crypto rx=0 tx=0 comp rx=0 tx=0).stop
2026-03-09T15:48:09.709 INFO:teuthology.orchestra.run.vm01.stdout:/usr/bin/ceph: stderr
2026-03-09T15:48:09.658+0000 7f36e0ff9640 1 --2- 192.168.123.101:0/836432097 >> [v2:192.168.123.101:3300/0,v1:192.168.123.101:6789/0] conn(0x7f36ec0a4920 0x7f36ec142c00 unknown :-1 s=CLOSED pgs=25 cs=0 l=1 rev1=1 crypto rx=0 tx=0 comp rx=0 tx=0).stop
2026-03-09T15:48:09.709 INFO:teuthology.orchestra.run.vm01.stdout:/usr/bin/ceph: stderr
2026-03-09T15:48:09.658+0000 7f36e0ff9640 1 -- 192.168.123.101:0/836432097 >> 192.168.123.101:0/836432097 conn(0x7f36ec09fc30 msgr2=0x7f36ec0a0720 unknown :-1 s=STATE_NONE l=0).mark_down
2026-03-09T15:48:09.709 INFO:teuthology.orchestra.run.vm01.stdout:/usr/bin/ceph: stderr
2026-03-09T15:48:09.658+0000 7f36e0ff9640 1 -- 192.168.123.101:0/836432097 shutdown_connections
2026-03-09T15:48:09.709 INFO:teuthology.orchestra.run.vm01.stdout:/usr/bin/ceph: stderr
2026-03-09T15:48:09.658+0000 7f36e0ff9640 1 -- 192.168.123.101:0/836432097 wait complete.
2026-03-09T15:48:09.709 INFO:teuthology.orchestra.run.vm01.stdout:Waiting for the mgr to restart...
2026-03-09T15:48:09.709 INFO:teuthology.orchestra.run.vm01.stdout:Waiting for mgr epoch 4...
2026-03-09T15:48:09.933 INFO:journalctl@ceph.mgr.y.vm01.stdout:Mar 09 15:48:09 vm01 bash[21002]: debug
2026-03-09T15:48:09.882+0000 7f3e922d1140 -1 mgr[py] Module rook has missing NOTIFY_TYPES member
2026-03-09T15:48:10.394 INFO:journalctl@ceph.mon.a.vm01.stdout:Mar 09 15:48:10 vm01 bash[20728]: audit
2026-03-09T15:48:09.214067+0000 mon.a (mon.0) 32 : audit [INF] from='client.? 192.168.123.101:0/2808265687' entity='client.admin' cmd='[{"prefix": "mgr module enable", "module": "cephadm"}]': finished
2026-03-09T15:48:10.394 INFO:journalctl@ceph.mon.a.vm01.stdout:Mar 09 15:48:10 vm01 bash[20728]: audit
2026-03-09T15:48:09.214067+0000 mon.a (mon.0) 32 : audit [INF] from='client.? 192.168.123.101:0/2808265687' entity='client.admin' cmd='[{"prefix": "mgr module enable", "module": "cephadm"}]': finished
2026-03-09T15:48:10.394 INFO:journalctl@ceph.mon.a.vm01.stdout:Mar 09 15:48:10 vm01 bash[20728]: cluster
2026-03-09T15:48:09.217237+0000 mon.a (mon.0) 33 : cluster [DBG] mgrmap e4: y(active, since 2s)
2026-03-09T15:48:10.394 INFO:journalctl@ceph.mon.a.vm01.stdout:Mar 09 15:48:10 vm01 bash[20728]: cluster
2026-03-09T15:48:09.217237+0000 mon.a (mon.0) 33 : cluster [DBG] mgrmap e4: y(active, since 2s)
2026-03-09T15:48:10.394 INFO:journalctl@ceph.mon.a.vm01.stdout:Mar 09 15:48:10 vm01 bash[20728]: audit
2026-03-09T15:48:09.657902+0000 mon.a (mon.0) 34 : audit [DBG] from='client.? 192.168.123.101:0/836432097' entity='client.admin' cmd=[{"prefix": "mgr stat"}]: dispatch
2026-03-09T15:48:10.394 INFO:journalctl@ceph.mon.a.vm01.stdout:Mar 09 15:48:10 vm01 bash[20728]: audit
2026-03-09T15:48:09.657902+0000 mon.a (mon.0) 34 : audit [DBG] from='client.? 192.168.123.101:0/836432097' entity='client.admin' cmd=[{"prefix": "mgr stat"}]: dispatch
2026-03-09T15:48:10.683 INFO:journalctl@ceph.mgr.y.vm01.stdout:Mar 09 15:48:10 vm01 bash[21002]: debug
2026-03-09T15:48:10.386+0000 7f3e922d1140 -1 mgr[py] Module pg_autoscaler has missing NOTIFY_TYPES member
2026-03-09T15:48:10.683 INFO:journalctl@ceph.mgr.y.vm01.stdout:Mar 09 15:48:10 vm01 bash[21002]: debug
2026-03-09T15:48:10.478+0000 7f3e922d1140 -1 mgr[py] Module telemetry has missing NOTIFY_TYPES member
2026-03-09T15:48:10.683 INFO:journalctl@ceph.mgr.y.vm01.stdout:Mar 09 15:48:10 vm01 bash[21002]: /lib64/python3.9/site-packages/scipy/__init__.py:73: UserWarning: NumPy was imported from a Python sub-interpreter but NumPy does not properly support sub-interpreters. This will likely work for most users but might cause hard to track down issues or subtle bugs. A common user of the rare sub-interpreter feature is wsgi which also allows single-interpreter mode.
2026-03-09T15:48:10.683 INFO:journalctl@ceph.mgr.y.vm01.stdout:Mar 09 15:48:10 vm01 bash[21002]: Improvements in the case of bugs are welcome, but is not on the NumPy roadmap, and full support may require significant effort to achieve.
2026-03-09T15:48:10.683 INFO:journalctl@ceph.mgr.y.vm01.stdout:Mar 09 15:48:10 vm01 bash[21002]: from numpy import show_config as show_numpy_config
2026-03-09T15:48:10.683 INFO:journalctl@ceph.mgr.y.vm01.stdout:Mar 09 15:48:10 vm01 bash[21002]: debug
2026-03-09T15:48:10.614+0000 7f3e922d1140 -1 mgr[py] Module diskprediction_local has missing NOTIFY_TYPES member
2026-03-09T15:48:11.183 INFO:journalctl@ceph.mgr.y.vm01.stdout:Mar 09 15:48:10 vm01 bash[21002]: debug
2026-03-09T15:48:10.762+0000 7f3e922d1140 -1 mgr[py] Module volumes has missing NOTIFY_TYPES member
2026-03-09T15:48:11.183 INFO:journalctl@ceph.mgr.y.vm01.stdout:Mar 09 15:48:10 vm01 bash[21002]: debug
2026-03-09T15:48:10.802+0000 7f3e922d1140 -1 mgr[py] Module devicehealth has missing NOTIFY_TYPES member
2026-03-09T15:48:11.183 INFO:journalctl@ceph.mgr.y.vm01.stdout:Mar 09 15:48:10 vm01 bash[21002]: debug
2026-03-09T15:48:10.842+0000 7f3e922d1140 -1 mgr[py] Module influx has missing NOTIFY_TYPES member
2026-03-09T15:48:11.183 INFO:journalctl@ceph.mgr.y.vm01.stdout:Mar 09 15:48:10 vm01 bash[21002]: debug
2026-03-09T15:48:10.886+0000 7f3e922d1140 -1 mgr[py] Module alerts has missing NOTIFY_TYPES member
2026-03-09T15:48:11.183 INFO:journalctl@ceph.mgr.y.vm01.stdout:Mar 09 15:48:10 vm01 bash[21002]: debug
2026-03-09T15:48:10.942+0000 7f3e922d1140 -1 mgr[py] Module rbd_support has missing NOTIFY_TYPES member
2026-03-09T15:48:11.671 INFO:journalctl@ceph.mgr.y.vm01.stdout:Mar 09 15:48:11 vm01 bash[21002]: debug
2026-03-09T15:48:11.386+0000 7f3e922d1140 -1 mgr[py] Module selftest has missing NOTIFY_TYPES member
2026-03-09T15:48:11.671 INFO:journalctl@ceph.mgr.y.vm01.stdout:Mar 09 15:48:11 vm01 bash[21002]: debug
2026-03-09T15:48:11.426+0000 7f3e922d1140 -1 mgr[py] Module telegraf has missing NOTIFY_TYPES member
2026-03-09T15:48:11.671 INFO:journalctl@ceph.mgr.y.vm01.stdout:Mar 09 15:48:11 vm01 bash[21002]: debug
2026-03-09T15:48:11.462+0000 7f3e922d1140 -1 mgr[py] Module progress has missing NOTIFY_TYPES member
2026-03-09T15:48:11.671 INFO:journalctl@ceph.mgr.y.vm01.stdout:Mar 09 15:48:11 vm01 bash[21002]: debug
2026-03-09T15:48:11.622+0000 7f3e922d1140 -1 mgr[py] Module zabbix has missing NOTIFY_TYPES member
2026-03-09T15:48:11.933 INFO:journalctl@ceph.mgr.y.vm01.stdout:Mar 09 15:48:11 vm01 bash[21002]: debug
2026-03-09T15:48:11.662+0000 7f3e922d1140 -1 mgr[py] Module crash has missing NOTIFY_TYPES member
2026-03-09T15:48:11.933 INFO:journalctl@ceph.mgr.y.vm01.stdout:Mar 09 15:48:11 vm01 bash[21002]: debug
2026-03-09T15:48:11.706+0000 7f3e922d1140 -1 mgr[py] Module osd_perf_query has missing NOTIFY_TYPES member
2026-03-09T15:48:11.933 INFO:journalctl@ceph.mgr.y.vm01.stdout:Mar 09 15:48:11 vm01 bash[21002]: debug
2026-03-09T15:48:11.830+0000 7f3e922d1140 -1 mgr[py] Module orchestrator has missing NOTIFY_TYPES member
2026-03-09T15:48:12.281 INFO:journalctl@ceph.mgr.y.vm01.stdout:Mar 09 15:48:12 vm01 bash[21002]: debug
2026-03-09T15:48:11.998+0000 7f3e922d1140 -1 mgr[py] Module nfs has missing NOTIFY_TYPES member
2026-03-09T15:48:12.281 INFO:journalctl@ceph.mgr.y.vm01.stdout:Mar 09 15:48:12 vm01 bash[21002]: debug
2026-03-09T15:48:12.190+0000 7f3e922d1140 -1 mgr[py] Module prometheus has missing NOTIFY_TYPES member
2026-03-09T15:48:12.281 INFO:journalctl@ceph.mgr.y.vm01.stdout:Mar 09 15:48:12 vm01 bash[21002]: debug
2026-03-09T15:48:12.230+0000 7f3e922d1140 -1 mgr[py] Module iostat has missing NOTIFY_TYPES member
2026-03-09T15:48:12.683 INFO:journalctl@ceph.mgr.y.vm01.stdout:Mar 09 15:48:12 vm01 bash[21002]: debug
2026-03-09T15:48:12.274+0000 7f3e922d1140 -1 mgr[py] Module balancer has missing NOTIFY_TYPES member
2026-03-09T15:48:12.683 INFO:journalctl@ceph.mgr.y.vm01.stdout:Mar 09 15:48:12 vm01 bash[21002]: debug
2026-03-09T15:48:12.434+0000 7f3e922d1140 -1 mgr[py] Module test_orchestrator has missing NOTIFY_TYPES member
2026-03-09T15:48:13.183 INFO:journalctl@ceph.mgr.y.vm01.stdout:Mar 09 15:48:12 vm01 bash[21002]: debug
2026-03-09T15:48:12.682+0000 7f3e922d1140 -1 mgr[py] Module snap_schedule has missing NOTIFY_TYPES member
2026-03-09T15:48:13.183 INFO:journalctl@ceph.mon.a.vm01.stdout:Mar 09 15:48:12 vm01 bash[20728]: cluster
2026-03-09T15:48:12.689730+0000 mon.a (mon.0) 35 : cluster [INF] Active manager daemon y restarted
2026-03-09T15:48:13.183 INFO:journalctl@ceph.mon.a.vm01.stdout:Mar 09 15:48:12 vm01 bash[20728]: cluster
2026-03-09T15:48:12.689730+0000 mon.a (mon.0) 35 : cluster [INF] Active manager daemon y restarted
2026-03-09T15:48:13.183 INFO:journalctl@ceph.mon.a.vm01.stdout:Mar 09 15:48:12 vm01 bash[20728]: cluster
2026-03-09T15:48:12.690181+0000 mon.a (mon.0) 36 : cluster [INF] Activating manager daemon y
2026-03-09T15:48:13.183 INFO:journalctl@ceph.mon.a.vm01.stdout:Mar 09 15:48:12 vm01 bash[20728]: cluster
2026-03-09T15:48:12.690181+0000 mon.a (mon.0) 36 : cluster [INF] Activating manager daemon y
2026-03-09T15:48:13.183 INFO:journalctl@ceph.mon.a.vm01.stdout:Mar 09 15:48:12 vm01 bash[20728]: cluster
2026-03-09T15:48:12.695330+0000 mon.a (mon.0) 37 : cluster [DBG] osdmap e2: 0 total, 0 up, 0 in
2026-03-09T15:48:13.183 INFO:journalctl@ceph.mon.a.vm01.stdout:Mar 09 15:48:12 vm01 bash[20728]: cluster
2026-03-09T15:48:12.695330+0000 mon.a (mon.0) 37 : cluster [DBG] osdmap e2: 0 total, 0 up, 0 in
2026-03-09T15:48:13.183 INFO:journalctl@ceph.mon.a.vm01.stdout:Mar 09 15:48:12 vm01 bash[20728]: cluster
2026-03-09T15:48:12.695459+0000 mon.a (mon.0) 38 : cluster [DBG] mgrmap e5: y(active, starting, since 0.00540697s)
2026-03-09T15:48:13.183 INFO:journalctl@ceph.mon.a.vm01.stdout:Mar 09 15:48:12 vm01 bash[20728]: cluster
2026-03-09T15:48:12.695459+0000 mon.a (mon.0) 38 : cluster [DBG] mgrmap e5: y(active, starting, since 0.00540697s)
2026-03-09T15:48:13.183 INFO:journalctl@ceph.mon.a.vm01.stdout:Mar 09 15:48:12 vm01 bash[20728]: audit
2026-03-09T15:48:12.698260+0000 mon.a (mon.0) 39 : audit [DBG] from='mgr.14118 192.168.123.101:0/2996174437' entity='mgr.y' cmd=[{"prefix": "mon metadata", "id": "a"}]: dispatch
2026-03-09T15:48:13.183 INFO:journalctl@ceph.mon.a.vm01.stdout:Mar 09 15:48:12 vm01 bash[20728]: audit
2026-03-09T15:48:12.698260+0000 mon.a (mon.0) 39 : audit [DBG] from='mgr.14118 192.168.123.101:0/2996174437' entity='mgr.y' cmd=[{"prefix": "mon metadata", "id": "a"}]: dispatch
2026-03-09T15:48:13.183 INFO:journalctl@ceph.mon.a.vm01.stdout:Mar 09 15:48:12 vm01 bash[20728]: audit
2026-03-09T15:48:12.699474+0000 mon.a (mon.0) 40 : audit [DBG] from='mgr.14118 192.168.123.101:0/2996174437' entity='mgr.y' cmd=[{"prefix": "mgr metadata", "who": "y", "id": "y"}]: dispatch
2026-03-09T15:48:13.183 INFO:journalctl@ceph.mon.a.vm01.stdout:Mar 09 15:48:12 vm01 bash[20728]: audit
2026-03-09T15:48:12.699474+0000 mon.a (mon.0) 40 : audit [DBG] from='mgr.14118 192.168.123.101:0/2996174437' entity='mgr.y' cmd=[{"prefix": "mgr metadata", "who": "y", "id": "y"}]: dispatch
2026-03-09T15:48:13.183 INFO:journalctl@ceph.mon.a.vm01.stdout:Mar 09 15:48:12 vm01 bash[20728]: audit
2026-03-09T15:48:12.700523+0000 mon.a (mon.0) 41 : audit [DBG] from='mgr.14118 192.168.123.101:0/2996174437' entity='mgr.y' cmd=[{"prefix": "mds metadata"}]: dispatch
2026-03-09T15:48:13.183 INFO:journalctl@ceph.mon.a.vm01.stdout:Mar 09 15:48:12 vm01 bash[20728]: audit
2026-03-09T15:48:12.700523+0000 mon.a (mon.0) 41 : audit [DBG] from='mgr.14118 192.168.123.101:0/2996174437' entity='mgr.y' cmd=[{"prefix": "mds metadata"}]: dispatch
2026-03-09T15:48:13.183 INFO:journalctl@ceph.mon.a.vm01.stdout:Mar 09 15:48:12 vm01 bash[20728]: audit
2026-03-09T15:48:12.700844+0000 mon.a (mon.0) 42 : audit [DBG] from='mgr.14118 192.168.123.101:0/2996174437' entity='mgr.y' cmd=[{"prefix": "osd metadata"}]: dispatch
2026-03-09T15:48:13.183 INFO:journalctl@ceph.mon.a.vm01.stdout:Mar 09 15:48:12 vm01 bash[20728]: audit
2026-03-09T15:48:12.700844+0000 mon.a (mon.0) 42 : audit [DBG] from='mgr.14118 192.168.123.101:0/2996174437' entity='mgr.y' cmd=[{"prefix": "osd metadata"}]: dispatch
2026-03-09T15:48:13.183 INFO:journalctl@ceph.mon.a.vm01.stdout:Mar 09 15:48:12 vm01 bash[20728]: audit
2026-03-09T15:48:12.701158+0000 mon.a (mon.0) 43 : audit [DBG] from='mgr.14118 192.168.123.101:0/2996174437' entity='mgr.y' cmd=[{"prefix": "mon metadata"}]: dispatch
2026-03-09T15:48:13.183 INFO:journalctl@ceph.mon.a.vm01.stdout:Mar 09 15:48:12 vm01 bash[20728]: audit
2026-03-09T15:48:12.701158+0000 mon.a (mon.0) 43 : audit [DBG] from='mgr.14118 192.168.123.101:0/2996174437' entity='mgr.y' cmd=[{"prefix": "mon metadata"}]: dispatch
2026-03-09T15:48:13.183 INFO:journalctl@ceph.mon.a.vm01.stdout:Mar 09 15:48:12 vm01 bash[20728]: cluster
2026-03-09T15:48:12.708158+0000 mon.a (mon.0) 44 : cluster [INF] Manager daemon y is now available
2026-03-09T15:48:13.183 INFO:journalctl@ceph.mon.a.vm01.stdout:Mar 09 15:48:12 vm01 bash[20728]: cluster
2026-03-09T15:48:12.708158+0000 mon.a (mon.0) 44 : cluster [INF] Manager daemon y is now available
2026-03-09T15:48:13.183 INFO:journalctl@ceph.mon.a.vm01.stdout:Mar 09 15:48:12 vm01 bash[20728]: audit
2026-03-09T15:48:12.718877+0000 mon.a (mon.0) 45 : audit [INF] from='mgr.14118 192.168.123.101:0/2996174437' entity='mgr.y'
2026-03-09T15:48:13.183 INFO:journalctl@ceph.mon.a.vm01.stdout:Mar 09 15:48:12 vm01 bash[20728]: audit
2026-03-09T15:48:12.718877+0000 mon.a (mon.0) 45 : audit [INF] from='mgr.14118 192.168.123.101:0/2996174437' entity='mgr.y'
2026-03-09T15:48:13.183 INFO:journalctl@ceph.mon.a.vm01.stdout:Mar 09 15:48:12 vm01 bash[20728]: audit
2026-03-09T15:48:12.722479+0000 mon.a (mon.0) 46 : audit [INF] from='mgr.14118 192.168.123.101:0/2996174437' entity='mgr.y'
2026-03-09T15:48:13.183 INFO:journalctl@ceph.mon.a.vm01.stdout:Mar 09 15:48:12 vm01 bash[20728]: audit
2026-03-09T15:48:12.722479+0000 mon.a (mon.0) 46 : audit [INF] from='mgr.14118 192.168.123.101:0/2996174437' entity='mgr.y'
2026-03-09T15:48:13.183 INFO:journalctl@ceph.mon.a.vm01.stdout:Mar 09 15:48:12 vm01 bash[20728]: audit
2026-03-09T15:48:12.737496+0000 mon.a (mon.0) 47 : audit [DBG] from='mgr.14118 192.168.123.101:0/2996174437' entity='mgr.y' cmd=[{"prefix": "config dump", "format": "json"}]: dispatch
2026-03-09T15:48:13.183 INFO:journalctl@ceph.mon.a.vm01.stdout:Mar 09 15:48:12 vm01 bash[20728]: audit
2026-03-09T15:48:12.737496+0000 mon.a (mon.0) 47 : audit [DBG] from='mgr.14118 192.168.123.101:0/2996174437' entity='mgr.y' cmd=[{"prefix": "config dump", "format": "json"}]: dispatch
2026-03-09T15:48:13.183 INFO:journalctl@ceph.mon.a.vm01.stdout:Mar 09 15:48:12 vm01 bash[20728]: audit
2026-03-09T15:48:12.738758+0000 mon.a (mon.0) 48 : audit [DBG] from='mgr.14118 192.168.123.101:0/2996174437' entity='mgr.y' cmd=[{"prefix": "config dump", "format": "json"}]: dispatch
2026-03-09T15:48:13.183 INFO:journalctl@ceph.mon.a.vm01.stdout:Mar 09 15:48:12 vm01 bash[20728]: audit
2026-03-09T15:48:12.738758+0000 mon.a (mon.0) 48 : audit [DBG] from='mgr.14118 192.168.123.101:0/2996174437' entity='mgr.y' cmd=[{"prefix": "config dump", "format": "json"}]: dispatch
2026-03-09T15:48:13.772 INFO:teuthology.orchestra.run.vm01.stdout:/usr/bin/ceph: stdout {
2026-03-09T15:48:13.772 INFO:teuthology.orchestra.run.vm01.stdout:/usr/bin/ceph: stdout "mgrmap_epoch": 6,
2026-03-09T15:48:13.772 INFO:teuthology.orchestra.run.vm01.stdout:/usr/bin/ceph: stdout "initialized": true
2026-03-09T15:48:13.772 INFO:teuthology.orchestra.run.vm01.stdout:/usr/bin/ceph: stdout }
2026-03-09T15:48:13.772 INFO:teuthology.orchestra.run.vm01.stdout:/usr/bin/ceph: stderr
2026-03-09T15:48:09.954+0000 7fd78963d640 1 Processor -- start
2026-03-09T15:48:13.772 INFO:teuthology.orchestra.run.vm01.stdout:/usr/bin/ceph: stderr
2026-03-09T15:48:09.954+0000 7fd78963d640 1 -- start start
2026-03-09T15:48:13.772 INFO:teuthology.orchestra.run.vm01.stdout:/usr/bin/ceph: stderr
2026-03-09T15:48:09.954+0000 7fd78963d640 1 --2- >> [v2:192.168.123.101:3300/0,v1:192.168.123.101:6789/0] conn(0x7fd784074730 0x7fd784074b30 unknown :-1 s=NONE pgs=0 cs=0 l=0 rev1=0 crypto rx=0 tx=0 comp rx=0 tx=0).connect
2026-03-09T15:48:13.772 INFO:teuthology.orchestra.run.vm01.stdout:/usr/bin/ceph: stderr
2026-03-09T15:48:09.954+0000 7fd78963d640 1 -- --> [v2:192.168.123.101:3300/0,v1:192.168.123.101:6789/0] -- mon_getmap magic: 0 -- 0x7fd784075100 con 0x7fd784074730
2026-03-09T15:48:13.772 INFO:teuthology.orchestra.run.vm01.stdout:/usr/bin/ceph: stderr
2026-03-09T15:48:09.954+0000 7fd783fff640 1 --2- >> [v2:192.168.123.101:3300/0,v1:192.168.123.101:6789/0] conn(0x7fd784074730 0x7fd784074b30 unknown :-1 s=BANNER_CONNECTING pgs=0 cs=0 l=0 rev1=0 crypto rx=0 tx=0 comp rx=0 tx=0)._handle_peer_banner_payload supported=3 required=0
2026-03-09T15:48:13.772 INFO:teuthology.orchestra.run.vm01.stdout:/usr/bin/ceph: stderr
2026-03-09T15:48:09.954+0000 7fd783fff640 1 --2- >> [v2:192.168.123.101:3300/0,v1:192.168.123.101:6789/0] conn(0x7fd784074730 0x7fd784074b30 unknown :-1 s=HELLO_CONNECTING pgs=0 cs=0 l=0 rev1=1 crypto rx=0 tx=0 comp rx=0 tx=0).handle_hello peer v2:192.168.123.101:3300/0 says I am v2:192.168.123.101:43794/0 (socket says 192.168.123.101:43794)
2026-03-09T15:48:13.772 INFO:teuthology.orchestra.run.vm01.stdout:/usr/bin/ceph: stderr
2026-03-09T15:48:09.954+0000 7fd783fff640 1 -- 192.168.123.101:0/1731972293 learned_addr learned my addr 192.168.123.101:0/1731972293 (peer_addr_for_me v2:192.168.123.101:0/0)
2026-03-09T15:48:13.772 INFO:teuthology.orchestra.run.vm01.stdout:/usr/bin/ceph: stderr
2026-03-09T15:48:09.954+0000 7fd783fff640 1 -- 192.168.123.101:0/1731972293 --> [v2:192.168.123.101:3300/0,v1:192.168.123.101:6789/0] -- mon_subscribe({config=0+,monmap=0+}) -- 0x7fd78410e1c0 con 0x7fd784074730
2026-03-09T15:48:13.772 INFO:teuthology.orchestra.run.vm01.stdout:/usr/bin/ceph: stderr
2026-03-09T15:48:09.954+0000 7fd783fff640 1 --2- 192.168.123.101:0/1731972293 >> [v2:192.168.123.101:3300/0,v1:192.168.123.101:6789/0] conn(0x7fd784074730 0x7fd784074b30 secure :-1 s=READY pgs=26 cs=0 l=1 rev1=1 crypto rx=0x7fd77400a9c0 tx=0x7fd774033650 comp rx=0 tx=0).ready entity=mon.0 client_cookie=d81b34f9e3fcac6d server_cookie=0 in_seq=0 out_seq=0
2026-03-09T15:48:13.772 INFO:teuthology.orchestra.run.vm01.stdout:/usr/bin/ceph: stderr
2026-03-09T15:48:09.954+0000 7fd7837fe640 1 -- 192.168.123.101:0/1731972293 <== mon.0 v2:192.168.123.101:3300/0 1 ==== mon_map magic: 0 ==== 205+0+0 (secure 0 0 0) 0x7fd774037580 con 0x7fd784074730
2026-03-09T15:48:13.772 INFO:teuthology.orchestra.run.vm01.stdout:/usr/bin/ceph: stderr
2026-03-09T15:48:09.954+0000 7fd7837fe640 1 -- 192.168.123.101:0/1731972293 <== mon.0 v2:192.168.123.101:3300/0 2 ==== config(23 keys) ==== 947+0+0 (secure 0 0 0) 0x7fd774037b40 con 0x7fd784074730
2026-03-09T15:48:13.772 INFO:teuthology.orchestra.run.vm01.stdout:/usr/bin/ceph: stderr
2026-03-09T15:48:09.954+0000 7fd7837fe640 1 -- 192.168.123.101:0/1731972293 <== mon.0 v2:192.168.123.101:3300/0 3 ==== mon_map magic: 0 ==== 205+0+0 (secure 0 0 0) 0x7fd77403ca80 con 0x7fd784074730
2026-03-09T15:48:13.772 INFO:teuthology.orchestra.run.vm01.stdout:/usr/bin/ceph: stderr
2026-03-09T15:48:09.954+0000 7fd78963d640 1 -- 192.168.123.101:0/1731972293 >> [v2:192.168.123.101:3300/0,v1:192.168.123.101:6789/0] conn(0x7fd784074730 msgr2=0x7fd784074b30 secure :-1 s=STATE_CONNECTION_ESTABLISHED l=1).mark_down
2026-03-09T15:48:13.772 INFO:teuthology.orchestra.run.vm01.stdout:/usr/bin/ceph: stderr
2026-03-09T15:48:09.954+0000 7fd78963d640 1 --2- 192.168.123.101:0/1731972293 >> [v2:192.168.123.101:3300/0,v1:192.168.123.101:6789/0] conn(0x7fd784074730 0x7fd784074b30 secure :-1 s=READY pgs=26 cs=0 l=1 rev1=1 crypto rx=0x7fd77400a9c0 tx=0x7fd774033650 comp rx=0 tx=0).stop
2026-03-09T15:48:13.772 INFO:teuthology.orchestra.run.vm01.stdout:/usr/bin/ceph: stderr
2026-03-09T15:48:09.958+0000 7fd78963d640 1 -- 192.168.123.101:0/1731972293 shutdown_connections
2026-03-09T15:48:13.772 INFO:teuthology.orchestra.run.vm01.stdout:/usr/bin/ceph: stderr
2026-03-09T15:48:09.958+0000 7fd78963d640 1 --2- 192.168.123.101:0/1731972293 >> [v2:192.168.123.101:3300/0,v1:192.168.123.101:6789/0] conn(0x7fd784074730 0x7fd784074b30 unknown :-1 s=CLOSED pgs=26 cs=0 l=1 rev1=1 crypto rx=0 tx=0 comp rx=0 tx=0).stop
2026-03-09T15:48:13.772 INFO:teuthology.orchestra.run.vm01.stdout:/usr/bin/ceph: stderr
2026-03-09T15:48:09.958+0000 7fd78963d640 1 -- 192.168.123.101:0/1731972293 >> 192.168.123.101:0/1731972293 conn(0x7fd78406fa60 msgr2=0x7fd784071ea0 unknown :-1 s=STATE_NONE l=0).mark_down
2026-03-09T15:48:13.772 INFO:teuthology.orchestra.run.vm01.stdout:/usr/bin/ceph: stderr
2026-03-09T15:48:09.958+0000 7fd78963d640 1 -- 192.168.123.101:0/1731972293 shutdown_connections
2026-03-09T15:48:13.772 INFO:teuthology.orchestra.run.vm01.stdout:/usr/bin/ceph: stderr
2026-03-09T15:48:09.958+0000 7fd78963d640 1 -- 192.168.123.101:0/1731972293 wait complete.
2026-03-09T15:48:13.772 INFO:teuthology.orchestra.run.vm01.stdout:/usr/bin/ceph: stderr
2026-03-09T15:48:09.958+0000 7fd78963d640 1 Processor -- start
2026-03-09T15:48:13.772 INFO:teuthology.orchestra.run.vm01.stdout:/usr/bin/ceph: stderr
2026-03-09T15:48:09.958+0000 7fd78963d640 1 -- start start
2026-03-09T15:48:13.772 INFO:teuthology.orchestra.run.vm01.stdout:/usr/bin/ceph: stderr
2026-03-09T15:48:09.958+0000 7fd78963d640 1 --2- >> [v2:192.168.123.101:3300/0,v1:192.168.123.101:6789/0] conn(0x7fd784074730 0x7fd7841b3c70 unknown :-1 s=NONE pgs=0 cs=0 l=1 rev1=0 crypto rx=0 tx=0 comp rx=0 tx=0).connect
2026-03-09T15:48:13.772 INFO:teuthology.orchestra.run.vm01.stdout:/usr/bin/ceph: stderr
2026-03-09T15:48:09.958+0000 7fd78963d640 1 -- --> [v2:192.168.123.101:3300/0,v1:192.168.123.101:6789/0] -- mon_getmap magic: 0 -- 0x7fd78410eb60 con 0x7fd784074730
2026-03-09T15:48:13.772 INFO:teuthology.orchestra.run.vm01.stdout:/usr/bin/ceph: stderr
2026-03-09T15:48:09.958+0000 7fd783fff640 1 --2- >> [v2:192.168.123.101:3300/0,v1:192.168.123.101:6789/0] conn(0x7fd784074730 0x7fd7841b3c70 unknown :-1 s=BANNER_CONNECTING pgs=0 cs=0 l=1 rev1=0 crypto rx=0 tx=0 comp rx=0 tx=0)._handle_peer_banner_payload supported=3 required=0
2026-03-09T15:48:13.772 INFO:teuthology.orchestra.run.vm01.stdout:/usr/bin/ceph: stderr
2026-03-09T15:48:09.958+0000 7fd783fff640 1 --2- >> [v2:192.168.123.101:3300/0,v1:192.168.123.101:6789/0] conn(0x7fd784074730 0x7fd7841b3c70 unknown :-1 s=HELLO_CONNECTING pgs=0 cs=0 l=1 rev1=1 crypto rx=0 tx=0 comp rx=0 tx=0).handle_hello peer v2:192.168.123.101:3300/0 says I am v2:192.168.123.101:43800/0 (socket says 192.168.123.101:43800)
2026-03-09T15:48:13.772 INFO:teuthology.orchestra.run.vm01.stdout:/usr/bin/ceph: stderr
2026-03-09T15:48:09.958+0000 7fd783fff640 1 -- 192.168.123.101:0/2091487693 learned_addr learned my addr 192.168.123.101:0/2091487693 (peer_addr_for_me v2:192.168.123.101:0/0)
2026-03-09T15:48:13.772 INFO:teuthology.orchestra.run.vm01.stdout:/usr/bin/ceph: stderr
2026-03-09T15:48:09.958+0000 7fd783fff640 1 -- 192.168.123.101:0/2091487693 --> [v2:192.168.123.101:3300/0,v1:192.168.123.101:6789/0] -- mon_subscribe({config=0+,monmap=0+}) -- 0x7fd7841b41b0 con 0x7fd784074730
2026-03-09T15:48:13.772 INFO:teuthology.orchestra.run.vm01.stdout:/usr/bin/ceph: stderr
2026-03-09T15:48:09.958+0000 7fd783fff640 1 --2- 192.168.123.101:0/2091487693 >> [v2:192.168.123.101:3300/0,v1:192.168.123.101:6789/0] conn(0x7fd784074730 0x7fd7841b3c70 secure :-1 s=READY pgs=27 cs=0 l=1 rev1=1 crypto rx=0x7fd77400aaf0 tx=0x7fd774037680 comp rx=0 tx=0).ready entity=mon.0 client_cookie=0 server_cookie=0 in_seq=0 out_seq=0
2026-03-09T15:48:13.772 INFO:teuthology.orchestra.run.vm01.stdout:/usr/bin/ceph: stderr
2026-03-09T15:48:09.958+0000 7fd781ffb640 1 -- 192.168.123.101:0/2091487693 <== mon.0 v2:192.168.123.101:3300/0 1 ==== mon_map magic: 0 ==== 205+0+0 (secure 0 0 0) 0x7fd774043070 con 0x7fd784074730
2026-03-09T15:48:13.772 INFO:teuthology.orchestra.run.vm01.stdout:/usr/bin/ceph: stderr
2026-03-09T15:48:09.958+0000 7fd781ffb640 1 -- 192.168.123.101:0/2091487693 <== mon.0 v2:192.168.123.101:3300/0 2 ==== config(23 keys) ==== 947+0+0 (secure 0 0 0) 0x7fd774037940 con 0x7fd784074730
2026-03-09T15:48:13.772 INFO:teuthology.orchestra.run.vm01.stdout:/usr/bin/ceph: stderr
2026-03-09T15:48:09.958+0000 7fd781ffb640 1 -- 192.168.123.101:0/2091487693 <== mon.0 v2:192.168.123.101:3300/0 3 ==== mon_map magic: 0 ==== 205+0+0 (secure 0 0 0) 0x7fd774046540 con 0x7fd784074730
2026-03-09T15:48:13.772 INFO:teuthology.orchestra.run.vm01.stdout:/usr/bin/ceph: stderr
2026-03-09T15:48:09.958+0000 7fd78963d640 1 -- 192.168.123.101:0/2091487693 --> [v2:192.168.123.101:3300/0,v1:192.168.123.101:6789/0] -- mon_subscribe({mgrmap=0+}) -- 0x7fd7841b4440 con 0x7fd784074730
2026-03-09T15:48:13.772 INFO:teuthology.orchestra.run.vm01.stdout:/usr/bin/ceph: stderr
2026-03-09T15:48:09.958+0000 7fd78963d640 1 -- 192.168.123.101:0/2091487693 --> [v2:192.168.123.101:3300/0,v1:192.168.123.101:6789/0] -- mon_subscribe({osdmap=0}) -- 0x7fd7841b7130 con 0x7fd784074730
2026-03-09T15:48:13.772 INFO:teuthology.orchestra.run.vm01.stdout:/usr/bin/ceph: stderr
2026-03-09T15:48:09.958+0000 7fd781ffb640 1 -- 192.168.123.101:0/2091487693 <== mon.0 v2:192.168.123.101:3300/0 4 ==== mgrmap(e 4) ==== 50247+0+0 (secure 0 0 0) 0x7fd77403b070 con 0x7fd784074730
2026-03-09T15:48:13.772 INFO:teuthology.orchestra.run.vm01.stdout:/usr/bin/ceph: stderr
