2026-03-09T15:48:14.695 INFO:teuthology.orchestra.run.vm01.stdout:/usr/bin/ceph: stderr
2026-03-09T15:48:14.518+0000 7fecc0853640 1 -- 192.168.123.101:0/1409045613 >> 192.168.123.101:0/1409045613 conn(0x7fecbc101d60 msgr2=0x7fecbc104180 unknown :-1 s=STATE_NONE l=0).mark_down
2026-03-09T15:48:14.695 INFO:teuthology.orchestra.run.vm01.stdout:/usr/bin/ceph: stderr
2026-03-09T15:48:14.518+0000 7fecc0853640 1 -- 192.168.123.101:0/1409045613 shutdown_connections
2026-03-09T15:48:14.695 INFO:teuthology.orchestra.run.vm01.stdout:/usr/bin/ceph: stderr
2026-03-09T15:48:14.518+0000 7fecc0853640 1 -- 192.168.123.101:0/1409045613 wait complete.
2026-03-09T15:48:14.695 INFO:teuthology.orchestra.run.vm01.stdout:/usr/bin/ceph: stderr
2026-03-09T15:48:14.518+0000 7fecc0853640 1 Processor -- start
2026-03-09T15:48:14.695 INFO:teuthology.orchestra.run.vm01.stdout:/usr/bin/ceph: stderr
2026-03-09T15:48:14.518+0000 7fecc0853640 1 -- start start
2026-03-09T15:48:14.695 INFO:teuthology.orchestra.run.vm01.stdout:/usr/bin/ceph: stderr
2026-03-09T15:48:14.518+0000 7fecc0853640 1 --2- >> [v2:192.168.123.101:3300/0,v1:192.168.123.101:6789/0] conn(0x7fecbc1065b0 0x7fecbc07c3e0 unknown :-1 s=NONE pgs=0 cs=0 l=1 rev1=0 crypto rx=0 tx=0 comp rx=0 tx=0).connect
2026-03-09T15:48:14.695 INFO:teuthology.orchestra.run.vm01.stdout:/usr/bin/ceph: stderr
2026-03-09T15:48:14.518+0000 7fecc0853640 1 -- --> [v2:192.168.123.101:3300/0,v1:192.168.123.101:6789/0] -- mon_getmap magic: 0 -- 0x7fecbc1084b0 con 0x7fecbc1065b0
2026-03-09T15:48:14.695 INFO:teuthology.orchestra.run.vm01.stdout:/usr/bin/ceph: stderr
2026-03-09T15:48:14.518+0000 7fecba575640 1 --2- >> [v2:192.168.123.101:3300/0,v1:192.168.123.101:6789/0] conn(0x7fecbc1065b0 0x7fecbc07c3e0 unknown :-1 s=BANNER_CONNECTING pgs=0 cs=0 l=1 rev1=0 crypto rx=0 tx=0 comp rx=0 tx=0)._handle_peer_banner_payload supported=3 required=0
2026-03-09T15:48:14.695 INFO:teuthology.orchestra.run.vm01.stdout:/usr/bin/ceph: stderr
2026-03-09T15:48:14.518+0000 7fecba575640 1 --2- >> [v2:192.168.123.101:3300/0,v1:192.168.123.101:6789/0] conn(0x7fecbc1065b0 0x7fecbc07c3e0 unknown :-1 s=HELLO_CONNECTING pgs=0 cs=0 l=1 rev1=1 crypto rx=0 tx=0 comp rx=0 tx=0).handle_hello peer v2:192.168.123.101:3300/0 says I am v2:192.168.123.101:43912/0 (socket says 192.168.123.101:43912)
2026-03-09T15:48:14.695 INFO:teuthology.orchestra.run.vm01.stdout:/usr/bin/ceph: stderr
2026-03-09T15:48:14.518+0000 7fecba575640 1 -- 192.168.123.101:0/3069061418 learned_addr learned my addr 192.168.123.101:0/3069061418 (peer_addr_for_me v2:192.168.123.101:0/0)
2026-03-09T15:48:14.695 INFO:teuthology.orchestra.run.vm01.stdout:/usr/bin/ceph: stderr
2026-03-09T15:48:14.518+0000 7fecba575640 1 -- 192.168.123.101:0/3069061418 --> [v2:192.168.123.101:3300/0,v1:192.168.123.101:6789/0] -- mon_subscribe({config=0+,monmap=0+}) -- 0x7fecbc07c920 con 0x7fecbc1065b0
2026-03-09T15:48:14.695 INFO:teuthology.orchestra.run.vm01.stdout:/usr/bin/ceph: stderr
2026-03-09T15:48:14.518+0000 7fecba575640 1 --2- 192.168.123.101:0/3069061418 >> [v2:192.168.123.101:3300/0,v1:192.168.123.101:6789/0] conn(0x7fecbc1065b0 0x7fecbc07c3e0 secure :-1 s=READY pgs=40 cs=0 l=1 rev1=1 crypto rx=0x7feca40365d0 tx=0x7feca4036600 comp rx=0 tx=0).ready entity=mon.0 client_cookie=0 server_cookie=0 in_seq=0 out_seq=0
2026-03-09T15:48:14.695 INFO:teuthology.orchestra.run.vm01.stdout:/usr/bin/ceph: stderr
2026-03-09T15:48:14.518+0000 7feca37fe640 1 -- 192.168.123.101:0/3069061418 <== mon.0 v2:192.168.123.101:3300/0 1 ==== mon_map magic: 0 ==== 205+0+0 (secure 0 0 0) 0x7feca4047070 con 0x7fecbc1065b0
2026-03-09T15:48:14.695 INFO:teuthology.orchestra.run.vm01.stdout:/usr/bin/ceph: stderr
2026-03-09T15:48:14.518+0000 7feca37fe640 1 -- 192.168.123.101:0/3069061418 <== mon.0 v2:192.168.123.101:3300/0 2 ==== config(23 keys) ==== 947+0+0 (secure 0 0 0) 0x7feca4036e50 con 0x7fecbc1065b0
2026-03-09T15:48:14.695 INFO:teuthology.orchestra.run.vm01.stdout:/usr/bin/ceph: stderr
2026-03-09T15:48:14.518+0000 7feca37fe640 1 -- 192.168.123.101:0/3069061418 <== mon.0 v2:192.168.123.101:3300/0 3 ==== mon_map magic: 0 ==== 205+0+0 (secure 0 0 0) 0x7feca403c070 con 0x7fecbc1065b0
2026-03-09T15:48:14.695 INFO:teuthology.orchestra.run.vm01.stdout:/usr/bin/ceph: stderr
2026-03-09T15:48:14.518+0000 7fecc0853640 1 -- 192.168.123.101:0/3069061418 --> [v2:192.168.123.101:3300/0,v1:192.168.123.101:6789/0] -- mon_subscribe({mgrmap=0+}) -- 0x7fecbc07ab10 con 0x7fecbc1065b0
2026-03-09T15:48:14.695 INFO:teuthology.orchestra.run.vm01.stdout:/usr/bin/ceph: stderr
2026-03-09T15:48:14.518+0000 7fecc0853640 1 -- 192.168.123.101:0/3069061418 --> [v2:192.168.123.101:3300/0,v1:192.168.123.101:6789/0] -- mon_subscribe({osdmap=0}) -- 0x7fecbc07aff0 con 0x7fecbc1065b0
2026-03-09T15:48:14.695 INFO:teuthology.orchestra.run.vm01.stdout:/usr/bin/ceph: stderr
2026-03-09T15:48:14.522+0000 7fecc0853640 1 -- 192.168.123.101:0/3069061418 --> [v2:192.168.123.101:3300/0,v1:192.168.123.101:6789/0] -- mon_command({"prefix": "get_command_descriptions"} v 0) -- 0x7fecbc10a9e0 con 0x7fecbc1065b0
2026-03-09T15:48:14.695 INFO:teuthology.orchestra.run.vm01.stdout:/usr/bin/ceph: stderr
2026-03-09T15:48:14.522+0000 7feca37fe640 1 -- 192.168.123.101:0/3069061418 <== mon.0 v2:192.168.123.101:3300/0 4 ==== mgrmap(e 6) ==== 50141+0+0 (secure 0 0 0) 0x7feca4054080 con 0x7fecbc1065b0
2026-03-09T15:48:14.695 INFO:teuthology.orchestra.run.vm01.stdout:/usr/bin/ceph: stderr
2026-03-09T15:48:14.522+0000 7feca37fe640 1 --2- 192.168.123.101:0/3069061418 >> [v2:192.168.123.101:6800/2530303036,v1:192.168.123.101:6801/2530303036] conn(0x7fec9403d760 0x7fec9403fc20 unknown :-1 s=NONE pgs=0 cs=0 l=1 rev1=0 crypto rx=0 tx=0 comp rx=0 tx=0).connect
2026-03-09T15:48:14.695 INFO:teuthology.orchestra.run.vm01.stdout:/usr/bin/ceph: stderr
2026-03-09T15:48:14.522+0000 7fecb9d74640 1 --2- 192.168.123.101:0/3069061418 >> [v2:192.168.123.101:6800/2530303036,v1:192.168.123.101:6801/2530303036] conn(0x7fec9403d760 0x7fec9403fc20 unknown :-1 s=BANNER_CONNECTING pgs=0 cs=0 l=1 rev1=0 crypto rx=0 tx=0 comp rx=0 tx=0)._handle_peer_banner_payload supported=3 required=0
2026-03-09T15:48:14.695 INFO:teuthology.orchestra.run.vm01.stdout:/usr/bin/ceph: stderr
2026-03-09T15:48:14.522+0000 7feca37fe640 1 -- 192.168.123.101:0/3069061418 <== mon.0 v2:192.168.123.101:3300/0 5 ==== osd_map(2..2 src has 1..2) ==== 940+0+0 (secure 0 0 0) 0x7feca4076f10 con 0x7fecbc1065b0
2026-03-09T15:48:14.695 INFO:teuthology.orchestra.run.vm01.stdout:/usr/bin/ceph: stderr
2026-03-09T15:48:14.526+0000 7feca37fe640 1 -- 192.168.123.101:0/3069061418 <== mon.0 v2:192.168.123.101:3300/0 6 ==== mon_command_ack([{"prefix": "get_command_descriptions"}]=0 v0) ==== 72+0+195034 (secure 0 0 0) 0x7feca40773d0 con 0x7fecbc1065b0
2026-03-09T15:48:14.695 INFO:teuthology.orchestra.run.vm01.stdout:/usr/bin/ceph: stderr
2026-03-09T15:48:14.530+0000 7fecb9d74640 1 --2- 192.168.123.101:0/3069061418 >> [v2:192.168.123.101:6800/2530303036,v1:192.168.123.101:6801/2530303036] conn(0x7fec9403d760 0x7fec9403fc20 secure :-1 s=READY pgs=9 cs=0 l=1 rev1=1 crypto rx=0x7fecb00099c0 tx=0x7fecb0006eb0 comp rx=0 tx=0).ready entity=mgr.14118 client_cookie=0 server_cookie=0 in_seq=0 out_seq=0
2026-03-09T15:48:14.696 INFO:teuthology.orchestra.run.vm01.stdout:/usr/bin/ceph: stderr
2026-03-09T15:48:14.618+0000 7fecc0853640 1 -- 192.168.123.101:0/3069061418 --> [v2:192.168.123.101:6800/2530303036,v1:192.168.123.101:6801/2530303036] -- mgr_command(tid 0: {"prefix": "cephadm generate-key", "target": ["mon-mgr", ""]}) -- 0x7fecbc07b650 con 0x7fec9403d760
2026-03-09T15:48:14.696 INFO:teuthology.orchestra.run.vm01.stdout:/usr/bin/ceph: stderr
2026-03-09T15:48:14.646+0000 7feca37fe640 1 -- 192.168.123.101:0/3069061418 <== mgr.14118 v2:192.168.123.101:6800/2530303036 1 ==== mgr_command_reply(tid 0: 0 ) ==== 8+0+0 (secure 0 0 0) 0x7fecbc07b650 con 0x7fec9403d760
2026-03-09T15:48:14.696 INFO:teuthology.orchestra.run.vm01.stdout:/usr/bin/ceph: stderr
2026-03-09T15:48:14.650+0000 7fecc0853640 1 -- 192.168.123.101:0/3069061418 >> [v2:192.168.123.101:6800/2530303036,v1:192.168.123.101:6801/2530303036] conn(0x7fec9403d760 msgr2=0x7fec9403fc20 secure :-1 s=STATE_CONNECTION_ESTABLISHED l=1).mark_down
2026-03-09T15:48:14.696 INFO:teuthology.orchestra.run.vm01.stdout:/usr/bin/ceph: stderr
2026-03-09T15:48:14.650+0000 7fecc0853640 1 --2- 192.168.123.101:0/3069061418 >> [v2:192.168.123.101:6800/2530303036,v1:192.168.123.101:6801/2530303036] conn(0x7fec9403d760 0x7fec9403fc20 secure :-1 s=READY pgs=9 cs=0 l=1 rev1=1 crypto rx=0x7fecb00099c0 tx=0x7fecb0006eb0 comp rx=0 tx=0).stop
2026-03-09T15:48:14.696 INFO:teuthology.orchestra.run.vm01.stdout:/usr/bin/ceph: stderr
2026-03-09T15:48:14.650+0000 7fecc0853640 1 -- 192.168.123.101:0/3069061418 >> [v2:192.168.123.101:3300/0,v1:192.168.123.101:6789/0] conn(0x7fecbc1065b0 msgr2=0x7fecbc07c3e0 secure :-1 s=STATE_CONNECTION_ESTABLISHED l=1).mark_down
2026-03-09T15:48:14.696 INFO:teuthology.orchestra.run.vm01.stdout:/usr/bin/ceph: stderr
2026-03-09T15:48:14.650+0000 7fecc0853640 1 --2- 192.168.123.101:0/3069061418 >> [v2:192.168.123.101:3300/0,v1:192.168.123.101:6789/0] conn(0x7fecbc1065b0 0x7fecbc07c3e0 secure :-1 s=READY pgs=40 cs=0 l=1 rev1=1 crypto rx=0x7feca40365d0 tx=0x7feca4036600 comp rx=0 tx=0).stop
2026-03-09T15:48:14.696 INFO:teuthology.orchestra.run.vm01.stdout:/usr/bin/ceph: stderr
2026-03-09T15:48:14.650+0000 7fecc0853640 1 -- 192.168.123.101:0/3069061418 shutdown_connections
2026-03-09T15:48:14.696 INFO:teuthology.orchestra.run.vm01.stdout:/usr/bin/ceph: stderr
2026-03-09T15:48:14.650+0000 7fecc0853640 1 --2- 192.168.123.101:0/3069061418 >> [v2:192.168.123.101:6800/2530303036,v1:192.168.123.101:6801/2530303036] conn(0x7fec9403d760 0x7fec9403fc20 unknown :-1 s=CLOSED pgs=9 cs=0 l=1 rev1=1 crypto rx=0 tx=0 comp rx=0 tx=0).stop
2026-03-09T15:48:14.696 INFO:teuthology.orchestra.run.vm01.stdout:/usr/bin/ceph: stderr
2026-03-09T15:48:14.650+0000 7fecc0853640 1 --2- 192.168.123.101:0/3069061418 >> [v2:192.168.123.101:3300/0,v1:192.168.123.101:6789/0] conn(0x7fecbc1065b0 0x7fecbc07c3e0 unknown :-1 s=CLOSED pgs=40 cs=0 l=1 rev1=1 crypto rx=0 tx=0 comp rx=0 tx=0).stop
2026-03-09T15:48:14.696 INFO:teuthology.orchestra.run.vm01.stdout:/usr/bin/ceph: stderr
2026-03-09T15:48:14.650+0000 7fecc0853640 1 -- 192.168.123.101:0/3069061418 >> 192.168.123.101:0/3069061418 conn(0x7fecbc101d60 msgr2=0x7fecbc1028d0 unknown :-1 s=STATE_NONE l=0).mark_down
2026-03-09T15:48:14.696 INFO:teuthology.orchestra.run.vm01.stdout:/usr/bin/ceph: stderr
2026-03-09T15:48:14.650+0000 7fecc0853640 1 -- 192.168.123.101:0/3069061418 shutdown_connections
2026-03-09T15:48:14.696 INFO:teuthology.orchestra.run.vm01.stdout:/usr/bin/ceph: stderr
2026-03-09T15:48:14.650+0000 7fecc0853640 1 -- 192.168.123.101:0/3069061418 wait complete.
2026-03-09T15:48:14.933 INFO:journalctl@ceph.mgr.y.vm01.stdout:Mar 09 15:48:14 vm01 bash[21002]: Generating public/private ed25519 key pair.
2026-03-09T15:48:14.933 INFO:journalctl@ceph.mgr.y.vm01.stdout:Mar 09 15:48:14 vm01 bash[21002]: Your identification has been saved in /tmp/tmpdvia4s8l/key
2026-03-09T15:48:14.933 INFO:journalctl@ceph.mgr.y.vm01.stdout:Mar 09 15:48:14 vm01 bash[21002]: Your public key has been saved in /tmp/tmpdvia4s8l/key.pub
2026-03-09T15:48:14.933 INFO:journalctl@ceph.mgr.y.vm01.stdout:Mar 09 15:48:14 vm01 bash[21002]: The key fingerprint is:
2026-03-09T15:48:14.933 INFO:journalctl@ceph.mgr.y.vm01.stdout:Mar 09 15:48:14 vm01 bash[21002]: SHA256:xUrV9cBbaroFXUJQ7xPuXUkKh4HpFfq6GB6gq5KuGrQ ceph-397fadc0-1bcf-11f1-8481-edc1430c2c03
2026-03-09T15:48:14.933 INFO:journalctl@ceph.mgr.y.vm01.stdout:Mar 09 15:48:14 vm01 bash[21002]: The key's randomart image is:
2026-03-09T15:48:14.933 INFO:journalctl@ceph.mgr.y.vm01.stdout:Mar 09 15:48:14 vm01 bash[21002]: +--[ED25519 256]--+
2026-03-09T15:48:14.933 INFO:journalctl@ceph.mgr.y.vm01.stdout:Mar 09 15:48:14 vm01 bash[21002]: | ++o*= |
2026-03-09T15:48:14.933 INFO:journalctl@ceph.mgr.y.vm01.stdout:Mar 09 15:48:14 vm01 bash[21002]: | =..+ o+o|
2026-03-09T15:48:14.933 INFO:journalctl@ceph.mgr.y.vm01.stdout:Mar 09 15:48:14 vm01 bash[21002]: | o.+o o Oo|
2026-03-09T15:48:14.933 INFO:journalctl@ceph.mgr.y.vm01.stdout:Mar 09 15:48:14 vm01 bash[21002]: | . +. + O.o|
2026-03-09T15:48:14.933 INFO:journalctl@ceph.mgr.y.vm01.stdout:Mar 09 15:48:14 vm01 bash[21002]: | . . S . = +o|
2026-03-09T15:48:14.933 INFO:journalctl@ceph.mgr.y.vm01.stdout:Mar 09 15:48:14 vm01 bash[21002]: |. . . . . . o +|
2026-03-09T15:48:14.933 INFO:journalctl@ceph.mgr.y.vm01.stdout:Mar 09 15:48:14 vm01 bash[21002]: |.E . o . o ..|
2026-03-09T15:48:14.933 INFO:journalctl@ceph.mgr.y.vm01.stdout:Mar 09 15:48:14 vm01 bash[21002]: |o. . . + . . |
2026-03-09T15:48:14.933 INFO:journalctl@ceph.mgr.y.vm01.stdout:Mar 09 15:48:14 vm01 bash[21002]: |Bo.. o . |
2026-03-09T15:48:14.933 INFO:journalctl@ceph.mgr.y.vm01.stdout:Mar 09 15:48:14 vm01 bash[21002]: +----[SHA256]-----+
2026-03-09T15:48:14.984 INFO:teuthology.orchestra.run.vm01.stdout:/usr/bin/ceph: stdout ssh-ed25519 AAAAC3NzaC1lZDI1NTE5AAAAIK9x06PqRiQAZsjB9w6vP4G9bJhdyvM1QlHX61CC2Pex ceph-397fadc0-1bcf-11f1-8481-edc1430c2c03
2026-03-09T15:48:14.984 INFO:teuthology.orchestra.run.vm01.stdout:/usr/bin/ceph: stderr
2026-03-09T15:48:14.822+0000 7fe7b61a0640 1 Processor -- start
2026-03-09T15:48:14.984 INFO:teuthology.orchestra.run.vm01.stdout:/usr/bin/ceph: stderr
2026-03-09T15:48:14.822+0000 7fe7b61a0640 1 -- start start
2026-03-09T15:48:14.984 INFO:teuthology.orchestra.run.vm01.stdout:/usr/bin/ceph: stderr
2026-03-09T15:48:14.822+0000 7fe7b61a0640 1 --2- >> [v2:192.168.123.101:3300/0,v1:192.168.123.101:6789/0] conn(0x7fe7b0104dd0 0x7fe7b01071e0 unknown :-1 s=NONE pgs=0 cs=0 l=0 rev1=0 crypto rx=0 tx=0 comp rx=0 tx=0).connect
2026-03-09T15:48:14.984 INFO:teuthology.orchestra.run.vm01.stdout:/usr/bin/ceph: stderr
2026-03-09T15:48:14.822+0000 7fe7b61a0640 1 -- --> [v2:192.168.123.101:3300/0,v1:192.168.123.101:6789/0] -- mon_getmap magic: 0 -- 0x7fe7b007a650 con 0x7fe7b0104dd0
2026-03-09T15:48:14.984 INFO:teuthology.orchestra.run.vm01.stdout:/usr/bin/ceph: stderr
2026-03-09T15:48:14.822+0000 7fe7af7fe640 1 --2- >> [v2:192.168.123.101:3300/0,v1:192.168.123.101:6789/0] conn(0x7fe7b0104dd0 0x7fe7b01071e0 unknown :-1 s=BANNER_CONNECTING pgs=0 cs=0 l=0 rev1=0 crypto rx=0 tx=0 comp rx=0 tx=0)._handle_peer_banner_payload supported=3 required=0
2026-03-09T15:48:14.984 INFO:teuthology.orchestra.run.vm01.stdout:/usr/bin/ceph: stderr
2026-03-09T15:48:14.822+0000 7fe7af7fe640 1 --2- >> [v2:192.168.123.101:3300/0,v1:192.168.123.101:6789/0] conn(0x7fe7b0104dd0 0x7fe7b01071e0 unknown :-1 s=HELLO_CONNECTING pgs=0 cs=0 l=0 rev1=1 crypto rx=0 tx=0 comp rx=0 tx=0).handle_hello peer v2:192.168.123.101:3300/0 says I am v2:192.168.123.101:43918/0 (socket says 192.168.123.101:43918)
2026-03-09T15:48:14.984 INFO:teuthology.orchestra.run.vm01.stdout:/usr/bin/ceph: stderr
2026-03-09T15:48:14.822+0000 7fe7af7fe640 1 -- 192.168.123.101:0/1671860879 learned_addr learned my addr 192.168.123.101:0/1671860879 (peer_addr_for_me v2:192.168.123.101:0/0)
2026-03-09T15:48:14.984 INFO:teuthology.orchestra.run.vm01.stdout:/usr/bin/ceph: stderr
2026-03-09T15:48:14.822+0000 7fe7af7fe640 1 -- 192.168.123.101:0/1671860879 --> [v2:192.168.123.101:3300/0,v1:192.168.123.101:6789/0] -- mon_subscribe({config=0+,monmap=0+}) -- 0x7fe7b0107720 con 0x7fe7b0104dd0
2026-03-09T15:48:14.984 INFO:teuthology.orchestra.run.vm01.stdout:/usr/bin/ceph: stderr
2026-03-09T15:48:14.826+0000 7fe7af7fe640 1 --2- 192.168.123.101:0/1671860879 >> [v2:192.168.123.101:3300/0,v1:192.168.123.101:6789/0] conn(0x7fe7b0104dd0 0x7fe7b01071e0 secure :-1 s=READY pgs=41 cs=0 l=1 rev1=1 crypto rx=0x7fe794009920 tx=0x7fe79402ef20 comp rx=0 tx=0).ready entity=mon.0 client_cookie=c0a4f5c09973e13d server_cookie=0 in_seq=0 out_seq=0
2026-03-09T15:48:14.984 INFO:teuthology.orchestra.run.vm01.stdout:/usr/bin/ceph: stderr
2026-03-09T15:48:14.826+0000 7fe7ae7fc640 1 -- 192.168.123.101:0/1671860879 <== mon.0 v2:192.168.123.101:3300/0 1 ==== mon_map magic: 0 ==== 205+0+0 (secure 0 0 0) 0x7fe79403c070 con 0x7fe7b0104dd0
2026-03-09T15:48:14.984 INFO:teuthology.orchestra.run.vm01.stdout:/usr/bin/ceph: stderr
2026-03-09T15:48:14.826+0000 7fe7ae7fc640 1 -- 192.168.123.101:0/1671860879 <== mon.0 v2:192.168.123.101:3300/0 2 ==== config(23 keys) ==== 947+0+0 (secure 0 0 0) 0x7fe794037440 con 0x7fe7b0104dd0
2026-03-09T15:48:14.984 INFO:teuthology.orchestra.run.vm01.stdout:/usr/bin/ceph: stderr
2026-03-09T15:48:14.826+0000 7fe7b61a0640 1 -- 192.168.123.101:0/1671860879 >> [v2:192.168.123.101:3300/0,v1:192.168.123.101:6789/0] conn(0x7fe7b0104dd0 msgr2=0x7fe7b01071e0 secure :-1 s=STATE_CONNECTION_ESTABLISHED l=1).mark_down
2026-03-09T15:48:14.984 INFO:teuthology.orchestra.run.vm01.stdout:/usr/bin/ceph: stderr
2026-03-09T15:48:14.826+0000 7fe7b61a0640 1 --2- 192.168.123.101:0/1671860879 >> [v2:192.168.123.101:3300/0,v1:192.168.123.101:6789/0] conn(0x7fe7b0104dd0 0x7fe7b01071e0 secure :-1 s=READY pgs=41 cs=0 l=1 rev1=1 crypto rx=0x7fe794009920 tx=0x7fe79402ef20 comp rx=0 tx=0).stop
2026-03-09T15:48:14.984 INFO:teuthology.orchestra.run.vm01.stdout:/usr/bin/ceph: stderr
2026-03-09T15:48:14.826+0000 7fe7b61a0640 1 -- 192.168.123.101:0/1671860879 shutdown_connections
2026-03-09T15:48:14.984 INFO:teuthology.orchestra.run.vm01.stdout:/usr/bin/ceph: stderr
2026-03-09T15:48:14.826+0000 7fe7b61a0640 1 --2- 192.168.123.101:0/1671860879 >> [v2:192.168.123.101:3300/0,v1:192.168.123.101:6789/0] conn(0x7fe7b0104dd0 0x7fe7b01071e0 unknown :-1 s=CLOSED pgs=41 cs=0 l=1 rev1=1 crypto rx=0 tx=0 comp rx=0 tx=0).stop
2026-03-09T15:48:14.984 INFO:teuthology.orchestra.run.vm01.stdout:/usr/bin/ceph: stderr
2026-03-09T15:48:14.826+0000 7fe7b61a0640 1 -- 192.168.123.101:0/1671860879 >> 192.168.123.101:0/1671860879 conn(0x7fe7b0100c00 msgr2=0x7fe7b0103040 unknown :-1 s=STATE_NONE l=0).mark_down
2026-03-09T15:48:14.984 INFO:teuthology.orchestra.run.vm01.stdout:/usr/bin/ceph: stderr
2026-03-09T15:48:14.826+0000 7fe7b61a0640 1 -- 192.168.123.101:0/1671860879 shutdown_connections
2026-03-09T15:48:14.984 INFO:teuthology.orchestra.run.vm01.stdout:/usr/bin/ceph: stderr
2026-03-09T15:48:14.826+0000 7fe7b61a0640 1 -- 192.168.123.101:0/1671860879 wait complete.
2026-03-09T15:48:14.984 INFO:teuthology.orchestra.run.vm01.stdout:/usr/bin/ceph: stderr
2026-03-09T15:48:14.826+0000 7fe7b61a0640 1 Processor -- start
2026-03-09T15:48:14.984 INFO:teuthology.orchestra.run.vm01.stdout:/usr/bin/ceph: stderr
2026-03-09T15:48:14.826+0000 7fe7b61a0640 1 -- start start
2026-03-09T15:48:14.984 INFO:teuthology.orchestra.run.vm01.stdout:/usr/bin/ceph: stderr
2026-03-09T15:48:14.826+0000 7fe7b61a0640 1 --2- >> [v2:192.168.123.101:3300/0,v1:192.168.123.101:6789/0] conn(0x7fe7b0104dd0 0x7fe7b01a2c20 unknown :-1 s=NONE pgs=0 cs=0 l=1 rev1=0 crypto rx=0 tx=0 comp rx=0 tx=0).connect
2026-03-09T15:48:14.984 INFO:teuthology.orchestra.run.vm01.stdout:/usr/bin/ceph: stderr
2026-03-09T15:48:14.826+0000 7fe7b61a0640 1 -- --> [v2:192.168.123.101:3300/0,v1:192.168.123.101:6789/0] -- mon_getmap magic: 0 -- 0x7fe7b01085a0 con 0x7fe7b0104dd0
2026-03-09T15:48:14.984 INFO:teuthology.orchestra.run.vm01.stdout:/usr/bin/ceph: stderr
2026-03-09T15:48:14.826+0000 7fe7af7fe640 1 --2- >> [v2:192.168.123.101:3300/0,v1:192.168.123.101:6789/0] conn(0x7fe7b0104dd0 0x7fe7b01a2c20 unknown :-1 s=BANNER_CONNECTING pgs=0 cs=0 l=1 rev1=0 crypto rx=0 tx=0 comp rx=0 tx=0)._handle_peer_banner_payload supported=3 required=0
2026-03-09T15:48:14.984 INFO:teuthology.orchestra.run.vm01.stdout:/usr/bin/ceph: stderr
2026-03-09T15:48:14.826+0000 7fe7af7fe640 1 --2- >> [v2:192.168.123.101:3300/0,v1:192.168.123.101:6789/0] conn(0x7fe7b0104dd0 0x7fe7b01a2c20 unknown :-1 s=HELLO_CONNECTING pgs=0 cs=0 l=1 rev1=1 crypto rx=0 tx=0 comp rx=0 tx=0).handle_hello peer v2:192.168.123.101:3300/0 says I am v2:192.168.123.101:43932/0 (socket says 192.168.123.101:43932)
2026-03-09T15:48:14.984 INFO:teuthology.orchestra.run.vm01.stdout:/usr/bin/ceph: stderr
2026-03-09T15:48:14.826+0000 7fe7af7fe640 1 -- 192.168.123.101:0/1735138072 learned_addr learned my addr 192.168.123.101:0/1735138072 (peer_addr_for_me v2:192.168.123.101:0/0)
2026-03-09T15:48:14.984 INFO:teuthology.orchestra.run.vm01.stdout:/usr/bin/ceph: stderr
2026-03-09T15:48:14.826+0000 7fe7af7fe640 1 -- 192.168.123.101:0/1735138072 --> [v2:192.168.123.101:3300/0,v1:192.168.123.101:6789/0] -- mon_subscribe({config=0+,monmap=0+}) -- 0x7fe7b01a3160 con 0x7fe7b0104dd0
2026-03-09T15:48:14.985 INFO:teuthology.orchestra.run.vm01.stdout:/usr/bin/ceph: stderr
2026-03-09T15:48:14.830+0000 7fe7af7fe640 1 --2- 192.168.123.101:0/1735138072 >> [v2:192.168.123.101:3300/0,v1:192.168.123.101:6789/0] conn(0x7fe7b0104dd0 0x7fe7b01a2c20 secure :-1 s=READY pgs=42 cs=0 l=1 rev1=1 crypto rx=0x7fe79402f450 tx=0x7fe794035d30 comp rx=0 tx=0).ready entity=mon.0 client_cookie=0 server_cookie=0 in_seq=0 out_seq=0
2026-03-09T15:48:14.985 INFO:teuthology.orchestra.run.vm01.stdout:/usr/bin/ceph: stderr
2026-03-09T15:48:14.830+0000 7fe7acff9640 1 -- 192.168.123.101:0/1735138072 <== mon.0 v2:192.168.123.101:3300/0 1 ==== mon_map magic: 0 ==== 205+0+0 (secure 0 0 0) 0x7fe79403c070 con 0x7fe7b0104dd0
2026-03-09T15:48:14.985 INFO:teuthology.orchestra.run.vm01.stdout:/usr/bin/ceph: stderr
2026-03-09T15:48:14.830+0000 7fe7acff9640 1 -- 192.168.123.101:0/1735138072 <== mon.0 v2:192.168.123.101:3300/0 2 ==== config(23 keys) ==== 947+0+0 (secure 0 0 0) 0x7fe794045070 con 0x7fe7b0104dd0
2026-03-09T15:48:14.985 INFO:teuthology.orchestra.run.vm01.stdout:/usr/bin/ceph: stderr
2026-03-09T15:48:14.830+0000 7fe7acff9640 1 -- 192.168.123.101:0/1735138072 <== mon.0 v2:192.168.123.101:3300/0 3 ==== mon_map magic: 0 ==== 205+0+0 (secure 0 0 0) 0x7fe794040a60 con 0x7fe7b0104dd0
2026-03-09T15:48:14.985 INFO:teuthology.orchestra.run.vm01.stdout:/usr/bin/ceph: stderr
2026-03-09T15:48:14.830+0000 7fe7b61a0640 1 -- 192.168.123.101:0/1735138072 --> [v2:192.168.123.101:3300/0,v1:192.168.123.101:6789/0] -- mon_subscribe({mgrmap=0+}) -- 0x7fe7b01a33f0 con 0x7fe7b0104dd0
2026-03-09T15:48:14.985 INFO:teuthology.orchestra.run.vm01.stdout:/usr/bin/ceph: stderr
2026-03-09T15:48:14.830+0000 7fe7b61a0640 1 -- 192.168.123.101:0/1735138072 --> [v2:192.168.123.101:3300/0,v1:192.168.123.101:6789/0] -- mon_subscribe({osdmap=0}) -- 0x7fe7b01a60e0 con 0x7fe7b0104dd0
2026-03-09T15:48:14.985 INFO:teuthology.orchestra.run.vm01.stdout:/usr/bin/ceph: stderr
2026-03-09T15:48:14.830+0000 7fe7acff9640 1 -- 192.168.123.101:0/1735138072 <== mon.0 v2:192.168.123.101:3300/0 4 ==== mgrmap(e 6) ==== 50141+0+0 (secure 0 0 0) 0x7fe794037650 con 0x7fe7b0104dd0
2026-03-09T15:48:14.985 INFO:teuthology.orchestra.run.vm01.stdout:/usr/bin/ceph: stderr
2026-03-09T15:48:14.830+0000 7fe7b61a0640 1 -- 192.168.123.101:0/1735138072 --> [v2:192.168.123.101:3300/0,v1:192.168.123.101:6789/0] -- mon_command({"prefix": "get_command_descriptions"} v 0) -- 0x7fe7b01051d0 con 0x7fe7b0104dd0
2026-03-09T15:48:14.985 INFO:teuthology.orchestra.run.vm01.stdout:/usr/bin/ceph: stderr
2026-03-09T15:48:14.834+0000 7fe7acff9640 1 --2- 192.168.123.101:0/1735138072 >> [v2:192.168.123.101:6800/2530303036,v1:192.168.123.101:6801/2530303036] conn(0x7fe78803d7b0 0x7fe78803fc70 unknown :-1 s=NONE pgs=0 cs=0 l=1 rev1=0 crypto rx=0 tx=0 comp rx=0 tx=0).connect
2026-03-09T15:48:14.985 INFO:teuthology.orchestra.run.vm01.stdout:/usr/bin/ceph: stderr
2026-03-09T15:48:14.834+0000 7fe7acff9640 1 -- 192.168.123.101:0/1735138072 <== mon.0 v2:192.168.123.101:3300/0 5 ==== osd_map(2..2 src has 1..2) ==== 940+0+0 (secure 0 0 0) 0x7fe794076780 con 0x7fe7b0104dd0
2026-03-09T15:48:14.985 INFO:teuthology.orchestra.run.vm01.stdout:/usr/bin/ceph: stderr
2026-03-09T15:48:14.834+0000 7fe7aeffd640 1 --2- 192.168.123.101:0/1735138072 >> [v2:192.168.123.101:6800/2530303036,v1:192.168.123.101:6801/2530303036] conn(0x7fe78803d7b0 0x7fe78803fc70 unknown :-1 s=BANNER_CONNECTING pgs=0 cs=0 l=1 rev1=0 crypto rx=0 tx=0 comp rx=0 tx=0)._handle_peer_banner_payload supported=3 required=0
2026-03-09T15:48:14.985 INFO:teuthology.orchestra.run.vm01.stdout:/usr/bin/ceph: stderr
2026-03-09T15:48:14.834+0000 7fe7aeffd640 1 --2- 192.168.123.101:0/1735138072 >> [v2:192.168.123.101:6800/2530303036,v1:192.168.123.101:6801/2530303036] conn(0x7fe78803d7b0 0x7fe78803fc70 secure :-1 s=READY pgs=10 cs=0 l=1 rev1=1 crypto rx=0x7fe79c009a10 tx=0x7fe79c006eb0 comp rx=0 tx=0).ready entity=mgr.14118 client_cookie=0 server_cookie=0 in_seq=0 out_seq=0
2026-03-09T15:48:14.985 INFO:teuthology.orchestra.run.vm01.stdout:/usr/bin/ceph: stderr
2026-03-09T15:48:14.834+0000 7fe7acff9640 1 -- 192.168.123.101:0/1735138072 <== mon.0 v2:192.168.123.101:3300/0 6 ==== mon_command_ack([{"prefix": "get_command_descriptions"}]=0 v0) ==== 72+0+195034 (secure 0 0 0) 0x7fe7940368f0 con 0x7fe7b0104dd0
2026-03-09T15:48:14.985 INFO:teuthology.orchestra.run.vm01.stdout:/usr/bin/ceph: stderr
2026-03-09T15:48:14.930+0000 7fe7b61a0640 1 -- 192.168.123.101:0/1735138072 --> [v2:192.168.123.101:6800/2530303036,v1:192.168.123.101:6801/2530303036] -- mgr_command(tid 0: {"prefix": "cephadm get-pub-key", "target": ["mon-mgr", ""]}) -- 0x7fe7b019bff0 con 0x7fe78803d7b0
2026-03-09T15:48:14.985 INFO:teuthology.orchestra.run.vm01.stdout:/usr/bin/ceph: stderr
2026-03-09T15:48:14.934+0000 7fe7acff9640 1 -- 192.168.123.101:0/1735138072 <== mgr.14118 v2:192.168.123.101:6800/2530303036 1 ==== mgr_command_reply(tid 0: 0 ) ==== 8+0+123 (secure 0 0 0) 0x7fe7b019bff0 con 0x7fe78803d7b0
2026-03-09T15:48:14.985 INFO:teuthology.orchestra.run.vm01.stdout:/usr/bin/ceph: stderr
2026-03-09T15:48:14.934+0000 7fe7b61a0640 1 -- 192.168.123.101:0/1735138072 >> [v2:192.168.123.101:6800/2530303036,v1:192.168.123.101:6801/2530303036] conn(0x7fe78803d7b0 msgr2=0x7fe78803fc70 secure :-1 s=STATE_CONNECTION_ESTABLISHED l=1).mark_down
2026-03-09T15:48:14.985 INFO:teuthology.orchestra.run.vm01.stdout:/usr/bin/ceph: stderr
2026-03-09T15:48:14.934+0000 7fe7b61a0640 1 --2- 192.168.123.101:0/1735138072 >> [v2:192.168.123.101:6800/2530303036,v1:192.168.123.101:6801/2530303036] conn(0x7fe78803d7b0 0x7fe78803fc70 secure :-1 s=READY pgs=10 cs=0 l=1 rev1=1 crypto rx=0x7fe79c009a10 tx=0x7fe79c006eb0 comp rx=0 tx=0).stop
2026-03-09T15:48:14.985 INFO:teuthology.orchestra.run.vm01.stdout:/usr/bin/ceph: stderr
2026-03-09T15:48:14.934+0000 7fe7b61a0640 1 -- 192.168.123.101:0/1735138072 >> [v2:192.168.123.101:3300/0,v1:192.168.123.101:6789/0] conn(0x7fe7b0104dd0 msgr2=0x7fe7b01a2c20 secure :-1 s=STATE_CONNECTION_ESTABLISHED l=1).mark_down
2026-03-09T15:48:14.985 INFO:teuthology.orchestra.run.vm01.stdout:/usr/bin/ceph: stderr
2026-03-09T15:48:14.934+0000 7fe7b61a0640 1 --2- 192.168.123.101:0/1735138072 >> [v2:192.168.123.101:3300/0,v1:192.168.123.101:6789/0] conn(0x7fe7b0104dd0 0x7fe7b01a2c20 secure :-1 s=READY pgs=42 cs=0 l=1 rev1=1 crypto rx=0x7fe79402f450 tx=0x7fe794035d30 comp rx=0 tx=0).stop
2026-03-09T15:48:14.985 INFO:teuthology.orchestra.run.vm01.stdout:/usr/bin/ceph: stderr
2026-03-09T15:48:14.938+0000 7fe7b61a0640 1 -- 192.168.123.101:0/1735138072 shutdown_connections
2026-03-09T15:48:14.985 INFO:teuthology.orchestra.run.vm01.stdout:/usr/bin/ceph: stderr
2026-03-09T15:48:14.938+0000 7fe7b61a0640 1 --2- 192.168.123.101:0/1735138072 >> [v2:192.168.123.101:6800/2530303036,v1:192.168.123.101:6801/2530303036] conn(0x7fe78803d7b0 0x7fe78803fc70 unknown :-1 s=CLOSED pgs=10 cs=0 l=1 rev1=1 crypto rx=0 tx=0 comp rx=0 tx=0).stop
2026-03-09T15:48:14.985 INFO:teuthology.orchestra.run.vm01.stdout:/usr/bin/ceph: stderr
2026-03-09T15:48:14.938+0000 7fe7b61a0640 1 --2- 192.168.123.101:0/1735138072 >> [v2:192.168.123.101:3300/0,v1:192.168.123.101:6789/0] conn(0x7fe7b0104dd0 0x7fe7b01a2c20 unknown :-1 s=CLOSED pgs=42 cs=0 l=1 rev1=1 crypto rx=0 tx=0 comp rx=0 tx=0).stop
2026-03-09T15:48:14.985 INFO:teuthology.orchestra.run.vm01.stdout:/usr/bin/ceph: stderr
2026-03-09T15:48:14.938+0000 7fe7b61a0640 1 -- 192.168.123.101:0/1735138072 >> 192.168.123.101:0/1735138072 conn(0x7fe7b0100c00 msgr2=0x7fe7b010ace0 unknown :-1 s=STATE_NONE l=0).mark_down
2026-03-09T15:48:14.985 INFO:teuthology.orchestra.run.vm01.stdout:/usr/bin/ceph: stderr
2026-03-09T15:48:14.938+0000 7fe7b61a0640 1 -- 192.168.123.101:0/1735138072 shutdown_connections
2026-03-09T15:48:14.985 INFO:teuthology.orchestra.run.vm01.stdout:/usr/bin/ceph: stderr
2026-03-09T15:48:14.938+0000 7fe7b61a0640 1 -- 192.168.123.101:0/1735138072 wait complete.
2026-03-09T15:48:14.985 INFO:teuthology.orchestra.run.vm01.stdout:Wrote public SSH key to /home/ubuntu/cephtest/ceph.pub
2026-03-09T15:48:14.985 INFO:teuthology.orchestra.run.vm01.stdout:Adding key to root@localhost authorized_keys...
2026-03-09T15:48:14.985 INFO:teuthology.orchestra.run.vm01.stdout:Adding host vm01...
2026-03-09T15:48:15.235 INFO:journalctl@ceph.mon.a.vm01.stdout:Mar 09 15:48:15 vm01 bash[20728]: audit
2026-03-09T15:48:13.701716+0000 mgr.y (mgr.14118) 2 : audit [DBG] from='client.14122 -' entity='client.admin' cmd=[{"prefix": "get_command_descriptions"}]: dispatch
2026-03-09T15:48:15.235 INFO:journalctl@ceph.mon.a.vm01.stdout:Mar 09 15:48:15 vm01 bash[20728]: audit
2026-03-09T15:48:13.701716+0000 mgr.y (mgr.14118) 2 : audit [DBG] from='client.14122 -' entity='client.admin' cmd=[{"prefix": "get_command_descriptions"}]: dispatch
2026-03-09T15:48:15.235 INFO:journalctl@ceph.mon.a.vm01.stdout:Mar 09 15:48:15 vm01 bash[20728]: audit
2026-03-09T15:48:13.706313+0000 mgr.y (mgr.14118) 3 : audit [DBG] from='client.14122 -' entity='client.admin' cmd=[{"prefix": "mgr_status"}]: dispatch
2026-03-09T15:48:15.235 INFO:journalctl@ceph.mon.a.vm01.stdout:Mar 09 15:48:15 vm01 bash[20728]: audit
2026-03-09T15:48:13.706313+0000 mgr.y (mgr.14118) 3 : audit [DBG] from='client.14122 -' entity='client.admin' cmd=[{"prefix": "mgr_status"}]: dispatch
2026-03-09T15:48:15.235 INFO:journalctl@ceph.mon.a.vm01.stdout:Mar 09 15:48:15 vm01 bash[20728]: audit
2026-03-09T15:48:14.064286+0000 mgr.y (mgr.14118) 4 : audit [DBG] from='client.14130 -' entity='client.admin' cmd=[{"prefix": "orch set backend", "module_name": "cephadm", "target": ["mon-mgr", ""]}]: dispatch
2026-03-09T15:48:15.235 INFO:journalctl@ceph.mon.a.vm01.stdout:Mar 09 15:48:15 vm01 bash[20728]: audit
2026-03-09T15:48:14.064286+0000 mgr.y (mgr.14118) 4 : audit [DBG] from='client.14130 -' entity='client.admin' cmd=[{"prefix": "orch set backend", "module_name": "cephadm", "target": ["mon-mgr", ""]}]: dispatch
2026-03-09T15:48:15.235 INFO:journalctl@ceph.mon.a.vm01.stdout:Mar 09 15:48:15 vm01 bash[20728]: audit
2026-03-09T15:48:14.068160+0000 mon.a (mon.0) 54 : audit [INF] from='mgr.14118 192.168.123.101:0/2996174437' entity='mgr.y'
2026-03-09T15:48:15.235 INFO:journalctl@ceph.mon.a.vm01.stdout:Mar 09 15:48:15 vm01 bash[20728]: audit
2026-03-09T15:48:14.068160+0000 mon.a (mon.0) 54 : audit [INF] from='mgr.14118 192.168.123.101:0/2996174437' entity='mgr.y'
2026-03-09T15:48:15.235 INFO:journalctl@ceph.mon.a.vm01.stdout:Mar 09 15:48:15 vm01 bash[20728]: audit
2026-03-09T15:48:14.078272+0000 mon.a (mon.0) 55 : audit [DBG] from='mgr.14118 192.168.123.101:0/2996174437' entity='mgr.y' cmd=[{"prefix": "config dump", "format": "json"}]: dispatch
2026-03-09T15:48:15.235 INFO:journalctl@ceph.mon.a.vm01.stdout:Mar 09 15:48:15 vm01 bash[20728]: audit
2026-03-09T15:48:14.078272+0000 mon.a (mon.0) 55 : audit [DBG] from='mgr.14118 192.168.123.101:0/2996174437' entity='mgr.y' cmd=[{"prefix": "config dump", "format": "json"}]: dispatch
2026-03-09T15:48:15.235 INFO:journalctl@ceph.mon.a.vm01.stdout:Mar 09 15:48:15 vm01 bash[20728]: audit
2026-03-09T15:48:14.588032+0000 mon.a (mon.0) 56 : audit [DBG] from='mgr.14118 192.168.123.101:0/2996174437' entity='mgr.y' cmd=[{"prefix": "config dump", "format": "json"}]: dispatch
2026-03-09T15:48:15.235 INFO:journalctl@ceph.mon.a.vm01.stdout:Mar 09 15:48:15 vm01 bash[20728]: audit
2026-03-09T15:48:14.588032+0000 mon.a (mon.0) 56 : audit [DBG] from='mgr.14118 192.168.123.101:0/2996174437' entity='mgr.y' cmd=[{"prefix": "config dump", "format": "json"}]: dispatch
2026-03-09T15:48:15.235 INFO:journalctl@ceph.mon.a.vm01.stdout:Mar 09 15:48:15 vm01 bash[20728]: audit
2026-03-09T15:48:14.648209+0000 mon.a (mon.0) 57 : audit [INF] from='mgr.14118 192.168.123.101:0/2996174437' entity='mgr.y'
2026-03-09T15:48:15.235 INFO:journalctl@ceph.mon.a.vm01.stdout:Mar 09 15:48:15 vm01 bash[20728]: audit
2026-03-09T15:48:14.648209+0000 mon.a (mon.0) 57 : audit [INF] from='mgr.14118 192.168.123.101:0/2996174437' entity='mgr.y'
2026-03-09T15:48:15.235 INFO:journalctl@ceph.mon.a.vm01.stdout:Mar 09 15:48:15 vm01 bash[20728]: audit
2026-03-09T15:48:14.649952+0000 mon.a (mon.0) 58 : audit [INF] from='mgr.14118 192.168.123.101:0/2996174437' entity='mgr.y'
2026-03-09T15:48:15.235 INFO:journalctl@ceph.mon.a.vm01.stdout:Mar 09 15:48:15 vm01 bash[20728]: audit
2026-03-09T15:48:14.649952+0000 mon.a (mon.0) 58 : audit [INF] from='mgr.14118 192.168.123.101:0/2996174437' entity='mgr.y'
2026-03-09T15:48:16.179 INFO:journalctl@ceph.mon.a.vm01.stdout:Mar 09 15:48:16 vm01 bash[20728]: audit
2026-03-09T15:48:14.365811+0000 mgr.y (mgr.14118) 5 : audit [DBG] from='client.14132 -' entity='client.admin' cmd=[{"prefix": "cephadm set-user", "user": "root", "target": ["mon-mgr", ""]}]: dispatch
2026-03-09T15:48:16.179 INFO:journalctl@ceph.mon.a.vm01.stdout:Mar 09 15:48:16 vm01 bash[20728]: audit
2026-03-09T15:48:14.365811+0000 mgr.y (mgr.14118) 5 : audit [DBG] from='client.14132 -' entity='client.admin' cmd=[{"prefix": "cephadm set-user", "user": "root", "target": ["mon-mgr", ""]}]: dispatch
2026-03-09T15:48:16.179 INFO:journalctl@ceph.mon.a.vm01.stdout:Mar 09 15:48:16 vm01 bash[20728]: cephadm
2026-03-09T15:48:14.375549+0000 mgr.y (mgr.14118) 6 : cephadm [INF] [09/Mar/2026:15:48:14] ENGINE Bus STARTING
2026-03-09T15:48:16.179 INFO:journalctl@ceph.mon.a.vm01.stdout:Mar 09 15:48:16 vm01 bash[20728]: cephadm
2026-03-09T15:48:14.375549+0000 mgr.y (mgr.14118) 6 : cephadm [INF] [09/Mar/2026:15:48:14] ENGINE Bus STARTING
2026-03-09T15:48:16.179 INFO:journalctl@ceph.mon.a.vm01.stdout:Mar 09 15:48:16 vm01 bash[20728]: cephadm
2026-03-09T15:48:14.476978+0000 mgr.y (mgr.14118) 7 : cephadm [INF] [09/Mar/2026:15:48:14] ENGINE Serving on http://192.168.123.101:8765
2026-03-09T15:48:16.179 INFO:journalctl@ceph.mon.a.vm01.stdout:Mar 09 15:48:16 vm01 bash[20728]: cephadm
2026-03-09T15:48:14.476978+0000 mgr.y (mgr.14118) 7 : cephadm [INF] [09/Mar/2026:15:48:14] ENGINE Serving on http://192.168.123.101:8765
2026-03-09T15:48:16.179 INFO:journalctl@ceph.mon.a.vm01.stdout:Mar 09 15:48:16 vm01 bash[20728]: cephadm
2026-03-09T15:48:14.587385+0000 mgr.y (mgr.14118) 8 : cephadm [INF] [09/Mar/2026:15:48:14] ENGINE Serving on https://192.168.123.101:7150
2026-03-09T15:48:16.179 INFO:journalctl@ceph.mon.a.vm01.stdout:Mar 09 15:48:16 vm01 bash[20728]: cephadm
2026-03-09T15:48:14.587385+0000 mgr.y (mgr.14118) 8 : cephadm [INF] [09/Mar/2026:15:48:14] ENGINE Serving on https://192.168.123.101:7150
2026-03-09T15:48:16.179 INFO:journalctl@ceph.mon.a.vm01.stdout:Mar 09 15:48:16 vm01 bash[20728]: cephadm
2026-03-09T15:48:14.587497+0000 mgr.y (mgr.14118) 9 : cephadm [INF] [09/Mar/2026:15:48:14] ENGINE Bus STARTED
2026-03-09T15:48:16.179 INFO:journalctl@ceph.mon.a.vm01.stdout:Mar 09 15:48:16 vm01 bash[20728]: cephadm
2026-03-09T15:48:14.587497+0000 mgr.y (mgr.14118) 9 : cephadm [INF] [09/Mar/2026:15:48:14] ENGINE Bus STARTED
2026-03-09T15:48:16.179 INFO:journalctl@ceph.mon.a.vm01.stdout:Mar 09 15:48:16 vm01 bash[20728]: cephadm
2026-03-09T15:48:14.587883+0000 mgr.y (mgr.14118) 10 : cephadm [INF] [09/Mar/2026:15:48:14] ENGINE Client ('192.168.123.101', 47824) lost — peer dropped the TLS connection suddenly, during handshake: (6, 'TLS/SSL connection has been closed (EOF) (_ssl.c:1147)')
2026-03-09T15:48:16.179 INFO:journalctl@ceph.mon.a.vm01.stdout:Mar 09 15:48:16 vm01 bash[20728]: cephadm
2026-03-09T15:48:14.587883+0000 mgr.y (mgr.14118) 10 : cephadm [INF] [09/Mar/2026:15:48:14] ENGINE Client ('192.168.123.101', 47824) lost — peer dropped the TLS connection suddenly, during handshake: (6, 'TLS/SSL connection has been closed (EOF) (_ssl.c:1147)')
2026-03-09T15:48:16.180 INFO:journalctl@ceph.mon.a.vm01.stdout:Mar 09 15:48:16 vm01 bash[20728]: audit
2026-03-09T15:48:14.625431+0000 mgr.y (mgr.14118) 11 : audit [DBG] from='client.14134 -' entity='client.admin' cmd=[{"prefix": "cephadm generate-key", "target": ["mon-mgr", ""]}]: dispatch
2026-03-09T15:48:16.180 INFO:journalctl@ceph.mon.a.vm01.stdout:Mar 09 15:48:16 vm01 bash[20728]: audit
2026-03-09T15:48:14.625431+0000 mgr.y (mgr.14118) 11 : audit [DBG] from='client.14134 -' entity='client.admin' cmd=[{"prefix": "cephadm generate-key", "target": ["mon-mgr", ""]}]: dispatch
2026-03-09T15:48:16.180 INFO:journalctl@ceph.mon.a.vm01.stdout:Mar 09 15:48:16 vm01 bash[20728]: cephadm
2026-03-09T15:48:14.625592+0000 mgr.y (mgr.14118) 12 : cephadm [INF] Generating ssh key...
2026-03-09T15:48:16.180 INFO:journalctl@ceph.mon.a.vm01.stdout:Mar 09 15:48:16 vm01 bash[20728]: cephadm
2026-03-09T15:48:14.625592+0000 mgr.y (mgr.14118) 12 : cephadm [INF] Generating ssh key...
2026-03-09T15:48:16.180 INFO:journalctl@ceph.mon.a.vm01.stdout:Mar 09 15:48:16 vm01 bash[20728]: audit
2026-03-09T15:48:14.937553+0000 mgr.y (mgr.14118) 13 : audit [DBG] from='client.14136 -' entity='client.admin' cmd=[{"prefix": "cephadm get-pub-key", "target": ["mon-mgr", ""]}]: dispatch
2026-03-09T15:48:16.180 INFO:journalctl@ceph.mon.a.vm01.stdout:Mar 09 15:48:16 vm01 bash[20728]: audit
2026-03-09T15:48:14.937553+0000 mgr.y (mgr.14118) 13 : audit [DBG] from='client.14136 -' entity='client.admin' cmd=[{"prefix": "cephadm get-pub-key", "target": ["mon-mgr", ""]}]: dispatch
2026-03-09T15:48:16.180 INFO:journalctl@ceph.mon.a.vm01.stdout:Mar 09 15:48:16 vm01 bash[20728]: audit
2026-03-09T15:48:15.223723+0000 mgr.y (mgr.14118) 14 : audit [DBG] from='client.14138 -' entity='client.admin' cmd=[{"prefix": "orch host add", "hostname": "vm01", "addr": "192.168.123.101", "target": ["mon-mgr", ""]}]: dispatch
2026-03-09T15:48:16.180 INFO:journalctl@ceph.mon.a.vm01.stdout:Mar 09 15:48:16 vm01 bash[20728]: audit
2026-03-09T15:48:15.223723+0000 mgr.y (mgr.14118) 14 : audit [DBG] from='client.14138 -' entity='client.admin' cmd=[{"prefix": "orch host add", "hostname": "vm01", "addr": "192.168.123.101", "target": ["mon-mgr", ""]}]: dispatch
2026-03-09T15:48:16.180 INFO:journalctl@ceph.mon.a.vm01.stdout:Mar 09 15:48:16 vm01 bash[20728]: cluster
2026-03-09T15:48:15.656726+0000 mon.a (mon.0) 59 : cluster [DBG] mgrmap e7: y(active, since 2s)
2026-03-09T15:48:16.180 INFO:journalctl@ceph.mon.a.vm01.stdout:Mar 09 15:48:16 vm01 bash[20728]: cluster
2026-03-09T15:48:15.656726+0000 mon.a (mon.0) 59 : cluster [DBG] mgrmap e7: y(active, since 2s)
2026-03-09T15:48:17.259 INFO:teuthology.orchestra.run.vm01.stdout:/usr/bin/ceph: stdout Added host 'vm01' with addr '192.168.123.101'
2026-03-09T15:48:17.259 INFO:teuthology.orchestra.run.vm01.stdout:/usr/bin/ceph: stderr
2026-03-09T15:48:15.110+0000 7fbf3c3e3640 1 Processor -- start
2026-03-09T15:48:17.259 INFO:teuthology.orchestra.run.vm01.stdout:/usr/bin/ceph: stderr
2026-03-09T15:48:15.110+0000 7fbf3c3e3640 1 -- start start
2026-03-09T15:48:17.260 INFO:teuthology.orchestra.run.vm01.stdout:/usr/bin/ceph: stderr
2026-03-09T15:48:15.110+0000 7fbf3c3e3640 1 --2- >> [v2:192.168.123.101:3300/0,v1:192.168.123.101:6789/0] conn(0x7fbf3407c6d0 0x7fbf3407ab30 unknown :-1 s=NONE pgs=0 cs=0 l=0 rev1=0 crypto rx=0 tx=0 comp rx=0 tx=0).connect
2026-03-09T15:48:17.260 INFO:teuthology.orchestra.run.vm01.stdout:/usr/bin/ceph: stderr
2026-03-09T15:48:15.110+0000 7fbf3c3e3640 1 -- --> [v2:192.168.123.101:3300/0,v1:192.168.123.101:6789/0] -- mon_getmap magic: 0 -- 0x7fbf3407b070 con 0x7fbf3407c6d0
2026-03-09T15:48:17.260 INFO:teuthology.orchestra.run.vm01.stdout:/usr/bin/ceph: stderr
2026-03-09T15:48:15.110+0000 7fbf3a158640 1 --2- >> [v2:192.168.123.101:3300/0,v1:192.168.123.101:6789/0] conn(0x7fbf3407c6d0 0x7fbf3407ab30 unknown :-1 s=BANNER_CONNECTING pgs=0 cs=0 l=0 rev1=0 crypto rx=0 tx=0 comp rx=0 tx=0)._handle_peer_banner_payload supported=3 required=0
2026-03-09T15:48:17.260 INFO:teuthology.orchestra.run.vm01.stdout:/usr/bin/ceph: stderr
2026-03-09T15:48:15.110+0000 7fbf3a158640 1 --2- >> [v2:192.168.123.101:3300/0,v1:192.168.123.101:6789/0] conn(0x7fbf3407c6d0 0x7fbf3407ab30 unknown :-1 s=HELLO_CONNECTING pgs=0 cs=0 l=0 rev1=1 crypto rx=0 tx=0 comp rx=0 tx=0).handle_hello peer v2:192.168.123.101:3300/0 says I am v2:192.168.123.101:43936/0 (socket says 192.168.123.101:43936)
2026-03-09T15:48:17.260 INFO:teuthology.orchestra.run.vm01.stdout:/usr/bin/ceph: stderr
2026-03-09T15:48:15.110+0000 7fbf3a158640 1 -- 192.168.123.101:0/4074485415 learned_addr learned my addr 192.168.123.101:0/4074485415 (peer_addr_for_me v2:192.168.123.101:0/0)
2026-03-09T15:48:17.260 INFO:teuthology.orchestra.run.vm01.stdout:/usr/bin/ceph: stderr
2026-03-09T15:48:15.110+0000 7fbf3a158640 1 -- 192.168.123.101:0/4074485415 --> [v2:192.168.123.101:3300/0,v1:192.168.123.101:6789/0] -- mon_subscribe({config=0+,monmap=0+}) -- 0x7fbf3407b1f0 con 0x7fbf3407c6d0
2026-03-09T15:48:17.260 INFO:teuthology.orchestra.run.vm01.stdout:/usr/bin/ceph: stderr
2026-03-09T15:48:15.114+0000 7fbf3a158640 1 --2- 192.168.123.101:0/4074485415 >> [v2:192.168.123.101:3300/0,v1:192.168.123.101:6789/0] conn(0x7fbf3407c6d0 0x7fbf3407ab30 secure :-1 s=READY pgs=43 cs=0 l=1 rev1=1 crypto rx=0x7fbf24009920 tx=0x7fbf2402ef20 comp rx=0 tx=0).ready entity=mon.0 client_cookie=d5ac0bb34dbba80d server_cookie=0 in_seq=0 out_seq=0
2026-03-09T15:48:17.260 INFO:teuthology.orchestra.run.vm01.stdout:/usr/bin/ceph: stderr
2026-03-09T15:48:15.114+0000 7fbf39156640 1 -- 192.168.123.101:0/4074485415 <== mon.0 v2:192.168.123.101:3300/0 1 ==== mon_map magic: 0 ==== 205+0+0 (secure 0 0 0) 0x7fbf2403c070 con 0x7fbf3407c6d0
2026-03-09T15:48:17.260 INFO:teuthology.orchestra.run.vm01.stdout:/usr/bin/ceph: stderr
2026-03-09T15:48:15.114+0000 7fbf39156640 1 -- 192.168.123.101:0/4074485415 <== mon.0 v2:192.168.123.101:3300/0 2 ==== config(23 keys) ==== 947+0+0 (secure 0 0 0) 0x7fbf24037440 con 0x7fbf3407c6d0
2026-03-09T15:48:17.260 INFO:teuthology.orchestra.run.vm01.stdout:/usr/bin/ceph: stderr
2026-03-09T15:48:15.114+0000 7fbf39156640 1 -- 192.168.123.101:0/4074485415 <== mon.0 v2:192.168.123.101:3300/0 3 ==== mon_map magic: 0 ==== 205+0+0 (secure 0 0 0) 0x7fbf24035340 con 0x7fbf3407c6d0
2026-03-09T15:48:17.260 INFO:teuthology.orchestra.run.vm01.stdout:/usr/bin/ceph: stderr
2026-03-09T15:48:15.114+0000 7fbf3c3e3640 1 -- 192.168.123.101:0/4074485415 >> [v2:192.168.123.101:3300/0,v1:192.168.123.101:6789/0] conn(0x7fbf3407c6d0 msgr2=0x7fbf3407ab30 secure :-1 s=STATE_CONNECTION_ESTABLISHED l=1).mark_down
2026-03-09T15:48:17.260 INFO:teuthology.orchestra.run.vm01.stdout:/usr/bin/ceph: stderr
2026-03-09T15:48:15.114+0000 7fbf3c3e3640 1 --2- 192.168.123.101:0/4074485415 >> [v2:192.168.123.101:3300/0,v1:192.168.123.101:6789/0] conn(0x7fbf3407c6d0 0x7fbf3407ab30 secure :-1 s=READY pgs=43 cs=0 l=1 rev1=1 crypto rx=0x7fbf24009920 tx=0x7fbf2402ef20 comp rx=0 tx=0).stop
2026-03-09T15:48:17.260 INFO:teuthology.orchestra.run.vm01.stdout:/usr/bin/ceph: stderr
2026-03-09T15:48:15.114+0000 7fbf3c3e3640 1 -- 192.168.123.101:0/4074485415 shutdown_connections
2026-03-09T15:48:17.260 INFO:teuthology.orchestra.run.vm01.stdout:/usr/bin/ceph: stderr
2026-03-09T15:48:15.114+0000 7fbf3c3e3640 1 --2- 192.168.123.101:0/4074485415 >> [v2:192.168.123.101:3300/0,v1:192.168.123.101:6789/0] conn(0x7fbf3407c6d0 0x7fbf3407ab30 unknown :-1 s=CLOSED pgs=43 cs=0 l=1 rev1=1 crypto rx=0 tx=0 comp rx=0 tx=0).stop
2026-03-09T15:48:17.260 INFO:teuthology.orchestra.run.vm01.stdout:/usr/bin/ceph: stderr
2026-03-09T15:48:15.114+0000 7fbf3c3e3640 1 -- 192.168.123.101:0/4074485415 >> 192.168.123.101:0/4074485415 conn(0x7fbf34101db0 msgr2=0x7fbf341041d0 unknown :-1 s=STATE_NONE l=0).mark_down
2026-03-09T15:48:17.260 INFO:teuthology.orchestra.run.vm01.stdout:/usr/bin/ceph: stderr
2026-03-09T15:48:15.114+0000 7fbf3c3e3640 1 -- 192.168.123.101:0/4074485415 shutdown_connections
2026-03-09T15:48:17.260 INFO:teuthology.orchestra.run.vm01.stdout:/usr/bin/ceph: stderr
2026-03-09T15:48:15.114+0000 7fbf3c3e3640 1 -- 192.168.123.101:0/4074485415 wait complete.
2026-03-09T15:48:17.260 INFO:teuthology.orchestra.run.vm01.stdout:/usr/bin/ceph: stderr
2026-03-09T15:48:15.114+0000 7fbf3c3e3640 1 Processor -- start
2026-03-09T15:48:17.260 INFO:teuthology.orchestra.run.vm01.stdout:/usr/bin/ceph: stderr
2026-03-09T15:48:15.114+0000 7fbf3c3e3640 1 -- start start
2026-03-09T15:48:17.260 INFO:teuthology.orchestra.run.vm01.stdout:/usr/bin/ceph: stderr
2026-03-09T15:48:15.114+0000 7fbf3c3e3640 1 --2- >> [v2:192.168.123.101:3300/0,v1:192.168.123.101:6789/0] conn(0x7fbf3407c6d0 0x7fbf341098b0 unknown :-1 s=NONE pgs=0 cs=0 l=1 rev1=0 crypto rx=0 tx=0 comp rx=0 tx=0).connect
2026-03-09T15:48:17.260 INFO:teuthology.orchestra.run.vm01.stdout:/usr/bin/ceph: stderr
2026-03-09T15:48:15.114+0000 7fbf3a158640 1 --2- >> [v2:192.168.123.101:3300/0,v1:192.168.123.101:6789/0] conn(0x7fbf3407c6d0 0x7fbf341098b0 unknown :-1 s=BANNER_CONNECTING pgs=0 cs=0 l=1 rev1=0 crypto rx=0 tx=0 comp rx=0 tx=0)._handle_peer_banner_payload supported=3 required=0
2026-03-09T15:48:17.260 INFO:teuthology.orchestra.run.vm01.stdout:/usr/bin/ceph: stderr
2026-03-09T15:48:15.114+0000 7fbf3a158640 1 --2- >> [v2:192.168.123.101:3300/0,v1:192.168.123.101:6789/0] conn(0x7fbf3407c6d0 0x7fbf341098b0 unknown :-1 s=HELLO_CONNECTING pgs=0 cs=0 l=1 rev1=1 crypto rx=0 tx=0 comp rx=0 tx=0).handle_hello peer v2:192.168.123.101:3300/0 says I am v2:192.168.123.101:43940/0 (socket says 192.168.123.101:43940)
2026-03-09T15:48:17.260 INFO:teuthology.orchestra.run.vm01.stdout:/usr/bin/ceph: stderr
2026-03-09T15:48:15.114+0000 7fbf3a158640 1 -- 192.168.123.101:0/957689319 learned_addr learned my addr 192.168.123.101:0/957689319 (peer_addr_for_me v2:192.168.123.101:0/0)
2026-03-09T15:48:17.260 INFO:teuthology.orchestra.run.vm01.stdout:/usr/bin/ceph: stderr
2026-03-09T15:48:15.114+0000 7fbf3c3e3640 1 -- --> [v2:192.168.123.101:3300/0,v1:192.168.123.101:6789/0] -- mon_getmap magic: 0 -- 0x7fbf3410ca10 con 0x7fbf3407c6d0
2026-03-09T15:48:17.260 INFO:teuthology.orchestra.run.vm01.stdout:/usr/bin/ceph: stderr
2026-03-09T15:48:15.114+0000 7fbf3a158640 1 -- 192.168.123.101:0/957689319 --> [v2:192.168.123.101:3300/0,v1:192.168.123.101:6789/0] -- mon_subscribe({config=0+,monmap=0+}) -- 0x7fbf34109df0 con 0x7fbf3407c6d0
2026-03-09T15:48:17.260 INFO:teuthology.orchestra.run.vm01.stdout:/usr/bin/ceph: stderr
2026-03-09T15:48:15.114+0000 7fbf3a158640 1 --2- 192.168.123.101:0/957689319 >> [v2:192.168.123.101:3300/0,v1:192.168.123.101:6789/0] conn(0x7fbf3407c6d0 0x7fbf341098b0 secure :-1 s=READY pgs=44 cs=0 l=1 rev1=1 crypto rx=0x7fbf24009a50 tx=0x7fbf24037670 comp rx=0 tx=0).ready entity=mon.0 client_cookie=0 server_cookie=0 in_seq=0 out_seq=0
2026-03-09T15:48:17.260 INFO:teuthology.orchestra.run.vm01.stdout:/usr/bin/ceph: stderr
2026-03-09T15:48:15.114+0000 7fbf237fe640 1 -- 192.168.123.101:0/957689319 <== mon.0 v2:192.168.123.101:3300/0 1 ==== mon_map magic: 0 ==== 205+0+0 (secure 0 0 0) 0x7fbf2403c030 con 0x7fbf3407c6d0
2026-03-09T15:48:17.260 INFO:teuthology.orchestra.run.vm01.stdout:/usr/bin/ceph: stderr
2026-03-09T15:48:15.114+0000 7fbf237fe640 1 -- 192.168.123.101:0/957689319 <== mon.0 v2:192.168.123.101:3300/0 2 ==== config(23 keys) ==== 947+0+0 (secure 0 0 0) 0x7fbf2403e070 con 0x7fbf3407c6d0
2026-03-09T15:48:17.260 INFO:teuthology.orchestra.run.vm01.stdout:/usr/bin/ceph: stderr
2026-03-09T15:48:15.114+0000 7fbf237fe640 1 -- 192.168.123.101:0/957689319 <== mon.0 v2:192.168.123.101:3300/0 3 ==== mon_map magic: 0 ==== 205+0+0 (secure 0 0 0) 0x7fbf24042d00 con 0x7fbf3407c6d0
2026-03-09T15:48:17.261 INFO:teuthology.orchestra.run.vm01.stdout:/usr/bin/ceph: stderr
2026-03-09T15:48:15.114+0000 7fbf3c3e3640 1 -- 192.168.123.101:0/957689319 --> [v2:192.168.123.101:3300/0,v1:192.168.123.101:6789/0] -- mon_subscribe({mgrmap=0+}) -- 0x7fbf3410a080 con 0x7fbf3407c6d0
2026-03-09T15:48:17.261 INFO:teuthology.orchestra.run.vm01.stdout:/usr/bin/ceph: stderr
2026-03-09T15:48:15.118+0000 7fbf3c3e3640 1 -- 192.168.123.101:0/957689319 --> [v2:192.168.123.101:3300/0,v1:192.168.123.101:6789/0] -- mon_subscribe({osdmap=0}) -- 0x7fbf341063f0 con 0x7fbf3407c6d0
2026-03-09T15:48:17.261 INFO:teuthology.orchestra.run.vm01.stdout:/usr/bin/ceph: stderr
2026-03-09T15:48:15.118+0000 7fbf237fe640 1 -- 192.168.123.101:0/957689319 <== mon.0 v2:192.168.123.101:3300/0 4 ==== mgrmap(e 6) ==== 50141+0+0 (secure 0 0 0) 0x7fbf2404c430 con 0x7fbf3407c6d0
2026-03-09T15:48:17.261 INFO:teuthology.orchestra.run.vm01.stdout:/usr/bin/ceph: stderr
2026-03-09T15:48:15.118+0000 7fbf237fe640 1 --2- 192.168.123.101:0/957689319 >> [v2:192.168.123.101:6800/2530303036,v1:192.168.123.101:6801/2530303036] conn(0x7fbf1403db20 0x7fbf1403ffe0 unknown :-1 s=NONE pgs=0 cs=0 l=1 rev1=0 crypto rx=0 tx=0 comp rx=0 tx=0).connect
2026-03-09T15:48:17.261 INFO:teuthology.orchestra.run.vm01.stdout:/usr/bin/ceph: stderr
2026-03-09T15:48:15.118+0000 7fbf237fe640 1 -- 192.168.123.101:0/957689319 <== mon.0 v2:192.168.123.101:3300/0 5 ==== osd_map(2..2 src has 1..2) ==== 940+0+0 (secure 0 0 0) 0x7fbf2403d070 con 0x7fbf3407c6d0
2026-03-09T15:48:17.261 INFO:teuthology.orchestra.run.vm01.stdout:/usr/bin/ceph: stderr
2026-03-09T15:48:15.118+0000 7fbf39957640 1 --2- 192.168.123.101:0/957689319 >> [v2:192.168.123.101:6800/2530303036,v1:192.168.123.101:6801/2530303036] conn(0x7fbf1403db20 0x7fbf1403ffe0 unknown :-1 s=BANNER_CONNECTING pgs=0 cs=0 l=1 rev1=0 crypto rx=0 tx=0 comp rx=0 tx=0)._handle_peer_banner_payload supported=3 required=0
2026-03-09T15:48:17.261 INFO:teuthology.orchestra.run.vm01.stdout:/usr/bin/ceph: stderr
2026-03-09T15:48:15.118+0000 7fbf3c3e3640 1 -- 192.168.123.101:0/957689319 --> [v2:192.168.123.101:3300/0,v1:192.168.123.101:6789/0] -- mon_command({"prefix": "get_command_descriptions"} v 0) -- 0x7fbefc005180 con 0x7fbf3407c6d0
2026-03-09T15:48:17.261 INFO:teuthology.orchestra.run.vm01.stdout:/usr/bin/ceph: stderr
