2026-03-09T15:48:18.194 INFO:teuthology.orchestra.run.vm01.stdout:/usr/bin/ceph: stderr
2026-03-09T15:48:18.146+0000 7f3f31082640 1 -- 192.168.123.101:0/3698565340 shutdown_connections
2026-03-09T15:48:18.194 INFO:teuthology.orchestra.run.vm01.stdout:/usr/bin/ceph: stderr
2026-03-09T15:48:18.146+0000 7f3f31082640 1 --2- 192.168.123.101:0/3698565340 >> [v2:192.168.123.101:6800/2530303036,v1:192.168.123.101:6801/2530303036] conn(0x7f3f0003d880 0x7f3f0003fd40 unknown :-1 s=CLOSED pgs=14 cs=0 l=1 rev1=1 crypto rx=0 tx=0 comp rx=0 tx=0).stop
2026-03-09T15:48:18.194 INFO:teuthology.orchestra.run.vm01.stdout:/usr/bin/ceph: stderr
2026-03-09T15:48:18.146+0000 7f3f31082640 1 --2- 192.168.123.101:0/3698565340 >> [v2:192.168.123.101:3300/0,v1:192.168.123.101:6789/0] conn(0x7f3f2c108860 0x7f3f2c19e700 unknown :-1 s=CLOSED pgs=50 cs=0 l=1 rev1=1 crypto rx=0 tx=0 comp rx=0 tx=0).stop
2026-03-09T15:48:18.194 INFO:teuthology.orchestra.run.vm01.stdout:/usr/bin/ceph: stderr
2026-03-09T15:48:18.146+0000 7f3f31082640 1 -- 192.168.123.101:0/3698565340 >> 192.168.123.101:0/3698565340 conn(0x7f3f2c07bda0 msgr2=0x7f3f2c106060 unknown :-1 s=STATE_NONE l=0).mark_down
2026-03-09T15:48:18.194 INFO:teuthology.orchestra.run.vm01.stdout:/usr/bin/ceph: stderr
2026-03-09T15:48:18.146+0000 7f3f31082640 1 -- 192.168.123.101:0/3698565340 shutdown_connections
2026-03-09T15:48:18.194 INFO:teuthology.orchestra.run.vm01.stdout:/usr/bin/ceph: stderr
2026-03-09T15:48:18.146+0000 7f3f31082640 1 -- 192.168.123.101:0/3698565340 wait complete.
2026-03-09T15:48:18.433 INFO:journalctl@ceph.mon.a.vm01.stdout:Mar 09 15:48:18 vm01 bash[20728]: audit
2026-03-09T15:48:17.196453+0000 mon.a (mon.0) 60 : audit [INF] from='mgr.14118 192.168.123.101:0/2996174437' entity='mgr.y'
2026-03-09T15:48:18.433 INFO:journalctl@ceph.mon.a.vm01.stdout:Mar 09 15:48:18 vm01 bash[20728]: audit
2026-03-09T15:48:17.196453+0000 mon.a (mon.0) 60 : audit [INF] from='mgr.14118 192.168.123.101:0/2996174437' entity='mgr.y'
2026-03-09T15:48:18.433 INFO:journalctl@ceph.mon.a.vm01.stdout:Mar 09 15:48:18 vm01 bash[20728]: cephadm
2026-03-09T15:48:17.196972+0000 mgr.y (mgr.14118) 16 : cephadm [INF] Added host vm01
2026-03-09T15:48:18.433 INFO:journalctl@ceph.mon.a.vm01.stdout:Mar 09 15:48:18 vm01 bash[20728]: cephadm
2026-03-09T15:48:17.196972+0000 mgr.y (mgr.14118) 16 : cephadm [INF] Added host vm01
2026-03-09T15:48:18.433 INFO:journalctl@ceph.mon.a.vm01.stdout:Mar 09 15:48:18 vm01 bash[20728]: audit
2026-03-09T15:48:17.197229+0000 mon.a (mon.0) 61 : audit [DBG] from='mgr.14118 192.168.123.101:0/2996174437' entity='mgr.y' cmd=[{"prefix": "config dump", "format": "json"}]: dispatch
2026-03-09T15:48:18.433 INFO:journalctl@ceph.mon.a.vm01.stdout:Mar 09 15:48:18 vm01 bash[20728]: audit
2026-03-09T15:48:17.197229+0000 mon.a (mon.0) 61 : audit [DBG] from='mgr.14118 192.168.123.101:0/2996174437' entity='mgr.y' cmd=[{"prefix": "config dump", "format": "json"}]: dispatch
2026-03-09T15:48:18.433 INFO:journalctl@ceph.mon.a.vm01.stdout:Mar 09 15:48:18 vm01 bash[20728]: audit
2026-03-09T15:48:17.542266+0000 mon.a (mon.0) 62 : audit [INF] from='mgr.14118 192.168.123.101:0/2996174437' entity='mgr.y'
2026-03-09T15:48:18.433 INFO:journalctl@ceph.mon.a.vm01.stdout:Mar 09 15:48:18 vm01 bash[20728]: audit
2026-03-09T15:48:17.542266+0000 mon.a (mon.0) 62 : audit [INF] from='mgr.14118 192.168.123.101:0/2996174437' entity='mgr.y'
2026-03-09T15:48:18.433 INFO:journalctl@ceph.mon.a.vm01.stdout:Mar 09 15:48:18 vm01 bash[20728]: audit
2026-03-09T15:48:17.845304+0000 mon.a (mon.0) 63 : audit [INF] from='mgr.14118 192.168.123.101:0/2996174437' entity='mgr.y'
2026-03-09T15:48:18.433 INFO:journalctl@ceph.mon.a.vm01.stdout:Mar 09 15:48:18 vm01 bash[20728]: audit
2026-03-09T15:48:17.845304+0000 mon.a (mon.0) 63 : audit [INF] from='mgr.14118 192.168.123.101:0/2996174437' entity='mgr.y'
2026-03-09T15:48:18.433 INFO:journalctl@ceph.mon.a.vm01.stdout:Mar 09 15:48:18 vm01 bash[20728]: audit
2026-03-09T15:48:18.143742+0000 mon.a (mon.0) 64 : audit [INF] from='client.? 192.168.123.101:0/3698565340' entity='client.admin'
2026-03-09T15:48:18.433 INFO:journalctl@ceph.mon.a.vm01.stdout:Mar 09 15:48:18 vm01 bash[20728]: audit
2026-03-09T15:48:18.143742+0000 mon.a (mon.0) 64 : audit [INF] from='client.? 192.168.123.101:0/3698565340' entity='client.admin'
2026-03-09T15:48:18.484 INFO:teuthology.orchestra.run.vm01.stdout:/usr/bin/ceph: stderr
2026-03-09T15:48:18.318+0000 7f8afb4a4640 1 Processor -- start
2026-03-09T15:48:18.484 INFO:teuthology.orchestra.run.vm01.stdout:/usr/bin/ceph: stderr
2026-03-09T15:48:18.318+0000 7f8afb4a4640 1 -- start start
2026-03-09T15:48:18.484 INFO:teuthology.orchestra.run.vm01.stdout:/usr/bin/ceph: stderr
2026-03-09T15:48:18.318+0000 7f8afb4a4640 1 --2- >> [v2:192.168.123.101:3300/0,v1:192.168.123.101:6789/0] conn(0x7f8af4108830 0x7f8af4108c30 unknown :-1 s=NONE pgs=0 cs=0 l=0 rev1=0 crypto rx=0 tx=0 comp rx=0 tx=0).connect
2026-03-09T15:48:18.484 INFO:teuthology.orchestra.run.vm01.stdout:/usr/bin/ceph: stderr
2026-03-09T15:48:18.318+0000 7f8afb4a4640 1 -- --> [v2:192.168.123.101:3300/0,v1:192.168.123.101:6789/0] -- mon_getmap magic: 0 -- 0x7f8af4109200 con 0x7f8af4108830
2026-03-09T15:48:18.484 INFO:teuthology.orchestra.run.vm01.stdout:/usr/bin/ceph: stderr
2026-03-09T15:48:18.318+0000 7f8af9219640 1 --2- >> [v2:192.168.123.101:3300/0,v1:192.168.123.101:6789/0] conn(0x7f8af4108830 0x7f8af4108c30 unknown :-1 s=BANNER_CONNECTING pgs=0 cs=0 l=0 rev1=0 crypto rx=0 tx=0 comp rx=0 tx=0)._handle_peer_banner_payload supported=3 required=0
2026-03-09T15:48:18.484 INFO:teuthology.orchestra.run.vm01.stdout:/usr/bin/ceph: stderr
2026-03-09T15:48:18.318+0000 7f8af9219640 1 --2- >> [v2:192.168.123.101:3300/0,v1:192.168.123.101:6789/0] conn(0x7f8af4108830 0x7f8af4108c30 unknown :-1 s=HELLO_CONNECTING pgs=0 cs=0 l=0 rev1=1 crypto rx=0 tx=0 comp rx=0 tx=0).handle_hello peer v2:192.168.123.101:3300/0 says I am v2:192.168.123.101:38294/0 (socket says 192.168.123.101:38294)
2026-03-09T15:48:18.484 INFO:teuthology.orchestra.run.vm01.stdout:/usr/bin/ceph: stderr
2026-03-09T15:48:18.318+0000 7f8af9219640 1 -- 192.168.123.101:0/2374991918 learned_addr learned my addr 192.168.123.101:0/2374991918 (peer_addr_for_me v2:192.168.123.101:0/0)
2026-03-09T15:48:18.484 INFO:teuthology.orchestra.run.vm01.stdout:/usr/bin/ceph: stderr
2026-03-09T15:48:18.318+0000 7f8af9219640 1 -- 192.168.123.101:0/2374991918 --> [v2:192.168.123.101:3300/0,v1:192.168.123.101:6789/0] -- mon_subscribe({config=0+,monmap=0+}) -- 0x7f8af4109a30 con 0x7f8af4108830
2026-03-09T15:48:18.484 INFO:teuthology.orchestra.run.vm01.stdout:/usr/bin/ceph: stderr
2026-03-09T15:48:18.318+0000 7f8af9219640 1 --2- 192.168.123.101:0/2374991918 >> [v2:192.168.123.101:3300/0,v1:192.168.123.101:6789/0] conn(0x7f8af4108830 0x7f8af4108c30 secure :-1 s=READY pgs=51 cs=0 l=1 rev1=1 crypto rx=0x7f8ae8009920 tx=0x7f8ae802ef20 comp rx=0 tx=0).ready entity=mon.0 client_cookie=5bca270efa6d5c16 server_cookie=0 in_seq=0 out_seq=0
2026-03-09T15:48:18.485 INFO:teuthology.orchestra.run.vm01.stdout:/usr/bin/ceph: stderr
2026-03-09T15:48:18.318+0000 7f8ae3fff640 1 -- 192.168.123.101:0/2374991918 <== mon.0 v2:192.168.123.101:3300/0 1 ==== mon_map magic: 0 ==== 205+0+0 (secure 0 0 0) 0x7f8ae803c070 con 0x7f8af4108830
2026-03-09T15:48:18.485 INFO:teuthology.orchestra.run.vm01.stdout:/usr/bin/ceph: stderr
2026-03-09T15:48:18.318+0000 7f8ae3fff640 1 -- 192.168.123.101:0/2374991918 <== mon.0 v2:192.168.123.101:3300/0 2 ==== config(23 keys) ==== 947+0+0 (secure 0 0 0) 0x7f8ae8037440 con 0x7f8af4108830
2026-03-09T15:48:18.485 INFO:teuthology.orchestra.run.vm01.stdout:/usr/bin/ceph: stderr
2026-03-09T15:48:18.318+0000 7f8afb4a4640 1 -- 192.168.123.101:0/2374991918 >> [v2:192.168.123.101:3300/0,v1:192.168.123.101:6789/0] conn(0x7f8af4108830 msgr2=0x7f8af4108c30 secure :-1 s=STATE_CONNECTION_ESTABLISHED l=1).mark_down
2026-03-09T15:48:18.485 INFO:teuthology.orchestra.run.vm01.stdout:/usr/bin/ceph: stderr
2026-03-09T15:48:18.318+0000 7f8afb4a4640 1 --2- 192.168.123.101:0/2374991918 >> [v2:192.168.123.101:3300/0,v1:192.168.123.101:6789/0] conn(0x7f8af4108830 0x7f8af4108c30 secure :-1 s=READY pgs=51 cs=0 l=1 rev1=1 crypto rx=0x7f8ae8009920 tx=0x7f8ae802ef20 comp rx=0 tx=0).stop
2026-03-09T15:48:18.485 INFO:teuthology.orchestra.run.vm01.stdout:/usr/bin/ceph: stderr
2026-03-09T15:48:18.318+0000 7f8afb4a4640 1 -- 192.168.123.101:0/2374991918 shutdown_connections
2026-03-09T15:48:18.485 INFO:teuthology.orchestra.run.vm01.stdout:/usr/bin/ceph: stderr
2026-03-09T15:48:18.318+0000 7f8afb4a4640 1 --2- 192.168.123.101:0/2374991918 >> [v2:192.168.123.101:3300/0,v1:192.168.123.101:6789/0] conn(0x7f8af4108830 0x7f8af4108c30 unknown :-1 s=CLOSED pgs=51 cs=0 l=1 rev1=1 crypto rx=0 tx=0 comp rx=0 tx=0).stop
2026-03-09T15:48:18.485 INFO:teuthology.orchestra.run.vm01.stdout:/usr/bin/ceph: stderr
2026-03-09T15:48:18.318+0000 7f8afb4a4640 1 -- 192.168.123.101:0/2374991918 >> 192.168.123.101:0/2374991918 conn(0x7f8af407bd50 msgr2=0x7f8af407c1a0 unknown :-1 s=STATE_NONE l=0).mark_down
2026-03-09T15:48:18.485 INFO:teuthology.orchestra.run.vm01.stdout:/usr/bin/ceph: stderr
2026-03-09T15:48:18.318+0000 7f8afb4a4640 1 -- 192.168.123.101:0/2374991918 shutdown_connections
2026-03-09T15:48:18.485 INFO:teuthology.orchestra.run.vm01.stdout:/usr/bin/ceph: stderr
2026-03-09T15:48:18.318+0000 7f8afb4a4640 1 -- 192.168.123.101:0/2374991918 wait complete.
2026-03-09T15:48:18.485 INFO:teuthology.orchestra.run.vm01.stdout:/usr/bin/ceph: stderr
2026-03-09T15:48:18.322+0000 7f8afb4a4640 1 Processor -- start
2026-03-09T15:48:18.485 INFO:teuthology.orchestra.run.vm01.stdout:/usr/bin/ceph: stderr
2026-03-09T15:48:18.322+0000 7f8afb4a4640 1 -- start start
2026-03-09T15:48:18.485 INFO:teuthology.orchestra.run.vm01.stdout:/usr/bin/ceph: stderr
2026-03-09T15:48:18.322+0000 7f8afb4a4640 1 --2- >> [v2:192.168.123.101:3300/0,v1:192.168.123.101:6789/0] conn(0x7f8af4108830 0x7f8af419e510 unknown :-1 s=NONE pgs=0 cs=0 l=1 rev1=0 crypto rx=0 tx=0 comp rx=0 tx=0).connect
2026-03-09T15:48:18.485 INFO:teuthology.orchestra.run.vm01.stdout:/usr/bin/ceph: stderr
2026-03-09T15:48:18.322+0000 7f8afb4a4640 1 -- --> [v2:192.168.123.101:3300/0,v1:192.168.123.101:6789/0] -- mon_getmap magic: 0 -- 0x7f8af410a730 con 0x7f8af4108830
2026-03-09T15:48:18.485 INFO:teuthology.orchestra.run.vm01.stdout:/usr/bin/ceph: stderr
2026-03-09T15:48:18.322+0000 7f8af9219640 1 --2- >> [v2:192.168.123.101:3300/0,v1:192.168.123.101:6789/0] conn(0x7f8af4108830 0x7f8af419e510 unknown :-1 s=BANNER_CONNECTING pgs=0 cs=0 l=1 rev1=0 crypto rx=0 tx=0 comp rx=0 tx=0)._handle_peer_banner_payload supported=3 required=0
2026-03-09T15:48:18.485 INFO:teuthology.orchestra.run.vm01.stdout:/usr/bin/ceph: stderr
2026-03-09T15:48:18.322+0000 7f8af9219640 1 --2- >> [v2:192.168.123.101:3300/0,v1:192.168.123.101:6789/0] conn(0x7f8af4108830 0x7f8af419e510 unknown :-1 s=HELLO_CONNECTING pgs=0 cs=0 l=1 rev1=1 crypto rx=0 tx=0 comp rx=0 tx=0).handle_hello peer v2:192.168.123.101:3300/0 says I am v2:192.168.123.101:38304/0 (socket says 192.168.123.101:38304)
2026-03-09T15:48:18.485 INFO:teuthology.orchestra.run.vm01.stdout:/usr/bin/ceph: stderr
2026-03-09T15:48:18.322+0000 7f8af9219640 1 -- 192.168.123.101:0/4031595610 learned_addr learned my addr 192.168.123.101:0/4031595610 (peer_addr_for_me v2:192.168.123.101:0/0)
2026-03-09T15:48:18.485 INFO:teuthology.orchestra.run.vm01.stdout:/usr/bin/ceph: stderr
2026-03-09T15:48:18.322+0000 7f8af9219640 1 -- 192.168.123.101:0/4031595610 --> [v2:192.168.123.101:3300/0,v1:192.168.123.101:6789/0] -- mon_subscribe({config=0+,monmap=0+}) -- 0x7f8af419ea50 con 0x7f8af4108830
2026-03-09T15:48:18.485 INFO:teuthology.orchestra.run.vm01.stdout:/usr/bin/ceph: stderr
2026-03-09T15:48:18.322+0000 7f8af9219640 1 --2- 192.168.123.101:0/4031595610 >> [v2:192.168.123.101:3300/0,v1:192.168.123.101:6789/0] conn(0x7f8af4108830 0x7f8af419e510 secure :-1 s=READY pgs=52 cs=0 l=1 rev1=1 crypto rx=0x7f8ae8006fd0 tx=0x7f8ae8035d50 comp rx=0 tx=0).ready entity=mon.0 client_cookie=0 server_cookie=0 in_seq=0 out_seq=0
2026-03-09T15:48:18.485 INFO:teuthology.orchestra.run.vm01.stdout:/usr/bin/ceph: stderr
2026-03-09T15:48:18.322+0000 7f8ae27fc640 1 -- 192.168.123.101:0/4031595610 <== mon.0 v2:192.168.123.101:3300/0 1 ==== mon_map magic: 0 ==== 205+0+0 (secure 0 0 0) 0x7f8ae8045070 con 0x7f8af4108830
2026-03-09T15:48:18.485 INFO:teuthology.orchestra.run.vm01.stdout:/usr/bin/ceph: stderr
2026-03-09T15:48:18.322+0000 7f8ae27fc640 1 -- 192.168.123.101:0/4031595610 <== mon.0 v2:192.168.123.101:3300/0 2 ==== config(23 keys) ==== 947+0+0 (secure 0 0 0) 0x7f8ae8040430 con 0x7f8af4108830
2026-03-09T15:48:18.485 INFO:teuthology.orchestra.run.vm01.stdout:/usr/bin/ceph: stderr
2026-03-09T15:48:18.322+0000 7f8ae27fc640 1 -- 192.168.123.101:0/4031595610 <== mon.0 v2:192.168.123.101:3300/0 3 ==== mon_map magic: 0 ==== 205+0+0 (secure 0 0 0) 0x7f8ae803c050 con 0x7f8af4108830
2026-03-09T15:48:18.485 INFO:teuthology.orchestra.run.vm01.stdout:/usr/bin/ceph: stderr
2026-03-09T15:48:18.322+0000 7f8afb4a4640 1 -- 192.168.123.101:0/4031595610 --> [v2:192.168.123.101:3300/0,v1:192.168.123.101:6789/0] -- mon_subscribe({mgrmap=0+}) -- 0x7f8af419ece0 con 0x7f8af4108830
2026-03-09T15:48:18.485 INFO:teuthology.orchestra.run.vm01.stdout:/usr/bin/ceph: stderr
2026-03-09T15:48:18.322+0000 7f8afb4a4640 1 -- 192.168.123.101:0/4031595610 --> [v2:192.168.123.101:3300/0,v1:192.168.123.101:6789/0] -- mon_subscribe({osdmap=0}) -- 0x7f8af41a19d0 con 0x7f8af4108830
2026-03-09T15:48:18.485 INFO:teuthology.orchestra.run.vm01.stdout:/usr/bin/ceph: stderr
2026-03-09T15:48:18.322+0000 7f8afb4a4640 1 -- 192.168.123.101:0/4031595610 --> [v2:192.168.123.101:3300/0,v1:192.168.123.101:6789/0] -- mon_command({"prefix": "get_command_descriptions"} v 0) -- 0x7f8abc005180 con 0x7f8af4108830
2026-03-09T15:48:18.485 INFO:teuthology.orchestra.run.vm01.stdout:/usr/bin/ceph: stderr
2026-03-09T15:48:18.326+0000 7f8ae27fc640 1 -- 192.168.123.101:0/4031595610 <== mon.0 v2:192.168.123.101:3300/0 4 ==== mgrmap(e 7) ==== 50247+0+0 (secure 0 0 0) 0x7f8ae802fbc0 con 0x7f8af4108830
2026-03-09T15:48:18.485 INFO:teuthology.orchestra.run.vm01.stdout:/usr/bin/ceph: stderr
2026-03-09T15:48:18.326+0000 7f8ae27fc640 1 --2- 192.168.123.101:0/4031595610 >> [v2:192.168.123.101:6800/2530303036,v1:192.168.123.101:6801/2530303036] conn(0x7f8acc03dc90 0x7f8acc040150 unknown :-1 s=NONE pgs=0 cs=0 l=1 rev1=0 crypto rx=0 tx=0 comp rx=0 tx=0).connect
2026-03-09T15:48:18.485 INFO:teuthology.orchestra.run.vm01.stdout:/usr/bin/ceph: stderr
2026-03-09T15:48:18.326+0000 7f8ae27fc640 1 -- 192.168.123.101:0/4031595610 <== mon.0 v2:192.168.123.101:3300/0 5 ==== osd_map(2..2 src has 1..2) ==== 940+0+0 (secure 0 0 0) 0x7f8ae8076a50 con 0x7f8af4108830
2026-03-09T15:48:18.485 INFO:teuthology.orchestra.run.vm01.stdout:/usr/bin/ceph: stderr
2026-03-09T15:48:18.326+0000 7f8af8a18640 1 --2- 192.168.123.101:0/4031595610 >> [v2:192.168.123.101:6800/2530303036,v1:192.168.123.101:6801/2530303036] conn(0x7f8acc03dc90 0x7f8acc040150 unknown :-1 s=BANNER_CONNECTING pgs=0 cs=0 l=1 rev1=0 crypto rx=0 tx=0 comp rx=0 tx=0)._handle_peer_banner_payload supported=3 required=0
2026-03-09T15:48:18.485 INFO:teuthology.orchestra.run.vm01.stdout:/usr/bin/ceph: stderr
2026-03-09T15:48:18.326+0000 7f8ae27fc640 1 -- 192.168.123.101:0/4031595610 <== mon.0 v2:192.168.123.101:3300/0 6 ==== mon_command_ack([{"prefix": "get_command_descriptions"}]=0 v0) ==== 72+0+195034 (secure 0 0 0) 0x7f8ae8076e20 con 0x7f8af4108830
2026-03-09T15:48:18.485 INFO:teuthology.orchestra.run.vm01.stdout:/usr/bin/ceph: stderr
2026-03-09T15:48:18.326+0000 7f8af8a18640 1 --2- 192.168.123.101:0/4031595610 >> [v2:192.168.123.101:6800/2530303036,v1:192.168.123.101:6801/2530303036] conn(0x7f8acc03dc90 0x7f8acc040150 secure :-1 s=READY pgs=15 cs=0 l=1 rev1=1 crypto rx=0x7f8ae40099c0 tx=0x7f8ae4006eb0 comp rx=0 tx=0).ready entity=mgr.14118 client_cookie=0 server_cookie=0 in_seq=0 out_seq=0
2026-03-09T15:48:18.485 INFO:teuthology.orchestra.run.vm01.stdout:/usr/bin/ceph: stderr
2026-03-09T15:48:18.426+0000 7f8afb4a4640 1 -- 192.168.123.101:0/4031595610 --> [v2:192.168.123.101:3300/0,v1:192.168.123.101:6789/0] -- mon_command([{prefix=config set, name=mgr/dashboard/ssl_server_port}] v 0) -- 0x7f8abc005470 con 0x7f8af4108830
2026-03-09T15:48:18.485 INFO:teuthology.orchestra.run.vm01.stdout:/usr/bin/ceph: stderr
2026-03-09T15:48:18.434+0000 7f8ae27fc640 1 -- 192.168.123.101:0/4031595610 <== mon.0 v2:192.168.123.101:3300/0 7 ==== mon_command_ack([{prefix=config set, name=mgr/dashboard/ssl_server_port}]=0 v7)=0 v7) ==== 130+0+0 (secure 0 0 0) 0x7f8ae8033c90 con 0x7f8af4108830
2026-03-09T15:48:18.485 INFO:teuthology.orchestra.run.vm01.stdout:/usr/bin/ceph: stderr
2026-03-09T15:48:18.438+0000 7f8afb4a4640 1 -- 192.168.123.101:0/4031595610 >> [v2:192.168.123.101:6800/2530303036,v1:192.168.123.101:6801/2530303036] conn(0x7f8acc03dc90 msgr2=0x7f8acc040150 secure :-1 s=STATE_CONNECTION_ESTABLISHED l=1).mark_down
2026-03-09T15:48:18.485 INFO:teuthology.orchestra.run.vm01.stdout:/usr/bin/ceph: stderr
2026-03-09T15:48:18.438+0000 7f8afb4a4640 1 --2- 192.168.123.101:0/4031595610 >> [v2:192.168.123.101:6800/2530303036,v1:192.168.123.101:6801/2530303036] conn(0x7f8acc03dc90 0x7f8acc040150 secure :-1 s=READY pgs=15 cs=0 l=1 rev1=1 crypto rx=0x7f8ae40099c0 tx=0x7f8ae4006eb0 comp rx=0 tx=0).stop
2026-03-09T15:48:18.485 INFO:teuthology.orchestra.run.vm01.stdout:/usr/bin/ceph: stderr
2026-03-09T15:48:18.438+0000 7f8afb4a4640 1 -- 192.168.123.101:0/4031595610 >> [v2:192.168.123.101:3300/0,v1:192.168.123.101:6789/0] conn(0x7f8af4108830 msgr2=0x7f8af419e510 secure :-1 s=STATE_CONNECTION_ESTABLISHED l=1).mark_down
2026-03-09T15:48:18.485 INFO:teuthology.orchestra.run.vm01.stdout:/usr/bin/ceph: stderr
2026-03-09T15:48:18.438+0000 7f8afb4a4640 1 --2- 192.168.123.101:0/4031595610 >> [v2:192.168.123.101:3300/0,v1:192.168.123.101:6789/0] conn(0x7f8af4108830 0x7f8af419e510 secure :-1 s=READY pgs=52 cs=0 l=1 rev1=1 crypto rx=0x7f8ae8006fd0 tx=0x7f8ae8035d50 comp rx=0 tx=0).stop
2026-03-09T15:48:18.485 INFO:teuthology.orchestra.run.vm01.stdout:/usr/bin/ceph: stderr
2026-03-09T15:48:18.438+0000 7f8afb4a4640 1 -- 192.168.123.101:0/4031595610 shutdown_connections
2026-03-09T15:48:18.485 INFO:teuthology.orchestra.run.vm01.stdout:/usr/bin/ceph: stderr
2026-03-09T15:48:18.438+0000 7f8afb4a4640 1 --2- 192.168.123.101:0/4031595610 >> [v2:192.168.123.101:6800/2530303036,v1:192.168.123.101:6801/2530303036] conn(0x7f8acc03dc90 0x7f8acc040150 unknown :-1 s=CLOSED pgs=15 cs=0 l=1 rev1=1 crypto rx=0 tx=0 comp rx=0 tx=0).stop
2026-03-09T15:48:18.485 INFO:teuthology.orchestra.run.vm01.stdout:/usr/bin/ceph: stderr
2026-03-09T15:48:18.438+0000 7f8afb4a4640 1 --2- 192.168.123.101:0/4031595610 >> [v2:192.168.123.101:3300/0,v1:192.168.123.101:6789/0] conn(0x7f8af4108830 0x7f8af419e510 unknown :-1 s=CLOSED pgs=52 cs=0 l=1 rev1=1 crypto rx=0 tx=0 comp rx=0 tx=0).stop
2026-03-09T15:48:18.485 INFO:teuthology.orchestra.run.vm01.stdout:/usr/bin/ceph: stderr
2026-03-09T15:48:18.438+0000 7f8afb4a4640 1 -- 192.168.123.101:0/4031595610 >> 192.168.123.101:0/4031595610 conn(0x7f8af407bd50 msgr2=0x7f8af4105ec0 unknown :-1 s=STATE_NONE l=0).mark_down
2026-03-09T15:48:18.485 INFO:teuthology.orchestra.run.vm01.stdout:/usr/bin/ceph: stderr
2026-03-09T15:48:18.438+0000 7f8afb4a4640 1 -- 192.168.123.101:0/4031595610 shutdown_connections
2026-03-09T15:48:18.485 INFO:teuthology.orchestra.run.vm01.stdout:/usr/bin/ceph: stderr
2026-03-09T15:48:18.438+0000 7f8afb4a4640 1 -- 192.168.123.101:0/4031595610 wait complete.
2026-03-09T15:48:18.485 INFO:teuthology.orchestra.run.vm01.stdout:Enabling the dashboard module...
2026-03-09T15:48:19.453 INFO:journalctl@ceph.mon.a.vm01.stdout:Mar 09 15:48:19 vm01 bash[20728]: audit
2026-03-09T15:48:17.536807+0000 mgr.y (mgr.14118) 17 : audit [DBG] from='client.14140 -' entity='client.admin' cmd=[{"prefix": "orch apply", "service_type": "mon", "unmanaged": true, "target": ["mon-mgr", ""]}]: dispatch
2026-03-09T15:48:19.453 INFO:journalctl@ceph.mon.a.vm01.stdout:Mar 09 15:48:19 vm01 bash[20728]: audit
2026-03-09T15:48:17.536807+0000 mgr.y (mgr.14118) 17 : audit [DBG] from='client.14140 -' entity='client.admin' cmd=[{"prefix": "orch apply", "service_type": "mon", "unmanaged": true, "target": ["mon-mgr", ""]}]: dispatch
2026-03-09T15:48:19.453 INFO:journalctl@ceph.mon.a.vm01.stdout:Mar 09 15:48:19 vm01 bash[20728]: cephadm
2026-03-09T15:48:17.537890+0000 mgr.y (mgr.14118) 18 : cephadm [INF] Saving service mon spec with placement count:5
2026-03-09T15:48:19.453 INFO:journalctl@ceph.mon.a.vm01.stdout:Mar 09 15:48:19 vm01 bash[20728]: cephadm
2026-03-09T15:48:17.537890+0000 mgr.y (mgr.14118) 18 : cephadm [INF] Saving service mon spec with placement count:5
2026-03-09T15:48:19.453 INFO:journalctl@ceph.mon.a.vm01.stdout:Mar 09 15:48:19 vm01 bash[20728]: audit
2026-03-09T15:48:17.841521+0000 mgr.y (mgr.14118) 19 : audit [DBG] from='client.14142 -' entity='client.admin' cmd=[{"prefix": "orch apply", "service_type": "mgr", "unmanaged": true, "target": ["mon-mgr", ""]}]: dispatch
2026-03-09T15:48:19.453 INFO:journalctl@ceph.mon.a.vm01.stdout:Mar 09 15:48:19 vm01 bash[20728]: audit
2026-03-09T15:48:17.841521+0000 mgr.y (mgr.14118) 19 : audit [DBG] from='client.14142 -' entity='client.admin' cmd=[{"prefix": "orch apply", "service_type": "mgr", "unmanaged": true, "target": ["mon-mgr", ""]}]: dispatch
2026-03-09T15:48:19.453 INFO:journalctl@ceph.mon.a.vm01.stdout:Mar 09 15:48:19 vm01 bash[20728]: cephadm
2026-03-09T15:48:17.842475+0000 mgr.y (mgr.14118) 20 : cephadm [INF] Saving service mgr spec with placement count:2
2026-03-09T15:48:19.453 INFO:journalctl@ceph.mon.a.vm01.stdout:Mar 09 15:48:19 vm01 bash[20728]: cephadm
2026-03-09T15:48:17.842475+0000 mgr.y (mgr.14118) 20 : cephadm [INF] Saving service mgr spec with placement count:2
2026-03-09T15:48:19.453 INFO:journalctl@ceph.mon.a.vm01.stdout:Mar 09 15:48:19 vm01 bash[20728]: audit
2026-03-09T15:48:18.433632+0000 mon.a (mon.0) 65 : audit [INF] from='client.? 192.168.123.101:0/4031595610' entity='client.admin'
2026-03-09T15:48:19.453 INFO:journalctl@ceph.mon.a.vm01.stdout:Mar 09 15:48:19 vm01 bash[20728]: audit
2026-03-09T15:48:18.433632+0000 mon.a (mon.0) 65 : audit [INF] from='client.? 192.168.123.101:0/4031595610' entity='client.admin'
2026-03-09T15:48:19.453 INFO:journalctl@ceph.mon.a.vm01.stdout:Mar 09 15:48:19 vm01 bash[20728]: audit
2026-03-09T15:48:18.766175+0000 mon.a (mon.0) 66 : audit [INF] from='client.? 192.168.123.101:0/179694937' entity='client.admin' cmd=[{"prefix": "mgr module enable", "module": "dashboard"}]: dispatch
2026-03-09T15:48:19.453 INFO:journalctl@ceph.mon.a.vm01.stdout:Mar 09 15:48:19 vm01 bash[20728]: audit
2026-03-09T15:48:18.766175+0000 mon.a (mon.0) 66 : audit [INF] from='client.? 192.168.123.101:0/179694937' entity='client.admin' cmd=[{"prefix": "mgr module enable", "module": "dashboard"}]: dispatch
2026-03-09T15:48:19.453 INFO:journalctl@ceph.mon.a.vm01.stdout:Mar 09 15:48:19 vm01 bash[20728]: audit
2026-03-09T15:48:18.824749+0000 mon.a (mon.0) 67 : audit [INF] from='mgr.14118 192.168.123.101:0/2996174437' entity='mgr.y'
2026-03-09T15:48:19.453 INFO:journalctl@ceph.mon.a.vm01.stdout:Mar 09 15:48:19 vm01 bash[20728]: audit
2026-03-09T15:48:18.824749+0000 mon.a (mon.0) 67 : audit [INF] from='mgr.14118 192.168.123.101:0/2996174437' entity='mgr.y'
2026-03-09T15:48:19.453 INFO:journalctl@ceph.mon.a.vm01.stdout:Mar 09 15:48:19 vm01 bash[20728]: audit
2026-03-09T15:48:19.141222+0000 mon.a (mon.0) 68 : audit [INF] from='mgr.14118 192.168.123.101:0/2996174437' entity='mgr.y'
2026-03-09T15:48:19.453 INFO:journalctl@ceph.mon.a.vm01.stdout:Mar 09 15:48:19 vm01 bash[20728]: audit
2026-03-09T15:48:19.141222+0000 mon.a (mon.0) 68 : audit [INF] from='mgr.14118 192.168.123.101:0/2996174437' entity='mgr.y'
2026-03-09T15:48:19.553 INFO:teuthology.orchestra.run.vm01.stdout:/usr/bin/ceph: stderr
2026-03-09T15:48:18.614+0000 7f0263577640 1 Processor -- start
2026-03-09T15:48:19.553 INFO:teuthology.orchestra.run.vm01.stdout:/usr/bin/ceph: stderr
2026-03-09T15:48:18.614+0000 7f0263577640 1 -- start start
2026-03-09T15:48:19.553 INFO:teuthology.orchestra.run.vm01.stdout:/usr/bin/ceph: stderr
2026-03-09T15:48:18.614+0000 7f0263577640 1 --2- >> [v2:192.168.123.101:3300/0,v1:192.168.123.101:6789/0] conn(0x7f0264105290 0x7f0264105690 unknown :-1 s=NONE pgs=0 cs=0 l=0 rev1=0 crypto rx=0 tx=0 comp rx=0 tx=0).connect
2026-03-09T15:48:19.553 INFO:teuthology.orchestra.run.vm01.stdout:/usr/bin/ceph: stderr
2026-03-09T15:48:18.614+0000 7f0263577640 1 -- --> [v2:192.168.123.101:3300/0,v1:192.168.123.101:6789/0] -- mon_getmap magic: 0 -- 0x7f0264105c60 con 0x7f0264105290
2026-03-09T15:48:19.553 INFO:teuthology.orchestra.run.vm01.stdout:/usr/bin/ceph: stderr
2026-03-09T15:48:18.614+0000 7f0262575640 1 --2- >> [v2:192.168.123.101:3300/0,v1:192.168.123.101:6789/0] conn(0x7f0264105290 0x7f0264105690 unknown :-1 s=BANNER_CONNECTING pgs=0 cs=0 l=0 rev1=0 crypto rx=0 tx=0 comp rx=0 tx=0)._handle_peer_banner_payload supported=3 required=0
2026-03-09T15:48:19.553 INFO:teuthology.orchestra.run.vm01.stdout:/usr/bin/ceph: stderr
2026-03-09T15:48:18.614+0000 7f0262575640 1 --2- >> [v2:192.168.123.101:3300/0,v1:192.168.123.101:6789/0] conn(0x7f0264105290 0x7f0264105690 unknown :-1 s=HELLO_CONNECTING pgs=0 cs=0 l=0 rev1=1 crypto rx=0 tx=0 comp rx=0 tx=0).handle_hello peer v2:192.168.123.101:3300/0 says I am v2:192.168.123.101:38310/0 (socket says 192.168.123.101:38310)
2026-03-09T15:48:19.553 INFO:teuthology.orchestra.run.vm01.stdout:/usr/bin/ceph: stderr
2026-03-09T15:48:18.614+0000 7f0262575640 1 -- 192.168.123.101:0/21203749 learned_addr learned my addr 192.168.123.101:0/21203749 (peer_addr_for_me v2:192.168.123.101:0/0)
2026-03-09T15:48:19.553 INFO:teuthology.orchestra.run.vm01.stdout:/usr/bin/ceph: stderr
2026-03-09T15:48:18.614+0000 7f0262575640 1 -- 192.168.123.101:0/21203749 --> [v2:192.168.123.101:3300/0,v1:192.168.123.101:6789/0] -- mon_subscribe({config=0+,monmap=0+}) -- 0x7f0264106490 con 0x7f0264105290
2026-03-09T15:48:19.553 INFO:teuthology.orchestra.run.vm01.stdout:/usr/bin/ceph: stderr
2026-03-09T15:48:18.614+0000 7f0262575640 1 --2- 192.168.123.101:0/21203749 >> [v2:192.168.123.101:3300/0,v1:192.168.123.101:6789/0] conn(0x7f0264105290 0x7f0264105690 secure :-1 s=READY pgs=53 cs=0 l=1 rev1=1 crypto rx=0x7f024c01adc0 tx=0x7f024c0402a0 comp rx=0 tx=0).ready entity=mon.0 client_cookie=c9274b52c0ea5c2b server_cookie=0 in_seq=0 out_seq=0
2026-03-09T15:48:19.553 INFO:teuthology.orchestra.run.vm01.stdout:/usr/bin/ceph: stderr
2026-03-09T15:48:18.614+0000 7f0261573640 1 -- 192.168.123.101:0/21203749 <== mon.0 v2:192.168.123.101:3300/0 1 ==== mon_map magic: 0 ==== 205+0+0 (secure 0 0 0) 0x7f024c040aa0 con 0x7f0264105290
2026-03-09T15:48:19.554 INFO:teuthology.orchestra.run.vm01.stdout:/usr/bin/ceph: stderr
2026-03-09T15:48:18.614+0000 7f0261573640 1 -- 192.168.123.101:0/21203749 <== mon.0 v2:192.168.123.101:3300/0 2 ==== config(23 keys) ==== 947+0+0 (secure 0 0 0) 0x7f024c040c40 con 0x7f0264105290
2026-03-09T15:48:19.554 INFO:teuthology.orchestra.run.vm01.stdout:/usr/bin/ceph: stderr
2026-03-09T15:48:18.614+0000 7f0261573640 1 -- 192.168.123.101:0/21203749 <== mon.0 v2:192.168.123.101:3300/0 3 ==== mon_map magic: 0 ==== 205+0+0 (secure 0 0 0) 0x7f024c0473a0 con 0x7f0264105290
2026-03-09T15:48:19.554 INFO:teuthology.orchestra.run.vm01.stdout:/usr/bin/ceph: stderr
2026-03-09T15:48:18.618+0000 7f0263577640 1 -- 192.168.123.101:0/21203749 >> [v2:192.168.123.101:3300/0,v1:192.168.123.101:6789/0] conn(0x7f0264105290 msgr2=0x7f0264105690 secure :-1 s=STATE_CONNECTION_ESTABLISHED l=1).mark_down
2026-03-09T15:48:19.554 INFO:teuthology.orchestra.run.vm01.stdout:/usr/bin/ceph: stderr
2026-03-09T15:48:18.618+0000 7f0263577640 1 --2- 192.168.123.101:0/21203749 >> [v2:192.168.123.101:3300/0,v1:192.168.123.101:6789/0] conn(0x7f0264105290 0x7f0264105690 secure :-1 s=READY pgs=53 cs=0 l=1 rev1=1 crypto rx=0x7f024c01adc0 tx=0x7f024c0402a0 comp rx=0 tx=0).stop
2026-03-09T15:48:19.554 INFO:teuthology.orchestra.run.vm01.stdout:/usr/bin/ceph: stderr
2026-03-09T15:48:18.618+0000 7f0263577640 1 -- 192.168.123.101:0/21203749 shutdown_connections
2026-03-09T15:48:19.554 INFO:teuthology.orchestra.run.vm01.stdout:/usr/bin/ceph: stderr
2026-03-09T15:48:18.618+0000 7f0263577640 1 --2- 192.168.123.101:0/21203749 >> [v2:192.168.123.101:3300/0,v1:192.168.123.101:6789/0] conn(0x7f0264105290 0x7f0264105690 unknown :-1 s=CLOSED pgs=53 cs=0 l=1 rev1=1 crypto rx=0 tx=0 comp rx=0 tx=0).stop
2026-03-09T15:48:19.554 INFO:teuthology.orchestra.run.vm01.stdout:/usr/bin/ceph: stderr
2026-03-09T15:48:18.618+0000 7f0263577640 1 -- 192.168.123.101:0/21203749 >> 192.168.123.101:0/21203749 conn(0x7f0264100a40 msgr2=0x7f0264102e60 unknown :-1 s=STATE_NONE l=0).mark_down
2026-03-09T15:48:19.554 INFO:teuthology.orchestra.run.vm01.stdout:/usr/bin/ceph: stderr
2026-03-09T15:48:18.618+0000 7f0263577640 1 -- 192.168.123.101:0/21203749 shutdown_connections
2026-03-09T15:48:19.554 INFO:teuthology.orchestra.run.vm01.stdout:/usr/bin/ceph: stderr
2026-03-09T15:48:18.618+0000 7f0263577640 1 -- 192.168.123.101:0/21203749 wait complete.
2026-03-09T15:48:19.554 INFO:teuthology.orchestra.run.vm01.stdout:/usr/bin/ceph: stderr
2026-03-09T15:48:18.618+0000 7f0263577640 1 Processor -- start
2026-03-09T15:48:19.554 INFO:teuthology.orchestra.run.vm01.stdout:/usr/bin/ceph: stderr
2026-03-09T15:48:18.618+0000 7f0263577640 1 -- start start
2026-03-09T15:48:19.554 INFO:teuthology.orchestra.run.vm01.stdout:/usr/bin/ceph: stderr
2026-03-09T15:48:18.618+0000 7f0263577640 1 --2- >> [v2:192.168.123.101:3300/0,v1:192.168.123.101:6789/0] conn(0x7f0264105290 0x7f0264191430 unknown :-1 s=NONE pgs=0 cs=0 l=1 rev1=0 crypto rx=0 tx=0 comp rx=0 tx=0).connect
2026-03-09T15:48:19.554 INFO:teuthology.orchestra.run.vm01.stdout:/usr/bin/ceph: stderr
2026-03-09T15:48:18.618+0000 7f0263577640 1 -- --> [v2:192.168.123.101:3300/0,v1:192.168.123.101:6789/0] -- mon_getmap magic: 0 -- 0x7f02641071f0 con 0x7f0264105290
2026-03-09T15:48:19.554 INFO:teuthology.orchestra.run.vm01.stdout:/usr/bin/ceph: stderr
2026-03-09T15:48:18.618+0000 7f0262575640 1 --2- >> [v2:192.168.123.101:3300/0,v1:192.168.123.101:6789/0] conn(0x7f0264105290 0x7f0264191430 unknown :-1 s=BANNER_CONNECTING pgs=0 cs=0 l=1 rev1=0 crypto rx=0 tx=0 comp rx=0 tx=0)._handle_peer_banner_payload supported=3 required=0
2026-03-09T15:48:19.554 INFO:teuthology.orchestra.run.vm01.stdout:/usr/bin/ceph: stderr
2026-03-09T15:48:18.618+0000 7f0262575640 1 --2- >> [v2:192.168.123.101:3300/0,v1:192.168.123.101:6789/0] conn(0x7f0264105290 0x7f0264191430 unknown :-1 s=HELLO_CONNECTING pgs=0 cs=0 l=1 rev1=1 crypto rx=0 tx=0 comp rx=0 tx=0).handle_hello peer v2:192.168.123.101:3300/0 says I am v2:192.168.123.101:38324/0 (socket says 192.168.123.101:38324)
2026-03-09T15:48:19.554 INFO:teuthology.orchestra.run.vm01.stdout:/usr/bin/ceph: stderr
2026-03-09T15:48:18.618+0000 7f0262575640 1 -- 192.168.123.101:0/179694937 learned_addr learned my addr 192.168.123.101:0/179694937 (peer_addr_for_me v2:192.168.123.101:0/0)
2026-03-09T15:48:19.554 INFO:teuthology.orchestra.run.vm01.stdout:/usr/bin/ceph: stderr
2026-03-09T15:48:18.618+0000 7f0262575640 1 -- 192.168.123.101:0/179694937 --> [v2:192.168.123.101:3300/0,v1:192.168.123.101:6789/0] -- mon_subscribe({config=0+,monmap=0+}) -- 0x7f0264191970 con 0x7f0264105290
2026-03-09T15:48:19.554 INFO:teuthology.orchestra.run.vm01.stdout:/usr/bin/ceph: stderr
2026-03-09T15:48:18.618+0000 7f0262575640 1 --2- 192.168.123.101:0/179694937 >> [v2:192.168.123.101:3300/0,v1:192.168.123.101:6789/0] conn(0x7f0264105290 0x7f0264191430 secure :-1 s=READY pgs=54 cs=0 l=1 rev1=1 crypto rx=0x7f024c0475d0 tx=0x7f024c018b10 comp rx=0 tx=0).ready entity=mon.0 client_cookie=0 server_cookie=0 in_seq=0 out_seq=0
2026-03-09T15:48:19.554 INFO:teuthology.orchestra.run.vm01.stdout:/usr/bin/ceph: stderr
2026-03-09T15:48:18.618+0000 7f02537fe640 1 -- 192.168.123.101:0/179694937 <== mon.0 v2:192.168.123.101:3300/0 1 ==== mon_map magic: 0 ==== 205+0+0 (secure 0 0 0) 0x7f024c01a2e0 con 0x7f0264105290
2026-03-09T15:48:19.554 INFO:teuthology.orchestra.run.vm01.stdout:/usr/bin/ceph: stderr
2026-03-09T15:48:18.618+0000 7f02537fe640 1 -- 192.168.123.101:0/179694937 <== mon.0 v2:192.168.123.101:3300/0 2 ==== config(23 keys) ==== 947+0+0 (secure 0 0 0) 0x7f024c057070 con 0x7f0264105290
2026-03-09T15:48:19.554 INFO:teuthology.orchestra.run.vm01.stdout:/usr/bin/ceph: stderr
2026-03-09T15:48:18.618+0000 7f02537fe640 1 -- 192.168.123.101:0/179694937 <== mon.0 v2:192.168.123.101:3300/0 3 ==== mon_map magic: 0 ==== 205+0+0 (secure 0 0 0) 0x7f024c052d10 con 0x7f0264105290
2026-03-09T15:48:19.554 INFO:teuthology.orchestra.run.vm01.stdout:/usr/bin/ceph: stderr
2026-03-09T15:48:18.618+0000 7f0263577640 1 -- 192.168.123.101:0/179694937 --> [v2:192.168.123.101:3300/0,v1:192.168.123.101:6789/0] -- mon_subscribe({mgrmap=0+}) -- 0x7f0264191c00 con 0x7f0264105290
2026-03-09T15:48:19.554 INFO:teuthology.orchestra.run.vm01.stdout:/usr/bin/ceph: stderr
2026-03-09T15:48:18.618+0000 7f0263577640 1 -- 192.168.123.101:0/179694937 --> [v2:192.168.123.101:3300/0,v1:192.168.123.101:6789/0] -- mon_subscribe({osdmap=0}) -- 0x7f02641948f0 con 0x7f0264105290
2026-03-09T15:48:19.554 INFO:teuthology.orchestra.run.vm01.stdout:/usr/bin/ceph: stderr
2026-03-09T15:48:18.618+0000 7f02537fe640 1 -- 192.168.123.101:0/179694937 <== mon.0 v2:192.168.123.101:3300/0 4 ==== mgrmap(e 7) ==== 50247+0+0 (secure 0 0 0) 0x7f024c051070 con 0x7f0264105290
2026-03-09T15:48:19.554 INFO:teuthology.orchestra.run.vm01.stdout:/usr/bin/ceph: stderr
2026-03-09T15:48:18.618+0000 7f0263577640 1 -- 192.168.123.101:0/179694937 --> [v2:192.168.123.101:3300/0,v1:192.168.123.101:6789/0] -- mon_command({"prefix": "get_command_descriptions"} v 0) -- 0x7f0264105690 con 0x7f0264105290
2026-03-09T15:48:19.554 INFO:teuthology.orchestra.run.vm01.stdout:/usr/bin/ceph: stderr
2026-03-09T15:48:18.618+0000 7f02537fe640 1 --2- 192.168.123.101:0/179694937 >> [v2:192.168.123.101:6800/2530303036,v1:192.168.123.101:6801/2530303036] conn(0x7f023c03dc90 0x7f023c040150 unknown :-1 s=NONE pgs=0 cs=0 l=1 rev1=0 crypto rx=0 tx=0 comp rx=0 tx=0).connect
2026-03-09T15:48:19.554 INFO:teuthology.orchestra.run.vm01.stdout:/usr/bin/ceph: stderr
2026-03-09T15:48:18.622+0000 7f0261d74640 1 --2- 192.168.123.101:0/179694937 >> [v2:192.168.123.101:6800/2530303036,v1:192.168.123.101:6801/2530303036] conn(0x7f023c03dc90 0x7f023c040150 unknown :-1 s=BANNER_CONNECTING pgs=0 cs=0 l=1 rev1=0 crypto rx=0 tx=0 comp rx=0 tx=0)._handle_peer_banner_payload supported=3 required=0
2026-03-09T15:48:19.554 INFO:teuthology.orchestra.run.vm01.stdout:/usr/bin/ceph: stderr
2026-03-09T15:48:18.622+0000 7f02537fe640 1 -- 192.168.123.101:0/179694937 <== mon.0 v2:192.168.123.101:3300/0 5 ==== osd_map(2..2 src has 1..2) ==== 940+0+0 (secure 0 0 0) 0x7f024c089040 con 0x7f0264105290
2026-03-09T15:48:19.554 INFO:teuthology.orchestra.run.vm01.stdout:/usr/bin/ceph: stderr
2026-03-09T15:48:18.622+0000 7f02537fe640 1 -- 192.168.123.101:0/179694937 <== mon.0 v2:192.168.123.101:3300/0 6 ==== mon_command_ack([{"prefix": "get_command_descriptions"}]=0 v0) ==== 72+0+195034 (secure 0 0 0) 0x7f024c052480 con 0x7f0264105290
2026-03-09T15:48:19.554 INFO:teuthology.orchestra.run.vm01.stdout:/usr/bin/ceph: stderr
2026-03-09T15:48:18.622+0000 7f0261d74640 1 --2- 192.168.123.101:0/179694937 >> [v2:192.168.123.101:6800/2530303036,v1:192.168.123.101:6801/2530303036] conn(0x7f023c03dc90 0x7f023c040150 secure :-1 s=READY pgs=16 cs=0 l=1 rev1=1 crypto rx=0x7f0258009a10 tx=0x7f0258006eb0 comp rx=0 tx=0).ready entity=mgr.14118 client_cookie=0 server_cookie=0 in_seq=0 out_seq=0
2026-03-09T15:48:19.554 INFO:teuthology.orchestra.run.vm01.stdout:/usr/bin/ceph: stderr
2026-03-09T15:48:18.762+0000 7f0263577640 1 -- 192.168.123.101:0/179694937 --> [v2:192.168.123.101:3300/0,v1:192.168.123.101:6789/0] -- mon_command({"prefix": "mgr module enable", "module": "dashboard"} v 0) -- 0x7f0264071300 con 0x7f0264105290
2026-03-09T15:48:19.554 INFO:teuthology.orchestra.run.vm01.stdout:/usr/bin/ceph: stderr
2026-03-09T15:48:18.822+0000 7f02537fe640 1 -- 192.168.123.101:0/179694937 <== mon.0 v2:192.168.123.101:3300/0 7 ==== config(23 keys) ==== 978+0+0 (secure 0 0 0) 0x7f024c052660 con 0x7f0264105290
2026-03-09T15:48:19.554 INFO:teuthology.orchestra.run.vm01.stdout:/usr/bin/ceph: stderr
2026-03-09T15:48:19.430+0000 7f02537fe640 1 -- 192.168.123.101:0/179694937 <== mon.0 v2:192.168.123.101:3300/0 8 ==== mon_command_ack([{"prefix": "mgr module enable", "module": "dashboard"}]=0 v8) ==== 88+0+0 (secure 0 0 0) 0x7f024c0483f0 con 0x7f0264105290
2026-03-09T15:48:19.554 INFO:teuthology.orchestra.run.vm01.stdout:/usr/bin/ceph: stderr
2026-03-09T15:48:19.434+0000 7f02517fa640 1 -- 192.168.123.101:0/179694937 >> [v2:192.168.123.101:6800/2530303036,v1:192.168.123.101:6801/2530303036] conn(0x7f023c03dc90 msgr2=0x7f023c040150 secure :-1 s=STATE_CONNECTION_ESTABLISHED l=1).mark_down
2026-03-09T15:48:19.554 INFO:teuthology.orchestra.run.vm01.stdout:/usr/bin/ceph: stderr
2026-03-09T15:48:19.434+0000 7f02517fa640 1 --2- 192.168.123.101:0/179694937 >> [v2:192.168.123.101:6800/2530303036,v1:192.168.123.101:6801/2530303036] conn(0x7f023c03dc90 0x7f023c040150 secure :-1 s=READY pgs=16 cs=0 l=1 rev1=1 crypto rx=0x7f0258009a10 tx=0x7f0258006eb0 comp rx=0 tx=0).stop
2026-03-09T15:48:19.554 INFO:teuthology.orchestra.run.vm01.stdout:/usr/bin/ceph: stderr
2026-03-09T15:48:19.434+0000 7f02517fa640 1 -- 192.168.123.101:0/179694937 >> [v2:192.168.123.101:3300/0,v1:192.168.123.101:6789/0] conn(0x7f0264105290 msgr2=0x7f0264191430 secure :-1 s=STATE_CONNECTION_ESTABLISHED l=1).mark_down
2026-03-09T15:48:19.554 INFO:teuthology.orchestra.run.vm01.stdout:/usr/bin/ceph: stderr
2026-03-09T15:48:19.434+0000 7f02517fa640 1 --2- 192.168.123.101:0/179694937 >> [v2:192.168.123.101:3300/0,v1:192.168.123.101:6789/0] conn(0x7f0264105290 0x7f0264191430 secure :-1 s=READY pgs=54 cs=0 l=1 rev1=1 crypto rx=0x7f024c0475d0 tx=0x7f024c018b10 comp rx=0 tx=0).stop
2026-03-09T15:48:19.554 INFO:teuthology.orchestra.run.vm01.stdout:/usr/bin/ceph: stderr
2026-03-09T15:48:19.434+0000 7f02517fa640 1 -- 192.168.123.101:0/179694937 shutdown_connections
2026-03-09T15:48:19.554 INFO:teuthology.orchestra.run.vm01.stdout:/usr/bin/ceph: stderr
2026-03-09T15:48:19.434+0000 7f02517fa640 1 --2- 192.168.123.101:0/179694937 >> [v2:192.168.123.101:6800/2530303036,v1:192.168.123.101:6801/2530303036] conn(0x7f023c03dc90 0x7f023c040150 unknown :-1 s=CLOSED pgs=16 cs=0 l=1 rev1=1 crypto rx=0 tx=0 comp rx=0 tx=0).stop
2026-03-09T15:48:19.554 INFO:teuthology.orchestra.run.vm01.stdout:/usr/bin/ceph: stderr
2026-03-09T15:48:19.434+0000 7f02517fa640 1 --2- 192.168.123.101:0/179694937 >> [v2:192.168.123.101:3300/0,v1:192.168.123.101:6789/0] conn(0x7f0264105290 0x7f0264191430 unknown :-1 s=CLOSED pgs=54 cs=0 l=1 rev1=1 crypto rx=0 tx=0 comp rx=0 tx=0).stop
2026-03-09T15:48:19.554 INFO:teuthology.orchestra.run.vm01.stdout:/usr/bin/ceph: stderr
2026-03-09T15:48:19.434+0000 7f02517fa640 1 -- 192.168.123.101:0/179694937 >> 192.168.123.101:0/179694937 conn(0x7f0264100a40 msgr2=0x7f026406ea00 unknown :-1 s=STATE_NONE l=0).mark_down
2026-03-09T15:48:19.555 INFO:teuthology.orchestra.run.vm01.stdout:/usr/bin/ceph: stderr
2026-03-09T15:48:19.434+0000 7f02517fa640 1 -- 192.168.123.101:0/179694937 shutdown_connections
2026-03-09T15:48:19.555 INFO:teuthology.orchestra.run.vm01.stdout:/usr/bin/ceph: stderr
2026-03-09T15:48:19.434+0000 7f02517fa640 1 -- 192.168.123.101:0/179694937 wait complete.
2026-03-09T15:48:19.793 INFO:journalctl@ceph.mgr.y.vm01.stdout:Mar 09 15:48:19 vm01 bash[21002]: ignoring --setuser ceph since I am not root
2026-03-09T15:48:19.793 INFO:journalctl@ceph.mgr.y.vm01.stdout:Mar 09 15:48:19 vm01 bash[21002]: ignoring --setgroup ceph since I am not root
2026-03-09T15:48:19.793 INFO:journalctl@ceph.mgr.y.vm01.stdout:Mar 09 15:48:19 vm01 bash[21002]: debug
2026-03-09T15:48:19.590+0000 7f2b6907b140 -1 mgr[py] Module status has missing NOTIFY_TYPES member
2026-03-09T15:48:19.793 INFO:journalctl@ceph.mgr.y.vm01.stdout:Mar 09 15:48:19 vm01 bash[21002]: debug
2026-03-09T15:48:19.650+0000 7f2b6907b140 -1 mgr[py] Module osd_support has missing NOTIFY_TYPES member
2026-03-09T15:48:19.906 INFO:teuthology.orchestra.run.vm01.stdout:/usr/bin/ceph: stdout {
2026-03-09T15:48:19.906 INFO:teuthology.orchestra.run.vm01.stdout:/usr/bin/ceph: stdout "epoch": 8,
2026-03-09T15:48:19.906 INFO:teuthology.orchestra.run.vm01.stdout:/usr/bin/ceph: stdout "available": true,
2026-03-09T15:48:19.906 INFO:teuthology.orchestra.run.vm01.stdout:/usr/bin/ceph: stdout "active_name": "y",
2026-03-09T15:48:19.907 INFO:teuthology.orchestra.run.vm01.stdout:/usr/bin/ceph: stdout "num_standby": 0
2026-03-09T15:48:19.907 INFO:teuthology.orchestra.run.vm01.stdout:/usr/bin/ceph: stdout }
2026-03-09T15:48:19.907 INFO:teuthology.orchestra.run.vm01.stdout:/usr/bin/ceph: stderr
2026-03-09T15:48:19.702+0000 7f07da8cd640 1 Processor -- start
2026-03-09T15:48:19.907 INFO:teuthology.orchestra.run.vm01.stdout:/usr/bin/ceph: stderr
2026-03-09T15:48:19.702+0000 7f07da8cd640 1 -- start start
2026-03-09T15:48:19.907 INFO:teuthology.orchestra.run.vm01.stdout:/usr/bin/ceph: stderr
2026-03-09T15:48:19.702+0000 7f07da8cd640 1 --2- >> [v2:192.168.123.101:3300/0,v1:192.168.123.101:6789/0] conn(0x7f07cc0a4920 0x7f07cc0a4d20 unknown :-1 s=NONE pgs=0 cs=0 l=0 rev1=0 crypto rx=0 tx=0 comp rx=0 tx=0).connect
2026-03-09T15:48:19.907 INFO:teuthology.orchestra.run.vm01.stdout:/usr/bin/ceph: stderr
2026-03-09T15:48:19.702+0000 7f07da8cd640 1 -- --> [v2:192.168.123.101:3300/0,v1:192.168.123.101:6789/0] -- mon_getmap magic: 0 -- 0x7f07cc0a52f0 con 0x7f07cc0a4920
2026-03-09T15:48:19.907 INFO:teuthology.orchestra.run.vm01.stdout:/usr/bin/ceph: stderr
2026-03-09T15:48:19.702+0000 7f07d98cb640 1 --2- >> [v2:192.168.123.101:3300/0,v1:192.168.123.101:6789/0] conn(0x7f07cc0a4920 0x7f07cc0a4d20 unknown :-1 s=BANNER_CONNECTING pgs=0 cs=0 l=0 rev1=0 crypto rx=0 tx=0 comp rx=0 tx=0)._handle_peer_banner_payload supported=3 required=0
2026-03-09T15:48:19.907 INFO:teuthology.orchestra.run.vm01.stdout:/usr/bin/ceph: stderr
2026-03-09T15:48:19.702+0000 7f07d98cb640 1 --2- >> [v2:192.168.123.101:3300/0,v1:192.168.123.101:6789/0] conn(0x7f07cc0a4920 0x7f07cc0a4d20 unknown :-1 s=HELLO_CONNECTING pgs=0 cs=0 l=0 rev1=1 crypto rx=0 tx=0 comp rx=0 tx=0).handle_hello peer v2:192.168.123.101:3300/0 says I am v2:192.168.123.101:38336/0 (socket says 192.168.123.101:38336)
2026-03-09T15:48:19.907 INFO:teuthology.orchestra.run.vm01.stdout:/usr/bin/ceph: stderr
2026-03-09T15:48:19.702+0000 7f07d98cb640 1 -- 192.168.123.101:0/1965021295 learned_addr learned my addr 192.168.123.101:0/1965021295 (peer_addr_for_me v2:192.168.123.101:0/0)
2026-03-09T15:48:19.907 INFO:teuthology.orchestra.run.vm01.stdout:/usr/bin/ceph: stderr
2026-03-09T15:48:19.702+0000 7f07d98cb640 1 -- 192.168.123.101:0/1965021295 --> [v2:192.168.123.101:3300/0,v1:192.168.123.101:6789/0] -- mon_subscribe({config=0+,monmap=0+}) -- 0x7f07cc0a5b20 con 0x7f07cc0a4920
2026-03-09T15:48:19.907 INFO:teuthology.orchestra.run.vm01.stdout:/usr/bin/ceph: stderr
2026-03-09T15:48:19.702+0000 7f07d98cb640 1 --2- 192.168.123.101:0/1965021295 >> [v2:192.168.123.101:3300/0,v1:192.168.123.101:6789/0] conn(0x7f07cc0a4920 0x7f07cc0a4d20 secure :-1 s=READY pgs=57 cs=0 l=1 rev1=1 crypto rx=0x7f07d00089a0 tx=0x7f07d0031440 comp rx=0 tx=0).ready entity=mon.0 client_cookie=e5dc3a21a36bb019 server_cookie=0 in_seq=0 out_seq=0
2026-03-09T15:48:19.907 INFO:teuthology.orchestra.run.vm01.stdout:/usr/bin/ceph: stderr
2026-03-09T15:48:19.702+0000 7f07d88c9640 1 -- 192.168.123.101:0/1965021295 <== mon.0 v2:192.168.123.101:3300/0 1 ==== mon_map magic: 0 ==== 205+0+0 (secure 0 0 0) 0x7f07d003c480 con 0x7f07cc0a4920
2026-03-09T15:48:19.907 INFO:teuthology.orchestra.run.vm01.stdout:/usr/bin/ceph: stderr
2026-03-09T15:48:19.702+0000 7f07d88c9640 1 -- 192.168.123.101:0/1965021295 <== mon.0 v2:192.168.123.101:3300/0 2 ==== config(23 keys) ==== 978+0+0 (secure 0 0 0) 0x7f07d003ca60 con 0x7f07cc0a4920
2026-03-09T15:48:19.907 INFO:teuthology.orchestra.run.vm01.stdout:/usr/bin/ceph: stderr
2026-03-09T15:48:19.702+0000 7f07da8cd640 1 -- 192.168.123.101:0/1965021295 >> [v2:192.168.123.101:3300/0,v1:192.168.123.101:6789/0] conn(0x7f07cc0a4920 msgr2=0x7f07cc0a4d20 secure :-1 s=STATE_CONNECTION_ESTABLISHED l=1).mark_down
2026-03-09T15:48:19.907 INFO:teuthology.orchestra.run.vm01.stdout:/usr/bin/ceph: stderr
2026-03-09T15:48:19.702+0000 7f07da8cd640 1 --2- 192.168.123.101:0/1965021295 >> [v2:192.168.123.101:3300/0,v1:192.168.123.101:6789/0] conn(0x7f07cc0a4920 0x7f07cc0a4d20 secure :-1 s=READY pgs=57 cs=0 l=1 rev1=1 crypto rx=0x7f07d00089a0 tx=0x7f07d0031440 comp rx=0 tx=0).stop
2026-03-09T15:48:19.907 INFO:teuthology.orchestra.run.vm01.stdout:/usr/bin/ceph: stderr
2026-03-09T15:48:19.702+0000 7f07da8cd640 1 -- 192.168.123.101:0/1965021295 shutdown_connections
2026-03-09T15:48:19.907 INFO:teuthology.orchestra.run.vm01.stdout:/usr/bin/ceph: stderr
2026-03-09T15:48:19.702+0000 7f07da8cd640 1 --2- 192.168.123.101:0/1965021295 >> [v2:192.168.123.101:3300/0,v1:192.168.123.101:6789/0] conn(0x7f07cc0a4920 0x7f07cc0a4d20 unknown :-1 s=CLOSED pgs=57 cs=0 l=1 rev1=1 crypto rx=0 tx=0 comp rx=0 tx=0).stop
2026-03-09T15:48:19.907 INFO:teuthology.orchestra.run.vm01.stdout:/usr/bin/ceph: stderr
2026-03-09T15:48:19.702+0000 7f07da8cd640 1 -- 192.168.123.101:0/1965021295 >> 192.168.123.101:0/1965021295 conn(0x7f07cc09fc30 msgr2=0x7f07cc0a2090 unknown :-1 s=STATE_NONE l=0).mark_down
2026-03-09T15:48:19.907 INFO:teuthology.orchestra.run.vm01.stdout:/usr/bin/ceph: stderr
2026-03-09T15:48:19.702+0000 7f07da8cd640 1 -- 192.168.123.101:0/1965021295 shutdown_connections
2026-03-09T15:48:19.907 INFO:teuthology.orchestra.run.vm01.stdout:/usr/bin/ceph: stderr
2026-03-09T15:48:19.702+0000 7f07da8cd640 1 -- 192.168.123.101:0/1965021295 wait complete.
2026-03-09T15:48:19.907 INFO:teuthology.orchestra.run.vm01.stdout:/usr/bin/ceph: stderr
2026-03-09T15:48:19.702+0000 7f07da8cd640 1 Processor -- start
2026-03-09T15:48:19.907 INFO:teuthology.orchestra.run.vm01.stdout:/usr/bin/ceph: stderr
2026-03-09T15:48:19.702+0000 7f07da8cd640 1 -- start start
2026-03-09T15:48:19.907 INFO:teuthology.orchestra.run.vm01.stdout:/usr/bin/ceph: stderr
2026-03-09T15:48:19.702+0000 7f07da8cd640 1 --2- >> [v2:192.168.123.101:3300/0,v1:192.168.123.101:6789/0] conn(0x7f07cc0a4920 0x7f07cc13d6e0 unknown :-1 s=NONE pgs=0 cs=0 l=1 rev1=0 crypto rx=0 tx=0 comp rx=0 tx=0).connect
2026-03-09T15:48:19.907 INFO:teuthology.orchestra.run.vm01.stdout:/usr/bin/ceph: stderr
2026-03-09T15:48:19.702+0000 7f07da8cd640 1 -- --> [v2:192.168.123.101:3300/0,v1:192.168.123.101:6789/0] -- mon_getmap magic: 0 -- 0x7f07cc0a65a0 con 0x7f07cc0a4920
2026-03-09T15:48:19.907 INFO:teuthology.orchestra.run.vm01.stdout:/usr/bin/ceph: stderr
2026-03-09T15:48:19.702+0000 7f07d98cb640 1 --2- >> [v2:192.168.123.101:3300/0,v1:192.168.123.101:6789/0] conn(0x7f07cc0a4920 0x7f07cc13d6e0 unknown :-1 s=BANNER_CONNECTING pgs=0 cs=0 l=1 rev1=0 crypto rx=0 tx=0 comp rx=0 tx=0)._handle_peer_banner_payload supported=3 required=0
2026-03-09T15:48:19.907 INFO:teuthology.orchestra.run.vm01.stdout:/usr/bin/ceph: stderr
2026-03-09T15:48:19.702+0000 7f07d98cb640 1 --2- >> [v2:192.168.123.101:3300/0,v1:192.168.123.101:6789/0] conn(0x7f07cc0a4920 0x7f07cc13d6e0 unknown :-1 s=HELLO_CONNECTING pgs=0 cs=0 l=1 rev1=1 crypto rx=0 tx=0 comp rx=0 tx=0).handle_hello peer v2:192.168.123.101:3300/0 says I am v2:192.168.123.101:38342/0 (socket says 192.168.123.101:38342)
2026-03-09T15:48:19.907 INFO:teuthology.orchestra.run.vm01.stdout:/usr/bin/ceph: stderr
2026-03-09T15:48:19.702+0000 7f07d98cb640 1 -- 192.168.123.101:0/1250862618 learned_addr learned my addr 192.168.123.101:0/1250862618 (peer_addr_for_me v2:192.168.123.101:0/0)
2026-03-09T15:48:19.907 INFO:teuthology.orchestra.run.vm01.stdout:/usr/bin/ceph: stderr
2026-03-09T15:48:19.702+0000 7f07d98cb640 1 -- 192.168.123.101:0/1250862618 --> [v2:192.168.123.101:3300/0,v1:192.168.123.101:6789/0] -- mon_subscribe({config=0+,monmap=0+}) -- 0x7f07cc13dc20 con 0x7f07cc0a4920
2026-03-09T15:48:19.907 INFO:teuthology.orchestra.run.vm01.stdout:/usr/bin/ceph: stderr
2026-03-09T15:48:19.702+0000 7f07d98cb640 1 --2- 192.168.123.101:0/1250862618 >> [v2:192.168.123.101:3300/0,v1:192.168.123.101:6789/0] conn(0x7f07cc0a4920 0x7f07cc13d6e0 secure :-1 s=READY pgs=58 cs=0 l=1 rev1=1 crypto rx=0x7f07d0002410 tx=0x7f07d0009a50 comp rx=0 tx=0).ready entity=mon.0 client_cookie=0 server_cookie=0 in_seq=0 out_seq=0
2026-03-09T15:48:19.907 INFO:teuthology.orchestra.run.vm01.stdout:/usr/bin/ceph: stderr
2026-03-09T15:48:19.706+0000 7f07c2ffd640 1 -- 192.168.123.101:0/1250862618 <== mon.0 v2:192.168.123.101:3300/0 1 ==== mon_map magic: 0 ==== 205+0+0 (secure 0 0 0) 0x7f07d003c480 con 0x7f07cc0a4920
2026-03-09T15:48:19.907 INFO:teuthology.orchestra.run.vm01.stdout:/usr/bin/ceph: stderr
2026-03-09T15:48:19.706+0000 7f07da8cd640 1 -- 192.168.123.101:0/1250862618 --> [v2:192.168.123.101:3300/0,v1:192.168.123.101:6789/0] -- mon_subscribe({mgrmap=0+}) -- 0x7f07cc13deb0 con 0x7f07cc0a4920
2026-03-09T15:48:19.907 INFO:teuthology.orchestra.run.vm01.stdout:/usr/bin/ceph: stderr
2026-03-09T15:48:19.706+0000 7f07da8cd640 1 -- 192.168.123.101:0/1250862618 --> [v2:192.168.123.101:3300/0,v1:192.168.123.101:6789/0] -- mon_subscribe({osdmap=0}) -- 0x7f07cc13a220 con 0x7f07cc0a4920
2026-03-09T15:48:19.907 INFO:teuthology.orchestra.run.vm01.stdout:/usr/bin/ceph: stderr
2026-03-09T15:48:19.706+0000 7f07c2ffd640 1 -- 192.168.123.101:0/1250862618 <== mon.0 v2:192.168.123.101:3300/0 2 ==== config(23 keys) ==== 978+0+0 (secure 0 0 0) 0x7f07d003ca60 con 0x7f07cc0a4920
2026-03-09T15:48:19.907 INFO:teuthology.orchestra.run.vm01.stdout:/usr/bin/ceph: stderr
