2026-03-09T15:48:15.122+0000 7fbf39957640 1 --2- 192.168.123.101:0/957689319 >> [v2:192.168.123.101:6800/2530303036,v1:192.168.123.101:6801/2530303036] conn(0x7fbf1403db20 0x7fbf1403ffe0 secure :-1 s=READY pgs=11 cs=0 l=1 rev1=1 crypto rx=0x7fbf280099c0 tx=0x7fbf28006eb0 comp rx=0 tx=0).ready entity=mgr.14118 client_cookie=0 server_cookie=0 in_seq=0 out_seq=0
2026-03-09T15:48:17.261 INFO:teuthology.orchestra.run.vm01.stdout:/usr/bin/ceph: stderr
2026-03-09T15:48:15.122+0000 7fbf237fe640 1 -- 192.168.123.101:0/957689319 <== mon.0 v2:192.168.123.101:3300/0 6 ==== mon_command_ack([{"prefix": "get_command_descriptions"}]=0 v0) ==== 72+0+195034 (secure 0 0 0) 0x7fbf24047210 con 0x7fbf3407c6d0
2026-03-09T15:48:17.261 INFO:teuthology.orchestra.run.vm01.stdout:/usr/bin/ceph: stderr
2026-03-09T15:48:15.218+0000 7fbf3c3e3640 1 -- 192.168.123.101:0/957689319 --> [v2:192.168.123.101:6800/2530303036,v1:192.168.123.101:6801/2530303036] -- mgr_command(tid 0: {"prefix": "orch host add", "hostname": "vm01", "addr": "192.168.123.101", "target": ["mon-mgr", ""]}) -- 0x7fbefc002bf0 con 0x7fbf1403db20
2026-03-09T15:48:17.261 INFO:teuthology.orchestra.run.vm01.stdout:/usr/bin/ceph: stderr
2026-03-09T15:48:15.654+0000 7fbf237fe640 1 -- 192.168.123.101:0/957689319 <== mon.0 v2:192.168.123.101:3300/0 7 ==== mgrmap(e 7) ==== 50247+0+0 (secure 0 0 0) 0x7fbf2404c7a0 con 0x7fbf3407c6d0
2026-03-09T15:48:17.261 INFO:teuthology.orchestra.run.vm01.stdout:/usr/bin/ceph: stderr
2026-03-09T15:48:17.194+0000 7fbf237fe640 1 -- 192.168.123.101:0/957689319 <== mgr.14118 v2:192.168.123.101:6800/2530303036 1 ==== mgr_command_reply(tid 0: 0 ) ==== 8+0+46 (secure 0 0 0) 0x7fbefc002bf0 con 0x7fbf1403db20
2026-03-09T15:48:17.261 INFO:teuthology.orchestra.run.vm01.stdout:/usr/bin/ceph: stderr
2026-03-09T15:48:17.194+0000 7fbf3c3e3640 1 -- 192.168.123.101:0/957689319 >> [v2:192.168.123.101:6800/2530303036,v1:192.168.123.101:6801/2530303036] conn(0x7fbf1403db20 msgr2=0x7fbf1403ffe0 secure :-1 s=STATE_CONNECTION_ESTABLISHED l=1).mark_down
2026-03-09T15:48:17.261 INFO:teuthology.orchestra.run.vm01.stdout:/usr/bin/ceph: stderr
2026-03-09T15:48:17.194+0000 7fbf3c3e3640 1 --2- 192.168.123.101:0/957689319 >> [v2:192.168.123.101:6800/2530303036,v1:192.168.123.101:6801/2530303036] conn(0x7fbf1403db20 0x7fbf1403ffe0 secure :-1 s=READY pgs=11 cs=0 l=1 rev1=1 crypto rx=0x7fbf280099c0 tx=0x7fbf28006eb0 comp rx=0 tx=0).stop
2026-03-09T15:48:17.261 INFO:teuthology.orchestra.run.vm01.stdout:/usr/bin/ceph: stderr
2026-03-09T15:48:17.194+0000 7fbf3c3e3640 1 -- 192.168.123.101:0/957689319 >> [v2:192.168.123.101:3300/0,v1:192.168.123.101:6789/0] conn(0x7fbf3407c6d0 msgr2=0x7fbf341098b0 secure :-1 s=STATE_CONNECTION_ESTABLISHED l=1).mark_down
2026-03-09T15:48:17.261 INFO:teuthology.orchestra.run.vm01.stdout:/usr/bin/ceph: stderr
2026-03-09T15:48:17.194+0000 7fbf3c3e3640 1 --2- 192.168.123.101:0/957689319 >> [v2:192.168.123.101:3300/0,v1:192.168.123.101:6789/0] conn(0x7fbf3407c6d0 0x7fbf341098b0 secure :-1 s=READY pgs=44 cs=0 l=1 rev1=1 crypto rx=0x7fbf24009a50 tx=0x7fbf24037670 comp rx=0 tx=0).stop
2026-03-09T15:48:17.261 INFO:teuthology.orchestra.run.vm01.stdout:/usr/bin/ceph: stderr
2026-03-09T15:48:17.198+0000 7fbf3c3e3640 1 -- 192.168.123.101:0/957689319 shutdown_connections
2026-03-09T15:48:17.261 INFO:teuthology.orchestra.run.vm01.stdout:/usr/bin/ceph: stderr
2026-03-09T15:48:17.198+0000 7fbf3c3e3640 1 --2- 192.168.123.101:0/957689319 >> [v2:192.168.123.101:6800/2530303036,v1:192.168.123.101:6801/2530303036] conn(0x7fbf1403db20 0x7fbf1403ffe0 unknown :-1 s=CLOSED pgs=11 cs=0 l=1 rev1=1 crypto rx=0 tx=0 comp rx=0 tx=0).stop
2026-03-09T15:48:17.261 INFO:teuthology.orchestra.run.vm01.stdout:/usr/bin/ceph: stderr
2026-03-09T15:48:17.198+0000 7fbf3c3e3640 1 --2- 192.168.123.101:0/957689319 >> [v2:192.168.123.101:3300/0,v1:192.168.123.101:6789/0] conn(0x7fbf3407c6d0 0x7fbf341098b0 unknown :-1 s=CLOSED pgs=44 cs=0 l=1 rev1=1 crypto rx=0 tx=0 comp rx=0 tx=0).stop
2026-03-09T15:48:17.261 INFO:teuthology.orchestra.run.vm01.stdout:/usr/bin/ceph: stderr
2026-03-09T15:48:17.198+0000 7fbf3c3e3640 1 -- 192.168.123.101:0/957689319 >> 192.168.123.101:0/957689319 conn(0x7fbf34101db0 msgr2=0x7fbf341028c0 unknown :-1 s=STATE_NONE l=0).mark_down
2026-03-09T15:48:17.261 INFO:teuthology.orchestra.run.vm01.stdout:/usr/bin/ceph: stderr
2026-03-09T15:48:17.198+0000 7fbf3c3e3640 1 -- 192.168.123.101:0/957689319 shutdown_connections
2026-03-09T15:48:17.261 INFO:teuthology.orchestra.run.vm01.stdout:/usr/bin/ceph: stderr
2026-03-09T15:48:17.198+0000 7fbf3c3e3640 1 -- 192.168.123.101:0/957689319 wait complete.
2026-03-09T15:48:17.261 INFO:teuthology.orchestra.run.vm01.stdout:Deploying unmanaged mon service...
2026-03-09T15:48:17.332 INFO:journalctl@ceph.mon.a.vm01.stdout:Mar 09 15:48:17 vm01 bash[20728]: cephadm
2026-03-09T15:48:15.831307+0000 mgr.y (mgr.14118) 15 : cephadm [INF] Deploying cephadm binary to vm01
2026-03-09T15:48:17.332 INFO:journalctl@ceph.mon.a.vm01.stdout:Mar 09 15:48:17 vm01 bash[20728]: cephadm
2026-03-09T15:48:15.831307+0000 mgr.y (mgr.14118) 15 : cephadm [INF] Deploying cephadm binary to vm01
2026-03-09T15:48:17.591 INFO:teuthology.orchestra.run.vm01.stdout:/usr/bin/ceph: stdout Scheduled mon update...
2026-03-09T15:48:17.591 INFO:teuthology.orchestra.run.vm01.stdout:/usr/bin/ceph: stderr
2026-03-09T15:48:17.414+0000 7f4094437640 1 Processor -- start
2026-03-09T15:48:17.591 INFO:teuthology.orchestra.run.vm01.stdout:/usr/bin/ceph: stderr
2026-03-09T15:48:17.414+0000 7f4094437640 1 -- start start
2026-03-09T15:48:17.591 INFO:teuthology.orchestra.run.vm01.stdout:/usr/bin/ceph: stderr
2026-03-09T15:48:17.414+0000 7f4094437640 1 --2- >> [v2:192.168.123.101:3300/0,v1:192.168.123.101:6789/0] conn(0x7f408c080370 0x7f408c080770 unknown :-1 s=NONE pgs=0 cs=0 l=0 rev1=0 crypto rx=0 tx=0 comp rx=0 tx=0).connect
2026-03-09T15:48:17.591 INFO:teuthology.orchestra.run.vm01.stdout:/usr/bin/ceph: stderr
2026-03-09T15:48:17.414+0000 7f4094437640 1 -- --> [v2:192.168.123.101:3300/0,v1:192.168.123.101:6789/0] -- mon_getmap magic: 0 -- 0x7f408c080d40 con 0x7f408c080370
2026-03-09T15:48:17.591 INFO:teuthology.orchestra.run.vm01.stdout:/usr/bin/ceph: stderr
2026-03-09T15:48:17.414+0000 7f40921ac640 1 --2- >> [v2:192.168.123.101:3300/0,v1:192.168.123.101:6789/0] conn(0x7f408c080370 0x7f408c080770 unknown :-1 s=BANNER_CONNECTING pgs=0 cs=0 l=0 rev1=0 crypto rx=0 tx=0 comp rx=0 tx=0)._handle_peer_banner_payload supported=3 required=0
2026-03-09T15:48:17.592 INFO:teuthology.orchestra.run.vm01.stdout:/usr/bin/ceph: stderr
2026-03-09T15:48:17.414+0000 7f40921ac640 1 --2- >> [v2:192.168.123.101:3300/0,v1:192.168.123.101:6789/0] conn(0x7f408c080370 0x7f408c080770 unknown :-1 s=HELLO_CONNECTING pgs=0 cs=0 l=0 rev1=1 crypto rx=0 tx=0 comp rx=0 tx=0).handle_hello peer v2:192.168.123.101:3300/0 says I am v2:192.168.123.101:38236/0 (socket says 192.168.123.101:38236)
2026-03-09T15:48:17.592 INFO:teuthology.orchestra.run.vm01.stdout:/usr/bin/ceph: stderr
2026-03-09T15:48:17.414+0000 7f40921ac640 1 -- 192.168.123.101:0/2957288217 learned_addr learned my addr 192.168.123.101:0/2957288217 (peer_addr_for_me v2:192.168.123.101:0/0)
2026-03-09T15:48:17.592 INFO:teuthology.orchestra.run.vm01.stdout:/usr/bin/ceph: stderr
2026-03-09T15:48:17.414+0000 7f40921ac640 1 -- 192.168.123.101:0/2957288217 --> [v2:192.168.123.101:3300/0,v1:192.168.123.101:6789/0] -- mon_subscribe({config=0+,monmap=0+}) -- 0x7f408c0815c0 con 0x7f408c080370
2026-03-09T15:48:17.592 INFO:teuthology.orchestra.run.vm01.stdout:/usr/bin/ceph: stderr
2026-03-09T15:48:17.414+0000 7f40921ac640 1 --2- 192.168.123.101:0/2957288217 >> [v2:192.168.123.101:3300/0,v1:192.168.123.101:6789/0] conn(0x7f408c080370 0x7f408c080770 secure :-1 s=READY pgs=45 cs=0 l=1 rev1=1 crypto rx=0x7f407c009920 tx=0x7f407c02ef20 comp rx=0 tx=0).ready entity=mon.0 client_cookie=264b2d4709e7161a server_cookie=0 in_seq=0 out_seq=0
2026-03-09T15:48:17.592 INFO:teuthology.orchestra.run.vm01.stdout:/usr/bin/ceph: stderr
2026-03-09T15:48:17.414+0000 7f40911aa640 1 -- 192.168.123.101:0/2957288217 <== mon.0 v2:192.168.123.101:3300/0 1 ==== mon_map magic: 0 ==== 205+0+0 (secure 0 0 0) 0x7f407c03c070 con 0x7f408c080370
2026-03-09T15:48:17.592 INFO:teuthology.orchestra.run.vm01.stdout:/usr/bin/ceph: stderr
2026-03-09T15:48:17.414+0000 7f40911aa640 1 -- 192.168.123.101:0/2957288217 <== mon.0 v2:192.168.123.101:3300/0 2 ==== config(23 keys) ==== 947+0+0 (secure 0 0 0) 0x7f407c037440 con 0x7f408c080370
2026-03-09T15:48:17.592 INFO:teuthology.orchestra.run.vm01.stdout:/usr/bin/ceph: stderr
2026-03-09T15:48:17.414+0000 7f4094437640 1 -- 192.168.123.101:0/2957288217 >> [v2:192.168.123.101:3300/0,v1:192.168.123.101:6789/0] conn(0x7f408c080370 msgr2=0x7f408c080770 secure :-1 s=STATE_CONNECTION_ESTABLISHED l=1).mark_down
2026-03-09T15:48:17.592 INFO:teuthology.orchestra.run.vm01.stdout:/usr/bin/ceph: stderr
2026-03-09T15:48:17.414+0000 7f4094437640 1 --2- 192.168.123.101:0/2957288217 >> [v2:192.168.123.101:3300/0,v1:192.168.123.101:6789/0] conn(0x7f408c080370 0x7f408c080770 secure :-1 s=READY pgs=45 cs=0 l=1 rev1=1 crypto rx=0x7f407c009920 tx=0x7f407c02ef20 comp rx=0 tx=0).stop
2026-03-09T15:48:17.592 INFO:teuthology.orchestra.run.vm01.stdout:/usr/bin/ceph: stderr
2026-03-09T15:48:17.414+0000 7f4094437640 1 -- 192.168.123.101:0/2957288217 shutdown_connections
2026-03-09T15:48:17.592 INFO:teuthology.orchestra.run.vm01.stdout:/usr/bin/ceph: stderr
2026-03-09T15:48:17.414+0000 7f4094437640 1 --2- 192.168.123.101:0/2957288217 >> [v2:192.168.123.101:3300/0,v1:192.168.123.101:6789/0] conn(0x7f408c080370 0x7f408c080770 unknown :-1 s=CLOSED pgs=45 cs=0 l=1 rev1=1 crypto rx=0 tx=0 comp rx=0 tx=0).stop
2026-03-09T15:48:17.592 INFO:teuthology.orchestra.run.vm01.stdout:/usr/bin/ceph: stderr
2026-03-09T15:48:17.414+0000 7f4094437640 1 -- 192.168.123.101:0/2957288217 >> 192.168.123.101:0/2957288217 conn(0x7f408c07bc10 msgr2=0x7f408c07e030 unknown :-1 s=STATE_NONE l=0).mark_down
2026-03-09T15:48:17.592 INFO:teuthology.orchestra.run.vm01.stdout:/usr/bin/ceph: stderr
2026-03-09T15:48:17.414+0000 7f4094437640 1 -- 192.168.123.101:0/2957288217 shutdown_connections
2026-03-09T15:48:17.592 INFO:teuthology.orchestra.run.vm01.stdout:/usr/bin/ceph: stderr
2026-03-09T15:48:17.414+0000 7f4094437640 1 -- 192.168.123.101:0/2957288217 wait complete.
2026-03-09T15:48:17.592 INFO:teuthology.orchestra.run.vm01.stdout:/usr/bin/ceph: stderr
2026-03-09T15:48:17.414+0000 7f4094437640 1 Processor -- start
2026-03-09T15:48:17.592 INFO:teuthology.orchestra.run.vm01.stdout:/usr/bin/ceph: stderr
2026-03-09T15:48:17.414+0000 7f4094437640 1 -- start start
2026-03-09T15:48:17.592 INFO:teuthology.orchestra.run.vm01.stdout:/usr/bin/ceph: stderr
2026-03-09T15:48:17.414+0000 7f4094437640 1 --2- >> [v2:192.168.123.101:3300/0,v1:192.168.123.101:6789/0] conn(0x7f408c1ab1a0 0x7f408c1ab5c0 unknown :-1 s=NONE pgs=0 cs=0 l=1 rev1=0 crypto rx=0 tx=0 comp rx=0 tx=0).connect
2026-03-09T15:48:17.592 INFO:teuthology.orchestra.run.vm01.stdout:/usr/bin/ceph: stderr
2026-03-09T15:48:17.414+0000 7f4094437640 1 -- --> [v2:192.168.123.101:3300/0,v1:192.168.123.101:6789/0] -- mon_getmap magic: 0 -- 0x7f408c0822c0 con 0x7f408c1ab1a0
2026-03-09T15:48:17.592 INFO:teuthology.orchestra.run.vm01.stdout:/usr/bin/ceph: stderr
2026-03-09T15:48:17.418+0000 7f40921ac640 1 --2- >> [v2:192.168.123.101:3300/0,v1:192.168.123.101:6789/0] conn(0x7f408c1ab1a0 0x7f408c1ab5c0 unknown :-1 s=BANNER_CONNECTING pgs=0 cs=0 l=1 rev1=0 crypto rx=0 tx=0 comp rx=0 tx=0)._handle_peer_banner_payload supported=3 required=0
2026-03-09T15:48:17.592 INFO:teuthology.orchestra.run.vm01.stdout:/usr/bin/ceph: stderr
2026-03-09T15:48:17.418+0000 7f40921ac640 1 --2- >> [v2:192.168.123.101:3300/0,v1:192.168.123.101:6789/0] conn(0x7f408c1ab1a0 0x7f408c1ab5c0 unknown :-1 s=HELLO_CONNECTING pgs=0 cs=0 l=1 rev1=1 crypto rx=0 tx=0 comp rx=0 tx=0).handle_hello peer v2:192.168.123.101:3300/0 says I am v2:192.168.123.101:38238/0 (socket says 192.168.123.101:38238)
2026-03-09T15:48:17.592 INFO:teuthology.orchestra.run.vm01.stdout:/usr/bin/ceph: stderr
2026-03-09T15:48:17.418+0000 7f40921ac640 1 -- 192.168.123.101:0/3164976693 learned_addr learned my addr 192.168.123.101:0/3164976693 (peer_addr_for_me v2:192.168.123.101:0/0)
2026-03-09T15:48:17.592 INFO:teuthology.orchestra.run.vm01.stdout:/usr/bin/ceph: stderr
2026-03-09T15:48:17.418+0000 7f40921ac640 1 -- 192.168.123.101:0/3164976693 --> [v2:192.168.123.101:3300/0,v1:192.168.123.101:6789/0] -- mon_subscribe({config=0+,monmap=0+}) -- 0x7f408c1abb00 con 0x7f408c1ab1a0
2026-03-09T15:48:17.592 INFO:teuthology.orchestra.run.vm01.stdout:/usr/bin/ceph: stderr
2026-03-09T15:48:17.418+0000 7f40921ac640 1 --2- 192.168.123.101:0/3164976693 >> [v2:192.168.123.101:3300/0,v1:192.168.123.101:6789/0] conn(0x7f408c1ab1a0 0x7f408c1ab5c0 secure :-1 s=READY pgs=46 cs=0 l=1 rev1=1 crypto rx=0x7f407c035770 tx=0x7f407c0357a0 comp rx=0 tx=0).ready entity=mon.0 client_cookie=0 server_cookie=0 in_seq=0 out_seq=0
2026-03-09T15:48:17.592 INFO:teuthology.orchestra.run.vm01.stdout:/usr/bin/ceph: stderr
2026-03-09T15:48:17.418+0000 7f407b7fe640 1 -- 192.168.123.101:0/3164976693 <== mon.0 v2:192.168.123.101:3300/0 1 ==== mon_map magic: 0 ==== 205+0+0 (secure 0 0 0) 0x7f407c045070 con 0x7f408c1ab1a0
2026-03-09T15:48:17.592 INFO:teuthology.orchestra.run.vm01.stdout:/usr/bin/ceph: stderr
2026-03-09T15:48:17.418+0000 7f4094437640 1 -- 192.168.123.101:0/3164976693 --> [v2:192.168.123.101:3300/0,v1:192.168.123.101:6789/0] -- mon_subscribe({mgrmap=0+}) -- 0x7f408c1abd90 con 0x7f408c1ab1a0
2026-03-09T15:48:17.592 INFO:teuthology.orchestra.run.vm01.stdout:/usr/bin/ceph: stderr
2026-03-09T15:48:17.418+0000 7f4094437640 1 -- 192.168.123.101:0/3164976693 --> [v2:192.168.123.101:3300/0,v1:192.168.123.101:6789/0] -- mon_subscribe({osdmap=0}) -- 0x7f408c10fb20 con 0x7f408c1ab1a0
2026-03-09T15:48:17.592 INFO:teuthology.orchestra.run.vm01.stdout:/usr/bin/ceph: stderr
2026-03-09T15:48:17.418+0000 7f407b7fe640 1 -- 192.168.123.101:0/3164976693 <== mon.0 v2:192.168.123.101:3300/0 2 ==== config(23 keys) ==== 947+0+0 (secure 0 0 0) 0x7f407c035d80 con 0x7f408c1ab1a0
2026-03-09T15:48:17.592 INFO:teuthology.orchestra.run.vm01.stdout:/usr/bin/ceph: stderr
2026-03-09T15:48:17.418+0000 7f407b7fe640 1 -- 192.168.123.101:0/3164976693 <== mon.0 v2:192.168.123.101:3300/0 3 ==== mon_map magic: 0 ==== 205+0+0 (secure 0 0 0) 0x7f407c03c050 con 0x7f408c1ab1a0
2026-03-09T15:48:17.592 INFO:teuthology.orchestra.run.vm01.stdout:/usr/bin/ceph: stderr
2026-03-09T15:48:17.418+0000 7f407b7fe640 1 -- 192.168.123.101:0/3164976693 <== mon.0 v2:192.168.123.101:3300/0 4 ==== mgrmap(e 7) ==== 50247+0+0 (secure 0 0 0) 0x7f407c04a430 con 0x7f408c1ab1a0
2026-03-09T15:48:17.592 INFO:teuthology.orchestra.run.vm01.stdout:/usr/bin/ceph: stderr
2026-03-09T15:48:17.418+0000 7f407b7fe640 1 --2- 192.168.123.101:0/3164976693 >> [v2:192.168.123.101:6800/2530303036,v1:192.168.123.101:6801/2530303036] conn(0x7f407404f120 0x7f40740515e0 unknown :-1 s=NONE pgs=0 cs=0 l=1 rev1=0 crypto rx=0 tx=0 comp rx=0 tx=0).connect
2026-03-09T15:48:17.592 INFO:teuthology.orchestra.run.vm01.stdout:/usr/bin/ceph: stderr
2026-03-09T15:48:17.418+0000 7f40919ab640 1 --2- 192.168.123.101:0/3164976693 >> [v2:192.168.123.101:6800/2530303036,v1:192.168.123.101:6801/2530303036] conn(0x7f407404f120 0x7f40740515e0 unknown :-1 s=BANNER_CONNECTING pgs=0 cs=0 l=1 rev1=0 crypto rx=0 tx=0 comp rx=0 tx=0)._handle_peer_banner_payload supported=3 required=0
2026-03-09T15:48:17.592 INFO:teuthology.orchestra.run.vm01.stdout:/usr/bin/ceph: stderr
2026-03-09T15:48:17.418+0000 7f40919ab640 1 --2- 192.168.123.101:0/3164976693 >> [v2:192.168.123.101:6800/2530303036,v1:192.168.123.101:6801/2530303036] conn(0x7f407404f120 0x7f40740515e0 secure :-1 s=READY pgs=12 cs=0 l=1 rev1=1 crypto rx=0x7f408800ad80 tx=0x7f40880093f0 comp rx=0 tx=0).ready entity=mgr.14118 client_cookie=0 server_cookie=0 in_seq=0 out_seq=0
2026-03-09T15:48:17.592 INFO:teuthology.orchestra.run.vm01.stdout:/usr/bin/ceph: stderr
2026-03-09T15:48:17.418+0000 7f407b7fe640 1 -- 192.168.123.101:0/3164976693 <== mon.0 v2:192.168.123.101:3300/0 5 ==== osd_map(2..2 src has 1..2) ==== 940+0+0 (secure 0 0 0) 0x7f407c076ff0 con 0x7f408c1ab1a0
2026-03-09T15:48:17.592 INFO:teuthology.orchestra.run.vm01.stdout:/usr/bin/ceph: stderr
2026-03-09T15:48:17.418+0000 7f4094437640 1 -- 192.168.123.101:0/3164976693 --> [v2:192.168.123.101:3300/0,v1:192.168.123.101:6789/0] -- mon_command({"prefix": "get_command_descriptions"} v 0) -- 0x7f4060005180 con 0x7f408c1ab1a0
2026-03-09T15:48:17.592 INFO:teuthology.orchestra.run.vm01.stdout:/usr/bin/ceph: stderr
2026-03-09T15:48:17.422+0000 7f407b7fe640 1 -- 192.168.123.101:0/3164976693 <== mon.0 v2:192.168.123.101:3300/0 6 ==== mon_command_ack([{"prefix": "get_command_descriptions"}]=0 v0) ==== 72+0+195034 (secure 0 0 0) 0x7f407c03c1f0 con 0x7f408c1ab1a0
2026-03-09T15:48:17.592 INFO:teuthology.orchestra.run.vm01.stdout:/usr/bin/ceph: stderr
2026-03-09T15:48:17.530+0000 7f4094437640 1 -- 192.168.123.101:0/3164976693 --> [v2:192.168.123.101:6800/2530303036,v1:192.168.123.101:6801/2530303036] -- mgr_command(tid 0: {"prefix": "orch apply", "service_type": "mon", "unmanaged": true, "target": ["mon-mgr", ""]}) -- 0x7f4054000d90 con 0x7f407404f120
2026-03-09T15:48:17.592 INFO:teuthology.orchestra.run.vm01.stdout:/usr/bin/ceph: stderr
2026-03-09T15:48:17.538+0000 7f407b7fe640 1 -- 192.168.123.101:0/3164976693 <== mgr.14118 v2:192.168.123.101:6800/2530303036 1 ==== mgr_command_reply(tid 0: 0 ) ==== 8+0+24 (secure 0 0 0) 0x7f4054000d90 con 0x7f407404f120
2026-03-09T15:48:17.592 INFO:teuthology.orchestra.run.vm01.stdout:/usr/bin/ceph: stderr
2026-03-09T15:48:17.542+0000 7f4094437640 1 -- 192.168.123.101:0/3164976693 >> [v2:192.168.123.101:6800/2530303036,v1:192.168.123.101:6801/2530303036] conn(0x7f407404f120 msgr2=0x7f40740515e0 secure :-1 s=STATE_CONNECTION_ESTABLISHED l=1).mark_down
2026-03-09T15:48:17.592 INFO:teuthology.orchestra.run.vm01.stdout:/usr/bin/ceph: stderr
2026-03-09T15:48:17.542+0000 7f4094437640 1 --2- 192.168.123.101:0/3164976693 >> [v2:192.168.123.101:6800/2530303036,v1:192.168.123.101:6801/2530303036] conn(0x7f407404f120 0x7f40740515e0 secure :-1 s=READY pgs=12 cs=0 l=1 rev1=1 crypto rx=0x7f408800ad80 tx=0x7f40880093f0 comp rx=0 tx=0).stop
2026-03-09T15:48:17.592 INFO:teuthology.orchestra.run.vm01.stdout:/usr/bin/ceph: stderr
2026-03-09T15:48:17.542+0000 7f4094437640 1 -- 192.168.123.101:0/3164976693 >> [v2:192.168.123.101:3300/0,v1:192.168.123.101:6789/0] conn(0x7f408c1ab1a0 msgr2=0x7f408c1ab5c0 secure :-1 s=STATE_CONNECTION_ESTABLISHED l=1).mark_down
2026-03-09T15:48:17.592 INFO:teuthology.orchestra.run.vm01.stdout:/usr/bin/ceph: stderr
2026-03-09T15:48:17.542+0000 7f4094437640 1 --2- 192.168.123.101:0/3164976693 >> [v2:192.168.123.101:3300/0,v1:192.168.123.101:6789/0] conn(0x7f408c1ab1a0 0x7f408c1ab5c0 secure :-1 s=READY pgs=46 cs=0 l=1 rev1=1 crypto rx=0x7f407c035770 tx=0x7f407c0357a0 comp rx=0 tx=0).stop
2026-03-09T15:48:17.592 INFO:teuthology.orchestra.run.vm01.stdout:/usr/bin/ceph: stderr
2026-03-09T15:48:17.542+0000 7f4094437640 1 -- 192.168.123.101:0/3164976693 shutdown_connections
2026-03-09T15:48:17.592 INFO:teuthology.orchestra.run.vm01.stdout:/usr/bin/ceph: stderr
2026-03-09T15:48:17.542+0000 7f4094437640 1 --2- 192.168.123.101:0/3164976693 >> [v2:192.168.123.101:6800/2530303036,v1:192.168.123.101:6801/2530303036] conn(0x7f407404f120 0x7f40740515e0 unknown :-1 s=CLOSED pgs=12 cs=0 l=1 rev1=1 crypto rx=0 tx=0 comp rx=0 tx=0).stop
2026-03-09T15:48:17.592 INFO:teuthology.orchestra.run.vm01.stdout:/usr/bin/ceph: stderr
2026-03-09T15:48:17.542+0000 7f4094437640 1 --2- 192.168.123.101:0/3164976693 >> [v2:192.168.123.101:3300/0,v1:192.168.123.101:6789/0] conn(0x7f408c1ab1a0 0x7f408c1ab5c0 unknown :-1 s=CLOSED pgs=46 cs=0 l=1 rev1=1 crypto rx=0 tx=0 comp rx=0 tx=0).stop
2026-03-09T15:48:17.592 INFO:teuthology.orchestra.run.vm01.stdout:/usr/bin/ceph: stderr
2026-03-09T15:48:17.542+0000 7f4094437640 1 -- 192.168.123.101:0/3164976693 >> 192.168.123.101:0/3164976693 conn(0x7f408c07bc10 msgr2=0x7f408c07c420 unknown :-1 s=STATE_NONE l=0).mark_down
2026-03-09T15:48:17.592 INFO:teuthology.orchestra.run.vm01.stdout:/usr/bin/ceph: stderr
2026-03-09T15:48:17.542+0000 7f4094437640 1 -- 192.168.123.101:0/3164976693 shutdown_connections
2026-03-09T15:48:17.592 INFO:teuthology.orchestra.run.vm01.stdout:/usr/bin/ceph: stderr
2026-03-09T15:48:17.542+0000 7f4094437640 1 -- 192.168.123.101:0/3164976693 wait complete.
2026-03-09T15:48:17.592 INFO:teuthology.orchestra.run.vm01.stdout:Deploying unmanaged mgr service...
2026-03-09T15:48:17.894 INFO:teuthology.orchestra.run.vm01.stdout:/usr/bin/ceph: stdout Scheduled mgr update...
2026-03-09T15:48:17.894 INFO:teuthology.orchestra.run.vm01.stdout:/usr/bin/ceph: stderr
2026-03-09T15:48:17.718+0000 7f97e610b640 1 Processor -- start
2026-03-09T15:48:17.894 INFO:teuthology.orchestra.run.vm01.stdout:/usr/bin/ceph: stderr
2026-03-09T15:48:17.722+0000 7f97e610b640 1 -- start start
2026-03-09T15:48:17.894 INFO:teuthology.orchestra.run.vm01.stdout:/usr/bin/ceph: stderr
2026-03-09T15:48:17.722+0000 7f97e610b640 1 --2- >> [v2:192.168.123.101:3300/0,v1:192.168.123.101:6789/0] conn(0x7f97e0108830 0x7f97e0108c30 unknown :-1 s=NONE pgs=0 cs=0 l=0 rev1=0 crypto rx=0 tx=0 comp rx=0 tx=0).connect
2026-03-09T15:48:17.894 INFO:teuthology.orchestra.run.vm01.stdout:/usr/bin/ceph: stderr
2026-03-09T15:48:17.722+0000 7f97e610b640 1 -- --> [v2:192.168.123.101:3300/0,v1:192.168.123.101:6789/0] -- mon_getmap magic: 0 -- 0x7f97e0109200 con 0x7f97e0108830
2026-03-09T15:48:17.894 INFO:teuthology.orchestra.run.vm01.stdout:/usr/bin/ceph: stderr
2026-03-09T15:48:17.722+0000 7f97df7fe640 1 --2- >> [v2:192.168.123.101:3300/0,v1:192.168.123.101:6789/0] conn(0x7f97e0108830 0x7f97e0108c30 unknown :-1 s=BANNER_CONNECTING pgs=0 cs=0 l=0 rev1=0 crypto rx=0 tx=0 comp rx=0 tx=0)._handle_peer_banner_payload supported=3 required=0
2026-03-09T15:48:17.894 INFO:teuthology.orchestra.run.vm01.stdout:/usr/bin/ceph: stderr
2026-03-09T15:48:17.722+0000 7f97df7fe640 1 --2- >> [v2:192.168.123.101:3300/0,v1:192.168.123.101:6789/0] conn(0x7f97e0108830 0x7f97e0108c30 unknown :-1 s=HELLO_CONNECTING pgs=0 cs=0 l=0 rev1=1 crypto rx=0 tx=0 comp rx=0 tx=0).handle_hello peer v2:192.168.123.101:3300/0 says I am v2:192.168.123.101:38250/0 (socket says 192.168.123.101:38250)
2026-03-09T15:48:17.894 INFO:teuthology.orchestra.run.vm01.stdout:/usr/bin/ceph: stderr
2026-03-09T15:48:17.722+0000 7f97df7fe640 1 -- 192.168.123.101:0/1593026761 learned_addr learned my addr 192.168.123.101:0/1593026761 (peer_addr_for_me v2:192.168.123.101:0/0)
2026-03-09T15:48:17.894 INFO:teuthology.orchestra.run.vm01.stdout:/usr/bin/ceph: stderr
2026-03-09T15:48:17.722+0000 7f97df7fe640 1 -- 192.168.123.101:0/1593026761 --> [v2:192.168.123.101:3300/0,v1:192.168.123.101:6789/0] -- mon_subscribe({config=0+,monmap=0+}) -- 0x7f97e0109a30 con 0x7f97e0108830
2026-03-09T15:48:17.894 INFO:teuthology.orchestra.run.vm01.stdout:/usr/bin/ceph: stderr
2026-03-09T15:48:17.722+0000 7f97df7fe640 1 --2- 192.168.123.101:0/1593026761 >> [v2:192.168.123.101:3300/0,v1:192.168.123.101:6789/0] conn(0x7f97e0108830 0x7f97e0108c30 secure :-1 s=READY pgs=47 cs=0 l=1 rev1=1 crypto rx=0x7f97cc009920 tx=0x7f97cc02ef20 comp rx=0 tx=0).ready entity=mon.0 client_cookie=cdcc1aaaeea89a04 server_cookie=0 in_seq=0 out_seq=0
2026-03-09T15:48:17.894 INFO:teuthology.orchestra.run.vm01.stdout:/usr/bin/ceph: stderr
2026-03-09T15:48:17.722+0000 7f97de7fc640 1 -- 192.168.123.101:0/1593026761 <== mon.0 v2:192.168.123.101:3300/0 1 ==== mon_map magic: 0 ==== 205+0+0 (secure 0 0 0) 0x7f97cc03c070 con 0x7f97e0108830
2026-03-09T15:48:17.894 INFO:teuthology.orchestra.run.vm01.stdout:/usr/bin/ceph: stderr
2026-03-09T15:48:17.722+0000 7f97de7fc640 1 -- 192.168.123.101:0/1593026761 <== mon.0 v2:192.168.123.101:3300/0 2 ==== config(23 keys) ==== 947+0+0 (secure 0 0 0) 0x7f97cc037440 con 0x7f97e0108830
2026-03-09T15:48:17.894 INFO:teuthology.orchestra.run.vm01.stdout:/usr/bin/ceph: stderr
2026-03-09T15:48:17.722+0000 7f97de7fc640 1 -- 192.168.123.101:0/1593026761 <== mon.0 v2:192.168.123.101:3300/0 3 ==== mon_map magic: 0 ==== 205+0+0 (secure 0 0 0) 0x7f97cc035340 con 0x7f97e0108830
2026-03-09T15:48:17.894 INFO:teuthology.orchestra.run.vm01.stdout:/usr/bin/ceph: stderr
2026-03-09T15:48:17.722+0000 7f97e610b640 1 -- 192.168.123.101:0/1593026761 >> [v2:192.168.123.101:3300/0,v1:192.168.123.101:6789/0] conn(0x7f97e0108830 msgr2=0x7f97e0108c30 secure :-1 s=STATE_CONNECTION_ESTABLISHED l=1).mark_down
2026-03-09T15:48:17.895 INFO:teuthology.orchestra.run.vm01.stdout:/usr/bin/ceph: stderr
2026-03-09T15:48:17.722+0000 7f97e610b640 1 --2- 192.168.123.101:0/1593026761 >> [v2:192.168.123.101:3300/0,v1:192.168.123.101:6789/0] conn(0x7f97e0108830 0x7f97e0108c30 secure :-1 s=READY pgs=47 cs=0 l=1 rev1=1 crypto rx=0x7f97cc009920 tx=0x7f97cc02ef20 comp rx=0 tx=0).stop
2026-03-09T15:48:17.895 INFO:teuthology.orchestra.run.vm01.stdout:/usr/bin/ceph: stderr
2026-03-09T15:48:17.722+0000 7f97e610b640 1 -- 192.168.123.101:0/1593026761 shutdown_connections
2026-03-09T15:48:17.895 INFO:teuthology.orchestra.run.vm01.stdout:/usr/bin/ceph: stderr
2026-03-09T15:48:17.722+0000 7f97e610b640 1 --2- 192.168.123.101:0/1593026761 >> [v2:192.168.123.101:3300/0,v1:192.168.123.101:6789/0] conn(0x7f97e0108830 0x7f97e0108c30 unknown :-1 s=CLOSED pgs=47 cs=0 l=1 rev1=1 crypto rx=0 tx=0 comp rx=0 tx=0).stop
2026-03-09T15:48:17.895 INFO:teuthology.orchestra.run.vm01.stdout:/usr/bin/ceph: stderr
2026-03-09T15:48:17.722+0000 7f97e610b640 1 -- 192.168.123.101:0/1593026761 >> 192.168.123.101:0/1593026761 conn(0x7f97e007bd50 msgr2=0x7f97e007c1a0 unknown :-1 s=STATE_NONE l=0).mark_down
2026-03-09T15:48:17.895 INFO:teuthology.orchestra.run.vm01.stdout:/usr/bin/ceph: stderr
2026-03-09T15:48:17.722+0000 7f97e610b640 1 -- 192.168.123.101:0/1593026761 shutdown_connections
2026-03-09T15:48:17.895 INFO:teuthology.orchestra.run.vm01.stdout:/usr/bin/ceph: stderr
2026-03-09T15:48:17.722+0000 7f97e610b640 1 -- 192.168.123.101:0/1593026761 wait complete.
2026-03-09T15:48:17.895 INFO:teuthology.orchestra.run.vm01.stdout:/usr/bin/ceph: stderr
2026-03-09T15:48:17.722+0000 7f97e610b640 1 Processor -- start
2026-03-09T15:48:17.895 INFO:teuthology.orchestra.run.vm01.stdout:/usr/bin/ceph: stderr
2026-03-09T15:48:17.722+0000 7f97e610b640 1 -- start start
2026-03-09T15:48:17.895 INFO:teuthology.orchestra.run.vm01.stdout:/usr/bin/ceph: stderr
2026-03-09T15:48:17.726+0000 7f97e610b640 1 --2- >> [v2:192.168.123.101:3300/0,v1:192.168.123.101:6789/0] conn(0x7f97e0108830 0x7f97e019e610 unknown :-1 s=NONE pgs=0 cs=0 l=1 rev1=0 crypto rx=0 tx=0 comp rx=0 tx=0).connect
2026-03-09T15:48:17.895 INFO:teuthology.orchestra.run.vm01.stdout:/usr/bin/ceph: stderr
2026-03-09T15:48:17.726+0000 7f97e610b640 1 -- --> [v2:192.168.123.101:3300/0,v1:192.168.123.101:6789/0] -- mon_getmap magic: 0 -- 0x7f97e010a730 con 0x7f97e0108830
2026-03-09T15:48:17.895 INFO:teuthology.orchestra.run.vm01.stdout:/usr/bin/ceph: stderr
2026-03-09T15:48:17.726+0000 7f97df7fe640 1 --2- >> [v2:192.168.123.101:3300/0,v1:192.168.123.101:6789/0] conn(0x7f97e0108830 0x7f97e019e610 unknown :-1 s=BANNER_CONNECTING pgs=0 cs=0 l=1 rev1=0 crypto rx=0 tx=0 comp rx=0 tx=0)._handle_peer_banner_payload supported=3 required=0
2026-03-09T15:48:17.895 INFO:teuthology.orchestra.run.vm01.stdout:/usr/bin/ceph: stderr
2026-03-09T15:48:17.726+0000 7f97df7fe640 1 --2- >> [v2:192.168.123.101:3300/0,v1:192.168.123.101:6789/0] conn(0x7f97e0108830 0x7f97e019e610 unknown :-1 s=HELLO_CONNECTING pgs=0 cs=0 l=1 rev1=1 crypto rx=0 tx=0 comp rx=0 tx=0).handle_hello peer v2:192.168.123.101:3300/0 says I am v2:192.168.123.101:38264/0 (socket says 192.168.123.101:38264)
2026-03-09T15:48:17.896 INFO:teuthology.orchestra.run.vm01.stdout:/usr/bin/ceph: stderr
2026-03-09T15:48:17.726+0000 7f97df7fe640 1 -- 192.168.123.101:0/545361177 learned_addr learned my addr 192.168.123.101:0/545361177 (peer_addr_for_me v2:192.168.123.101:0/0)
2026-03-09T15:48:17.896 INFO:teuthology.orchestra.run.vm01.stdout:/usr/bin/ceph: stderr
2026-03-09T15:48:17.726+0000 7f97df7fe640 1 -- 192.168.123.101:0/545361177 --> [v2:192.168.123.101:3300/0,v1:192.168.123.101:6789/0] -- mon_subscribe({config=0+,monmap=0+}) -- 0x7f97e019eb50 con 0x7f97e0108830
2026-03-09T15:48:17.896 INFO:teuthology.orchestra.run.vm01.stdout:/usr/bin/ceph: stderr
2026-03-09T15:48:17.726+0000 7f97df7fe640 1 --2- 192.168.123.101:0/545361177 >> [v2:192.168.123.101:3300/0,v1:192.168.123.101:6789/0] conn(0x7f97e0108830 0x7f97e019e610 secure :-1 s=READY pgs=48 cs=0 l=1 rev1=1 crypto rx=0x7f97cc009a50 tx=0x7f97cc037860 comp rx=0 tx=0).ready entity=mon.0 client_cookie=0 server_cookie=0 in_seq=0 out_seq=0
2026-03-09T15:48:17.896 INFO:teuthology.orchestra.run.vm01.stdout:/usr/bin/ceph: stderr
2026-03-09T15:48:17.726+0000 7f97dcff9640 1 -- 192.168.123.101:0/545361177 <== mon.0 v2:192.168.123.101:3300/0 1 ==== mon_map magic: 0 ==== 205+0+0 (secure 0 0 0) 0x7f97cc03c030 con 0x7f97e0108830
2026-03-09T15:48:17.896 INFO:teuthology.orchestra.run.vm01.stdout:/usr/bin/ceph: stderr
2026-03-09T15:48:17.726+0000 7f97e610b640 1 -- 192.168.123.101:0/545361177 --> [v2:192.168.123.101:3300/0,v1:192.168.123.101:6789/0] -- mon_subscribe({mgrmap=0+}) -- 0x7f97e019ede0 con 0x7f97e0108830
2026-03-09T15:48:17.896 INFO:teuthology.orchestra.run.vm01.stdout:/usr/bin/ceph: stderr
2026-03-09T15:48:17.726+0000 7f97e610b640 1 -- 192.168.123.101:0/545361177 --> [v2:192.168.123.101:3300/0,v1:192.168.123.101:6789/0] -- mon_subscribe({osdmap=0}) -- 0x7f97e01a1ad0 con 0x7f97e0108830
2026-03-09T15:48:17.896 INFO:teuthology.orchestra.run.vm01.stdout:/usr/bin/ceph: stderr
2026-03-09T15:48:17.726+0000 7f97dcff9640 1 -- 192.168.123.101:0/545361177 <== mon.0 v2:192.168.123.101:3300/0 2 ==== config(23 keys) ==== 947+0+0 (secure 0 0 0) 0x7f97cc03e070 con 0x7f97e0108830
2026-03-09T15:48:17.896 INFO:teuthology.orchestra.run.vm01.stdout:/usr/bin/ceph: stderr
2026-03-09T15:48:17.726+0000 7f97dcff9640 1 -- 192.168.123.101:0/545361177 <== mon.0 v2:192.168.123.101:3300/0 3 ==== mon_map magic: 0 ==== 205+0+0 (secure 0 0 0) 0x7f97cc042c80 con 0x7f97e0108830
2026-03-09T15:48:17.896 INFO:teuthology.orchestra.run.vm01.stdout:/usr/bin/ceph: stderr
2026-03-09T15:48:17.726+0000 7f97dcff9640 1 -- 192.168.123.101:0/545361177 <== mon.0 v2:192.168.123.101:3300/0 4 ==== mgrmap(e 7) ==== 50247+0+0 (secure 0 0 0) 0x7f97cc04c430 con 0x7f97e0108830
2026-03-09T15:48:17.896 INFO:teuthology.orchestra.run.vm01.stdout:/usr/bin/ceph: stderr
2026-03-09T15:48:17.726+0000 7f97dcff9640 1 --2- 192.168.123.101:0/545361177 >> [v2:192.168.123.101:6800/2530303036,v1:192.168.123.101:6801/2530303036] conn(0x7f97a803dc90 0x7f97a8040150 unknown :-1 s=NONE pgs=0 cs=0 l=1 rev1=0 crypto rx=0 tx=0 comp rx=0 tx=0).connect
2026-03-09T15:48:17.896 INFO:teuthology.orchestra.run.vm01.stdout:/usr/bin/ceph: stderr
2026-03-09T15:48:17.726+0000 7f97dcff9640 1 -- 192.168.123.101:0/545361177 <== mon.0 v2:192.168.123.101:3300/0 5 ==== osd_map(2..2 src has 1..2) ==== 940+0+0 (secure 0 0 0) 0x7f97cc03d070 con 0x7f97e0108830
2026-03-09T15:48:17.896 INFO:teuthology.orchestra.run.vm01.stdout:/usr/bin/ceph: stderr
2026-03-09T15:48:17.726+0000 7f97e610b640 1 -- 192.168.123.101:0/545361177 --> [v2:192.168.123.101:3300/0,v1:192.168.123.101:6789/0] -- mon_command({"prefix": "get_command_descriptions"} v 0) -- 0x7f97ac005180 con 0x7f97e0108830
2026-03-09T15:48:17.896 INFO:teuthology.orchestra.run.vm01.stdout:/usr/bin/ceph: stderr
2026-03-09T15:48:17.730+0000 7f97dcff9640 1 -- 192.168.123.101:0/545361177 <== mon.0 v2:192.168.123.101:3300/0 6 ==== mon_command_ack([{"prefix": "get_command_descriptions"}]=0 v0) ==== 72+0+195034 (secure 0 0 0) 0x7f97cc042e20 con 0x7f97e0108830
2026-03-09T15:48:17.896 INFO:teuthology.orchestra.run.vm01.stdout:/usr/bin/ceph: stderr
2026-03-09T15:48:17.730+0000 7f97deffd640 1 --2- 192.168.123.101:0/545361177 >> [v2:192.168.123.101:6800/2530303036,v1:192.168.123.101:6801/2530303036] conn(0x7f97a803dc90 0x7f97a8040150 unknown :-1 s=BANNER_CONNECTING pgs=0 cs=0 l=1 rev1=0 crypto rx=0 tx=0 comp rx=0 tx=0)._handle_peer_banner_payload supported=3 required=0
2026-03-09T15:48:17.896 INFO:teuthology.orchestra.run.vm01.stdout:/usr/bin/ceph: stderr
2026-03-09T15:48:17.730+0000 7f97deffd640 1 --2- 192.168.123.101:0/545361177 >> [v2:192.168.123.101:6800/2530303036,v1:192.168.123.101:6801/2530303036] conn(0x7f97a803dc90 0x7f97a8040150 secure :-1 s=READY pgs=13 cs=0 l=1 rev1=1 crypto rx=0x7f97d0009a10 tx=0x7f97d0006eb0 comp rx=0 tx=0).ready entity=mgr.14118 client_cookie=0 server_cookie=0 in_seq=0 out_seq=0
2026-03-09T15:48:17.896 INFO:teuthology.orchestra.run.vm01.stdout:/usr/bin/ceph: stderr
2026-03-09T15:48:17.834+0000 7f97e610b640 1 -- 192.168.123.101:0/545361177 --> [v2:192.168.123.101:6800/2530303036,v1:192.168.123.101:6801/2530303036] -- mgr_command(tid 0: {"prefix": "orch apply", "service_type": "mgr", "unmanaged": true, "target": ["mon-mgr", ""]}) -- 0x7f97ac002bf0 con 0x7f97a803dc90
2026-03-09T15:48:17.896 INFO:teuthology.orchestra.run.vm01.stdout:/usr/bin/ceph: stderr
2026-03-09T15:48:17.842+0000 7f97dcff9640 1 -- 192.168.123.101:0/545361177 <== mgr.14118 v2:192.168.123.101:6800/2530303036 1 ==== mgr_command_reply(tid 0: 0 ) ==== 8+0+24 (secure 0 0 0) 0x7f97ac002bf0 con 0x7f97a803dc90
2026-03-09T15:48:17.896 INFO:teuthology.orchestra.run.vm01.stdout:/usr/bin/ceph: stderr
2026-03-09T15:48:17.842+0000 7f97e610b640 1 -- 192.168.123.101:0/545361177 >> [v2:192.168.123.101:6800/2530303036,v1:192.168.123.101:6801/2530303036] conn(0x7f97a803dc90 msgr2=0x7f97a8040150 secure :-1 s=STATE_CONNECTION_ESTABLISHED l=1).mark_down
2026-03-09T15:48:17.896 INFO:teuthology.orchestra.run.vm01.stdout:/usr/bin/ceph: stderr
2026-03-09T15:48:17.842+0000 7f97e610b640 1 --2- 192.168.123.101:0/545361177 >> [v2:192.168.123.101:6800/2530303036,v1:192.168.123.101:6801/2530303036] conn(0x7f97a803dc90 0x7f97a8040150 secure :-1 s=READY pgs=13 cs=0 l=1 rev1=1 crypto rx=0x7f97d0009a10 tx=0x7f97d0006eb0 comp rx=0 tx=0).stop
2026-03-09T15:48:17.896 INFO:teuthology.orchestra.run.vm01.stdout:/usr/bin/ceph: stderr
2026-03-09T15:48:17.842+0000 7f97e610b640 1 -- 192.168.123.101:0/545361177 >> [v2:192.168.123.101:3300/0,v1:192.168.123.101:6789/0] conn(0x7f97e0108830 msgr2=0x7f97e019e610 secure :-1 s=STATE_CONNECTION_ESTABLISHED l=1).mark_down
2026-03-09T15:48:17.896 INFO:teuthology.orchestra.run.vm01.stdout:/usr/bin/ceph: stderr
2026-03-09T15:48:17.842+0000 7f97e610b640 1 --2- 192.168.123.101:0/545361177 >> [v2:192.168.123.101:3300/0,v1:192.168.123.101:6789/0] conn(0x7f97e0108830 0x7f97e019e610 secure :-1 s=READY pgs=48 cs=0 l=1 rev1=1 crypto rx=0x7f97cc009a50 tx=0x7f97cc037860 comp rx=0 tx=0).stop
2026-03-09T15:48:17.896 INFO:teuthology.orchestra.run.vm01.stdout:/usr/bin/ceph: stderr
2026-03-09T15:48:17.846+0000 7f97e610b640 1 -- 192.168.123.101:0/545361177 shutdown_connections
2026-03-09T15:48:17.896 INFO:teuthology.orchestra.run.vm01.stdout:/usr/bin/ceph: stderr
2026-03-09T15:48:17.846+0000 7f97e610b640 1 --2- 192.168.123.101:0/545361177 >> [v2:192.168.123.101:6800/2530303036,v1:192.168.123.101:6801/2530303036] conn(0x7f97a803dc90 0x7f97a8040150 unknown :-1 s=CLOSED pgs=13 cs=0 l=1 rev1=1 crypto rx=0 tx=0 comp rx=0 tx=0).stop
2026-03-09T15:48:17.896 INFO:teuthology.orchestra.run.vm01.stdout:/usr/bin/ceph: stderr
2026-03-09T15:48:17.846+0000 7f97e610b640 1 --2- 192.168.123.101:0/545361177 >> [v2:192.168.123.101:3300/0,v1:192.168.123.101:6789/0] conn(0x7f97e0108830 0x7f97e019e610 unknown :-1 s=CLOSED pgs=48 cs=0 l=1 rev1=1 crypto rx=0 tx=0 comp rx=0 tx=0).stop
2026-03-09T15:48:17.896 INFO:teuthology.orchestra.run.vm01.stdout:/usr/bin/ceph: stderr
2026-03-09T15:48:17.846+0000 7f97e610b640 1 -- 192.168.123.101:0/545361177 >> 192.168.123.101:0/545361177 conn(0x7f97e007bd50 msgr2=0x7f97e0105f40 unknown :-1 s=STATE_NONE l=0).mark_down
2026-03-09T15:48:17.896 INFO:teuthology.orchestra.run.vm01.stdout:/usr/bin/ceph: stderr
2026-03-09T15:48:17.846+0000 7f97e610b640 1 -- 192.168.123.101:0/545361177 shutdown_connections
2026-03-09T15:48:17.896 INFO:teuthology.orchestra.run.vm01.stdout:/usr/bin/ceph: stderr
2026-03-09T15:48:17.846+0000 7f97e610b640 1 -- 192.168.123.101:0/545361177 wait complete.
2026-03-09T15:48:18.191 INFO:teuthology.orchestra.run.vm01.stdout:/usr/bin/ceph: stderr
2026-03-09T15:48:18.026+0000 7f3f31082640 1 Processor -- start
2026-03-09T15:48:18.191 INFO:teuthology.orchestra.run.vm01.stdout:/usr/bin/ceph: stderr
2026-03-09T15:48:18.026+0000 7f3f31082640 1 -- start start
2026-03-09T15:48:18.191 INFO:teuthology.orchestra.run.vm01.stdout:/usr/bin/ceph: stderr
2026-03-09T15:48:18.026+0000 7f3f31082640 1 --2- >> [v2:192.168.123.101:3300/0,v1:192.168.123.101:6789/0] conn(0x7f3f2c108860 0x7f3f2c108c60 unknown :-1 s=NONE pgs=0 cs=0 l=0 rev1=0 crypto rx=0 tx=0 comp rx=0 tx=0).connect
2026-03-09T15:48:18.191 INFO:teuthology.orchestra.run.vm01.stdout:/usr/bin/ceph: stderr
2026-03-09T15:48:18.026+0000 7f3f31082640 1 -- --> [v2:192.168.123.101:3300/0,v1:192.168.123.101:6789/0] -- mon_getmap magic: 0 -- 0x7f3f2c109230 con 0x7f3f2c108860
2026-03-09T15:48:18.191 INFO:teuthology.orchestra.run.vm01.stdout:/usr/bin/ceph: stderr
2026-03-09T15:48:18.026+0000 7f3f2ad76640 1 --2- >> [v2:192.168.123.101:3300/0,v1:192.168.123.101:6789/0] conn(0x7f3f2c108860 0x7f3f2c108c60 unknown :-1 s=BANNER_CONNECTING pgs=0 cs=0 l=0 rev1=0 crypto rx=0 tx=0 comp rx=0 tx=0)._handle_peer_banner_payload supported=3 required=0
2026-03-09T15:48:18.191 INFO:teuthology.orchestra.run.vm01.stdout:/usr/bin/ceph: stderr
2026-03-09T15:48:18.026+0000 7f3f2ad76640 1 --2- >> [v2:192.168.123.101:3300/0,v1:192.168.123.101:6789/0] conn(0x7f3f2c108860 0x7f3f2c108c60 unknown :-1 s=HELLO_CONNECTING pgs=0 cs=0 l=0 rev1=1 crypto rx=0 tx=0 comp rx=0 tx=0).handle_hello peer v2:192.168.123.101:3300/0 says I am v2:192.168.123.101:38268/0 (socket says 192.168.123.101:38268)
2026-03-09T15:48:18.192 INFO:teuthology.orchestra.run.vm01.stdout:/usr/bin/ceph: stderr
2026-03-09T15:48:18.026+0000 7f3f2ad76640 1 -- 192.168.123.101:0/1329867441 learned_addr learned my addr 192.168.123.101:0/1329867441 (peer_addr_for_me v2:192.168.123.101:0/0)
2026-03-09T15:48:18.192 INFO:teuthology.orchestra.run.vm01.stdout:/usr/bin/ceph: stderr
2026-03-09T15:48:18.030+0000 7f3f2ad76640 1 -- 192.168.123.101:0/1329867441 --> [v2:192.168.123.101:3300/0,v1:192.168.123.101:6789/0] -- mon_subscribe({config=0+,monmap=0+}) -- 0x7f3f2c109a60 con 0x7f3f2c108860
2026-03-09T15:48:18.192 INFO:teuthology.orchestra.run.vm01.stdout:/usr/bin/ceph: stderr
2026-03-09T15:48:18.030+0000 7f3f2ad76640 1 --2- 192.168.123.101:0/1329867441 >> [v2:192.168.123.101:3300/0,v1:192.168.123.101:6789/0] conn(0x7f3f2c108860 0x7f3f2c108c60 secure :-1 s=READY pgs=49 cs=0 l=1 rev1=1 crypto rx=0x7f3f18009920 tx=0x7f3f1802ef20 comp rx=0 tx=0).ready entity=mon.0 client_cookie=b69d87bde6023f6e server_cookie=0 in_seq=0 out_seq=0
2026-03-09T15:48:18.192 INFO:teuthology.orchestra.run.vm01.stdout:/usr/bin/ceph: stderr
2026-03-09T15:48:18.030+0000 7f3f29d74640 1 -- 192.168.123.101:0/1329867441 <== mon.0 v2:192.168.123.101:3300/0 1 ==== mon_map magic: 0 ==== 205+0+0 (secure 0 0 0) 0x7f3f1803c070 con 0x7f3f2c108860
2026-03-09T15:48:18.192 INFO:teuthology.orchestra.run.vm01.stdout:/usr/bin/ceph: stderr
2026-03-09T15:48:18.030+0000 7f3f29d74640 1 -- 192.168.123.101:0/1329867441 <== mon.0 v2:192.168.123.101:3300/0 2 ==== config(23 keys) ==== 947+0+0 (secure 0 0 0) 0x7f3f18037440 con 0x7f3f2c108860
2026-03-09T15:48:18.192 INFO:teuthology.orchestra.run.vm01.stdout:/usr/bin/ceph: stderr
2026-03-09T15:48:18.030+0000 7f3f31082640 1 -- 192.168.123.101:0/1329867441 >> [v2:192.168.123.101:3300/0,v1:192.168.123.101:6789/0] conn(0x7f3f2c108860 msgr2=0x7f3f2c108c60 secure :-1 s=STATE_CONNECTION_ESTABLISHED l=1).mark_down
2026-03-09T15:48:18.192 INFO:teuthology.orchestra.run.vm01.stdout:/usr/bin/ceph: stderr
2026-03-09T15:48:18.030+0000 7f3f31082640 1 --2- 192.168.123.101:0/1329867441 >> [v2:192.168.123.101:3300/0,v1:192.168.123.101:6789/0] conn(0x7f3f2c108860 0x7f3f2c108c60 secure :-1 s=READY pgs=49 cs=0 l=1 rev1=1 crypto rx=0x7f3f18009920 tx=0x7f3f1802ef20 comp rx=0 tx=0).stop
2026-03-09T15:48:18.192 INFO:teuthology.orchestra.run.vm01.stdout:/usr/bin/ceph: stderr
2026-03-09T15:48:18.030+0000 7f3f31082640 1 -- 192.168.123.101:0/1329867441 shutdown_connections
2026-03-09T15:48:18.192 INFO:teuthology.orchestra.run.vm01.stdout:/usr/bin/ceph: stderr
2026-03-09T15:48:18.030+0000 7f3f31082640 1 --2- 192.168.123.101:0/1329867441 >> [v2:192.168.123.101:3300/0,v1:192.168.123.101:6789/0] conn(0x7f3f2c108860 0x7f3f2c108c60 unknown :-1 s=CLOSED pgs=49 cs=0 l=1 rev1=1 crypto rx=0 tx=0 comp rx=0 tx=0).stop
2026-03-09T15:48:18.192 INFO:teuthology.orchestra.run.vm01.stdout:/usr/bin/ceph: stderr
2026-03-09T15:48:18.030+0000 7f3f31082640 1 -- 192.168.123.101:0/1329867441 >> 192.168.123.101:0/1329867441 conn(0x7f3f2c07bda0 msgr2=0x7f3f2c07c1b0 unknown :-1 s=STATE_NONE l=0).mark_down
2026-03-09T15:48:18.192 INFO:teuthology.orchestra.run.vm01.stdout:/usr/bin/ceph: stderr
2026-03-09T15:48:18.030+0000 7f3f31082640 1 -- 192.168.123.101:0/1329867441 shutdown_connections
2026-03-09T15:48:18.192 INFO:teuthology.orchestra.run.vm01.stdout:/usr/bin/ceph: stderr
2026-03-09T15:48:18.030+0000 7f3f31082640 1 -- 192.168.123.101:0/1329867441 wait complete.
2026-03-09T15:48:18.192 INFO:teuthology.orchestra.run.vm01.stdout:/usr/bin/ceph: stderr
2026-03-09T15:48:18.030+0000 7f3f31082640 1 Processor -- start
2026-03-09T15:48:18.192 INFO:teuthology.orchestra.run.vm01.stdout:/usr/bin/ceph: stderr
2026-03-09T15:48:18.030+0000 7f3f31082640 1 -- start start
2026-03-09T15:48:18.193 INFO:teuthology.orchestra.run.vm01.stdout:/usr/bin/ceph: stderr
2026-03-09T15:48:18.030+0000 7f3f31082640 1 --2- >> [v2:192.168.123.101:3300/0,v1:192.168.123.101:6789/0] conn(0x7f3f2c108860 0x7f3f2c19e700 unknown :-1 s=NONE pgs=0 cs=0 l=1 rev1=0 crypto rx=0 tx=0 comp rx=0 tx=0).connect
2026-03-09T15:48:18.193 INFO:teuthology.orchestra.run.vm01.stdout:/usr/bin/ceph: stderr
2026-03-09T15:48:18.030+0000 7f3f31082640 1 -- --> [v2:192.168.123.101:3300/0,v1:192.168.123.101:6789/0] -- mon_getmap magic: 0 -- 0x7f3f2c10a760 con 0x7f3f2c108860
2026-03-09T15:48:18.193 INFO:teuthology.orchestra.run.vm01.stdout:/usr/bin/ceph: stderr
2026-03-09T15:48:18.030+0000 7f3f2ad76640 1 --2- >> [v2:192.168.123.101:3300/0,v1:192.168.123.101:6789/0] conn(0x7f3f2c108860 0x7f3f2c19e700 unknown :-1 s=BANNER_CONNECTING pgs=0 cs=0 l=1 rev1=0 crypto rx=0 tx=0 comp rx=0 tx=0)._handle_peer_banner_payload supported=3 required=0
2026-03-09T15:48:18.193 INFO:teuthology.orchestra.run.vm01.stdout:/usr/bin/ceph: stderr
2026-03-09T15:48:18.030+0000 7f3f2ad76640 1 --2- >> [v2:192.168.123.101:3300/0,v1:192.168.123.101:6789/0] conn(0x7f3f2c108860 0x7f3f2c19e700 unknown :-1 s=HELLO_CONNECTING pgs=0 cs=0 l=1 rev1=1 crypto rx=0 tx=0 comp rx=0 tx=0).handle_hello peer v2:192.168.123.101:3300/0 says I am v2:192.168.123.101:38278/0 (socket says 192.168.123.101:38278)
2026-03-09T15:48:18.193 INFO:teuthology.orchestra.run.vm01.stdout:/usr/bin/ceph: stderr
2026-03-09T15:48:18.030+0000 7f3f2ad76640 1 -- 192.168.123.101:0/3698565340 learned_addr learned my addr 192.168.123.101:0/3698565340 (peer_addr_for_me v2:192.168.123.101:0/0)
2026-03-09T15:48:18.193 INFO:teuthology.orchestra.run.vm01.stdout:/usr/bin/ceph: stderr
2026-03-09T15:48:18.030+0000 7f3f2ad76640 1 -- 192.168.123.101:0/3698565340 --> [v2:192.168.123.101:3300/0,v1:192.168.123.101:6789/0] -- mon_subscribe({config=0+,monmap=0+}) -- 0x7f3f2c19ec40 con 0x7f3f2c108860
2026-03-09T15:48:18.193 INFO:teuthology.orchestra.run.vm01.stdout:/usr/bin/ceph: stderr
2026-03-09T15:48:18.034+0000 7f3f2ad76640 1 --2- 192.168.123.101:0/3698565340 >> [v2:192.168.123.101:3300/0,v1:192.168.123.101:6789/0] conn(0x7f3f2c108860 0x7f3f2c19e700 secure :-1 s=READY pgs=50 cs=0 l=1 rev1=1 crypto rx=0x7f3f18037b80 tx=0x7f3f18037bb0 comp rx=0 tx=0).ready entity=mon.0 client_cookie=0 server_cookie=0 in_seq=0 out_seq=0
2026-03-09T15:48:18.193 INFO:teuthology.orchestra.run.vm01.stdout:/usr/bin/ceph: stderr
2026-03-09T15:48:18.034+0000 7f3f07fff640 1 -- 192.168.123.101:0/3698565340 <== mon.0 v2:192.168.123.101:3300/0 1 ==== mon_map magic: 0 ==== 205+0+0 (secure 0 0 0) 0x7f3f1803c070 con 0x7f3f2c108860
2026-03-09T15:48:18.193 INFO:teuthology.orchestra.run.vm01.stdout:/usr/bin/ceph: stderr
2026-03-09T15:48:18.034+0000 7f3f07fff640 1 -- 192.168.123.101:0/3698565340 <== mon.0 v2:192.168.123.101:3300/0 2 ==== config(23 keys) ==== 947+0+0 (secure 0 0 0) 0x7f3f18045070 con 0x7f3f2c108860
2026-03-09T15:48:18.193 INFO:teuthology.orchestra.run.vm01.stdout:/usr/bin/ceph: stderr
2026-03-09T15:48:18.034+0000 7f3f31082640 1 -- 192.168.123.101:0/3698565340 --> [v2:192.168.123.101:3300/0,v1:192.168.123.101:6789/0] -- mon_subscribe({mgrmap=0+}) -- 0x7f3f2c19eed0 con 0x7f3f2c108860
2026-03-09T15:48:18.193 INFO:teuthology.orchestra.run.vm01.stdout:/usr/bin/ceph: stderr
2026-03-09T15:48:18.034+0000 7f3f07fff640 1 -- 192.168.123.101:0/3698565340 <== mon.0 v2:192.168.123.101:3300/0 3 ==== mon_map magic: 0 ==== 205+0+0 (secure 0 0 0) 0x7f3f18040a10 con 0x7f3f2c108860
2026-03-09T15:48:18.194 INFO:teuthology.orchestra.run.vm01.stdout:/usr/bin/ceph: stderr
2026-03-09T15:48:18.034+0000 7f3f07fff640 1 -- 192.168.123.101:0/3698565340 <== mon.0 v2:192.168.123.101:3300/0 4 ==== mgrmap(e 7) ==== 50247+0+0 (secure 0 0 0) 0x7f3f18040cc0 con 0x7f3f2c108860
2026-03-09T15:48:18.194 INFO:teuthology.orchestra.run.vm01.stdout:/usr/bin/ceph: stderr
2026-03-09T15:48:18.034+0000 7f3f31082640 1 -- 192.168.123.101:0/3698565340 --> [v2:192.168.123.101:3300/0,v1:192.168.123.101:6789/0] -- mon_subscribe({osdmap=0}) -- 0x7f3f2c1a1bc0 con 0x7f3f2c108860
2026-03-09T15:48:18.194 INFO:teuthology.orchestra.run.vm01.stdout:/usr/bin/ceph: stderr
2026-03-09T15:48:18.034+0000 7f3f31082640 1 -- 192.168.123.101:0/3698565340 --> [v2:192.168.123.101:3300/0,v1:192.168.123.101:6789/0] -- mon_command({"prefix": "get_command_descriptions"} v 0) -- 0x7f3f2c10cc90 con 0x7f3f2c108860
2026-03-09T15:48:18.194 INFO:teuthology.orchestra.run.vm01.stdout:/usr/bin/ceph: stderr
2026-03-09T15:48:18.034+0000 7f3f07fff640 1 --2- 192.168.123.101:0/3698565340 >> [v2:192.168.123.101:6800/2530303036,v1:192.168.123.101:6801/2530303036] conn(0x7f3f0003d880 0x7f3f0003fd40 unknown :-1 s=NONE pgs=0 cs=0 l=1 rev1=0 crypto rx=0 tx=0 comp rx=0 tx=0).connect
2026-03-09T15:48:18.194 INFO:teuthology.orchestra.run.vm01.stdout:/usr/bin/ceph: stderr
2026-03-09T15:48:18.034+0000 7f3f07fff640 1 -- 192.168.123.101:0/3698565340 <== mon.0 v2:192.168.123.101:3300/0 5 ==== osd_map(2..2 src has 1..2) ==== 940+0+0 (secure 0 0 0) 0x7f3f1807d240 con 0x7f3f2c108860
2026-03-09T15:48:18.194 INFO:teuthology.orchestra.run.vm01.stdout:/usr/bin/ceph: stderr
2026-03-09T15:48:18.038+0000 7f3f2a575640 1 --2- 192.168.123.101:0/3698565340 >> [v2:192.168.123.101:6800/2530303036,v1:192.168.123.101:6801/2530303036] conn(0x7f3f0003d880 0x7f3f0003fd40 unknown :-1 s=BANNER_CONNECTING pgs=0 cs=0 l=1 rev1=0 crypto rx=0 tx=0 comp rx=0 tx=0)._handle_peer_banner_payload supported=3 required=0
2026-03-09T15:48:18.194 INFO:teuthology.orchestra.run.vm01.stdout:/usr/bin/ceph: stderr
2026-03-09T15:48:18.038+0000 7f3f2a575640 1 --2- 192.168.123.101:0/3698565340 >> [v2:192.168.123.101:6800/2530303036,v1:192.168.123.101:6801/2530303036] conn(0x7f3f0003d880 0x7f3f0003fd40 secure :-1 s=READY pgs=14 cs=0 l=1 rev1=1 crypto rx=0x7f3f200099c0 tx=0x7f3f20006eb0 comp rx=0 tx=0).ready entity=mgr.14118 client_cookie=0 server_cookie=0 in_seq=0 out_seq=0
2026-03-09T15:48:18.194 INFO:teuthology.orchestra.run.vm01.stdout:/usr/bin/ceph: stderr
2026-03-09T15:48:18.038+0000 7f3f07fff640 1 -- 192.168.123.101:0/3698565340 <== mon.0 v2:192.168.123.101:3300/0 6 ==== mon_command_ack([{"prefix": "get_command_descriptions"}]=0 v0) ==== 72+0+195034 (secure 0 0 0) 0x7f3f18047bd0 con 0x7f3f2c108860
2026-03-09T15:48:18.194 INFO:teuthology.orchestra.run.vm01.stdout:/usr/bin/ceph: stderr
2026-03-09T15:48:18.134+0000 7f3f31082640 1 -- 192.168.123.101:0/3698565340 --> [v2:192.168.123.101:3300/0,v1:192.168.123.101:6789/0] -- mon_command([{prefix=config set, name=mgr/cephadm/container_init}] v 0) -- 0x7f3f2c108c60 con 0x7f3f2c108860
2026-03-09T15:48:18.194 INFO:teuthology.orchestra.run.vm01.stdout:/usr/bin/ceph: stderr
2026-03-09T15:48:18.138+0000 7f3f07fff640 1 -- 192.168.123.101:0/3698565340 <== mon.0 v2:192.168.123.101:3300/0 7 ==== mon_command_ack([{prefix=config set, name=mgr/cephadm/container_init}]=0 v6)=0 v6) ==== 142+0+0 (secure 0 0 0) 0x7f3f18035c20 con 0x7f3f2c108860
2026-03-09T15:48:18.194 INFO:teuthology.orchestra.run.vm01.stdout:/usr/bin/ceph: stderr
2026-03-09T15:48:18.146+0000 7f3f31082640 1 -- 192.168.123.101:0/3698565340 >> [v2:192.168.123.101:6800/2530303036,v1:192.168.123.101:6801/2530303036] conn(0x7f3f0003d880 msgr2=0x7f3f0003fd40 secure :-1 s=STATE_CONNECTION_ESTABLISHED l=1).mark_down
2026-03-09T15:48:18.194 INFO:teuthology.orchestra.run.vm01.stdout:/usr/bin/ceph: stderr
2026-03-09T15:48:18.146+0000 7f3f31082640 1 --2- 192.168.123.101:0/3698565340 >> [v2:192.168.123.101:6800/2530303036,v1:192.168.123.101:6801/2530303036] conn(0x7f3f0003d880 0x7f3f0003fd40 secure :-1 s=READY pgs=14 cs=0 l=1 rev1=1 crypto rx=0x7f3f200099c0 tx=0x7f3f20006eb0 comp rx=0 tx=0).stop
2026-03-09T15:48:18.194 INFO:teuthology.orchestra.run.vm01.stdout:/usr/bin/ceph: stderr
2026-03-09T15:48:18.146+0000 7f3f31082640 1 -- 192.168.123.101:0/3698565340 >> [v2:192.168.123.101:3300/0,v1:192.168.123.101:6789/0] conn(0x7f3f2c108860 msgr2=0x7f3f2c19e700 secure :-1 s=STATE_CONNECTION_ESTABLISHED l=1).mark_down
2026-03-09T15:48:18.194 INFO:teuthology.orchestra.run.vm01.stdout:/usr/bin/ceph: stderr
2026-03-09T15:48:18.146+0000 7f3f31082640 1 --2- 192.168.123.101:0/3698565340 >> [v2:192.168.123.101:3300/0,v1:192.168.123.101:6789/0] conn(0x7f3f2c108860 0x7f3f2c19e700 secure :-1 s=READY pgs=50 cs=0 l=1 rev1=1 crypto rx=0x7f3f18037b80 tx=0x7f3f18037bb0 comp rx=0 tx=0).stop
