2026-03-09T15:48:09.958+0000 7fd781ffb640 1 --2- 192.168.123.101:0/2091487693 >> [v2:192.168.123.101:6800/2299265276,v1:192.168.123.101:6801/2299265276] conn(0x7fd76403dcd0 0x7fd764040190 unknown :-1 s=NONE pgs=0 cs=0 l=1 rev1=0 crypto rx=0 tx=0 comp rx=0 tx=0).connect
2026-03-09T15:48:13.772 INFO:teuthology.orchestra.run.vm01.stdout:/usr/bin/ceph: stderr
2026-03-09T15:48:09.958+0000 7fd781ffb640 1 -- 192.168.123.101:0/2091487693 --> [v2:192.168.123.101:6800/2299265276,v1:192.168.123.101:6801/2299265276] -- command(tid 0: {"prefix": "get_command_descriptions"}) -- 0x7fd7640408a0 con 0x7fd76403dcd0
2026-03-09T15:48:13.772 INFO:teuthology.orchestra.run.vm01.stdout:/usr/bin/ceph: stderr
2026-03-09T15:48:09.958+0000 7fd781ffb640 1 -- 192.168.123.101:0/2091487693 <== mon.0 v2:192.168.123.101:3300/0 5 ==== osd_map(1..1 src has 1..1) ==== 725+0+0 (secure 0 0 0) 0x7fd774077d20 con 0x7fd784074730
2026-03-09T15:48:13.772 INFO:teuthology.orchestra.run.vm01.stdout:/usr/bin/ceph: stderr
2026-03-09T15:48:09.962+0000 7fd77bfff640 1 -- 192.168.123.101:0/2091487693 >> [v2:192.168.123.101:6800/2299265276,v1:192.168.123.101:6801/2299265276] conn(0x7fd76403dcd0 msgr2=0x7fd764040190 unknown :-1 s=STATE_CONNECTING_RE l=1).process reconnect failed to v2:192.168.123.101:6800/2299265276
2026-03-09T15:48:13.772 INFO:teuthology.orchestra.run.vm01.stdout:/usr/bin/ceph: stderr
2026-03-09T15:48:09.962+0000 7fd77bfff640 1 --2- 192.168.123.101:0/2091487693 >> [v2:192.168.123.101:6800/2299265276,v1:192.168.123.101:6801/2299265276] conn(0x7fd76403dcd0 0x7fd764040190 unknown :-1 s=START_CONNECT pgs=0 cs=0 l=1 rev1=0 crypto rx=0 tx=0 comp rx=0 tx=0)._fault waiting 0.200000
2026-03-09T15:48:13.772 INFO:teuthology.orchestra.run.vm01.stdout:/usr/bin/ceph: stderr
2026-03-09T15:48:10.162+0000 7fd77bfff640 1 -- 192.168.123.101:0/2091487693 >> [v2:192.168.123.101:6800/2299265276,v1:192.168.123.101:6801/2299265276] conn(0x7fd76403dcd0 msgr2=0x7fd764040190 unknown :-1 s=STATE_CONNECTING_RE l=1).process reconnect failed to v2:192.168.123.101:6800/2299265276
2026-03-09T15:48:13.772 INFO:teuthology.orchestra.run.vm01.stdout:/usr/bin/ceph: stderr
2026-03-09T15:48:10.162+0000 7fd77bfff640 1 --2- 192.168.123.101:0/2091487693 >> [v2:192.168.123.101:6800/2299265276,v1:192.168.123.101:6801/2299265276] conn(0x7fd76403dcd0 0x7fd764040190 unknown :-1 s=START_CONNECT pgs=0 cs=0 l=1 rev1=0 crypto rx=0 tx=0 comp rx=0 tx=0)._fault waiting 0.400000
2026-03-09T15:48:13.772 INFO:teuthology.orchestra.run.vm01.stdout:/usr/bin/ceph: stderr
2026-03-09T15:48:10.562+0000 7fd77bfff640 1 -- 192.168.123.101:0/2091487693 >> [v2:192.168.123.101:6800/2299265276,v1:192.168.123.101:6801/2299265276] conn(0x7fd76403dcd0 msgr2=0x7fd764040190 unknown :-1 s=STATE_CONNECTING_RE l=1).process reconnect failed to v2:192.168.123.101:6800/2299265276
2026-03-09T15:48:13.772 INFO:teuthology.orchestra.run.vm01.stdout:/usr/bin/ceph: stderr
2026-03-09T15:48:10.562+0000 7fd77bfff640 1 --2- 192.168.123.101:0/2091487693 >> [v2:192.168.123.101:6800/2299265276,v1:192.168.123.101:6801/2299265276] conn(0x7fd76403dcd0 0x7fd764040190 unknown :-1 s=START_CONNECT pgs=0 cs=0 l=1 rev1=0 crypto rx=0 tx=0 comp rx=0 tx=0)._fault waiting 0.800000
2026-03-09T15:48:13.773 INFO:teuthology.orchestra.run.vm01.stdout:/usr/bin/ceph: stderr
2026-03-09T15:48:11.362+0000 7fd77bfff640 1 -- 192.168.123.101:0/2091487693 >> [v2:192.168.123.101:6800/2299265276,v1:192.168.123.101:6801/2299265276] conn(0x7fd76403dcd0 msgr2=0x7fd764040190 unknown :-1 s=STATE_CONNECTING_RE l=1).process reconnect failed to v2:192.168.123.101:6800/2299265276
2026-03-09T15:48:13.773 INFO:teuthology.orchestra.run.vm01.stdout:/usr/bin/ceph: stderr
2026-03-09T15:48:11.362+0000 7fd77bfff640 1 --2- 192.168.123.101:0/2091487693 >> [v2:192.168.123.101:6800/2299265276,v1:192.168.123.101:6801/2299265276] conn(0x7fd76403dcd0 0x7fd764040190 unknown :-1 s=START_CONNECT pgs=0 cs=0 l=1 rev1=0 crypto rx=0 tx=0 comp rx=0 tx=0)._fault waiting 1.600000
2026-03-09T15:48:13.773 INFO:teuthology.orchestra.run.vm01.stdout:/usr/bin/ceph: stderr
2026-03-09T15:48:12.690+0000 7fd781ffb640 1 -- 192.168.123.101:0/2091487693 <== mon.0 v2:192.168.123.101:3300/0 6 ==== mgrmap(e 5) ==== 50014+0+0 (secure 0 0 0) 0x7fd77400bce0 con 0x7fd784074730
2026-03-09T15:48:13.773 INFO:teuthology.orchestra.run.vm01.stdout:/usr/bin/ceph: stderr
2026-03-09T15:48:12.690+0000 7fd781ffb640 1 -- 192.168.123.101:0/2091487693 >> [v2:192.168.123.101:6800/2299265276,v1:192.168.123.101:6801/2299265276] conn(0x7fd76403dcd0 msgr2=0x7fd764040190 unknown :-1 s=STATE_CONNECTING l=1).mark_down
2026-03-09T15:48:13.773 INFO:teuthology.orchestra.run.vm01.stdout:/usr/bin/ceph: stderr
2026-03-09T15:48:12.690+0000 7fd781ffb640 1 --2- 192.168.123.101:0/2091487693 >> [v2:192.168.123.101:6800/2299265276,v1:192.168.123.101:6801/2299265276] conn(0x7fd76403dcd0 0x7fd764040190 unknown :-1 s=START_CONNECT pgs=0 cs=0 l=1 rev1=0 crypto rx=0 tx=0 comp rx=0 tx=0).stop
2026-03-09T15:48:13.773 INFO:teuthology.orchestra.run.vm01.stdout:/usr/bin/ceph: stderr
2026-03-09T15:48:13.690+0000 7fd781ffb640 1 -- 192.168.123.101:0/2091487693 <== mon.0 v2:192.168.123.101:3300/0 7 ==== mgrmap(e 6) ==== 50141+0+0 (secure 0 0 0) 0x7fd774046a10 con 0x7fd784074730
2026-03-09T15:48:13.773 INFO:teuthology.orchestra.run.vm01.stdout:/usr/bin/ceph: stderr
2026-03-09T15:48:13.690+0000 7fd781ffb640 1 --2- 192.168.123.101:0/2091487693 >> [v2:192.168.123.101:6800/2530303036,v1:192.168.123.101:6801/2530303036] conn(0x7fd764041670 0x7fd764043a60 unknown :-1 s=NONE pgs=0 cs=0 l=1 rev1=0 crypto rx=0 tx=0 comp rx=0 tx=0).connect
2026-03-09T15:48:13.773 INFO:teuthology.orchestra.run.vm01.stdout:/usr/bin/ceph: stderr
2026-03-09T15:48:13.690+0000 7fd781ffb640 1 -- 192.168.123.101:0/2091487693 --> [v2:192.168.123.101:6800/2530303036,v1:192.168.123.101:6801/2530303036] -- command(tid 0: {"prefix": "get_command_descriptions"}) -- 0x7fd77400de50 con 0x7fd764041670
2026-03-09T15:48:13.773 INFO:teuthology.orchestra.run.vm01.stdout:/usr/bin/ceph: stderr
2026-03-09T15:48:13.694+0000 7fd77bfff640 1 --2- 192.168.123.101:0/2091487693 >> [v2:192.168.123.101:6800/2530303036,v1:192.168.123.101:6801/2530303036] conn(0x7fd764041670 0x7fd764043a60 unknown :-1 s=BANNER_CONNECTING pgs=0 cs=0 l=1 rev1=0 crypto rx=0 tx=0 comp rx=0 tx=0)._handle_peer_banner_payload supported=3 required=0
2026-03-09T15:48:13.773 INFO:teuthology.orchestra.run.vm01.stdout:/usr/bin/ceph: stderr
2026-03-09T15:48:13.694+0000 7fd77bfff640 1 --2- 192.168.123.101:0/2091487693 >> [v2:192.168.123.101:6800/2530303036,v1:192.168.123.101:6801/2530303036] conn(0x7fd764041670 0x7fd764043a60 secure :-1 s=READY pgs=1 cs=0 l=1 rev1=1 crypto rx=0x7fd770003a80 tx=0x7fd7700092b0 comp rx=0 tx=0).ready entity=mgr.14118 client_cookie=0 server_cookie=0 in_seq=0 out_seq=0
2026-03-09T15:48:13.773 INFO:teuthology.orchestra.run.vm01.stdout:/usr/bin/ceph: stderr
2026-03-09T15:48:13.698+0000 7fd781ffb640 1 -- 192.168.123.101:0/2091487693 <== mgr.14118 v2:192.168.123.101:6800/2530303036 1 ==== command_reply(tid 0: 0 ) ==== 8+0+8901 (secure 0 0 0) 0x7fd77400de50 con 0x7fd764041670
2026-03-09T15:48:13.773 INFO:teuthology.orchestra.run.vm01.stdout:/usr/bin/ceph: stderr
2026-03-09T15:48:13.702+0000 7fd78963d640 1 -- 192.168.123.101:0/2091487693 --> [v2:192.168.123.101:6800/2530303036,v1:192.168.123.101:6801/2530303036] -- command(tid 1: {"prefix": "mgr_status"}) -- 0x7fd784074b30 con 0x7fd764041670
2026-03-09T15:48:13.773 INFO:teuthology.orchestra.run.vm01.stdout:/usr/bin/ceph: stderr
2026-03-09T15:48:13.702+0000 7fd781ffb640 1 -- 192.168.123.101:0/2091487693 <== mgr.14118 v2:192.168.123.101:6800/2530303036 2 ==== command_reply(tid 1: 0 ) ==== 8+0+51 (secure 0 0 0) 0x7fd784074b30 con 0x7fd764041670
2026-03-09T15:48:13.773 INFO:teuthology.orchestra.run.vm01.stdout:/usr/bin/ceph: stderr
2026-03-09T15:48:13.702+0000 7fd78963d640 1 -- 192.168.123.101:0/2091487693 >> [v2:192.168.123.101:6800/2530303036,v1:192.168.123.101:6801/2530303036] conn(0x7fd764041670 msgr2=0x7fd764043a60 secure :-1 s=STATE_CONNECTION_ESTABLISHED l=1).mark_down
2026-03-09T15:48:13.773 INFO:teuthology.orchestra.run.vm01.stdout:/usr/bin/ceph: stderr
2026-03-09T15:48:13.702+0000 7fd78963d640 1 --2- 192.168.123.101:0/2091487693 >> [v2:192.168.123.101:6800/2530303036,v1:192.168.123.101:6801/2530303036] conn(0x7fd764041670 0x7fd764043a60 secure :-1 s=READY pgs=1 cs=0 l=1 rev1=1 crypto rx=0x7fd770003a80 tx=0x7fd7700092b0 comp rx=0 tx=0).stop
2026-03-09T15:48:13.773 INFO:teuthology.orchestra.run.vm01.stdout:/usr/bin/ceph: stderr
2026-03-09T15:48:13.702+0000 7fd78963d640 1 -- 192.168.123.101:0/2091487693 >> [v2:192.168.123.101:3300/0,v1:192.168.123.101:6789/0] conn(0x7fd784074730 msgr2=0x7fd7841b3c70 secure :-1 s=STATE_CONNECTION_ESTABLISHED l=1).mark_down
2026-03-09T15:48:13.773 INFO:teuthology.orchestra.run.vm01.stdout:/usr/bin/ceph: stderr
2026-03-09T15:48:13.702+0000 7fd78963d640 1 --2- 192.168.123.101:0/2091487693 >> [v2:192.168.123.101:3300/0,v1:192.168.123.101:6789/0] conn(0x7fd784074730 0x7fd7841b3c70 secure :-1 s=READY pgs=27 cs=0 l=1 rev1=1 crypto rx=0x7fd77400aaf0 tx=0x7fd774037680 comp rx=0 tx=0).stop
2026-03-09T15:48:13.773 INFO:teuthology.orchestra.run.vm01.stdout:/usr/bin/ceph: stderr
2026-03-09T15:48:13.702+0000 7fd78963d640 1 -- 192.168.123.101:0/2091487693 shutdown_connections
2026-03-09T15:48:13.773 INFO:teuthology.orchestra.run.vm01.stdout:/usr/bin/ceph: stderr
2026-03-09T15:48:13.702+0000 7fd78963d640 1 --2- 192.168.123.101:0/2091487693 >> [v2:192.168.123.101:6800/2530303036,v1:192.168.123.101:6801/2530303036] conn(0x7fd764041670 0x7fd764043a60 unknown :-1 s=CLOSED pgs=1 cs=0 l=1 rev1=1 crypto rx=0 tx=0 comp rx=0 tx=0).stop
2026-03-09T15:48:13.774 INFO:teuthology.orchestra.run.vm01.stdout:/usr/bin/ceph: stderr
2026-03-09T15:48:13.702+0000 7fd78963d640 1 --2- 192.168.123.101:0/2091487693 >> [v2:192.168.123.101:6800/2299265276,v1:192.168.123.101:6801/2299265276] conn(0x7fd76403dcd0 0x7fd764040190 unknown :-1 s=CLOSED pgs=0 cs=0 l=1 rev1=0 crypto rx=0 tx=0 comp rx=0 tx=0).stop
2026-03-09T15:48:13.774 INFO:teuthology.orchestra.run.vm01.stdout:/usr/bin/ceph: stderr
2026-03-09T15:48:13.702+0000 7fd78963d640 1 --2- 192.168.123.101:0/2091487693 >> [v2:192.168.123.101:3300/0,v1:192.168.123.101:6789/0] conn(0x7fd784074730 0x7fd7841b3c70 unknown :-1 s=CLOSED pgs=27 cs=0 l=1 rev1=1 crypto rx=0 tx=0 comp rx=0 tx=0).stop
2026-03-09T15:48:13.774 INFO:teuthology.orchestra.run.vm01.stdout:/usr/bin/ceph: stderr
2026-03-09T15:48:13.702+0000 7fd78963d640 1 -- 192.168.123.101:0/2091487693 >> 192.168.123.101:0/2091487693 conn(0x7fd78406fa60 msgr2=0x7fd784070520 unknown :-1 s=STATE_NONE l=0).mark_down
2026-03-09T15:48:13.774 INFO:teuthology.orchestra.run.vm01.stdout:/usr/bin/ceph: stderr
2026-03-09T15:48:13.702+0000 7fd78963d640 1 -- 192.168.123.101:0/2091487693 shutdown_connections
2026-03-09T15:48:13.774 INFO:teuthology.orchestra.run.vm01.stdout:/usr/bin/ceph: stderr
2026-03-09T15:48:13.702+0000 7fd78963d640 1 -- 192.168.123.101:0/2091487693 wait complete.
2026-03-09T15:48:13.774 INFO:teuthology.orchestra.run.vm01.stdout:mgr epoch 4 is available
2026-03-09T15:48:13.774 INFO:teuthology.orchestra.run.vm01.stdout:Setting orchestrator backend to cephadm...
2026-03-09T15:48:14.092 INFO:journalctl@ceph.mon.a.vm01.stdout:Mar 09 15:48:13 vm01 bash[20728]: cephadm
2026-03-09T15:48:12.716436+0000 mgr.y (mgr.14118) 1 : cephadm [INF] Found migration_current of "None". Setting to last migration.
2026-03-09T15:48:14.092 INFO:journalctl@ceph.mon.a.vm01.stdout:Mar 09 15:48:13 vm01 bash[20728]: cephadm
2026-03-09T15:48:12.716436+0000 mgr.y (mgr.14118) 1 : cephadm [INF] Found migration_current of "None". Setting to last migration.
2026-03-09T15:48:14.092 INFO:journalctl@ceph.mon.a.vm01.stdout:Mar 09 15:48:13 vm01 bash[20728]: audit
2026-03-09T15:48:12.748922+0000 mon.a (mon.0) 49 : audit [INF] from='mgr.14118 192.168.123.101:0/2996174437' entity='mgr.y' cmd=[{"prefix":"config rm","who":"mgr","name":"mgr/rbd_support/y/mirror_snapshot_schedule"}]: dispatch
2026-03-09T15:48:14.092 INFO:journalctl@ceph.mon.a.vm01.stdout:Mar 09 15:48:13 vm01 bash[20728]: audit
2026-03-09T15:48:12.748922+0000 mon.a (mon.0) 49 : audit [INF] from='mgr.14118 192.168.123.101:0/2996174437' entity='mgr.y' cmd=[{"prefix":"config rm","who":"mgr","name":"mgr/rbd_support/y/mirror_snapshot_schedule"}]: dispatch
2026-03-09T15:48:14.092 INFO:journalctl@ceph.mon.a.vm01.stdout:Mar 09 15:48:13 vm01 bash[20728]: audit
2026-03-09T15:48:12.752175+0000 mon.a (mon.0) 50 : audit [INF] from='mgr.14118 192.168.123.101:0/2996174437' entity='mgr.y' cmd=[{"prefix":"config rm","who":"mgr","name":"mgr/rbd_support/y/trash_purge_schedule"}]: dispatch
2026-03-09T15:48:14.092 INFO:journalctl@ceph.mon.a.vm01.stdout:Mar 09 15:48:13 vm01 bash[20728]: audit
2026-03-09T15:48:12.752175+0000 mon.a (mon.0) 50 : audit [INF] from='mgr.14118 192.168.123.101:0/2996174437' entity='mgr.y' cmd=[{"prefix":"config rm","who":"mgr","name":"mgr/rbd_support/y/trash_purge_schedule"}]: dispatch
2026-03-09T15:48:14.092 INFO:journalctl@ceph.mon.a.vm01.stdout:Mar 09 15:48:13 vm01 bash[20728]: audit
2026-03-09T15:48:13.239987+0000 mon.a (mon.0) 51 : audit [INF] from='mgr.14118 192.168.123.101:0/2996174437' entity='mgr.y'
2026-03-09T15:48:14.092 INFO:journalctl@ceph.mon.a.vm01.stdout:Mar 09 15:48:13 vm01 bash[20728]: audit
2026-03-09T15:48:13.239987+0000 mon.a (mon.0) 51 : audit [INF] from='mgr.14118 192.168.123.101:0/2996174437' entity='mgr.y'
2026-03-09T15:48:14.092 INFO:journalctl@ceph.mon.a.vm01.stdout:Mar 09 15:48:13 vm01 bash[20728]: audit
2026-03-09T15:48:13.242976+0000 mon.a (mon.0) 52 : audit [INF] from='mgr.14118 192.168.123.101:0/2996174437' entity='mgr.y'
2026-03-09T15:48:14.092 INFO:journalctl@ceph.mon.a.vm01.stdout:Mar 09 15:48:13 vm01 bash[20728]: audit
2026-03-09T15:48:13.242976+0000 mon.a (mon.0) 52 : audit [INF] from='mgr.14118 192.168.123.101:0/2996174437' entity='mgr.y'
2026-03-09T15:48:14.092 INFO:journalctl@ceph.mon.a.vm01.stdout:Mar 09 15:48:13 vm01 bash[20728]: cluster
2026-03-09T15:48:13.699230+0000 mon.a (mon.0) 53 : cluster [DBG] mgrmap e6: y(active, since 1.00918s)
2026-03-09T15:48:14.092 INFO:journalctl@ceph.mon.a.vm01.stdout:Mar 09 15:48:13 vm01 bash[20728]: cluster
2026-03-09T15:48:13.699230+0000 mon.a (mon.0) 53 : cluster [DBG] mgrmap e6: y(active, since 1.00918s)
2026-03-09T15:48:14.123 INFO:teuthology.orchestra.run.vm01.stdout:/usr/bin/ceph: stderr
2026-03-09T15:48:13.910+0000 7fc7b73dc640 1 Processor -- start
2026-03-09T15:48:14.123 INFO:teuthology.orchestra.run.vm01.stdout:/usr/bin/ceph: stderr
2026-03-09T15:48:13.910+0000 7fc7b73dc640 1 -- start start
2026-03-09T15:48:14.123 INFO:teuthology.orchestra.run.vm01.stdout:/usr/bin/ceph: stderr
2026-03-09T15:48:13.910+0000 7fc7b73dc640 1 --2- >> [v2:192.168.123.101:3300/0,v1:192.168.123.101:6789/0] conn(0x7fc7a80a4930 0x7fc7a80a4d30 unknown :-1 s=NONE pgs=0 cs=0 l=0 rev1=0 crypto rx=0 tx=0 comp rx=0 tx=0).connect
2026-03-09T15:48:14.123 INFO:teuthology.orchestra.run.vm01.stdout:/usr/bin/ceph: stderr
2026-03-09T15:48:13.910+0000 7fc7b73dc640 1 -- --> [v2:192.168.123.101:3300/0,v1:192.168.123.101:6789/0] -- mon_getmap magic: 0 -- 0x7fc7a80a5300 con 0x7fc7a80a4930
2026-03-09T15:48:14.123 INFO:teuthology.orchestra.run.vm01.stdout:/usr/bin/ceph: stderr
2026-03-09T15:48:13.910+0000 7fc7b63da640 1 --2- >> [v2:192.168.123.101:3300/0,v1:192.168.123.101:6789/0] conn(0x7fc7a80a4930 0x7fc7a80a4d30 unknown :-1 s=BANNER_CONNECTING pgs=0 cs=0 l=0 rev1=0 crypto rx=0 tx=0 comp rx=0 tx=0)._handle_peer_banner_payload supported=3 required=0
2026-03-09T15:48:14.123 INFO:teuthology.orchestra.run.vm01.stdout:/usr/bin/ceph: stderr
2026-03-09T15:48:13.910+0000 7fc7b63da640 1 --2- >> [v2:192.168.123.101:3300/0,v1:192.168.123.101:6789/0] conn(0x7fc7a80a4930 0x7fc7a80a4d30 unknown :-1 s=HELLO_CONNECTING pgs=0 cs=0 l=0 rev1=1 crypto rx=0 tx=0 comp rx=0 tx=0).handle_hello peer v2:192.168.123.101:3300/0 says I am v2:192.168.123.101:43880/0 (socket says 192.168.123.101:43880)
2026-03-09T15:48:14.123 INFO:teuthology.orchestra.run.vm01.stdout:/usr/bin/ceph: stderr
2026-03-09T15:48:13.910+0000 7fc7b63da640 1 -- 192.168.123.101:0/3815435928 learned_addr learned my addr 192.168.123.101:0/3815435928 (peer_addr_for_me v2:192.168.123.101:0/0)
2026-03-09T15:48:14.123 INFO:teuthology.orchestra.run.vm01.stdout:/usr/bin/ceph: stderr
2026-03-09T15:48:13.910+0000 7fc7b63da640 1 -- 192.168.123.101:0/3815435928 --> [v2:192.168.123.101:3300/0,v1:192.168.123.101:6789/0] -- mon_subscribe({config=0+,monmap=0+}) -- 0x7fc7a80a5b30 con 0x7fc7a80a4930
2026-03-09T15:48:14.124 INFO:teuthology.orchestra.run.vm01.stdout:/usr/bin/ceph: stderr
2026-03-09T15:48:13.910+0000 7fc7b63da640 1 --2- 192.168.123.101:0/3815435928 >> [v2:192.168.123.101:3300/0,v1:192.168.123.101:6789/0] conn(0x7fc7a80a4930 0x7fc7a80a4d30 secure :-1 s=READY pgs=35 cs=0 l=1 rev1=1 crypto rx=0x7fc7ac00a9c0 tx=0x7fc7ac033650 comp rx=0 tx=0).ready entity=mon.0 client_cookie=9e9567a3cb3b4f9e server_cookie=0 in_seq=0 out_seq=0
2026-03-09T15:48:14.124 INFO:teuthology.orchestra.run.vm01.stdout:/usr/bin/ceph: stderr
2026-03-09T15:48:13.910+0000 7fc7b53d8640 1 -- 192.168.123.101:0/3815435928 <== mon.0 v2:192.168.123.101:3300/0 1 ==== mon_map magic: 0 ==== 205+0+0 (secure 0 0 0) 0x7fc7ac037580 con 0x7fc7a80a4930
2026-03-09T15:48:14.124 INFO:teuthology.orchestra.run.vm01.stdout:/usr/bin/ceph: stderr
2026-03-09T15:48:13.910+0000 7fc7b53d8640 1 -- 192.168.123.101:0/3815435928 <== mon.0 v2:192.168.123.101:3300/0 2 ==== config(23 keys) ==== 947+0+0 (secure 0 0 0) 0x7fc7ac037b40 con 0x7fc7a80a4930
2026-03-09T15:48:14.124 INFO:teuthology.orchestra.run.vm01.stdout:/usr/bin/ceph: stderr
2026-03-09T15:48:13.910+0000 7fc7b53d8640 1 -- 192.168.123.101:0/3815435928 <== mon.0 v2:192.168.123.101:3300/0 3 ==== mon_map magic: 0 ==== 205+0+0 (secure 0 0 0) 0x7fc7ac03ca80 con 0x7fc7a80a4930
2026-03-09T15:48:14.124 INFO:teuthology.orchestra.run.vm01.stdout:/usr/bin/ceph: stderr
2026-03-09T15:48:13.910+0000 7fc7b73dc640 1 -- 192.168.123.101:0/3815435928 >> [v2:192.168.123.101:3300/0,v1:192.168.123.101:6789/0] conn(0x7fc7a80a4930 msgr2=0x7fc7a80a4d30 secure :-1 s=STATE_CONNECTION_ESTABLISHED l=1).mark_down
2026-03-09T15:48:14.124 INFO:teuthology.orchestra.run.vm01.stdout:/usr/bin/ceph: stderr
2026-03-09T15:48:13.910+0000 7fc7b73dc640 1 --2- 192.168.123.101:0/3815435928 >> [v2:192.168.123.101:3300/0,v1:192.168.123.101:6789/0] conn(0x7fc7a80a4930 0x7fc7a80a4d30 secure :-1 s=READY pgs=35 cs=0 l=1 rev1=1 crypto rx=0x7fc7ac00a9c0 tx=0x7fc7ac033650 comp rx=0 tx=0).stop
2026-03-09T15:48:14.124 INFO:teuthology.orchestra.run.vm01.stdout:/usr/bin/ceph: stderr
2026-03-09T15:48:13.910+0000 7fc7b73dc640 1 -- 192.168.123.101:0/3815435928 shutdown_connections
2026-03-09T15:48:14.124 INFO:teuthology.orchestra.run.vm01.stdout:/usr/bin/ceph: stderr
2026-03-09T15:48:13.910+0000 7fc7b73dc640 1 --2- 192.168.123.101:0/3815435928 >> [v2:192.168.123.101:3300/0,v1:192.168.123.101:6789/0] conn(0x7fc7a80a4930 0x7fc7a80a4d30 unknown :-1 s=CLOSED pgs=35 cs=0 l=1 rev1=1 crypto rx=0 tx=0 comp rx=0 tx=0).stop
2026-03-09T15:48:14.124 INFO:teuthology.orchestra.run.vm01.stdout:/usr/bin/ceph: stderr
2026-03-09T15:48:13.910+0000 7fc7b73dc640 1 -- 192.168.123.101:0/3815435928 >> 192.168.123.101:0/3815435928 conn(0x7fc7a809fc40 msgr2=0x7fc7a80a20a0 unknown :-1 s=STATE_NONE l=0).mark_down
2026-03-09T15:48:14.124 INFO:teuthology.orchestra.run.vm01.stdout:/usr/bin/ceph: stderr
2026-03-09T15:48:13.910+0000 7fc7b73dc640 1 -- 192.168.123.101:0/3815435928 shutdown_connections
2026-03-09T15:48:14.124 INFO:teuthology.orchestra.run.vm01.stdout:/usr/bin/ceph: stderr
2026-03-09T15:48:13.910+0000 7fc7b73dc640 1 -- 192.168.123.101:0/3815435928 wait complete.
2026-03-09T15:48:14.124 INFO:teuthology.orchestra.run.vm01.stdout:/usr/bin/ceph: stderr
2026-03-09T15:48:13.910+0000 7fc7b73dc640 1 Processor -- start
2026-03-09T15:48:14.124 INFO:teuthology.orchestra.run.vm01.stdout:/usr/bin/ceph: stderr
2026-03-09T15:48:13.914+0000 7fc7b73dc640 1 -- start start
2026-03-09T15:48:14.124 INFO:teuthology.orchestra.run.vm01.stdout:/usr/bin/ceph: stderr
2026-03-09T15:48:13.914+0000 7fc7b73dc640 1 --2- >> [v2:192.168.123.101:3300/0,v1:192.168.123.101:6789/0] conn(0x7fc7a80a4930 0x7fc7a8142bd0 unknown :-1 s=NONE pgs=0 cs=0 l=1 rev1=0 crypto rx=0 tx=0 comp rx=0 tx=0).connect
2026-03-09T15:48:14.124 INFO:teuthology.orchestra.run.vm01.stdout:/usr/bin/ceph: stderr
2026-03-09T15:48:13.914+0000 7fc7b73dc640 1 -- --> [v2:192.168.123.101:3300/0,v1:192.168.123.101:6789/0] -- mon_getmap magic: 0 -- 0x7fc7a80a64d0 con 0x7fc7a80a4930
2026-03-09T15:48:14.124 INFO:teuthology.orchestra.run.vm01.stdout:/usr/bin/ceph: stderr
2026-03-09T15:48:13.914+0000 7fc7b63da640 1 --2- >> [v2:192.168.123.101:3300/0,v1:192.168.123.101:6789/0] conn(0x7fc7a80a4930 0x7fc7a8142bd0 unknown :-1 s=BANNER_CONNECTING pgs=0 cs=0 l=1 rev1=0 crypto rx=0 tx=0 comp rx=0 tx=0)._handle_peer_banner_payload supported=3 required=0
2026-03-09T15:48:14.124 INFO:teuthology.orchestra.run.vm01.stdout:/usr/bin/ceph: stderr
2026-03-09T15:48:13.914+0000 7fc7b63da640 1 --2- >> [v2:192.168.123.101:3300/0,v1:192.168.123.101:6789/0] conn(0x7fc7a80a4930 0x7fc7a8142bd0 unknown :-1 s=HELLO_CONNECTING pgs=0 cs=0 l=1 rev1=1 crypto rx=0 tx=0 comp rx=0 tx=0).handle_hello peer v2:192.168.123.101:3300/0 says I am v2:192.168.123.101:43882/0 (socket says 192.168.123.101:43882)
2026-03-09T15:48:14.124 INFO:teuthology.orchestra.run.vm01.stdout:/usr/bin/ceph: stderr
2026-03-09T15:48:13.914+0000 7fc7b63da640 1 -- 192.168.123.101:0/3010145751 learned_addr learned my addr 192.168.123.101:0/3010145751 (peer_addr_for_me v2:192.168.123.101:0/0)
2026-03-09T15:48:14.124 INFO:teuthology.orchestra.run.vm01.stdout:/usr/bin/ceph: stderr
2026-03-09T15:48:13.914+0000 7fc7b63da640 1 -- 192.168.123.101:0/3010145751 --> [v2:192.168.123.101:3300/0,v1:192.168.123.101:6789/0] -- mon_subscribe({config=0+,monmap=0+}) -- 0x7fc7a8143110 con 0x7fc7a80a4930
2026-03-09T15:48:14.124 INFO:teuthology.orchestra.run.vm01.stdout:/usr/bin/ceph: stderr
2026-03-09T15:48:13.914+0000 7fc7b63da640 1 --2- 192.168.123.101:0/3010145751 >> [v2:192.168.123.101:3300/0,v1:192.168.123.101:6789/0] conn(0x7fc7a80a4930 0x7fc7a8142bd0 secure :-1 s=READY pgs=36 cs=0 l=1 rev1=1 crypto rx=0x7fc7ac00aaf0 tx=0x7fc7ac037680 comp rx=0 tx=0).ready entity=mon.0 client_cookie=0 server_cookie=0 in_seq=0 out_seq=0
2026-03-09T15:48:14.124 INFO:teuthology.orchestra.run.vm01.stdout:/usr/bin/ceph: stderr
2026-03-09T15:48:13.918+0000 7fc79f7fe640 1 -- 192.168.123.101:0/3010145751 <== mon.0 v2:192.168.123.101:3300/0 1 ==== mon_map magic: 0 ==== 205+0+0 (secure 0 0 0) 0x7fc7ac043070 con 0x7fc7a80a4930
2026-03-09T15:48:14.124 INFO:teuthology.orchestra.run.vm01.stdout:/usr/bin/ceph: stderr
2026-03-09T15:48:13.918+0000 7fc7b73dc640 1 -- 192.168.123.101:0/3010145751 --> [v2:192.168.123.101:3300/0,v1:192.168.123.101:6789/0] -- mon_subscribe({mgrmap=0+}) -- 0x7fc7a81433a0 con 0x7fc7a80a4930
2026-03-09T15:48:14.124 INFO:teuthology.orchestra.run.vm01.stdout:/usr/bin/ceph: stderr
2026-03-09T15:48:13.918+0000 7fc7b73dc640 1 -- 192.168.123.101:0/3010145751 --> [v2:192.168.123.101:3300/0,v1:192.168.123.101:6789/0] -- mon_subscribe({osdmap=0}) -- 0x7fc7a8146090 con 0x7fc7a80a4930
2026-03-09T15:48:14.124 INFO:teuthology.orchestra.run.vm01.stdout:/usr/bin/ceph: stderr
2026-03-09T15:48:13.918+0000 7fc79f7fe640 1 -- 192.168.123.101:0/3010145751 <== mon.0 v2:192.168.123.101:3300/0 2 ==== config(23 keys) ==== 947+0+0 (secure 0 0 0) 0x7fc7ac037940 con 0x7fc7a80a4930
2026-03-09T15:48:14.124 INFO:teuthology.orchestra.run.vm01.stdout:/usr/bin/ceph: stderr
2026-03-09T15:48:13.918+0000 7fc79f7fe640 1 -- 192.168.123.101:0/3010145751 <== mon.0 v2:192.168.123.101:3300/0 3 ==== mon_map magic: 0 ==== 205+0+0 (secure 0 0 0) 0x7fc7ac046540 con 0x7fc7a80a4930
2026-03-09T15:48:14.124 INFO:teuthology.orchestra.run.vm01.stdout:/usr/bin/ceph: stderr
2026-03-09T15:48:13.918+0000 7fc79f7fe640 1 -- 192.168.123.101:0/3010145751 <== mon.0 v2:192.168.123.101:3300/0 4 ==== mgrmap(e 6) ==== 50141+0+0 (secure 0 0 0) 0x7fc7ac03b070 con 0x7fc7a80a4930
2026-03-09T15:48:14.124 INFO:teuthology.orchestra.run.vm01.stdout:/usr/bin/ceph: stderr
2026-03-09T15:48:13.918+0000 7fc79f7fe640 1 --2- 192.168.123.101:0/3010145751 >> [v2:192.168.123.101:6800/2530303036,v1:192.168.123.101:6801/2530303036] conn(0x7fc79003dba0 0x7fc790040060 unknown :-1 s=NONE pgs=0 cs=0 l=1 rev1=0 crypto rx=0 tx=0 comp rx=0 tx=0).connect
2026-03-09T15:48:14.124 INFO:teuthology.orchestra.run.vm01.stdout:/usr/bin/ceph: stderr
2026-03-09T15:48:13.918+0000 7fc7b5bd9640 1 --2- 192.168.123.101:0/3010145751 >> [v2:192.168.123.101:6800/2530303036,v1:192.168.123.101:6801/2530303036] conn(0x7fc79003dba0 0x7fc790040060 unknown :-1 s=BANNER_CONNECTING pgs=0 cs=0 l=1 rev1=0 crypto rx=0 tx=0 comp rx=0 tx=0)._handle_peer_banner_payload supported=3 required=0
2026-03-09T15:48:14.124 INFO:teuthology.orchestra.run.vm01.stdout:/usr/bin/ceph: stderr
2026-03-09T15:48:13.918+0000 7fc7b5bd9640 1 --2- 192.168.123.101:0/3010145751 >> [v2:192.168.123.101:6800/2530303036,v1:192.168.123.101:6801/2530303036] conn(0x7fc79003dba0 0x7fc790040060 secure :-1 s=READY pgs=7 cs=0 l=1 rev1=1 crypto rx=0x7fc7b00521f0 tx=0x7fc7b006a990 comp rx=0 tx=0).ready entity=mgr.14118 client_cookie=0 server_cookie=0 in_seq=0 out_seq=0
2026-03-09T15:48:14.125 INFO:teuthology.orchestra.run.vm01.stdout:/usr/bin/ceph: stderr
2026-03-09T15:48:13.918+0000 7fc79f7fe640 1 -- 192.168.123.101:0/3010145751 <== mon.0 v2:192.168.123.101:3300/0 5 ==== osd_map(2..2 src has 1..2) ==== 940+0+0 (secure 0 0 0) 0x7fc7ac077b20 con 0x7fc7a80a4930
2026-03-09T15:48:14.125 INFO:teuthology.orchestra.run.vm01.stdout:/usr/bin/ceph: stderr
2026-03-09T15:48:13.918+0000 7fc7b73dc640 1 -- 192.168.123.101:0/3010145751 --> [v2:192.168.123.101:3300/0,v1:192.168.123.101:6789/0] -- mon_command({"prefix": "get_command_descriptions"} v 0) -- 0x7fc77c005180 con 0x7fc7a80a4930
2026-03-09T15:48:14.125 INFO:teuthology.orchestra.run.vm01.stdout:/usr/bin/ceph: stderr
2026-03-09T15:48:13.922+0000 7fc79f7fe640 1 -- 192.168.123.101:0/3010145751 <== mon.0 v2:192.168.123.101:3300/0 6 ==== mon_command_ack([{"prefix": "get_command_descriptions"}]=0 v0) ==== 72+0+195034 (secure 0 0 0) 0x7fc7ac04c220 con 0x7fc7a80a4930
2026-03-09T15:48:14.125 INFO:teuthology.orchestra.run.vm01.stdout:/usr/bin/ceph: stderr
2026-03-09T15:48:14.058+0000 7fc7b73dc640 1 -- 192.168.123.101:0/3010145751 --> [v2:192.168.123.101:6800/2530303036,v1:192.168.123.101:6801/2530303036] -- mgr_command(tid 0: {"prefix": "orch set backend", "module_name": "cephadm", "target": ["mon-mgr", ""]}) -- 0x7fc77c002bf0 con 0x7fc79003dba0
2026-03-09T15:48:14.125 INFO:teuthology.orchestra.run.vm01.stdout:/usr/bin/ceph: stderr
2026-03-09T15:48:14.070+0000 7fc79f7fe640 1 -- 192.168.123.101:0/3010145751 <== mgr.14118 v2:192.168.123.101:6800/2530303036 1 ==== mgr_command_reply(tid 0: 0 ) ==== 8+0+0 (secure 0 0 0) 0x7fc77c002bf0 con 0x7fc79003dba0
2026-03-09T15:48:14.125 INFO:teuthology.orchestra.run.vm01.stdout:/usr/bin/ceph: stderr
2026-03-09T15:48:14.070+0000 7fc79d7fa640 1 -- 192.168.123.101:0/3010145751 >> [v2:192.168.123.101:6800/2530303036,v1:192.168.123.101:6801/2530303036] conn(0x7fc79003dba0 msgr2=0x7fc790040060 secure :-1 s=STATE_CONNECTION_ESTABLISHED l=1).mark_down
2026-03-09T15:48:14.125 INFO:teuthology.orchestra.run.vm01.stdout:/usr/bin/ceph: stderr
2026-03-09T15:48:14.070+0000 7fc79d7fa640 1 --2- 192.168.123.101:0/3010145751 >> [v2:192.168.123.101:6800/2530303036,v1:192.168.123.101:6801/2530303036] conn(0x7fc79003dba0 0x7fc790040060 secure :-1 s=READY pgs=7 cs=0 l=1 rev1=1 crypto rx=0x7fc7b00521f0 tx=0x7fc7b006a990 comp rx=0 tx=0).stop
2026-03-09T15:48:14.125 INFO:teuthology.orchestra.run.vm01.stdout:/usr/bin/ceph: stderr
2026-03-09T15:48:14.070+0000 7fc79d7fa640 1 -- 192.168.123.101:0/3010145751 >> [v2:192.168.123.101:3300/0,v1:192.168.123.101:6789/0] conn(0x7fc7a80a4930 msgr2=0x7fc7a8142bd0 secure :-1 s=STATE_CONNECTION_ESTABLISHED l=1).mark_down
2026-03-09T15:48:14.125 INFO:teuthology.orchestra.run.vm01.stdout:/usr/bin/ceph: stderr
2026-03-09T15:48:14.070+0000 7fc79d7fa640 1 --2- 192.168.123.101:0/3010145751 >> [v2:192.168.123.101:3300/0,v1:192.168.123.101:6789/0] conn(0x7fc7a80a4930 0x7fc7a8142bd0 secure :-1 s=READY pgs=36 cs=0 l=1 rev1=1 crypto rx=0x7fc7ac00aaf0 tx=0x7fc7ac037680 comp rx=0 tx=0).stop
2026-03-09T15:48:14.125 INFO:teuthology.orchestra.run.vm01.stdout:/usr/bin/ceph: stderr
2026-03-09T15:48:14.074+0000 7fc79d7fa640 1 -- 192.168.123.101:0/3010145751 shutdown_connections
2026-03-09T15:48:14.125 INFO:teuthology.orchestra.run.vm01.stdout:/usr/bin/ceph: stderr
2026-03-09T15:48:14.074+0000 7fc79d7fa640 1 --2- 192.168.123.101:0/3010145751 >> [v2:192.168.123.101:6800/2530303036,v1:192.168.123.101:6801/2530303036] conn(0x7fc79003dba0 0x7fc790040060 unknown :-1 s=CLOSED pgs=7 cs=0 l=1 rev1=1 crypto rx=0 tx=0 comp rx=0 tx=0).stop
2026-03-09T15:48:14.125 INFO:teuthology.orchestra.run.vm01.stdout:/usr/bin/ceph: stderr
2026-03-09T15:48:14.074+0000 7fc79d7fa640 1 --2- 192.168.123.101:0/3010145751 >> [v2:192.168.123.101:3300/0,v1:192.168.123.101:6789/0] conn(0x7fc7a80a4930 0x7fc7a8142bd0 unknown :-1 s=CLOSED pgs=36 cs=0 l=1 rev1=1 crypto rx=0 tx=0 comp rx=0 tx=0).stop
2026-03-09T15:48:14.125 INFO:teuthology.orchestra.run.vm01.stdout:/usr/bin/ceph: stderr
2026-03-09T15:48:14.074+0000 7fc79d7fa640 1 -- 192.168.123.101:0/3010145751 >> 192.168.123.101:0/3010145751 conn(0x7fc7a809fc40 msgr2=0x7fc7a80a06d0 unknown :-1 s=STATE_NONE l=0).mark_down
2026-03-09T15:48:14.125 INFO:teuthology.orchestra.run.vm01.stdout:/usr/bin/ceph: stderr
2026-03-09T15:48:14.074+0000 7fc79d7fa640 1 -- 192.168.123.101:0/3010145751 shutdown_connections
2026-03-09T15:48:14.125 INFO:teuthology.orchestra.run.vm01.stdout:/usr/bin/ceph: stderr
2026-03-09T15:48:14.074+0000 7fc79d7fa640 1 -- 192.168.123.101:0/3010145751 wait complete.
2026-03-09T15:48:14.406 INFO:teuthology.orchestra.run.vm01.stdout:/usr/bin/ceph: stdout value unchanged
2026-03-09T15:48:14.406 INFO:teuthology.orchestra.run.vm01.stdout:/usr/bin/ceph: stderr
2026-03-09T15:48:14.258+0000 7fddfbfff640 1 Processor -- start
2026-03-09T15:48:14.406 INFO:teuthology.orchestra.run.vm01.stdout:/usr/bin/ceph: stderr
2026-03-09T15:48:14.258+0000 7fddfbfff640 1 -- start start
2026-03-09T15:48:14.406 INFO:teuthology.orchestra.run.vm01.stdout:/usr/bin/ceph: stderr
2026-03-09T15:48:14.258+0000 7fddfbfff640 1 --2- >> [v2:192.168.123.101:3300/0,v1:192.168.123.101:6789/0] conn(0x7fddf40a4910 0x7fddf40a4d10 unknown :-1 s=NONE pgs=0 cs=0 l=0 rev1=0 crypto rx=0 tx=0 comp rx=0 tx=0).connect
2026-03-09T15:48:14.406 INFO:teuthology.orchestra.run.vm01.stdout:/usr/bin/ceph: stderr
2026-03-09T15:48:14.258+0000 7fddfbfff640 1 -- --> [v2:192.168.123.101:3300/0,v1:192.168.123.101:6789/0] -- mon_getmap magic: 0 -- 0x7fddf40a52e0 con 0x7fddf40a4910
2026-03-09T15:48:14.406 INFO:teuthology.orchestra.run.vm01.stdout:/usr/bin/ceph: stderr
2026-03-09T15:48:14.258+0000 7fddfaffd640 1 --2- >> [v2:192.168.123.101:3300/0,v1:192.168.123.101:6789/0] conn(0x7fddf40a4910 0x7fddf40a4d10 unknown :-1 s=BANNER_CONNECTING pgs=0 cs=0 l=0 rev1=0 crypto rx=0 tx=0 comp rx=0 tx=0)._handle_peer_banner_payload supported=3 required=0
2026-03-09T15:48:14.406 INFO:teuthology.orchestra.run.vm01.stdout:/usr/bin/ceph: stderr
2026-03-09T15:48:14.258+0000 7fddfaffd640 1 --2- >> [v2:192.168.123.101:3300/0,v1:192.168.123.101:6789/0] conn(0x7fddf40a4910 0x7fddf40a4d10 unknown :-1 s=HELLO_CONNECTING pgs=0 cs=0 l=0 rev1=1 crypto rx=0 tx=0 comp rx=0 tx=0).handle_hello peer v2:192.168.123.101:3300/0 says I am v2:192.168.123.101:43884/0 (socket says 192.168.123.101:43884)
2026-03-09T15:48:14.406 INFO:teuthology.orchestra.run.vm01.stdout:/usr/bin/ceph: stderr
2026-03-09T15:48:14.258+0000 7fddfaffd640 1 -- 192.168.123.101:0/1550257823 learned_addr learned my addr 192.168.123.101:0/1550257823 (peer_addr_for_me v2:192.168.123.101:0/0)
2026-03-09T15:48:14.406 INFO:teuthology.orchestra.run.vm01.stdout:/usr/bin/ceph: stderr
2026-03-09T15:48:14.258+0000 7fddfaffd640 1 -- 192.168.123.101:0/1550257823 --> [v2:192.168.123.101:3300/0,v1:192.168.123.101:6789/0] -- mon_subscribe({config=0+,monmap=0+}) -- 0x7fddf40a5b10 con 0x7fddf40a4910
2026-03-09T15:48:14.406 INFO:teuthology.orchestra.run.vm01.stdout:/usr/bin/ceph: stderr
2026-03-09T15:48:14.258+0000 7fddfaffd640 1 --2- 192.168.123.101:0/1550257823 >> [v2:192.168.123.101:3300/0,v1:192.168.123.101:6789/0] conn(0x7fddf40a4910 0x7fddf40a4d10 secure :-1 s=READY pgs=37 cs=0 l=1 rev1=1 crypto rx=0x7fddec00a9c0 tx=0x7fddec033650 comp rx=0 tx=0).ready entity=mon.0 client_cookie=c3050a57f3c31c52 server_cookie=0 in_seq=0 out_seq=0
2026-03-09T15:48:14.406 INFO:teuthology.orchestra.run.vm01.stdout:/usr/bin/ceph: stderr
2026-03-09T15:48:14.258+0000 7fddf9ffb640 1 -- 192.168.123.101:0/1550257823 <== mon.0 v2:192.168.123.101:3300/0 1 ==== mon_map magic: 0 ==== 205+0+0 (secure 0 0 0) 0x7fddec037580 con 0x7fddf40a4910
2026-03-09T15:48:14.406 INFO:teuthology.orchestra.run.vm01.stdout:/usr/bin/ceph: stderr
2026-03-09T15:48:14.258+0000 7fddf9ffb640 1 -- 192.168.123.101:0/1550257823 <== mon.0 v2:192.168.123.101:3300/0 2 ==== config(23 keys) ==== 947+0+0 (secure 0 0 0) 0x7fddec037b40 con 0x7fddf40a4910
2026-03-09T15:48:14.406 INFO:teuthology.orchestra.run.vm01.stdout:/usr/bin/ceph: stderr
2026-03-09T15:48:14.258+0000 7fddfbfff640 1 -- 192.168.123.101:0/1550257823 >> [v2:192.168.123.101:3300/0,v1:192.168.123.101:6789/0] conn(0x7fddf40a4910 msgr2=0x7fddf40a4d10 secure :-1 s=STATE_CONNECTION_ESTABLISHED l=1).mark_down
2026-03-09T15:48:14.406 INFO:teuthology.orchestra.run.vm01.stdout:/usr/bin/ceph: stderr
2026-03-09T15:48:14.258+0000 7fddfbfff640 1 --2- 192.168.123.101:0/1550257823 >> [v2:192.168.123.101:3300/0,v1:192.168.123.101:6789/0] conn(0x7fddf40a4910 0x7fddf40a4d10 secure :-1 s=READY pgs=37 cs=0 l=1 rev1=1 crypto rx=0x7fddec00a9c0 tx=0x7fddec033650 comp rx=0 tx=0).stop
2026-03-09T15:48:14.406 INFO:teuthology.orchestra.run.vm01.stdout:/usr/bin/ceph: stderr
2026-03-09T15:48:14.258+0000 7fddfbfff640 1 -- 192.168.123.101:0/1550257823 shutdown_connections
2026-03-09T15:48:14.406 INFO:teuthology.orchestra.run.vm01.stdout:/usr/bin/ceph: stderr
2026-03-09T15:48:14.258+0000 7fddfbfff640 1 --2- 192.168.123.101:0/1550257823 >> [v2:192.168.123.101:3300/0,v1:192.168.123.101:6789/0] conn(0x7fddf40a4910 0x7fddf40a4d10 unknown :-1 s=CLOSED pgs=37 cs=0 l=1 rev1=1 crypto rx=0 tx=0 comp rx=0 tx=0).stop
2026-03-09T15:48:14.406 INFO:teuthology.orchestra.run.vm01.stdout:/usr/bin/ceph: stderr
2026-03-09T15:48:14.258+0000 7fddfbfff640 1 -- 192.168.123.101:0/1550257823 >> 192.168.123.101:0/1550257823 conn(0x7fddf409fc20 msgr2=0x7fddf40a2080 unknown :-1 s=STATE_NONE l=0).mark_down
2026-03-09T15:48:14.406 INFO:teuthology.orchestra.run.vm01.stdout:/usr/bin/ceph: stderr
2026-03-09T15:48:14.258+0000 7fddfbfff640 1 -- 192.168.123.101:0/1550257823 shutdown_connections
2026-03-09T15:48:14.406 INFO:teuthology.orchestra.run.vm01.stdout:/usr/bin/ceph: stderr
2026-03-09T15:48:14.258+0000 7fddfbfff640 1 -- 192.168.123.101:0/1550257823 wait complete.
2026-03-09T15:48:14.406 INFO:teuthology.orchestra.run.vm01.stdout:/usr/bin/ceph: stderr
2026-03-09T15:48:14.258+0000 7fddfbfff640 1 Processor -- start
2026-03-09T15:48:14.406 INFO:teuthology.orchestra.run.vm01.stdout:/usr/bin/ceph: stderr
2026-03-09T15:48:14.258+0000 7fddfbfff640 1 -- start start
2026-03-09T15:48:14.406 INFO:teuthology.orchestra.run.vm01.stdout:/usr/bin/ceph: stderr
2026-03-09T15:48:14.262+0000 7fddfbfff640 1 --2- >> [v2:192.168.123.101:3300/0,v1:192.168.123.101:6789/0] conn(0x7fddf4135f80 0x7fddf41363a0 unknown :-1 s=NONE pgs=0 cs=0 l=1 rev1=0 crypto rx=0 tx=0 comp rx=0 tx=0).connect
2026-03-09T15:48:14.406 INFO:teuthology.orchestra.run.vm01.stdout:/usr/bin/ceph: stderr
2026-03-09T15:48:14.262+0000 7fddfbfff640 1 -- --> [v2:192.168.123.101:3300/0,v1:192.168.123.101:6789/0] -- mon_getmap magic: 0 -- 0x7fddf40a64b0 con 0x7fddf4135f80
2026-03-09T15:48:14.406 INFO:teuthology.orchestra.run.vm01.stdout:/usr/bin/ceph: stderr
2026-03-09T15:48:14.262+0000 7fddfaffd640 1 --2- >> [v2:192.168.123.101:3300/0,v1:192.168.123.101:6789/0] conn(0x7fddf4135f80 0x7fddf41363a0 unknown :-1 s=BANNER_CONNECTING pgs=0 cs=0 l=1 rev1=0 crypto rx=0 tx=0 comp rx=0 tx=0)._handle_peer_banner_payload supported=3 required=0
2026-03-09T15:48:14.407 INFO:teuthology.orchestra.run.vm01.stdout:/usr/bin/ceph: stderr
2026-03-09T15:48:14.262+0000 7fddfaffd640 1 --2- >> [v2:192.168.123.101:3300/0,v1:192.168.123.101:6789/0] conn(0x7fddf4135f80 0x7fddf41363a0 unknown :-1 s=HELLO_CONNECTING pgs=0 cs=0 l=1 rev1=1 crypto rx=0 tx=0 comp rx=0 tx=0).handle_hello peer v2:192.168.123.101:3300/0 says I am v2:192.168.123.101:43900/0 (socket says 192.168.123.101:43900)
2026-03-09T15:48:14.407 INFO:teuthology.orchestra.run.vm01.stdout:/usr/bin/ceph: stderr
2026-03-09T15:48:14.262+0000 7fddfaffd640 1 -- 192.168.123.101:0/2790985412 learned_addr learned my addr 192.168.123.101:0/2790985412 (peer_addr_for_me v2:192.168.123.101:0/0)
2026-03-09T15:48:14.407 INFO:teuthology.orchestra.run.vm01.stdout:/usr/bin/ceph: stderr
2026-03-09T15:48:14.262+0000 7fddfaffd640 1 -- 192.168.123.101:0/2790985412 --> [v2:192.168.123.101:3300/0,v1:192.168.123.101:6789/0] -- mon_subscribe({config=0+,monmap=0+}) -- 0x7fddf41368e0 con 0x7fddf4135f80
2026-03-09T15:48:14.407 INFO:teuthology.orchestra.run.vm01.stdout:/usr/bin/ceph: stderr
2026-03-09T15:48:14.262+0000 7fddfaffd640 1 --2- 192.168.123.101:0/2790985412 >> [v2:192.168.123.101:3300/0,v1:192.168.123.101:6789/0] conn(0x7fddf4135f80 0x7fddf41363a0 secure :-1 s=READY pgs=38 cs=0 l=1 rev1=1 crypto rx=0x7fddec03d9e0 tx=0x7fddec03da10 comp rx=0 tx=0).ready entity=mon.0 client_cookie=0 server_cookie=0 in_seq=0 out_seq=0
2026-03-09T15:48:14.407 INFO:teuthology.orchestra.run.vm01.stdout:/usr/bin/ceph: stderr
2026-03-09T15:48:14.262+0000 7fdddbfff640 1 -- 192.168.123.101:0/2790985412 <== mon.0 v2:192.168.123.101:3300/0 1 ==== mon_map magic: 0 ==== 205+0+0 (secure 0 0 0) 0x7fddec04a070 con 0x7fddf4135f80
2026-03-09T15:48:14.407 INFO:teuthology.orchestra.run.vm01.stdout:/usr/bin/ceph: stderr
2026-03-09T15:48:14.262+0000 7fddfbfff640 1 -- 192.168.123.101:0/2790985412 --> [v2:192.168.123.101:3300/0,v1:192.168.123.101:6789/0] -- mon_subscribe({mgrmap=0+}) -- 0x7fddf4136b70 con 0x7fddf4135f80
2026-03-09T15:48:14.407 INFO:teuthology.orchestra.run.vm01.stdout:/usr/bin/ceph: stderr
2026-03-09T15:48:14.262+0000 7fddfbfff640 1 -- 192.168.123.101:0/2790985412 --> [v2:192.168.123.101:3300/0,v1:192.168.123.101:6789/0] -- mon_subscribe({osdmap=0}) -- 0x7fddf41376c0 con 0x7fddf4135f80
2026-03-09T15:48:14.407 INFO:teuthology.orchestra.run.vm01.stdout:/usr/bin/ceph: stderr
2026-03-09T15:48:14.262+0000 7fdddbfff640 1 -- 192.168.123.101:0/2790985412 <== mon.0 v2:192.168.123.101:3300/0 2 ==== config(23 keys) ==== 947+0+0 (secure 0 0 0) 0x7fddec010380 con 0x7fddf4135f80
2026-03-09T15:48:14.407 INFO:teuthology.orchestra.run.vm01.stdout:/usr/bin/ceph: stderr
2026-03-09T15:48:14.262+0000 7fddfbfff640 1 -- 192.168.123.101:0/2790985412 --> [v2:192.168.123.101:3300/0,v1:192.168.123.101:6789/0] -- mon_command({"prefix": "get_command_descriptions"} v 0) -- 0x7fddcc005180 con 0x7fddf4135f80
2026-03-09T15:48:14.407 INFO:teuthology.orchestra.run.vm01.stdout:/usr/bin/ceph: stderr
2026-03-09T15:48:14.262+0000 7fdddbfff640 1 -- 192.168.123.101:0/2790985412 <== mon.0 v2:192.168.123.101:3300/0 3 ==== mon_map magic: 0 ==== 205+0+0 (secure 0 0 0) 0x7fddec045af0 con 0x7fddf4135f80
2026-03-09T15:48:14.407 INFO:teuthology.orchestra.run.vm01.stdout:/usr/bin/ceph: stderr
2026-03-09T15:48:14.262+0000 7fdddbfff640 1 -- 192.168.123.101:0/2790985412 <== mon.0 v2:192.168.123.101:3300/0 4 ==== mgrmap(e 6) ==== 50141+0+0 (secure 0 0 0) 0x7fddec03b070 con 0x7fddf4135f80
2026-03-09T15:48:14.407 INFO:teuthology.orchestra.run.vm01.stdout:/usr/bin/ceph: stderr
2026-03-09T15:48:14.262+0000 7fdddbfff640 1 --2- 192.168.123.101:0/2790985412 >> [v2:192.168.123.101:6800/2530303036,v1:192.168.123.101:6801/2530303036] conn(0x7fddd403dbc0 0x7fddd4040080 unknown :-1 s=NONE pgs=0 cs=0 l=1 rev1=0 crypto rx=0 tx=0 comp rx=0 tx=0).connect
2026-03-09T15:48:14.407 INFO:teuthology.orchestra.run.vm01.stdout:/usr/bin/ceph: stderr
2026-03-09T15:48:14.262+0000 7fdddbfff640 1 -- 192.168.123.101:0/2790985412 <== mon.0 v2:192.168.123.101:3300/0 5 ==== osd_map(2..2 src has 1..2) ==== 940+0+0 (secure 0 0 0) 0x7fddec0795d0 con 0x7fddf4135f80
2026-03-09T15:48:14.407 INFO:teuthology.orchestra.run.vm01.stdout:/usr/bin/ceph: stderr
2026-03-09T15:48:14.262+0000 7fddfa7fc640 1 --2- 192.168.123.101:0/2790985412 >> [v2:192.168.123.101:6800/2530303036,v1:192.168.123.101:6801/2530303036] conn(0x7fddd403dbc0 0x7fddd4040080 unknown :-1 s=BANNER_CONNECTING pgs=0 cs=0 l=1 rev1=0 crypto rx=0 tx=0 comp rx=0 tx=0)._handle_peer_banner_payload supported=3 required=0
2026-03-09T15:48:14.407 INFO:teuthology.orchestra.run.vm01.stdout:/usr/bin/ceph: stderr
2026-03-09T15:48:14.262+0000 7fddfa7fc640 1 --2- 192.168.123.101:0/2790985412 >> [v2:192.168.123.101:6800/2530303036,v1:192.168.123.101:6801/2530303036] conn(0x7fddd403dbc0 0x7fddd4040080 secure :-1 s=READY pgs=8 cs=0 l=1 rev1=1 crypto rx=0x7fddfc0521f0 tx=0x7fddfc06a800 comp rx=0 tx=0).ready entity=mgr.14118 client_cookie=0 server_cookie=0 in_seq=0 out_seq=0
2026-03-09T15:48:14.407 INFO:teuthology.orchestra.run.vm01.stdout:/usr/bin/ceph: stderr
2026-03-09T15:48:14.266+0000 7fdddbfff640 1 -- 192.168.123.101:0/2790985412 <== mon.0 v2:192.168.123.101:3300/0 6 ==== mon_command_ack([{"prefix": "get_command_descriptions"}]=0 v0) ==== 72+0+195034 (secure 0 0 0) 0x7fddec010070 con 0x7fddf4135f80
2026-03-09T15:48:14.407 INFO:teuthology.orchestra.run.vm01.stdout:/usr/bin/ceph: stderr
2026-03-09T15:48:14.358+0000 7fddfbfff640 1 -- 192.168.123.101:0/2790985412 --> [v2:192.168.123.101:6800/2530303036,v1:192.168.123.101:6801/2530303036] -- mgr_command(tid 0: {"prefix": "cephadm set-user", "user": "root", "target": ["mon-mgr", ""]}) -- 0x7fddcc002bf0 con 0x7fddd403dbc0
2026-03-09T15:48:14.407 INFO:teuthology.orchestra.run.vm01.stdout:/usr/bin/ceph: stderr
2026-03-09T15:48:14.362+0000 7fdddbfff640 1 -- 192.168.123.101:0/2790985412 <== mgr.14118 v2:192.168.123.101:6800/2530303036 1 ==== mgr_command_reply(tid 0: 0 ) ==== 8+0+16 (secure 0 0 0) 0x7fddcc002bf0 con 0x7fddd403dbc0
2026-03-09T15:48:14.407 INFO:teuthology.orchestra.run.vm01.stdout:/usr/bin/ceph: stderr
2026-03-09T15:48:14.362+0000 7fddd9ffb640 1 -- 192.168.123.101:0/2790985412 >> [v2:192.168.123.101:6800/2530303036,v1:192.168.123.101:6801/2530303036] conn(0x7fddd403dbc0 msgr2=0x7fddd4040080 secure :-1 s=STATE_CONNECTION_ESTABLISHED l=1).mark_down
2026-03-09T15:48:14.407 INFO:teuthology.orchestra.run.vm01.stdout:/usr/bin/ceph: stderr
2026-03-09T15:48:14.362+0000 7fddd9ffb640 1 --2- 192.168.123.101:0/2790985412 >> [v2:192.168.123.101:6800/2530303036,v1:192.168.123.101:6801/2530303036] conn(0x7fddd403dbc0 0x7fddd4040080 secure :-1 s=READY pgs=8 cs=0 l=1 rev1=1 crypto rx=0x7fddfc0521f0 tx=0x7fddfc06a800 comp rx=0 tx=0).stop
2026-03-09T15:48:14.407 INFO:teuthology.orchestra.run.vm01.stdout:/usr/bin/ceph: stderr
2026-03-09T15:48:14.362+0000 7fddd9ffb640 1 -- 192.168.123.101:0/2790985412 >> [v2:192.168.123.101:3300/0,v1:192.168.123.101:6789/0] conn(0x7fddf4135f80 msgr2=0x7fddf41363a0 secure :-1 s=STATE_CONNECTION_ESTABLISHED l=1).mark_down
2026-03-09T15:48:14.407 INFO:teuthology.orchestra.run.vm01.stdout:/usr/bin/ceph: stderr
2026-03-09T15:48:14.362+0000 7fddd9ffb640 1 --2- 192.168.123.101:0/2790985412 >> [v2:192.168.123.101:3300/0,v1:192.168.123.101:6789/0] conn(0x7fddf4135f80 0x7fddf41363a0 secure :-1 s=READY pgs=38 cs=0 l=1 rev1=1 crypto rx=0x7fddec03d9e0 tx=0x7fddec03da10 comp rx=0 tx=0).stop
2026-03-09T15:48:14.407 INFO:teuthology.orchestra.run.vm01.stdout:/usr/bin/ceph: stderr
2026-03-09T15:48:14.362+0000 7fddd9ffb640 1 -- 192.168.123.101:0/2790985412 shutdown_connections
2026-03-09T15:48:14.407 INFO:teuthology.orchestra.run.vm01.stdout:/usr/bin/ceph: stderr
2026-03-09T15:48:14.362+0000 7fddd9ffb640 1 --2- 192.168.123.101:0/2790985412 >> [v2:192.168.123.101:6800/2530303036,v1:192.168.123.101:6801/2530303036] conn(0x7fddd403dbc0 0x7fddd4040080 unknown :-1 s=CLOSED pgs=8 cs=0 l=1 rev1=1 crypto rx=0 tx=0 comp rx=0 tx=0).stop
2026-03-09T15:48:14.407 INFO:teuthology.orchestra.run.vm01.stdout:/usr/bin/ceph: stderr
2026-03-09T15:48:14.362+0000 7fddd9ffb640 1 --2- 192.168.123.101:0/2790985412 >> [v2:192.168.123.101:3300/0,v1:192.168.123.101:6789/0] conn(0x7fddf4135f80 0x7fddf41363a0 unknown :-1 s=CLOSED pgs=38 cs=0 l=1 rev1=1 crypto rx=0 tx=0 comp rx=0 tx=0).stop
2026-03-09T15:48:14.407 INFO:teuthology.orchestra.run.vm01.stdout:/usr/bin/ceph: stderr
2026-03-09T15:48:14.362+0000 7fddd9ffb640 1 -- 192.168.123.101:0/2790985412 >> 192.168.123.101:0/2790985412 conn(0x7fddf409fc20 msgr2=0x7fddf40a05f0 unknown :-1 s=STATE_NONE l=0).mark_down
2026-03-09T15:48:14.407 INFO:teuthology.orchestra.run.vm01.stdout:/usr/bin/ceph: stderr
2026-03-09T15:48:14.362+0000 7fddd9ffb640 1 -- 192.168.123.101:0/2790985412 shutdown_connections
2026-03-09T15:48:14.407 INFO:teuthology.orchestra.run.vm01.stdout:/usr/bin/ceph: stderr
2026-03-09T15:48:14.366+0000 7fddd9ffb640 1 -- 192.168.123.101:0/2790985412 wait complete.
2026-03-09T15:48:14.407 INFO:teuthology.orchestra.run.vm01.stdout:Generating ssh key...
2026-03-09T15:48:14.694 INFO:teuthology.orchestra.run.vm01.stdout:/usr/bin/ceph: stderr
2026-03-09T15:48:14.510+0000 7fecc0853640 1 Processor -- start
2026-03-09T15:48:14.694 INFO:teuthology.orchestra.run.vm01.stdout:/usr/bin/ceph: stderr
2026-03-09T15:48:14.514+0000 7fecc0853640 1 -- start start
2026-03-09T15:48:14.694 INFO:teuthology.orchestra.run.vm01.stdout:/usr/bin/ceph: stderr
2026-03-09T15:48:14.514+0000 7fecc0853640 1 --2- >> [v2:192.168.123.101:3300/0,v1:192.168.123.101:6789/0] conn(0x7fecbc1065b0 0x7fecbc1069b0 unknown :-1 s=NONE pgs=0 cs=0 l=0 rev1=0 crypto rx=0 tx=0 comp rx=0 tx=0).connect
2026-03-09T15:48:14.695 INFO:teuthology.orchestra.run.vm01.stdout:/usr/bin/ceph: stderr
2026-03-09T15:48:14.514+0000 7fecc0853640 1 -- --> [v2:192.168.123.101:3300/0,v1:192.168.123.101:6789/0] -- mon_getmap magic: 0 -- 0x7fecbc106f80 con 0x7fecbc1065b0
2026-03-09T15:48:14.695 INFO:teuthology.orchestra.run.vm01.stdout:/usr/bin/ceph: stderr
2026-03-09T15:48:14.514+0000 7fecba575640 1 --2- >> [v2:192.168.123.101:3300/0,v1:192.168.123.101:6789/0] conn(0x7fecbc1065b0 0x7fecbc1069b0 unknown :-1 s=BANNER_CONNECTING pgs=0 cs=0 l=0 rev1=0 crypto rx=0 tx=0 comp rx=0 tx=0)._handle_peer_banner_payload supported=3 required=0
2026-03-09T15:48:14.695 INFO:teuthology.orchestra.run.vm01.stdout:/usr/bin/ceph: stderr
2026-03-09T15:48:14.514+0000 7fecba575640 1 --2- >> [v2:192.168.123.101:3300/0,v1:192.168.123.101:6789/0] conn(0x7fecbc1065b0 0x7fecbc1069b0 unknown :-1 s=HELLO_CONNECTING pgs=0 cs=0 l=0 rev1=1 crypto rx=0 tx=0 comp rx=0 tx=0).handle_hello peer v2:192.168.123.101:3300/0 says I am v2:192.168.123.101:43910/0 (socket says 192.168.123.101:43910)
2026-03-09T15:48:14.695 INFO:teuthology.orchestra.run.vm01.stdout:/usr/bin/ceph: stderr
2026-03-09T15:48:14.514+0000 7fecba575640 1 -- 192.168.123.101:0/1409045613 learned_addr learned my addr 192.168.123.101:0/1409045613 (peer_addr_for_me v2:192.168.123.101:0/0)
2026-03-09T15:48:14.695 INFO:teuthology.orchestra.run.vm01.stdout:/usr/bin/ceph: stderr
2026-03-09T15:48:14.514+0000 7fecba575640 1 -- 192.168.123.101:0/1409045613 --> [v2:192.168.123.101:3300/0,v1:192.168.123.101:6789/0] -- mon_subscribe({config=0+,monmap=0+}) -- 0x7fecbc1077b0 con 0x7fecbc1065b0
2026-03-09T15:48:14.695 INFO:teuthology.orchestra.run.vm01.stdout:/usr/bin/ceph: stderr
2026-03-09T15:48:14.514+0000 7fecba575640 1 --2- 192.168.123.101:0/1409045613 >> [v2:192.168.123.101:3300/0,v1:192.168.123.101:6789/0] conn(0x7fecbc1065b0 0x7fecbc1069b0 secure :-1 s=READY pgs=39 cs=0 l=1 rev1=1 crypto rx=0x7feca4009b80 tx=0x7feca402f190 comp rx=0 tx=0).ready entity=mon.0 client_cookie=131ad72141d8a96f server_cookie=0 in_seq=0 out_seq=0
2026-03-09T15:48:14.695 INFO:teuthology.orchestra.run.vm01.stdout:/usr/bin/ceph: stderr
2026-03-09T15:48:14.514+0000 7fecb9573640 1 -- 192.168.123.101:0/1409045613 <== mon.0 v2:192.168.123.101:3300/0 1 ==== mon_map magic: 0 ==== 205+0+0 (secure 0 0 0) 0x7feca403c070 con 0x7fecbc1065b0
2026-03-09T15:48:14.695 INFO:teuthology.orchestra.run.vm01.stdout:/usr/bin/ceph: stderr
2026-03-09T15:48:14.514+0000 7fecb9573640 1 -- 192.168.123.101:0/1409045613 <== mon.0 v2:192.168.123.101:3300/0 2 ==== config(23 keys) ==== 947+0+0 (secure 0 0 0) 0x7feca4037440 con 0x7fecbc1065b0
2026-03-09T15:48:14.695 INFO:teuthology.orchestra.run.vm01.stdout:/usr/bin/ceph: stderr
2026-03-09T15:48:14.514+0000 7fecb9573640 1 -- 192.168.123.101:0/1409045613 <== mon.0 v2:192.168.123.101:3300/0 3 ==== mon_map magic: 0 ==== 205+0+0 (secure 0 0 0) 0x7feca4035340 con 0x7fecbc1065b0
2026-03-09T15:48:14.695 INFO:teuthology.orchestra.run.vm01.stdout:/usr/bin/ceph: stderr
2026-03-09T15:48:14.514+0000 7fecc0853640 1 -- 192.168.123.101:0/1409045613 >> [v2:192.168.123.101:3300/0,v1:192.168.123.101:6789/0] conn(0x7fecbc1065b0 msgr2=0x7fecbc1069b0 secure :-1 s=STATE_CONNECTION_ESTABLISHED l=1).mark_down
2026-03-09T15:48:14.695 INFO:teuthology.orchestra.run.vm01.stdout:/usr/bin/ceph: stderr
2026-03-09T15:48:14.514+0000 7fecc0853640 1 --2- 192.168.123.101:0/1409045613 >> [v2:192.168.123.101:3300/0,v1:192.168.123.101:6789/0] conn(0x7fecbc1065b0 0x7fecbc1069b0 secure :-1 s=READY pgs=39 cs=0 l=1 rev1=1 crypto rx=0x7feca4009b80 tx=0x7feca402f190 comp rx=0 tx=0).stop
2026-03-09T15:48:14.695 INFO:teuthology.orchestra.run.vm01.stdout:/usr/bin/ceph: stderr
2026-03-09T15:48:14.518+0000 7fecc0853640 1 -- 192.168.123.101:0/1409045613 shutdown_connections
2026-03-09T15:48:14.695 INFO:teuthology.orchestra.run.vm01.stdout:/usr/bin/ceph: stderr
2026-03-09T15:48:14.518+0000 7fecc0853640 1 --2- 192.168.123.101:0/1409045613 >> [v2:192.168.123.101:3300/0,v1:192.168.123.101:6789/0] conn(0x7fecbc1065b0 0x7fecbc1069b0 unknown :-1 s=CLOSED pgs=39 cs=0 l=1 rev1=1 crypto rx=0 tx=0 comp rx=0 tx=0).stop
