2026-03-09T15:48:07.434 INFO:journalctl@ceph.mon.a.vm01.stdout:Mar 09 15:48:07 vm01 bash[20728]: audit
2026-03-09T15:48:07.190851+0000 mon.a (mon.0) 24 : audit [INF] from='mgr.14102 192.168.123.101:0/1838944567' entity='mgr.y' cmd=[{"prefix":"config rm","who":"mgr","name":"mgr/rbd_support/y/trash_purge_schedule"}]: dispatch
2026-03-09T15:48:07.434 INFO:journalctl@ceph.mon.a.vm01.stdout:Mar 09 15:48:07 vm01 bash[20728]: audit
2026-03-09T15:48:07.190851+0000 mon.a (mon.0) 24 : audit [INF] from='mgr.14102 192.168.123.101:0/1838944567' entity='mgr.y' cmd=[{"prefix":"config rm","who":"mgr","name":"mgr/rbd_support/y/trash_purge_schedule"}]: dispatch
2026-03-09T15:48:07.434 INFO:journalctl@ceph.mon.a.vm01.stdout:Mar 09 15:48:07 vm01 bash[20728]: audit
2026-03-09T15:48:07.192973+0000 mon.a (mon.0) 25 : audit [INF] from='mgr.14102 192.168.123.101:0/1838944567' entity='mgr.y'
2026-03-09T15:48:07.434 INFO:journalctl@ceph.mon.a.vm01.stdout:Mar 09 15:48:07 vm01 bash[20728]: audit
2026-03-09T15:48:07.192973+0000 mon.a (mon.0) 25 : audit [INF] from='mgr.14102 192.168.123.101:0/1838944567' entity='mgr.y'
2026-03-09T15:48:07.434 INFO:journalctl@ceph.mon.a.vm01.stdout:Mar 09 15:48:07 vm01 bash[20728]: audit
2026-03-09T15:48:07.197636+0000 mon.a (mon.0) 26 : audit [INF] from='mgr.14102 192.168.123.101:0/1838944567' entity='mgr.y'
2026-03-09T15:48:07.434 INFO:journalctl@ceph.mon.a.vm01.stdout:Mar 09 15:48:07 vm01 bash[20728]: audit
2026-03-09T15:48:07.197636+0000 mon.a (mon.0) 26 : audit [INF] from='mgr.14102 192.168.123.101:0/1838944567' entity='mgr.y'
2026-03-09T15:48:08.433 INFO:journalctl@ceph.mon.a.vm01.stdout:Mar 09 15:48:08 vm01 bash[20728]: audit
2026-03-09T15:48:07.207147+0000 mon.a (mon.0) 27 : audit [INF] from='mgr.14102 192.168.123.101:0/1838944567' entity='mgr.y'
2026-03-09T15:48:08.433 INFO:journalctl@ceph.mon.a.vm01.stdout:Mar 09 15:48:08 vm01 bash[20728]: audit
2026-03-09T15:48:07.207147+0000 mon.a (mon.0) 27 : audit [INF] from='mgr.14102 192.168.123.101:0/1838944567' entity='mgr.y'
2026-03-09T15:48:08.433 INFO:journalctl@ceph.mon.a.vm01.stdout:Mar 09 15:48:08 vm01 bash[20728]: cluster
2026-03-09T15:48:08.162817+0000 mon.a (mon.0) 28 : cluster [DBG] mgrmap e3: y(active, since 1.01729s)
2026-03-09T15:48:08.433 INFO:journalctl@ceph.mon.a.vm01.stdout:Mar 09 15:48:08 vm01 bash[20728]: cluster
2026-03-09T15:48:08.162817+0000 mon.a (mon.0) 28 : cluster [DBG] mgrmap e3: y(active, since 1.01729s)
2026-03-09T15:48:08.537 INFO:teuthology.orchestra.run.vm01.stdout:/usr/bin/ceph: stdout
2026-03-09T15:48:08.537 INFO:teuthology.orchestra.run.vm01.stdout:/usr/bin/ceph: stdout {
2026-03-09T15:48:08.537 INFO:teuthology.orchestra.run.vm01.stdout:/usr/bin/ceph: stdout "fsid": "397fadc0-1bcf-11f1-8481-edc1430c2c03",
2026-03-09T15:48:08.537 INFO:teuthology.orchestra.run.vm01.stdout:/usr/bin/ceph: stdout "health": {
2026-03-09T15:48:08.537 INFO:teuthology.orchestra.run.vm01.stdout:/usr/bin/ceph: stdout "status": "HEALTH_OK",
2026-03-09T15:48:08.537 INFO:teuthology.orchestra.run.vm01.stdout:/usr/bin/ceph: stdout "checks": {},
2026-03-09T15:48:08.537 INFO:teuthology.orchestra.run.vm01.stdout:/usr/bin/ceph: stdout "mutes": []
2026-03-09T15:48:08.537 INFO:teuthology.orchestra.run.vm01.stdout:/usr/bin/ceph: stdout },
2026-03-09T15:48:08.537 INFO:teuthology.orchestra.run.vm01.stdout:/usr/bin/ceph: stdout "election_epoch": 5,
2026-03-09T15:48:08.537 INFO:teuthology.orchestra.run.vm01.stdout:/usr/bin/ceph: stdout "quorum": [
2026-03-09T15:48:08.537 INFO:teuthology.orchestra.run.vm01.stdout:/usr/bin/ceph: stdout 0
2026-03-09T15:48:08.537 INFO:teuthology.orchestra.run.vm01.stdout:/usr/bin/ceph: stdout ],
2026-03-09T15:48:08.537 INFO:teuthology.orchestra.run.vm01.stdout:/usr/bin/ceph: stdout "quorum_names": [
2026-03-09T15:48:08.537 INFO:teuthology.orchestra.run.vm01.stdout:/usr/bin/ceph: stdout "a"
2026-03-09T15:48:08.537 INFO:teuthology.orchestra.run.vm01.stdout:/usr/bin/ceph: stdout ],
2026-03-09T15:48:08.537 INFO:teuthology.orchestra.run.vm01.stdout:/usr/bin/ceph: stdout "quorum_age": 5,
2026-03-09T15:48:08.537 INFO:teuthology.orchestra.run.vm01.stdout:/usr/bin/ceph: stdout "monmap": {
2026-03-09T15:48:08.537 INFO:teuthology.orchestra.run.vm01.stdout:/usr/bin/ceph: stdout "epoch": 1,
2026-03-09T15:48:08.537 INFO:teuthology.orchestra.run.vm01.stdout:/usr/bin/ceph: stdout "min_mon_release_name": "squid",
2026-03-09T15:48:08.537 INFO:teuthology.orchestra.run.vm01.stdout:/usr/bin/ceph: stdout "num_mons": 1
2026-03-09T15:48:08.537 INFO:teuthology.orchestra.run.vm01.stdout:/usr/bin/ceph: stdout },
2026-03-09T15:48:08.537 INFO:teuthology.orchestra.run.vm01.stdout:/usr/bin/ceph: stdout "osdmap": {
2026-03-09T15:48:08.537 INFO:teuthology.orchestra.run.vm01.stdout:/usr/bin/ceph: stdout "epoch": 1,
2026-03-09T15:48:08.537 INFO:teuthology.orchestra.run.vm01.stdout:/usr/bin/ceph: stdout "num_osds": 0,
2026-03-09T15:48:08.537 INFO:teuthology.orchestra.run.vm01.stdout:/usr/bin/ceph: stdout "num_up_osds": 0,
2026-03-09T15:48:08.537 INFO:teuthology.orchestra.run.vm01.stdout:/usr/bin/ceph: stdout "osd_up_since": 0,
2026-03-09T15:48:08.537 INFO:teuthology.orchestra.run.vm01.stdout:/usr/bin/ceph: stdout "num_in_osds": 0,
2026-03-09T15:48:08.537 INFO:teuthology.orchestra.run.vm01.stdout:/usr/bin/ceph: stdout "osd_in_since": 0,
2026-03-09T15:48:08.537 INFO:teuthology.orchestra.run.vm01.stdout:/usr/bin/ceph: stdout "num_remapped_pgs": 0
2026-03-09T15:48:08.537 INFO:teuthology.orchestra.run.vm01.stdout:/usr/bin/ceph: stdout },
2026-03-09T15:48:08.537 INFO:teuthology.orchestra.run.vm01.stdout:/usr/bin/ceph: stdout "pgmap": {
2026-03-09T15:48:08.537 INFO:teuthology.orchestra.run.vm01.stdout:/usr/bin/ceph: stdout "pgs_by_state": [],
2026-03-09T15:48:08.537 INFO:teuthology.orchestra.run.vm01.stdout:/usr/bin/ceph: stdout "num_pgs": 0,
2026-03-09T15:48:08.537 INFO:teuthology.orchestra.run.vm01.stdout:/usr/bin/ceph: stdout "num_pools": 0,
2026-03-09T15:48:08.537 INFO:teuthology.orchestra.run.vm01.stdout:/usr/bin/ceph: stdout "num_objects": 0,
2026-03-09T15:48:08.537 INFO:teuthology.orchestra.run.vm01.stdout:/usr/bin/ceph: stdout "data_bytes": 0,
2026-03-09T15:48:08.537 INFO:teuthology.orchestra.run.vm01.stdout:/usr/bin/ceph: stdout "bytes_used": 0,
2026-03-09T15:48:08.537 INFO:teuthology.orchestra.run.vm01.stdout:/usr/bin/ceph: stdout "bytes_avail": 0,
2026-03-09T15:48:08.537 INFO:teuthology.orchestra.run.vm01.stdout:/usr/bin/ceph: stdout "bytes_total": 0
2026-03-09T15:48:08.537 INFO:teuthology.orchestra.run.vm01.stdout:/usr/bin/ceph: stdout },
2026-03-09T15:48:08.537 INFO:teuthology.orchestra.run.vm01.stdout:/usr/bin/ceph: stdout "fsmap": {
2026-03-09T15:48:08.537 INFO:teuthology.orchestra.run.vm01.stdout:/usr/bin/ceph: stdout "epoch": 1,
2026-03-09T15:48:08.537 INFO:teuthology.orchestra.run.vm01.stdout:/usr/bin/ceph: stdout "btime": "2026-03-09T15:48:02:072481+0000",
2026-03-09T15:48:08.537 INFO:teuthology.orchestra.run.vm01.stdout:/usr/bin/ceph: stdout "by_rank": [],
2026-03-09T15:48:08.537 INFO:teuthology.orchestra.run.vm01.stdout:/usr/bin/ceph: stdout "up:standby": 0
2026-03-09T15:48:08.537 INFO:teuthology.orchestra.run.vm01.stdout:/usr/bin/ceph: stdout },
2026-03-09T15:48:08.537 INFO:teuthology.orchestra.run.vm01.stdout:/usr/bin/ceph: stdout "mgrmap": {
2026-03-09T15:48:08.537 INFO:teuthology.orchestra.run.vm01.stdout:/usr/bin/ceph: stdout "available": true,
2026-03-09T15:48:08.537 INFO:teuthology.orchestra.run.vm01.stdout:/usr/bin/ceph: stdout "num_standbys": 0,
2026-03-09T15:48:08.537 INFO:teuthology.orchestra.run.vm01.stdout:/usr/bin/ceph: stdout "modules": [
2026-03-09T15:48:08.538 INFO:teuthology.orchestra.run.vm01.stdout:/usr/bin/ceph: stdout "iostat",
2026-03-09T15:48:08.538 INFO:teuthology.orchestra.run.vm01.stdout:/usr/bin/ceph: stdout "nfs",
2026-03-09T15:48:08.538 INFO:teuthology.orchestra.run.vm01.stdout:/usr/bin/ceph: stdout "restful"
2026-03-09T15:48:08.538 INFO:teuthology.orchestra.run.vm01.stdout:/usr/bin/ceph: stdout ],
2026-03-09T15:48:08.538 INFO:teuthology.orchestra.run.vm01.stdout:/usr/bin/ceph: stdout "services": {}
2026-03-09T15:48:08.538 INFO:teuthology.orchestra.run.vm01.stdout:/usr/bin/ceph: stdout },
2026-03-09T15:48:08.538 INFO:teuthology.orchestra.run.vm01.stdout:/usr/bin/ceph: stdout "servicemap": {
2026-03-09T15:48:08.538 INFO:teuthology.orchestra.run.vm01.stdout:/usr/bin/ceph: stdout "epoch": 1,
2026-03-09T15:48:08.538 INFO:teuthology.orchestra.run.vm01.stdout:/usr/bin/ceph: stdout "modified": "2026-03-09T15:48:02.073365+0000",
2026-03-09T15:48:08.538 INFO:teuthology.orchestra.run.vm01.stdout:/usr/bin/ceph: stdout "services": {}
2026-03-09T15:48:08.538 INFO:teuthology.orchestra.run.vm01.stdout:/usr/bin/ceph: stdout },
2026-03-09T15:48:08.538 INFO:teuthology.orchestra.run.vm01.stdout:/usr/bin/ceph: stdout "progress_events": {}
2026-03-09T15:48:08.538 INFO:teuthology.orchestra.run.vm01.stdout:/usr/bin/ceph: stdout }
2026-03-09T15:48:08.538 INFO:teuthology.orchestra.run.vm01.stdout:/usr/bin/ceph: stderr
2026-03-09T15:48:08.314+0000 7f4f9c6ba640 1 Processor -- start
2026-03-09T15:48:08.538 INFO:teuthology.orchestra.run.vm01.stdout:/usr/bin/ceph: stderr
2026-03-09T15:48:08.314+0000 7f4f9c6ba640 1 -- start start
2026-03-09T15:48:08.538 INFO:teuthology.orchestra.run.vm01.stdout:/usr/bin/ceph: stderr
2026-03-09T15:48:08.314+0000 7f4f9c6ba640 1 --2- >> [v2:192.168.123.101:3300/0,v1:192.168.123.101:6789/0] conn(0x7f4f9407c750 0x7f4f9407abb0 unknown :-1 s=NONE pgs=0 cs=0 l=0 rev1=0 crypto rx=0 tx=0 comp rx=0 tx=0).connect
2026-03-09T15:48:08.538 INFO:teuthology.orchestra.run.vm01.stdout:/usr/bin/ceph: stderr
2026-03-09T15:48:08.314+0000 7f4f9c6ba640 1 -- --> [v2:192.168.123.101:3300/0,v1:192.168.123.101:6789/0] -- mon_getmap magic: 0 -- 0x7f4f9407b0f0 con 0x7f4f9407c750
2026-03-09T15:48:08.538 INFO:teuthology.orchestra.run.vm01.stdout:/usr/bin/ceph: stderr
2026-03-09T15:48:08.314+0000 7f4f9a42f640 1 --2- >> [v2:192.168.123.101:3300/0,v1:192.168.123.101:6789/0] conn(0x7f4f9407c750 0x7f4f9407abb0 unknown :-1 s=BANNER_CONNECTING pgs=0 cs=0 l=0 rev1=0 crypto rx=0 tx=0 comp rx=0 tx=0)._handle_peer_banner_payload supported=3 required=0
2026-03-09T15:48:08.538 INFO:teuthology.orchestra.run.vm01.stdout:/usr/bin/ceph: stderr
2026-03-09T15:48:08.314+0000 7f4f9a42f640 1 --2- >> [v2:192.168.123.101:3300/0,v1:192.168.123.101:6789/0] conn(0x7f4f9407c750 0x7f4f9407abb0 unknown :-1 s=HELLO_CONNECTING pgs=0 cs=0 l=0 rev1=1 crypto rx=0 tx=0 comp rx=0 tx=0).handle_hello peer v2:192.168.123.101:3300/0 says I am v2:192.168.123.101:43712/0 (socket says 192.168.123.101:43712)
2026-03-09T15:48:08.538 INFO:teuthology.orchestra.run.vm01.stdout:/usr/bin/ceph: stderr
2026-03-09T15:48:08.314+0000 7f4f9a42f640 1 -- 192.168.123.101:0/1778047340 learned_addr learned my addr 192.168.123.101:0/1778047340 (peer_addr_for_me v2:192.168.123.101:0/0)
2026-03-09T15:48:08.538 INFO:teuthology.orchestra.run.vm01.stdout:/usr/bin/ceph: stderr
2026-03-09T15:48:08.314+0000 7f4f9a42f640 1 -- 192.168.123.101:0/1778047340 --> [v2:192.168.123.101:3300/0,v1:192.168.123.101:6789/0] -- mon_subscribe({config=0+,monmap=0+}) -- 0x7f4f9407b270 con 0x7f4f9407c750
2026-03-09T15:48:08.538 INFO:teuthology.orchestra.run.vm01.stdout:/usr/bin/ceph: stderr
2026-03-09T15:48:08.314+0000 7f4f9a42f640 1 --2- 192.168.123.101:0/1778047340 >> [v2:192.168.123.101:3300/0,v1:192.168.123.101:6789/0] conn(0x7f4f9407c750 0x7f4f9407abb0 secure :-1 s=READY pgs=16 cs=0 l=1 rev1=1 crypto rx=0x7f4f84009b80 tx=0x7f4f8402f190 comp rx=0 tx=0).ready entity=mon.0 client_cookie=6e2f8ffb306ec8d2 server_cookie=0 in_seq=0 out_seq=0
2026-03-09T15:48:08.538 INFO:teuthology.orchestra.run.vm01.stdout:/usr/bin/ceph: stderr
2026-03-09T15:48:08.314+0000 7f4f9942d640 1 -- 192.168.123.101:0/1778047340 <== mon.0 v2:192.168.123.101:3300/0 1 ==== mon_map magic: 0 ==== 205+0+0 (secure 0 0 0) 0x7f4f8403c070 con 0x7f4f9407c750
2026-03-09T15:48:08.538 INFO:teuthology.orchestra.run.vm01.stdout:/usr/bin/ceph: stderr
2026-03-09T15:48:08.314+0000 7f4f9942d640 1 -- 192.168.123.101:0/1778047340 <== mon.0 v2:192.168.123.101:3300/0 2 ==== config(23 keys) ==== 947+0+0 (secure 0 0 0) 0x7f4f84037440 con 0x7f4f9407c750
2026-03-09T15:48:08.538 INFO:teuthology.orchestra.run.vm01.stdout:/usr/bin/ceph: stderr
2026-03-09T15:48:08.314+0000 7f4f9c6ba640 1 -- 192.168.123.101:0/1778047340 >> [v2:192.168.123.101:3300/0,v1:192.168.123.101:6789/0] conn(0x7f4f9407c750 msgr2=0x7f4f9407abb0 secure :-1 s=STATE_CONNECTION_ESTABLISHED l=1).mark_down
2026-03-09T15:48:08.538 INFO:teuthology.orchestra.run.vm01.stdout:/usr/bin/ceph: stderr
2026-03-09T15:48:08.314+0000 7f4f9c6ba640 1 --2- 192.168.123.101:0/1778047340 >> [v2:192.168.123.101:3300/0,v1:192.168.123.101:6789/0] conn(0x7f4f9407c750 0x7f4f9407abb0 secure :-1 s=READY pgs=16 cs=0 l=1 rev1=1 crypto rx=0x7f4f84009b80 tx=0x7f4f8402f190 comp rx=0 tx=0).stop
2026-03-09T15:48:08.538 INFO:teuthology.orchestra.run.vm01.stdout:/usr/bin/ceph: stderr
2026-03-09T15:48:08.314+0000 7f4f9c6ba640 1 -- 192.168.123.101:0/1778047340 shutdown_connections
2026-03-09T15:48:08.538 INFO:teuthology.orchestra.run.vm01.stdout:/usr/bin/ceph: stderr
2026-03-09T15:48:08.314+0000 7f4f9c6ba640 1 --2- 192.168.123.101:0/1778047340 >> [v2:192.168.123.101:3300/0,v1:192.168.123.101:6789/0] conn(0x7f4f9407c750 0x7f4f9407abb0 unknown :-1 s=CLOSED pgs=16 cs=0 l=1 rev1=1 crypto rx=0 tx=0 comp rx=0 tx=0).stop
2026-03-09T15:48:08.538 INFO:teuthology.orchestra.run.vm01.stdout:/usr/bin/ceph: stderr
2026-03-09T15:48:08.314+0000 7f4f9c6ba640 1 -- 192.168.123.101:0/1778047340 >> 192.168.123.101:0/1778047340 conn(0x7f4f94101d20 msgr2=0x7f4f94104160 unknown :-1 s=STATE_NONE l=0).mark_down
2026-03-09T15:48:08.538 INFO:teuthology.orchestra.run.vm01.stdout:/usr/bin/ceph: stderr
2026-03-09T15:48:08.314+0000 7f4f9c6ba640 1 -- 192.168.123.101:0/1778047340 shutdown_connections
2026-03-09T15:48:08.538 INFO:teuthology.orchestra.run.vm01.stdout:/usr/bin/ceph: stderr
2026-03-09T15:48:08.314+0000 7f4f9c6ba640 1 -- 192.168.123.101:0/1778047340 wait complete.
2026-03-09T15:48:08.538 INFO:teuthology.orchestra.run.vm01.stdout:/usr/bin/ceph: stderr
2026-03-09T15:48:08.314+0000 7f4f9c6ba640 1 Processor -- start
2026-03-09T15:48:08.538 INFO:teuthology.orchestra.run.vm01.stdout:/usr/bin/ceph: stderr
2026-03-09T15:48:08.314+0000 7f4f9c6ba640 1 -- start start
2026-03-09T15:48:08.538 INFO:teuthology.orchestra.run.vm01.stdout:/usr/bin/ceph: stderr
2026-03-09T15:48:08.314+0000 7f4f9c6ba640 1 --2- >> [v2:192.168.123.101:3300/0,v1:192.168.123.101:6789/0] conn(0x7f4f9407c750 0x7f4f941a2b90 unknown :-1 s=NONE pgs=0 cs=0 l=1 rev1=0 crypto rx=0 tx=0 comp rx=0 tx=0).connect
2026-03-09T15:48:08.538 INFO:teuthology.orchestra.run.vm01.stdout:/usr/bin/ceph: stderr
2026-03-09T15:48:08.314+0000 7f4f9c6ba640 1 -- --> [v2:192.168.123.101:3300/0,v1:192.168.123.101:6789/0] -- mon_getmap magic: 0 -- 0x7f4f94108490 con 0x7f4f9407c750
2026-03-09T15:48:08.538 INFO:teuthology.orchestra.run.vm01.stdout:/usr/bin/ceph: stderr
2026-03-09T15:48:08.318+0000 7f4f9a42f640 1 --2- >> [v2:192.168.123.101:3300/0,v1:192.168.123.101:6789/0] conn(0x7f4f9407c750 0x7f4f941a2b90 unknown :-1 s=BANNER_CONNECTING pgs=0 cs=0 l=1 rev1=0 crypto rx=0 tx=0 comp rx=0 tx=0)._handle_peer_banner_payload supported=3 required=0
2026-03-09T15:48:08.538 INFO:teuthology.orchestra.run.vm01.stdout:/usr/bin/ceph: stderr
2026-03-09T15:48:08.318+0000 7f4f9a42f640 1 --2- >> [v2:192.168.123.101:3300/0,v1:192.168.123.101:6789/0] conn(0x7f4f9407c750 0x7f4f941a2b90 unknown :-1 s=HELLO_CONNECTING pgs=0 cs=0 l=1 rev1=1 crypto rx=0 tx=0 comp rx=0 tx=0).handle_hello peer v2:192.168.123.101:3300/0 says I am v2:192.168.123.101:43720/0 (socket says 192.168.123.101:43720)
2026-03-09T15:48:08.538 INFO:teuthology.orchestra.run.vm01.stdout:/usr/bin/ceph: stderr
2026-03-09T15:48:08.318+0000 7f4f9a42f640 1 -- 192.168.123.101:0/1471219276 learned_addr learned my addr 192.168.123.101:0/1471219276 (peer_addr_for_me v2:192.168.123.101:0/0)
2026-03-09T15:48:08.538 INFO:teuthology.orchestra.run.vm01.stdout:/usr/bin/ceph: stderr
2026-03-09T15:48:08.318+0000 7f4f9a42f640 1 -- 192.168.123.101:0/1471219276 --> [v2:192.168.123.101:3300/0,v1:192.168.123.101:6789/0] -- mon_subscribe({config=0+,monmap=0+}) -- 0x7f4f941a30d0 con 0x7f4f9407c750
2026-03-09T15:48:08.538 INFO:teuthology.orchestra.run.vm01.stdout:/usr/bin/ceph: stderr
2026-03-09T15:48:08.318+0000 7f4f9a42f640 1 --2- 192.168.123.101:0/1471219276 >> [v2:192.168.123.101:3300/0,v1:192.168.123.101:6789/0] conn(0x7f4f9407c750 0x7f4f941a2b90 secure :-1 s=READY pgs=17 cs=0 l=1 rev1=1 crypto rx=0x7f4f840039b0 tx=0x7f4f840039e0 comp rx=0 tx=0).ready entity=mon.0 client_cookie=0 server_cookie=0 in_seq=0 out_seq=0
2026-03-09T15:48:08.539 INFO:teuthology.orchestra.run.vm01.stdout:/usr/bin/ceph: stderr
2026-03-09T15:48:08.318+0000 7f4f837fe640 1 -- 192.168.123.101:0/1471219276 <== mon.0 v2:192.168.123.101:3300/0 1 ==== mon_map magic: 0 ==== 205+0+0 (secure 0 0 0) 0x7f4f8403c040 con 0x7f4f9407c750
2026-03-09T15:48:08.539 INFO:teuthology.orchestra.run.vm01.stdout:/usr/bin/ceph: stderr
2026-03-09T15:48:08.318+0000 7f4f9c6ba640 1 -- 192.168.123.101:0/1471219276 --> [v2:192.168.123.101:3300/0,v1:192.168.123.101:6789/0] -- mon_subscribe({mgrmap=0+}) -- 0x7f4f941a3360 con 0x7f4f9407c750
2026-03-09T15:48:08.539 INFO:teuthology.orchestra.run.vm01.stdout:/usr/bin/ceph: stderr
2026-03-09T15:48:08.318+0000 7f4f9c6ba640 1 -- 192.168.123.101:0/1471219276 --> [v2:192.168.123.101:3300/0,v1:192.168.123.101:6789/0] -- mon_subscribe({osdmap=0}) -- 0x7f4f941a6050 con 0x7f4f9407c750
2026-03-09T15:48:08.539 INFO:teuthology.orchestra.run.vm01.stdout:/usr/bin/ceph: stderr
2026-03-09T15:48:08.318+0000 7f4f837fe640 1 -- 192.168.123.101:0/1471219276 <== mon.0 v2:192.168.123.101:3300/0 2 ==== config(23 keys) ==== 947+0+0 (secure 0 0 0) 0x7f4f84045070 con 0x7f4f9407c750
2026-03-09T15:48:08.539 INFO:teuthology.orchestra.run.vm01.stdout:/usr/bin/ceph: stderr
2026-03-09T15:48:08.318+0000 7f4f837fe640 1 -- 192.168.123.101:0/1471219276 <== mon.0 v2:192.168.123.101:3300/0 3 ==== mon_map magic: 0 ==== 205+0+0 (secure 0 0 0) 0x7f4f84035bb0 con 0x7f4f9407c750
2026-03-09T15:48:08.539 INFO:teuthology.orchestra.run.vm01.stdout:/usr/bin/ceph: stderr
2026-03-09T15:48:08.318+0000 7f4f837fe640 1 -- 192.168.123.101:0/1471219276 <== mon.0 v2:192.168.123.101:3300/0 4 ==== mgrmap(e 3) ==== 50130+0+0 (secure 0 0 0) 0x7f4f84037440 con 0x7f4f9407c750
2026-03-09T15:48:08.539 INFO:teuthology.orchestra.run.vm01.stdout:/usr/bin/ceph: stderr
2026-03-09T15:48:08.318+0000 7f4f837fe640 1 --2- 192.168.123.101:0/1471219276 >> [v2:192.168.123.101:6800/2299265276,v1:192.168.123.101:6801/2299265276] conn(0x7f4f6803dad0 0x7f4f6803ff90 unknown :-1 s=NONE pgs=0 cs=0 l=1 rev1=0 crypto rx=0 tx=0 comp rx=0 tx=0).connect
2026-03-09T15:48:08.539 INFO:teuthology.orchestra.run.vm01.stdout:/usr/bin/ceph: stderr
2026-03-09T15:48:08.318+0000 7f4f837fe640 1 -- 192.168.123.101:0/1471219276 <== mon.0 v2:192.168.123.101:3300/0 5 ==== osd_map(1..1 src has 1..1) ==== 725+0+0 (secure 0 0 0) 0x7f4f84077000 con 0x7f4f9407c750
2026-03-09T15:48:08.539 INFO:teuthology.orchestra.run.vm01.stdout:/usr/bin/ceph: stderr
2026-03-09T15:48:08.318+0000 7f4f99c2e640 1 --2- 192.168.123.101:0/1471219276 >> [v2:192.168.123.101:6800/2299265276,v1:192.168.123.101:6801/2299265276] conn(0x7f4f6803dad0 0x7f4f6803ff90 unknown :-1 s=BANNER_CONNECTING pgs=0 cs=0 l=1 rev1=0 crypto rx=0 tx=0 comp rx=0 tx=0)._handle_peer_banner_payload supported=3 required=0
2026-03-09T15:48:08.539 INFO:teuthology.orchestra.run.vm01.stdout:/usr/bin/ceph: stderr
2026-03-09T15:48:08.318+0000 7f4f9c6ba640 1 -- 192.168.123.101:0/1471219276 --> [v2:192.168.123.101:3300/0,v1:192.168.123.101:6789/0] -- mon_command({"prefix": "get_command_descriptions"} v 0) -- 0x7f4f5c005180 con 0x7f4f9407c750
2026-03-09T15:48:08.539 INFO:teuthology.orchestra.run.vm01.stdout:/usr/bin/ceph: stderr
2026-03-09T15:48:08.326+0000 7f4f837fe640 1 -- 192.168.123.101:0/1471219276 <== mon.0 v2:192.168.123.101:3300/0 6 ==== mon_command_ack([{"prefix": "get_command_descriptions"}]=0 v0) ==== 72+0+195034 (secure 0 0 0) 0x7f4f84047310 con 0x7f4f9407c750
2026-03-09T15:48:08.539 INFO:teuthology.orchestra.run.vm01.stdout:/usr/bin/ceph: stderr
2026-03-09T15:48:08.326+0000 7f4f99c2e640 1 --2- 192.168.123.101:0/1471219276 >> [v2:192.168.123.101:6800/2299265276,v1:192.168.123.101:6801/2299265276] conn(0x7f4f6803dad0 0x7f4f6803ff90 secure :-1 s=READY pgs=6 cs=0 l=1 rev1=1 crypto rx=0x7f4f88009a10 tx=0x7f4f88006eb0 comp rx=0 tx=0).ready entity=mgr.14102 client_cookie=0 server_cookie=0 in_seq=0 out_seq=0
2026-03-09T15:48:08.539 INFO:teuthology.orchestra.run.vm01.stdout:/usr/bin/ceph: stderr
2026-03-09T15:48:08.486+0000 7f4f9c6ba640 1 -- 192.168.123.101:0/1471219276 --> [v2:192.168.123.101:3300/0,v1:192.168.123.101:6789/0] -- mon_command({"prefix": "status", "format": "json-pretty"} v 0) -- 0x7f4f5c005470 con 0x7f4f9407c750
2026-03-09T15:48:08.539 INFO:teuthology.orchestra.run.vm01.stdout:/usr/bin/ceph: stderr
2026-03-09T15:48:08.486+0000 7f4f837fe640 1 -- 192.168.123.101:0/1471219276 <== mon.0 v2:192.168.123.101:3300/0 7 ==== mon_command_ack([{"prefix": "status", "format": "json-pretty"}]=0 v0) ==== 79+0+1290 (secure 0 0 0) 0x7f4f8403c1e0 con 0x7f4f9407c750
2026-03-09T15:48:08.539 INFO:teuthology.orchestra.run.vm01.stdout:/usr/bin/ceph: stderr
2026-03-09T15:48:08.490+0000 7f4f9c6ba640 1 -- 192.168.123.101:0/1471219276 >> [v2:192.168.123.101:6800/2299265276,v1:192.168.123.101:6801/2299265276] conn(0x7f4f6803dad0 msgr2=0x7f4f6803ff90 secure :-1 s=STATE_CONNECTION_ESTABLISHED l=1).mark_down
2026-03-09T15:48:08.539 INFO:teuthology.orchestra.run.vm01.stdout:/usr/bin/ceph: stderr
2026-03-09T15:48:08.490+0000 7f4f9c6ba640 1 --2- 192.168.123.101:0/1471219276 >> [v2:192.168.123.101:6800/2299265276,v1:192.168.123.101:6801/2299265276] conn(0x7f4f6803dad0 0x7f4f6803ff90 secure :-1 s=READY pgs=6 cs=0 l=1 rev1=1 crypto rx=0x7f4f88009a10 tx=0x7f4f88006eb0 comp rx=0 tx=0).stop
2026-03-09T15:48:08.539 INFO:teuthology.orchestra.run.vm01.stdout:/usr/bin/ceph: stderr
2026-03-09T15:48:08.490+0000 7f4f9c6ba640 1 -- 192.168.123.101:0/1471219276 >> [v2:192.168.123.101:3300/0,v1:192.168.123.101:6789/0] conn(0x7f4f9407c750 msgr2=0x7f4f941a2b90 secure :-1 s=STATE_CONNECTION_ESTABLISHED l=1).mark_down
2026-03-09T15:48:08.539 INFO:teuthology.orchestra.run.vm01.stdout:/usr/bin/ceph: stderr
2026-03-09T15:48:08.490+0000 7f4f9c6ba640 1 --2- 192.168.123.101:0/1471219276 >> [v2:192.168.123.101:3300/0,v1:192.168.123.101:6789/0] conn(0x7f4f9407c750 0x7f4f941a2b90 secure :-1 s=READY pgs=17 cs=0 l=1 rev1=1 crypto rx=0x7f4f840039b0 tx=0x7f4f840039e0 comp rx=0 tx=0).stop
2026-03-09T15:48:08.539 INFO:teuthology.orchestra.run.vm01.stdout:/usr/bin/ceph: stderr
2026-03-09T15:48:08.490+0000 7f4f9c6ba640 1 -- 192.168.123.101:0/1471219276 shutdown_connections
2026-03-09T15:48:08.539 INFO:teuthology.orchestra.run.vm01.stdout:/usr/bin/ceph: stderr
2026-03-09T15:48:08.490+0000 7f4f9c6ba640 1 --2- 192.168.123.101:0/1471219276 >> [v2:192.168.123.101:6800/2299265276,v1:192.168.123.101:6801/2299265276] conn(0x7f4f6803dad0 0x7f4f6803ff90 unknown :-1 s=CLOSED pgs=6 cs=0 l=1 rev1=1 crypto rx=0 tx=0 comp rx=0 tx=0).stop
2026-03-09T15:48:08.539 INFO:teuthology.orchestra.run.vm01.stdout:/usr/bin/ceph: stderr
2026-03-09T15:48:08.490+0000 7f4f9c6ba640 1 --2- 192.168.123.101:0/1471219276 >> [v2:192.168.123.101:3300/0,v1:192.168.123.101:6789/0] conn(0x7f4f9407c750 0x7f4f941a2b90 unknown :-1 s=CLOSED pgs=17 cs=0 l=1 rev1=1 crypto rx=0 tx=0 comp rx=0 tx=0).stop
2026-03-09T15:48:08.539 INFO:teuthology.orchestra.run.vm01.stdout:/usr/bin/ceph: stderr
2026-03-09T15:48:08.490+0000 7f4f9c6ba640 1 -- 192.168.123.101:0/1471219276 >> 192.168.123.101:0/1471219276 conn(0x7f4f94101d20 msgr2=0x7f4f941077c0 unknown :-1 s=STATE_NONE l=0).mark_down
2026-03-09T15:48:08.539 INFO:teuthology.orchestra.run.vm01.stdout:/usr/bin/ceph: stderr
2026-03-09T15:48:08.490+0000 7f4f9c6ba640 1 -- 192.168.123.101:0/1471219276 shutdown_connections
2026-03-09T15:48:08.539 INFO:teuthology.orchestra.run.vm01.stdout:/usr/bin/ceph: stderr
2026-03-09T15:48:08.490+0000 7f4f9c6ba640 1 -- 192.168.123.101:0/1471219276 wait complete.
2026-03-09T15:48:08.539 INFO:teuthology.orchestra.run.vm01.stdout:mgr is available
2026-03-09T15:48:08.827 INFO:teuthology.orchestra.run.vm01.stdout:/usr/bin/ceph: stdout
2026-03-09T15:48:08.827 INFO:teuthology.orchestra.run.vm01.stdout:/usr/bin/ceph: stdout [global]
2026-03-09T15:48:08.827 INFO:teuthology.orchestra.run.vm01.stdout:/usr/bin/ceph: stdout fsid = 397fadc0-1bcf-11f1-8481-edc1430c2c03
2026-03-09T15:48:08.828 INFO:teuthology.orchestra.run.vm01.stdout:/usr/bin/ceph: stdout mon_cluster_log_file_level = debug
2026-03-09T15:48:08.828 INFO:teuthology.orchestra.run.vm01.stdout:/usr/bin/ceph: stdout mon_host = [v2:192.168.123.101:3300,v1:192.168.123.101:6789]
2026-03-09T15:48:08.828 INFO:teuthology.orchestra.run.vm01.stdout:/usr/bin/ceph: stdout mon_osd_allow_pg_remap = true
2026-03-09T15:48:08.828 INFO:teuthology.orchestra.run.vm01.stdout:/usr/bin/ceph: stdout mon_osd_allow_primary_affinity = true
2026-03-09T15:48:08.828 INFO:teuthology.orchestra.run.vm01.stdout:/usr/bin/ceph: stdout mon_warn_on_no_sortbitwise = false
2026-03-09T15:48:08.828 INFO:teuthology.orchestra.run.vm01.stdout:/usr/bin/ceph: stdout osd_crush_chooseleaf_type = 0
2026-03-09T15:48:08.828 INFO:teuthology.orchestra.run.vm01.stdout:/usr/bin/ceph: stdout
2026-03-09T15:48:08.828 INFO:teuthology.orchestra.run.vm01.stdout:/usr/bin/ceph: stdout [mgr]
2026-03-09T15:48:08.828 INFO:teuthology.orchestra.run.vm01.stdout:/usr/bin/ceph: stdout mgr/telemetry/nag = false
2026-03-09T15:48:08.828 INFO:teuthology.orchestra.run.vm01.stdout:/usr/bin/ceph: stdout
2026-03-09T15:48:08.828 INFO:teuthology.orchestra.run.vm01.stdout:/usr/bin/ceph: stdout [osd]
2026-03-09T15:48:08.828 INFO:teuthology.orchestra.run.vm01.stdout:/usr/bin/ceph: stdout osd_map_max_advance = 10
2026-03-09T15:48:08.828 INFO:teuthology.orchestra.run.vm01.stdout:/usr/bin/ceph: stdout osd_sloppy_crc = true
2026-03-09T15:48:08.828 INFO:teuthology.orchestra.run.vm01.stdout:/usr/bin/ceph: stderr
2026-03-09T15:48:08.650+0000 7f1817797640 1 Processor -- start
2026-03-09T15:48:08.828 INFO:teuthology.orchestra.run.vm01.stdout:/usr/bin/ceph: stderr
2026-03-09T15:48:08.650+0000 7f1817797640 1 -- start start
2026-03-09T15:48:08.828 INFO:teuthology.orchestra.run.vm01.stdout:/usr/bin/ceph: stderr
2026-03-09T15:48:08.650+0000 7f1817797640 1 --2- >> [v2:192.168.123.101:3300/0,v1:192.168.123.101:6789/0] conn(0x7f1810104de0 0x7f18101071f0 unknown :-1 s=NONE pgs=0 cs=0 l=0 rev1=0 crypto rx=0 tx=0 comp rx=0 tx=0).connect
2026-03-09T15:48:08.828 INFO:teuthology.orchestra.run.vm01.stdout:/usr/bin/ceph: stderr
2026-03-09T15:48:08.650+0000 7f1817797640 1 -- --> [v2:192.168.123.101:3300/0,v1:192.168.123.101:6789/0] -- mon_getmap magic: 0 -- 0x7f181007a6e0 con 0x7f1810104de0
2026-03-09T15:48:08.828 INFO:teuthology.orchestra.run.vm01.stdout:/usr/bin/ceph: stderr
2026-03-09T15:48:08.650+0000 7f181550c640 1 --2- >> [v2:192.168.123.101:3300/0,v1:192.168.123.101:6789/0] conn(0x7f1810104de0 0x7f18101071f0 unknown :-1 s=BANNER_CONNECTING pgs=0 cs=0 l=0 rev1=0 crypto rx=0 tx=0 comp rx=0 tx=0)._handle_peer_banner_payload supported=3 required=0
2026-03-09T15:48:08.828 INFO:teuthology.orchestra.run.vm01.stdout:/usr/bin/ceph: stderr
2026-03-09T15:48:08.650+0000 7f181550c640 1 --2- >> [v2:192.168.123.101:3300/0,v1:192.168.123.101:6789/0] conn(0x7f1810104de0 0x7f18101071f0 unknown :-1 s=HELLO_CONNECTING pgs=0 cs=0 l=0 rev1=1 crypto rx=0 tx=0 comp rx=0 tx=0).handle_hello peer v2:192.168.123.101:3300/0 says I am v2:192.168.123.101:43736/0 (socket says 192.168.123.101:43736)
2026-03-09T15:48:08.828 INFO:teuthology.orchestra.run.vm01.stdout:/usr/bin/ceph: stderr
2026-03-09T15:48:08.650+0000 7f181550c640 1 -- 192.168.123.101:0/2223623400 learned_addr learned my addr 192.168.123.101:0/2223623400 (peer_addr_for_me v2:192.168.123.101:0/0)
2026-03-09T15:48:08.828 INFO:teuthology.orchestra.run.vm01.stdout:/usr/bin/ceph: stderr
2026-03-09T15:48:08.650+0000 7f181550c640 1 -- 192.168.123.101:0/2223623400 --> [v2:192.168.123.101:3300/0,v1:192.168.123.101:6789/0] -- mon_subscribe({config=0+,monmap=0+}) -- 0x7f1810107730 con 0x7f1810104de0
2026-03-09T15:48:08.828 INFO:teuthology.orchestra.run.vm01.stdout:/usr/bin/ceph: stderr
2026-03-09T15:48:08.654+0000 7f181550c640 1 --2- 192.168.123.101:0/2223623400 >> [v2:192.168.123.101:3300/0,v1:192.168.123.101:6789/0] conn(0x7f1810104de0 0x7f18101071f0 secure :-1 s=READY pgs=18 cs=0 l=1 rev1=1 crypto rx=0x7f1804009b80 tx=0x7f180402f190 comp rx=0 tx=0).ready entity=mon.0 client_cookie=7600f47919625743 server_cookie=0 in_seq=0 out_seq=0
2026-03-09T15:48:08.828 INFO:teuthology.orchestra.run.vm01.stdout:/usr/bin/ceph: stderr
2026-03-09T15:48:08.654+0000 7f17fffff640 1 -- 192.168.123.101:0/2223623400 <== mon.0 v2:192.168.123.101:3300/0 1 ==== mon_map magic: 0 ==== 205+0+0 (secure 0 0 0) 0x7f180403c070 con 0x7f1810104de0
2026-03-09T15:48:08.828 INFO:teuthology.orchestra.run.vm01.stdout:/usr/bin/ceph: stderr
2026-03-09T15:48:08.654+0000 7f17fffff640 1 -- 192.168.123.101:0/2223623400 <== mon.0 v2:192.168.123.101:3300/0 2 ==== config(23 keys) ==== 947+0+0 (secure 0 0 0) 0x7f1804037440 con 0x7f1810104de0
2026-03-09T15:48:08.828 INFO:teuthology.orchestra.run.vm01.stdout:/usr/bin/ceph: stderr
2026-03-09T15:48:08.654+0000 7f1817797640 1 -- 192.168.123.101:0/2223623400 >> [v2:192.168.123.101:3300/0,v1:192.168.123.101:6789/0] conn(0x7f1810104de0 msgr2=0x7f18101071f0 secure :-1 s=STATE_CONNECTION_ESTABLISHED l=1).mark_down
2026-03-09T15:48:08.828 INFO:teuthology.orchestra.run.vm01.stdout:/usr/bin/ceph: stderr
2026-03-09T15:48:08.654+0000 7f1817797640 1 --2- 192.168.123.101:0/2223623400 >> [v2:192.168.123.101:3300/0,v1:192.168.123.101:6789/0] conn(0x7f1810104de0 0x7f18101071f0 secure :-1 s=READY pgs=18 cs=0 l=1 rev1=1 crypto rx=0x7f1804009b80 tx=0x7f180402f190 comp rx=0 tx=0).stop
2026-03-09T15:48:08.828 INFO:teuthology.orchestra.run.vm01.stdout:/usr/bin/ceph: stderr
2026-03-09T15:48:08.654+0000 7f1817797640 1 -- 192.168.123.101:0/2223623400 shutdown_connections
2026-03-09T15:48:08.828 INFO:teuthology.orchestra.run.vm01.stdout:/usr/bin/ceph: stderr
2026-03-09T15:48:08.654+0000 7f1817797640 1 --2- 192.168.123.101:0/2223623400 >> [v2:192.168.123.101:3300/0,v1:192.168.123.101:6789/0] conn(0x7f1810104de0 0x7f18101071f0 unknown :-1 s=CLOSED pgs=18 cs=0 l=1 rev1=1 crypto rx=0 tx=0 comp rx=0 tx=0).stop
2026-03-09T15:48:08.828 INFO:teuthology.orchestra.run.vm01.stdout:/usr/bin/ceph: stderr
2026-03-09T15:48:08.654+0000 7f1817797640 1 -- 192.168.123.101:0/2223623400 >> 192.168.123.101:0/2223623400 conn(0x7f1810100c10 msgr2=0x7f1810103050 unknown :-1 s=STATE_NONE l=0).mark_down
2026-03-09T15:48:08.828 INFO:teuthology.orchestra.run.vm01.stdout:/usr/bin/ceph: stderr
2026-03-09T15:48:08.654+0000 7f1817797640 1 -- 192.168.123.101:0/2223623400 shutdown_connections
2026-03-09T15:48:08.828 INFO:teuthology.orchestra.run.vm01.stdout:/usr/bin/ceph: stderr
2026-03-09T15:48:08.654+0000 7f1817797640 1 -- 192.168.123.101:0/2223623400 wait complete.
2026-03-09T15:48:08.828 INFO:teuthology.orchestra.run.vm01.stdout:/usr/bin/ceph: stderr
2026-03-09T15:48:08.654+0000 7f1817797640 1 Processor -- start
2026-03-09T15:48:08.828 INFO:teuthology.orchestra.run.vm01.stdout:/usr/bin/ceph: stderr
2026-03-09T15:48:08.654+0000 7f1817797640 1 -- start start
2026-03-09T15:48:08.828 INFO:teuthology.orchestra.run.vm01.stdout:/usr/bin/ceph: stderr
2026-03-09T15:48:08.654+0000 7f1817797640 1 --2- >> [v2:192.168.123.101:3300/0,v1:192.168.123.101:6789/0] conn(0x7f1810104de0 0x7f18101a29c0 unknown :-1 s=NONE pgs=0 cs=0 l=1 rev1=0 crypto rx=0 tx=0 comp rx=0 tx=0).connect
2026-03-09T15:48:08.828 INFO:teuthology.orchestra.run.vm01.stdout:/usr/bin/ceph: stderr
2026-03-09T15:48:08.654+0000 7f1817797640 1 -- --> [v2:192.168.123.101:3300/0,v1:192.168.123.101:6789/0] -- mon_getmap magic: 0 -- 0x7f18101085b0 con 0x7f1810104de0
2026-03-09T15:48:08.828 INFO:teuthology.orchestra.run.vm01.stdout:/usr/bin/ceph: stderr
2026-03-09T15:48:08.654+0000 7f181550c640 1 --2- >> [v2:192.168.123.101:3300/0,v1:192.168.123.101:6789/0] conn(0x7f1810104de0 0x7f18101a29c0 unknown :-1 s=BANNER_CONNECTING pgs=0 cs=0 l=1 rev1=0 crypto rx=0 tx=0 comp rx=0 tx=0)._handle_peer_banner_payload supported=3 required=0
2026-03-09T15:48:08.828 INFO:teuthology.orchestra.run.vm01.stdout:/usr/bin/ceph: stderr
2026-03-09T15:48:08.654+0000 7f181550c640 1 --2- >> [v2:192.168.123.101:3300/0,v1:192.168.123.101:6789/0] conn(0x7f1810104de0 0x7f18101a29c0 unknown :-1 s=HELLO_CONNECTING pgs=0 cs=0 l=1 rev1=1 crypto rx=0 tx=0 comp rx=0 tx=0).handle_hello peer v2:192.168.123.101:3300/0 says I am v2:192.168.123.101:43746/0 (socket says 192.168.123.101:43746)
2026-03-09T15:48:08.828 INFO:teuthology.orchestra.run.vm01.stdout:/usr/bin/ceph: stderr
2026-03-09T15:48:08.654+0000 7f181550c640 1 -- 192.168.123.101:0/2712992155 learned_addr learned my addr 192.168.123.101:0/2712992155 (peer_addr_for_me v2:192.168.123.101:0/0)
2026-03-09T15:48:08.828 INFO:teuthology.orchestra.run.vm01.stdout:/usr/bin/ceph: stderr
2026-03-09T15:48:08.658+0000 7f181550c640 1 -- 192.168.123.101:0/2712992155 --> [v2:192.168.123.101:3300/0,v1:192.168.123.101:6789/0] -- mon_subscribe({config=0+,monmap=0+}) -- 0x7f18101a2f00 con 0x7f1810104de0
2026-03-09T15:48:08.828 INFO:teuthology.orchestra.run.vm01.stdout:/usr/bin/ceph: stderr
2026-03-09T15:48:08.658+0000 7f181550c640 1 --2- 192.168.123.101:0/2712992155 >> [v2:192.168.123.101:3300/0,v1:192.168.123.101:6789/0] conn(0x7f1810104de0 0x7f18101a29c0 secure :-1 s=READY pgs=19 cs=0 l=1 rev1=1 crypto rx=0x7f1804006fd0 tx=0x7f18040045e0 comp rx=0 tx=0).ready entity=mon.0 client_cookie=0 server_cookie=0 in_seq=0 out_seq=0
2026-03-09T15:48:08.828 INFO:teuthology.orchestra.run.vm01.stdout:/usr/bin/ceph: stderr
2026-03-09T15:48:08.658+0000 7f17fe7fc640 1 -- 192.168.123.101:0/2712992155 <== mon.0 v2:192.168.123.101:3300/0 1 ==== mon_map magic: 0 ==== 205+0+0 (secure 0 0 0) 0x7f1804045070 con 0x7f1810104de0
2026-03-09T15:48:08.828 INFO:teuthology.orchestra.run.vm01.stdout:/usr/bin/ceph: stderr
2026-03-09T15:48:08.658+0000 7f1817797640 1 -- 192.168.123.101:0/2712992155 --> [v2:192.168.123.101:3300/0,v1:192.168.123.101:6789/0] -- mon_subscribe({mgrmap=0+}) -- 0x7f18101a3190 con 0x7f1810104de0
2026-03-09T15:48:08.828 INFO:teuthology.orchestra.run.vm01.stdout:/usr/bin/ceph: stderr
2026-03-09T15:48:08.658+0000 7f1817797640 1 -- 192.168.123.101:0/2712992155 --> [v2:192.168.123.101:3300/0,v1:192.168.123.101:6789/0] -- mon_subscribe({osdmap=0}) -- 0x7f18101a5e80 con 0x7f1810104de0
2026-03-09T15:48:08.828 INFO:teuthology.orchestra.run.vm01.stdout:/usr/bin/ceph: stderr
2026-03-09T15:48:08.658+0000 7f17fe7fc640 1 -- 192.168.123.101:0/2712992155 <== mon.0 v2:192.168.123.101:3300/0 2 ==== config(23 keys) ==== 947+0+0 (secure 0 0 0) 0x7f1804003c60 con 0x7f1810104de0
2026-03-09T15:48:08.828 INFO:teuthology.orchestra.run.vm01.stdout:/usr/bin/ceph: stderr
2026-03-09T15:48:08.658+0000 7f17fe7fc640 1 -- 192.168.123.101:0/2712992155 <== mon.0 v2:192.168.123.101:3300/0 3 ==== mon_map magic: 0 ==== 205+0+0 (secure 0 0 0) 0x7f180403c040 con 0x7f1810104de0
2026-03-09T15:48:08.828 INFO:teuthology.orchestra.run.vm01.stdout:/usr/bin/ceph: stderr
2026-03-09T15:48:08.658+0000 7f1817797640 1 -- 192.168.123.101:0/2712992155 --> [v2:192.168.123.101:3300/0,v1:192.168.123.101:6789/0] -- mon_command({"prefix": "get_command_descriptions"} v 0) -- 0x7f17dc005180 con 0x7f1810104de0
2026-03-09T15:48:08.828 INFO:teuthology.orchestra.run.vm01.stdout:/usr/bin/ceph: stderr
2026-03-09T15:48:08.662+0000 7f17fe7fc640 1 -- 192.168.123.101:0/2712992155 <== mon.0 v2:192.168.123.101:3300/0 4 ==== mgrmap(e 3) ==== 50130+0+0 (secure 0 0 0) 0x7f1804003840 con 0x7f1810104de0
2026-03-09T15:48:08.828 INFO:teuthology.orchestra.run.vm01.stdout:/usr/bin/ceph: stderr
2026-03-09T15:48:08.662+0000 7f17fe7fc640 1 --2- 192.168.123.101:0/2712992155 >> [v2:192.168.123.101:6800/2299265276,v1:192.168.123.101:6801/2299265276] conn(0x7f17d803db20 0x7f17d803ffe0 unknown :-1 s=NONE pgs=0 cs=0 l=1 rev1=0 crypto rx=0 tx=0 comp rx=0 tx=0).connect
2026-03-09T15:48:08.828 INFO:teuthology.orchestra.run.vm01.stdout:/usr/bin/ceph: stderr
2026-03-09T15:48:08.662+0000 7f1814d0b640 1 --2- 192.168.123.101:0/2712992155 >> [v2:192.168.123.101:6800/2299265276,v1:192.168.123.101:6801/2299265276] conn(0x7f17d803db20 0x7f17d803ffe0 unknown :-1 s=BANNER_CONNECTING pgs=0 cs=0 l=1 rev1=0 crypto rx=0 tx=0 comp rx=0 tx=0)._handle_peer_banner_payload supported=3 required=0
2026-03-09T15:48:08.828 INFO:teuthology.orchestra.run.vm01.stdout:/usr/bin/ceph: stderr
2026-03-09T15:48:08.662+0000 7f17fe7fc640 1 -- 192.168.123.101:0/2712992155 <== mon.0 v2:192.168.123.101:3300/0 5 ==== osd_map(1..1 src has 1..1) ==== 725+0+0 (secure 0 0 0) 0x7f18040763d0 con 0x7f1810104de0
2026-03-09T15:48:08.828 INFO:teuthology.orchestra.run.vm01.stdout:/usr/bin/ceph: stderr
2026-03-09T15:48:08.662+0000 7f1814d0b640 1 --2- 192.168.123.101:0/2712992155 >> [v2:192.168.123.101:6800/2299265276,v1:192.168.123.101:6801/2299265276] conn(0x7f17d803db20 0x7f17d803ffe0 secure :-1 s=READY pgs=7 cs=0 l=1 rev1=1 crypto rx=0x7f1800009a10 tx=0x7f1800006eb0 comp rx=0 tx=0).ready entity=mgr.14102 client_cookie=0 server_cookie=0 in_seq=0 out_seq=0
2026-03-09T15:48:08.828 INFO:teuthology.orchestra.run.vm01.stdout:/usr/bin/ceph: stderr
2026-03-09T15:48:08.662+0000 7f17fe7fc640 1 -- 192.168.123.101:0/2712992155 <== mon.0 v2:192.168.123.101:3300/0 6 ==== mon_command_ack([{"prefix": "get_command_descriptions"}]=0 v0) ==== 72+0+195034 (secure 0 0 0) 0x7f1804076890 con 0x7f1810104de0
2026-03-09T15:48:08.828 INFO:teuthology.orchestra.run.vm01.stdout:/usr/bin/ceph: stderr
2026-03-09T15:48:08.766+0000 7f1817797640 1 -- 192.168.123.101:0/2712992155 --> [v2:192.168.123.101:3300/0,v1:192.168.123.101:6789/0] -- mon_command({"prefix": "config assimilate-conf"} v 0) -- 0x7f17dc003c00 con 0x7f1810104de0
2026-03-09T15:48:08.828 INFO:teuthology.orchestra.run.vm01.stdout:/usr/bin/ceph: stderr
2026-03-09T15:48:08.770+0000 7f17fe7fc640 1 -- 192.168.123.101:0/2712992155 <== mon.0 v2:192.168.123.101:3300/0 7 ==== mon_command_ack([{"prefix": "config assimilate-conf"}]=0 v3) ==== 70+0+380 (secure 0 0 0) 0x7f180403c1e0 con 0x7f1810104de0
2026-03-09T15:48:08.828 INFO:teuthology.orchestra.run.vm01.stdout:/usr/bin/ceph: stderr
2026-03-09T15:48:08.770+0000 7f1817797640 1 -- 192.168.123.101:0/2712992155 >> [v2:192.168.123.101:6800/2299265276,v1:192.168.123.101:6801/2299265276] conn(0x7f17d803db20 msgr2=0x7f17d803ffe0 secure :-1 s=STATE_CONNECTION_ESTABLISHED l=1).mark_down
2026-03-09T15:48:08.829 INFO:teuthology.orchestra.run.vm01.stdout:/usr/bin/ceph: stderr
2026-03-09T15:48:08.770+0000 7f1817797640 1 --2- 192.168.123.101:0/2712992155 >> [v2:192.168.123.101:6800/2299265276,v1:192.168.123.101:6801/2299265276] conn(0x7f17d803db20 0x7f17d803ffe0 secure :-1 s=READY pgs=7 cs=0 l=1 rev1=1 crypto rx=0x7f1800009a10 tx=0x7f1800006eb0 comp rx=0 tx=0).stop
2026-03-09T15:48:08.829 INFO:teuthology.orchestra.run.vm01.stdout:/usr/bin/ceph: stderr
2026-03-09T15:48:08.770+0000 7f1817797640 1 -- 192.168.123.101:0/2712992155 >> [v2:192.168.123.101:3300/0,v1:192.168.123.101:6789/0] conn(0x7f1810104de0 msgr2=0x7f18101a29c0 secure :-1 s=STATE_CONNECTION_ESTABLISHED l=1).mark_down
2026-03-09T15:48:08.829 INFO:teuthology.orchestra.run.vm01.stdout:/usr/bin/ceph: stderr
2026-03-09T15:48:08.770+0000 7f1817797640 1 --2- 192.168.123.101:0/2712992155 >> [v2:192.168.123.101:3300/0,v1:192.168.123.101:6789/0] conn(0x7f1810104de0 0x7f18101a29c0 secure :-1 s=READY pgs=19 cs=0 l=1 rev1=1 crypto rx=0x7f1804006fd0 tx=0x7f18040045e0 comp rx=0 tx=0).stop
2026-03-09T15:48:08.829 INFO:teuthology.orchestra.run.vm01.stdout:/usr/bin/ceph: stderr
2026-03-09T15:48:08.774+0000 7f1817797640 1 -- 192.168.123.101:0/2712992155 shutdown_connections
2026-03-09T15:48:08.829 INFO:teuthology.orchestra.run.vm01.stdout:/usr/bin/ceph: stderr
2026-03-09T15:48:08.774+0000 7f1817797640 1 --2- 192.168.123.101:0/2712992155 >> [v2:192.168.123.101:6800/2299265276,v1:192.168.123.101:6801/2299265276] conn(0x7f17d803db20 0x7f17d803ffe0 unknown :-1 s=CLOSED pgs=7 cs=0 l=1 rev1=1 crypto rx=0 tx=0 comp rx=0 tx=0).stop
2026-03-09T15:48:08.829 INFO:teuthology.orchestra.run.vm01.stdout:/usr/bin/ceph: stderr
2026-03-09T15:48:08.774+0000 7f1817797640 1 --2- 192.168.123.101:0/2712992155 >> [v2:192.168.123.101:3300/0,v1:192.168.123.101:6789/0] conn(0x7f1810104de0 0x7f18101a29c0 unknown :-1 s=CLOSED pgs=19 cs=0 l=1 rev1=1 crypto rx=0 tx=0 comp rx=0 tx=0).stop
2026-03-09T15:48:08.829 INFO:teuthology.orchestra.run.vm01.stdout:/usr/bin/ceph: stderr
2026-03-09T15:48:08.774+0000 7f1817797640 1 -- 192.168.123.101:0/2712992155 >> 192.168.123.101:0/2712992155 conn(0x7f1810100c10 msgr2=0x7f181010acf0 unknown :-1 s=STATE_NONE l=0).mark_down
2026-03-09T15:48:08.829 INFO:teuthology.orchestra.run.vm01.stdout:/usr/bin/ceph: stderr
2026-03-09T15:48:08.774+0000 7f1817797640 1 -- 192.168.123.101:0/2712992155 shutdown_connections
2026-03-09T15:48:08.829 INFO:teuthology.orchestra.run.vm01.stdout:/usr/bin/ceph: stderr
2026-03-09T15:48:08.774+0000 7f1817797640 1 -- 192.168.123.101:0/2712992155 wait complete.
2026-03-09T15:48:08.829 INFO:teuthology.orchestra.run.vm01.stdout:Enabling cephadm module...
2026-03-09T15:48:09.295 INFO:teuthology.orchestra.run.vm01.stdout:/usr/bin/ceph: stderr
2026-03-09T15:48:08.958+0000 7f90ca5b9640 1 Processor -- start
2026-03-09T15:48:09.296 INFO:teuthology.orchestra.run.vm01.stdout:/usr/bin/ceph: stderr
2026-03-09T15:48:08.962+0000 7f90ca5b9640 1 -- start start
2026-03-09T15:48:09.296 INFO:teuthology.orchestra.run.vm01.stdout:/usr/bin/ceph: stderr
2026-03-09T15:48:08.962+0000 7f90ca5b9640 1 --2- >> [v2:192.168.123.101:3300/0,v1:192.168.123.101:6789/0] conn(0x7f90c407be60 0x7f90c407a2c0 unknown :-1 s=NONE pgs=0 cs=0 l=0 rev1=0 crypto rx=0 tx=0 comp rx=0 tx=0).connect
2026-03-09T15:48:09.296 INFO:teuthology.orchestra.run.vm01.stdout:/usr/bin/ceph: stderr
2026-03-09T15:48:08.962+0000 7f90ca5b9640 1 -- --> [v2:192.168.123.101:3300/0,v1:192.168.123.101:6789/0] -- mon_getmap magic: 0 -- 0x7f90c407a800 con 0x7f90c407be60
2026-03-09T15:48:09.296 INFO:teuthology.orchestra.run.vm01.stdout:/usr/bin/ceph: stderr
2026-03-09T15:48:08.962+0000 7f90c3fff640 1 --2- >> [v2:192.168.123.101:3300/0,v1:192.168.123.101:6789/0] conn(0x7f90c407be60 0x7f90c407a2c0 unknown :-1 s=BANNER_CONNECTING pgs=0 cs=0 l=0 rev1=0 crypto rx=0 tx=0 comp rx=0 tx=0)._handle_peer_banner_payload supported=3 required=0
2026-03-09T15:48:09.296 INFO:teuthology.orchestra.run.vm01.stdout:/usr/bin/ceph: stderr
2026-03-09T15:48:08.962+0000 7f90c3fff640 1 --2- >> [v2:192.168.123.101:3300/0,v1:192.168.123.101:6789/0] conn(0x7f90c407be60 0x7f90c407a2c0 unknown :-1 s=HELLO_CONNECTING pgs=0 cs=0 l=0 rev1=1 crypto rx=0 tx=0 comp rx=0 tx=0).handle_hello peer v2:192.168.123.101:3300/0 says I am v2:192.168.123.101:43750/0 (socket says 192.168.123.101:43750)
2026-03-09T15:48:09.296 INFO:teuthology.orchestra.run.vm01.stdout:/usr/bin/ceph: stderr
2026-03-09T15:48:08.962+0000 7f90c3fff640 1 -- 192.168.123.101:0/2119567079 learned_addr learned my addr 192.168.123.101:0/2119567079 (peer_addr_for_me v2:192.168.123.101:0/0)
2026-03-09T15:48:09.296 INFO:teuthology.orchestra.run.vm01.stdout:/usr/bin/ceph: stderr
2026-03-09T15:48:08.962+0000 7f90c3fff640 1 -- 192.168.123.101:0/2119567079 --> [v2:192.168.123.101:3300/0,v1:192.168.123.101:6789/0] -- mon_subscribe({config=0+,monmap=0+}) -- 0x7f90c407a980 con 0x7f90c407be60
2026-03-09T15:48:09.296 INFO:teuthology.orchestra.run.vm01.stdout:/usr/bin/ceph: stderr
2026-03-09T15:48:08.962+0000 7f90c3fff640 1 --2- 192.168.123.101:0/2119567079 >> [v2:192.168.123.101:3300/0,v1:192.168.123.101:6789/0] conn(0x7f90c407be60 0x7f90c407a2c0 secure :-1 s=READY pgs=20 cs=0 l=1 rev1=1 crypto rx=0x7f90a8009920 tx=0x7f90a802ef20 comp rx=0 tx=0).ready entity=mon.0 client_cookie=3aa4e774561c44a1 server_cookie=0 in_seq=0 out_seq=0
2026-03-09T15:48:09.296 INFO:teuthology.orchestra.run.vm01.stdout:/usr/bin/ceph: stderr
2026-03-09T15:48:08.962+0000 7f90c2ffd640 1 -- 192.168.123.101:0/2119567079 <== mon.0 v2:192.168.123.101:3300/0 1 ==== mon_map magic: 0 ==== 205+0+0 (secure 0 0 0) 0x7f90a803c070 con 0x7f90c407be60
2026-03-09T15:48:09.296 INFO:teuthology.orchestra.run.vm01.stdout:/usr/bin/ceph: stderr
2026-03-09T15:48:08.962+0000 7f90c2ffd640 1 -- 192.168.123.101:0/2119567079 <== mon.0 v2:192.168.123.101:3300/0 2 ==== config(23 keys) ==== 947+0+0 (secure 0 0 0) 0x7f90a8037440 con 0x7f90c407be60
2026-03-09T15:48:09.296 INFO:teuthology.orchestra.run.vm01.stdout:/usr/bin/ceph: stderr
2026-03-09T15:48:08.962+0000 7f90c2ffd640 1 -- 192.168.123.101:0/2119567079 <== mon.0 v2:192.168.123.101:3300/0 3 ==== mon_map magic: 0 ==== 205+0+0 (secure 0 0 0) 0x7f90a8035340 con 0x7f90c407be60
2026-03-09T15:48:09.296 INFO:teuthology.orchestra.run.vm01.stdout:/usr/bin/ceph: stderr
2026-03-09T15:48:08.962+0000 7f90ca5b9640 1 -- 192.168.123.101:0/2119567079 >> [v2:192.168.123.101:3300/0,v1:192.168.123.101:6789/0] conn(0x7f90c407be60 msgr2=0x7f90c407a2c0 secure :-1 s=STATE_CONNECTION_ESTABLISHED l=1).mark_down
2026-03-09T15:48:09.296 INFO:teuthology.orchestra.run.vm01.stdout:/usr/bin/ceph: stderr
2026-03-09T15:48:08.962+0000 7f90ca5b9640 1 --2- 192.168.123.101:0/2119567079 >> [v2:192.168.123.101:3300/0,v1:192.168.123.101:6789/0] conn(0x7f90c407be60 0x7f90c407a2c0 secure :-1 s=READY pgs=20 cs=0 l=1 rev1=1 crypto rx=0x7f90a8009920 tx=0x7f90a802ef20 comp rx=0 tx=0).stop
2026-03-09T15:48:09.296 INFO:teuthology.orchestra.run.vm01.stdout:/usr/bin/ceph: stderr
2026-03-09T15:48:08.962+0000 7f90ca5b9640 1 -- 192.168.123.101:0/2119567079 shutdown_connections
2026-03-09T15:48:09.296 INFO:teuthology.orchestra.run.vm01.stdout:/usr/bin/ceph: stderr
2026-03-09T15:48:08.962+0000 7f90ca5b9640 1 --2- 192.168.123.101:0/2119567079 >> [v2:192.168.123.101:3300/0,v1:192.168.123.101:6789/0] conn(0x7f90c407be60 0x7f90c407a2c0 unknown :-1 s=CLOSED pgs=20 cs=0 l=1 rev1=1 crypto rx=0 tx=0 comp rx=0 tx=0).stop
2026-03-09T15:48:09.296 INFO:teuthology.orchestra.run.vm01.stdout:/usr/bin/ceph: stderr
2026-03-09T15:48:08.962+0000 7f90ca5b9640 1 -- 192.168.123.101:0/2119567079 >> 192.168.123.101:0/2119567079 conn(0x7f90c4101d80 msgr2=0x7f90c41041a0 unknown :-1 s=STATE_NONE l=0).mark_down
2026-03-09T15:48:09.296 INFO:teuthology.orchestra.run.vm01.stdout:/usr/bin/ceph: stderr
2026-03-09T15:48:08.962+0000 7f90ca5b9640 1 -- 192.168.123.101:0/2119567079 shutdown_connections
2026-03-09T15:48:09.296 INFO:teuthology.orchestra.run.vm01.stdout:/usr/bin/ceph: stderr
2026-03-09T15:48:08.962+0000 7f90ca5b9640 1 -- 192.168.123.101:0/2119567079 wait complete.
2026-03-09T15:48:09.296 INFO:teuthology.orchestra.run.vm01.stdout:/usr/bin/ceph: stderr
2026-03-09T15:48:08.966+0000 7f90ca5b9640 1 Processor -- start
2026-03-09T15:48:09.296 INFO:teuthology.orchestra.run.vm01.stdout:/usr/bin/ceph: stderr
2026-03-09T15:48:08.966+0000 7f90ca5b9640 1 -- start start
2026-03-09T15:48:09.296 INFO:teuthology.orchestra.run.vm01.stdout:/usr/bin/ceph: stderr
2026-03-09T15:48:08.966+0000 7f90ca5b9640 1 --2- >> [v2:192.168.123.101:3300/0,v1:192.168.123.101:6789/0] conn(0x7f90c407be60 0x7f90c419e5f0 unknown :-1 s=NONE pgs=0 cs=0 l=1 rev1=0 crypto rx=0 tx=0 comp rx=0 tx=0).connect
2026-03-09T15:48:09.296 INFO:teuthology.orchestra.run.vm01.stdout:/usr/bin/ceph: stderr
2026-03-09T15:48:08.966+0000 7f90ca5b9640 1 -- --> [v2:192.168.123.101:3300/0,v1:192.168.123.101:6789/0] -- mon_getmap magic: 0 -- 0x7f90c410ca00 con 0x7f90c407be60
2026-03-09T15:48:09.296 INFO:teuthology.orchestra.run.vm01.stdout:/usr/bin/ceph: stderr
2026-03-09T15:48:08.966+0000 7f90c3fff640 1 --2- >> [v2:192.168.123.101:3300/0,v1:192.168.123.101:6789/0] conn(0x7f90c407be60 0x7f90c419e5f0 unknown :-1 s=BANNER_CONNECTING pgs=0 cs=0 l=1 rev1=0 crypto rx=0 tx=0 comp rx=0 tx=0)._handle_peer_banner_payload supported=3 required=0
2026-03-09T15:48:09.296 INFO:teuthology.orchestra.run.vm01.stdout:/usr/bin/ceph: stderr
2026-03-09T15:48:08.966+0000 7f90c3fff640 1 --2- >> [v2:192.168.123.101:3300/0,v1:192.168.123.101:6789/0] conn(0x7f90c407be60 0x7f90c419e5f0 unknown :-1 s=HELLO_CONNECTING pgs=0 cs=0 l=1 rev1=1 crypto rx=0 tx=0 comp rx=0 tx=0).handle_hello peer v2:192.168.123.101:3300/0 says I am v2:192.168.123.101:43762/0 (socket says 192.168.123.101:43762)
2026-03-09T15:48:09.296 INFO:teuthology.orchestra.run.vm01.stdout:/usr/bin/ceph: stderr
2026-03-09T15:48:08.966+0000 7f90c3fff640 1 -- 192.168.123.101:0/2808265687 learned_addr learned my addr 192.168.123.101:0/2808265687 (peer_addr_for_me v2:192.168.123.101:0/0)
2026-03-09T15:48:09.296 INFO:teuthology.orchestra.run.vm01.stdout:/usr/bin/ceph: stderr
2026-03-09T15:48:08.966+0000 7f90c3fff640 1 -- 192.168.123.101:0/2808265687 --> [v2:192.168.123.101:3300/0,v1:192.168.123.101:6789/0] -- mon_subscribe({config=0+,monmap=0+}) -- 0x7f90c419eb30 con 0x7f90c407be60
2026-03-09T15:48:09.296 INFO:teuthology.orchestra.run.vm01.stdout:/usr/bin/ceph: stderr
2026-03-09T15:48:08.966+0000 7f90c3fff640 1 --2- 192.168.123.101:0/2808265687 >> [v2:192.168.123.101:3300/0,v1:192.168.123.101:6789/0] conn(0x7f90c407be60 0x7f90c419e5f0 secure :-1 s=READY pgs=21 cs=0 l=1 rev1=1 crypto rx=0x7f90a8009a50 tx=0x7f90a8036ec0 comp rx=0 tx=0).ready entity=mon.0 client_cookie=0 server_cookie=0 in_seq=0 out_seq=0
2026-03-09T15:48:09.296 INFO:teuthology.orchestra.run.vm01.stdout:/usr/bin/ceph: stderr
2026-03-09T15:48:08.966+0000 7f90c17fa640 1 -- 192.168.123.101:0/2808265687 <== mon.0 v2:192.168.123.101:3300/0 1 ==== mon_map magic: 0 ==== 205+0+0 (secure 0 0 0) 0x7f90a803c030 con 0x7f90c407be60
2026-03-09T15:48:09.296 INFO:teuthology.orchestra.run.vm01.stdout:/usr/bin/ceph: stderr
2026-03-09T15:48:08.966+0000 7f90c17fa640 1 -- 192.168.123.101:0/2808265687 <== mon.0 v2:192.168.123.101:3300/0 2 ==== config(23 keys) ==== 947+0+0 (secure 0 0 0) 0x7f90a803e070 con 0x7f90c407be60
2026-03-09T15:48:09.296 INFO:teuthology.orchestra.run.vm01.stdout:/usr/bin/ceph: stderr
