2026-03-09T17:20:36.099+0000 7f4b05d74640 1 --2- 192.168.123.100:0/2526236106 >> v2:192.168.123.100:6800/1655006894 conn(0x7f4ae003d7f0 0x7f4ae003fcb0 secure :-1 s=READY pgs=14 cs=0 l=1 rev1=1 crypto rx=0x7f4af0009a10 tx=0x7f4af0006eb0 comp rx=0 tx=0).ready entity=mgr.14118 client_cookie=0 server_cookie=0 in_seq=0 out_seq=0
2026-03-09T17:20:36.239 INFO:teuthology.orchestra.run.vm00.stdout:/usr/bin/ceph: stderr
2026-03-09T17:20:36.099+0000 7f4af77fe640 1 -- 192.168.123.100:0/2526236106 <== mon.0 v2:192.168.123.100:3300/0 6 ==== mon_command_ack([{"prefix": "get_command_descriptions"}]=0 v0) ==== 72+0+195034 (secure 0 0 0) 0x7f4afc048360 con 0x7f4b08105120
2026-03-09T17:20:36.239 INFO:teuthology.orchestra.run.vm00.stdout:/usr/bin/ceph: stderr
2026-03-09T17:20:36.191+0000 7f4b0ca32640 1 -- 192.168.123.100:0/2526236106 --> [v2:192.168.123.100:3300/0,v1:192.168.123.100:6789/0] -- mon_command([{prefix=config set, name=mgr/cephadm/container_init}] v 0) -- 0x7f4b0819c2d0 con 0x7f4b08105120
2026-03-09T17:20:36.239 INFO:teuthology.orchestra.run.vm00.stdout:/usr/bin/ceph: stderr
2026-03-09T17:20:36.199+0000 7f4af77fe640 1 -- 192.168.123.100:0/2526236106 <== mon.0 v2:192.168.123.100:3300/0 7 ==== mon_command_ack([{prefix=config set, name=mgr/cephadm/container_init}]=0 v6)=0 v6) ==== 142+0+0 (secure 0 0 0) 0x7f4afc043120 con 0x7f4b08105120
2026-03-09T17:20:36.239 INFO:teuthology.orchestra.run.vm00.stdout:/usr/bin/ceph: stderr
2026-03-09T17:20:36.203+0000 7f4b0ca32640 1 -- 192.168.123.100:0/2526236106 >> v2:192.168.123.100:6800/1655006894 conn(0x7f4ae003d7f0 msgr2=0x7f4ae003fcb0 secure :-1 s=STATE_CONNECTION_ESTABLISHED l=1).mark_down
2026-03-09T17:20:36.240 INFO:teuthology.orchestra.run.vm00.stdout:/usr/bin/ceph: stderr
2026-03-09T17:20:36.203+0000 7f4b0ca32640 1 --2- 192.168.123.100:0/2526236106 >> v2:192.168.123.100:6800/1655006894 conn(0x7f4ae003d7f0 0x7f4ae003fcb0 secure :-1 s=READY pgs=14 cs=0 l=1 rev1=1 crypto rx=0x7f4af0009a10 tx=0x7f4af0006eb0 comp rx=0 tx=0).stop
2026-03-09T17:20:36.240 INFO:teuthology.orchestra.run.vm00.stdout:/usr/bin/ceph: stderr
2026-03-09T17:20:36.203+0000 7f4b0ca32640 1 -- 192.168.123.100:0/2526236106 >> [v2:192.168.123.100:3300/0,v1:192.168.123.100:6789/0] conn(0x7f4b08105120 msgr2=0x7f4b081a2f20 secure :-1 s=STATE_CONNECTION_ESTABLISHED l=1).mark_down
2026-03-09T17:20:36.240 INFO:teuthology.orchestra.run.vm00.stdout:/usr/bin/ceph: stderr
2026-03-09T17:20:36.203+0000 7f4b0ca32640 1 --2- 192.168.123.100:0/2526236106 >> [v2:192.168.123.100:3300/0,v1:192.168.123.100:6789/0] conn(0x7f4b08105120 0x7f4b081a2f20 secure :-1 s=READY pgs=50 cs=0 l=1 rev1=1 crypto rx=0x7f4afc035ed0 tx=0x7f4afc035f00 comp rx=0 tx=0).stop
2026-03-09T17:20:36.240 INFO:teuthology.orchestra.run.vm00.stdout:/usr/bin/ceph: stderr
2026-03-09T17:20:36.203+0000 7f4b0ca32640 1 -- 192.168.123.100:0/2526236106 shutdown_connections
2026-03-09T17:20:36.240 INFO:teuthology.orchestra.run.vm00.stdout:/usr/bin/ceph: stderr
2026-03-09T17:20:36.203+0000 7f4b0ca32640 1 --2- 192.168.123.100:0/2526236106 >> v2:192.168.123.100:6800/1655006894 conn(0x7f4ae003d7f0 0x7f4ae003fcb0 unknown :-1 s=CLOSED pgs=14 cs=0 l=1 rev1=1 crypto rx=0 tx=0 comp rx=0 tx=0).stop
2026-03-09T17:20:36.240 INFO:teuthology.orchestra.run.vm00.stdout:/usr/bin/ceph: stderr
2026-03-09T17:20:36.203+0000 7f4b0ca32640 1 --2- 192.168.123.100:0/2526236106 >> [v2:192.168.123.100:3300/0,v1:192.168.123.100:6789/0] conn(0x7f4b08105120 0x7f4b081a2f20 unknown :-1 s=CLOSED pgs=50 cs=0 l=1 rev1=1 crypto rx=0 tx=0 comp rx=0 tx=0).stop
2026-03-09T17:20:36.240 INFO:teuthology.orchestra.run.vm00.stdout:/usr/bin/ceph: stderr
2026-03-09T17:20:36.203+0000 7f4b0ca32640 1 -- 192.168.123.100:0/2526236106 >> 192.168.123.100:0/2526236106 conn(0x7f4b08100f90 msgr2=0x7f4b0810b080 unknown :-1 s=STATE_NONE l=0).mark_down
2026-03-09T17:20:36.240 INFO:teuthology.orchestra.run.vm00.stdout:/usr/bin/ceph: stderr
2026-03-09T17:20:36.203+0000 7f4b0ca32640 1 -- 192.168.123.100:0/2526236106 shutdown_connections
2026-03-09T17:20:36.240 INFO:teuthology.orchestra.run.vm00.stdout:/usr/bin/ceph: stderr
2026-03-09T17:20:36.203+0000 7f4b0ca32640 1 -- 192.168.123.100:0/2526236106 wait complete.
2026-03-09T17:20:36.509 INFO:teuthology.orchestra.run.vm00.stdout:/usr/bin/ceph: stderr
2026-03-09T17:20:36.351+0000 7ff90d262640 1 Processor -- start
2026-03-09T17:20:36.510 INFO:teuthology.orchestra.run.vm00.stdout:/usr/bin/ceph: stderr
2026-03-09T17:20:36.351+0000 7ff90d262640 1 -- start start
2026-03-09T17:20:36.510 INFO:teuthology.orchestra.run.vm00.stdout:/usr/bin/ceph: stderr
2026-03-09T17:20:36.351+0000 7ff90d262640 1 --2- >> [v2:192.168.123.100:3300/0,v1:192.168.123.100:6789/0] conn(0x7ff9081068e0 0x7ff908106ce0 unknown :-1 s=NONE pgs=0 cs=0 l=0 rev1=0 crypto rx=0 tx=0 comp rx=0 tx=0).connect
2026-03-09T17:20:36.510 INFO:teuthology.orchestra.run.vm00.stdout:/usr/bin/ceph: stderr
2026-03-09T17:20:36.355+0000 7ff90d262640 1 -- --> [v2:192.168.123.100:3300/0,v1:192.168.123.100:6789/0] -- mon_getmap magic: 0 -- 0x7ff9081072b0 con 0x7ff9081068e0
2026-03-09T17:20:36.510 INFO:teuthology.orchestra.run.vm00.stdout:/usr/bin/ceph: stderr
2026-03-09T17:20:36.355+0000 7ff906d76640 1 --2- >> [v2:192.168.123.100:3300/0,v1:192.168.123.100:6789/0] conn(0x7ff9081068e0 0x7ff908106ce0 unknown :-1 s=BANNER_CONNECTING pgs=0 cs=0 l=0 rev1=0 crypto rx=0 tx=0 comp rx=0 tx=0)._handle_peer_banner_payload supported=3 required=0
2026-03-09T17:20:36.510 INFO:teuthology.orchestra.run.vm00.stdout:/usr/bin/ceph: stderr
2026-03-09T17:20:36.355+0000 7ff906d76640 1 --2- >> [v2:192.168.123.100:3300/0,v1:192.168.123.100:6789/0] conn(0x7ff9081068e0 0x7ff908106ce0 unknown :-1 s=HELLO_CONNECTING pgs=0 cs=0 l=0 rev1=1 crypto rx=0 tx=0 comp rx=0 tx=0).handle_hello peer v2:192.168.123.100:3300/0 says I am v2:192.168.123.100:36390/0 (socket says 192.168.123.100:36390)
2026-03-09T17:20:36.510 INFO:teuthology.orchestra.run.vm00.stdout:/usr/bin/ceph: stderr
2026-03-09T17:20:36.355+0000 7ff906d76640 1 -- 192.168.123.100:0/3835659803 learned_addr learned my addr 192.168.123.100:0/3835659803 (peer_addr_for_me v2:192.168.123.100:0/0)
2026-03-09T17:20:36.510 INFO:teuthology.orchestra.run.vm00.stdout:/usr/bin/ceph: stderr
2026-03-09T17:20:36.355+0000 7ff906d76640 1 -- 192.168.123.100:0/3835659803 --> [v2:192.168.123.100:3300/0,v1:192.168.123.100:6789/0] -- mon_subscribe({config=0+,monmap=0+}) -- 0x7ff908107ae0 con 0x7ff9081068e0
2026-03-09T17:20:36.510 INFO:teuthology.orchestra.run.vm00.stdout:/usr/bin/ceph: stderr
2026-03-09T17:20:36.355+0000 7ff906d76640 1 --2- 192.168.123.100:0/3835659803 >> [v2:192.168.123.100:3300/0,v1:192.168.123.100:6789/0] conn(0x7ff9081068e0 0x7ff908106ce0 secure :-1 s=READY pgs=51 cs=0 l=1 rev1=1 crypto rx=0x7ff8fc009920 tx=0x7ff8fc02ef20 comp rx=0 tx=0).ready entity=mon.0 client_cookie=c6a1f8004cbd0c3c server_cookie=0 in_seq=0 out_seq=0
2026-03-09T17:20:36.510 INFO:teuthology.orchestra.run.vm00.stdout:/usr/bin/ceph: stderr
2026-03-09T17:20:36.355+0000 7ff905d74640 1 -- 192.168.123.100:0/3835659803 <== mon.0 v2:192.168.123.100:3300/0 1 ==== mon_map magic: 0 ==== 205+0+0 (secure 0 0 0) 0x7ff8fc03c070 con 0x7ff9081068e0
2026-03-09T17:20:36.510 INFO:teuthology.orchestra.run.vm00.stdout:/usr/bin/ceph: stderr
2026-03-09T17:20:36.355+0000 7ff905d74640 1 -- 192.168.123.100:0/3835659803 <== mon.0 v2:192.168.123.100:3300/0 2 ==== config(25 keys) ==== 998+0+0 (secure 0 0 0) 0x7ff8fc037440 con 0x7ff9081068e0
2026-03-09T17:20:36.510 INFO:teuthology.orchestra.run.vm00.stdout:/usr/bin/ceph: stderr
2026-03-09T17:20:36.355+0000 7ff90d262640 1 -- 192.168.123.100:0/3835659803 >> [v2:192.168.123.100:3300/0,v1:192.168.123.100:6789/0] conn(0x7ff9081068e0 msgr2=0x7ff908106ce0 secure :-1 s=STATE_CONNECTION_ESTABLISHED l=1).mark_down
2026-03-09T17:20:36.510 INFO:teuthology.orchestra.run.vm00.stdout:/usr/bin/ceph: stderr
2026-03-09T17:20:36.355+0000 7ff90d262640 1 --2- 192.168.123.100:0/3835659803 >> [v2:192.168.123.100:3300/0,v1:192.168.123.100:6789/0] conn(0x7ff9081068e0 0x7ff908106ce0 secure :-1 s=READY pgs=51 cs=0 l=1 rev1=1 crypto rx=0x7ff8fc009920 tx=0x7ff8fc02ef20 comp rx=0 tx=0).stop
2026-03-09T17:20:36.510 INFO:teuthology.orchestra.run.vm00.stdout:/usr/bin/ceph: stderr
2026-03-09T17:20:36.355+0000 7ff90d262640 1 -- 192.168.123.100:0/3835659803 shutdown_connections
2026-03-09T17:20:36.510 INFO:teuthology.orchestra.run.vm00.stdout:/usr/bin/ceph: stderr
2026-03-09T17:20:36.355+0000 7ff90d262640 1 --2- 192.168.123.100:0/3835659803 >> [v2:192.168.123.100:3300/0,v1:192.168.123.100:6789/0] conn(0x7ff9081068e0 0x7ff908106ce0 unknown :-1 s=CLOSED pgs=51 cs=0 l=1 rev1=1 crypto rx=0 tx=0 comp rx=0 tx=0).stop
2026-03-09T17:20:36.510 INFO:teuthology.orchestra.run.vm00.stdout:/usr/bin/ceph: stderr
2026-03-09T17:20:36.355+0000 7ff90d262640 1 -- 192.168.123.100:0/3835659803 >> 192.168.123.100:0/3835659803 conn(0x7ff908102090 msgr2=0x7ff9081044b0 unknown :-1 s=STATE_NONE l=0).mark_down
2026-03-09T17:20:36.510 INFO:teuthology.orchestra.run.vm00.stdout:/usr/bin/ceph: stderr
2026-03-09T17:20:36.355+0000 7ff90d262640 1 -- 192.168.123.100:0/3835659803 shutdown_connections
2026-03-09T17:20:36.510 INFO:teuthology.orchestra.run.vm00.stdout:/usr/bin/ceph: stderr
2026-03-09T17:20:36.355+0000 7ff90d262640 1 -- 192.168.123.100:0/3835659803 wait complete.
2026-03-09T17:20:36.510 INFO:teuthology.orchestra.run.vm00.stdout:/usr/bin/ceph: stderr
2026-03-09T17:20:36.355+0000 7ff90d262640 1 Processor -- start
2026-03-09T17:20:36.510 INFO:teuthology.orchestra.run.vm00.stdout:/usr/bin/ceph: stderr
2026-03-09T17:20:36.355+0000 7ff90d262640 1 -- start start
2026-03-09T17:20:36.510 INFO:teuthology.orchestra.run.vm00.stdout:/usr/bin/ceph: stderr
2026-03-09T17:20:36.355+0000 7ff90d262640 1 --2- >> [v2:192.168.123.100:3300/0,v1:192.168.123.100:6789/0] conn(0x7ff9081068e0 0x7ff908195740 unknown :-1 s=NONE pgs=0 cs=0 l=1 rev1=0 crypto rx=0 tx=0 comp rx=0 tx=0).connect
2026-03-09T17:20:36.510 INFO:teuthology.orchestra.run.vm00.stdout:/usr/bin/ceph: stderr
2026-03-09T17:20:36.355+0000 7ff90d262640 1 -- --> [v2:192.168.123.100:3300/0,v1:192.168.123.100:6789/0] -- mon_getmap magic: 0 -- 0x7ff90810ad10 con 0x7ff9081068e0
2026-03-09T17:20:36.510 INFO:teuthology.orchestra.run.vm00.stdout:/usr/bin/ceph: stderr
2026-03-09T17:20:36.355+0000 7ff906d76640 1 --2- >> [v2:192.168.123.100:3300/0,v1:192.168.123.100:6789/0] conn(0x7ff9081068e0 0x7ff908195740 unknown :-1 s=BANNER_CONNECTING pgs=0 cs=0 l=1 rev1=0 crypto rx=0 tx=0 comp rx=0 tx=0)._handle_peer_banner_payload supported=3 required=0
2026-03-09T17:20:36.510 INFO:teuthology.orchestra.run.vm00.stdout:/usr/bin/ceph: stderr
2026-03-09T17:20:36.355+0000 7ff906d76640 1 --2- >> [v2:192.168.123.100:3300/0,v1:192.168.123.100:6789/0] conn(0x7ff9081068e0 0x7ff908195740 unknown :-1 s=HELLO_CONNECTING pgs=0 cs=0 l=1 rev1=1 crypto rx=0 tx=0 comp rx=0 tx=0).handle_hello peer v2:192.168.123.100:3300/0 says I am v2:192.168.123.100:36400/0 (socket says 192.168.123.100:36400)
2026-03-09T17:20:36.510 INFO:teuthology.orchestra.run.vm00.stdout:/usr/bin/ceph: stderr
2026-03-09T17:20:36.355+0000 7ff906d76640 1 -- 192.168.123.100:0/360443459 learned_addr learned my addr 192.168.123.100:0/360443459 (peer_addr_for_me v2:192.168.123.100:0/0)
2026-03-09T17:20:36.510 INFO:teuthology.orchestra.run.vm00.stdout:/usr/bin/ceph: stderr
2026-03-09T17:20:36.355+0000 7ff906d76640 1 -- 192.168.123.100:0/360443459 --> [v2:192.168.123.100:3300/0,v1:192.168.123.100:6789/0] -- mon_subscribe({config=0+,monmap=0+}) -- 0x7ff908195c80 con 0x7ff9081068e0
2026-03-09T17:20:36.510 INFO:teuthology.orchestra.run.vm00.stdout:/usr/bin/ceph: stderr
2026-03-09T17:20:36.359+0000 7ff906d76640 1 --2- 192.168.123.100:0/360443459 >> [v2:192.168.123.100:3300/0,v1:192.168.123.100:6789/0] conn(0x7ff9081068e0 0x7ff908195740 secure :-1 s=READY pgs=52 cs=0 l=1 rev1=1 crypto rx=0x7ff8fc035f40 tx=0x7ff8fc035f70 comp rx=0 tx=0).ready entity=mon.0 client_cookie=0 server_cookie=0 in_seq=0 out_seq=0
2026-03-09T17:20:36.510 INFO:teuthology.orchestra.run.vm00.stdout:/usr/bin/ceph: stderr
2026-03-09T17:20:36.359+0000 7ff8ebfff640 1 -- 192.168.123.100:0/360443459 <== mon.0 v2:192.168.123.100:3300/0 1 ==== mon_map magic: 0 ==== 205+0+0 (secure 0 0 0) 0x7ff8fc045070 con 0x7ff9081068e0
2026-03-09T17:20:36.510 INFO:teuthology.orchestra.run.vm00.stdout:/usr/bin/ceph: stderr
2026-03-09T17:20:36.359+0000 7ff8ebfff640 1 -- 192.168.123.100:0/360443459 <== mon.0 v2:192.168.123.100:3300/0 2 ==== config(25 keys) ==== 998+0+0 (secure 0 0 0) 0x7ff8fc037c50 con 0x7ff9081068e0
2026-03-09T17:20:36.510 INFO:teuthology.orchestra.run.vm00.stdout:/usr/bin/ceph: stderr
2026-03-09T17:20:36.359+0000 7ff8ebfff640 1 -- 192.168.123.100:0/360443459 <== mon.0 v2:192.168.123.100:3300/0 3 ==== mon_map magic: 0 ==== 205+0+0 (secure 0 0 0) 0x7ff8fc03c070 con 0x7ff9081068e0
2026-03-09T17:20:36.510 INFO:teuthology.orchestra.run.vm00.stdout:/usr/bin/ceph: stderr
2026-03-09T17:20:36.359+0000 7ff90d262640 1 -- 192.168.123.100:0/360443459 --> [v2:192.168.123.100:3300/0,v1:192.168.123.100:6789/0] -- mon_subscribe({mgrmap=0+}) -- 0x7ff908195f10 con 0x7ff9081068e0
2026-03-09T17:20:36.510 INFO:teuthology.orchestra.run.vm00.stdout:/usr/bin/ceph: stderr
2026-03-09T17:20:36.359+0000 7ff90d262640 1 -- 192.168.123.100:0/360443459 --> [v2:192.168.123.100:3300/0,v1:192.168.123.100:6789/0] -- mon_subscribe({osdmap=0}) -- 0x7ff908192280 con 0x7ff9081068e0
2026-03-09T17:20:36.510 INFO:teuthology.orchestra.run.vm00.stdout:/usr/bin/ceph: stderr
2026-03-09T17:20:36.359+0000 7ff8ebfff640 1 -- 192.168.123.100:0/360443459 <== mon.0 v2:192.168.123.100:3300/0 4 ==== mgrmap(e 8) ==== 50212+0+0 (secure 0 0 0) 0x7ff8fc04a430 con 0x7ff9081068e0
2026-03-09T17:20:36.510 INFO:teuthology.orchestra.run.vm00.stdout:/usr/bin/ceph: stderr
2026-03-09T17:20:36.359+0000 7ff8ebfff640 1 --2- 192.168.123.100:0/360443459 >> v2:192.168.123.100:6800/1655006894 conn(0x7ff8e003dc50 0x7ff8e0040110 unknown :-1 s=NONE pgs=0 cs=0 l=1 rev1=0 crypto rx=0 tx=0 comp rx=0 tx=0).connect
2026-03-09T17:20:36.510 INFO:teuthology.orchestra.run.vm00.stdout:/usr/bin/ceph: stderr
2026-03-09T17:20:36.359+0000 7ff8ebfff640 1 -- 192.168.123.100:0/360443459 <== mon.0 v2:192.168.123.100:3300/0 5 ==== osd_map(2..2 src has 1..2) ==== 897+0+0 (secure 0 0 0) 0x7ff8fc0767e0 con 0x7ff9081068e0
2026-03-09T17:20:36.510 INFO:teuthology.orchestra.run.vm00.stdout:/usr/bin/ceph: stderr
2026-03-09T17:20:36.359+0000 7ff906575640 1 --2- 192.168.123.100:0/360443459 >> v2:192.168.123.100:6800/1655006894 conn(0x7ff8e003dc50 0x7ff8e0040110 unknown :-1 s=BANNER_CONNECTING pgs=0 cs=0 l=1 rev1=0 crypto rx=0 tx=0 comp rx=0 tx=0)._handle_peer_banner_payload supported=3 required=0
2026-03-09T17:20:36.510 INFO:teuthology.orchestra.run.vm00.stdout:/usr/bin/ceph: stderr
2026-03-09T17:20:36.359+0000 7ff906575640 1 --2- 192.168.123.100:0/360443459 >> v2:192.168.123.100:6800/1655006894 conn(0x7ff8e003dc50 0x7ff8e0040110 secure :-1 s=READY pgs=15 cs=0 l=1 rev1=1 crypto rx=0x7ff8f4009a10 tx=0x7ff8f4006eb0 comp rx=0 tx=0).ready entity=mgr.14118 client_cookie=0 server_cookie=0 in_seq=0 out_seq=0
2026-03-09T17:20:36.510 INFO:teuthology.orchestra.run.vm00.stdout:/usr/bin/ceph: stderr
2026-03-09T17:20:36.359+0000 7ff90d262640 1 -- 192.168.123.100:0/360443459 --> [v2:192.168.123.100:3300/0,v1:192.168.123.100:6789/0] -- mon_command({"prefix": "get_command_descriptions"} v 0) -- 0x7ff908106ce0 con 0x7ff9081068e0
2026-03-09T17:20:36.510 INFO:teuthology.orchestra.run.vm00.stdout:/usr/bin/ceph: stderr
2026-03-09T17:20:36.363+0000 7ff8ebfff640 1 -- 192.168.123.100:0/360443459 <== mon.0 v2:192.168.123.100:3300/0 6 ==== mon_command_ack([{"prefix": "get_command_descriptions"}]=0 v0) ==== 72+0+195034 (secure 0 0 0) 0x7ff8fc067020 con 0x7ff9081068e0
2026-03-09T17:20:36.511 INFO:teuthology.orchestra.run.vm00.stdout:/usr/bin/ceph: stderr
2026-03-09T17:20:36.455+0000 7ff90d262640 1 -- 192.168.123.100:0/360443459 --> [v2:192.168.123.100:3300/0,v1:192.168.123.100:6789/0] -- mon_command([{prefix=config set, name=mgr/dashboard/ssl_server_port}] v 0) -- 0x7ff908192810 con 0x7ff9081068e0
2026-03-09T17:20:36.511 INFO:teuthology.orchestra.run.vm00.stdout:/usr/bin/ceph: stderr
2026-03-09T17:20:36.459+0000 7ff8ebfff640 1 -- 192.168.123.100:0/360443459 <== mon.0 v2:192.168.123.100:3300/0 7 ==== mon_command_ack([{prefix=config set, name=mgr/dashboard/ssl_server_port}]=0 v7)=0 v7) ==== 130+0+0 (secure 0 0 0) 0x7ff8fc033200 con 0x7ff9081068e0
2026-03-09T17:20:36.511 INFO:teuthology.orchestra.run.vm00.stdout:/usr/bin/ceph: stderr
2026-03-09T17:20:36.467+0000 7ff90d262640 1 -- 192.168.123.100:0/360443459 >> v2:192.168.123.100:6800/1655006894 conn(0x7ff8e003dc50 msgr2=0x7ff8e0040110 secure :-1 s=STATE_CONNECTION_ESTABLISHED l=1).mark_down
2026-03-09T17:20:36.511 INFO:teuthology.orchestra.run.vm00.stdout:/usr/bin/ceph: stderr
2026-03-09T17:20:36.467+0000 7ff90d262640 1 --2- 192.168.123.100:0/360443459 >> v2:192.168.123.100:6800/1655006894 conn(0x7ff8e003dc50 0x7ff8e0040110 secure :-1 s=READY pgs=15 cs=0 l=1 rev1=1 crypto rx=0x7ff8f4009a10 tx=0x7ff8f4006eb0 comp rx=0 tx=0).stop
2026-03-09T17:20:36.511 INFO:teuthology.orchestra.run.vm00.stdout:/usr/bin/ceph: stderr
2026-03-09T17:20:36.467+0000 7ff90d262640 1 -- 192.168.123.100:0/360443459 >> [v2:192.168.123.100:3300/0,v1:192.168.123.100:6789/0] conn(0x7ff9081068e0 msgr2=0x7ff908195740 secure :-1 s=STATE_CONNECTION_ESTABLISHED l=1).mark_down
2026-03-09T17:20:36.511 INFO:teuthology.orchestra.run.vm00.stdout:/usr/bin/ceph: stderr
2026-03-09T17:20:36.467+0000 7ff90d262640 1 --2- 192.168.123.100:0/360443459 >> [v2:192.168.123.100:3300/0,v1:192.168.123.100:6789/0] conn(0x7ff9081068e0 0x7ff908195740 secure :-1 s=READY pgs=52 cs=0 l=1 rev1=1 crypto rx=0x7ff8fc035f40 tx=0x7ff8fc035f70 comp rx=0 tx=0).stop
2026-03-09T17:20:36.511 INFO:teuthology.orchestra.run.vm00.stdout:/usr/bin/ceph: stderr
2026-03-09T17:20:36.467+0000 7ff90d262640 1 -- 192.168.123.100:0/360443459 shutdown_connections
2026-03-09T17:20:36.511 INFO:teuthology.orchestra.run.vm00.stdout:/usr/bin/ceph: stderr
2026-03-09T17:20:36.467+0000 7ff90d262640 1 --2- 192.168.123.100:0/360443459 >> v2:192.168.123.100:6800/1655006894 conn(0x7ff8e003dc50 0x7ff8e0040110 unknown :-1 s=CLOSED pgs=15 cs=0 l=1 rev1=1 crypto rx=0 tx=0 comp rx=0 tx=0).stop
2026-03-09T17:20:36.511 INFO:teuthology.orchestra.run.vm00.stdout:/usr/bin/ceph: stderr
2026-03-09T17:20:36.467+0000 7ff90d262640 1 --2- 192.168.123.100:0/360443459 >> [v2:192.168.123.100:3300/0,v1:192.168.123.100:6789/0] conn(0x7ff9081068e0 0x7ff908195740 unknown :-1 s=CLOSED pgs=52 cs=0 l=1 rev1=1 crypto rx=0 tx=0 comp rx=0 tx=0).stop
2026-03-09T17:20:36.511 INFO:teuthology.orchestra.run.vm00.stdout:/usr/bin/ceph: stderr
2026-03-09T17:20:36.467+0000 7ff90d262640 1 -- 192.168.123.100:0/360443459 >> 192.168.123.100:0/360443459 conn(0x7ff908102090 msgr2=0x7ff908102d00 unknown :-1 s=STATE_NONE l=0).mark_down
2026-03-09T17:20:36.511 INFO:teuthology.orchestra.run.vm00.stdout:/usr/bin/ceph: stderr
2026-03-09T17:20:36.467+0000 7ff90d262640 1 -- 192.168.123.100:0/360443459 shutdown_connections
2026-03-09T17:20:36.511 INFO:teuthology.orchestra.run.vm00.stdout:/usr/bin/ceph: stderr
2026-03-09T17:20:36.467+0000 7ff90d262640 1 -- 192.168.123.100:0/360443459 wait complete.
2026-03-09T17:20:36.511 INFO:teuthology.orchestra.run.vm00.stdout:Enabling the dashboard module...
2026-03-09T17:20:36.757 INFO:journalctl@ceph.mon.a.vm00.stdout:Mar 09 17:20:36 vm00 bash[20770]: cephadm
2026-03-09T17:20:35.289904+0000 mgr.y (mgr.14118) 16 : cephadm [INF] Added host vm00
2026-03-09T17:20:36.757 INFO:journalctl@ceph.mon.a.vm00.stdout:Mar 09 17:20:36 vm00 bash[20770]: cephadm
2026-03-09T17:20:35.289904+0000 mgr.y (mgr.14118) 16 : cephadm [INF] Added host vm00
2026-03-09T17:20:36.757 INFO:journalctl@ceph.mon.a.vm00.stdout:Mar 09 17:20:36 vm00 bash[20770]: audit
2026-03-09T17:20:35.650496+0000 mgr.y (mgr.14118) 17 : audit [DBG] from='client.14140 -' entity='client.admin' cmd=[{"prefix": "orch apply", "service_type": "mon", "unmanaged": true, "target": ["mon-mgr", ""]}]: dispatch
2026-03-09T17:20:36.757 INFO:journalctl@ceph.mon.a.vm00.stdout:Mar 09 17:20:36 vm00 bash[20770]: audit
2026-03-09T17:20:35.650496+0000 mgr.y (mgr.14118) 17 : audit [DBG] from='client.14140 -' entity='client.admin' cmd=[{"prefix": "orch apply", "service_type": "mon", "unmanaged": true, "target": ["mon-mgr", ""]}]: dispatch
2026-03-09T17:20:36.757 INFO:journalctl@ceph.mon.a.vm00.stdout:Mar 09 17:20:36 vm00 bash[20770]: cephadm
2026-03-09T17:20:35.651340+0000 mgr.y (mgr.14118) 18 : cephadm [INF] Saving service mon spec with placement count:5
2026-03-09T17:20:36.757 INFO:journalctl@ceph.mon.a.vm00.stdout:Mar 09 17:20:36 vm00 bash[20770]: cephadm
2026-03-09T17:20:35.651340+0000 mgr.y (mgr.14118) 18 : cephadm [INF] Saving service mon spec with placement count:5
2026-03-09T17:20:36.757 INFO:journalctl@ceph.mon.a.vm00.stdout:Mar 09 17:20:36 vm00 bash[20770]: audit
2026-03-09T17:20:35.653942+0000 mon.a (mon.0) 66 : audit [INF] from='mgr.14118 192.168.123.100:0/3276404274' entity='mgr.y'
2026-03-09T17:20:36.757 INFO:journalctl@ceph.mon.a.vm00.stdout:Mar 09 17:20:36 vm00 bash[20770]: audit
2026-03-09T17:20:35.653942+0000 mon.a (mon.0) 66 : audit [INF] from='mgr.14118 192.168.123.100:0/3276404274' entity='mgr.y'
2026-03-09T17:20:36.757 INFO:journalctl@ceph.mon.a.vm00.stdout:Mar 09 17:20:36 vm00 bash[20770]: audit
2026-03-09T17:20:35.935663+0000 mon.a (mon.0) 67 : audit [INF] from='mgr.14118 192.168.123.100:0/3276404274' entity='mgr.y'
2026-03-09T17:20:36.757 INFO:journalctl@ceph.mon.a.vm00.stdout:Mar 09 17:20:36 vm00 bash[20770]: audit
2026-03-09T17:20:35.935663+0000 mon.a (mon.0) 67 : audit [INF] from='mgr.14118 192.168.123.100:0/3276404274' entity='mgr.y'
2026-03-09T17:20:36.757 INFO:journalctl@ceph.mon.a.vm00.stdout:Mar 09 17:20:36 vm00 bash[20770]: audit
2026-03-09T17:20:36.197702+0000 mon.a (mon.0) 68 : audit [INF] from='client.? 192.168.123.100:0/2526236106' entity='client.admin'
2026-03-09T17:20:36.757 INFO:journalctl@ceph.mon.a.vm00.stdout:Mar 09 17:20:36 vm00 bash[20770]: audit
2026-03-09T17:20:36.197702+0000 mon.a (mon.0) 68 : audit [INF] from='client.? 192.168.123.100:0/2526236106' entity='client.admin'
2026-03-09T17:20:36.757 INFO:journalctl@ceph.mon.a.vm00.stdout:Mar 09 17:20:36 vm00 bash[20770]: audit
2026-03-09T17:20:36.461848+0000 mon.a (mon.0) 69 : audit [INF] from='client.? 192.168.123.100:0/360443459' entity='client.admin'
2026-03-09T17:20:36.757 INFO:journalctl@ceph.mon.a.vm00.stdout:Mar 09 17:20:36 vm00 bash[20770]: audit
2026-03-09T17:20:36.461848+0000 mon.a (mon.0) 69 : audit [INF] from='client.? 192.168.123.100:0/360443459' entity='client.admin'
2026-03-09T17:20:37.899 INFO:teuthology.orchestra.run.vm00.stdout:/usr/bin/ceph: stderr
2026-03-09T17:20:36.667+0000 7f6229166640 1 Processor -- start
2026-03-09T17:20:37.899 INFO:teuthology.orchestra.run.vm00.stdout:/usr/bin/ceph: stderr
2026-03-09T17:20:36.667+0000 7f6229166640 1 -- start start
2026-03-09T17:20:37.899 INFO:teuthology.orchestra.run.vm00.stdout:/usr/bin/ceph: stderr
2026-03-09T17:20:36.667+0000 7f6229166640 1 --2- >> [v2:192.168.123.100:3300/0,v1:192.168.123.100:6789/0] conn(0x7f6224074510 0x7f6224074910 unknown :-1 s=NONE pgs=0 cs=0 l=0 rev1=0 crypto rx=0 tx=0 comp rx=0 tx=0).connect
2026-03-09T17:20:37.899 INFO:teuthology.orchestra.run.vm00.stdout:/usr/bin/ceph: stderr
2026-03-09T17:20:36.667+0000 7f6229166640 1 -- --> [v2:192.168.123.100:3300/0,v1:192.168.123.100:6789/0] -- mon_getmap magic: 0 -- 0x7f6224074ee0 con 0x7f6224074510
2026-03-09T17:20:37.899 INFO:teuthology.orchestra.run.vm00.stdout:/usr/bin/ceph: stderr
2026-03-09T17:20:36.667+0000 7f6223fff640 1 --2- >> [v2:192.168.123.100:3300/0,v1:192.168.123.100:6789/0] conn(0x7f6224074510 0x7f6224074910 unknown :-1 s=BANNER_CONNECTING pgs=0 cs=0 l=0 rev1=0 crypto rx=0 tx=0 comp rx=0 tx=0)._handle_peer_banner_payload supported=3 required=0
2026-03-09T17:20:37.899 INFO:teuthology.orchestra.run.vm00.stdout:/usr/bin/ceph: stderr
2026-03-09T17:20:36.667+0000 7f6223fff640 1 --2- >> [v2:192.168.123.100:3300/0,v1:192.168.123.100:6789/0] conn(0x7f6224074510 0x7f6224074910 unknown :-1 s=HELLO_CONNECTING pgs=0 cs=0 l=0 rev1=1 crypto rx=0 tx=0 comp rx=0 tx=0).handle_hello peer v2:192.168.123.100:3300/0 says I am v2:192.168.123.100:36408/0 (socket says 192.168.123.100:36408)
2026-03-09T17:20:37.899 INFO:teuthology.orchestra.run.vm00.stdout:/usr/bin/ceph: stderr
2026-03-09T17:20:36.667+0000 7f6223fff640 1 -- 192.168.123.100:0/2430124740 learned_addr learned my addr 192.168.123.100:0/2430124740 (peer_addr_for_me v2:192.168.123.100:0/0)
2026-03-09T17:20:37.899 INFO:teuthology.orchestra.run.vm00.stdout:/usr/bin/ceph: stderr
2026-03-09T17:20:36.667+0000 7f6223fff640 1 -- 192.168.123.100:0/2430124740 --> [v2:192.168.123.100:3300/0,v1:192.168.123.100:6789/0] -- mon_subscribe({config=0+,monmap=0+}) -- 0x7f6224075060 con 0x7f6224074510
2026-03-09T17:20:37.899 INFO:teuthology.orchestra.run.vm00.stdout:/usr/bin/ceph: stderr
2026-03-09T17:20:36.671+0000 7f6223fff640 1 --2- 192.168.123.100:0/2430124740 >> [v2:192.168.123.100:3300/0,v1:192.168.123.100:6789/0] conn(0x7f6224074510 0x7f6224074910 secure :-1 s=READY pgs=53 cs=0 l=1 rev1=1 crypto rx=0x7f6214009920 tx=0x7f621402ef20 comp rx=0 tx=0).ready entity=mon.0 client_cookie=7d405acea313f58f server_cookie=0 in_seq=0 out_seq=0
2026-03-09T17:20:37.899 INFO:teuthology.orchestra.run.vm00.stdout:/usr/bin/ceph: stderr
2026-03-09T17:20:36.671+0000 7f6222ffd640 1 -- 192.168.123.100:0/2430124740 <== mon.0 v2:192.168.123.100:3300/0 1 ==== mon_map magic: 0 ==== 205+0+0 (secure 0 0 0) 0x7f621403c070 con 0x7f6224074510
2026-03-09T17:20:37.899 INFO:teuthology.orchestra.run.vm00.stdout:/usr/bin/ceph: stderr
2026-03-09T17:20:36.671+0000 7f6222ffd640 1 -- 192.168.123.100:0/2430124740 <== mon.0 v2:192.168.123.100:3300/0 2 ==== config(25 keys) ==== 998+0+0 (secure 0 0 0) 0x7f6214037890 con 0x7f6224074510
2026-03-09T17:20:37.899 INFO:teuthology.orchestra.run.vm00.stdout:/usr/bin/ceph: stderr
2026-03-09T17:20:36.671+0000 7f6229166640 1 -- 192.168.123.100:0/2430124740 >> [v2:192.168.123.100:3300/0,v1:192.168.123.100:6789/0] conn(0x7f6224074510 msgr2=0x7f6224074910 secure :-1 s=STATE_CONNECTION_ESTABLISHED l=1).mark_down
2026-03-09T17:20:37.899 INFO:teuthology.orchestra.run.vm00.stdout:/usr/bin/ceph: stderr
2026-03-09T17:20:36.671+0000 7f6229166640 1 --2- 192.168.123.100:0/2430124740 >> [v2:192.168.123.100:3300/0,v1:192.168.123.100:6789/0] conn(0x7f6224074510 0x7f6224074910 secure :-1 s=READY pgs=53 cs=0 l=1 rev1=1 crypto rx=0x7f6214009920 tx=0x7f621402ef20 comp rx=0 tx=0).stop
2026-03-09T17:20:37.899 INFO:teuthology.orchestra.run.vm00.stdout:/usr/bin/ceph: stderr
2026-03-09T17:20:36.675+0000 7f6229166640 1 -- 192.168.123.100:0/2430124740 shutdown_connections
2026-03-09T17:20:37.899 INFO:teuthology.orchestra.run.vm00.stdout:/usr/bin/ceph: stderr
2026-03-09T17:20:36.675+0000 7f6229166640 1 --2- 192.168.123.100:0/2430124740 >> [v2:192.168.123.100:3300/0,v1:192.168.123.100:6789/0] conn(0x7f6224074510 0x7f6224074910 unknown :-1 s=CLOSED pgs=53 cs=0 l=1 rev1=1 crypto rx=0 tx=0 comp rx=0 tx=0).stop
2026-03-09T17:20:37.899 INFO:teuthology.orchestra.run.vm00.stdout:/usr/bin/ceph: stderr
2026-03-09T17:20:36.675+0000 7f6229166640 1 -- 192.168.123.100:0/2430124740 >> 192.168.123.100:0/2430124740 conn(0x7f622406fe30 msgr2=0x7f62240722b0 unknown :-1 s=STATE_NONE l=0).mark_down
2026-03-09T17:20:37.899 INFO:teuthology.orchestra.run.vm00.stdout:/usr/bin/ceph: stderr
2026-03-09T17:20:36.675+0000 7f6229166640 1 -- 192.168.123.100:0/2430124740 shutdown_connections
2026-03-09T17:20:37.899 INFO:teuthology.orchestra.run.vm00.stdout:/usr/bin/ceph: stderr
2026-03-09T17:20:36.675+0000 7f6229166640 1 -- 192.168.123.100:0/2430124740 wait complete.
2026-03-09T17:20:37.899 INFO:teuthology.orchestra.run.vm00.stdout:/usr/bin/ceph: stderr
2026-03-09T17:20:36.675+0000 7f6229166640 1 Processor -- start
2026-03-09T17:20:37.899 INFO:teuthology.orchestra.run.vm00.stdout:/usr/bin/ceph: stderr
2026-03-09T17:20:36.675+0000 7f6229166640 1 -- start start
2026-03-09T17:20:37.899 INFO:teuthology.orchestra.run.vm00.stdout:/usr/bin/ceph: stderr
2026-03-09T17:20:36.675+0000 7f6229166640 1 --2- >> [v2:192.168.123.100:3300/0,v1:192.168.123.100:6789/0] conn(0x7f6224074510 0x7f6224086d40 unknown :-1 s=NONE pgs=0 cs=0 l=1 rev1=0 crypto rx=0 tx=0 comp rx=0 tx=0).connect
2026-03-09T17:20:37.899 INFO:teuthology.orchestra.run.vm00.stdout:/usr/bin/ceph: stderr
2026-03-09T17:20:36.675+0000 7f6229166640 1 -- --> [v2:192.168.123.100:3300/0,v1:192.168.123.100:6789/0] -- mon_getmap magic: 0 -- 0x7f6224079cd0 con 0x7f6224074510
2026-03-09T17:20:37.899 INFO:teuthology.orchestra.run.vm00.stdout:/usr/bin/ceph: stderr
2026-03-09T17:20:36.675+0000 7f6223fff640 1 --2- >> [v2:192.168.123.100:3300/0,v1:192.168.123.100:6789/0] conn(0x7f6224074510 0x7f6224086d40 unknown :-1 s=BANNER_CONNECTING pgs=0 cs=0 l=1 rev1=0 crypto rx=0 tx=0 comp rx=0 tx=0)._handle_peer_banner_payload supported=3 required=0
2026-03-09T17:20:37.899 INFO:teuthology.orchestra.run.vm00.stdout:/usr/bin/ceph: stderr
2026-03-09T17:20:36.675+0000 7f6223fff640 1 --2- >> [v2:192.168.123.100:3300/0,v1:192.168.123.100:6789/0] conn(0x7f6224074510 0x7f6224086d40 unknown :-1 s=HELLO_CONNECTING pgs=0 cs=0 l=1 rev1=1 crypto rx=0 tx=0 comp rx=0 tx=0).handle_hello peer v2:192.168.123.100:3300/0 says I am v2:192.168.123.100:36410/0 (socket says 192.168.123.100:36410)
2026-03-09T17:20:37.899 INFO:teuthology.orchestra.run.vm00.stdout:/usr/bin/ceph: stderr
2026-03-09T17:20:36.675+0000 7f6223fff640 1 -- 192.168.123.100:0/1830910416 learned_addr learned my addr 192.168.123.100:0/1830910416 (peer_addr_for_me v2:192.168.123.100:0/0)
2026-03-09T17:20:37.899 INFO:teuthology.orchestra.run.vm00.stdout:/usr/bin/ceph: stderr
2026-03-09T17:20:36.675+0000 7f6223fff640 1 -- 192.168.123.100:0/1830910416 --> [v2:192.168.123.100:3300/0,v1:192.168.123.100:6789/0] -- mon_subscribe({config=0+,monmap=0+}) -- 0x7f622408a200 con 0x7f6224074510
2026-03-09T17:20:37.900 INFO:teuthology.orchestra.run.vm00.stdout:/usr/bin/ceph: stderr
2026-03-09T17:20:36.675+0000 7f6223fff640 1 --2- 192.168.123.100:0/1830910416 >> [v2:192.168.123.100:3300/0,v1:192.168.123.100:6789/0] conn(0x7f6224074510 0x7f6224086d40 secure :-1 s=READY pgs=54 cs=0 l=1 rev1=1 crypto rx=0x7f6214036620 tx=0x7f6214036650 comp rx=0 tx=0).ready entity=mon.0 client_cookie=0 server_cookie=0 in_seq=0 out_seq=0
2026-03-09T17:20:37.900 INFO:teuthology.orchestra.run.vm00.stdout:/usr/bin/ceph: stderr
2026-03-09T17:20:36.675+0000 7f62217fa640 1 -- 192.168.123.100:0/1830910416 <== mon.0 v2:192.168.123.100:3300/0 1 ==== mon_map magic: 0 ==== 205+0+0 (secure 0 0 0) 0x7f621403c030 con 0x7f6224074510
2026-03-09T17:20:37.900 INFO:teuthology.orchestra.run.vm00.stdout:/usr/bin/ceph: stderr
2026-03-09T17:20:36.675+0000 7f6229166640 1 -- 192.168.123.100:0/1830910416 --> [v2:192.168.123.100:3300/0,v1:192.168.123.100:6789/0] -- mon_subscribe({mgrmap=0+}) -- 0x7f6224087280 con 0x7f6224074510
2026-03-09T17:20:37.900 INFO:teuthology.orchestra.run.vm00.stdout:/usr/bin/ceph: stderr
2026-03-09T17:20:36.675+0000 7f6229166640 1 -- 192.168.123.100:0/1830910416 --> [v2:192.168.123.100:3300/0,v1:192.168.123.100:6789/0] -- mon_subscribe({osdmap=0}) -- 0x7f6224087700 con 0x7f6224074510
2026-03-09T17:20:37.900 INFO:teuthology.orchestra.run.vm00.stdout:/usr/bin/ceph: stderr
2026-03-09T17:20:36.675+0000 7f62217fa640 1 -- 192.168.123.100:0/1830910416 <== mon.0 v2:192.168.123.100:3300/0 2 ==== config(25 keys) ==== 998+0+0 (secure 0 0 0) 0x7f621403e070 con 0x7f6224074510
2026-03-09T17:20:37.900 INFO:teuthology.orchestra.run.vm00.stdout:/usr/bin/ceph: stderr
2026-03-09T17:20:36.675+0000 7f62217fa640 1 -- 192.168.123.100:0/1830910416 <== mon.0 v2:192.168.123.100:3300/0 3 ==== mon_map magic: 0 ==== 205+0+0 (secure 0 0 0) 0x7f6214042410 con 0x7f6224074510
2026-03-09T17:20:37.900 INFO:teuthology.orchestra.run.vm00.stdout:/usr/bin/ceph: stderr
2026-03-09T17:20:36.679+0000 7f62217fa640 1 -- 192.168.123.100:0/1830910416 <== mon.0 v2:192.168.123.100:3300/0 4 ==== mgrmap(e 8) ==== 50212+0+0 (secure 0 0 0) 0x7f6214042670 con 0x7f6224074510
2026-03-09T17:20:37.900 INFO:teuthology.orchestra.run.vm00.stdout:/usr/bin/ceph: stderr
2026-03-09T17:20:36.679+0000 7f62217fa640 1 --2- 192.168.123.100:0/1830910416 >> v2:192.168.123.100:6800/1655006894 conn(0x7f620803dd30 0x7f62080401f0 unknown :-1 s=NONE pgs=0 cs=0 l=1 rev1=0 crypto rx=0 tx=0 comp rx=0 tx=0).connect
2026-03-09T17:20:37.900 INFO:teuthology.orchestra.run.vm00.stdout:/usr/bin/ceph: stderr
2026-03-09T17:20:36.679+0000 7f62237fe640 1 --2- 192.168.123.100:0/1830910416 >> v2:192.168.123.100:6800/1655006894 conn(0x7f620803dd30 0x7f62080401f0 unknown :-1 s=BANNER_CONNECTING pgs=0 cs=0 l=1 rev1=0 crypto rx=0 tx=0 comp rx=0 tx=0)._handle_peer_banner_payload supported=3 required=0
2026-03-09T17:20:37.900 INFO:teuthology.orchestra.run.vm00.stdout:/usr/bin/ceph: stderr
2026-03-09T17:20:36.679+0000 7f62217fa640 1 -- 192.168.123.100:0/1830910416 <== mon.0 v2:192.168.123.100:3300/0 5 ==== osd_map(2..2 src has 1..2) ==== 897+0+0 (secure 0 0 0) 0x7f621403d070 con 0x7f6224074510
2026-03-09T17:20:37.900 INFO:teuthology.orchestra.run.vm00.stdout:/usr/bin/ceph: stderr
2026-03-09T17:20:36.679+0000 7f62237fe640 1 --2- 192.168.123.100:0/1830910416 >> v2:192.168.123.100:6800/1655006894 conn(0x7f620803dd30 0x7f62080401f0 secure :-1 s=READY pgs=16 cs=0 l=1 rev1=1 crypto rx=0x7f621c00ad30 tx=0x7f621c0093f0 comp rx=0 tx=0).ready entity=mgr.14118 client_cookie=0 server_cookie=0 in_seq=0 out_seq=0
2026-03-09T17:20:37.900 INFO:teuthology.orchestra.run.vm00.stdout:/usr/bin/ceph: stderr
2026-03-09T17:20:36.679+0000 7f6229166640 1 -- 192.168.123.100:0/1830910416 --> [v2:192.168.123.100:3300/0,v1:192.168.123.100:6789/0] -- mon_command({"prefix": "get_command_descriptions"} v 0) -- 0x7f61f0005180 con 0x7f6224074510
2026-03-09T17:20:37.900 INFO:teuthology.orchestra.run.vm00.stdout:/usr/bin/ceph: stderr
2026-03-09T17:20:36.683+0000 7f62217fa640 1 -- 192.168.123.100:0/1830910416 <== mon.0 v2:192.168.123.100:3300/0 6 ==== mon_command_ack([{"prefix": "get_command_descriptions"}]=0 v0) ==== 72+0+195034 (secure 0 0 0) 0x7f622408a200 con 0x7f6224074510
2026-03-09T17:20:37.900 INFO:teuthology.orchestra.run.vm00.stdout:/usr/bin/ceph: stderr
2026-03-09T17:20:36.807+0000 7f62217fa640 1 -- 192.168.123.100:0/1830910416 <== mon.0 v2:192.168.123.100:3300/0 7 ==== config(25 keys) ==== 1029+0+0 (secure 0 0 0) 0x7f6214047210 con 0x7f6224074510
2026-03-09T17:20:37.900 INFO:teuthology.orchestra.run.vm00.stdout:/usr/bin/ceph: stderr
2026-03-09T17:20:36.823+0000 7f6229166640 1 -- 192.168.123.100:0/1830910416 --> [v2:192.168.123.100:3300/0,v1:192.168.123.100:6789/0] -- mon_command({"prefix": "mgr module enable", "module": "dashboard"} v 0) -- 0x7f61f0005470 con 0x7f6224074510
2026-03-09T17:20:37.900 INFO:teuthology.orchestra.run.vm00.stdout:/usr/bin/ceph: stderr
2026-03-09T17:20:37.807+0000 7f62217fa640 1 -- 192.168.123.100:0/1830910416 <== mon.0 v2:192.168.123.100:3300/0 8 ==== mon_command_ack([{"prefix": "mgr module enable", "module": "dashboard"}]=0 v9) ==== 88+0+0 (secure 0 0 0) 0x7f6214030e20 con 0x7f6224074510
2026-03-09T17:20:37.900 INFO:teuthology.orchestra.run.vm00.stdout:/usr/bin/ceph: stderr
2026-03-09T17:20:37.807+0000 7f62217fa640 1 -- 192.168.123.100:0/1830910416 <== mon.0 v2:192.168.123.100:3300/0 9 ==== mgrmap(e 9) ==== 50225+0+0 (secure 0 0 0) 0x7f6214042990 con 0x7f6224074510
2026-03-09T17:20:37.900 INFO:teuthology.orchestra.run.vm00.stdout:/usr/bin/ceph: stderr
2026-03-09T17:20:37.811+0000 7f6202ffd640 1 -- 192.168.123.100:0/1830910416 >> v2:192.168.123.100:6800/1655006894 conn(0x7f620803dd30 msgr2=0x7f62080401f0 secure :-1 s=STATE_CONNECTION_ESTABLISHED l=1).mark_down
2026-03-09T17:20:37.900 INFO:teuthology.orchestra.run.vm00.stdout:/usr/bin/ceph: stderr
2026-03-09T17:20:37.811+0000 7f6202ffd640 1 --2- 192.168.123.100:0/1830910416 >> v2:192.168.123.100:6800/1655006894 conn(0x7f620803dd30 0x7f62080401f0 secure :-1 s=READY pgs=16 cs=0 l=1 rev1=1 crypto rx=0x7f621c00ad30 tx=0x7f621c0093f0 comp rx=0 tx=0).stop
2026-03-09T17:20:37.900 INFO:teuthology.orchestra.run.vm00.stdout:/usr/bin/ceph: stderr
2026-03-09T17:20:37.811+0000 7f6202ffd640 1 -- 192.168.123.100:0/1830910416 >> [v2:192.168.123.100:3300/0,v1:192.168.123.100:6789/0] conn(0x7f6224074510 msgr2=0x7f6224086d40 secure :-1 s=STATE_CONNECTION_ESTABLISHED l=1).mark_down
2026-03-09T17:20:37.900 INFO:teuthology.orchestra.run.vm00.stdout:/usr/bin/ceph: stderr
2026-03-09T17:20:37.811+0000 7f6202ffd640 1 --2- 192.168.123.100:0/1830910416 >> [v2:192.168.123.100:3300/0,v1:192.168.123.100:6789/0] conn(0x7f6224074510 0x7f6224086d40 secure :-1 s=READY pgs=54 cs=0 l=1 rev1=1 crypto rx=0x7f6214036620 tx=0x7f6214036650 comp rx=0 tx=0).stop
2026-03-09T17:20:37.900 INFO:teuthology.orchestra.run.vm00.stdout:/usr/bin/ceph: stderr
2026-03-09T17:20:37.811+0000 7f6202ffd640 1 -- 192.168.123.100:0/1830910416 shutdown_connections
2026-03-09T17:20:37.900 INFO:teuthology.orchestra.run.vm00.stdout:/usr/bin/ceph: stderr
2026-03-09T17:20:37.811+0000 7f6202ffd640 1 --2- 192.168.123.100:0/1830910416 >> v2:192.168.123.100:6800/1655006894 conn(0x7f620803dd30 0x7f62080401f0 unknown :-1 s=CLOSED pgs=16 cs=0 l=1 rev1=1 crypto rx=0 tx=0 comp rx=0 tx=0).stop
2026-03-09T17:20:37.900 INFO:teuthology.orchestra.run.vm00.stdout:/usr/bin/ceph: stderr
2026-03-09T17:20:37.811+0000 7f6202ffd640 1 --2- 192.168.123.100:0/1830910416 >> [v2:192.168.123.100:3300/0,v1:192.168.123.100:6789/0] conn(0x7f6224074510 0x7f6224086d40 unknown :-1 s=CLOSED pgs=54 cs=0 l=1 rev1=1 crypto rx=0 tx=0 comp rx=0 tx=0).stop
2026-03-09T17:20:37.900 INFO:teuthology.orchestra.run.vm00.stdout:/usr/bin/ceph: stderr
2026-03-09T17:20:37.811+0000 7f6202ffd640 1 -- 192.168.123.100:0/1830910416 >> 192.168.123.100:0/1830910416 conn(0x7f622406fe30 msgr2=0x7f6224070930 unknown :-1 s=STATE_NONE l=0).mark_down
2026-03-09T17:20:37.900 INFO:teuthology.orchestra.run.vm00.stdout:/usr/bin/ceph: stderr
2026-03-09T17:20:37.811+0000 7f6202ffd640 1 -- 192.168.123.100:0/1830910416 shutdown_connections
2026-03-09T17:20:37.900 INFO:teuthology.orchestra.run.vm00.stdout:/usr/bin/ceph: stderr
2026-03-09T17:20:37.811+0000 7f6202ffd640 1 -- 192.168.123.100:0/1830910416 wait complete.
2026-03-09T17:20:38.175 INFO:journalctl@ceph.mon.a.vm00.stdout:Mar 09 17:20:37 vm00 bash[20770]: audit
2026-03-09T17:20:35.932140+0000 mgr.y (mgr.14118) 19 : audit [DBG] from='client.14142 -' entity='client.admin' cmd=[{"prefix": "orch apply", "service_type": "mgr", "unmanaged": true, "target": ["mon-mgr", ""]}]: dispatch
2026-03-09T17:20:38.175 INFO:journalctl@ceph.mon.a.vm00.stdout:Mar 09 17:20:37 vm00 bash[20770]: audit
2026-03-09T17:20:35.932140+0000 mgr.y (mgr.14118) 19 : audit [DBG] from='client.14142 -' entity='client.admin' cmd=[{"prefix": "orch apply", "service_type": "mgr", "unmanaged": true, "target": ["mon-mgr", ""]}]: dispatch
2026-03-09T17:20:38.175 INFO:journalctl@ceph.mon.a.vm00.stdout:Mar 09 17:20:37 vm00 bash[20770]: cephadm
2026-03-09T17:20:35.932888+0000 mgr.y (mgr.14118) 20 : cephadm [INF] Saving service mgr spec with placement count:2
2026-03-09T17:20:38.175 INFO:journalctl@ceph.mon.a.vm00.stdout:Mar 09 17:20:37 vm00 bash[20770]: cephadm
2026-03-09T17:20:35.932888+0000 mgr.y (mgr.14118) 20 : cephadm [INF] Saving service mgr spec with placement count:2
2026-03-09T17:20:38.175 INFO:journalctl@ceph.mon.a.vm00.stdout:Mar 09 17:20:37 vm00 bash[20770]: audit
2026-03-09T17:20:36.806668+0000 mon.a (mon.0) 70 : audit [INF] from='mgr.14118 192.168.123.100:0/3276404274' entity='mgr.y'
2026-03-09T17:20:38.175 INFO:journalctl@ceph.mon.a.vm00.stdout:Mar 09 17:20:37 vm00 bash[20770]: audit
2026-03-09T17:20:36.806668+0000 mon.a (mon.0) 70 : audit [INF] from='mgr.14118 192.168.123.100:0/3276404274' entity='mgr.y'
2026-03-09T17:20:38.175 INFO:journalctl@ceph.mon.a.vm00.stdout:Mar 09 17:20:37 vm00 bash[20770]: audit
2026-03-09T17:20:36.832645+0000 mon.a (mon.0) 71 : audit [INF] from='client.? 192.168.123.100:0/1830910416' entity='client.admin' cmd=[{"prefix": "mgr module enable", "module": "dashboard"}]: dispatch
2026-03-09T17:20:38.175 INFO:journalctl@ceph.mon.a.vm00.stdout:Mar 09 17:20:37 vm00 bash[20770]: audit
2026-03-09T17:20:36.832645+0000 mon.a (mon.0) 71 : audit [INF] from='client.? 192.168.123.100:0/1830910416' entity='client.admin' cmd=[{"prefix": "mgr module enable", "module": "dashboard"}]: dispatch
2026-03-09T17:20:38.175 INFO:journalctl@ceph.mon.a.vm00.stdout:Mar 09 17:20:37 vm00 bash[20770]: audit
2026-03-09T17:20:37.114337+0000 mon.a (mon.0) 72 : audit [INF] from='mgr.14118 192.168.123.100:0/3276404274' entity='mgr.y'
2026-03-09T17:20:38.175 INFO:journalctl@ceph.mon.a.vm00.stdout:Mar 09 17:20:37 vm00 bash[20770]: audit
2026-03-09T17:20:37.114337+0000 mon.a (mon.0) 72 : audit [INF] from='mgr.14118 192.168.123.100:0/3276404274' entity='mgr.y'
2026-03-09T17:20:38.175 INFO:journalctl@ceph.mgr.y.vm00.stdout:Mar 09 17:20:37 vm00 bash[21037]: ignoring --setuser ceph since I am not root
2026-03-09T17:20:38.175 INFO:journalctl@ceph.mgr.y.vm00.stdout:Mar 09 17:20:37 vm00 bash[21037]: ignoring --setgroup ceph since I am not root
2026-03-09T17:20:38.175 INFO:journalctl@ceph.mgr.y.vm00.stdout:Mar 09 17:20:38 vm00 bash[21037]: debug
2026-03-09T17:20:38.003+0000 7f58bf24c140 -1 mgr[py] Module status has missing NOTIFY_TYPES member
2026-03-09T17:20:38.175 INFO:journalctl@ceph.mgr.y.vm00.stdout:Mar 09 17:20:38 vm00 bash[21037]: debug
2026-03-09T17:20:38.039+0000 7f58bf24c140 -1 mgr[py] Module osd_support has missing NOTIFY_TYPES member
2026-03-09T17:20:38.175 INFO:journalctl@ceph.mgr.y.vm00.stdout:Mar 09 17:20:38 vm00 bash[21037]: debug
2026-03-09T17:20:38.171+0000 7f58bf24c140 -1 mgr[py] Module rgw has missing NOTIFY_TYPES member
2026-03-09T17:20:38.235 INFO:teuthology.orchestra.run.vm00.stdout:/usr/bin/ceph: stdout {
2026-03-09T17:20:38.235 INFO:teuthology.orchestra.run.vm00.stdout:/usr/bin/ceph: stdout "epoch": 9,
2026-03-09T17:20:38.235 INFO:teuthology.orchestra.run.vm00.stdout:/usr/bin/ceph: stdout "available": true,
2026-03-09T17:20:38.235 INFO:teuthology.orchestra.run.vm00.stdout:/usr/bin/ceph: stdout "active_name": "y",
2026-03-09T17:20:38.235 INFO:teuthology.orchestra.run.vm00.stdout:/usr/bin/ceph: stdout "num_standby": 0
2026-03-09T17:20:38.235 INFO:teuthology.orchestra.run.vm00.stdout:/usr/bin/ceph: stdout }
2026-03-09T17:20:38.235 INFO:teuthology.orchestra.run.vm00.stdout:/usr/bin/ceph: stderr
2026-03-09T17:20:38.051+0000 7f0a40319640 1 Processor -- start
2026-03-09T17:20:38.235 INFO:teuthology.orchestra.run.vm00.stdout:/usr/bin/ceph: stderr
2026-03-09T17:20:38.051+0000 7f0a40319640 1 -- start start
2026-03-09T17:20:38.236 INFO:teuthology.orchestra.run.vm00.stdout:/usr/bin/ceph: stderr
2026-03-09T17:20:38.051+0000 7f0a40319640 1 --2- >> [v2:192.168.123.100:3300/0,v1:192.168.123.100:6789/0] conn(0x7f0a381089e0 0x7f0a38108de0 unknown :-1 s=NONE pgs=0 cs=0 l=0 rev1=0 crypto rx=0 tx=0 comp rx=0 tx=0).connect
2026-03-09T17:20:38.236 INFO:teuthology.orchestra.run.vm00.stdout:/usr/bin/ceph: stderr
2026-03-09T17:20:38.051+0000 7f0a40319640 1 -- --> [v2:192.168.123.100:3300/0,v1:192.168.123.100:6789/0] -- mon_getmap magic: 0 -- 0x7f0a381093b0 con 0x7f0a381089e0
2026-03-09T17:20:38.236 INFO:teuthology.orchestra.run.vm00.stdout:/usr/bin/ceph: stderr
2026-03-09T17:20:38.051+0000 7f0a3e08e640 1 --2- >> [v2:192.168.123.100:3300/0,v1:192.168.123.100:6789/0] conn(0x7f0a381089e0 0x7f0a38108de0 unknown :-1 s=BANNER_CONNECTING pgs=0 cs=0 l=0 rev1=0 crypto rx=0 tx=0 comp rx=0 tx=0)._handle_peer_banner_payload supported=3 required=0
2026-03-09T17:20:38.236 INFO:teuthology.orchestra.run.vm00.stdout:/usr/bin/ceph: stderr
2026-03-09T17:20:38.051+0000 7f0a3e08e640 1 --2- >> [v2:192.168.123.100:3300/0,v1:192.168.123.100:6789/0] conn(0x7f0a381089e0 0x7f0a38108de0 unknown :-1 s=HELLO_CONNECTING pgs=0 cs=0 l=0 rev1=1 crypto rx=0 tx=0 comp rx=0 tx=0).handle_hello peer v2:192.168.123.100:3300/0 says I am v2:192.168.123.100:36432/0 (socket says 192.168.123.100:36432)
2026-03-09T17:20:38.236 INFO:teuthology.orchestra.run.vm00.stdout:/usr/bin/ceph: stderr
2026-03-09T17:20:38.051+0000 7f0a3e08e640 1 -- 192.168.123.100:0/2818116322 learned_addr learned my addr 192.168.123.100:0/2818116322 (peer_addr_for_me v2:192.168.123.100:0/0)
2026-03-09T17:20:38.237 INFO:teuthology.orchestra.run.vm00.stdout:/usr/bin/ceph: stderr
2026-03-09T17:20:38.051+0000 7f0a3e08e640 1 -- 192.168.123.100:0/2818116322 --> [v2:192.168.123.100:3300/0,v1:192.168.123.100:6789/0] -- mon_subscribe({config=0+,monmap=0+}) -- 0x7f0a38109be0 con 0x7f0a381089e0
2026-03-09T17:20:38.237 INFO:teuthology.orchestra.run.vm00.stdout:/usr/bin/ceph: stderr
2026-03-09T17:20:38.051+0000 7f0a3e08e640 1 --2- 192.168.123.100:0/2818116322 >> [v2:192.168.123.100:3300/0,v1:192.168.123.100:6789/0] conn(0x7f0a381089e0 0x7f0a38108de0 secure :-1 s=READY pgs=57 cs=0 l=1 rev1=1 crypto rx=0x7f0a28009b80 tx=0x7f0a2802f190 comp rx=0 tx=0).ready entity=mon.0 client_cookie=6545603d464eb8c1 server_cookie=0 in_seq=0 out_seq=0
2026-03-09T17:20:38.237 INFO:teuthology.orchestra.run.vm00.stdout:/usr/bin/ceph: stderr
2026-03-09T17:20:38.051+0000 7f0a3d08c640 1 -- 192.168.123.100:0/2818116322 <== mon.0 v2:192.168.123.100:3300/0 1 ==== mon_map magic: 0 ==== 205+0+0 (secure 0 0 0) 0x7f0a2803c070 con 0x7f0a381089e0
2026-03-09T17:20:38.237 INFO:teuthology.orchestra.run.vm00.stdout:/usr/bin/ceph: stderr
2026-03-09T17:20:38.051+0000 7f0a3d08c640 1 -- 192.168.123.100:0/2818116322 <== mon.0 v2:192.168.123.100:3300/0 2 ==== config(25 keys) ==== 1029+0+0 (secure 0 0 0) 0x7f0a28037440 con 0x7f0a381089e0
2026-03-09T17:20:38.237 INFO:teuthology.orchestra.run.vm00.stdout:/usr/bin/ceph: stderr
2026-03-09T17:20:38.051+0000 7f0a3d08c640 1 -- 192.168.123.100:0/2818116322 <== mon.0 v2:192.168.123.100:3300/0 3 ==== mon_map magic: 0 ==== 205+0+0 (secure 0 0 0) 0x7f0a280354d0 con 0x7f0a381089e0
2026-03-09T17:20:38.237 INFO:teuthology.orchestra.run.vm00.stdout:/usr/bin/ceph: stderr
2026-03-09T17:20:38.051+0000 7f0a40319640 1 -- 192.168.123.100:0/2818116322 >> [v2:192.168.123.100:3300/0,v1:192.168.123.100:6789/0] conn(0x7f0a381089e0 msgr2=0x7f0a38108de0 secure :-1 s=STATE_CONNECTION_ESTABLISHED l=1).mark_down
2026-03-09T17:20:38.237 INFO:teuthology.orchestra.run.vm00.stdout:/usr/bin/ceph: stderr
2026-03-09T17:20:38.051+0000 7f0a40319640 1 --2- 192.168.123.100:0/2818116322 >> [v2:192.168.123.100:3300/0,v1:192.168.123.100:6789/0] conn(0x7f0a381089e0 0x7f0a38108de0 secure :-1 s=READY pgs=57 cs=0 l=1 rev1=1 crypto rx=0x7f0a28009b80 tx=0x7f0a2802f190 comp rx=0 tx=0).stop
2026-03-09T17:20:38.237 INFO:teuthology.orchestra.run.vm00.stdout:/usr/bin/ceph: stderr
2026-03-09T17:20:38.055+0000 7f0a40319640 1 -- 192.168.123.100:0/2818116322 shutdown_connections
2026-03-09T17:20:38.237 INFO:teuthology.orchestra.run.vm00.stdout:/usr/bin/ceph: stderr
2026-03-09T17:20:38.055+0000 7f0a40319640 1 --2- 192.168.123.100:0/2818116322 >> [v2:192.168.123.100:3300/0,v1:192.168.123.100:6789/0] conn(0x7f0a381089e0 0x7f0a38108de0 unknown :-1 s=CLOSED pgs=57 cs=0 l=1 rev1=1 crypto rx=0 tx=0 comp rx=0 tx=0).stop
2026-03-09T17:20:38.237 INFO:teuthology.orchestra.run.vm00.stdout:/usr/bin/ceph: stderr
2026-03-09T17:20:38.055+0000 7f0a40319640 1 -- 192.168.123.100:0/2818116322 >> 192.168.123.100:0/2818116322 conn(0x7f0a3807bf00 msgr2=0x7f0a38106690 unknown :-1 s=STATE_NONE l=0).mark_down
2026-03-09T17:20:38.237 INFO:teuthology.orchestra.run.vm00.stdout:/usr/bin/ceph: stderr
2026-03-09T17:20:38.055+0000 7f0a40319640 1 -- 192.168.123.100:0/2818116322 shutdown_connections
2026-03-09T17:20:38.237 INFO:teuthology.orchestra.run.vm00.stdout:/usr/bin/ceph: stderr
2026-03-09T17:20:38.055+0000 7f0a40319640 1 -- 192.168.123.100:0/2818116322 wait complete.
2026-03-09T17:20:38.237 INFO:teuthology.orchestra.run.vm00.stdout:/usr/bin/ceph: stderr
2026-03-09T17:20:38.055+0000 7f0a40319640 1 Processor -- start
2026-03-09T17:20:38.237 INFO:teuthology.orchestra.run.vm00.stdout:/usr/bin/ceph: stderr
2026-03-09T17:20:38.055+0000 7f0a40319640 1 -- start start
2026-03-09T17:20:38.237 INFO:teuthology.orchestra.run.vm00.stdout:/usr/bin/ceph: stderr
2026-03-09T17:20:38.055+0000 7f0a40319640 1 --2- >> [v2:192.168.123.100:3300/0,v1:192.168.123.100:6789/0] conn(0x7f0a381089e0 0x7f0a3819e800 unknown :-1 s=NONE pgs=0 cs=0 l=1 rev1=0 crypto rx=0 tx=0 comp rx=0 tx=0).connect
2026-03-09T17:20:38.237 INFO:teuthology.orchestra.run.vm00.stdout:/usr/bin/ceph: stderr
2026-03-09T17:20:38.055+0000 7f0a3e08e640 1 --2- >> [v2:192.168.123.100:3300/0,v1:192.168.123.100:6789/0] conn(0x7f0a381089e0 0x7f0a3819e800 unknown :-1 s=BANNER_CONNECTING pgs=0 cs=0 l=1 rev1=0 crypto rx=0 tx=0 comp rx=0 tx=0)._handle_peer_banner_payload supported=3 required=0
2026-03-09T17:20:38.237 INFO:teuthology.orchestra.run.vm00.stdout:/usr/bin/ceph: stderr
2026-03-09T17:20:38.055+0000 7f0a3e08e640 1 --2- >> [v2:192.168.123.100:3300/0,v1:192.168.123.100:6789/0] conn(0x7f0a381089e0 0x7f0a3819e800 unknown :-1 s=HELLO_CONNECTING pgs=0 cs=0 l=1 rev1=1 crypto rx=0 tx=0 comp rx=0 tx=0).handle_hello peer v2:192.168.123.100:3300/0 says I am v2:192.168.123.100:36446/0 (socket says 192.168.123.100:36446)
2026-03-09T17:20:38.237 INFO:teuthology.orchestra.run.vm00.stdout:/usr/bin/ceph: stderr
2026-03-09T17:20:38.055+0000 7f0a3e08e640 1 -- 192.168.123.100:0/4251548214 learned_addr learned my addr 192.168.123.100:0/4251548214 (peer_addr_for_me v2:192.168.123.100:0/0)
2026-03-09T17:20:38.237 INFO:teuthology.orchestra.run.vm00.stdout:/usr/bin/ceph: stderr
2026-03-09T17:20:38.055+0000 7f0a40319640 1 -- 192.168.123.100:0/4251548214 --> [v2:192.168.123.100:3300/0,v1:192.168.123.100:6789/0] -- mon_getmap magic: 0 -- 0x7f0a3810ce10 con 0x7f0a381089e0
2026-03-09T17:20:38.237 INFO:teuthology.orchestra.run.vm00.stdout:/usr/bin/ceph: stderr
2026-03-09T17:20:38.055+0000 7f0a3e08e640 1 -- 192.168.123.100:0/4251548214 --> [v2:192.168.123.100:3300/0,v1:192.168.123.100:6789/0] -- mon_subscribe({config=0+,monmap=0+}) -- 0x7f0a3819ed40 con 0x7f0a381089e0
2026-03-09T17:20:38.237 INFO:teuthology.orchestra.run.vm00.stdout:/usr/bin/ceph: stderr
