2026-03-09T17:20:38.055+0000 7f0a3e08e640 1 --2- 192.168.123.100:0/4251548214 >> [v2:192.168.123.100:3300/0,v1:192.168.123.100:6789/0] conn(0x7f0a381089e0 0x7f0a3819e800 secure :-1 s=READY pgs=58 cs=0 l=1 rev1=1 crypto rx=0x7f0a28009cb0 tx=0x7f0a28037f80 comp rx=0 tx=0).ready entity=mon.0 client_cookie=0 server_cookie=0 in_seq=0 out_seq=0
2026-03-09T17:20:38.237 INFO:teuthology.orchestra.run.vm00.stdout:/usr/bin/ceph: stderr
2026-03-09T17:20:38.055+0000 7f0a1f7fe640 1 -- 192.168.123.100:0/4251548214 <== mon.0 v2:192.168.123.100:3300/0 1 ==== mon_map magic: 0 ==== 205+0+0 (secure 0 0 0) 0x7f0a28047070 con 0x7f0a381089e0
2026-03-09T17:20:38.237 INFO:teuthology.orchestra.run.vm00.stdout:/usr/bin/ceph: stderr
2026-03-09T17:20:38.055+0000 7f0a40319640 1 -- 192.168.123.100:0/4251548214 --> [v2:192.168.123.100:3300/0,v1:192.168.123.100:6789/0] -- mon_subscribe({mgrmap=0+}) -- 0x7f0a3819efd0 con 0x7f0a381089e0
2026-03-09T17:20:38.237 INFO:teuthology.orchestra.run.vm00.stdout:/usr/bin/ceph: stderr
2026-03-09T17:20:38.055+0000 7f0a40319640 1 -- 192.168.123.100:0/4251548214 --> [v2:192.168.123.100:3300/0,v1:192.168.123.100:6789/0] -- mon_subscribe({osdmap=0}) -- 0x7f0a381a1cc0 con 0x7f0a381089e0
2026-03-09T17:20:38.237 INFO:teuthology.orchestra.run.vm00.stdout:/usr/bin/ceph: stderr
2026-03-09T17:20:38.055+0000 7f0a1f7fe640 1 -- 192.168.123.100:0/4251548214 <== mon.0 v2:192.168.123.100:3300/0 2 ==== config(25 keys) ==== 1029+0+0 (secure 0 0 0) 0x7f0a28035d70 con 0x7f0a381089e0
2026-03-09T17:20:38.237 INFO:teuthology.orchestra.run.vm00.stdout:/usr/bin/ceph: stderr
2026-03-09T17:20:38.059+0000 7f0a1f7fe640 1 -- 192.168.123.100:0/4251548214 <== mon.0 v2:192.168.123.100:3300/0 3 ==== mon_map magic: 0 ==== 205+0+0 (secure 0 0 0) 0x7f0a2803c070 con 0x7f0a381089e0
2026-03-09T17:20:38.237 INFO:teuthology.orchestra.run.vm00.stdout:/usr/bin/ceph: stderr
2026-03-09T17:20:38.059+0000 7f0a1f7fe640 1 -- 192.168.123.100:0/4251548214 <== mon.0 v2:192.168.123.100:3300/0 4 ==== mgrmap(e 9) ==== 50225+0+0 (secure 0 0 0) 0x7f0a280413e0 con 0x7f0a381089e0
2026-03-09T17:20:38.237 INFO:teuthology.orchestra.run.vm00.stdout:/usr/bin/ceph: stderr
2026-03-09T17:20:38.059+0000 7f0a1f7fe640 1 --2- 192.168.123.100:0/4251548214 >> v2:192.168.123.100:6800/1655006894 conn(0x7f0a1003dcf0 0x7f0a100401b0 unknown :-1 s=NONE pgs=0 cs=0 l=1 rev1=0 crypto rx=0 tx=0 comp rx=0 tx=0).connect
2026-03-09T17:20:38.237 INFO:teuthology.orchestra.run.vm00.stdout:/usr/bin/ceph: stderr
2026-03-09T17:20:38.059+0000 7f0a3d88d640 1 -- 192.168.123.100:0/4251548214 >> v2:192.168.123.100:6800/1655006894 conn(0x7f0a1003dcf0 msgr2=0x7f0a100401b0 unknown :-1 s=STATE_CONNECTING_RE l=1).process reconnect failed to v2:192.168.123.100:6800/1655006894
2026-03-09T17:20:38.237 INFO:teuthology.orchestra.run.vm00.stdout:/usr/bin/ceph: stderr
2026-03-09T17:20:38.059+0000 7f0a3d88d640 1 --2- 192.168.123.100:0/4251548214 >> v2:192.168.123.100:6800/1655006894 conn(0x7f0a1003dcf0 0x7f0a100401b0 unknown :-1 s=START_CONNECT pgs=0 cs=0 l=1 rev1=0 crypto rx=0 tx=0 comp rx=0 tx=0)._fault waiting 0.200000
2026-03-09T17:20:38.237 INFO:teuthology.orchestra.run.vm00.stdout:/usr/bin/ceph: stderr
2026-03-09T17:20:38.059+0000 7f0a1f7fe640 1 -- 192.168.123.100:0/4251548214 <== mon.0 v2:192.168.123.100:3300/0 5 ==== osd_map(2..2 src has 1..2) ==== 897+0+0 (secure 0 0 0) 0x7f0a28079da0 con 0x7f0a381089e0
2026-03-09T17:20:38.237 INFO:teuthology.orchestra.run.vm00.stdout:/usr/bin/ceph: stderr
2026-03-09T17:20:38.059+0000 7f0a1d7fa640 1 -- 192.168.123.100:0/4251548214 --> [v2:192.168.123.100:3300/0,v1:192.168.123.100:6789/0] -- mon_command({"prefix": "get_command_descriptions"} v 0) -- 0x7f0a00005180 con 0x7f0a381089e0
2026-03-09T17:20:38.237 INFO:teuthology.orchestra.run.vm00.stdout:/usr/bin/ceph: stderr
2026-03-09T17:20:38.063+0000 7f0a1f7fe640 1 -- 192.168.123.100:0/4251548214 <== mon.0 v2:192.168.123.100:3300/0 6 ==== mon_command_ack([{"prefix": "get_command_descriptions"}]=0 v0) ==== 72+0+195034 (secure 0 0 0) 0x7f0a28040e80 con 0x7f0a381089e0
2026-03-09T17:20:38.237 INFO:teuthology.orchestra.run.vm00.stdout:/usr/bin/ceph: stderr
2026-03-09T17:20:38.183+0000 7f0a1d7fa640 1 -- 192.168.123.100:0/4251548214 --> [v2:192.168.123.100:3300/0,v1:192.168.123.100:6789/0] -- mon_command({"prefix": "mgr stat"} v 0) -- 0x7f0a00005740 con 0x7f0a381089e0
2026-03-09T17:20:38.237 INFO:teuthology.orchestra.run.vm00.stdout:/usr/bin/ceph: stderr
2026-03-09T17:20:38.183+0000 7f0a1f7fe640 1 -- 192.168.123.100:0/4251548214 <== mon.0 v2:192.168.123.100:3300/0 7 ==== mon_command_ack([{"prefix": "mgr stat"}]=0 v9) ==== 56+0+88 (secure 0 0 0) 0x7f0a280418e0 con 0x7f0a381089e0
2026-03-09T17:20:38.237 INFO:teuthology.orchestra.run.vm00.stdout:/usr/bin/ceph: stderr
2026-03-09T17:20:38.187+0000 7f0a40319640 1 -- 192.168.123.100:0/4251548214 >> v2:192.168.123.100:6800/1655006894 conn(0x7f0a1003dcf0 msgr2=0x7f0a100401b0 unknown :-1 s=STATE_CONNECTING l=1).mark_down
2026-03-09T17:20:38.238 INFO:teuthology.orchestra.run.vm00.stdout:/usr/bin/ceph: stderr
2026-03-09T17:20:38.187+0000 7f0a40319640 1 --2- 192.168.123.100:0/4251548214 >> v2:192.168.123.100:6800/1655006894 conn(0x7f0a1003dcf0 0x7f0a100401b0 unknown :-1 s=START_CONNECT pgs=0 cs=0 l=1 rev1=0 crypto rx=0 tx=0 comp rx=0 tx=0).stop
2026-03-09T17:20:38.238 INFO:teuthology.orchestra.run.vm00.stdout:/usr/bin/ceph: stderr
2026-03-09T17:20:38.187+0000 7f0a40319640 1 -- 192.168.123.100:0/4251548214 >> [v2:192.168.123.100:3300/0,v1:192.168.123.100:6789/0] conn(0x7f0a381089e0 msgr2=0x7f0a3819e800 secure :-1 s=STATE_CONNECTION_ESTABLISHED l=1).mark_down
2026-03-09T17:20:38.238 INFO:teuthology.orchestra.run.vm00.stdout:/usr/bin/ceph: stderr
2026-03-09T17:20:38.187+0000 7f0a40319640 1 --2- 192.168.123.100:0/4251548214 >> [v2:192.168.123.100:3300/0,v1:192.168.123.100:6789/0] conn(0x7f0a381089e0 0x7f0a3819e800 secure :-1 s=READY pgs=58 cs=0 l=1 rev1=1 crypto rx=0x7f0a28009cb0 tx=0x7f0a28037f80 comp rx=0 tx=0).stop
2026-03-09T17:20:38.238 INFO:teuthology.orchestra.run.vm00.stdout:/usr/bin/ceph: stderr
2026-03-09T17:20:38.187+0000 7f0a40319640 1 -- 192.168.123.100:0/4251548214 shutdown_connections
2026-03-09T17:20:38.238 INFO:teuthology.orchestra.run.vm00.stdout:/usr/bin/ceph: stderr
2026-03-09T17:20:38.187+0000 7f0a40319640 1 --2- 192.168.123.100:0/4251548214 >> v2:192.168.123.100:6800/1655006894 conn(0x7f0a1003dcf0 0x7f0a100401b0 unknown :-1 s=CLOSED pgs=0 cs=0 l=1 rev1=0 crypto rx=0 tx=0 comp rx=0 tx=0).stop
2026-03-09T17:20:38.238 INFO:teuthology.orchestra.run.vm00.stdout:/usr/bin/ceph: stderr
2026-03-09T17:20:38.187+0000 7f0a40319640 1 --2- 192.168.123.100:0/4251548214 >> [v2:192.168.123.100:3300/0,v1:192.168.123.100:6789/0] conn(0x7f0a381089e0 0x7f0a3819e800 unknown :-1 s=CLOSED pgs=58 cs=0 l=1 rev1=1 crypto rx=0 tx=0 comp rx=0 tx=0).stop
2026-03-09T17:20:38.238 INFO:teuthology.orchestra.run.vm00.stdout:/usr/bin/ceph: stderr
2026-03-09T17:20:38.187+0000 7f0a40319640 1 -- 192.168.123.100:0/4251548214 >> 192.168.123.100:0/4251548214 conn(0x7f0a3807bf00 msgr2=0x7f0a38105ec0 unknown :-1 s=STATE_NONE l=0).mark_down
2026-03-09T17:20:38.238 INFO:teuthology.orchestra.run.vm00.stdout:/usr/bin/ceph: stderr
2026-03-09T17:20:38.187+0000 7f0a40319640 1 -- 192.168.123.100:0/4251548214 shutdown_connections
2026-03-09T17:20:38.238 INFO:teuthology.orchestra.run.vm00.stdout:/usr/bin/ceph: stderr
2026-03-09T17:20:38.187+0000 7f0a40319640 1 -- 192.168.123.100:0/4251548214 wait complete.
2026-03-09T17:20:38.238 INFO:teuthology.orchestra.run.vm00.stdout:Waiting for the mgr to restart...
2026-03-09T17:20:38.238 INFO:teuthology.orchestra.run.vm00.stdout:Waiting for mgr epoch 9...
2026-03-09T17:20:38.813 INFO:journalctl@ceph.mgr.y.vm00.stdout:Mar 09 17:20:38 vm00 bash[21037]: debug
2026-03-09T17:20:38.555+0000 7f58bf24c140 -1 mgr[py] Module rook has missing NOTIFY_TYPES member
2026-03-09T17:20:39.119 INFO:journalctl@ceph.mon.a.vm00.stdout:Mar 09 17:20:38 vm00 bash[20770]: audit
2026-03-09T17:20:37.807224+0000 mon.a (mon.0) 73 : audit [INF] from='client.? 192.168.123.100:0/1830910416' entity='client.admin' cmd='[{"prefix": "mgr module enable", "module": "dashboard"}]': finished
2026-03-09T17:20:39.119 INFO:journalctl@ceph.mon.a.vm00.stdout:Mar 09 17:20:38 vm00 bash[20770]: audit
2026-03-09T17:20:37.807224+0000 mon.a (mon.0) 73 : audit [INF] from='client.? 192.168.123.100:0/1830910416' entity='client.admin' cmd='[{"prefix": "mgr module enable", "module": "dashboard"}]': finished
2026-03-09T17:20:39.120 INFO:journalctl@ceph.mon.a.vm00.stdout:Mar 09 17:20:38 vm00 bash[20770]: cluster
2026-03-09T17:20:37.810143+0000 mon.a (mon.0) 74 : cluster [DBG] mgrmap e9: y(active, since 6s)
2026-03-09T17:20:39.120 INFO:journalctl@ceph.mon.a.vm00.stdout:Mar 09 17:20:38 vm00 bash[20770]: cluster
2026-03-09T17:20:37.810143+0000 mon.a (mon.0) 74 : cluster [DBG] mgrmap e9: y(active, since 6s)
2026-03-09T17:20:39.120 INFO:journalctl@ceph.mon.a.vm00.stdout:Mar 09 17:20:38 vm00 bash[20770]: audit
2026-03-09T17:20:38.186451+0000 mon.a (mon.0) 75 : audit [DBG] from='client.? 192.168.123.100:0/4251548214' entity='client.admin' cmd=[{"prefix": "mgr stat"}]: dispatch
2026-03-09T17:20:39.120 INFO:journalctl@ceph.mon.a.vm00.stdout:Mar 09 17:20:38 vm00 bash[20770]: audit
2026-03-09T17:20:38.186451+0000 mon.a (mon.0) 75 : audit [DBG] from='client.? 192.168.123.100:0/4251548214' entity='client.admin' cmd=[{"prefix": "mgr stat"}]: dispatch
2026-03-09T17:20:39.120 INFO:journalctl@ceph.mgr.y.vm00.stdout:Mar 09 17:20:39 vm00 bash[21037]: debug
2026-03-09T17:20:39.027+0000 7f58bf24c140 -1 mgr[py] Module pg_autoscaler has missing NOTIFY_TYPES member
2026-03-09T17:20:39.387 INFO:journalctl@ceph.mgr.y.vm00.stdout:Mar 09 17:20:39 vm00 bash[21037]: debug
2026-03-09T17:20:39.115+0000 7f58bf24c140 -1 mgr[py] Module telemetry has missing NOTIFY_TYPES member
2026-03-09T17:20:39.388 INFO:journalctl@ceph.mgr.y.vm00.stdout:Mar 09 17:20:39 vm00 bash[21037]: /lib64/python3.9/site-packages/scipy/__init__.py:73: UserWarning: NumPy was imported from a Python sub-interpreter but NumPy does not properly support sub-interpreters. This will likely work for most users but might cause hard to track down issues or subtle bugs. A common user of the rare sub-interpreter feature is wsgi which also allows single-interpreter mode.
2026-03-09T17:20:39.388 INFO:journalctl@ceph.mgr.y.vm00.stdout:Mar 09 17:20:39 vm00 bash[21037]: Improvements in the case of bugs are welcome, but is not on the NumPy roadmap, and full support may require significant effort to achieve.
2026-03-09T17:20:39.388 INFO:journalctl@ceph.mgr.y.vm00.stdout:Mar 09 17:20:39 vm00 bash[21037]: from numpy import show_config as show_numpy_config
2026-03-09T17:20:39.388 INFO:journalctl@ceph.mgr.y.vm00.stdout:Mar 09 17:20:39 vm00 bash[21037]: debug
2026-03-09T17:20:39.243+0000 7f58bf24c140 -1 mgr[py] Module diskprediction_local has missing NOTIFY_TYPES member
2026-03-09T17:20:39.787 INFO:journalctl@ceph.mgr.y.vm00.stdout:Mar 09 17:20:39 vm00 bash[21037]: debug
2026-03-09T17:20:39.383+0000 7f58bf24c140 -1 mgr[py] Module volumes has missing NOTIFY_TYPES member
2026-03-09T17:20:39.787 INFO:journalctl@ceph.mgr.y.vm00.stdout:Mar 09 17:20:39 vm00 bash[21037]: debug
2026-03-09T17:20:39.423+0000 7f58bf24c140 -1 mgr[py] Module devicehealth has missing NOTIFY_TYPES member
2026-03-09T17:20:39.787 INFO:journalctl@ceph.mgr.y.vm00.stdout:Mar 09 17:20:39 vm00 bash[21037]: debug
2026-03-09T17:20:39.463+0000 7f58bf24c140 -1 mgr[py] Module influx has missing NOTIFY_TYPES member
2026-03-09T17:20:39.788 INFO:journalctl@ceph.mgr.y.vm00.stdout:Mar 09 17:20:39 vm00 bash[21037]: debug
2026-03-09T17:20:39.511+0000 7f58bf24c140 -1 mgr[py] Module alerts has missing NOTIFY_TYPES member
2026-03-09T17:20:39.788 INFO:journalctl@ceph.mgr.y.vm00.stdout:Mar 09 17:20:39 vm00 bash[21037]: debug
2026-03-09T17:20:39.563+0000 7f58bf24c140 -1 mgr[py] Module rbd_support has missing NOTIFY_TYPES member
2026-03-09T17:20:40.287 INFO:journalctl@ceph.mgr.y.vm00.stdout:Mar 09 17:20:40 vm00 bash[21037]: debug
2026-03-09T17:20:40.027+0000 7f58bf24c140 -1 mgr[py] Module selftest has missing NOTIFY_TYPES member
2026-03-09T17:20:40.287 INFO:journalctl@ceph.mgr.y.vm00.stdout:Mar 09 17:20:40 vm00 bash[21037]: debug
2026-03-09T17:20:40.067+0000 7f58bf24c140 -1 mgr[py] Module telegraf has missing NOTIFY_TYPES member
2026-03-09T17:20:40.287 INFO:journalctl@ceph.mgr.y.vm00.stdout:Mar 09 17:20:40 vm00 bash[21037]: debug
2026-03-09T17:20:40.107+0000 7f58bf24c140 -1 mgr[py] Module progress has missing NOTIFY_TYPES member
2026-03-09T17:20:40.287 INFO:journalctl@ceph.mgr.y.vm00.stdout:Mar 09 17:20:40 vm00 bash[21037]: debug
2026-03-09T17:20:40.267+0000 7f58bf24c140 -1 mgr[py] Module zabbix has missing NOTIFY_TYPES member
2026-03-09T17:20:40.653 INFO:journalctl@ceph.mgr.y.vm00.stdout:Mar 09 17:20:40 vm00 bash[21037]: debug
2026-03-09T17:20:40.319+0000 7f58bf24c140 -1 mgr[py] Module crash has missing NOTIFY_TYPES member
2026-03-09T17:20:40.653 INFO:journalctl@ceph.mgr.y.vm00.stdout:Mar 09 17:20:40 vm00 bash[21037]: debug
2026-03-09T17:20:40.371+0000 7f58bf24c140 -1 mgr[py] Module osd_perf_query has missing NOTIFY_TYPES member
2026-03-09T17:20:40.653 INFO:journalctl@ceph.mgr.y.vm00.stdout:Mar 09 17:20:40 vm00 bash[21037]: debug
2026-03-09T17:20:40.487+0000 7f58bf24c140 -1 mgr[py] Module orchestrator has missing NOTIFY_TYPES member
2026-03-09T17:20:40.904 INFO:journalctl@ceph.mgr.y.vm00.stdout:Mar 09 17:20:40 vm00 bash[21037]: debug
2026-03-09T17:20:40.651+0000 7f58bf24c140 -1 mgr[py] Module nfs has missing NOTIFY_TYPES member
2026-03-09T17:20:40.904 INFO:journalctl@ceph.mgr.y.vm00.stdout:Mar 09 17:20:40 vm00 bash[21037]: debug
2026-03-09T17:20:40.823+0000 7f58bf24c140 -1 mgr[py] Module prometheus has missing NOTIFY_TYPES member
2026-03-09T17:20:40.904 INFO:journalctl@ceph.mgr.y.vm00.stdout:Mar 09 17:20:40 vm00 bash[21037]: debug
2026-03-09T17:20:40.859+0000 7f58bf24c140 -1 mgr[py] Module iostat has missing NOTIFY_TYPES member
2026-03-09T17:20:41.287 INFO:journalctl@ceph.mgr.y.vm00.stdout:Mar 09 17:20:40 vm00 bash[21037]: debug
2026-03-09T17:20:40.903+0000 7f58bf24c140 -1 mgr[py] Module balancer has missing NOTIFY_TYPES member
2026-03-09T17:20:41.287 INFO:journalctl@ceph.mgr.y.vm00.stdout:Mar 09 17:20:41 vm00 bash[21037]: debug
2026-03-09T17:20:41.067+0000 7f58bf24c140 -1 mgr[py] Module test_orchestrator has missing NOTIFY_TYPES member
2026-03-09T17:20:41.787 INFO:journalctl@ceph.mgr.y.vm00.stdout:Mar 09 17:20:41 vm00 bash[21037]: debug
2026-03-09T17:20:41.299+0000 7f58bf24c140 -1 mgr[py] Module snap_schedule has missing NOTIFY_TYPES member
2026-03-09T17:20:41.787 INFO:journalctl@ceph.mon.a.vm00.stdout:Mar 09 17:20:41 vm00 bash[20770]: cluster
2026-03-09T17:20:41.305050+0000 mon.a (mon.0) 76 : cluster [INF] Active manager daemon y restarted
2026-03-09T17:20:41.787 INFO:journalctl@ceph.mon.a.vm00.stdout:Mar 09 17:20:41 vm00 bash[20770]: cluster
2026-03-09T17:20:41.305050+0000 mon.a (mon.0) 76 : cluster [INF] Active manager daemon y restarted
2026-03-09T17:20:41.787 INFO:journalctl@ceph.mon.a.vm00.stdout:Mar 09 17:20:41 vm00 bash[20770]: cluster
2026-03-09T17:20:41.305469+0000 mon.a (mon.0) 77 : cluster [INF] Activating manager daemon y
2026-03-09T17:20:41.788 INFO:journalctl@ceph.mon.a.vm00.stdout:Mar 09 17:20:41 vm00 bash[20770]: cluster
2026-03-09T17:20:41.305469+0000 mon.a (mon.0) 77 : cluster [INF] Activating manager daemon y
2026-03-09T17:20:41.788 INFO:journalctl@ceph.mon.a.vm00.stdout:Mar 09 17:20:41 vm00 bash[20770]: cluster
2026-03-09T17:20:41.310766+0000 mon.a (mon.0) 78 : cluster [DBG] osdmap e3: 0 total, 0 up, 0 in
2026-03-09T17:20:41.788 INFO:journalctl@ceph.mon.a.vm00.stdout:Mar 09 17:20:41 vm00 bash[20770]: cluster
2026-03-09T17:20:41.310766+0000 mon.a (mon.0) 78 : cluster [DBG] osdmap e3: 0 total, 0 up, 0 in
2026-03-09T17:20:41.788 INFO:journalctl@ceph.mon.a.vm00.stdout:Mar 09 17:20:41 vm00 bash[20770]: cluster
2026-03-09T17:20:41.310939+0000 mon.a (mon.0) 79 : cluster [DBG] mgrmap e10: y(active, starting, since 0.00557159s)
2026-03-09T17:20:41.788 INFO:journalctl@ceph.mon.a.vm00.stdout:Mar 09 17:20:41 vm00 bash[20770]: cluster
2026-03-09T17:20:41.310939+0000 mon.a (mon.0) 79 : cluster [DBG] mgrmap e10: y(active, starting, since 0.00557159s)
2026-03-09T17:20:41.788 INFO:journalctl@ceph.mon.a.vm00.stdout:Mar 09 17:20:41 vm00 bash[20770]: audit
2026-03-09T17:20:41.315943+0000 mon.a (mon.0) 80 : audit [DBG] from='mgr.14150 192.168.123.100:0/93899313' entity='mgr.y' cmd=[{"prefix": "mon metadata", "id": "a"}]: dispatch
2026-03-09T17:20:41.788 INFO:journalctl@ceph.mon.a.vm00.stdout:Mar 09 17:20:41 vm00 bash[20770]: audit
2026-03-09T17:20:41.315943+0000 mon.a (mon.0) 80 : audit [DBG] from='mgr.14150 192.168.123.100:0/93899313' entity='mgr.y' cmd=[{"prefix": "mon metadata", "id": "a"}]: dispatch
2026-03-09T17:20:41.788 INFO:journalctl@ceph.mon.a.vm00.stdout:Mar 09 17:20:41 vm00 bash[20770]: audit
2026-03-09T17:20:41.316779+0000 mon.a (mon.0) 81 : audit [DBG] from='mgr.14150 192.168.123.100:0/93899313' entity='mgr.y' cmd=[{"prefix": "mgr metadata", "who": "y", "id": "y"}]: dispatch
2026-03-09T17:20:41.788 INFO:journalctl@ceph.mon.a.vm00.stdout:Mar 09 17:20:41 vm00 bash[20770]: audit
2026-03-09T17:20:41.316779+0000 mon.a (mon.0) 81 : audit [DBG] from='mgr.14150 192.168.123.100:0/93899313' entity='mgr.y' cmd=[{"prefix": "mgr metadata", "who": "y", "id": "y"}]: dispatch
2026-03-09T17:20:41.788 INFO:journalctl@ceph.mon.a.vm00.stdout:Mar 09 17:20:41 vm00 bash[20770]: audit
2026-03-09T17:20:41.317616+0000 mon.a (mon.0) 82 : audit [DBG] from='mgr.14150 192.168.123.100:0/93899313' entity='mgr.y' cmd=[{"prefix": "mds metadata"}]: dispatch
2026-03-09T17:20:41.788 INFO:journalctl@ceph.mon.a.vm00.stdout:Mar 09 17:20:41 vm00 bash[20770]: audit
2026-03-09T17:20:41.317616+0000 mon.a (mon.0) 82 : audit [DBG] from='mgr.14150 192.168.123.100:0/93899313' entity='mgr.y' cmd=[{"prefix": "mds metadata"}]: dispatch
2026-03-09T17:20:41.788 INFO:journalctl@ceph.mon.a.vm00.stdout:Mar 09 17:20:41 vm00 bash[20770]: audit
2026-03-09T17:20:41.317973+0000 mon.a (mon.0) 83 : audit [DBG] from='mgr.14150 192.168.123.100:0/93899313' entity='mgr.y' cmd=[{"prefix": "osd metadata"}]: dispatch
2026-03-09T17:20:41.788 INFO:journalctl@ceph.mon.a.vm00.stdout:Mar 09 17:20:41 vm00 bash[20770]: audit
2026-03-09T17:20:41.317973+0000 mon.a (mon.0) 83 : audit [DBG] from='mgr.14150 192.168.123.100:0/93899313' entity='mgr.y' cmd=[{"prefix": "osd metadata"}]: dispatch
2026-03-09T17:20:41.788 INFO:journalctl@ceph.mon.a.vm00.stdout:Mar 09 17:20:41 vm00 bash[20770]: audit
2026-03-09T17:20:41.318294+0000 mon.a (mon.0) 84 : audit [DBG] from='mgr.14150 192.168.123.100:0/93899313' entity='mgr.y' cmd=[{"prefix": "mon metadata"}]: dispatch
2026-03-09T17:20:41.788 INFO:journalctl@ceph.mon.a.vm00.stdout:Mar 09 17:20:41 vm00 bash[20770]: audit
2026-03-09T17:20:41.318294+0000 mon.a (mon.0) 84 : audit [DBG] from='mgr.14150 192.168.123.100:0/93899313' entity='mgr.y' cmd=[{"prefix": "mon metadata"}]: dispatch
2026-03-09T17:20:41.788 INFO:journalctl@ceph.mon.a.vm00.stdout:Mar 09 17:20:41 vm00 bash[20770]: cluster
2026-03-09T17:20:41.324863+0000 mon.a (mon.0) 85 : cluster [INF] Manager daemon y is now available
2026-03-09T17:20:41.788 INFO:journalctl@ceph.mon.a.vm00.stdout:Mar 09 17:20:41 vm00 bash[20770]: cluster
2026-03-09T17:20:41.324863+0000 mon.a (mon.0) 85 : cluster [INF] Manager daemon y is now available
2026-03-09T17:20:41.788 INFO:journalctl@ceph.mon.a.vm00.stdout:Mar 09 17:20:41 vm00 bash[20770]: audit
2026-03-09T17:20:41.342022+0000 mon.a (mon.0) 86 : audit [INF] from='mgr.14150 192.168.123.100:0/93899313' entity='mgr.y' cmd=[{"prefix":"config rm","who":"mgr","name":"mgr/rbd_support/y/mirror_snapshot_schedule"}]: dispatch
2026-03-09T17:20:41.788 INFO:journalctl@ceph.mon.a.vm00.stdout:Mar 09 17:20:41 vm00 bash[20770]: audit
2026-03-09T17:20:41.342022+0000 mon.a (mon.0) 86 : audit [INF] from='mgr.14150 192.168.123.100:0/93899313' entity='mgr.y' cmd=[{"prefix":"config rm","who":"mgr","name":"mgr/rbd_support/y/mirror_snapshot_schedule"}]: dispatch
2026-03-09T17:20:41.788 INFO:journalctl@ceph.mon.a.vm00.stdout:Mar 09 17:20:41 vm00 bash[20770]: audit
2026-03-09T17:20:41.342995+0000 mon.a (mon.0) 87 : audit [INF] from='mgr.14150 192.168.123.100:0/93899313' entity='mgr.y' cmd=[{"prefix":"config rm","who":"mgr","name":"mgr/rbd_support/y/trash_purge_schedule"}]: dispatch
2026-03-09T17:20:41.788 INFO:journalctl@ceph.mon.a.vm00.stdout:Mar 09 17:20:41 vm00 bash[20770]: audit
2026-03-09T17:20:41.342995+0000 mon.a (mon.0) 87 : audit [INF] from='mgr.14150 192.168.123.100:0/93899313' entity='mgr.y' cmd=[{"prefix":"config rm","who":"mgr","name":"mgr/rbd_support/y/trash_purge_schedule"}]: dispatch
2026-03-09T17:20:41.788 INFO:journalctl@ceph.mon.a.vm00.stdout:Mar 09 17:20:41 vm00 bash[20770]: audit
2026-03-09T17:20:41.344551+0000 mon.a (mon.0) 88 : audit [DBG] from='mgr.14150 192.168.123.100:0/93899313' entity='mgr.y' cmd=[{"prefix": "config dump", "format": "json"}]: dispatch
2026-03-09T17:20:41.788 INFO:journalctl@ceph.mon.a.vm00.stdout:Mar 09 17:20:41 vm00 bash[20770]: audit
2026-03-09T17:20:41.344551+0000 mon.a (mon.0) 88 : audit [DBG] from='mgr.14150 192.168.123.100:0/93899313' entity='mgr.y' cmd=[{"prefix": "config dump", "format": "json"}]: dispatch
2026-03-09T17:20:42.364 INFO:teuthology.orchestra.run.vm00.stdout:/usr/bin/ceph: stdout {
2026-03-09T17:20:42.364 INFO:teuthology.orchestra.run.vm00.stdout:/usr/bin/ceph: stdout "mgrmap_epoch": 11,
2026-03-09T17:20:42.364 INFO:teuthology.orchestra.run.vm00.stdout:/usr/bin/ceph: stdout "initialized": true
2026-03-09T17:20:42.364 INFO:teuthology.orchestra.run.vm00.stdout:/usr/bin/ceph: stdout }
2026-03-09T17:20:42.364 INFO:teuthology.orchestra.run.vm00.stdout:/usr/bin/ceph: stderr
2026-03-09T17:20:38.407+0000 7f19458cc640 1 Processor -- start
2026-03-09T17:20:42.364 INFO:teuthology.orchestra.run.vm00.stdout:/usr/bin/ceph: stderr
2026-03-09T17:20:38.407+0000 7f19458cc640 1 -- start start
2026-03-09T17:20:42.364 INFO:teuthology.orchestra.run.vm00.stdout:/usr/bin/ceph: stderr
2026-03-09T17:20:38.407+0000 7f19458cc640 1 --2- >> [v2:192.168.123.100:3300/0,v1:192.168.123.100:6789/0] conn(0x7f19380a4910 0x7f19380a4d10 unknown :-1 s=NONE pgs=0 cs=0 l=0 rev1=0 crypto rx=0 tx=0 comp rx=0 tx=0).connect
2026-03-09T17:20:42.364 INFO:teuthology.orchestra.run.vm00.stdout:/usr/bin/ceph: stderr
2026-03-09T17:20:38.407+0000 7f19458cc640 1 -- --> [v2:192.168.123.100:3300/0,v1:192.168.123.100:6789/0] -- mon_getmap magic: 0 -- 0x7f19380a52e0 con 0x7f19380a4910
2026-03-09T17:20:42.364 INFO:teuthology.orchestra.run.vm00.stdout:/usr/bin/ceph: stderr
2026-03-09T17:20:38.407+0000 7f19448ca640 1 --2- >> [v2:192.168.123.100:3300/0,v1:192.168.123.100:6789/0] conn(0x7f19380a4910 0x7f19380a4d10 unknown :-1 s=BANNER_CONNECTING pgs=0 cs=0 l=0 rev1=0 crypto rx=0 tx=0 comp rx=0 tx=0)._handle_peer_banner_payload supported=3 required=0
2026-03-09T17:20:42.364 INFO:teuthology.orchestra.run.vm00.stdout:/usr/bin/ceph: stderr
2026-03-09T17:20:38.407+0000 7f19448ca640 1 --2- >> [v2:192.168.123.100:3300/0,v1:192.168.123.100:6789/0] conn(0x7f19380a4910 0x7f19380a4d10 unknown :-1 s=HELLO_CONNECTING pgs=0 cs=0 l=0 rev1=1 crypto rx=0 tx=0 comp rx=0 tx=0).handle_hello peer v2:192.168.123.100:3300/0 says I am v2:192.168.123.100:36462/0 (socket says 192.168.123.100:36462)
2026-03-09T17:20:42.364 INFO:teuthology.orchestra.run.vm00.stdout:/usr/bin/ceph: stderr
2026-03-09T17:20:38.407+0000 7f19448ca640 1 -- 192.168.123.100:0/1596833433 learned_addr learned my addr 192.168.123.100:0/1596833433 (peer_addr_for_me v2:192.168.123.100:0/0)
2026-03-09T17:20:42.364 INFO:teuthology.orchestra.run.vm00.stdout:/usr/bin/ceph: stderr
2026-03-09T17:20:38.407+0000 7f19448ca640 1 -- 192.168.123.100:0/1596833433 --> [v2:192.168.123.100:3300/0,v1:192.168.123.100:6789/0] -- mon_subscribe({config=0+,monmap=0+}) -- 0x7f19380a5b10 con 0x7f19380a4910
2026-03-09T17:20:42.364 INFO:teuthology.orchestra.run.vm00.stdout:/usr/bin/ceph: stderr
2026-03-09T17:20:38.407+0000 7f19448ca640 1 --2- 192.168.123.100:0/1596833433 >> [v2:192.168.123.100:3300/0,v1:192.168.123.100:6789/0] conn(0x7f19380a4910 0x7f19380a4d10 secure :-1 s=READY pgs=59 cs=0 l=1 rev1=1 crypto rx=0x7f19340089a0 tx=0x7f1934031440 comp rx=0 tx=0).ready entity=mon.0 client_cookie=80ba440806aa11e6 server_cookie=0 in_seq=0 out_seq=0
2026-03-09T17:20:42.364 INFO:teuthology.orchestra.run.vm00.stdout:/usr/bin/ceph: stderr
2026-03-09T17:20:38.407+0000 7f193f7fe640 1 -- 192.168.123.100:0/1596833433 <== mon.0 v2:192.168.123.100:3300/0 1 ==== mon_map magic: 0 ==== 205+0+0 (secure 0 0 0) 0x7f193403c480 con 0x7f19380a4910
2026-03-09T17:20:42.365 INFO:teuthology.orchestra.run.vm00.stdout:/usr/bin/ceph: stderr
2026-03-09T17:20:38.407+0000 7f193f7fe640 1 -- 192.168.123.100:0/1596833433 <== mon.0 v2:192.168.123.100:3300/0 2 ==== config(25 keys) ==== 1029+0+0 (secure 0 0 0) 0x7f193403ca90 con 0x7f19380a4910
2026-03-09T17:20:42.365 INFO:teuthology.orchestra.run.vm00.stdout:/usr/bin/ceph: stderr
2026-03-09T17:20:38.407+0000 7f19458cc640 1 -- 192.168.123.100:0/1596833433 >> [v2:192.168.123.100:3300/0,v1:192.168.123.100:6789/0] conn(0x7f19380a4910 msgr2=0x7f19380a4d10 secure :-1 s=STATE_CONNECTION_ESTABLISHED l=1).mark_down
2026-03-09T17:20:42.365 INFO:teuthology.orchestra.run.vm00.stdout:/usr/bin/ceph: stderr
2026-03-09T17:20:38.407+0000 7f19458cc640 1 --2- 192.168.123.100:0/1596833433 >> [v2:192.168.123.100:3300/0,v1:192.168.123.100:6789/0] conn(0x7f19380a4910 0x7f19380a4d10 secure :-1 s=READY pgs=59 cs=0 l=1 rev1=1 crypto rx=0x7f19340089a0 tx=0x7f1934031440 comp rx=0 tx=0).stop
2026-03-09T17:20:42.365 INFO:teuthology.orchestra.run.vm00.stdout:/usr/bin/ceph: stderr
2026-03-09T17:20:38.407+0000 7f19458cc640 1 -- 192.168.123.100:0/1596833433 shutdown_connections
2026-03-09T17:20:42.365 INFO:teuthology.orchestra.run.vm00.stdout:/usr/bin/ceph: stderr
2026-03-09T17:20:38.407+0000 7f19458cc640 1 --2- 192.168.123.100:0/1596833433 >> [v2:192.168.123.100:3300/0,v1:192.168.123.100:6789/0] conn(0x7f19380a4910 0x7f19380a4d10 unknown :-1 s=CLOSED pgs=59 cs=0 l=1 rev1=1 crypto rx=0 tx=0 comp rx=0 tx=0).stop
2026-03-09T17:20:42.365 INFO:teuthology.orchestra.run.vm00.stdout:/usr/bin/ceph: stderr
2026-03-09T17:20:38.407+0000 7f19458cc640 1 -- 192.168.123.100:0/1596833433 >> 192.168.123.100:0/1596833433 conn(0x7f193809fc20 msgr2=0x7f19380a2080 unknown :-1 s=STATE_NONE l=0).mark_down
2026-03-09T17:20:42.365 INFO:teuthology.orchestra.run.vm00.stdout:/usr/bin/ceph: stderr
2026-03-09T17:20:38.407+0000 7f19458cc640 1 -- 192.168.123.100:0/1596833433 shutdown_connections
2026-03-09T17:20:42.365 INFO:teuthology.orchestra.run.vm00.stdout:/usr/bin/ceph: stderr
2026-03-09T17:20:38.407+0000 7f19458cc640 1 -- 192.168.123.100:0/1596833433 wait complete.
2026-03-09T17:20:42.365 INFO:teuthology.orchestra.run.vm00.stdout:/usr/bin/ceph: stderr
2026-03-09T17:20:38.407+0000 7f19458cc640 1 Processor -- start
2026-03-09T17:20:42.365 INFO:teuthology.orchestra.run.vm00.stdout:/usr/bin/ceph: stderr
2026-03-09T17:20:38.407+0000 7f19458cc640 1 -- start start
2026-03-09T17:20:42.365 INFO:teuthology.orchestra.run.vm00.stdout:/usr/bin/ceph: stderr
2026-03-09T17:20:38.407+0000 7f19458cc640 1 --2- >> [v2:192.168.123.100:3300/0,v1:192.168.123.100:6789/0] conn(0x7f19380a4910 0x7f193813d7c0 unknown :-1 s=NONE pgs=0 cs=0 l=1 rev1=0 crypto rx=0 tx=0 comp rx=0 tx=0).connect
2026-03-09T17:20:42.365 INFO:teuthology.orchestra.run.vm00.stdout:/usr/bin/ceph: stderr
2026-03-09T17:20:38.407+0000 7f19458cc640 1 -- --> [v2:192.168.123.100:3300/0,v1:192.168.123.100:6789/0] -- mon_getmap magic: 0 -- 0x7f19380a6650 con 0x7f19380a4910
2026-03-09T17:20:42.365 INFO:teuthology.orchestra.run.vm00.stdout:/usr/bin/ceph: stderr
2026-03-09T17:20:38.407+0000 7f19448ca640 1 --2- >> [v2:192.168.123.100:3300/0,v1:192.168.123.100:6789/0] conn(0x7f19380a4910 0x7f193813d7c0 unknown :-1 s=BANNER_CONNECTING pgs=0 cs=0 l=1 rev1=0 crypto rx=0 tx=0 comp rx=0 tx=0)._handle_peer_banner_payload supported=3 required=0
2026-03-09T17:20:42.365 INFO:teuthology.orchestra.run.vm00.stdout:/usr/bin/ceph: stderr
2026-03-09T17:20:38.407+0000 7f19448ca640 1 --2- >> [v2:192.168.123.100:3300/0,v1:192.168.123.100:6789/0] conn(0x7f19380a4910 0x7f193813d7c0 unknown :-1 s=HELLO_CONNECTING pgs=0 cs=0 l=1 rev1=1 crypto rx=0 tx=0 comp rx=0 tx=0).handle_hello peer v2:192.168.123.100:3300/0 says I am v2:192.168.123.100:36478/0 (socket says 192.168.123.100:36478)
2026-03-09T17:20:42.366 INFO:teuthology.orchestra.run.vm00.stdout:/usr/bin/ceph: stderr
2026-03-09T17:20:38.407+0000 7f19448ca640 1 -- 192.168.123.100:0/2839204157 learned_addr learned my addr 192.168.123.100:0/2839204157 (peer_addr_for_me v2:192.168.123.100:0/0)
2026-03-09T17:20:42.366 INFO:teuthology.orchestra.run.vm00.stdout:/usr/bin/ceph: stderr
2026-03-09T17:20:38.411+0000 7f19448ca640 1 -- 192.168.123.100:0/2839204157 --> [v2:192.168.123.100:3300/0,v1:192.168.123.100:6789/0] -- mon_subscribe({config=0+,monmap=0+}) -- 0x7f193813dd00 con 0x7f19380a4910
2026-03-09T17:20:42.366 INFO:teuthology.orchestra.run.vm00.stdout:/usr/bin/ceph: stderr
2026-03-09T17:20:38.411+0000 7f19448ca640 1 --2- 192.168.123.100:0/2839204157 >> [v2:192.168.123.100:3300/0,v1:192.168.123.100:6789/0] conn(0x7f19380a4910 0x7f193813d7c0 secure :-1 s=READY pgs=60 cs=0 l=1 rev1=1 crypto rx=0x7f1934002410 tx=0x7f1934009da0 comp rx=0 tx=0).ready entity=mon.0 client_cookie=0 server_cookie=0 in_seq=0 out_seq=0
2026-03-09T17:20:42.366 INFO:teuthology.orchestra.run.vm00.stdout:/usr/bin/ceph: stderr
2026-03-09T17:20:38.411+0000 7f193dffb640 1 -- 192.168.123.100:0/2839204157 <== mon.0 v2:192.168.123.100:3300/0 1 ==== mon_map magic: 0 ==== 205+0+0 (secure 0 0 0) 0x7f193403c750 con 0x7f19380a4910
2026-03-09T17:20:42.366 INFO:teuthology.orchestra.run.vm00.stdout:/usr/bin/ceph: stderr
2026-03-09T17:20:38.411+0000 7f193dffb640 1 -- 192.168.123.100:0/2839204157 <== mon.0 v2:192.168.123.100:3300/0 2 ==== config(25 keys) ==== 1029+0+0 (secure 0 0 0) 0x7f193400b520 con 0x7f19380a4910
2026-03-09T17:20:42.366 INFO:teuthology.orchestra.run.vm00.stdout:/usr/bin/ceph: stderr
2026-03-09T17:20:38.411+0000 7f19458cc640 1 -- 192.168.123.100:0/2839204157 --> [v2:192.168.123.100:3300/0,v1:192.168.123.100:6789/0] -- mon_subscribe({mgrmap=0+}) -- 0x7f193813df90 con 0x7f19380a4910
2026-03-09T17:20:42.366 INFO:teuthology.orchestra.run.vm00.stdout:/usr/bin/ceph: stderr
2026-03-09T17:20:38.411+0000 7f193dffb640 1 -- 192.168.123.100:0/2839204157 <== mon.0 v2:192.168.123.100:3300/0 3 ==== mon_map magic: 0 ==== 205+0+0 (secure 0 0 0) 0x7f19340455c0 con 0x7f19380a4910
2026-03-09T17:20:42.366 INFO:teuthology.orchestra.run.vm00.stdout:/usr/bin/ceph: stderr
2026-03-09T17:20:38.411+0000 7f19458cc640 1 -- 192.168.123.100:0/2839204157 --> [v2:192.168.123.100:3300/0,v1:192.168.123.100:6789/0] -- mon_subscribe({osdmap=0}) -- 0x7f193813a300 con 0x7f19380a4910
2026-03-09T17:20:42.367 INFO:teuthology.orchestra.run.vm00.stdout:/usr/bin/ceph: stderr
2026-03-09T17:20:38.415+0000 7f193dffb640 1 -- 192.168.123.100:0/2839204157 <== mon.0 v2:192.168.123.100:3300/0 4 ==== mgrmap(e 9) ==== 50225+0+0 (secure 0 0 0) 0x7f193400bce0 con 0x7f19380a4910
2026-03-09T17:20:42.367 INFO:teuthology.orchestra.run.vm00.stdout:/usr/bin/ceph: stderr
2026-03-09T17:20:38.415+0000 7f193dffb640 1 --2- 192.168.123.100:0/2839204157 >> v2:192.168.123.100:6800/1655006894 conn(0x7f192403dca0 0x7f1924040160 unknown :-1 s=NONE pgs=0 cs=0 l=1 rev1=0 crypto rx=0 tx=0 comp rx=0 tx=0).connect
2026-03-09T17:20:42.367 INFO:teuthology.orchestra.run.vm00.stdout:/usr/bin/ceph: stderr
2026-03-09T17:20:38.415+0000 7f193ffff640 1 -- 192.168.123.100:0/2839204157 >> v2:192.168.123.100:6800/1655006894 conn(0x7f192403dca0 msgr2=0x7f1924040160 unknown :-1 s=STATE_CONNECTING_RE l=1).process reconnect failed to v2:192.168.123.100:6800/1655006894
2026-03-09T17:20:42.367 INFO:teuthology.orchestra.run.vm00.stdout:/usr/bin/ceph: stderr
2026-03-09T17:20:38.415+0000 7f193ffff640 1 --2- 192.168.123.100:0/2839204157 >> v2:192.168.123.100:6800/1655006894 conn(0x7f192403dca0 0x7f1924040160 unknown :-1 s=START_CONNECT pgs=0 cs=0 l=1 rev1=0 crypto rx=0 tx=0 comp rx=0 tx=0)._fault waiting 0.200000
2026-03-09T17:20:42.367 INFO:teuthology.orchestra.run.vm00.stdout:/usr/bin/ceph: stderr
2026-03-09T17:20:38.415+0000 7f193dffb640 1 -- 192.168.123.100:0/2839204157 --> v2:192.168.123.100:6800/1655006894 -- command(tid 0: {"prefix": "get_command_descriptions"}) -- 0x7f1924040830 con 0x7f192403dca0
2026-03-09T17:20:42.367 INFO:teuthology.orchestra.run.vm00.stdout:/usr/bin/ceph: stderr
2026-03-09T17:20:38.415+0000 7f193dffb640 1 -- 192.168.123.100:0/2839204157 <== mon.0 v2:192.168.123.100:3300/0 5 ==== osd_map(2..2 src has 1..2) ==== 897+0+0 (secure 0 0 0) 0x7f1934077a20 con 0x7f19380a4910
2026-03-09T17:20:42.367 INFO:teuthology.orchestra.run.vm00.stdout:/usr/bin/ceph: stderr
2026-03-09T17:20:38.615+0000 7f193ffff640 1 -- 192.168.123.100:0/2839204157 >> v2:192.168.123.100:6800/1655006894 conn(0x7f192403dca0 msgr2=0x7f1924040160 unknown :-1 s=STATE_CONNECTING_RE l=1).process reconnect failed to v2:192.168.123.100:6800/1655006894
2026-03-09T17:20:42.367 INFO:teuthology.orchestra.run.vm00.stdout:/usr/bin/ceph: stderr
2026-03-09T17:20:38.615+0000 7f193ffff640 1 --2- 192.168.123.100:0/2839204157 >> v2:192.168.123.100:6800/1655006894 conn(0x7f192403dca0 0x7f1924040160 unknown :-1 s=START_CONNECT pgs=0 cs=0 l=1 rev1=0 crypto rx=0 tx=0 comp rx=0 tx=0)._fault waiting 0.400000
2026-03-09T17:20:42.367 INFO:teuthology.orchestra.run.vm00.stdout:/usr/bin/ceph: stderr
2026-03-09T17:20:39.015+0000 7f193ffff640 1 -- 192.168.123.100:0/2839204157 >> v2:192.168.123.100:6800/1655006894 conn(0x7f192403dca0 msgr2=0x7f1924040160 unknown :-1 s=STATE_CONNECTING_RE l=1).process reconnect failed to v2:192.168.123.100:6800/1655006894
2026-03-09T17:20:42.367 INFO:teuthology.orchestra.run.vm00.stdout:/usr/bin/ceph: stderr
2026-03-09T17:20:39.015+0000 7f193ffff640 1 --2- 192.168.123.100:0/2839204157 >> v2:192.168.123.100:6800/1655006894 conn(0x7f192403dca0 0x7f1924040160 unknown :-1 s=START_CONNECT pgs=0 cs=0 l=1 rev1=0 crypto rx=0 tx=0 comp rx=0 tx=0)._fault waiting 0.800000
2026-03-09T17:20:42.367 INFO:teuthology.orchestra.run.vm00.stdout:/usr/bin/ceph: stderr
2026-03-09T17:20:39.815+0000 7f193ffff640 1 -- 192.168.123.100:0/2839204157 >> v2:192.168.123.100:6800/1655006894 conn(0x7f192403dca0 msgr2=0x7f1924040160 unknown :-1 s=STATE_CONNECTING_RE l=1).process reconnect failed to v2:192.168.123.100:6800/1655006894
2026-03-09T17:20:42.367 INFO:teuthology.orchestra.run.vm00.stdout:/usr/bin/ceph: stderr
2026-03-09T17:20:39.815+0000 7f193ffff640 1 --2- 192.168.123.100:0/2839204157 >> v2:192.168.123.100:6800/1655006894 conn(0x7f192403dca0 0x7f1924040160 unknown :-1 s=START_CONNECT pgs=0 cs=0 l=1 rev1=0 crypto rx=0 tx=0 comp rx=0 tx=0)._fault waiting 1.600000
2026-03-09T17:20:42.367 INFO:teuthology.orchestra.run.vm00.stdout:/usr/bin/ceph: stderr
2026-03-09T17:20:41.307+0000 7f193dffb640 1 -- 192.168.123.100:0/2839204157 <== mon.0 v2:192.168.123.100:3300/0 6 ==== mgrmap(e 10) ==== 50027+0+0 (secure 0 0 0) 0x7f1934076430 con 0x7f19380a4910
2026-03-09T17:20:42.367 INFO:teuthology.orchestra.run.vm00.stdout:/usr/bin/ceph: stderr
2026-03-09T17:20:41.307+0000 7f193dffb640 1 -- 192.168.123.100:0/2839204157 >> v2:192.168.123.100:6800/1655006894 conn(0x7f192403dca0 msgr2=0x7f1924040160 unknown :-1 s=STATE_CONNECTING l=1).mark_down
2026-03-09T17:20:42.367 INFO:teuthology.orchestra.run.vm00.stdout:/usr/bin/ceph: stderr
2026-03-09T17:20:41.307+0000 7f193dffb640 1 --2- 192.168.123.100:0/2839204157 >> v2:192.168.123.100:6800/1655006894 conn(0x7f192403dca0 0x7f1924040160 unknown :-1 s=START_CONNECT pgs=0 cs=0 l=1 rev1=0 crypto rx=0 tx=0 comp rx=0 tx=0).stop
2026-03-09T17:20:42.367 INFO:teuthology.orchestra.run.vm00.stdout:/usr/bin/ceph: stderr
2026-03-09T17:20:42.311+0000 7f193dffb640 1 -- 192.168.123.100:0/2839204157 <== mon.0 v2:192.168.123.100:3300/0 7 ==== mgrmap(e 11) ==== 50119+0+0 (secure 0 0 0) 0x7f1934076eb0 con 0x7f19380a4910
2026-03-09T17:20:42.367 INFO:teuthology.orchestra.run.vm00.stdout:/usr/bin/ceph: stderr
2026-03-09T17:20:42.311+0000 7f193dffb640 1 --2- 192.168.123.100:0/2839204157 >> v2:192.168.123.100:6800/3114914985 conn(0x7f19240416f0 0x7f1924043ae0 unknown :-1 s=NONE pgs=0 cs=0 l=1 rev1=0 crypto rx=0 tx=0 comp rx=0 tx=0).connect
2026-03-09T17:20:42.367 INFO:teuthology.orchestra.run.vm00.stdout:/usr/bin/ceph: stderr
2026-03-09T17:20:42.311+0000 7f193dffb640 1 -- 192.168.123.100:0/2839204157 --> v2:192.168.123.100:6800/3114914985 -- command(tid 0: {"prefix": "get_command_descriptions"}) -- 0x7f193404adf0 con 0x7f19240416f0
2026-03-09T17:20:42.367 INFO:teuthology.orchestra.run.vm00.stdout:/usr/bin/ceph: stderr
2026-03-09T17:20:42.311+0000 7f193ffff640 1 --2- 192.168.123.100:0/2839204157 >> v2:192.168.123.100:6800/3114914985 conn(0x7f19240416f0 0x7f1924043ae0 unknown :-1 s=BANNER_CONNECTING pgs=0 cs=0 l=1 rev1=0 crypto rx=0 tx=0 comp rx=0 tx=0)._handle_peer_banner_payload supported=3 required=0
2026-03-09T17:20:42.367 INFO:teuthology.orchestra.run.vm00.stdout:/usr/bin/ceph: stderr
2026-03-09T17:20:42.311+0000 7f193ffff640 1 --2- 192.168.123.100:0/2839204157 >> v2:192.168.123.100:6800/3114914985 conn(0x7f19240416f0 0x7f1924043ae0 secure :-1 s=READY pgs=1 cs=0 l=1 rev1=1 crypto rx=0x7f19400664d0 tx=0x7f194006b6e0 comp rx=0 tx=0).ready entity=mgr.14150 client_cookie=0 server_cookie=0 in_seq=0 out_seq=0
2026-03-09T17:20:42.367 INFO:teuthology.orchestra.run.vm00.stdout:/usr/bin/ceph: stderr
2026-03-09T17:20:42.315+0000 7f193dffb640 1 -- 192.168.123.100:0/2839204157 <== mgr.14150 v2:192.168.123.100:6800/3114914985 1 ==== command_reply(tid 0: 0 ) ==== 8+0+8901 (secure 0 0 0) 0x7f193404adf0 con 0x7f19240416f0
2026-03-09T17:20:42.367 INFO:teuthology.orchestra.run.vm00.stdout:/usr/bin/ceph: stderr
2026-03-09T17:20:42.319+0000 7f19458cc640 1 -- 192.168.123.100:0/2839204157 --> v2:192.168.123.100:6800/3114914985 -- command(tid 1: {"prefix": "mgr_status"}) -- 0x7f19380a4d10 con 0x7f19240416f0
2026-03-09T17:20:42.367 INFO:teuthology.orchestra.run.vm00.stdout:/usr/bin/ceph: stderr
2026-03-09T17:20:42.319+0000 7f193dffb640 1 -- 192.168.123.100:0/2839204157 <== mgr.14150 v2:192.168.123.100:6800/3114914985 2 ==== command_reply(tid 1: 0 ) ==== 8+0+52 (secure 0 0 0) 0x7f19380a4d10 con 0x7f19240416f0
2026-03-09T17:20:42.367 INFO:teuthology.orchestra.run.vm00.stdout:/usr/bin/ceph: stderr
2026-03-09T17:20:42.319+0000 7f19458cc640 1 -- 192.168.123.100:0/2839204157 >> v2:192.168.123.100:6800/3114914985 conn(0x7f19240416f0 msgr2=0x7f1924043ae0 secure :-1 s=STATE_CONNECTION_ESTABLISHED l=1).mark_down
2026-03-09T17:20:42.367 INFO:teuthology.orchestra.run.vm00.stdout:/usr/bin/ceph: stderr
2026-03-09T17:20:42.319+0000 7f19458cc640 1 --2- 192.168.123.100:0/2839204157 >> v2:192.168.123.100:6800/3114914985 conn(0x7f19240416f0 0x7f1924043ae0 secure :-1 s=READY pgs=1 cs=0 l=1 rev1=1 crypto rx=0x7f19400664d0 tx=0x7f194006b6e0 comp rx=0 tx=0).stop
2026-03-09T17:20:42.367 INFO:teuthology.orchestra.run.vm00.stdout:/usr/bin/ceph: stderr
2026-03-09T17:20:42.319+0000 7f19458cc640 1 -- 192.168.123.100:0/2839204157 >> [v2:192.168.123.100:3300/0,v1:192.168.123.100:6789/0] conn(0x7f19380a4910 msgr2=0x7f193813d7c0 secure :-1 s=STATE_CONNECTION_ESTABLISHED l=1).mark_down
2026-03-09T17:20:42.367 INFO:teuthology.orchestra.run.vm00.stdout:/usr/bin/ceph: stderr
2026-03-09T17:20:42.319+0000 7f19458cc640 1 --2- 192.168.123.100:0/2839204157 >> [v2:192.168.123.100:3300/0,v1:192.168.123.100:6789/0] conn(0x7f19380a4910 0x7f193813d7c0 secure :-1 s=READY pgs=60 cs=0 l=1 rev1=1 crypto rx=0x7f1934002410 tx=0x7f1934009da0 comp rx=0 tx=0).stop
2026-03-09T17:20:42.367 INFO:teuthology.orchestra.run.vm00.stdout:/usr/bin/ceph: stderr
2026-03-09T17:20:42.319+0000 7f19458cc640 1 -- 192.168.123.100:0/2839204157 shutdown_connections
2026-03-09T17:20:42.367 INFO:teuthology.orchestra.run.vm00.stdout:/usr/bin/ceph: stderr
2026-03-09T17:20:42.319+0000 7f19458cc640 1 --2- 192.168.123.100:0/2839204157 >> v2:192.168.123.100:6800/3114914985 conn(0x7f19240416f0 0x7f1924043ae0 unknown :-1 s=CLOSED pgs=1 cs=0 l=1 rev1=1 crypto rx=0 tx=0 comp rx=0 tx=0).stop
2026-03-09T17:20:42.367 INFO:teuthology.orchestra.run.vm00.stdout:/usr/bin/ceph: stderr
2026-03-09T17:20:42.319+0000 7f19458cc640 1 --2- 192.168.123.100:0/2839204157 >> v2:192.168.123.100:6800/1655006894 conn(0x7f192403dca0 0x7f1924040160 unknown :-1 s=CLOSED pgs=0 cs=0 l=1 rev1=0 crypto rx=0 tx=0 comp rx=0 tx=0).stop
2026-03-09T17:20:42.367 INFO:teuthology.orchestra.run.vm00.stdout:/usr/bin/ceph: stderr
2026-03-09T17:20:42.319+0000 7f19458cc640 1 --2- 192.168.123.100:0/2839204157 >> [v2:192.168.123.100:3300/0,v1:192.168.123.100:6789/0] conn(0x7f19380a4910 0x7f193813d7c0 unknown :-1 s=CLOSED pgs=60 cs=0 l=1 rev1=1 crypto rx=0 tx=0 comp rx=0 tx=0).stop
2026-03-09T17:20:42.367 INFO:teuthology.orchestra.run.vm00.stdout:/usr/bin/ceph: stderr
2026-03-09T17:20:42.319+0000 7f19458cc640 1 -- 192.168.123.100:0/2839204157 >> 192.168.123.100:0/2839204157 conn(0x7f193809fc20 msgr2=0x7f19380a0730 unknown :-1 s=STATE_NONE l=0).mark_down
2026-03-09T17:20:42.367 INFO:teuthology.orchestra.run.vm00.stdout:/usr/bin/ceph: stderr
2026-03-09T17:20:42.319+0000 7f19458cc640 1 -- 192.168.123.100:0/2839204157 shutdown_connections
2026-03-09T17:20:42.367 INFO:teuthology.orchestra.run.vm00.stdout:/usr/bin/ceph: stderr
2026-03-09T17:20:42.319+0000 7f19458cc640 1 -- 192.168.123.100:0/2839204157 wait complete.
2026-03-09T17:20:42.367 INFO:teuthology.orchestra.run.vm00.stdout:mgr epoch 9 is available
2026-03-09T17:20:42.367 INFO:teuthology.orchestra.run.vm00.stdout:Generating a dashboard self-signed certificate...
2026-03-09T17:20:42.707 INFO:teuthology.orchestra.run.vm00.stdout:/usr/bin/ceph: stdout Self-signed certificate created
2026-03-09T17:20:42.707 INFO:teuthology.orchestra.run.vm00.stdout:/usr/bin/ceph: stderr
2026-03-09T17:20:42.491+0000 7f2544d79640 1 Processor -- start
2026-03-09T17:20:42.707 INFO:teuthology.orchestra.run.vm00.stdout:/usr/bin/ceph: stderr
2026-03-09T17:20:42.491+0000 7f2544d79640 1 -- start start
2026-03-09T17:20:42.707 INFO:teuthology.orchestra.run.vm00.stdout:/usr/bin/ceph: stderr
2026-03-09T17:20:42.491+0000 7f2544d79640 1 --2- >> [v2:192.168.123.100:3300/0,v1:192.168.123.100:6789/0] conn(0x7f25401045e0 0x7f25401049e0 unknown :-1 s=NONE pgs=0 cs=0 l=0 rev1=0 crypto rx=0 tx=0 comp rx=0 tx=0).connect
2026-03-09T17:20:42.707 INFO:teuthology.orchestra.run.vm00.stdout:/usr/bin/ceph: stderr
2026-03-09T17:20:42.491+0000 7f2544d79640 1 -- --> [v2:192.168.123.100:3300/0,v1:192.168.123.100:6789/0] -- mon_getmap magic: 0 -- 0x7f2540104f20 con 0x7f25401045e0
2026-03-09T17:20:42.707 INFO:teuthology.orchestra.run.vm00.stdout:/usr/bin/ceph: stderr
2026-03-09T17:20:42.491+0000 7f253e575640 1 --2- >> [v2:192.168.123.100:3300/0,v1:192.168.123.100:6789/0] conn(0x7f25401045e0 0x7f25401049e0 unknown :-1 s=BANNER_CONNECTING pgs=0 cs=0 l=0 rev1=0 crypto rx=0 tx=0 comp rx=0 tx=0)._handle_peer_banner_payload supported=3 required=0
2026-03-09T17:20:42.707 INFO:teuthology.orchestra.run.vm00.stdout:/usr/bin/ceph: stderr
2026-03-09T17:20:42.491+0000 7f253e575640 1 --2- >> [v2:192.168.123.100:3300/0,v1:192.168.123.100:6789/0] conn(0x7f25401045e0 0x7f25401049e0 unknown :-1 s=HELLO_CONNECTING pgs=0 cs=0 l=0 rev1=1 crypto rx=0 tx=0 comp rx=0 tx=0).handle_hello peer v2:192.168.123.100:3300/0 says I am v2:192.168.123.100:54898/0 (socket says 192.168.123.100:54898)
2026-03-09T17:20:42.707 INFO:teuthology.orchestra.run.vm00.stdout:/usr/bin/ceph: stderr
2026-03-09T17:20:42.491+0000 7f253e575640 1 -- 192.168.123.100:0/4267029611 learned_addr learned my addr 192.168.123.100:0/4267029611 (peer_addr_for_me v2:192.168.123.100:0/0)
2026-03-09T17:20:42.707 INFO:teuthology.orchestra.run.vm00.stdout:/usr/bin/ceph: stderr
2026-03-09T17:20:42.491+0000 7f253e575640 1 -- 192.168.123.100:0/4267029611 --> [v2:192.168.123.100:3300/0,v1:192.168.123.100:6789/0] -- mon_subscribe({config=0+,monmap=0+}) -- 0x7f25401050a0 con 0x7f25401045e0
2026-03-09T17:20:42.707 INFO:teuthology.orchestra.run.vm00.stdout:/usr/bin/ceph: stderr
2026-03-09T17:20:42.491+0000 7f253e575640 1 --2- 192.168.123.100:0/4267029611 >> [v2:192.168.123.100:3300/0,v1:192.168.123.100:6789/0] conn(0x7f25401045e0 0x7f25401049e0 secure :-1 s=READY pgs=68 cs=0 l=1 rev1=1 crypto rx=0x7f2528009920 tx=0x7f252802ef20 comp rx=0 tx=0).ready entity=mon.0 client_cookie=204f22b255a1c1e4 server_cookie=0 in_seq=0 out_seq=0
2026-03-09T17:20:42.707 INFO:teuthology.orchestra.run.vm00.stdout:/usr/bin/ceph: stderr
2026-03-09T17:20:42.491+0000 7f253d573640 1 -- 192.168.123.100:0/4267029611 <== mon.0 v2:192.168.123.100:3300/0 1 ==== mon_map magic: 0 ==== 205+0+0 (secure 0 0 0) 0x7f252803c070 con 0x7f25401045e0
2026-03-09T17:20:42.707 INFO:teuthology.orchestra.run.vm00.stdout:/usr/bin/ceph: stderr
2026-03-09T17:20:42.491+0000 7f253d573640 1 -- 192.168.123.100:0/4267029611 <== mon.0 v2:192.168.123.100:3300/0 2 ==== config(25 keys) ==== 1029+0+0 (secure 0 0 0) 0x7f2528037440 con 0x7f25401045e0
2026-03-09T17:20:42.707 INFO:teuthology.orchestra.run.vm00.stdout:/usr/bin/ceph: stderr
2026-03-09T17:20:42.491+0000 7f253d573640 1 -- 192.168.123.100:0/4267029611 <== mon.0 v2:192.168.123.100:3300/0 3 ==== mon_map magic: 0 ==== 205+0+0 (secure 0 0 0) 0x7f25280354d0 con 0x7f25401045e0
2026-03-09T17:20:42.707 INFO:teuthology.orchestra.run.vm00.stdout:/usr/bin/ceph: stderr
2026-03-09T17:20:42.491+0000 7f2544d79640 1 -- 192.168.123.100:0/4267029611 >> [v2:192.168.123.100:3300/0,v1:192.168.123.100:6789/0] conn(0x7f25401045e0 msgr2=0x7f25401049e0 secure :-1 s=STATE_CONNECTION_ESTABLISHED l=1).mark_down
2026-03-09T17:20:42.707 INFO:teuthology.orchestra.run.vm00.stdout:/usr/bin/ceph: stderr
2026-03-09T17:20:42.491+0000 7f2544d79640 1 --2- 192.168.123.100:0/4267029611 >> [v2:192.168.123.100:3300/0,v1:192.168.123.100:6789/0] conn(0x7f25401045e0 0x7f25401049e0 secure :-1 s=READY pgs=68 cs=0 l=1 rev1=1 crypto rx=0x7f2528009920 tx=0x7f252802ef20 comp rx=0 tx=0).stop
2026-03-09T17:20:42.707 INFO:teuthology.orchestra.run.vm00.stdout:/usr/bin/ceph: stderr
2026-03-09T17:20:42.491+0000 7f2544d79640 1 -- 192.168.123.100:0/4267029611 shutdown_connections
2026-03-09T17:20:42.707 INFO:teuthology.orchestra.run.vm00.stdout:/usr/bin/ceph: stderr
2026-03-09T17:20:42.491+0000 7f2544d79640 1 --2- 192.168.123.100:0/4267029611 >> [v2:192.168.123.100:3300/0,v1:192.168.123.100:6789/0] conn(0x7f25401045e0 0x7f25401049e0 unknown :-1 s=CLOSED pgs=68 cs=0 l=1 rev1=1 crypto rx=0 tx=0 comp rx=0 tx=0).stop
2026-03-09T17:20:42.707 INFO:teuthology.orchestra.run.vm00.stdout:/usr/bin/ceph: stderr
2026-03-09T17:20:42.491+0000 7f2544d79640 1 -- 192.168.123.100:0/4267029611 >> 192.168.123.100:0/4267029611 conn(0x7f2540100250 msgr2=0x7f25401026b0 unknown :-1 s=STATE_NONE l=0).mark_down
2026-03-09T17:20:42.707 INFO:teuthology.orchestra.run.vm00.stdout:/usr/bin/ceph: stderr
2026-03-09T17:20:42.491+0000 7f2544d79640 1 -- 192.168.123.100:0/4267029611 shutdown_connections
2026-03-09T17:20:42.707 INFO:teuthology.orchestra.run.vm00.stdout:/usr/bin/ceph: stderr
2026-03-09T17:20:42.491+0000 7f2544d79640 1 -- 192.168.123.100:0/4267029611 wait complete.
2026-03-09T17:20:42.707 INFO:teuthology.orchestra.run.vm00.stdout:/usr/bin/ceph: stderr
2026-03-09T17:20:42.495+0000 7f2544d79640 1 Processor -- start
2026-03-09T17:20:42.707 INFO:teuthology.orchestra.run.vm00.stdout:/usr/bin/ceph: stderr
2026-03-09T17:20:42.495+0000 7f2544d79640 1 -- start start
2026-03-09T17:20:42.707 INFO:teuthology.orchestra.run.vm00.stdout:/usr/bin/ceph: stderr
2026-03-09T17:20:42.495+0000 7f2544d79640 1 --2- >> [v2:192.168.123.100:3300/0,v1:192.168.123.100:6789/0] conn(0x7f25401045e0 0x7f2540107810 unknown :-1 s=NONE pgs=0 cs=0 l=1 rev1=0 crypto rx=0 tx=0 comp rx=0 tx=0).connect
2026-03-09T17:20:42.707 INFO:teuthology.orchestra.run.vm00.stdout:/usr/bin/ceph: stderr
2026-03-09T17:20:42.495+0000 7f2544d79640 1 -- --> [v2:192.168.123.100:3300/0,v1:192.168.123.100:6789/0] -- mon_getmap magic: 0 -- 0x7f254010ab60 con 0x7f25401045e0
2026-03-09T17:20:42.707 INFO:teuthology.orchestra.run.vm00.stdout:/usr/bin/ceph: stderr
2026-03-09T17:20:42.495+0000 7f253e575640 1 --2- >> [v2:192.168.123.100:3300/0,v1:192.168.123.100:6789/0] conn(0x7f25401045e0 0x7f2540107810 unknown :-1 s=BANNER_CONNECTING pgs=0 cs=0 l=1 rev1=0 crypto rx=0 tx=0 comp rx=0 tx=0)._handle_peer_banner_payload supported=3 required=0
2026-03-09T17:20:42.707 INFO:teuthology.orchestra.run.vm00.stdout:/usr/bin/ceph: stderr
2026-03-09T17:20:42.495+0000 7f253e575640 1 --2- >> [v2:192.168.123.100:3300/0,v1:192.168.123.100:6789/0] conn(0x7f25401045e0 0x7f2540107810 unknown :-1 s=HELLO_CONNECTING pgs=0 cs=0 l=1 rev1=1 crypto rx=0 tx=0 comp rx=0 tx=0).handle_hello peer v2:192.168.123.100:3300/0 says I am v2:192.168.123.100:54904/0 (socket says 192.168.123.100:54904)
2026-03-09T17:20:42.707 INFO:teuthology.orchestra.run.vm00.stdout:/usr/bin/ceph: stderr
2026-03-09T17:20:42.495+0000 7f253e575640 1 -- 192.168.123.100:0/3653562174 learned_addr learned my addr 192.168.123.100:0/3653562174 (peer_addr_for_me v2:192.168.123.100:0/0)
2026-03-09T17:20:42.707 INFO:teuthology.orchestra.run.vm00.stdout:/usr/bin/ceph: stderr
2026-03-09T17:20:42.495+0000 7f253e575640 1 -- 192.168.123.100:0/3653562174 --> [v2:192.168.123.100:3300/0,v1:192.168.123.100:6789/0] -- mon_subscribe({config=0+,monmap=0+}) -- 0x7f2540107d50 con 0x7f25401045e0
2026-03-09T17:20:42.707 INFO:teuthology.orchestra.run.vm00.stdout:/usr/bin/ceph: stderr
2026-03-09T17:20:42.495+0000 7f253e575640 1 --2- 192.168.123.100:0/3653562174 >> [v2:192.168.123.100:3300/0,v1:192.168.123.100:6789/0] conn(0x7f25401045e0 0x7f2540107810 secure :-1 s=READY pgs=69 cs=0 l=1 rev1=1 crypto rx=0x7f2528002410 tx=0x7f252802fd20 comp rx=0 tx=0).ready entity=mon.0 client_cookie=0 server_cookie=0 in_seq=0 out_seq=0
2026-03-09T17:20:42.707 INFO:teuthology.orchestra.run.vm00.stdout:/usr/bin/ceph: stderr
