2026-03-09T17:20:35.353 INFO:teuthology.orchestra.run.vm00.stdout:/usr/bin/ceph: stderr
2026-03-09T17:20:33.351+0000 7fbf7dffb640 1 -- 192.168.123.100:0/1686014114 <== mon.0 v2:192.168.123.100:3300/0 2 ==== config(25 keys) ==== 998+0+0 (secure 0 0 0) 0x7fbf7002fbc0 con 0x7fbf88108b70
2026-03-09T17:20:35.353 INFO:teuthology.orchestra.run.vm00.stdout:/usr/bin/ceph: stderr
2026-03-09T17:20:33.351+0000 7fbf7dffb640 1 -- 192.168.123.100:0/1686014114 <== mon.0 v2:192.168.123.100:3300/0 3 ==== mon_map magic: 0 ==== 205+0+0 (secure 0 0 0) 0x7fbf7003c070 con 0x7fbf88108b70
2026-03-09T17:20:35.353 INFO:teuthology.orchestra.run.vm00.stdout:/usr/bin/ceph: stderr
2026-03-09T17:20:33.351+0000 7fbf7dffb640 1 -- 192.168.123.100:0/1686014114 <== mon.0 v2:192.168.123.100:3300/0 4 ==== mgrmap(e 7) ==== 50106+0+0 (secure 0 0 0) 0x7fbf700493b0 con 0x7fbf88108b70
2026-03-09T17:20:35.353 INFO:teuthology.orchestra.run.vm00.stdout:/usr/bin/ceph: stderr
2026-03-09T17:20:33.355+0000 7fbf7dffb640 1 --2- 192.168.123.100:0/1686014114 >> v2:192.168.123.100:6800/1655006894 conn(0x7fbf5c03db30 0x7fbf5c03fff0 unknown :-1 s=NONE pgs=0 cs=0 l=1 rev1=0 crypto rx=0 tx=0 comp rx=0 tx=0).connect
2026-03-09T17:20:35.353 INFO:teuthology.orchestra.run.vm00.stdout:/usr/bin/ceph: stderr
2026-03-09T17:20:33.355+0000 7fbf7dffb640 1 -- 192.168.123.100:0/1686014114 <== mon.0 v2:192.168.123.100:3300/0 5 ==== osd_map(2..2 src has 1..2) ==== 897+0+0 (secure 0 0 0) 0x7fbf70077420 con 0x7fbf88108b70
2026-03-09T17:20:35.353 INFO:teuthology.orchestra.run.vm00.stdout:/usr/bin/ceph: stderr
2026-03-09T17:20:33.355+0000 7fbf8eea4640 1 -- 192.168.123.100:0/1686014114 --> [v2:192.168.123.100:3300/0,v1:192.168.123.100:6789/0] -- mon_command({"prefix": "get_command_descriptions"} v 0) -- 0x7fbf50005180 con 0x7fbf88108b70
2026-03-09T17:20:35.353 INFO:teuthology.orchestra.run.vm00.stdout:/usr/bin/ceph: stderr
2026-03-09T17:20:33.355+0000 7fbf7ffff640 1 --2- 192.168.123.100:0/1686014114 >> v2:192.168.123.100:6800/1655006894 conn(0x7fbf5c03db30 0x7fbf5c03fff0 unknown :-1 s=BANNER_CONNECTING pgs=0 cs=0 l=1 rev1=0 crypto rx=0 tx=0 comp rx=0 tx=0)._handle_peer_banner_payload supported=3 required=0
2026-03-09T17:20:35.353 INFO:teuthology.orchestra.run.vm00.stdout:/usr/bin/ceph: stderr
2026-03-09T17:20:33.355+0000 7fbf7dffb640 1 -- 192.168.123.100:0/1686014114 <== mon.0 v2:192.168.123.100:3300/0 6 ==== mon_command_ack([{"prefix": "get_command_descriptions"}]=0 v0) ==== 72+0+195034 (secure 0 0 0) 0x7fbf70047d40 con 0x7fbf88108b70
2026-03-09T17:20:35.353 INFO:teuthology.orchestra.run.vm00.stdout:/usr/bin/ceph: stderr
2026-03-09T17:20:33.355+0000 7fbf7ffff640 1 --2- 192.168.123.100:0/1686014114 >> v2:192.168.123.100:6800/1655006894 conn(0x7fbf5c03db30 0x7fbf5c03fff0 secure :-1 s=READY pgs=11 cs=0 l=1 rev1=1 crypto rx=0x7fbf78009a10 tx=0x7fbf78006eb0 comp rx=0 tx=0).ready entity=mgr.14118 client_cookie=0 server_cookie=0 in_seq=0 out_seq=0
2026-03-09T17:20:35.353 INFO:teuthology.orchestra.run.vm00.stdout:/usr/bin/ceph: stderr
2026-03-09T17:20:33.451+0000 7fbf8eea4640 1 -- 192.168.123.100:0/1686014114 --> v2:192.168.123.100:6800/1655006894 -- mgr_command(tid 0: {"prefix": "orch host add", "hostname": "vm00", "addr": "192.168.123.100", "target": ["mon-mgr", ""]}) -- 0x7fbf50002bf0 con 0x7fbf5c03db30
2026-03-09T17:20:35.353 INFO:teuthology.orchestra.run.vm00.stdout:/usr/bin/ceph: stderr
2026-03-09T17:20:33.915+0000 7fbf7dffb640 1 -- 192.168.123.100:0/1686014114 <== mon.0 v2:192.168.123.100:3300/0 7 ==== mgrmap(e 8) ==== 50212+0+0 (secure 0 0 0) 0x7fbf700496d0 con 0x7fbf88108b70
2026-03-09T17:20:35.353 INFO:teuthology.orchestra.run.vm00.stdout:/usr/bin/ceph: stderr
2026-03-09T17:20:35.287+0000 7fbf7dffb640 1 -- 192.168.123.100:0/1686014114 <== mgr.14118 v2:192.168.123.100:6800/1655006894 1 ==== mgr_command_reply(tid 0: 0 ) ==== 8+0+46 (secure 0 0 0) 0x7fbf50002bf0 con 0x7fbf5c03db30
2026-03-09T17:20:35.353 INFO:teuthology.orchestra.run.vm00.stdout:/usr/bin/ceph: stderr
2026-03-09T17:20:35.291+0000 7fbf8eea4640 1 -- 192.168.123.100:0/1686014114 >> v2:192.168.123.100:6800/1655006894 conn(0x7fbf5c03db30 msgr2=0x7fbf5c03fff0 secure :-1 s=STATE_CONNECTION_ESTABLISHED l=1).mark_down
2026-03-09T17:20:35.353 INFO:teuthology.orchestra.run.vm00.stdout:/usr/bin/ceph: stderr
2026-03-09T17:20:35.291+0000 7fbf8eea4640 1 --2- 192.168.123.100:0/1686014114 >> v2:192.168.123.100:6800/1655006894 conn(0x7fbf5c03db30 0x7fbf5c03fff0 secure :-1 s=READY pgs=11 cs=0 l=1 rev1=1 crypto rx=0x7fbf78009a10 tx=0x7fbf78006eb0 comp rx=0 tx=0).stop
2026-03-09T17:20:35.353 INFO:teuthology.orchestra.run.vm00.stdout:/usr/bin/ceph: stderr
2026-03-09T17:20:35.291+0000 7fbf8eea4640 1 -- 192.168.123.100:0/1686014114 >> [v2:192.168.123.100:3300/0,v1:192.168.123.100:6789/0] conn(0x7fbf88108b70 msgr2=0x7fbf8819e960 secure :-1 s=STATE_CONNECTION_ESTABLISHED l=1).mark_down
2026-03-09T17:20:35.353 INFO:teuthology.orchestra.run.vm00.stdout:/usr/bin/ceph: stderr
2026-03-09T17:20:35.291+0000 7fbf8eea4640 1 --2- 192.168.123.100:0/1686014114 >> [v2:192.168.123.100:3300/0,v1:192.168.123.100:6789/0] conn(0x7fbf88108b70 0x7fbf8819e960 secure :-1 s=READY pgs=44 cs=0 l=1 rev1=1 crypto rx=0x7fbf70006fd0 tx=0x7fbf70035dc0 comp rx=0 tx=0).stop
2026-03-09T17:20:35.353 INFO:teuthology.orchestra.run.vm00.stdout:/usr/bin/ceph: stderr
2026-03-09T17:20:35.291+0000 7fbf8eea4640 1 -- 192.168.123.100:0/1686014114 shutdown_connections
2026-03-09T17:20:35.353 INFO:teuthology.orchestra.run.vm00.stdout:/usr/bin/ceph: stderr
2026-03-09T17:20:35.291+0000 7fbf8eea4640 1 --2- 192.168.123.100:0/1686014114 >> v2:192.168.123.100:6800/1655006894 conn(0x7fbf5c03db30 0x7fbf5c03fff0 unknown :-1 s=CLOSED pgs=11 cs=0 l=1 rev1=1 crypto rx=0 tx=0 comp rx=0 tx=0).stop
2026-03-09T17:20:35.353 INFO:teuthology.orchestra.run.vm00.stdout:/usr/bin/ceph: stderr
2026-03-09T17:20:35.291+0000 7fbf8eea4640 1 --2- 192.168.123.100:0/1686014114 >> [v2:192.168.123.100:3300/0,v1:192.168.123.100:6789/0] conn(0x7fbf88108b70 0x7fbf8819e960 unknown :-1 s=CLOSED pgs=44 cs=0 l=1 rev1=1 crypto rx=0 tx=0 comp rx=0 tx=0).stop
2026-03-09T17:20:35.353 INFO:teuthology.orchestra.run.vm00.stdout:/usr/bin/ceph: stderr
2026-03-09T17:20:35.291+0000 7fbf8eea4640 1 -- 192.168.123.100:0/1686014114 >> 192.168.123.100:0/1686014114 conn(0x7fbf8807c040 msgr2=0x7fbf88105f10 unknown :-1 s=STATE_NONE l=0).mark_down
2026-03-09T17:20:35.353 INFO:teuthology.orchestra.run.vm00.stdout:/usr/bin/ceph: stderr
2026-03-09T17:20:35.291+0000 7fbf8eea4640 1 -- 192.168.123.100:0/1686014114 shutdown_connections
2026-03-09T17:20:35.353 INFO:teuthology.orchestra.run.vm00.stdout:/usr/bin/ceph: stderr
2026-03-09T17:20:35.291+0000 7fbf8eea4640 1 -- 192.168.123.100:0/1686014114 wait complete.
2026-03-09T17:20:35.353 INFO:teuthology.orchestra.run.vm00.stdout:Deploying unmanaged mon service...
2026-03-09T17:20:35.664 INFO:journalctl@ceph.mon.a.vm00.stdout:Mar 09 17:20:35 vm00 bash[20770]: cephadm
2026-03-09T17:20:33.992891+0000 mgr.y (mgr.14118) 15 : cephadm [INF] Deploying cephadm binary to vm00
2026-03-09T17:20:35.665 INFO:journalctl@ceph.mon.a.vm00.stdout:Mar 09 17:20:35 vm00 bash[20770]: cephadm
2026-03-09T17:20:33.992891+0000 mgr.y (mgr.14118) 15 : cephadm [INF] Deploying cephadm binary to vm00
2026-03-09T17:20:35.665 INFO:journalctl@ceph.mon.a.vm00.stdout:Mar 09 17:20:35 vm00 bash[20770]: audit
2026-03-09T17:20:35.288954+0000 mon.a (mon.0) 64 : audit [INF] from='mgr.14118 192.168.123.100:0/3276404274' entity='mgr.y'
2026-03-09T17:20:35.665 INFO:journalctl@ceph.mon.a.vm00.stdout:Mar 09 17:20:35 vm00 bash[20770]: audit
2026-03-09T17:20:35.288954+0000 mon.a (mon.0) 64 : audit [INF] from='mgr.14118 192.168.123.100:0/3276404274' entity='mgr.y'
2026-03-09T17:20:35.665 INFO:journalctl@ceph.mon.a.vm00.stdout:Mar 09 17:20:35 vm00 bash[20770]: audit
2026-03-09T17:20:35.292658+0000 mon.a (mon.0) 65 : audit [DBG] from='mgr.14118 192.168.123.100:0/3276404274' entity='mgr.y' cmd=[{"prefix": "config dump", "format": "json"}]: dispatch
2026-03-09T17:20:35.665 INFO:journalctl@ceph.mon.a.vm00.stdout:Mar 09 17:20:35 vm00 bash[20770]: audit
2026-03-09T17:20:35.292658+0000 mon.a (mon.0) 65 : audit [DBG] from='mgr.14118 192.168.123.100:0/3276404274' entity='mgr.y' cmd=[{"prefix": "config dump", "format": "json"}]: dispatch
2026-03-09T17:20:35.693 INFO:teuthology.orchestra.run.vm00.stdout:/usr/bin/ceph: stdout Scheduled mon update...
2026-03-09T17:20:35.694 INFO:teuthology.orchestra.run.vm00.stdout:/usr/bin/ceph: stderr
2026-03-09T17:20:35.535+0000 7f14f52fa640 1 Processor -- start
2026-03-09T17:20:35.694 INFO:teuthology.orchestra.run.vm00.stdout:/usr/bin/ceph: stderr
2026-03-09T17:20:35.535+0000 7f14f52fa640 1 -- start start
2026-03-09T17:20:35.694 INFO:teuthology.orchestra.run.vm00.stdout:/usr/bin/ceph: stderr
2026-03-09T17:20:35.535+0000 7f14f52fa640 1 --2- >> [v2:192.168.123.100:3300/0,v1:192.168.123.100:6789/0] conn(0x7f14f0074650 0x7f14f0074a50 unknown :-1 s=NONE pgs=0 cs=0 l=0 rev1=0 crypto rx=0 tx=0 comp rx=0 tx=0).connect
2026-03-09T17:20:35.694 INFO:teuthology.orchestra.run.vm00.stdout:/usr/bin/ceph: stderr
2026-03-09T17:20:35.535+0000 7f14f52fa640 1 -- --> [v2:192.168.123.100:3300/0,v1:192.168.123.100:6789/0] -- mon_getmap magic: 0 -- 0x7f14f0075020 con 0x7f14f0074650
2026-03-09T17:20:35.694 INFO:teuthology.orchestra.run.vm00.stdout:/usr/bin/ceph: stderr
2026-03-09T17:20:35.535+0000 7f14eeffd640 1 --2- >> [v2:192.168.123.100:3300/0,v1:192.168.123.100:6789/0] conn(0x7f14f0074650 0x7f14f0074a50 unknown :-1 s=BANNER_CONNECTING pgs=0 cs=0 l=0 rev1=0 crypto rx=0 tx=0 comp rx=0 tx=0)._handle_peer_banner_payload supported=3 required=0
2026-03-09T17:20:35.694 INFO:teuthology.orchestra.run.vm00.stdout:/usr/bin/ceph: stderr
2026-03-09T17:20:35.535+0000 7f14eeffd640 1 --2- >> [v2:192.168.123.100:3300/0,v1:192.168.123.100:6789/0] conn(0x7f14f0074650 0x7f14f0074a50 unknown :-1 s=HELLO_CONNECTING pgs=0 cs=0 l=0 rev1=1 crypto rx=0 tx=0 comp rx=0 tx=0).handle_hello peer v2:192.168.123.100:3300/0 says I am v2:192.168.123.100:36338/0 (socket says 192.168.123.100:36338)
2026-03-09T17:20:35.694 INFO:teuthology.orchestra.run.vm00.stdout:/usr/bin/ceph: stderr
2026-03-09T17:20:35.535+0000 7f14eeffd640 1 -- 192.168.123.100:0/1000121293 learned_addr learned my addr 192.168.123.100:0/1000121293 (peer_addr_for_me v2:192.168.123.100:0/0)
2026-03-09T17:20:35.694 INFO:teuthology.orchestra.run.vm00.stdout:/usr/bin/ceph: stderr
2026-03-09T17:20:35.535+0000 7f14eeffd640 1 -- 192.168.123.100:0/1000121293 --> [v2:192.168.123.100:3300/0,v1:192.168.123.100:6789/0] -- mon_subscribe({config=0+,monmap=0+}) -- 0x7f14f00751a0 con 0x7f14f0074650
2026-03-09T17:20:35.694 INFO:teuthology.orchestra.run.vm00.stdout:/usr/bin/ceph: stderr
2026-03-09T17:20:35.535+0000 7f14eeffd640 1 --2- 192.168.123.100:0/1000121293 >> [v2:192.168.123.100:3300/0,v1:192.168.123.100:6789/0] conn(0x7f14f0074650 0x7f14f0074a50 secure :-1 s=READY pgs=45 cs=0 l=1 rev1=1 crypto rx=0x7f14e001adc0 tx=0x7f14e00402a0 comp rx=0 tx=0).ready entity=mon.0 client_cookie=33643857a3cdc7ce server_cookie=0 in_seq=0 out_seq=0
2026-03-09T17:20:35.694 INFO:teuthology.orchestra.run.vm00.stdout:/usr/bin/ceph: stderr
2026-03-09T17:20:35.535+0000 7f14ee7fc640 1 -- 192.168.123.100:0/1000121293 <== mon.0 v2:192.168.123.100:3300/0 1 ==== mon_map magic: 0 ==== 205+0+0 (secure 0 0 0) 0x7f14e0040aa0 con 0x7f14f0074650
2026-03-09T17:20:35.694 INFO:teuthology.orchestra.run.vm00.stdout:/usr/bin/ceph: stderr
2026-03-09T17:20:35.535+0000 7f14ee7fc640 1 -- 192.168.123.100:0/1000121293 <== mon.0 v2:192.168.123.100:3300/0 2 ==== config(25 keys) ==== 998+0+0 (secure 0 0 0) 0x7f14e0040c40 con 0x7f14f0074650
2026-03-09T17:20:35.694 INFO:teuthology.orchestra.run.vm00.stdout:/usr/bin/ceph: stderr
2026-03-09T17:20:35.535+0000 7f14ee7fc640 1 -- 192.168.123.100:0/1000121293 <== mon.0 v2:192.168.123.100:3300/0 3 ==== mon_map magic: 0 ==== 205+0+0 (secure 0 0 0) 0x7f14e0047530 con 0x7f14f0074650
2026-03-09T17:20:35.694 INFO:teuthology.orchestra.run.vm00.stdout:/usr/bin/ceph: stderr
2026-03-09T17:20:35.535+0000 7f14f52fa640 1 -- 192.168.123.100:0/1000121293 >> [v2:192.168.123.100:3300/0,v1:192.168.123.100:6789/0] conn(0x7f14f0074650 msgr2=0x7f14f0074a50 secure :-1 s=STATE_CONNECTION_ESTABLISHED l=1).mark_down
2026-03-09T17:20:35.694 INFO:teuthology.orchestra.run.vm00.stdout:/usr/bin/ceph: stderr
2026-03-09T17:20:35.535+0000 7f14f52fa640 1 --2- 192.168.123.100:0/1000121293 >> [v2:192.168.123.100:3300/0,v1:192.168.123.100:6789/0] conn(0x7f14f0074650 0x7f14f0074a50 secure :-1 s=READY pgs=45 cs=0 l=1 rev1=1 crypto rx=0x7f14e001adc0 tx=0x7f14e00402a0 comp rx=0 tx=0).stop
2026-03-09T17:20:35.694 INFO:teuthology.orchestra.run.vm00.stdout:/usr/bin/ceph: stderr
2026-03-09T17:20:35.535+0000 7f14f52fa640 1 -- 192.168.123.100:0/1000121293 shutdown_connections
2026-03-09T17:20:35.694 INFO:teuthology.orchestra.run.vm00.stdout:/usr/bin/ceph: stderr
2026-03-09T17:20:35.535+0000 7f14f52fa640 1 --2- 192.168.123.100:0/1000121293 >> [v2:192.168.123.100:3300/0,v1:192.168.123.100:6789/0] conn(0x7f14f0074650 0x7f14f0074a50 unknown :-1 s=CLOSED pgs=45 cs=0 l=1 rev1=1 crypto rx=0 tx=0 comp rx=0 tx=0).stop
2026-03-09T17:20:35.694 INFO:teuthology.orchestra.run.vm00.stdout:/usr/bin/ceph: stderr
2026-03-09T17:20:35.535+0000 7f14f52fa640 1 -- 192.168.123.100:0/1000121293 >> 192.168.123.100:0/1000121293 conn(0x7f14f006fe80 msgr2=0x7f14f00722e0 unknown :-1 s=STATE_NONE l=0).mark_down
2026-03-09T17:20:35.694 INFO:teuthology.orchestra.run.vm00.stdout:/usr/bin/ceph: stderr
2026-03-09T17:20:35.535+0000 7f14f52fa640 1 -- 192.168.123.100:0/1000121293 shutdown_connections
2026-03-09T17:20:35.694 INFO:teuthology.orchestra.run.vm00.stdout:/usr/bin/ceph: stderr
2026-03-09T17:20:35.535+0000 7f14f52fa640 1 -- 192.168.123.100:0/1000121293 wait complete.
2026-03-09T17:20:35.694 INFO:teuthology.orchestra.run.vm00.stdout:/usr/bin/ceph: stderr
2026-03-09T17:20:35.535+0000 7f14f52fa640 1 Processor -- start
2026-03-09T17:20:35.694 INFO:teuthology.orchestra.run.vm00.stdout:/usr/bin/ceph: stderr
2026-03-09T17:20:35.539+0000 7f14f52fa640 1 -- start start
2026-03-09T17:20:35.694 INFO:teuthology.orchestra.run.vm00.stdout:/usr/bin/ceph: stderr
2026-03-09T17:20:35.539+0000 7f14f52fa640 1 --2- >> [v2:192.168.123.100:3300/0,v1:192.168.123.100:6789/0] conn(0x7f14f0074650 0x7f14f01a2bf0 unknown :-1 s=NONE pgs=0 cs=0 l=1 rev1=0 crypto rx=0 tx=0 comp rx=0 tx=0).connect
2026-03-09T17:20:35.694 INFO:teuthology.orchestra.run.vm00.stdout:/usr/bin/ceph: stderr
2026-03-09T17:20:35.539+0000 7f14f52fa640 1 -- --> [v2:192.168.123.100:3300/0,v1:192.168.123.100:6789/0] -- mon_getmap magic: 0 -- 0x7f14f010ee00 con 0x7f14f0074650
2026-03-09T17:20:35.694 INFO:teuthology.orchestra.run.vm00.stdout:/usr/bin/ceph: stderr
2026-03-09T17:20:35.539+0000 7f14eeffd640 1 --2- >> [v2:192.168.123.100:3300/0,v1:192.168.123.100:6789/0] conn(0x7f14f0074650 0x7f14f01a2bf0 unknown :-1 s=BANNER_CONNECTING pgs=0 cs=0 l=1 rev1=0 crypto rx=0 tx=0 comp rx=0 tx=0)._handle_peer_banner_payload supported=3 required=0
2026-03-09T17:20:35.694 INFO:teuthology.orchestra.run.vm00.stdout:/usr/bin/ceph: stderr
2026-03-09T17:20:35.539+0000 7f14eeffd640 1 --2- >> [v2:192.168.123.100:3300/0,v1:192.168.123.100:6789/0] conn(0x7f14f0074650 0x7f14f01a2bf0 unknown :-1 s=HELLO_CONNECTING pgs=0 cs=0 l=1 rev1=1 crypto rx=0 tx=0 comp rx=0 tx=0).handle_hello peer v2:192.168.123.100:3300/0 says I am v2:192.168.123.100:36342/0 (socket says 192.168.123.100:36342)
2026-03-09T17:20:35.694 INFO:teuthology.orchestra.run.vm00.stdout:/usr/bin/ceph: stderr
2026-03-09T17:20:35.539+0000 7f14eeffd640 1 -- 192.168.123.100:0/162721084 learned_addr learned my addr 192.168.123.100:0/162721084 (peer_addr_for_me v2:192.168.123.100:0/0)
2026-03-09T17:20:35.694 INFO:teuthology.orchestra.run.vm00.stdout:/usr/bin/ceph: stderr
2026-03-09T17:20:35.539+0000 7f14eeffd640 1 -- 192.168.123.100:0/162721084 --> [v2:192.168.123.100:3300/0,v1:192.168.123.100:6789/0] -- mon_subscribe({config=0+,monmap=0+}) -- 0x7f14f01a3130 con 0x7f14f0074650
2026-03-09T17:20:35.694 INFO:teuthology.orchestra.run.vm00.stdout:/usr/bin/ceph: stderr
2026-03-09T17:20:35.539+0000 7f14eeffd640 1 --2- 192.168.123.100:0/162721084 >> [v2:192.168.123.100:3300/0,v1:192.168.123.100:6789/0] conn(0x7f14f0074650 0x7f14f01a2bf0 secure :-1 s=READY pgs=46 cs=0 l=1 rev1=1 crypto rx=0x7f14e0047dd0 tx=0x7f14e0047e00 comp rx=0 tx=0).ready entity=mon.0 client_cookie=0 server_cookie=0 in_seq=0 out_seq=0
2026-03-09T17:20:35.694 INFO:teuthology.orchestra.run.vm00.stdout:/usr/bin/ceph: stderr
2026-03-09T17:20:35.539+0000 7f14ecff9640 1 -- 192.168.123.100:0/162721084 <== mon.0 v2:192.168.123.100:3300/0 1 ==== mon_map magic: 0 ==== 205+0+0 (secure 0 0 0) 0x7f14e0018660 con 0x7f14f0074650
2026-03-09T17:20:35.694 INFO:teuthology.orchestra.run.vm00.stdout:/usr/bin/ceph: stderr
2026-03-09T17:20:35.539+0000 7f14f52fa640 1 -- 192.168.123.100:0/162721084 --> [v2:192.168.123.100:3300/0,v1:192.168.123.100:6789/0] -- mon_subscribe({mgrmap=0+}) -- 0x7f14f01a33c0 con 0x7f14f0074650
2026-03-09T17:20:35.694 INFO:teuthology.orchestra.run.vm00.stdout:/usr/bin/ceph: stderr
2026-03-09T17:20:35.539+0000 7f14f52fa640 1 -- 192.168.123.100:0/162721084 --> [v2:192.168.123.100:3300/0,v1:192.168.123.100:6789/0] -- mon_subscribe({osdmap=0}) -- 0x7f14f01a60b0 con 0x7f14f0074650
2026-03-09T17:20:35.694 INFO:teuthology.orchestra.run.vm00.stdout:/usr/bin/ceph: stderr
2026-03-09T17:20:35.539+0000 7f14e5ffb640 1 -- 192.168.123.100:0/162721084 --> [v2:192.168.123.100:3300/0,v1:192.168.123.100:6789/0] -- mon_command({"prefix": "get_command_descriptions"} v 0) -- 0x7f14c4005180 con 0x7f14f0074650
2026-03-09T17:20:35.695 INFO:teuthology.orchestra.run.vm00.stdout:/usr/bin/ceph: stderr
2026-03-09T17:20:35.539+0000 7f14ecff9640 1 -- 192.168.123.100:0/162721084 <== mon.0 v2:192.168.123.100:3300/0 2 ==== config(25 keys) ==== 998+0+0 (secure 0 0 0) 0x7f14e0057070 con 0x7f14f0074650
2026-03-09T17:20:35.695 INFO:teuthology.orchestra.run.vm00.stdout:/usr/bin/ceph: stderr
2026-03-09T17:20:35.539+0000 7f14ecff9640 1 -- 192.168.123.100:0/162721084 <== mon.0 v2:192.168.123.100:3300/0 3 ==== mon_map magic: 0 ==== 205+0+0 (secure 0 0 0) 0x7f14e0052cf0 con 0x7f14f0074650
2026-03-09T17:20:35.695 INFO:teuthology.orchestra.run.vm00.stdout:/usr/bin/ceph: stderr
2026-03-09T17:20:35.539+0000 7f14ecff9640 1 -- 192.168.123.100:0/162721084 <== mon.0 v2:192.168.123.100:3300/0 4 ==== mgrmap(e 8) ==== 50212+0+0 (secure 0 0 0) 0x7f14e0051070 con 0x7f14f0074650
2026-03-09T17:20:35.695 INFO:teuthology.orchestra.run.vm00.stdout:/usr/bin/ceph: stderr
2026-03-09T17:20:35.539+0000 7f14ecff9640 1 --2- 192.168.123.100:0/162721084 >> v2:192.168.123.100:6800/1655006894 conn(0x7f14cc03dc00 0x7f14cc0400c0 unknown :-1 s=NONE pgs=0 cs=0 l=1 rev1=0 crypto rx=0 tx=0 comp rx=0 tx=0).connect
2026-03-09T17:20:35.695 INFO:teuthology.orchestra.run.vm00.stdout:/usr/bin/ceph: stderr
2026-03-09T17:20:35.543+0000 7f14ecff9640 1 -- 192.168.123.100:0/162721084 <== mon.0 v2:192.168.123.100:3300/0 5 ==== osd_map(2..2 src has 1..2) ==== 897+0+0 (secure 0 0 0) 0x7f14e005cc60 con 0x7f14f0074650
2026-03-09T17:20:35.695 INFO:teuthology.orchestra.run.vm00.stdout:/usr/bin/ceph: stderr
2026-03-09T17:20:35.543+0000 7f14ecff9640 1 -- 192.168.123.100:0/162721084 <== mon.0 v2:192.168.123.100:3300/0 6 ==== mon_command_ack([{"prefix": "get_command_descriptions"}]=0 v0) ==== 72+0+195034 (secure 0 0 0) 0x7f14e005c460 con 0x7f14f0074650
2026-03-09T17:20:35.695 INFO:teuthology.orchestra.run.vm00.stdout:/usr/bin/ceph: stderr
2026-03-09T17:20:35.547+0000 7f14e7fff640 1 --2- 192.168.123.100:0/162721084 >> v2:192.168.123.100:6800/1655006894 conn(0x7f14cc03dc00 0x7f14cc0400c0 unknown :-1 s=BANNER_CONNECTING pgs=0 cs=0 l=1 rev1=0 crypto rx=0 tx=0 comp rx=0 tx=0)._handle_peer_banner_payload supported=3 required=0
2026-03-09T17:20:35.695 INFO:teuthology.orchestra.run.vm00.stdout:/usr/bin/ceph: stderr
2026-03-09T17:20:35.551+0000 7f14e7fff640 1 --2- 192.168.123.100:0/162721084 >> v2:192.168.123.100:6800/1655006894 conn(0x7f14cc03dc00 0x7f14cc0400c0 secure :-1 s=READY pgs=12 cs=0 l=1 rev1=1 crypto rx=0x7f14d80099c0 tx=0x7f14d8006eb0 comp rx=0 tx=0).ready entity=mgr.14118 client_cookie=0 server_cookie=0 in_seq=0 out_seq=0
2026-03-09T17:20:35.695 INFO:teuthology.orchestra.run.vm00.stdout:/usr/bin/ceph: stderr
2026-03-09T17:20:35.647+0000 7f14e5ffb640 1 -- 192.168.123.100:0/162721084 --> v2:192.168.123.100:6800/1655006894 -- mgr_command(tid 0: {"prefix": "orch apply", "service_type": "mon", "unmanaged": true, "target": ["mon-mgr", ""]}) -- 0x7f14c4002bf0 con 0x7f14cc03dc00
2026-03-09T17:20:35.695 INFO:teuthology.orchestra.run.vm00.stdout:/usr/bin/ceph: stderr
2026-03-09T17:20:35.651+0000 7f14ecff9640 1 -- 192.168.123.100:0/162721084 <== mgr.14118 v2:192.168.123.100:6800/1655006894 1 ==== mgr_command_reply(tid 0: 0 ) ==== 8+0+24 (secure 0 0 0) 0x7f14c4002bf0 con 0x7f14cc03dc00
2026-03-09T17:20:35.695 INFO:teuthology.orchestra.run.vm00.stdout:/usr/bin/ceph: stderr
2026-03-09T17:20:35.655+0000 7f14e5ffb640 1 -- 192.168.123.100:0/162721084 >> v2:192.168.123.100:6800/1655006894 conn(0x7f14cc03dc00 msgr2=0x7f14cc0400c0 secure :-1 s=STATE_CONNECTION_ESTABLISHED l=1).mark_down
2026-03-09T17:20:35.695 INFO:teuthology.orchestra.run.vm00.stdout:/usr/bin/ceph: stderr
2026-03-09T17:20:35.655+0000 7f14e5ffb640 1 --2- 192.168.123.100:0/162721084 >> v2:192.168.123.100:6800/1655006894 conn(0x7f14cc03dc00 0x7f14cc0400c0 secure :-1 s=READY pgs=12 cs=0 l=1 rev1=1 crypto rx=0x7f14d80099c0 tx=0x7f14d8006eb0 comp rx=0 tx=0).stop
2026-03-09T17:20:35.695 INFO:teuthology.orchestra.run.vm00.stdout:/usr/bin/ceph: stderr
2026-03-09T17:20:35.655+0000 7f14e5ffb640 1 -- 192.168.123.100:0/162721084 >> [v2:192.168.123.100:3300/0,v1:192.168.123.100:6789/0] conn(0x7f14f0074650 msgr2=0x7f14f01a2bf0 secure :-1 s=STATE_CONNECTION_ESTABLISHED l=1).mark_down
2026-03-09T17:20:35.695 INFO:teuthology.orchestra.run.vm00.stdout:/usr/bin/ceph: stderr
2026-03-09T17:20:35.655+0000 7f14e5ffb640 1 --2- 192.168.123.100:0/162721084 >> [v2:192.168.123.100:3300/0,v1:192.168.123.100:6789/0] conn(0x7f14f0074650 0x7f14f01a2bf0 secure :-1 s=READY pgs=46 cs=0 l=1 rev1=1 crypto rx=0x7f14e0047dd0 tx=0x7f14e0047e00 comp rx=0 tx=0).stop
2026-03-09T17:20:35.695 INFO:teuthology.orchestra.run.vm00.stdout:/usr/bin/ceph: stderr
2026-03-09T17:20:35.655+0000 7f14e5ffb640 1 -- 192.168.123.100:0/162721084 shutdown_connections
2026-03-09T17:20:35.695 INFO:teuthology.orchestra.run.vm00.stdout:/usr/bin/ceph: stderr
2026-03-09T17:20:35.655+0000 7f14e5ffb640 1 --2- 192.168.123.100:0/162721084 >> v2:192.168.123.100:6800/1655006894 conn(0x7f14cc03dc00 0x7f14cc0400c0 unknown :-1 s=CLOSED pgs=12 cs=0 l=1 rev1=1 crypto rx=0 tx=0 comp rx=0 tx=0).stop
2026-03-09T17:20:35.695 INFO:teuthology.orchestra.run.vm00.stdout:/usr/bin/ceph: stderr
2026-03-09T17:20:35.655+0000 7f14e5ffb640 1 --2- 192.168.123.100:0/162721084 >> [v2:192.168.123.100:3300/0,v1:192.168.123.100:6789/0] conn(0x7f14f0074650 0x7f14f01a2bf0 unknown :-1 s=CLOSED pgs=46 cs=0 l=1 rev1=1 crypto rx=0 tx=0 comp rx=0 tx=0).stop
2026-03-09T17:20:35.695 INFO:teuthology.orchestra.run.vm00.stdout:/usr/bin/ceph: stderr
2026-03-09T17:20:35.655+0000 7f14e5ffb640 1 -- 192.168.123.100:0/162721084 >> 192.168.123.100:0/162721084 conn(0x7f14f006fe80 msgr2=0x7f14f0070aa0 unknown :-1 s=STATE_NONE l=0).mark_down
2026-03-09T17:20:35.695 INFO:teuthology.orchestra.run.vm00.stdout:/usr/bin/ceph: stderr
2026-03-09T17:20:35.655+0000 7f14e5ffb640 1 -- 192.168.123.100:0/162721084 shutdown_connections
2026-03-09T17:20:35.695 INFO:teuthology.orchestra.run.vm00.stdout:/usr/bin/ceph: stderr
2026-03-09T17:20:35.655+0000 7f14e5ffb640 1 -- 192.168.123.100:0/162721084 wait complete.
2026-03-09T17:20:35.695 INFO:teuthology.orchestra.run.vm00.stdout:Deploying unmanaged mgr service...
2026-03-09T17:20:35.978 INFO:teuthology.orchestra.run.vm00.stdout:/usr/bin/ceph: stdout Scheduled mgr update...
2026-03-09T17:20:35.978 INFO:teuthology.orchestra.run.vm00.stdout:/usr/bin/ceph: stderr
2026-03-09T17:20:35.815+0000 7f782da41640 1 Processor -- start
2026-03-09T17:20:35.978 INFO:teuthology.orchestra.run.vm00.stdout:/usr/bin/ceph: stderr
2026-03-09T17:20:35.815+0000 7f782da41640 1 -- start start
2026-03-09T17:20:35.978 INFO:teuthology.orchestra.run.vm00.stdout:/usr/bin/ceph: stderr
2026-03-09T17:20:35.815+0000 7f782da41640 1 --2- >> [v2:192.168.123.100:3300/0,v1:192.168.123.100:6789/0] conn(0x7f7828108b70 0x7f7828108f70 unknown :-1 s=NONE pgs=0 cs=0 l=0 rev1=0 crypto rx=0 tx=0 comp rx=0 tx=0).connect
2026-03-09T17:20:35.978 INFO:teuthology.orchestra.run.vm00.stdout:/usr/bin/ceph: stderr
2026-03-09T17:20:35.815+0000 7f782da41640 1 -- --> [v2:192.168.123.100:3300/0,v1:192.168.123.100:6789/0] -- mon_getmap magic: 0 -- 0x7f7828109540 con 0x7f7828108b70
2026-03-09T17:20:35.978 INFO:teuthology.orchestra.run.vm00.stdout:/usr/bin/ceph: stderr
2026-03-09T17:20:35.815+0000 7f7826ffd640 1 --2- >> [v2:192.168.123.100:3300/0,v1:192.168.123.100:6789/0] conn(0x7f7828108b70 0x7f7828108f70 unknown :-1 s=BANNER_CONNECTING pgs=0 cs=0 l=0 rev1=0 crypto rx=0 tx=0 comp rx=0 tx=0)._handle_peer_banner_payload supported=3 required=0
2026-03-09T17:20:35.978 INFO:teuthology.orchestra.run.vm00.stdout:/usr/bin/ceph: stderr
2026-03-09T17:20:35.815+0000 7f7826ffd640 1 --2- >> [v2:192.168.123.100:3300/0,v1:192.168.123.100:6789/0] conn(0x7f7828108b70 0x7f7828108f70 unknown :-1 s=HELLO_CONNECTING pgs=0 cs=0 l=0 rev1=1 crypto rx=0 tx=0 comp rx=0 tx=0).handle_hello peer v2:192.168.123.100:3300/0 says I am v2:192.168.123.100:36356/0 (socket says 192.168.123.100:36356)
2026-03-09T17:20:35.978 INFO:teuthology.orchestra.run.vm00.stdout:/usr/bin/ceph: stderr
2026-03-09T17:20:35.815+0000 7f7826ffd640 1 -- 192.168.123.100:0/2124464437 learned_addr learned my addr 192.168.123.100:0/2124464437 (peer_addr_for_me v2:192.168.123.100:0/0)
2026-03-09T17:20:35.978 INFO:teuthology.orchestra.run.vm00.stdout:/usr/bin/ceph: stderr
2026-03-09T17:20:35.815+0000 7f7826ffd640 1 -- 192.168.123.100:0/2124464437 --> [v2:192.168.123.100:3300/0,v1:192.168.123.100:6789/0] -- mon_subscribe({config=0+,monmap=0+}) -- 0x7f7828109d70 con 0x7f7828108b70
2026-03-09T17:20:35.978 INFO:teuthology.orchestra.run.vm00.stdout:/usr/bin/ceph: stderr
2026-03-09T17:20:35.815+0000 7f7826ffd640 1 --2- 192.168.123.100:0/2124464437 >> [v2:192.168.123.100:3300/0,v1:192.168.123.100:6789/0] conn(0x7f7828108b70 0x7f7828108f70 secure :-1 s=READY pgs=47 cs=0 l=1 rev1=1 crypto rx=0x7f781c009920 tx=0x7f781c02ef20 comp rx=0 tx=0).ready entity=mon.0 client_cookie=a0aa1ba57d541eaf server_cookie=0 in_seq=0 out_seq=0
2026-03-09T17:20:35.978 INFO:teuthology.orchestra.run.vm00.stdout:/usr/bin/ceph: stderr
2026-03-09T17:20:35.815+0000 7f7825ffb640 1 -- 192.168.123.100:0/2124464437 <== mon.0 v2:192.168.123.100:3300/0 1 ==== mon_map magic: 0 ==== 205+0+0 (secure 0 0 0) 0x7f781c03c070 con 0x7f7828108b70
2026-03-09T17:20:35.978 INFO:teuthology.orchestra.run.vm00.stdout:/usr/bin/ceph: stderr
2026-03-09T17:20:35.815+0000 7f7825ffb640 1 -- 192.168.123.100:0/2124464437 <== mon.0 v2:192.168.123.100:3300/0 2 ==== config(25 keys) ==== 998+0+0 (secure 0 0 0) 0x7f781c037440 con 0x7f7828108b70
2026-03-09T17:20:35.978 INFO:teuthology.orchestra.run.vm00.stdout:/usr/bin/ceph: stderr
2026-03-09T17:20:35.815+0000 7f7825ffb640 1 -- 192.168.123.100:0/2124464437 <== mon.0 v2:192.168.123.100:3300/0 3 ==== mon_map magic: 0 ==== 205+0+0 (secure 0 0 0) 0x7f781c0354d0 con 0x7f7828108b70
2026-03-09T17:20:35.978 INFO:teuthology.orchestra.run.vm00.stdout:/usr/bin/ceph: stderr
2026-03-09T17:20:35.815+0000 7f782da41640 1 -- 192.168.123.100:0/2124464437 >> [v2:192.168.123.100:3300/0,v1:192.168.123.100:6789/0] conn(0x7f7828108b70 msgr2=0x7f7828108f70 secure :-1 s=STATE_CONNECTION_ESTABLISHED l=1).mark_down
2026-03-09T17:20:35.978 INFO:teuthology.orchestra.run.vm00.stdout:/usr/bin/ceph: stderr
2026-03-09T17:20:35.815+0000 7f782da41640 1 --2- 192.168.123.100:0/2124464437 >> [v2:192.168.123.100:3300/0,v1:192.168.123.100:6789/0] conn(0x7f7828108b70 0x7f7828108f70 secure :-1 s=READY pgs=47 cs=0 l=1 rev1=1 crypto rx=0x7f781c009920 tx=0x7f781c02ef20 comp rx=0 tx=0).stop
2026-03-09T17:20:35.978 INFO:teuthology.orchestra.run.vm00.stdout:/usr/bin/ceph: stderr
2026-03-09T17:20:35.815+0000 7f782da41640 1 -- 192.168.123.100:0/2124464437 shutdown_connections
2026-03-09T17:20:35.978 INFO:teuthology.orchestra.run.vm00.stdout:/usr/bin/ceph: stderr
2026-03-09T17:20:35.815+0000 7f782da41640 1 --2- 192.168.123.100:0/2124464437 >> [v2:192.168.123.100:3300/0,v1:192.168.123.100:6789/0] conn(0x7f7828108b70 0x7f7828108f70 unknown :-1 s=CLOSED pgs=47 cs=0 l=1 rev1=1 crypto rx=0 tx=0 comp rx=0 tx=0).stop
2026-03-09T17:20:35.978 INFO:teuthology.orchestra.run.vm00.stdout:/usr/bin/ceph: stderr
2026-03-09T17:20:35.815+0000 7f782da41640 1 -- 192.168.123.100:0/2124464437 >> 192.168.123.100:0/2124464437 conn(0x7f782807c040 msgr2=0x7f782807c450 unknown :-1 s=STATE_NONE l=0).mark_down
2026-03-09T17:20:35.978 INFO:teuthology.orchestra.run.vm00.stdout:/usr/bin/ceph: stderr
2026-03-09T17:20:35.815+0000 7f782da41640 1 -- 192.168.123.100:0/2124464437 shutdown_connections
2026-03-09T17:20:35.978 INFO:teuthology.orchestra.run.vm00.stdout:/usr/bin/ceph: stderr
2026-03-09T17:20:35.815+0000 7f782da41640 1 -- 192.168.123.100:0/2124464437 wait complete.
2026-03-09T17:20:35.978 INFO:teuthology.orchestra.run.vm00.stdout:/usr/bin/ceph: stderr
2026-03-09T17:20:35.815+0000 7f782da41640 1 Processor -- start
2026-03-09T17:20:35.978 INFO:teuthology.orchestra.run.vm00.stdout:/usr/bin/ceph: stderr
2026-03-09T17:20:35.819+0000 7f782da41640 1 -- start start
2026-03-09T17:20:35.978 INFO:teuthology.orchestra.run.vm00.stdout:/usr/bin/ceph: stderr
2026-03-09T17:20:35.819+0000 7f782da41640 1 --2- >> [v2:192.168.123.100:3300/0,v1:192.168.123.100:6789/0] conn(0x7f7828108b70 0x7f782819e9a0 unknown :-1 s=NONE pgs=0 cs=0 l=1 rev1=0 crypto rx=0 tx=0 comp rx=0 tx=0).connect
2026-03-09T17:20:35.978 INFO:teuthology.orchestra.run.vm00.stdout:/usr/bin/ceph: stderr
2026-03-09T17:20:35.819+0000 7f782da41640 1 -- --> [v2:192.168.123.100:3300/0,v1:192.168.123.100:6789/0] -- mon_getmap magic: 0 -- 0x7f782810cfa0 con 0x7f7828108b70
2026-03-09T17:20:35.978 INFO:teuthology.orchestra.run.vm00.stdout:/usr/bin/ceph: stderr
2026-03-09T17:20:35.819+0000 7f7826ffd640 1 --2- >> [v2:192.168.123.100:3300/0,v1:192.168.123.100:6789/0] conn(0x7f7828108b70 0x7f782819e9a0 unknown :-1 s=BANNER_CONNECTING pgs=0 cs=0 l=1 rev1=0 crypto rx=0 tx=0 comp rx=0 tx=0)._handle_peer_banner_payload supported=3 required=0
2026-03-09T17:20:35.978 INFO:teuthology.orchestra.run.vm00.stdout:/usr/bin/ceph: stderr
2026-03-09T17:20:35.819+0000 7f7826ffd640 1 --2- >> [v2:192.168.123.100:3300/0,v1:192.168.123.100:6789/0] conn(0x7f7828108b70 0x7f782819e9a0 unknown :-1 s=HELLO_CONNECTING pgs=0 cs=0 l=1 rev1=1 crypto rx=0 tx=0 comp rx=0 tx=0).handle_hello peer v2:192.168.123.100:3300/0 says I am v2:192.168.123.100:36372/0 (socket says 192.168.123.100:36372)
2026-03-09T17:20:35.978 INFO:teuthology.orchestra.run.vm00.stdout:/usr/bin/ceph: stderr
2026-03-09T17:20:35.819+0000 7f7826ffd640 1 -- 192.168.123.100:0/213924442 learned_addr learned my addr 192.168.123.100:0/213924442 (peer_addr_for_me v2:192.168.123.100:0/0)
2026-03-09T17:20:35.978 INFO:teuthology.orchestra.run.vm00.stdout:/usr/bin/ceph: stderr
2026-03-09T17:20:35.819+0000 7f7826ffd640 1 -- 192.168.123.100:0/213924442 --> [v2:192.168.123.100:3300/0,v1:192.168.123.100:6789/0] -- mon_subscribe({config=0+,monmap=0+}) -- 0x7f782819eee0 con 0x7f7828108b70
2026-03-09T17:20:35.978 INFO:teuthology.orchestra.run.vm00.stdout:/usr/bin/ceph: stderr
2026-03-09T17:20:35.819+0000 7f7826ffd640 1 --2- 192.168.123.100:0/213924442 >> [v2:192.168.123.100:3300/0,v1:192.168.123.100:6789/0] conn(0x7f7828108b70 0x7f782819e9a0 secure :-1 s=READY pgs=48 cs=0 l=1 rev1=1 crypto rx=0x7f781c009a50 tx=0x7f781c035d70 comp rx=0 tx=0).ready entity=mon.0 client_cookie=0 server_cookie=0 in_seq=0 out_seq=0
2026-03-09T17:20:35.978 INFO:teuthology.orchestra.run.vm00.stdout:/usr/bin/ceph: stderr
2026-03-09T17:20:35.819+0000 7f782ca3f640 1 -- 192.168.123.100:0/213924442 <== mon.0 v2:192.168.123.100:3300/0 1 ==== mon_map magic: 0 ==== 205+0+0 (secure 0 0 0) 0x7f781c03c030 con 0x7f7828108b70
2026-03-09T17:20:35.978 INFO:teuthology.orchestra.run.vm00.stdout:/usr/bin/ceph: stderr
2026-03-09T17:20:35.819+0000 7f782da41640 1 -- 192.168.123.100:0/213924442 --> [v2:192.168.123.100:3300/0,v1:192.168.123.100:6789/0] -- mon_subscribe({mgrmap=0+}) -- 0x7f782819f170 con 0x7f7828108b70
2026-03-09T17:20:35.978 INFO:teuthology.orchestra.run.vm00.stdout:/usr/bin/ceph: stderr
2026-03-09T17:20:35.819+0000 7f782da41640 1 -- 192.168.123.100:0/213924442 --> [v2:192.168.123.100:3300/0,v1:192.168.123.100:6789/0] -- mon_subscribe({osdmap=0}) -- 0x7f78281a1e60 con 0x7f7828108b70
2026-03-09T17:20:35.978 INFO:teuthology.orchestra.run.vm00.stdout:/usr/bin/ceph: stderr
2026-03-09T17:20:35.819+0000 7f782ca3f640 1 -- 192.168.123.100:0/213924442 <== mon.0 v2:192.168.123.100:3300/0 2 ==== config(25 keys) ==== 998+0+0 (secure 0 0 0) 0x7f781c03e070 con 0x7f7828108b70
2026-03-09T17:20:35.978 INFO:teuthology.orchestra.run.vm00.stdout:/usr/bin/ceph: stderr
2026-03-09T17:20:35.819+0000 7f782ca3f640 1 -- 192.168.123.100:0/213924442 <== mon.0 v2:192.168.123.100:3300/0 3 ==== mon_map magic: 0 ==== 205+0+0 (secure 0 0 0) 0x7f781c0429f0 con 0x7f7828108b70
2026-03-09T17:20:35.978 INFO:teuthology.orchestra.run.vm00.stdout:/usr/bin/ceph: stderr
2026-03-09T17:20:35.819+0000 7f782ca3f640 1 -- 192.168.123.100:0/213924442 <== mon.0 v2:192.168.123.100:3300/0 4 ==== mgrmap(e 8) ==== 50212+0+0 (secure 0 0 0) 0x7f781c042c60 con 0x7f7828108b70
2026-03-09T17:20:35.978 INFO:teuthology.orchestra.run.vm00.stdout:/usr/bin/ceph: stderr
2026-03-09T17:20:35.819+0000 7f782ca3f640 1 --2- 192.168.123.100:0/213924442 >> v2:192.168.123.100:6800/1655006894 conn(0x7f77f803dc00 0x7f77f80400c0 unknown :-1 s=NONE pgs=0 cs=0 l=1 rev1=0 crypto rx=0 tx=0 comp rx=0 tx=0).connect
2026-03-09T17:20:35.978 INFO:teuthology.orchestra.run.vm00.stdout:/usr/bin/ceph: stderr
2026-03-09T17:20:35.819+0000 7f78267fc640 1 --2- 192.168.123.100:0/213924442 >> v2:192.168.123.100:6800/1655006894 conn(0x7f77f803dc00 0x7f77f80400c0 unknown :-1 s=BANNER_CONNECTING pgs=0 cs=0 l=1 rev1=0 crypto rx=0 tx=0 comp rx=0 tx=0)._handle_peer_banner_payload supported=3 required=0
2026-03-09T17:20:35.978 INFO:teuthology.orchestra.run.vm00.stdout:/usr/bin/ceph: stderr
2026-03-09T17:20:35.819+0000 7f78267fc640 1 --2- 192.168.123.100:0/213924442 >> v2:192.168.123.100:6800/1655006894 conn(0x7f77f803dc00 0x7f77f80400c0 secure :-1 s=READY pgs=13 cs=0 l=1 rev1=1 crypto rx=0x7f7810009a10 tx=0x7f7810006eb0 comp rx=0 tx=0).ready entity=mgr.14118 client_cookie=0 server_cookie=0 in_seq=0 out_seq=0
2026-03-09T17:20:35.978 INFO:teuthology.orchestra.run.vm00.stdout:/usr/bin/ceph: stderr
2026-03-09T17:20:35.819+0000 7f782ca3f640 1 -- 192.168.123.100:0/213924442 <== mon.0 v2:192.168.123.100:3300/0 5 ==== osd_map(2..2 src has 1..2) ==== 897+0+0 (secure 0 0 0) 0x7f781c03d070 con 0x7f7828108b70
2026-03-09T17:20:35.978 INFO:teuthology.orchestra.run.vm00.stdout:/usr/bin/ceph: stderr
2026-03-09T17:20:35.819+0000 7f782da41640 1 -- 192.168.123.100:0/213924442 --> [v2:192.168.123.100:3300/0,v1:192.168.123.100:6789/0] -- mon_command({"prefix": "get_command_descriptions"} v 0) -- 0x7f7828108ff0 con 0x7f7828108b70
2026-03-09T17:20:35.979 INFO:teuthology.orchestra.run.vm00.stdout:/usr/bin/ceph: stderr
2026-03-09T17:20:35.823+0000 7f782ca3f640 1 -- 192.168.123.100:0/213924442 <== mon.0 v2:192.168.123.100:3300/0 6 ==== mon_command_ack([{"prefix": "get_command_descriptions"}]=0 v0) ==== 72+0+195034 (secure 0 0 0) 0x7f781c03c1d0 con 0x7f7828108b70
2026-03-09T17:20:35.979 INFO:teuthology.orchestra.run.vm00.stdout:/usr/bin/ceph: stderr
2026-03-09T17:20:35.927+0000 7f782da41640 1 -- 192.168.123.100:0/213924442 --> v2:192.168.123.100:6800/1655006894 -- mgr_command(tid 0: {"prefix": "orch apply", "service_type": "mgr", "unmanaged": true, "target": ["mon-mgr", ""]}) -- 0x7f7828106660 con 0x7f77f803dc00
2026-03-09T17:20:35.979 INFO:teuthology.orchestra.run.vm00.stdout:/usr/bin/ceph: stderr
2026-03-09T17:20:35.935+0000 7f782ca3f640 1 -- 192.168.123.100:0/213924442 <== mgr.14118 v2:192.168.123.100:6800/1655006894 1 ==== mgr_command_reply(tid 0: 0 ) ==== 8+0+24 (secure 0 0 0) 0x7f7828106660 con 0x7f77f803dc00
2026-03-09T17:20:35.979 INFO:teuthology.orchestra.run.vm00.stdout:/usr/bin/ceph: stderr
2026-03-09T17:20:35.935+0000 7f782da41640 1 -- 192.168.123.100:0/213924442 >> v2:192.168.123.100:6800/1655006894 conn(0x7f77f803dc00 msgr2=0x7f77f80400c0 secure :-1 s=STATE_CONNECTION_ESTABLISHED l=1).mark_down
2026-03-09T17:20:35.979 INFO:teuthology.orchestra.run.vm00.stdout:/usr/bin/ceph: stderr
2026-03-09T17:20:35.935+0000 7f782da41640 1 --2- 192.168.123.100:0/213924442 >> v2:192.168.123.100:6800/1655006894 conn(0x7f77f803dc00 0x7f77f80400c0 secure :-1 s=READY pgs=13 cs=0 l=1 rev1=1 crypto rx=0x7f7810009a10 tx=0x7f7810006eb0 comp rx=0 tx=0).stop
2026-03-09T17:20:35.979 INFO:teuthology.orchestra.run.vm00.stdout:/usr/bin/ceph: stderr
2026-03-09T17:20:35.935+0000 7f782da41640 1 -- 192.168.123.100:0/213924442 >> [v2:192.168.123.100:3300/0,v1:192.168.123.100:6789/0] conn(0x7f7828108b70 msgr2=0x7f782819e9a0 secure :-1 s=STATE_CONNECTION_ESTABLISHED l=1).mark_down
2026-03-09T17:20:35.979 INFO:teuthology.orchestra.run.vm00.stdout:/usr/bin/ceph: stderr
2026-03-09T17:20:35.935+0000 7f782da41640 1 --2- 192.168.123.100:0/213924442 >> [v2:192.168.123.100:3300/0,v1:192.168.123.100:6789/0] conn(0x7f7828108b70 0x7f782819e9a0 secure :-1 s=READY pgs=48 cs=0 l=1 rev1=1 crypto rx=0x7f781c009a50 tx=0x7f781c035d70 comp rx=0 tx=0).stop
2026-03-09T17:20:35.979 INFO:teuthology.orchestra.run.vm00.stdout:/usr/bin/ceph: stderr
2026-03-09T17:20:35.935+0000 7f782da41640 1 -- 192.168.123.100:0/213924442 shutdown_connections
2026-03-09T17:20:35.979 INFO:teuthology.orchestra.run.vm00.stdout:/usr/bin/ceph: stderr
2026-03-09T17:20:35.935+0000 7f782da41640 1 --2- 192.168.123.100:0/213924442 >> v2:192.168.123.100:6800/1655006894 conn(0x7f77f803dc00 0x7f77f80400c0 unknown :-1 s=CLOSED pgs=13 cs=0 l=1 rev1=1 crypto rx=0 tx=0 comp rx=0 tx=0).stop
2026-03-09T17:20:35.979 INFO:teuthology.orchestra.run.vm00.stdout:/usr/bin/ceph: stderr
2026-03-09T17:20:35.935+0000 7f782da41640 1 --2- 192.168.123.100:0/213924442 >> [v2:192.168.123.100:3300/0,v1:192.168.123.100:6789/0] conn(0x7f7828108b70 0x7f782819e9a0 unknown :-1 s=CLOSED pgs=48 cs=0 l=1 rev1=1 crypto rx=0 tx=0 comp rx=0 tx=0).stop
2026-03-09T17:20:35.979 INFO:teuthology.orchestra.run.vm00.stdout:/usr/bin/ceph: stderr
2026-03-09T17:20:35.935+0000 7f782da41640 1 -- 192.168.123.100:0/213924442 >> 192.168.123.100:0/213924442 conn(0x7f782807c040 msgr2=0x7f7828105f50 unknown :-1 s=STATE_NONE l=0).mark_down
2026-03-09T17:20:35.979 INFO:teuthology.orchestra.run.vm00.stdout:/usr/bin/ceph: stderr
2026-03-09T17:20:35.935+0000 7f782da41640 1 -- 192.168.123.100:0/213924442 shutdown_connections
2026-03-09T17:20:35.979 INFO:teuthology.orchestra.run.vm00.stdout:/usr/bin/ceph: stderr
2026-03-09T17:20:35.935+0000 7f782da41640 1 -- 192.168.123.100:0/213924442 wait complete.
2026-03-09T17:20:36.239 INFO:teuthology.orchestra.run.vm00.stdout:/usr/bin/ceph: stderr
2026-03-09T17:20:36.091+0000 7f4b0ca32640 1 Processor -- start
2026-03-09T17:20:36.239 INFO:teuthology.orchestra.run.vm00.stdout:/usr/bin/ceph: stderr
2026-03-09T17:20:36.091+0000 7f4b0ca32640 1 -- start start
2026-03-09T17:20:36.239 INFO:teuthology.orchestra.run.vm00.stdout:/usr/bin/ceph: stderr
2026-03-09T17:20:36.091+0000 7f4b0ca32640 1 --2- >> [v2:192.168.123.100:3300/0,v1:192.168.123.100:6789/0] conn(0x7f4b08105120 0x7f4b08107530 unknown :-1 s=NONE pgs=0 cs=0 l=0 rev1=0 crypto rx=0 tx=0 comp rx=0 tx=0).connect
2026-03-09T17:20:36.239 INFO:teuthology.orchestra.run.vm00.stdout:/usr/bin/ceph: stderr
2026-03-09T17:20:36.091+0000 7f4b0ca32640 1 -- --> [v2:192.168.123.100:3300/0,v1:192.168.123.100:6789/0] -- mon_getmap magic: 0 -- 0x7f4b0807a760 con 0x7f4b08105120
2026-03-09T17:20:36.239 INFO:teuthology.orchestra.run.vm00.stdout:/usr/bin/ceph: stderr
2026-03-09T17:20:36.091+0000 7f4b06575640 1 --2- >> [v2:192.168.123.100:3300/0,v1:192.168.123.100:6789/0] conn(0x7f4b08105120 0x7f4b08107530 unknown :-1 s=BANNER_CONNECTING pgs=0 cs=0 l=0 rev1=0 crypto rx=0 tx=0 comp rx=0 tx=0)._handle_peer_banner_payload supported=3 required=0
2026-03-09T17:20:36.239 INFO:teuthology.orchestra.run.vm00.stdout:/usr/bin/ceph: stderr
2026-03-09T17:20:36.091+0000 7f4b06575640 1 --2- >> [v2:192.168.123.100:3300/0,v1:192.168.123.100:6789/0] conn(0x7f4b08105120 0x7f4b08107530 unknown :-1 s=HELLO_CONNECTING pgs=0 cs=0 l=0 rev1=1 crypto rx=0 tx=0 comp rx=0 tx=0).handle_hello peer v2:192.168.123.100:3300/0 says I am v2:192.168.123.100:36376/0 (socket says 192.168.123.100:36376)
2026-03-09T17:20:36.239 INFO:teuthology.orchestra.run.vm00.stdout:/usr/bin/ceph: stderr
2026-03-09T17:20:36.091+0000 7f4b06575640 1 -- 192.168.123.100:0/1416270005 learned_addr learned my addr 192.168.123.100:0/1416270005 (peer_addr_for_me v2:192.168.123.100:0/0)
2026-03-09T17:20:36.239 INFO:teuthology.orchestra.run.vm00.stdout:/usr/bin/ceph: stderr
2026-03-09T17:20:36.091+0000 7f4b06575640 1 -- 192.168.123.100:0/1416270005 --> [v2:192.168.123.100:3300/0,v1:192.168.123.100:6789/0] -- mon_subscribe({config=0+,monmap=0+}) -- 0x7f4b08107a70 con 0x7f4b08105120
2026-03-09T17:20:36.239 INFO:teuthology.orchestra.run.vm00.stdout:/usr/bin/ceph: stderr
2026-03-09T17:20:36.095+0000 7f4b06575640 1 --2- 192.168.123.100:0/1416270005 >> [v2:192.168.123.100:3300/0,v1:192.168.123.100:6789/0] conn(0x7f4b08105120 0x7f4b08107530 secure :-1 s=READY pgs=49 cs=0 l=1 rev1=1 crypto rx=0x7f4afc009920 tx=0x7f4afc02ef20 comp rx=0 tx=0).ready entity=mon.0 client_cookie=9fe80491736a3620 server_cookie=0 in_seq=0 out_seq=0
2026-03-09T17:20:36.239 INFO:teuthology.orchestra.run.vm00.stdout:/usr/bin/ceph: stderr
2026-03-09T17:20:36.095+0000 7f4b05573640 1 -- 192.168.123.100:0/1416270005 <== mon.0 v2:192.168.123.100:3300/0 1 ==== mon_map magic: 0 ==== 205+0+0 (secure 0 0 0) 0x7f4afc03c070 con 0x7f4b08105120
2026-03-09T17:20:36.239 INFO:teuthology.orchestra.run.vm00.stdout:/usr/bin/ceph: stderr
2026-03-09T17:20:36.095+0000 7f4b05573640 1 -- 192.168.123.100:0/1416270005 <== mon.0 v2:192.168.123.100:3300/0 2 ==== config(25 keys) ==== 998+0+0 (secure 0 0 0) 0x7f4afc037440 con 0x7f4b08105120
2026-03-09T17:20:36.239 INFO:teuthology.orchestra.run.vm00.stdout:/usr/bin/ceph: stderr
2026-03-09T17:20:36.095+0000 7f4b0ca32640 1 -- 192.168.123.100:0/1416270005 >> [v2:192.168.123.100:3300/0,v1:192.168.123.100:6789/0] conn(0x7f4b08105120 msgr2=0x7f4b08107530 secure :-1 s=STATE_CONNECTION_ESTABLISHED l=1).mark_down
2026-03-09T17:20:36.239 INFO:teuthology.orchestra.run.vm00.stdout:/usr/bin/ceph: stderr
2026-03-09T17:20:36.095+0000 7f4b0ca32640 1 --2- 192.168.123.100:0/1416270005 >> [v2:192.168.123.100:3300/0,v1:192.168.123.100:6789/0] conn(0x7f4b08105120 0x7f4b08107530 secure :-1 s=READY pgs=49 cs=0 l=1 rev1=1 crypto rx=0x7f4afc009920 tx=0x7f4afc02ef20 comp rx=0 tx=0).stop
2026-03-09T17:20:36.239 INFO:teuthology.orchestra.run.vm00.stdout:/usr/bin/ceph: stderr
2026-03-09T17:20:36.095+0000 7f4b0ca32640 1 -- 192.168.123.100:0/1416270005 shutdown_connections
2026-03-09T17:20:36.239 INFO:teuthology.orchestra.run.vm00.stdout:/usr/bin/ceph: stderr
2026-03-09T17:20:36.095+0000 7f4b0ca32640 1 --2- 192.168.123.100:0/1416270005 >> [v2:192.168.123.100:3300/0,v1:192.168.123.100:6789/0] conn(0x7f4b08105120 0x7f4b08107530 unknown :-1 s=CLOSED pgs=49 cs=0 l=1 rev1=1 crypto rx=0 tx=0 comp rx=0 tx=0).stop
2026-03-09T17:20:36.239 INFO:teuthology.orchestra.run.vm00.stdout:/usr/bin/ceph: stderr
2026-03-09T17:20:36.095+0000 7f4b0ca32640 1 -- 192.168.123.100:0/1416270005 >> 192.168.123.100:0/1416270005 conn(0x7f4b08100f90 msgr2=0x7f4b081033b0 unknown :-1 s=STATE_NONE l=0).mark_down
2026-03-09T17:20:36.239 INFO:teuthology.orchestra.run.vm00.stdout:/usr/bin/ceph: stderr
2026-03-09T17:20:36.095+0000 7f4b0ca32640 1 -- 192.168.123.100:0/1416270005 shutdown_connections
2026-03-09T17:20:36.239 INFO:teuthology.orchestra.run.vm00.stdout:/usr/bin/ceph: stderr
2026-03-09T17:20:36.095+0000 7f4b0ca32640 1 -- 192.168.123.100:0/1416270005 wait complete.
2026-03-09T17:20:36.239 INFO:teuthology.orchestra.run.vm00.stdout:/usr/bin/ceph: stderr
2026-03-09T17:20:36.095+0000 7f4b0ca32640 1 Processor -- start
2026-03-09T17:20:36.239 INFO:teuthology.orchestra.run.vm00.stdout:/usr/bin/ceph: stderr
2026-03-09T17:20:36.095+0000 7f4b0ca32640 1 -- start start
2026-03-09T17:20:36.239 INFO:teuthology.orchestra.run.vm00.stdout:/usr/bin/ceph: stderr
2026-03-09T17:20:36.095+0000 7f4b0ca32640 1 --2- >> [v2:192.168.123.100:3300/0,v1:192.168.123.100:6789/0] conn(0x7f4b08105120 0x7f4b081a2f20 unknown :-1 s=NONE pgs=0 cs=0 l=1 rev1=0 crypto rx=0 tx=0 comp rx=0 tx=0).connect
2026-03-09T17:20:36.239 INFO:teuthology.orchestra.run.vm00.stdout:/usr/bin/ceph: stderr
2026-03-09T17:20:36.095+0000 7f4b0ca32640 1 -- --> [v2:192.168.123.100:3300/0,v1:192.168.123.100:6789/0] -- mon_getmap magic: 0 -- 0x7f4b081089b0 con 0x7f4b08105120
2026-03-09T17:20:36.239 INFO:teuthology.orchestra.run.vm00.stdout:/usr/bin/ceph: stderr
2026-03-09T17:20:36.095+0000 7f4b06575640 1 --2- >> [v2:192.168.123.100:3300/0,v1:192.168.123.100:6789/0] conn(0x7f4b08105120 0x7f4b081a2f20 unknown :-1 s=BANNER_CONNECTING pgs=0 cs=0 l=1 rev1=0 crypto rx=0 tx=0 comp rx=0 tx=0)._handle_peer_banner_payload supported=3 required=0
2026-03-09T17:20:36.239 INFO:teuthology.orchestra.run.vm00.stdout:/usr/bin/ceph: stderr
2026-03-09T17:20:36.095+0000 7f4b06575640 1 --2- >> [v2:192.168.123.100:3300/0,v1:192.168.123.100:6789/0] conn(0x7f4b08105120 0x7f4b081a2f20 unknown :-1 s=HELLO_CONNECTING pgs=0 cs=0 l=1 rev1=1 crypto rx=0 tx=0 comp rx=0 tx=0).handle_hello peer v2:192.168.123.100:3300/0 says I am v2:192.168.123.100:36378/0 (socket says 192.168.123.100:36378)
2026-03-09T17:20:36.239 INFO:teuthology.orchestra.run.vm00.stdout:/usr/bin/ceph: stderr
2026-03-09T17:20:36.095+0000 7f4b06575640 1 -- 192.168.123.100:0/2526236106 learned_addr learned my addr 192.168.123.100:0/2526236106 (peer_addr_for_me v2:192.168.123.100:0/0)
2026-03-09T17:20:36.239 INFO:teuthology.orchestra.run.vm00.stdout:/usr/bin/ceph: stderr
2026-03-09T17:20:36.095+0000 7f4b06575640 1 -- 192.168.123.100:0/2526236106 --> [v2:192.168.123.100:3300/0,v1:192.168.123.100:6789/0] -- mon_subscribe({config=0+,monmap=0+}) -- 0x7f4b081a3460 con 0x7f4b08105120
2026-03-09T17:20:36.239 INFO:teuthology.orchestra.run.vm00.stdout:/usr/bin/ceph: stderr
2026-03-09T17:20:36.095+0000 7f4b06575640 1 --2- 192.168.123.100:0/2526236106 >> [v2:192.168.123.100:3300/0,v1:192.168.123.100:6789/0] conn(0x7f4b08105120 0x7f4b081a2f20 secure :-1 s=READY pgs=50 cs=0 l=1 rev1=1 crypto rx=0x7f4afc035ed0 tx=0x7f4afc035f00 comp rx=0 tx=0).ready entity=mon.0 client_cookie=0 server_cookie=0 in_seq=0 out_seq=0
2026-03-09T17:20:36.239 INFO:teuthology.orchestra.run.vm00.stdout:/usr/bin/ceph: stderr
2026-03-09T17:20:36.095+0000 7f4af77fe640 1 -- 192.168.123.100:0/2526236106 <== mon.0 v2:192.168.123.100:3300/0 1 ==== mon_map magic: 0 ==== 205+0+0 (secure 0 0 0) 0x7f4afc045070 con 0x7f4b08105120
2026-03-09T17:20:36.239 INFO:teuthology.orchestra.run.vm00.stdout:/usr/bin/ceph: stderr
2026-03-09T17:20:36.095+0000 7f4af77fe640 1 -- 192.168.123.100:0/2526236106 <== mon.0 v2:192.168.123.100:3300/0 2 ==== config(25 keys) ==== 998+0+0 (secure 0 0 0) 0x7f4afc037ca0 con 0x7f4b08105120
2026-03-09T17:20:36.239 INFO:teuthology.orchestra.run.vm00.stdout:/usr/bin/ceph: stderr
2026-03-09T17:20:36.095+0000 7f4af77fe640 1 -- 192.168.123.100:0/2526236106 <== mon.0 v2:192.168.123.100:3300/0 3 ==== mon_map magic: 0 ==== 205+0+0 (secure 0 0 0) 0x7f4afc03c070 con 0x7f4b08105120
2026-03-09T17:20:36.239 INFO:teuthology.orchestra.run.vm00.stdout:/usr/bin/ceph: stderr
2026-03-09T17:20:36.095+0000 7f4b0ca32640 1 -- 192.168.123.100:0/2526236106 --> [v2:192.168.123.100:3300/0,v1:192.168.123.100:6789/0] -- mon_subscribe({mgrmap=0+}) -- 0x7f4b081a36f0 con 0x7f4b08105120
2026-03-09T17:20:36.239 INFO:teuthology.orchestra.run.vm00.stdout:/usr/bin/ceph: stderr
2026-03-09T17:20:36.095+0000 7f4b0ca32640 1 -- 192.168.123.100:0/2526236106 --> [v2:192.168.123.100:3300/0,v1:192.168.123.100:6789/0] -- mon_subscribe({osdmap=0}) -- 0x7f4b081a63e0 con 0x7f4b08105120
2026-03-09T17:20:36.239 INFO:teuthology.orchestra.run.vm00.stdout:/usr/bin/ceph: stderr
2026-03-09T17:20:36.095+0000 7f4af77fe640 1 -- 192.168.123.100:0/2526236106 <== mon.0 v2:192.168.123.100:3300/0 4 ==== mgrmap(e 8) ==== 50212+0+0 (secure 0 0 0) 0x7f4afc037850 con 0x7f4b08105120
2026-03-09T17:20:36.239 INFO:teuthology.orchestra.run.vm00.stdout:/usr/bin/ceph: stderr
2026-03-09T17:20:36.095+0000 7f4b0ca32640 1 -- 192.168.123.100:0/2526236106 --> [v2:192.168.123.100:3300/0,v1:192.168.123.100:6789/0] -- mon_command({"prefix": "get_command_descriptions"} v 0) -- 0x7f4b08105520 con 0x7f4b08105120
2026-03-09T17:20:36.239 INFO:teuthology.orchestra.run.vm00.stdout:/usr/bin/ceph: stderr
2026-03-09T17:20:36.099+0000 7f4af77fe640 1 --2- 192.168.123.100:0/2526236106 >> v2:192.168.123.100:6800/1655006894 conn(0x7f4ae003d7f0 0x7f4ae003fcb0 unknown :-1 s=NONE pgs=0 cs=0 l=1 rev1=0 crypto rx=0 tx=0 comp rx=0 tx=0).connect
2026-03-09T17:20:36.239 INFO:teuthology.orchestra.run.vm00.stdout:/usr/bin/ceph: stderr
2026-03-09T17:20:36.099+0000 7f4af77fe640 1 -- 192.168.123.100:0/2526236106 <== mon.0 v2:192.168.123.100:3300/0 5 ==== osd_map(2..2 src has 1..2) ==== 897+0+0 (secure 0 0 0) 0x7f4afc076670 con 0x7f4b08105120
2026-03-09T17:20:36.239 INFO:teuthology.orchestra.run.vm00.stdout:/usr/bin/ceph: stderr
2026-03-09T17:20:36.099+0000 7f4b05d74640 1 --2- 192.168.123.100:0/2526236106 >> v2:192.168.123.100:6800/1655006894 conn(0x7f4ae003d7f0 0x7f4ae003fcb0 unknown :-1 s=BANNER_CONNECTING pgs=0 cs=0 l=1 rev1=0 crypto rx=0 tx=0 comp rx=0 tx=0)._handle_peer_banner_payload supported=3 required=0
2026-03-09T17:20:36.239 INFO:teuthology.orchestra.run.vm00.stdout:/usr/bin/ceph: stderr
