2026-03-09T17:20:28.355+0000 7fb053460640 1 --2- 192.168.123.100:0/2182048535 >> [v2:192.168.123.100:3300/0,v1:192.168.123.100:6789/0] conn(0x7fb04c074510 0x7fb04c074910 secure :-1 s=READY pgs=26 cs=0 l=1 rev1=1 crypto rx=0x7fb048009de0 tx=0x7fb048031240 comp rx=0 tx=0).stop
2026-03-09T17:20:32.095 INFO:teuthology.orchestra.run.vm00.stdout:/usr/bin/ceph: stderr
2026-03-09T17:20:28.355+0000 7fb053460640 1 -- 192.168.123.100:0/2182048535 shutdown_connections
2026-03-09T17:20:32.095 INFO:teuthology.orchestra.run.vm00.stdout:/usr/bin/ceph: stderr
2026-03-09T17:20:28.355+0000 7fb053460640 1 --2- 192.168.123.100:0/2182048535 >> [v2:192.168.123.100:3300/0,v1:192.168.123.100:6789/0] conn(0x7fb04c074510 0x7fb04c074910 unknown :-1 s=CLOSED pgs=26 cs=0 l=1 rev1=1 crypto rx=0 tx=0 comp rx=0 tx=0).stop
2026-03-09T17:20:32.095 INFO:teuthology.orchestra.run.vm00.stdout:/usr/bin/ceph: stderr
2026-03-09T17:20:28.355+0000 7fb053460640 1 -- 192.168.123.100:0/2182048535 >> 192.168.123.100:0/2182048535 conn(0x7fb04c06fe30 msgr2=0x7fb04c0722b0 unknown :-1 s=STATE_NONE l=0).mark_down
2026-03-09T17:20:32.095 INFO:teuthology.orchestra.run.vm00.stdout:/usr/bin/ceph: stderr
2026-03-09T17:20:28.355+0000 7fb053460640 1 -- 192.168.123.100:0/2182048535 shutdown_connections
2026-03-09T17:20:32.095 INFO:teuthology.orchestra.run.vm00.stdout:/usr/bin/ceph: stderr
2026-03-09T17:20:28.355+0000 7fb053460640 1 -- 192.168.123.100:0/2182048535 wait complete.
2026-03-09T17:20:32.095 INFO:teuthology.orchestra.run.vm00.stdout:/usr/bin/ceph: stderr
2026-03-09T17:20:28.355+0000 7fb053460640 1 Processor -- start
2026-03-09T17:20:32.095 INFO:teuthology.orchestra.run.vm00.stdout:/usr/bin/ceph: stderr
2026-03-09T17:20:28.355+0000 7fb053460640 1 -- start start
2026-03-09T17:20:32.095 INFO:teuthology.orchestra.run.vm00.stdout:/usr/bin/ceph: stderr
2026-03-09T17:20:28.355+0000 7fb053460640 1 --2- >> [v2:192.168.123.100:3300/0,v1:192.168.123.100:6789/0] conn(0x7fb04c086e90 0x7fb04c0872b0 unknown :-1 s=NONE pgs=0 cs=0 l=1 rev1=0 crypto rx=0 tx=0 comp rx=0 tx=0).connect
2026-03-09T17:20:32.095 INFO:teuthology.orchestra.run.vm00.stdout:/usr/bin/ceph: stderr
2026-03-09T17:20:28.355+0000 7fb053460640 1 -- --> [v2:192.168.123.100:3300/0,v1:192.168.123.100:6789/0] -- mon_getmap magic: 0 -- 0x7fb04c079cd0 con 0x7fb04c086e90
2026-03-09T17:20:32.095 INFO:teuthology.orchestra.run.vm00.stdout:/usr/bin/ceph: stderr
2026-03-09T17:20:28.355+0000 7fb05245e640 1 --2- >> [v2:192.168.123.100:3300/0,v1:192.168.123.100:6789/0] conn(0x7fb04c086e90 0x7fb04c0872b0 unknown :-1 s=BANNER_CONNECTING pgs=0 cs=0 l=1 rev1=0 crypto rx=0 tx=0 comp rx=0 tx=0)._handle_peer_banner_payload supported=3 required=0
2026-03-09T17:20:32.095 INFO:teuthology.orchestra.run.vm00.stdout:/usr/bin/ceph: stderr
2026-03-09T17:20:28.355+0000 7fb05245e640 1 --2- >> [v2:192.168.123.100:3300/0,v1:192.168.123.100:6789/0] conn(0x7fb04c086e90 0x7fb04c0872b0 unknown :-1 s=HELLO_CONNECTING pgs=0 cs=0 l=1 rev1=1 crypto rx=0 tx=0 comp rx=0 tx=0).handle_hello peer v2:192.168.123.100:3300/0 says I am v2:192.168.123.100:51580/0 (socket says 192.168.123.100:51580)
2026-03-09T17:20:32.095 INFO:teuthology.orchestra.run.vm00.stdout:/usr/bin/ceph: stderr
2026-03-09T17:20:28.355+0000 7fb05245e640 1 -- 192.168.123.100:0/95859338 learned_addr learned my addr 192.168.123.100:0/95859338 (peer_addr_for_me v2:192.168.123.100:0/0)
2026-03-09T17:20:32.095 INFO:teuthology.orchestra.run.vm00.stdout:/usr/bin/ceph: stderr
2026-03-09T17:20:28.355+0000 7fb05245e640 1 -- 192.168.123.100:0/95859338 --> [v2:192.168.123.100:3300/0,v1:192.168.123.100:6789/0] -- mon_subscribe({config=0+,monmap=0+}) -- 0x7fb04c0877f0 con 0x7fb04c086e90
2026-03-09T17:20:32.095 INFO:teuthology.orchestra.run.vm00.stdout:/usr/bin/ceph: stderr
2026-03-09T17:20:28.355+0000 7fb05245e640 1 --2- 192.168.123.100:0/95859338 >> [v2:192.168.123.100:3300/0,v1:192.168.123.100:6789/0] conn(0x7fb04c086e90 0x7fb04c0872b0 secure :-1 s=READY pgs=27 cs=0 l=1 rev1=1 crypto rx=0x7fb0480317f0 tx=0x7fb048003990 comp rx=0 tx=0).ready entity=mon.0 client_cookie=0 server_cookie=0 in_seq=0 out_seq=0
2026-03-09T17:20:32.095 INFO:teuthology.orchestra.run.vm00.stdout:/usr/bin/ceph: stderr
2026-03-09T17:20:28.355+0000 7fb0437fe640 1 -- 192.168.123.100:0/95859338 <== mon.0 v2:192.168.123.100:3300/0 1 ==== mon_map magic: 0 ==== 205+0+0 (secure 0 0 0) 0x7fb048046070 con 0x7fb04c086e90
2026-03-09T17:20:32.095 INFO:teuthology.orchestra.run.vm00.stdout:/usr/bin/ceph: stderr
2026-03-09T17:20:28.355+0000 7fb053460640 1 -- 192.168.123.100:0/95859338 --> [v2:192.168.123.100:3300/0,v1:192.168.123.100:6789/0] -- mon_subscribe({mgrmap=0+}) -- 0x7fb04c087a80 con 0x7fb04c086e90
2026-03-09T17:20:32.095 INFO:teuthology.orchestra.run.vm00.stdout:/usr/bin/ceph: stderr
2026-03-09T17:20:28.355+0000 7fb053460640 1 -- 192.168.123.100:0/95859338 --> [v2:192.168.123.100:3300/0,v1:192.168.123.100:6789/0] -- mon_subscribe({osdmap=0}) -- 0x7fb04c1bbce0 con 0x7fb04c086e90
2026-03-09T17:20:32.095 INFO:teuthology.orchestra.run.vm00.stdout:/usr/bin/ceph: stderr
2026-03-09T17:20:28.359+0000 7fb0437fe640 1 -- 192.168.123.100:0/95859338 <== mon.0 v2:192.168.123.100:3300/0 2 ==== config(25 keys) ==== 998+0+0 (secure 0 0 0) 0x7fb048039890 con 0x7fb04c086e90
2026-03-09T17:20:32.095 INFO:teuthology.orchestra.run.vm00.stdout:/usr/bin/ceph: stderr
2026-03-09T17:20:28.359+0000 7fb0437fe640 1 -- 192.168.123.100:0/95859338 <== mon.0 v2:192.168.123.100:3300/0 3 ==== mon_map magic: 0 ==== 205+0+0 (secure 0 0 0) 0x7fb04803e070 con 0x7fb04c086e90
2026-03-09T17:20:32.095 INFO:teuthology.orchestra.run.vm00.stdout:/usr/bin/ceph: stderr
2026-03-09T17:20:28.359+0000 7fb0437fe640 1 -- 192.168.123.100:0/95859338 <== mon.0 v2:192.168.123.100:3300/0 4 ==== mgrmap(e 5) ==== 50212+0+0 (secure 0 0 0) 0x7fb04800f030 con 0x7fb04c086e90
2026-03-09T17:20:32.095 INFO:teuthology.orchestra.run.vm00.stdout:/usr/bin/ceph: stderr
2026-03-09T17:20:28.359+0000 7fb0437fe640 1 --2- 192.168.123.100:0/95859338 >> v2:192.168.123.100:6800/2312331294 conn(0x7fb03803dc30 0x7fb0380400f0 unknown :-1 s=NONE pgs=0 cs=0 l=1 rev1=0 crypto rx=0 tx=0 comp rx=0 tx=0).connect
2026-03-09T17:20:32.095 INFO:teuthology.orchestra.run.vm00.stdout:/usr/bin/ceph: stderr
2026-03-09T17:20:28.359+0000 7fb051c5d640 1 -- 192.168.123.100:0/95859338 >> v2:192.168.123.100:6800/2312331294 conn(0x7fb03803dc30 msgr2=0x7fb0380400f0 unknown :-1 s=STATE_CONNECTING_RE l=1).process reconnect failed to v2:192.168.123.100:6800/2312331294
2026-03-09T17:20:32.095 INFO:teuthology.orchestra.run.vm00.stdout:/usr/bin/ceph: stderr
2026-03-09T17:20:28.359+0000 7fb051c5d640 1 --2- 192.168.123.100:0/95859338 >> v2:192.168.123.100:6800/2312331294 conn(0x7fb03803dc30 0x7fb0380400f0 unknown :-1 s=START_CONNECT pgs=0 cs=0 l=1 rev1=0 crypto rx=0 tx=0 comp rx=0 tx=0)._fault waiting 0.200000
2026-03-09T17:20:32.095 INFO:teuthology.orchestra.run.vm00.stdout:/usr/bin/ceph: stderr
2026-03-09T17:20:28.359+0000 7fb0437fe640 1 -- 192.168.123.100:0/95859338 <== mon.0 v2:192.168.123.100:3300/0 5 ==== osd_map(1..1 src has 1..1) ==== 725+0+0 (secure 0 0 0) 0x7fb048076ef0 con 0x7fb04c086e90
2026-03-09T17:20:32.095 INFO:teuthology.orchestra.run.vm00.stdout:/usr/bin/ceph: stderr
2026-03-09T17:20:28.359+0000 7fb053460640 1 -- 192.168.123.100:0/95859338 --> v2:192.168.123.100:6800/2312331294 -- command(tid 0: {"prefix": "get_command_descriptions"}) -- 0x7fb04c074510 con 0x7fb03803dc30
2026-03-09T17:20:32.095 INFO:teuthology.orchestra.run.vm00.stdout:/usr/bin/ceph: stderr
2026-03-09T17:20:28.559+0000 7fb051c5d640 1 -- 192.168.123.100:0/95859338 >> v2:192.168.123.100:6800/2312331294 conn(0x7fb03803dc30 msgr2=0x7fb0380400f0 unknown :-1 s=STATE_CONNECTING_RE l=1).process reconnect failed to v2:192.168.123.100:6800/2312331294
2026-03-09T17:20:32.095 INFO:teuthology.orchestra.run.vm00.stdout:/usr/bin/ceph: stderr
2026-03-09T17:20:28.559+0000 7fb051c5d640 1 --2- 192.168.123.100:0/95859338 >> v2:192.168.123.100:6800/2312331294 conn(0x7fb03803dc30 0x7fb0380400f0 unknown :-1 s=START_CONNECT pgs=0 cs=0 l=1 rev1=0 crypto rx=0 tx=0 comp rx=0 tx=0)._fault waiting 0.400000
2026-03-09T17:20:32.095 INFO:teuthology.orchestra.run.vm00.stdout:/usr/bin/ceph: stderr
2026-03-09T17:20:28.959+0000 7fb051c5d640 1 -- 192.168.123.100:0/95859338 >> v2:192.168.123.100:6800/2312331294 conn(0x7fb03803dc30 msgr2=0x7fb0380400f0 unknown :-1 s=STATE_CONNECTING_RE l=1).process reconnect failed to v2:192.168.123.100:6800/2312331294
2026-03-09T17:20:32.095 INFO:teuthology.orchestra.run.vm00.stdout:/usr/bin/ceph: stderr
2026-03-09T17:20:28.959+0000 7fb051c5d640 1 --2- 192.168.123.100:0/95859338 >> v2:192.168.123.100:6800/2312331294 conn(0x7fb03803dc30 0x7fb0380400f0 unknown :-1 s=START_CONNECT pgs=0 cs=0 l=1 rev1=0 crypto rx=0 tx=0 comp rx=0 tx=0)._fault waiting 0.800000
2026-03-09T17:20:32.095 INFO:teuthology.orchestra.run.vm00.stdout:/usr/bin/ceph: stderr
2026-03-09T17:20:29.759+0000 7fb051c5d640 1 -- 192.168.123.100:0/95859338 >> v2:192.168.123.100:6800/2312331294 conn(0x7fb03803dc30 msgr2=0x7fb0380400f0 unknown :-1 s=STATE_CONNECTING_RE l=1).process reconnect failed to v2:192.168.123.100:6800/2312331294
2026-03-09T17:20:32.095 INFO:teuthology.orchestra.run.vm00.stdout:/usr/bin/ceph: stderr
2026-03-09T17:20:29.759+0000 7fb051c5d640 1 --2- 192.168.123.100:0/95859338 >> v2:192.168.123.100:6800/2312331294 conn(0x7fb03803dc30 0x7fb0380400f0 unknown :-1 s=START_CONNECT pgs=0 cs=0 l=1 rev1=0 crypto rx=0 tx=0 comp rx=0 tx=0)._fault waiting 1.600000
2026-03-09T17:20:32.095 INFO:teuthology.orchestra.run.vm00.stdout:/usr/bin/ceph: stderr
2026-03-09T17:20:31.039+0000 7fb0437fe640 1 -- 192.168.123.100:0/95859338 <== mon.0 v2:192.168.123.100:3300/0 6 ==== mgrmap(e 6) ==== 50014+0+0 (secure 0 0 0) 0x7fb0480759b0 con 0x7fb04c086e90
2026-03-09T17:20:32.095 INFO:teuthology.orchestra.run.vm00.stdout:/usr/bin/ceph: stderr
2026-03-09T17:20:31.039+0000 7fb0437fe640 1 -- 192.168.123.100:0/95859338 >> v2:192.168.123.100:6800/2312331294 conn(0x7fb03803dc30 msgr2=0x7fb0380400f0 unknown :-1 s=STATE_CONNECTING l=1).mark_down
2026-03-09T17:20:32.095 INFO:teuthology.orchestra.run.vm00.stdout:/usr/bin/ceph: stderr
2026-03-09T17:20:31.039+0000 7fb0437fe640 1 --2- 192.168.123.100:0/95859338 >> v2:192.168.123.100:6800/2312331294 conn(0x7fb03803dc30 0x7fb0380400f0 unknown :-1 s=START_CONNECT pgs=0 cs=0 l=1 rev1=0 crypto rx=0 tx=0 comp rx=0 tx=0).stop
2026-03-09T17:20:32.095 INFO:teuthology.orchestra.run.vm00.stdout:/usr/bin/ceph: stderr
2026-03-09T17:20:32.043+0000 7fb0437fe640 1 -- 192.168.123.100:0/95859338 <== mon.0 v2:192.168.123.100:3300/0 7 ==== mgrmap(e 7) ==== 50106+0+0 (secure 0 0 0) 0x7fb048076430 con 0x7fb04c086e90
2026-03-09T17:20:32.095 INFO:teuthology.orchestra.run.vm00.stdout:/usr/bin/ceph: stderr
2026-03-09T17:20:32.043+0000 7fb0437fe640 1 --2- 192.168.123.100:0/95859338 >> v2:192.168.123.100:6800/1655006894 conn(0x7fb0380411d0 0x7fb0380435c0 unknown :-1 s=NONE pgs=0 cs=0 l=1 rev1=0 crypto rx=0 tx=0 comp rx=0 tx=0).connect
2026-03-09T17:20:32.095 INFO:teuthology.orchestra.run.vm00.stdout:/usr/bin/ceph: stderr
2026-03-09T17:20:32.043+0000 7fb0437fe640 1 -- 192.168.123.100:0/95859338 --> v2:192.168.123.100:6800/1655006894 -- command(tid 0: {"prefix": "get_command_descriptions"}) -- 0x7fb048063830 con 0x7fb0380411d0
2026-03-09T17:20:32.095 INFO:teuthology.orchestra.run.vm00.stdout:/usr/bin/ceph: stderr
2026-03-09T17:20:32.043+0000 7fb051c5d640 1 --2- 192.168.123.100:0/95859338 >> v2:192.168.123.100:6800/1655006894 conn(0x7fb0380411d0 0x7fb0380435c0 unknown :-1 s=BANNER_CONNECTING pgs=0 cs=0 l=1 rev1=0 crypto rx=0 tx=0 comp rx=0 tx=0)._handle_peer_banner_payload supported=3 required=0
2026-03-09T17:20:32.095 INFO:teuthology.orchestra.run.vm00.stdout:/usr/bin/ceph: stderr
2026-03-09T17:20:32.043+0000 7fb051c5d640 1 --2- 192.168.123.100:0/95859338 >> v2:192.168.123.100:6800/1655006894 conn(0x7fb0380411d0 0x7fb0380435c0 secure :-1 s=READY pgs=1 cs=0 l=1 rev1=1 crypto rx=0x7fb044003e00 tx=0x7fb044007350 comp rx=0 tx=0).ready entity=mgr.14118 client_cookie=0 server_cookie=0 in_seq=0 out_seq=0
2026-03-09T17:20:32.095 INFO:teuthology.orchestra.run.vm00.stdout:/usr/bin/ceph: stderr
2026-03-09T17:20:32.043+0000 7fb0437fe640 1 -- 192.168.123.100:0/95859338 <== mgr.14118 v2:192.168.123.100:6800/1655006894 1 ==== command_reply(tid 0: 0 ) ==== 8+0+8901 (secure 0 0 0) 0x7fb048063830 con 0x7fb0380411d0
2026-03-09T17:20:32.095 INFO:teuthology.orchestra.run.vm00.stdout:/usr/bin/ceph: stderr
2026-03-09T17:20:32.047+0000 7fb0417fa640 1 -- 192.168.123.100:0/95859338 --> v2:192.168.123.100:6800/1655006894 -- command(tid 1: {"prefix": "mgr_status"}) -- 0x7fb010000d10 con 0x7fb0380411d0
2026-03-09T17:20:32.095 INFO:teuthology.orchestra.run.vm00.stdout:/usr/bin/ceph: stderr
2026-03-09T17:20:32.051+0000 7fb0437fe640 1 -- 192.168.123.100:0/95859338 <== mgr.14118 v2:192.168.123.100:6800/1655006894 2 ==== command_reply(tid 1: 0 ) ==== 8+0+51 (secure 0 0 0) 0x7fb010000d10 con 0x7fb0380411d0
2026-03-09T17:20:32.095 INFO:teuthology.orchestra.run.vm00.stdout:/usr/bin/ceph: stderr
2026-03-09T17:20:32.055+0000 7fb0417fa640 1 -- 192.168.123.100:0/95859338 >> v2:192.168.123.100:6800/1655006894 conn(0x7fb0380411d0 msgr2=0x7fb0380435c0 secure :-1 s=STATE_CONNECTION_ESTABLISHED l=1).mark_down
2026-03-09T17:20:32.095 INFO:teuthology.orchestra.run.vm00.stdout:/usr/bin/ceph: stderr
2026-03-09T17:20:32.055+0000 7fb0417fa640 1 --2- 192.168.123.100:0/95859338 >> v2:192.168.123.100:6800/1655006894 conn(0x7fb0380411d0 0x7fb0380435c0 secure :-1 s=READY pgs=1 cs=0 l=1 rev1=1 crypto rx=0x7fb044003e00 tx=0x7fb044007350 comp rx=0 tx=0).stop
2026-03-09T17:20:32.095 INFO:teuthology.orchestra.run.vm00.stdout:/usr/bin/ceph: stderr
2026-03-09T17:20:32.055+0000 7fb0417fa640 1 -- 192.168.123.100:0/95859338 >> [v2:192.168.123.100:3300/0,v1:192.168.123.100:6789/0] conn(0x7fb04c086e90 msgr2=0x7fb04c0872b0 secure :-1 s=STATE_CONNECTION_ESTABLISHED l=1).mark_down
2026-03-09T17:20:32.095 INFO:teuthology.orchestra.run.vm00.stdout:/usr/bin/ceph: stderr
2026-03-09T17:20:32.055+0000 7fb0417fa640 1 --2- 192.168.123.100:0/95859338 >> [v2:192.168.123.100:3300/0,v1:192.168.123.100:6789/0] conn(0x7fb04c086e90 0x7fb04c0872b0 secure :-1 s=READY pgs=27 cs=0 l=1 rev1=1 crypto rx=0x7fb0480317f0 tx=0x7fb048003990 comp rx=0 tx=0).stop
2026-03-09T17:20:32.096 INFO:teuthology.orchestra.run.vm00.stdout:/usr/bin/ceph: stderr
2026-03-09T17:20:32.055+0000 7fb0417fa640 1 -- 192.168.123.100:0/95859338 shutdown_connections
2026-03-09T17:20:32.096 INFO:teuthology.orchestra.run.vm00.stdout:/usr/bin/ceph: stderr
2026-03-09T17:20:32.055+0000 7fb0417fa640 1 --2- 192.168.123.100:0/95859338 >> v2:192.168.123.100:6800/1655006894 conn(0x7fb0380411d0 0x7fb0380435c0 unknown :-1 s=CLOSED pgs=1 cs=0 l=1 rev1=1 crypto rx=0 tx=0 comp rx=0 tx=0).stop
2026-03-09T17:20:32.096 INFO:teuthology.orchestra.run.vm00.stdout:/usr/bin/ceph: stderr
2026-03-09T17:20:32.055+0000 7fb0417fa640 1 --2- 192.168.123.100:0/95859338 >> v2:192.168.123.100:6800/2312331294 conn(0x7fb03803dc30 0x7fb0380400f0 unknown :-1 s=CLOSED pgs=0 cs=0 l=1 rev1=0 crypto rx=0 tx=0 comp rx=0 tx=0).stop
2026-03-09T17:20:32.096 INFO:teuthology.orchestra.run.vm00.stdout:/usr/bin/ceph: stderr
2026-03-09T17:20:32.055+0000 7fb0417fa640 1 --2- 192.168.123.100:0/95859338 >> [v2:192.168.123.100:3300/0,v1:192.168.123.100:6789/0] conn(0x7fb04c086e90 0x7fb04c0872b0 unknown :-1 s=CLOSED pgs=27 cs=0 l=1 rev1=1 crypto rx=0 tx=0 comp rx=0 tx=0).stop
2026-03-09T17:20:32.096 INFO:teuthology.orchestra.run.vm00.stdout:/usr/bin/ceph: stderr
2026-03-09T17:20:32.055+0000 7fb0417fa640 1 -- 192.168.123.100:0/95859338 >> 192.168.123.100:0/95859338 conn(0x7fb04c06fe30 msgr2=0x7fb04c070930 unknown :-1 s=STATE_NONE l=0).mark_down
2026-03-09T17:20:32.096 INFO:teuthology.orchestra.run.vm00.stdout:/usr/bin/ceph: stderr
2026-03-09T17:20:32.055+0000 7fb0417fa640 1 -- 192.168.123.100:0/95859338 shutdown_connections
2026-03-09T17:20:32.096 INFO:teuthology.orchestra.run.vm00.stdout:/usr/bin/ceph: stderr
2026-03-09T17:20:32.055+0000 7fb0417fa640 1 -- 192.168.123.100:0/95859338 wait complete.
2026-03-09T17:20:32.096 INFO:teuthology.orchestra.run.vm00.stdout:mgr epoch 5 is available
2026-03-09T17:20:32.096 INFO:teuthology.orchestra.run.vm00.stdout:Setting orchestrator backend to cephadm...
2026-03-09T17:20:32.393 INFO:teuthology.orchestra.run.vm00.stdout:/usr/bin/ceph: stderr
2026-03-09T17:20:32.223+0000 7fbe3855a640 1 Processor -- start
2026-03-09T17:20:32.393 INFO:teuthology.orchestra.run.vm00.stdout:/usr/bin/ceph: stderr
2026-03-09T17:20:32.223+0000 7fbe3855a640 1 -- start start
2026-03-09T17:20:32.393 INFO:teuthology.orchestra.run.vm00.stdout:/usr/bin/ceph: stderr
2026-03-09T17:20:32.223+0000 7fbe3855a640 1 --2- >> [v2:192.168.123.100:3300/0,v1:192.168.123.100:6789/0] conn(0x7fbe3007c770 0x7fbe3007abd0 unknown :-1 s=NONE pgs=0 cs=0 l=0 rev1=0 crypto rx=0 tx=0 comp rx=0 tx=0).connect
2026-03-09T17:20:32.394 INFO:teuthology.orchestra.run.vm00.stdout:/usr/bin/ceph: stderr
2026-03-09T17:20:32.223+0000 7fbe3855a640 1 -- --> [v2:192.168.123.100:3300/0,v1:192.168.123.100:6789/0] -- mon_getmap magic: 0 -- 0x7fbe3007b110 con 0x7fbe3007c770
2026-03-09T17:20:32.394 INFO:teuthology.orchestra.run.vm00.stdout:/usr/bin/ceph: stderr
2026-03-09T17:20:32.223+0000 7fbe362cf640 1 --2- >> [v2:192.168.123.100:3300/0,v1:192.168.123.100:6789/0] conn(0x7fbe3007c770 0x7fbe3007abd0 unknown :-1 s=BANNER_CONNECTING pgs=0 cs=0 l=0 rev1=0 crypto rx=0 tx=0 comp rx=0 tx=0)._handle_peer_banner_payload supported=3 required=0
2026-03-09T17:20:32.394 INFO:teuthology.orchestra.run.vm00.stdout:/usr/bin/ceph: stderr
2026-03-09T17:20:32.223+0000 7fbe362cf640 1 --2- >> [v2:192.168.123.100:3300/0,v1:192.168.123.100:6789/0] conn(0x7fbe3007c770 0x7fbe3007abd0 unknown :-1 s=HELLO_CONNECTING pgs=0 cs=0 l=0 rev1=1 crypto rx=0 tx=0 comp rx=0 tx=0).handle_hello peer v2:192.168.123.100:3300/0 says I am v2:192.168.123.100:36242/0 (socket says 192.168.123.100:36242)
2026-03-09T17:20:32.394 INFO:teuthology.orchestra.run.vm00.stdout:/usr/bin/ceph: stderr
2026-03-09T17:20:32.223+0000 7fbe362cf640 1 -- 192.168.123.100:0/755043670 learned_addr learned my addr 192.168.123.100:0/755043670 (peer_addr_for_me v2:192.168.123.100:0/0)
2026-03-09T17:20:32.394 INFO:teuthology.orchestra.run.vm00.stdout:/usr/bin/ceph: stderr
2026-03-09T17:20:32.223+0000 7fbe362cf640 1 -- 192.168.123.100:0/755043670 --> [v2:192.168.123.100:3300/0,v1:192.168.123.100:6789/0] -- mon_subscribe({config=0+,monmap=0+}) -- 0x7fbe3007b290 con 0x7fbe3007c770
2026-03-09T17:20:32.394 INFO:teuthology.orchestra.run.vm00.stdout:/usr/bin/ceph: stderr
2026-03-09T17:20:32.223+0000 7fbe362cf640 1 --2- 192.168.123.100:0/755043670 >> [v2:192.168.123.100:3300/0,v1:192.168.123.100:6789/0] conn(0x7fbe3007c770 0x7fbe3007abd0 secure :-1 s=READY pgs=35 cs=0 l=1 rev1=1 crypto rx=0x7fbe18009920 tx=0x7fbe1802ef20 comp rx=0 tx=0).ready entity=mon.0 client_cookie=6cdb5865b5a535be server_cookie=0 in_seq=0 out_seq=0
2026-03-09T17:20:32.394 INFO:teuthology.orchestra.run.vm00.stdout:/usr/bin/ceph: stderr
2026-03-09T17:20:32.227+0000 7fbe352cd640 1 -- 192.168.123.100:0/755043670 <== mon.0 v2:192.168.123.100:3300/0 1 ==== mon_map magic: 0 ==== 205+0+0 (secure 0 0 0) 0x7fbe1803c070 con 0x7fbe3007c770
2026-03-09T17:20:32.394 INFO:teuthology.orchestra.run.vm00.stdout:/usr/bin/ceph: stderr
2026-03-09T17:20:32.227+0000 7fbe352cd640 1 -- 192.168.123.100:0/755043670 <== mon.0 v2:192.168.123.100:3300/0 2 ==== config(25 keys) ==== 998+0+0 (secure 0 0 0) 0x7fbe18037440 con 0x7fbe3007c770
2026-03-09T17:20:32.394 INFO:teuthology.orchestra.run.vm00.stdout:/usr/bin/ceph: stderr
2026-03-09T17:20:32.227+0000 7fbe3855a640 1 -- 192.168.123.100:0/755043670 >> [v2:192.168.123.100:3300/0,v1:192.168.123.100:6789/0] conn(0x7fbe3007c770 msgr2=0x7fbe3007abd0 secure :-1 s=STATE_CONNECTION_ESTABLISHED l=1).mark_down
2026-03-09T17:20:32.394 INFO:teuthology.orchestra.run.vm00.stdout:/usr/bin/ceph: stderr
2026-03-09T17:20:32.227+0000 7fbe3855a640 1 --2- 192.168.123.100:0/755043670 >> [v2:192.168.123.100:3300/0,v1:192.168.123.100:6789/0] conn(0x7fbe3007c770 0x7fbe3007abd0 secure :-1 s=READY pgs=35 cs=0 l=1 rev1=1 crypto rx=0x7fbe18009920 tx=0x7fbe1802ef20 comp rx=0 tx=0).stop
2026-03-09T17:20:32.394 INFO:teuthology.orchestra.run.vm00.stdout:/usr/bin/ceph: stderr
2026-03-09T17:20:32.227+0000 7fbe3855a640 1 -- 192.168.123.100:0/755043670 shutdown_connections
2026-03-09T17:20:32.394 INFO:teuthology.orchestra.run.vm00.stdout:/usr/bin/ceph: stderr
2026-03-09T17:20:32.227+0000 7fbe3855a640 1 --2- 192.168.123.100:0/755043670 >> [v2:192.168.123.100:3300/0,v1:192.168.123.100:6789/0] conn(0x7fbe3007c770 0x7fbe3007abd0 unknown :-1 s=CLOSED pgs=35 cs=0 l=1 rev1=1 crypto rx=0 tx=0 comp rx=0 tx=0).stop
2026-03-09T17:20:32.394 INFO:teuthology.orchestra.run.vm00.stdout:/usr/bin/ceph: stderr
2026-03-09T17:20:32.227+0000 7fbe3855a640 1 -- 192.168.123.100:0/755043670 >> 192.168.123.100:0/755043670 conn(0x7fbe30102090 msgr2=0x7fbe301044b0 unknown :-1 s=STATE_NONE l=0).mark_down
2026-03-09T17:20:32.394 INFO:teuthology.orchestra.run.vm00.stdout:/usr/bin/ceph: stderr
2026-03-09T17:20:32.227+0000 7fbe3855a640 1 -- 192.168.123.100:0/755043670 shutdown_connections
2026-03-09T17:20:32.394 INFO:teuthology.orchestra.run.vm00.stdout:/usr/bin/ceph: stderr
2026-03-09T17:20:32.227+0000 7fbe3855a640 1 -- 192.168.123.100:0/755043670 wait complete.
2026-03-09T17:20:32.394 INFO:teuthology.orchestra.run.vm00.stdout:/usr/bin/ceph: stderr
2026-03-09T17:20:32.227+0000 7fbe3855a640 1 Processor -- start
2026-03-09T17:20:32.394 INFO:teuthology.orchestra.run.vm00.stdout:/usr/bin/ceph: stderr
2026-03-09T17:20:32.227+0000 7fbe3855a640 1 -- start start
2026-03-09T17:20:32.394 INFO:teuthology.orchestra.run.vm00.stdout:/usr/bin/ceph: stderr
2026-03-09T17:20:32.227+0000 7fbe3855a640 1 --2- >> [v2:192.168.123.100:3300/0,v1:192.168.123.100:6789/0] conn(0x7fbe3007c770 0x7fbe3019ea40 unknown :-1 s=NONE pgs=0 cs=0 l=1 rev1=0 crypto rx=0 tx=0 comp rx=0 tx=0).connect
2026-03-09T17:20:32.394 INFO:teuthology.orchestra.run.vm00.stdout:/usr/bin/ceph: stderr
2026-03-09T17:20:32.227+0000 7fbe3855a640 1 -- --> [v2:192.168.123.100:3300/0,v1:192.168.123.100:6789/0] -- mon_getmap magic: 0 -- 0x7fbe3010cdb0 con 0x7fbe3007c770
2026-03-09T17:20:32.394 INFO:teuthology.orchestra.run.vm00.stdout:/usr/bin/ceph: stderr
2026-03-09T17:20:32.227+0000 7fbe362cf640 1 --2- >> [v2:192.168.123.100:3300/0,v1:192.168.123.100:6789/0] conn(0x7fbe3007c770 0x7fbe3019ea40 unknown :-1 s=BANNER_CONNECTING pgs=0 cs=0 l=1 rev1=0 crypto rx=0 tx=0 comp rx=0 tx=0)._handle_peer_banner_payload supported=3 required=0
2026-03-09T17:20:32.394 INFO:teuthology.orchestra.run.vm00.stdout:/usr/bin/ceph: stderr
2026-03-09T17:20:32.227+0000 7fbe362cf640 1 --2- >> [v2:192.168.123.100:3300/0,v1:192.168.123.100:6789/0] conn(0x7fbe3007c770 0x7fbe3019ea40 unknown :-1 s=HELLO_CONNECTING pgs=0 cs=0 l=1 rev1=1 crypto rx=0 tx=0 comp rx=0 tx=0).handle_hello peer v2:192.168.123.100:3300/0 says I am v2:192.168.123.100:36244/0 (socket says 192.168.123.100:36244)
2026-03-09T17:20:32.394 INFO:teuthology.orchestra.run.vm00.stdout:/usr/bin/ceph: stderr
2026-03-09T17:20:32.227+0000 7fbe362cf640 1 -- 192.168.123.100:0/1543613732 learned_addr learned my addr 192.168.123.100:0/1543613732 (peer_addr_for_me v2:192.168.123.100:0/0)
2026-03-09T17:20:32.394 INFO:teuthology.orchestra.run.vm00.stdout:/usr/bin/ceph: stderr
2026-03-09T17:20:32.227+0000 7fbe362cf640 1 -- 192.168.123.100:0/1543613732 --> [v2:192.168.123.100:3300/0,v1:192.168.123.100:6789/0] -- mon_subscribe({config=0+,monmap=0+}) -- 0x7fbe3019ef80 con 0x7fbe3007c770
2026-03-09T17:20:32.394 INFO:teuthology.orchestra.run.vm00.stdout:/usr/bin/ceph: stderr
2026-03-09T17:20:32.227+0000 7fbe362cf640 1 --2- 192.168.123.100:0/1543613732 >> [v2:192.168.123.100:3300/0,v1:192.168.123.100:6789/0] conn(0x7fbe3007c770 0x7fbe3019ea40 secure :-1 s=READY pgs=36 cs=0 l=1 rev1=1 crypto rx=0x7fbe18035ed0 tx=0x7fbe18035f00 comp rx=0 tx=0).ready entity=mon.0 client_cookie=0 server_cookie=0 in_seq=0 out_seq=0
2026-03-09T17:20:32.394 INFO:teuthology.orchestra.run.vm00.stdout:/usr/bin/ceph: stderr
2026-03-09T17:20:32.227+0000 7fbe277fe640 1 -- 192.168.123.100:0/1543613732 <== mon.0 v2:192.168.123.100:3300/0 1 ==== mon_map magic: 0 ==== 205+0+0 (secure 0 0 0) 0x7fbe18047070 con 0x7fbe3007c770
2026-03-09T17:20:32.394 INFO:teuthology.orchestra.run.vm00.stdout:/usr/bin/ceph: stderr
2026-03-09T17:20:32.227+0000 7fbe277fe640 1 -- 192.168.123.100:0/1543613732 <== mon.0 v2:192.168.123.100:3300/0 2 ==== config(25 keys) ==== 998+0+0 (secure 0 0 0) 0x7fbe18037960 con 0x7fbe3007c770
2026-03-09T17:20:32.394 INFO:teuthology.orchestra.run.vm00.stdout:/usr/bin/ceph: stderr
2026-03-09T17:20:32.227+0000 7fbe277fe640 1 -- 192.168.123.100:0/1543613732 <== mon.0 v2:192.168.123.100:3300/0 3 ==== mon_map magic: 0 ==== 205+0+0 (secure 0 0 0) 0x7fbe1804c8c0 con 0x7fbe3007c770
2026-03-09T17:20:32.394 INFO:teuthology.orchestra.run.vm00.stdout:/usr/bin/ceph: stderr
2026-03-09T17:20:32.227+0000 7fbe3855a640 1 -- 192.168.123.100:0/1543613732 --> [v2:192.168.123.100:3300/0,v1:192.168.123.100:6789/0] -- mon_subscribe({mgrmap=0+}) -- 0x7fbe3019f210 con 0x7fbe3007c770
2026-03-09T17:20:32.394 INFO:teuthology.orchestra.run.vm00.stdout:/usr/bin/ceph: stderr
2026-03-09T17:20:32.227+0000 7fbe3855a640 1 -- 192.168.123.100:0/1543613732 --> [v2:192.168.123.100:3300/0,v1:192.168.123.100:6789/0] -- mon_subscribe({osdmap=0}) -- 0x7fbe30106300 con 0x7fbe3007c770
2026-03-09T17:20:32.394 INFO:teuthology.orchestra.run.vm00.stdout:/usr/bin/ceph: stderr
2026-03-09T17:20:32.227+0000 7fbe277fe640 1 -- 192.168.123.100:0/1543613732 <== mon.0 v2:192.168.123.100:3300/0 4 ==== mgrmap(e 7) ==== 50106+0+0 (secure 0 0 0) 0x7fbe18054070 con 0x7fbe3007c770
2026-03-09T17:20:32.394 INFO:teuthology.orchestra.run.vm00.stdout:/usr/bin/ceph: stderr
2026-03-09T17:20:32.227+0000 7fbe277fe640 1 --2- 192.168.123.100:0/1543613732 >> v2:192.168.123.100:6800/1655006894 conn(0x7fbe0803db30 0x7fbe0803fff0 unknown :-1 s=NONE pgs=0 cs=0 l=1 rev1=0 crypto rx=0 tx=0 comp rx=0 tx=0).connect
2026-03-09T17:20:32.394 INFO:teuthology.orchestra.run.vm00.stdout:/usr/bin/ceph: stderr
2026-03-09T17:20:32.227+0000 7fbe277fe640 1 -- 192.168.123.100:0/1543613732 <== mon.0 v2:192.168.123.100:3300/0 5 ==== osd_map(2..2 src has 1..2) ==== 897+0+0 (secure 0 0 0) 0x7fbe1807f810 con 0x7fbe3007c770
2026-03-09T17:20:32.394 INFO:teuthology.orchestra.run.vm00.stdout:/usr/bin/ceph: stderr
2026-03-09T17:20:32.231+0000 7fbe35ace640 1 --2- 192.168.123.100:0/1543613732 >> v2:192.168.123.100:6800/1655006894 conn(0x7fbe0803db30 0x7fbe0803fff0 unknown :-1 s=BANNER_CONNECTING pgs=0 cs=0 l=1 rev1=0 crypto rx=0 tx=0 comp rx=0 tx=0)._handle_peer_banner_payload supported=3 required=0
2026-03-09T17:20:32.394 INFO:teuthology.orchestra.run.vm00.stdout:/usr/bin/ceph: stderr
2026-03-09T17:20:32.231+0000 7fbe3855a640 1 -- 192.168.123.100:0/1543613732 --> [v2:192.168.123.100:3300/0,v1:192.168.123.100:6789/0] -- mon_command({"prefix": "get_command_descriptions"} v 0) -- 0x7fbdf8005180 con 0x7fbe3007c770
2026-03-09T17:20:32.394 INFO:teuthology.orchestra.run.vm00.stdout:/usr/bin/ceph: stderr
2026-03-09T17:20:32.231+0000 7fbe35ace640 1 --2- 192.168.123.100:0/1543613732 >> v2:192.168.123.100:6800/1655006894 conn(0x7fbe0803db30 0x7fbe0803fff0 secure :-1 s=READY pgs=7 cs=0 l=1 rev1=1 crypto rx=0x7fbe200099c0 tx=0x7fbe20006eb0 comp rx=0 tx=0).ready entity=mgr.14118 client_cookie=0 server_cookie=0 in_seq=0 out_seq=0
2026-03-09T17:20:32.394 INFO:teuthology.orchestra.run.vm00.stdout:/usr/bin/ceph: stderr
2026-03-09T17:20:32.231+0000 7fbe277fe640 1 -- 192.168.123.100:0/1543613732 <== mon.0 v2:192.168.123.100:3300/0 6 ==== mon_command_ack([{"prefix": "get_command_descriptions"}]=0 v0) ==== 72+0+195034 (secure 0 0 0) 0x7fbe1804f120 con 0x7fbe3007c770
2026-03-09T17:20:32.394 INFO:teuthology.orchestra.run.vm00.stdout:/usr/bin/ceph: stderr
2026-03-09T17:20:32.339+0000 7fbe3855a640 1 -- 192.168.123.100:0/1543613732 --> v2:192.168.123.100:6800/1655006894 -- mgr_command(tid 0: {"prefix": "orch set backend", "module_name": "cephadm", "target": ["mon-mgr", ""]}) -- 0x7fbdf8002bf0 con 0x7fbe0803db30
2026-03-09T17:20:32.394 INFO:teuthology.orchestra.run.vm00.stdout:/usr/bin/ceph: stderr
2026-03-09T17:20:32.347+0000 7fbe277fe640 1 -- 192.168.123.100:0/1543613732 <== mgr.14118 v2:192.168.123.100:6800/1655006894 1 ==== mgr_command_reply(tid 0: 0 ) ==== 8+0+0 (secure 0 0 0) 0x7fbdf8002bf0 con 0x7fbe0803db30
2026-03-09T17:20:32.394 INFO:teuthology.orchestra.run.vm00.stdout:/usr/bin/ceph: stderr
2026-03-09T17:20:32.355+0000 7fbe3855a640 1 -- 192.168.123.100:0/1543613732 >> v2:192.168.123.100:6800/1655006894 conn(0x7fbe0803db30 msgr2=0x7fbe0803fff0 secure :-1 s=STATE_CONNECTION_ESTABLISHED l=1).mark_down
2026-03-09T17:20:32.394 INFO:teuthology.orchestra.run.vm00.stdout:/usr/bin/ceph: stderr
2026-03-09T17:20:32.355+0000 7fbe3855a640 1 --2- 192.168.123.100:0/1543613732 >> v2:192.168.123.100:6800/1655006894 conn(0x7fbe0803db30 0x7fbe0803fff0 secure :-1 s=READY pgs=7 cs=0 l=1 rev1=1 crypto rx=0x7fbe200099c0 tx=0x7fbe20006eb0 comp rx=0 tx=0).stop
2026-03-09T17:20:32.394 INFO:teuthology.orchestra.run.vm00.stdout:/usr/bin/ceph: stderr
2026-03-09T17:20:32.355+0000 7fbe3855a640 1 -- 192.168.123.100:0/1543613732 >> [v2:192.168.123.100:3300/0,v1:192.168.123.100:6789/0] conn(0x7fbe3007c770 msgr2=0x7fbe3019ea40 secure :-1 s=STATE_CONNECTION_ESTABLISHED l=1).mark_down
2026-03-09T17:20:32.394 INFO:teuthology.orchestra.run.vm00.stdout:/usr/bin/ceph: stderr
2026-03-09T17:20:32.355+0000 7fbe3855a640 1 --2- 192.168.123.100:0/1543613732 >> [v2:192.168.123.100:3300/0,v1:192.168.123.100:6789/0] conn(0x7fbe3007c770 0x7fbe3019ea40 secure :-1 s=READY pgs=36 cs=0 l=1 rev1=1 crypto rx=0x7fbe18035ed0 tx=0x7fbe18035f00 comp rx=0 tx=0).stop
2026-03-09T17:20:32.394 INFO:teuthology.orchestra.run.vm00.stdout:/usr/bin/ceph: stderr
2026-03-09T17:20:32.355+0000 7fbe3855a640 1 -- 192.168.123.100:0/1543613732 shutdown_connections
2026-03-09T17:20:32.394 INFO:teuthology.orchestra.run.vm00.stdout:/usr/bin/ceph: stderr
2026-03-09T17:20:32.355+0000 7fbe3855a640 1 --2- 192.168.123.100:0/1543613732 >> v2:192.168.123.100:6800/1655006894 conn(0x7fbe0803db30 0x7fbe0803fff0 unknown :-1 s=CLOSED pgs=7 cs=0 l=1 rev1=1 crypto rx=0 tx=0 comp rx=0 tx=0).stop
2026-03-09T17:20:32.394 INFO:teuthology.orchestra.run.vm00.stdout:/usr/bin/ceph: stderr
2026-03-09T17:20:32.355+0000 7fbe3855a640 1 --2- 192.168.123.100:0/1543613732 >> [v2:192.168.123.100:3300/0,v1:192.168.123.100:6789/0] conn(0x7fbe3007c770 0x7fbe3019ea40 unknown :-1 s=CLOSED pgs=36 cs=0 l=1 rev1=1 crypto rx=0 tx=0 comp rx=0 tx=0).stop
2026-03-09T17:20:32.394 INFO:teuthology.orchestra.run.vm00.stdout:/usr/bin/ceph: stderr
2026-03-09T17:20:32.355+0000 7fbe3855a640 1 -- 192.168.123.100:0/1543613732 >> 192.168.123.100:0/1543613732 conn(0x7fbe30102090 msgr2=0x7fbe30102dc0 unknown :-1 s=STATE_NONE l=0).mark_down
2026-03-09T17:20:32.394 INFO:teuthology.orchestra.run.vm00.stdout:/usr/bin/ceph: stderr
2026-03-09T17:20:32.355+0000 7fbe3855a640 1 -- 192.168.123.100:0/1543613732 shutdown_connections
2026-03-09T17:20:32.394 INFO:teuthology.orchestra.run.vm00.stdout:/usr/bin/ceph: stderr
2026-03-09T17:20:32.355+0000 7fbe3855a640 1 -- 192.168.123.100:0/1543613732 wait complete.
2026-03-09T17:20:32.642 INFO:journalctl@ceph.mon.a.vm00.stdout:Mar 09 17:20:32 vm00 bash[20770]: cephadm
2026-03-09T17:20:31.061291+0000 mgr.y (mgr.14118) 1 : cephadm [INF] Found migration_current of "None". Setting to last migration.
2026-03-09T17:20:32.642 INFO:journalctl@ceph.mon.a.vm00.stdout:Mar 09 17:20:32 vm00 bash[20770]: cephadm
2026-03-09T17:20:31.061291+0000 mgr.y (mgr.14118) 1 : cephadm [INF] Found migration_current of "None". Setting to last migration.
2026-03-09T17:20:32.642 INFO:journalctl@ceph.mon.a.vm00.stdout:Mar 09 17:20:32 vm00 bash[20770]: audit
2026-03-09T17:20:31.409608+0000 mon.a (mon.0) 55 : audit [INF] from='mgr.14118 192.168.123.100:0/3276404274' entity='mgr.y'
2026-03-09T17:20:32.642 INFO:journalctl@ceph.mon.a.vm00.stdout:Mar 09 17:20:32 vm00 bash[20770]: audit
2026-03-09T17:20:31.409608+0000 mon.a (mon.0) 55 : audit [INF] from='mgr.14118 192.168.123.100:0/3276404274' entity='mgr.y'
2026-03-09T17:20:32.642 INFO:journalctl@ceph.mon.a.vm00.stdout:Mar 09 17:20:32 vm00 bash[20770]: audit
2026-03-09T17:20:31.412087+0000 mon.a (mon.0) 56 : audit [INF] from='mgr.14118 192.168.123.100:0/3276404274' entity='mgr.y'
2026-03-09T17:20:32.642 INFO:journalctl@ceph.mon.a.vm00.stdout:Mar 09 17:20:32 vm00 bash[20770]: audit
2026-03-09T17:20:31.412087+0000 mon.a (mon.0) 56 : audit [INF] from='mgr.14118 192.168.123.100:0/3276404274' entity='mgr.y'
2026-03-09T17:20:32.642 INFO:journalctl@ceph.mon.a.vm00.stdout:Mar 09 17:20:32 vm00 bash[20770]: cluster
2026-03-09T17:20:32.046374+0000 mon.a (mon.0) 57 : cluster [DBG] mgrmap e7: y(active, since 1.00664s)
2026-03-09T17:20:32.642 INFO:journalctl@ceph.mon.a.vm00.stdout:Mar 09 17:20:32 vm00 bash[20770]: cluster
2026-03-09T17:20:32.046374+0000 mon.a (mon.0) 57 : cluster [DBG] mgrmap e7: y(active, since 1.00664s)
2026-03-09T17:20:32.642 INFO:journalctl@ceph.mon.a.vm00.stdout:Mar 09 17:20:32 vm00 bash[20770]: audit
2026-03-09T17:20:32.286418+0000 mon.a (mon.0) 58 : audit [DBG] from='mgr.14118 192.168.123.100:0/3276404274' entity='mgr.y' cmd=[{"prefix": "config dump", "format": "json"}]: dispatch
2026-03-09T17:20:32.642 INFO:journalctl@ceph.mon.a.vm00.stdout:Mar 09 17:20:32 vm00 bash[20770]: audit
2026-03-09T17:20:32.286418+0000 mon.a (mon.0) 58 : audit [DBG] from='mgr.14118 192.168.123.100:0/3276404274' entity='mgr.y' cmd=[{"prefix": "config dump", "format": "json"}]: dispatch
2026-03-09T17:20:32.642 INFO:journalctl@ceph.mon.a.vm00.stdout:Mar 09 17:20:32 vm00 bash[20770]: audit
2026-03-09T17:20:32.347061+0000 mon.a (mon.0) 59 : audit [INF] from='mgr.14118 192.168.123.100:0/3276404274' entity='mgr.y'
2026-03-09T17:20:32.642 INFO:journalctl@ceph.mon.a.vm00.stdout:Mar 09 17:20:32 vm00 bash[20770]: audit
2026-03-09T17:20:32.347061+0000 mon.a (mon.0) 59 : audit [INF] from='mgr.14118 192.168.123.100:0/3276404274' entity='mgr.y'
2026-03-09T17:20:32.642 INFO:journalctl@ceph.mon.a.vm00.stdout:Mar 09 17:20:32 vm00 bash[20770]: audit
2026-03-09T17:20:32.354240+0000 mon.a (mon.0) 60 : audit [DBG] from='mgr.14118 192.168.123.100:0/3276404274' entity='mgr.y' cmd=[{"prefix": "config dump", "format": "json"}]: dispatch
2026-03-09T17:20:32.642 INFO:journalctl@ceph.mon.a.vm00.stdout:Mar 09 17:20:32 vm00 bash[20770]: audit
2026-03-09T17:20:32.354240+0000 mon.a (mon.0) 60 : audit [DBG] from='mgr.14118 192.168.123.100:0/3276404274' entity='mgr.y' cmd=[{"prefix": "config dump", "format": "json"}]: dispatch
2026-03-09T17:20:32.673 INFO:teuthology.orchestra.run.vm00.stdout:/usr/bin/ceph: stdout value unchanged
2026-03-09T17:20:32.673 INFO:teuthology.orchestra.run.vm00.stdout:/usr/bin/ceph: stderr
2026-03-09T17:20:32.523+0000 7f6ea8c28640 1 Processor -- start
2026-03-09T17:20:32.673 INFO:teuthology.orchestra.run.vm00.stdout:/usr/bin/ceph: stderr
2026-03-09T17:20:32.523+0000 7f6ea8c28640 1 -- start start
2026-03-09T17:20:32.673 INFO:teuthology.orchestra.run.vm00.stdout:/usr/bin/ceph: stderr
2026-03-09T17:20:32.523+0000 7f6ea8c28640 1 --2- >> [v2:192.168.123.100:3300/0,v1:192.168.123.100:6789/0] conn(0x7f6ea4108ba0 0x7f6ea4108fa0 unknown :-1 s=NONE pgs=0 cs=0 l=0 rev1=0 crypto rx=0 tx=0 comp rx=0 tx=0).connect
2026-03-09T17:20:32.673 INFO:teuthology.orchestra.run.vm00.stdout:/usr/bin/ceph: stderr
2026-03-09T17:20:32.523+0000 7f6ea8c28640 1 -- --> [v2:192.168.123.100:3300/0,v1:192.168.123.100:6789/0] -- mon_getmap magic: 0 -- 0x7f6ea4109570 con 0x7f6ea4108ba0
2026-03-09T17:20:32.673 INFO:teuthology.orchestra.run.vm00.stdout:/usr/bin/ceph: stderr
2026-03-09T17:20:32.523+0000 7f6ea2575640 1 --2- >> [v2:192.168.123.100:3300/0,v1:192.168.123.100:6789/0] conn(0x7f6ea4108ba0 0x7f6ea4108fa0 unknown :-1 s=BANNER_CONNECTING pgs=0 cs=0 l=0 rev1=0 crypto rx=0 tx=0 comp rx=0 tx=0)._handle_peer_banner_payload supported=3 required=0
2026-03-09T17:20:32.673 INFO:teuthology.orchestra.run.vm00.stdout:/usr/bin/ceph: stderr
2026-03-09T17:20:32.523+0000 7f6ea2575640 1 --2- >> [v2:192.168.123.100:3300/0,v1:192.168.123.100:6789/0] conn(0x7f6ea4108ba0 0x7f6ea4108fa0 unknown :-1 s=HELLO_CONNECTING pgs=0 cs=0 l=0 rev1=1 crypto rx=0 tx=0 comp rx=0 tx=0).handle_hello peer v2:192.168.123.100:3300/0 says I am v2:192.168.123.100:36250/0 (socket says 192.168.123.100:36250)
2026-03-09T17:20:32.673 INFO:teuthology.orchestra.run.vm00.stdout:/usr/bin/ceph: stderr
2026-03-09T17:20:32.523+0000 7f6ea2575640 1 -- 192.168.123.100:0/1817608827 learned_addr learned my addr 192.168.123.100:0/1817608827 (peer_addr_for_me v2:192.168.123.100:0/0)
2026-03-09T17:20:32.673 INFO:teuthology.orchestra.run.vm00.stdout:/usr/bin/ceph: stderr
2026-03-09T17:20:32.523+0000 7f6ea2575640 1 -- 192.168.123.100:0/1817608827 --> [v2:192.168.123.100:3300/0,v1:192.168.123.100:6789/0] -- mon_subscribe({config=0+,monmap=0+}) -- 0x7f6ea4109da0 con 0x7f6ea4108ba0
2026-03-09T17:20:32.673 INFO:teuthology.orchestra.run.vm00.stdout:/usr/bin/ceph: stderr
2026-03-09T17:20:32.523+0000 7f6ea2575640 1 --2- 192.168.123.100:0/1817608827 >> [v2:192.168.123.100:3300/0,v1:192.168.123.100:6789/0] conn(0x7f6ea4108ba0 0x7f6ea4108fa0 secure :-1 s=READY pgs=37 cs=0 l=1 rev1=1 crypto rx=0x7f6e8c009920 tx=0x7f6e8c02ef20 comp rx=0 tx=0).ready entity=mon.0 client_cookie=307690e42e6b42ea server_cookie=0 in_seq=0 out_seq=0
2026-03-09T17:20:32.673 INFO:teuthology.orchestra.run.vm00.stdout:/usr/bin/ceph: stderr
2026-03-09T17:20:32.523+0000 7f6ea1573640 1 -- 192.168.123.100:0/1817608827 <== mon.0 v2:192.168.123.100:3300/0 1 ==== mon_map magic: 0 ==== 205+0+0 (secure 0 0 0) 0x7f6e8c03c070 con 0x7f6ea4108ba0
2026-03-09T17:20:32.673 INFO:teuthology.orchestra.run.vm00.stdout:/usr/bin/ceph: stderr
2026-03-09T17:20:32.523+0000 7f6ea1573640 1 -- 192.168.123.100:0/1817608827 <== mon.0 v2:192.168.123.100:3300/0 2 ==== config(25 keys) ==== 998+0+0 (secure 0 0 0) 0x7f6e8c037440 con 0x7f6ea4108ba0
2026-03-09T17:20:32.673 INFO:teuthology.orchestra.run.vm00.stdout:/usr/bin/ceph: stderr
2026-03-09T17:20:32.523+0000 7f6ea8c28640 1 -- 192.168.123.100:0/1817608827 >> [v2:192.168.123.100:3300/0,v1:192.168.123.100:6789/0] conn(0x7f6ea4108ba0 msgr2=0x7f6ea4108fa0 secure :-1 s=STATE_CONNECTION_ESTABLISHED l=1).mark_down
2026-03-09T17:20:32.673 INFO:teuthology.orchestra.run.vm00.stdout:/usr/bin/ceph: stderr
2026-03-09T17:20:32.523+0000 7f6ea8c28640 1 --2- 192.168.123.100:0/1817608827 >> [v2:192.168.123.100:3300/0,v1:192.168.123.100:6789/0] conn(0x7f6ea4108ba0 0x7f6ea4108fa0 secure :-1 s=READY pgs=37 cs=0 l=1 rev1=1 crypto rx=0x7f6e8c009920 tx=0x7f6e8c02ef20 comp rx=0 tx=0).stop
2026-03-09T17:20:32.673 INFO:teuthology.orchestra.run.vm00.stdout:/usr/bin/ceph: stderr
2026-03-09T17:20:32.527+0000 7f6ea8c28640 1 -- 192.168.123.100:0/1817608827 shutdown_connections
2026-03-09T17:20:32.673 INFO:teuthology.orchestra.run.vm00.stdout:/usr/bin/ceph: stderr
2026-03-09T17:20:32.527+0000 7f6ea8c28640 1 --2- 192.168.123.100:0/1817608827 >> [v2:192.168.123.100:3300/0,v1:192.168.123.100:6789/0] conn(0x7f6ea4108ba0 0x7f6ea4108fa0 unknown :-1 s=CLOSED pgs=37 cs=0 l=1 rev1=1 crypto rx=0 tx=0 comp rx=0 tx=0).stop
2026-03-09T17:20:32.673 INFO:teuthology.orchestra.run.vm00.stdout:/usr/bin/ceph: stderr
2026-03-09T17:20:32.527+0000 7f6ea8c28640 1 -- 192.168.123.100:0/1817608827 >> 192.168.123.100:0/1817608827 conn(0x7f6ea407c090 msgr2=0x7f6ea407c4a0 unknown :-1 s=STATE_NONE l=0).mark_down
2026-03-09T17:20:32.673 INFO:teuthology.orchestra.run.vm00.stdout:/usr/bin/ceph: stderr
2026-03-09T17:20:32.527+0000 7f6ea8c28640 1 -- 192.168.123.100:0/1817608827 shutdown_connections
2026-03-09T17:20:32.673 INFO:teuthology.orchestra.run.vm00.stdout:/usr/bin/ceph: stderr
2026-03-09T17:20:32.527+0000 7f6ea8c28640 1 -- 192.168.123.100:0/1817608827 wait complete.
2026-03-09T17:20:32.674 INFO:teuthology.orchestra.run.vm00.stdout:/usr/bin/ceph: stderr
2026-03-09T17:20:32.527+0000 7f6ea8c28640 1 Processor -- start
2026-03-09T17:20:32.674 INFO:teuthology.orchestra.run.vm00.stdout:/usr/bin/ceph: stderr
2026-03-09T17:20:32.527+0000 7f6ea8c28640 1 -- start start
2026-03-09T17:20:32.674 INFO:teuthology.orchestra.run.vm00.stdout:/usr/bin/ceph: stderr
2026-03-09T17:20:32.527+0000 7f6ea8c28640 1 --2- >> [v2:192.168.123.100:3300/0,v1:192.168.123.100:6789/0] conn(0x7f6ea4108ba0 0x7f6ea419ea60 unknown :-1 s=NONE pgs=0 cs=0 l=1 rev1=0 crypto rx=0 tx=0 comp rx=0 tx=0).connect
2026-03-09T17:20:32.674 INFO:teuthology.orchestra.run.vm00.stdout:/usr/bin/ceph: stderr
2026-03-09T17:20:32.527+0000 7f6ea8c28640 1 -- --> [v2:192.168.123.100:3300/0,v1:192.168.123.100:6789/0] -- mon_getmap magic: 0 -- 0x7f6ea410cfd0 con 0x7f6ea4108ba0
2026-03-09T17:20:32.674 INFO:teuthology.orchestra.run.vm00.stdout:/usr/bin/ceph: stderr
2026-03-09T17:20:32.527+0000 7f6ea2575640 1 --2- >> [v2:192.168.123.100:3300/0,v1:192.168.123.100:6789/0] conn(0x7f6ea4108ba0 0x7f6ea419ea60 unknown :-1 s=BANNER_CONNECTING pgs=0 cs=0 l=1 rev1=0 crypto rx=0 tx=0 comp rx=0 tx=0)._handle_peer_banner_payload supported=3 required=0
2026-03-09T17:20:32.674 INFO:teuthology.orchestra.run.vm00.stdout:/usr/bin/ceph: stderr
2026-03-09T17:20:32.527+0000 7f6ea2575640 1 --2- >> [v2:192.168.123.100:3300/0,v1:192.168.123.100:6789/0] conn(0x7f6ea4108ba0 0x7f6ea419ea60 unknown :-1 s=HELLO_CONNECTING pgs=0 cs=0 l=1 rev1=1 crypto rx=0 tx=0 comp rx=0 tx=0).handle_hello peer v2:192.168.123.100:3300/0 says I am v2:192.168.123.100:36264/0 (socket says 192.168.123.100:36264)
2026-03-09T17:20:32.674 INFO:teuthology.orchestra.run.vm00.stdout:/usr/bin/ceph: stderr
2026-03-09T17:20:32.527+0000 7f6ea2575640 1 -- 192.168.123.100:0/277220907 learned_addr learned my addr 192.168.123.100:0/277220907 (peer_addr_for_me v2:192.168.123.100:0/0)
2026-03-09T17:20:32.674 INFO:teuthology.orchestra.run.vm00.stdout:/usr/bin/ceph: stderr
2026-03-09T17:20:32.527+0000 7f6ea2575640 1 -- 192.168.123.100:0/277220907 --> [v2:192.168.123.100:3300/0,v1:192.168.123.100:6789/0] -- mon_subscribe({config=0+,monmap=0+}) -- 0x7f6ea419efa0 con 0x7f6ea4108ba0
2026-03-09T17:20:32.674 INFO:teuthology.orchestra.run.vm00.stdout:/usr/bin/ceph: stderr
2026-03-09T17:20:32.527+0000 7f6ea2575640 1 --2- 192.168.123.100:0/277220907 >> [v2:192.168.123.100:3300/0,v1:192.168.123.100:6789/0] conn(0x7f6ea4108ba0 0x7f6ea419ea60 secure :-1 s=READY pgs=38 cs=0 l=1 rev1=1 crypto rx=0x7f6e8c0376c0 tx=0x7f6e8c0376f0 comp rx=0 tx=0).ready entity=mon.0 client_cookie=0 server_cookie=0 in_seq=0 out_seq=0
2026-03-09T17:20:32.674 INFO:teuthology.orchestra.run.vm00.stdout:/usr/bin/ceph: stderr
2026-03-09T17:20:32.527+0000 7f6e937fe640 1 -- 192.168.123.100:0/277220907 <== mon.0 v2:192.168.123.100:3300/0 1 ==== mon_map magic: 0 ==== 205+0+0 (secure 0 0 0) 0x7f6e8c045070 con 0x7f6ea4108ba0
2026-03-09T17:20:32.674 INFO:teuthology.orchestra.run.vm00.stdout:/usr/bin/ceph: stderr
2026-03-09T17:20:32.527+0000 7f6ea8c28640 1 -- 192.168.123.100:0/277220907 --> [v2:192.168.123.100:3300/0,v1:192.168.123.100:6789/0] -- mon_subscribe({mgrmap=0+}) -- 0x7f6ea419f230 con 0x7f6ea4108ba0
2026-03-09T17:20:32.674 INFO:teuthology.orchestra.run.vm00.stdout:/usr/bin/ceph: stderr
2026-03-09T17:20:32.527+0000 7f6ea8c28640 1 -- 192.168.123.100:0/277220907 --> [v2:192.168.123.100:3300/0,v1:192.168.123.100:6789/0] -- mon_subscribe({osdmap=0}) -- 0x7f6ea41a1f20 con 0x7f6ea4108ba0
2026-03-09T17:20:32.674 INFO:teuthology.orchestra.run.vm00.stdout:/usr/bin/ceph: stderr
2026-03-09T17:20:32.527+0000 7f6e937fe640 1 -- 192.168.123.100:0/277220907 <== mon.0 v2:192.168.123.100:3300/0 2 ==== config(25 keys) ==== 998+0+0 (secure 0 0 0) 0x7f6e8c037db0 con 0x7f6ea4108ba0
2026-03-09T17:20:32.674 INFO:teuthology.orchestra.run.vm00.stdout:/usr/bin/ceph: stderr
2026-03-09T17:20:32.527+0000 7f6e937fe640 1 -- 192.168.123.100:0/277220907 <== mon.0 v2:192.168.123.100:3300/0 3 ==== mon_map magic: 0 ==== 205+0+0 (secure 0 0 0) 0x7f6e8c03c070 con 0x7f6ea4108ba0
2026-03-09T17:20:32.674 INFO:teuthology.orchestra.run.vm00.stdout:/usr/bin/ceph: stderr
2026-03-09T17:20:32.527+0000 7f6e937fe640 1 -- 192.168.123.100:0/277220907 <== mon.0 v2:192.168.123.100:3300/0 4 ==== mgrmap(e 7) ==== 50106+0+0 (secure 0 0 0) 0x7f6e8c04a430 con 0x7f6ea4108ba0
2026-03-09T17:20:32.674 INFO:teuthology.orchestra.run.vm00.stdout:/usr/bin/ceph: stderr
2026-03-09T17:20:32.527+0000 7f6e937fe640 1 --2- 192.168.123.100:0/277220907 >> v2:192.168.123.100:6800/1655006894 conn(0x7f6e7403db30 0x7f6e7403fff0 unknown :-1 s=NONE pgs=0 cs=0 l=1 rev1=0 crypto rx=0 tx=0 comp rx=0 tx=0).connect
2026-03-09T17:20:32.674 INFO:teuthology.orchestra.run.vm00.stdout:/usr/bin/ceph: stderr
2026-03-09T17:20:32.527+0000 7f6e937fe640 1 -- 192.168.123.100:0/277220907 <== mon.0 v2:192.168.123.100:3300/0 5 ==== osd_map(2..2 src has 1..2) ==== 897+0+0 (secure 0 0 0) 0x7f6e8c077180 con 0x7f6ea4108ba0
2026-03-09T17:20:32.674 INFO:teuthology.orchestra.run.vm00.stdout:/usr/bin/ceph: stderr
2026-03-09T17:20:32.527+0000 7f6ea1d74640 1 --2- 192.168.123.100:0/277220907 >> v2:192.168.123.100:6800/1655006894 conn(0x7f6e7403db30 0x7f6e7403fff0 unknown :-1 s=BANNER_CONNECTING pgs=0 cs=0 l=1 rev1=0 crypto rx=0 tx=0 comp rx=0 tx=0)._handle_peer_banner_payload supported=3 required=0
2026-03-09T17:20:32.674 INFO:teuthology.orchestra.run.vm00.stdout:/usr/bin/ceph: stderr
2026-03-09T17:20:32.527+0000 7f6ea8c28640 1 -- 192.168.123.100:0/277220907 --> [v2:192.168.123.100:3300/0,v1:192.168.123.100:6789/0] -- mon_command({"prefix": "get_command_descriptions"} v 0) -- 0x7f6e68005180 con 0x7f6ea4108ba0
2026-03-09T17:20:32.674 INFO:teuthology.orchestra.run.vm00.stdout:/usr/bin/ceph: stderr
2026-03-09T17:20:32.531+0000 7f6ea1d74640 1 --2- 192.168.123.100:0/277220907 >> v2:192.168.123.100:6800/1655006894 conn(0x7f6e7403db30 0x7f6e7403fff0 secure :-1 s=READY pgs=8 cs=0 l=1 rev1=1 crypto rx=0x7f6e980099c0 tx=0x7f6e98006eb0 comp rx=0 tx=0).ready entity=mgr.14118 client_cookie=0 server_cookie=0 in_seq=0 out_seq=0
2026-03-09T17:20:32.674 INFO:teuthology.orchestra.run.vm00.stdout:/usr/bin/ceph: stderr
2026-03-09T17:20:32.531+0000 7f6e937fe640 1 -- 192.168.123.100:0/277220907 <== mon.0 v2:192.168.123.100:3300/0 6 ==== mon_command_ack([{"prefix": "get_command_descriptions"}]=0 v0) ==== 72+0+195034 (secure 0 0 0) 0x7f6e8c033200 con 0x7f6ea4108ba0
2026-03-09T17:20:32.674 INFO:teuthology.orchestra.run.vm00.stdout:/usr/bin/ceph: stderr
2026-03-09T17:20:32.627+0000 7f6ea8c28640 1 -- 192.168.123.100:0/277220907 --> v2:192.168.123.100:6800/1655006894 -- mgr_command(tid 0: {"prefix": "cephadm set-user", "user": "root", "target": ["mon-mgr", ""]}) -- 0x7f6e68002bf0 con 0x7f6e7403db30
2026-03-09T17:20:32.674 INFO:teuthology.orchestra.run.vm00.stdout:/usr/bin/ceph: stderr
2026-03-09T17:20:32.627+0000 7f6e937fe640 1 -- 192.168.123.100:0/277220907 <== mgr.14118 v2:192.168.123.100:6800/1655006894 1 ==== mgr_command_reply(tid 0: 0 ) ==== 8+0+16 (secure 0 0 0) 0x7f6e68002bf0 con 0x7f6e7403db30
2026-03-09T17:20:32.674 INFO:teuthology.orchestra.run.vm00.stdout:/usr/bin/ceph: stderr
2026-03-09T17:20:32.631+0000 7f6ea8c28640 1 -- 192.168.123.100:0/277220907 >> v2:192.168.123.100:6800/1655006894 conn(0x7f6e7403db30 msgr2=0x7f6e7403fff0 secure :-1 s=STATE_CONNECTION_ESTABLISHED l=1).mark_down
2026-03-09T17:20:32.674 INFO:teuthology.orchestra.run.vm00.stdout:/usr/bin/ceph: stderr
2026-03-09T17:20:32.631+0000 7f6ea8c28640 1 --2- 192.168.123.100:0/277220907 >> v2:192.168.123.100:6800/1655006894 conn(0x7f6e7403db30 0x7f6e7403fff0 secure :-1 s=READY pgs=8 cs=0 l=1 rev1=1 crypto rx=0x7f6e980099c0 tx=0x7f6e98006eb0 comp rx=0 tx=0).stop
2026-03-09T17:20:32.674 INFO:teuthology.orchestra.run.vm00.stdout:/usr/bin/ceph: stderr
2026-03-09T17:20:32.631+0000 7f6ea8c28640 1 -- 192.168.123.100:0/277220907 >> [v2:192.168.123.100:3300/0,v1:192.168.123.100:6789/0] conn(0x7f6ea4108ba0 msgr2=0x7f6ea419ea60 secure :-1 s=STATE_CONNECTION_ESTABLISHED l=1).mark_down
2026-03-09T17:20:32.674 INFO:teuthology.orchestra.run.vm00.stdout:/usr/bin/ceph: stderr
2026-03-09T17:20:32.631+0000 7f6ea8c28640 1 --2- 192.168.123.100:0/277220907 >> [v2:192.168.123.100:3300/0,v1:192.168.123.100:6789/0] conn(0x7f6ea4108ba0 0x7f6ea419ea60 secure :-1 s=READY pgs=38 cs=0 l=1 rev1=1 crypto rx=0x7f6e8c0376c0 tx=0x7f6e8c0376f0 comp rx=0 tx=0).stop
2026-03-09T17:20:32.674 INFO:teuthology.orchestra.run.vm00.stdout:/usr/bin/ceph: stderr
2026-03-09T17:20:32.631+0000 7f6ea8c28640 1 -- 192.168.123.100:0/277220907 shutdown_connections
2026-03-09T17:20:32.674 INFO:teuthology.orchestra.run.vm00.stdout:/usr/bin/ceph: stderr
2026-03-09T17:20:32.631+0000 7f6ea8c28640 1 --2- 192.168.123.100:0/277220907 >> v2:192.168.123.100:6800/1655006894 conn(0x7f6e7403db30 0x7f6e7403fff0 unknown :-1 s=CLOSED pgs=8 cs=0 l=1 rev1=1 crypto rx=0 tx=0 comp rx=0 tx=0).stop
2026-03-09T17:20:32.674 INFO:teuthology.orchestra.run.vm00.stdout:/usr/bin/ceph: stderr
2026-03-09T17:20:32.631+0000 7f6ea8c28640 1 --2- 192.168.123.100:0/277220907 >> [v2:192.168.123.100:3300/0,v1:192.168.123.100:6789/0] conn(0x7f6ea4108ba0 0x7f6ea419ea60 unknown :-1 s=CLOSED pgs=38 cs=0 l=1 rev1=1 crypto rx=0 tx=0 comp rx=0 tx=0).stop
2026-03-09T17:20:32.674 INFO:teuthology.orchestra.run.vm00.stdout:/usr/bin/ceph: stderr
2026-03-09T17:20:32.631+0000 7f6ea8c28640 1 -- 192.168.123.100:0/277220907 >> 192.168.123.100:0/277220907 conn(0x7f6ea407c090 msgr2=0x7f6ea4106100 unknown :-1 s=STATE_NONE l=0).mark_down
2026-03-09T17:20:32.674 INFO:teuthology.orchestra.run.vm00.stdout:/usr/bin/ceph: stderr
2026-03-09T17:20:32.631+0000 7f6ea8c28640 1 -- 192.168.123.100:0/277220907 shutdown_connections
2026-03-09T17:20:32.674 INFO:teuthology.orchestra.run.vm00.stdout:/usr/bin/ceph: stderr
2026-03-09T17:20:32.631+0000 7f6ea8c28640 1 -- 192.168.123.100:0/277220907 wait complete.
2026-03-09T17:20:32.674 INFO:teuthology.orchestra.run.vm00.stdout:Generating ssh key...
2026-03-09T17:20:32.953 INFO:teuthology.orchestra.run.vm00.stdout:/usr/bin/ceph: stderr
2026-03-09T17:20:32.783+0000 7f2d33d59640 1 Processor -- start
2026-03-09T17:20:32.953 INFO:teuthology.orchestra.run.vm00.stdout:/usr/bin/ceph: stderr
