2026-03-09T17:20:32.783+0000 7f2d33d59640 1 -- start start
2026-03-09T17:20:32.953 INFO:teuthology.orchestra.run.vm00.stdout:/usr/bin/ceph: stderr
2026-03-09T17:20:32.783+0000 7f2d33d59640 1 --2- >> [v2:192.168.123.100:3300/0,v1:192.168.123.100:6789/0] conn(0x7f2d2c108b70 0x7f2d2c108f70 unknown :-1 s=NONE pgs=0 cs=0 l=0 rev1=0 crypto rx=0 tx=0 comp rx=0 tx=0).connect
2026-03-09T17:20:32.953 INFO:teuthology.orchestra.run.vm00.stdout:/usr/bin/ceph: stderr
2026-03-09T17:20:32.783+0000 7f2d33d59640 1 -- --> [v2:192.168.123.100:3300/0,v1:192.168.123.100:6789/0] -- mon_getmap magic: 0 -- 0x7f2d2c109540 con 0x7f2d2c108b70
2026-03-09T17:20:32.953 INFO:teuthology.orchestra.run.vm00.stdout:/usr/bin/ceph: stderr
2026-03-09T17:20:32.783+0000 7f2d31ace640 1 --2- >> [v2:192.168.123.100:3300/0,v1:192.168.123.100:6789/0] conn(0x7f2d2c108b70 0x7f2d2c108f70 unknown :-1 s=BANNER_CONNECTING pgs=0 cs=0 l=0 rev1=0 crypto rx=0 tx=0 comp rx=0 tx=0)._handle_peer_banner_payload supported=3 required=0
2026-03-09T17:20:32.953 INFO:teuthology.orchestra.run.vm00.stdout:/usr/bin/ceph: stderr
2026-03-09T17:20:32.783+0000 7f2d31ace640 1 --2- >> [v2:192.168.123.100:3300/0,v1:192.168.123.100:6789/0] conn(0x7f2d2c108b70 0x7f2d2c108f70 unknown :-1 s=HELLO_CONNECTING pgs=0 cs=0 l=0 rev1=1 crypto rx=0 tx=0 comp rx=0 tx=0).handle_hello peer v2:192.168.123.100:3300/0 says I am v2:192.168.123.100:36278/0 (socket says 192.168.123.100:36278)
2026-03-09T17:20:32.953 INFO:teuthology.orchestra.run.vm00.stdout:/usr/bin/ceph: stderr
2026-03-09T17:20:32.783+0000 7f2d31ace640 1 -- 192.168.123.100:0/3799726004 learned_addr learned my addr 192.168.123.100:0/3799726004 (peer_addr_for_me v2:192.168.123.100:0/0)
2026-03-09T17:20:32.953 INFO:teuthology.orchestra.run.vm00.stdout:/usr/bin/ceph: stderr
2026-03-09T17:20:32.783+0000 7f2d31ace640 1 -- 192.168.123.100:0/3799726004 --> [v2:192.168.123.100:3300/0,v1:192.168.123.100:6789/0] -- mon_subscribe({config=0+,monmap=0+}) -- 0x7f2d2c109d70 con 0x7f2d2c108b70
2026-03-09T17:20:32.953 INFO:teuthology.orchestra.run.vm00.stdout:/usr/bin/ceph: stderr
2026-03-09T17:20:32.787+0000 7f2d31ace640 1 --2- 192.168.123.100:0/3799726004 >> [v2:192.168.123.100:3300/0,v1:192.168.123.100:6789/0] conn(0x7f2d2c108b70 0x7f2d2c108f70 secure :-1 s=READY pgs=39 cs=0 l=1 rev1=1 crypto rx=0x7f2d20009920 tx=0x7f2d2002ef20 comp rx=0 tx=0).ready entity=mon.0 client_cookie=af27b17ff1508fdb server_cookie=0 in_seq=0 out_seq=0
2026-03-09T17:20:32.953 INFO:teuthology.orchestra.run.vm00.stdout:/usr/bin/ceph: stderr
2026-03-09T17:20:32.787+0000 7f2d30acc640 1 -- 192.168.123.100:0/3799726004 <== mon.0 v2:192.168.123.100:3300/0 1 ==== mon_map magic: 0 ==== 205+0+0 (secure 0 0 0) 0x7f2d2003c070 con 0x7f2d2c108b70
2026-03-09T17:20:32.953 INFO:teuthology.orchestra.run.vm00.stdout:/usr/bin/ceph: stderr
2026-03-09T17:20:32.787+0000 7f2d30acc640 1 -- 192.168.123.100:0/3799726004 <== mon.0 v2:192.168.123.100:3300/0 2 ==== config(25 keys) ==== 998+0+0 (secure 0 0 0) 0x7f2d20037440 con 0x7f2d2c108b70
2026-03-09T17:20:32.953 INFO:teuthology.orchestra.run.vm00.stdout:/usr/bin/ceph: stderr
2026-03-09T17:20:32.787+0000 7f2d33d59640 1 -- 192.168.123.100:0/3799726004 >> [v2:192.168.123.100:3300/0,v1:192.168.123.100:6789/0] conn(0x7f2d2c108b70 msgr2=0x7f2d2c108f70 secure :-1 s=STATE_CONNECTION_ESTABLISHED l=1).mark_down
2026-03-09T17:20:32.953 INFO:teuthology.orchestra.run.vm00.stdout:/usr/bin/ceph: stderr
2026-03-09T17:20:32.787+0000 7f2d33d59640 1 --2- 192.168.123.100:0/3799726004 >> [v2:192.168.123.100:3300/0,v1:192.168.123.100:6789/0] conn(0x7f2d2c108b70 0x7f2d2c108f70 secure :-1 s=READY pgs=39 cs=0 l=1 rev1=1 crypto rx=0x7f2d20009920 tx=0x7f2d2002ef20 comp rx=0 tx=0).stop
2026-03-09T17:20:32.953 INFO:teuthology.orchestra.run.vm00.stdout:/usr/bin/ceph: stderr
2026-03-09T17:20:32.787+0000 7f2d33d59640 1 -- 192.168.123.100:0/3799726004 shutdown_connections
2026-03-09T17:20:32.953 INFO:teuthology.orchestra.run.vm00.stdout:/usr/bin/ceph: stderr
2026-03-09T17:20:32.787+0000 7f2d33d59640 1 --2- 192.168.123.100:0/3799726004 >> [v2:192.168.123.100:3300/0,v1:192.168.123.100:6789/0] conn(0x7f2d2c108b70 0x7f2d2c108f70 unknown :-1 s=CLOSED pgs=39 cs=0 l=1 rev1=1 crypto rx=0 tx=0 comp rx=0 tx=0).stop
2026-03-09T17:20:32.953 INFO:teuthology.orchestra.run.vm00.stdout:/usr/bin/ceph: stderr
2026-03-09T17:20:32.787+0000 7f2d33d59640 1 -- 192.168.123.100:0/3799726004 >> 192.168.123.100:0/3799726004 conn(0x7f2d2c07c040 msgr2=0x7f2d2c07c450 unknown :-1 s=STATE_NONE l=0).mark_down
2026-03-09T17:20:32.953 INFO:teuthology.orchestra.run.vm00.stdout:/usr/bin/ceph: stderr
2026-03-09T17:20:32.787+0000 7f2d33d59640 1 -- 192.168.123.100:0/3799726004 shutdown_connections
2026-03-09T17:20:32.953 INFO:teuthology.orchestra.run.vm00.stdout:/usr/bin/ceph: stderr
2026-03-09T17:20:32.787+0000 7f2d33d59640 1 -- 192.168.123.100:0/3799726004 wait complete.
2026-03-09T17:20:32.953 INFO:teuthology.orchestra.run.vm00.stdout:/usr/bin/ceph: stderr
2026-03-09T17:20:32.787+0000 7f2d33d59640 1 Processor -- start
2026-03-09T17:20:32.953 INFO:teuthology.orchestra.run.vm00.stdout:/usr/bin/ceph: stderr
2026-03-09T17:20:32.787+0000 7f2d33d59640 1 -- start start
2026-03-09T17:20:32.953 INFO:teuthology.orchestra.run.vm00.stdout:/usr/bin/ceph: stderr
2026-03-09T17:20:32.787+0000 7f2d33d59640 1 --2- >> [v2:192.168.123.100:3300/0,v1:192.168.123.100:6789/0] conn(0x7f2d2c108b70 0x7f2d2c19ea30 unknown :-1 s=NONE pgs=0 cs=0 l=1 rev1=0 crypto rx=0 tx=0 comp rx=0 tx=0).connect
2026-03-09T17:20:32.953 INFO:teuthology.orchestra.run.vm00.stdout:/usr/bin/ceph: stderr
2026-03-09T17:20:32.787+0000 7f2d33d59640 1 -- --> [v2:192.168.123.100:3300/0,v1:192.168.123.100:6789/0] -- mon_getmap magic: 0 -- 0x7f2d2c10cfa0 con 0x7f2d2c108b70
2026-03-09T17:20:32.953 INFO:teuthology.orchestra.run.vm00.stdout:/usr/bin/ceph: stderr
2026-03-09T17:20:32.787+0000 7f2d31ace640 1 --2- >> [v2:192.168.123.100:3300/0,v1:192.168.123.100:6789/0] conn(0x7f2d2c108b70 0x7f2d2c19ea30 unknown :-1 s=BANNER_CONNECTING pgs=0 cs=0 l=1 rev1=0 crypto rx=0 tx=0 comp rx=0 tx=0)._handle_peer_banner_payload supported=3 required=0
2026-03-09T17:20:32.953 INFO:teuthology.orchestra.run.vm00.stdout:/usr/bin/ceph: stderr
2026-03-09T17:20:32.787+0000 7f2d31ace640 1 --2- >> [v2:192.168.123.100:3300/0,v1:192.168.123.100:6789/0] conn(0x7f2d2c108b70 0x7f2d2c19ea30 unknown :-1 s=HELLO_CONNECTING pgs=0 cs=0 l=1 rev1=1 crypto rx=0 tx=0 comp rx=0 tx=0).handle_hello peer v2:192.168.123.100:3300/0 says I am v2:192.168.123.100:36288/0 (socket says 192.168.123.100:36288)
2026-03-09T17:20:32.953 INFO:teuthology.orchestra.run.vm00.stdout:/usr/bin/ceph: stderr
2026-03-09T17:20:32.787+0000 7f2d31ace640 1 -- 192.168.123.100:0/2515103391 learned_addr learned my addr 192.168.123.100:0/2515103391 (peer_addr_for_me v2:192.168.123.100:0/0)
2026-03-09T17:20:32.953 INFO:teuthology.orchestra.run.vm00.stdout:/usr/bin/ceph: stderr
2026-03-09T17:20:32.787+0000 7f2d31ace640 1 -- 192.168.123.100:0/2515103391 --> [v2:192.168.123.100:3300/0,v1:192.168.123.100:6789/0] -- mon_subscribe({config=0+,monmap=0+}) -- 0x7f2d2c19ef70 con 0x7f2d2c108b70
2026-03-09T17:20:32.953 INFO:teuthology.orchestra.run.vm00.stdout:/usr/bin/ceph: stderr
2026-03-09T17:20:32.787+0000 7f2d31ace640 1 --2- 192.168.123.100:0/2515103391 >> [v2:192.168.123.100:3300/0,v1:192.168.123.100:6789/0] conn(0x7f2d2c108b70 0x7f2d2c19ea30 secure :-1 s=READY pgs=40 cs=0 l=1 rev1=1 crypto rx=0x7f2d2002ffd0 tx=0x7f2d20035e30 comp rx=0 tx=0).ready entity=mon.0 client_cookie=0 server_cookie=0 in_seq=0 out_seq=0
2026-03-09T17:20:32.953 INFO:teuthology.orchestra.run.vm00.stdout:/usr/bin/ceph: stderr
2026-03-09T17:20:32.787+0000 7f2d1affd640 1 -- 192.168.123.100:0/2515103391 <== mon.0 v2:192.168.123.100:3300/0 1 ==== mon_map magic: 0 ==== 205+0+0 (secure 0 0 0) 0x7f2d20045070 con 0x7f2d2c108b70
2026-03-09T17:20:32.953 INFO:teuthology.orchestra.run.vm00.stdout:/usr/bin/ceph: stderr
2026-03-09T17:20:32.787+0000 7f2d33d59640 1 -- 192.168.123.100:0/2515103391 --> [v2:192.168.123.100:3300/0,v1:192.168.123.100:6789/0] -- mon_subscribe({mgrmap=0+}) -- 0x7f2d2c19f200 con 0x7f2d2c108b70
2026-03-09T17:20:32.953 INFO:teuthology.orchestra.run.vm00.stdout:/usr/bin/ceph: stderr
2026-03-09T17:20:32.787+0000 7f2d33d59640 1 -- 192.168.123.100:0/2515103391 --> [v2:192.168.123.100:3300/0,v1:192.168.123.100:6789/0] -- mon_subscribe({osdmap=0}) -- 0x7f2d2c1a1ef0 con 0x7f2d2c108b70
2026-03-09T17:20:32.953 INFO:teuthology.orchestra.run.vm00.stdout:/usr/bin/ceph: stderr
2026-03-09T17:20:32.787+0000 7f2d1affd640 1 -- 192.168.123.100:0/2515103391 <== mon.0 v2:192.168.123.100:3300/0 2 ==== config(25 keys) ==== 998+0+0 (secure 0 0 0) 0x7f2d20037d10 con 0x7f2d2c108b70
2026-03-09T17:20:32.953 INFO:teuthology.orchestra.run.vm00.stdout:/usr/bin/ceph: stderr
2026-03-09T17:20:32.787+0000 7f2d1affd640 1 -- 192.168.123.100:0/2515103391 <== mon.0 v2:192.168.123.100:3300/0 3 ==== mon_map magic: 0 ==== 205+0+0 (secure 0 0 0) 0x7f2d2003c070 con 0x7f2d2c108b70
2026-03-09T17:20:32.953 INFO:teuthology.orchestra.run.vm00.stdout:/usr/bin/ceph: stderr
2026-03-09T17:20:32.791+0000 7f2d1affd640 1 -- 192.168.123.100:0/2515103391 <== mon.0 v2:192.168.123.100:3300/0 4 ==== mgrmap(e 7) ==== 50106+0+0 (secure 0 0 0) 0x7f2d2004a430 con 0x7f2d2c108b70
2026-03-09T17:20:32.953 INFO:teuthology.orchestra.run.vm00.stdout:/usr/bin/ceph: stderr
2026-03-09T17:20:32.791+0000 7f2d1affd640 1 --2- 192.168.123.100:0/2515103391 >> v2:192.168.123.100:6800/1655006894 conn(0x7f2d0003db30 0x7f2d0003fff0 unknown :-1 s=NONE pgs=0 cs=0 l=1 rev1=0 crypto rx=0 tx=0 comp rx=0 tx=0).connect
2026-03-09T17:20:32.953 INFO:teuthology.orchestra.run.vm00.stdout:/usr/bin/ceph: stderr
2026-03-09T17:20:32.791+0000 7f2d1affd640 1 -- 192.168.123.100:0/2515103391 <== mon.0 v2:192.168.123.100:3300/0 5 ==== osd_map(2..2 src has 1..2) ==== 897+0+0 (secure 0 0 0) 0x7f2d200770e0 con 0x7f2d2c108b70
2026-03-09T17:20:32.953 INFO:teuthology.orchestra.run.vm00.stdout:/usr/bin/ceph: stderr
2026-03-09T17:20:32.791+0000 7f2d312cd640 1 --2- 192.168.123.100:0/2515103391 >> v2:192.168.123.100:6800/1655006894 conn(0x7f2d0003db30 0x7f2d0003fff0 unknown :-1 s=BANNER_CONNECTING pgs=0 cs=0 l=1 rev1=0 crypto rx=0 tx=0 comp rx=0 tx=0)._handle_peer_banner_payload supported=3 required=0
2026-03-09T17:20:32.953 INFO:teuthology.orchestra.run.vm00.stdout:/usr/bin/ceph: stderr
2026-03-09T17:20:32.791+0000 7f2d33d59640 1 -- 192.168.123.100:0/2515103391 --> [v2:192.168.123.100:3300/0,v1:192.168.123.100:6789/0] -- mon_command({"prefix": "get_command_descriptions"} v 0) -- 0x7f2cf4005180 con 0x7f2d2c108b70
2026-03-09T17:20:32.953 INFO:teuthology.orchestra.run.vm00.stdout:/usr/bin/ceph: stderr
2026-03-09T17:20:32.795+0000 7f2d312cd640 1 --2- 192.168.123.100:0/2515103391 >> v2:192.168.123.100:6800/1655006894 conn(0x7f2d0003db30 0x7f2d0003fff0 secure :-1 s=READY pgs=9 cs=0 l=1 rev1=1 crypto rx=0x7f2d1c009a10 tx=0x7f2d1c006eb0 comp rx=0 tx=0).ready entity=mgr.14118 client_cookie=0 server_cookie=0 in_seq=0 out_seq=0
2026-03-09T17:20:32.953 INFO:teuthology.orchestra.run.vm00.stdout:/usr/bin/ceph: stderr
2026-03-09T17:20:32.795+0000 7f2d1affd640 1 -- 192.168.123.100:0/2515103391 <== mon.0 v2:192.168.123.100:3300/0 6 ==== mon_command_ack([{"prefix": "get_command_descriptions"}]=0 v0) ==== 72+0+195034 (secure 0 0 0) 0x7f2d20033200 con 0x7f2d2c108b70
2026-03-09T17:20:32.953 INFO:teuthology.orchestra.run.vm00.stdout:/usr/bin/ceph: stderr
2026-03-09T17:20:32.891+0000 7f2d33d59640 1 -- 192.168.123.100:0/2515103391 --> v2:192.168.123.100:6800/1655006894 -- mgr_command(tid 0: {"prefix": "cephadm generate-key", "target": ["mon-mgr", ""]}) -- 0x7f2cf4002bf0 con 0x7f2d0003db30
2026-03-09T17:20:32.953 INFO:teuthology.orchestra.run.vm00.stdout:/usr/bin/ceph: stderr
2026-03-09T17:20:32.915+0000 7f2d1affd640 1 -- 192.168.123.100:0/2515103391 <== mgr.14118 v2:192.168.123.100:6800/1655006894 1 ==== mgr_command_reply(tid 0: 0 ) ==== 8+0+0 (secure 0 0 0) 0x7f2cf4002bf0 con 0x7f2d0003db30
2026-03-09T17:20:32.953 INFO:teuthology.orchestra.run.vm00.stdout:/usr/bin/ceph: stderr
2026-03-09T17:20:32.915+0000 7f2d33d59640 1 -- 192.168.123.100:0/2515103391 >> v2:192.168.123.100:6800/1655006894 conn(0x7f2d0003db30 msgr2=0x7f2d0003fff0 secure :-1 s=STATE_CONNECTION_ESTABLISHED l=1).mark_down
2026-03-09T17:20:32.953 INFO:teuthology.orchestra.run.vm00.stdout:/usr/bin/ceph: stderr
2026-03-09T17:20:32.915+0000 7f2d33d59640 1 --2- 192.168.123.100:0/2515103391 >> v2:192.168.123.100:6800/1655006894 conn(0x7f2d0003db30 0x7f2d0003fff0 secure :-1 s=READY pgs=9 cs=0 l=1 rev1=1 crypto rx=0x7f2d1c009a10 tx=0x7f2d1c006eb0 comp rx=0 tx=0).stop
2026-03-09T17:20:32.953 INFO:teuthology.orchestra.run.vm00.stdout:/usr/bin/ceph: stderr
2026-03-09T17:20:32.915+0000 7f2d33d59640 1 -- 192.168.123.100:0/2515103391 >> [v2:192.168.123.100:3300/0,v1:192.168.123.100:6789/0] conn(0x7f2d2c108b70 msgr2=0x7f2d2c19ea30 secure :-1 s=STATE_CONNECTION_ESTABLISHED l=1).mark_down
2026-03-09T17:20:32.953 INFO:teuthology.orchestra.run.vm00.stdout:/usr/bin/ceph: stderr
2026-03-09T17:20:32.915+0000 7f2d33d59640 1 --2- 192.168.123.100:0/2515103391 >> [v2:192.168.123.100:3300/0,v1:192.168.123.100:6789/0] conn(0x7f2d2c108b70 0x7f2d2c19ea30 secure :-1 s=READY pgs=40 cs=0 l=1 rev1=1 crypto rx=0x7f2d2002ffd0 tx=0x7f2d20035e30 comp rx=0 tx=0).stop
2026-03-09T17:20:32.953 INFO:teuthology.orchestra.run.vm00.stdout:/usr/bin/ceph: stderr
2026-03-09T17:20:32.915+0000 7f2d33d59640 1 -- 192.168.123.100:0/2515103391 shutdown_connections
2026-03-09T17:20:32.953 INFO:teuthology.orchestra.run.vm00.stdout:/usr/bin/ceph: stderr
2026-03-09T17:20:32.915+0000 7f2d33d59640 1 --2- 192.168.123.100:0/2515103391 >> v2:192.168.123.100:6800/1655006894 conn(0x7f2d0003db30 0x7f2d0003fff0 unknown :-1 s=CLOSED pgs=9 cs=0 l=1 rev1=1 crypto rx=0 tx=0 comp rx=0 tx=0).stop
2026-03-09T17:20:32.953 INFO:teuthology.orchestra.run.vm00.stdout:/usr/bin/ceph: stderr
2026-03-09T17:20:32.915+0000 7f2d33d59640 1 --2- 192.168.123.100:0/2515103391 >> [v2:192.168.123.100:3300/0,v1:192.168.123.100:6789/0] conn(0x7f2d2c108b70 0x7f2d2c19ea30 unknown :-1 s=CLOSED pgs=40 cs=0 l=1 rev1=1 crypto rx=0 tx=0 comp rx=0 tx=0).stop
2026-03-09T17:20:32.953 INFO:teuthology.orchestra.run.vm00.stdout:/usr/bin/ceph: stderr
2026-03-09T17:20:32.915+0000 7f2d33d59640 1 -- 192.168.123.100:0/2515103391 >> 192.168.123.100:0/2515103391 conn(0x7f2d2c07c040 msgr2=0x7f2d2c1060d0 unknown :-1 s=STATE_NONE l=0).mark_down
2026-03-09T17:20:32.953 INFO:teuthology.orchestra.run.vm00.stdout:/usr/bin/ceph: stderr
2026-03-09T17:20:32.915+0000 7f2d33d59640 1 -- 192.168.123.100:0/2515103391 shutdown_connections
2026-03-09T17:20:32.954 INFO:teuthology.orchestra.run.vm00.stdout:/usr/bin/ceph: stderr
2026-03-09T17:20:32.915+0000 7f2d33d59640 1 -- 192.168.123.100:0/2515103391 wait complete.
2026-03-09T17:20:33.195 INFO:journalctl@ceph.mgr.y.vm00.stdout:Mar 09 17:20:32 vm00 bash[21037]: Generating public/private ed25519 key pair.
2026-03-09T17:20:33.195 INFO:journalctl@ceph.mgr.y.vm00.stdout:Mar 09 17:20:32 vm00 bash[21037]: Your identification has been saved in /tmp/tmp7rciov5t/key
2026-03-09T17:20:33.195 INFO:journalctl@ceph.mgr.y.vm00.stdout:Mar 09 17:20:32 vm00 bash[21037]: Your public key has been saved in /tmp/tmp7rciov5t/key.pub
2026-03-09T17:20:33.195 INFO:journalctl@ceph.mgr.y.vm00.stdout:Mar 09 17:20:32 vm00 bash[21037]: The key fingerprint is:
2026-03-09T17:20:33.195 INFO:journalctl@ceph.mgr.y.vm00.stdout:Mar 09 17:20:32 vm00 bash[21037]: SHA256:dnNcZNfDoRE7gtnurS7OoK92dPR9BSSzSTVOoV6PbXk ceph-16190428-1bdc-11f1-aea4-d920f1c7e51e
2026-03-09T17:20:33.195 INFO:journalctl@ceph.mgr.y.vm00.stdout:Mar 09 17:20:32 vm00 bash[21037]: The key's randomart image is:
2026-03-09T17:20:33.195 INFO:journalctl@ceph.mgr.y.vm00.stdout:Mar 09 17:20:32 vm00 bash[21037]: +--[ED25519 256]--+
2026-03-09T17:20:33.195 INFO:journalctl@ceph.mgr.y.vm00.stdout:Mar 09 17:20:32 vm00 bash[21037]: | +=@o+|
2026-03-09T17:20:33.195 INFO:journalctl@ceph.mgr.y.vm00.stdout:Mar 09 17:20:32 vm00 bash[21037]: | +. @==.|
2026-03-09T17:20:33.195 INFO:journalctl@ceph.mgr.y.vm00.stdout:Mar 09 17:20:32 vm00 bash[21037]: | o o+++..|
2026-03-09T17:20:33.195 INFO:journalctl@ceph.mgr.y.vm00.stdout:Mar 09 17:20:32 vm00 bash[21037]: | ..o.o.+o|
2026-03-09T17:20:33.195 INFO:journalctl@ceph.mgr.y.vm00.stdout:Mar 09 17:20:32 vm00 bash[21037]: | S +.= ..E|
2026-03-09T17:20:33.195 INFO:journalctl@ceph.mgr.y.vm00.stdout:Mar 09 17:20:32 vm00 bash[21037]: | o o.+.. o.|
2026-03-09T17:20:33.196 INFO:journalctl@ceph.mgr.y.vm00.stdout:Mar 09 17:20:32 vm00 bash[21037]: | ... . .. |
2026-03-09T17:20:33.196 INFO:journalctl@ceph.mgr.y.vm00.stdout:Mar 09 17:20:32 vm00 bash[21037]: | ...o. . |
2026-03-09T17:20:33.196 INFO:journalctl@ceph.mgr.y.vm00.stdout:Mar 09 17:20:32 vm00 bash[21037]: | .o+..ooo |
2026-03-09T17:20:33.196 INFO:journalctl@ceph.mgr.y.vm00.stdout:Mar 09 17:20:32 vm00 bash[21037]: +----[SHA256]-----+
2026-03-09T17:20:33.225 INFO:teuthology.orchestra.run.vm00.stdout:/usr/bin/ceph: stdout ssh-ed25519 AAAAC3NzaC1lZDI1NTE5AAAAIFMS8vm6y0TabM0+MhpSTHYvKhUzzSz2GjjcD2VmCO+5 ceph-16190428-1bdc-11f1-aea4-d920f1c7e51e
2026-03-09T17:20:33.225 INFO:teuthology.orchestra.run.vm00.stdout:/usr/bin/ceph: stderr
2026-03-09T17:20:33.075+0000 7f6c43409640 1 Processor -- start
2026-03-09T17:20:33.225 INFO:teuthology.orchestra.run.vm00.stdout:/usr/bin/ceph: stderr
2026-03-09T17:20:33.075+0000 7f6c43409640 1 -- start start
2026-03-09T17:20:33.225 INFO:teuthology.orchestra.run.vm00.stdout:/usr/bin/ceph: stderr
2026-03-09T17:20:33.075+0000 7f6c43409640 1 --2- >> [v2:192.168.123.100:3300/0,v1:192.168.123.100:6789/0] conn(0x7f6c3c108b50 0x7f6c3c108f50 unknown :-1 s=NONE pgs=0 cs=0 l=0 rev1=0 crypto rx=0 tx=0 comp rx=0 tx=0).connect
2026-03-09T17:20:33.225 INFO:teuthology.orchestra.run.vm00.stdout:/usr/bin/ceph: stderr
2026-03-09T17:20:33.075+0000 7f6c43409640 1 -- --> [v2:192.168.123.100:3300/0,v1:192.168.123.100:6789/0] -- mon_getmap magic: 0 -- 0x7f6c3c109520 con 0x7f6c3c108b50
2026-03-09T17:20:33.225 INFO:teuthology.orchestra.run.vm00.stdout:/usr/bin/ceph: stderr
2026-03-09T17:20:33.075+0000 7f6c4117e640 1 --2- >> [v2:192.168.123.100:3300/0,v1:192.168.123.100:6789/0] conn(0x7f6c3c108b50 0x7f6c3c108f50 unknown :-1 s=BANNER_CONNECTING pgs=0 cs=0 l=0 rev1=0 crypto rx=0 tx=0 comp rx=0 tx=0)._handle_peer_banner_payload supported=3 required=0
2026-03-09T17:20:33.225 INFO:teuthology.orchestra.run.vm00.stdout:/usr/bin/ceph: stderr
2026-03-09T17:20:33.075+0000 7f6c4117e640 1 --2- >> [v2:192.168.123.100:3300/0,v1:192.168.123.100:6789/0] conn(0x7f6c3c108b50 0x7f6c3c108f50 unknown :-1 s=HELLO_CONNECTING pgs=0 cs=0 l=0 rev1=1 crypto rx=0 tx=0 comp rx=0 tx=0).handle_hello peer v2:192.168.123.100:3300/0 says I am v2:192.168.123.100:36296/0 (socket says 192.168.123.100:36296)
2026-03-09T17:20:33.225 INFO:teuthology.orchestra.run.vm00.stdout:/usr/bin/ceph: stderr
2026-03-09T17:20:33.075+0000 7f6c4117e640 1 -- 192.168.123.100:0/3098250026 learned_addr learned my addr 192.168.123.100:0/3098250026 (peer_addr_for_me v2:192.168.123.100:0/0)
2026-03-09T17:20:33.225 INFO:teuthology.orchestra.run.vm00.stdout:/usr/bin/ceph: stderr
2026-03-09T17:20:33.075+0000 7f6c4117e640 1 -- 192.168.123.100:0/3098250026 --> [v2:192.168.123.100:3300/0,v1:192.168.123.100:6789/0] -- mon_subscribe({config=0+,monmap=0+}) -- 0x7f6c3c109d50 con 0x7f6c3c108b50
2026-03-09T17:20:33.225 INFO:teuthology.orchestra.run.vm00.stdout:/usr/bin/ceph: stderr
2026-03-09T17:20:33.075+0000 7f6c4117e640 1 --2- 192.168.123.100:0/3098250026 >> [v2:192.168.123.100:3300/0,v1:192.168.123.100:6789/0] conn(0x7f6c3c108b50 0x7f6c3c108f50 secure :-1 s=READY pgs=41 cs=0 l=1 rev1=1 crypto rx=0x7f6c2c009920 tx=0x7f6c2c02ef20 comp rx=0 tx=0).ready entity=mon.0 client_cookie=592c176fd6be7871 server_cookie=0 in_seq=0 out_seq=0
2026-03-09T17:20:33.225 INFO:teuthology.orchestra.run.vm00.stdout:/usr/bin/ceph: stderr
2026-03-09T17:20:33.075+0000 7f6c33fff640 1 -- 192.168.123.100:0/3098250026 <== mon.0 v2:192.168.123.100:3300/0 1 ==== mon_map magic: 0 ==== 205+0+0 (secure 0 0 0) 0x7f6c2c03c070 con 0x7f6c3c108b50
2026-03-09T17:20:33.225 INFO:teuthology.orchestra.run.vm00.stdout:/usr/bin/ceph: stderr
2026-03-09T17:20:33.075+0000 7f6c33fff640 1 -- 192.168.123.100:0/3098250026 <== mon.0 v2:192.168.123.100:3300/0 2 ==== config(25 keys) ==== 998+0+0 (secure 0 0 0) 0x7f6c2c037440 con 0x7f6c3c108b50
2026-03-09T17:20:33.225 INFO:teuthology.orchestra.run.vm00.stdout:/usr/bin/ceph: stderr
2026-03-09T17:20:33.075+0000 7f6c33fff640 1 -- 192.168.123.100:0/3098250026 <== mon.0 v2:192.168.123.100:3300/0 3 ==== mon_map magic: 0 ==== 205+0+0 (secure 0 0 0) 0x7f6c2c0354d0 con 0x7f6c3c108b50
2026-03-09T17:20:33.225 INFO:teuthology.orchestra.run.vm00.stdout:/usr/bin/ceph: stderr
2026-03-09T17:20:33.075+0000 7f6c43409640 1 -- 192.168.123.100:0/3098250026 >> [v2:192.168.123.100:3300/0,v1:192.168.123.100:6789/0] conn(0x7f6c3c108b50 msgr2=0x7f6c3c108f50 secure :-1 s=STATE_CONNECTION_ESTABLISHED l=1).mark_down
2026-03-09T17:20:33.225 INFO:teuthology.orchestra.run.vm00.stdout:/usr/bin/ceph: stderr
2026-03-09T17:20:33.075+0000 7f6c43409640 1 --2- 192.168.123.100:0/3098250026 >> [v2:192.168.123.100:3300/0,v1:192.168.123.100:6789/0] conn(0x7f6c3c108b50 0x7f6c3c108f50 secure :-1 s=READY pgs=41 cs=0 l=1 rev1=1 crypto rx=0x7f6c2c009920 tx=0x7f6c2c02ef20 comp rx=0 tx=0).stop
2026-03-09T17:20:33.225 INFO:teuthology.orchestra.run.vm00.stdout:/usr/bin/ceph: stderr
2026-03-09T17:20:33.079+0000 7f6c43409640 1 -- 192.168.123.100:0/3098250026 shutdown_connections
2026-03-09T17:20:33.225 INFO:teuthology.orchestra.run.vm00.stdout:/usr/bin/ceph: stderr
2026-03-09T17:20:33.079+0000 7f6c43409640 1 --2- 192.168.123.100:0/3098250026 >> [v2:192.168.123.100:3300/0,v1:192.168.123.100:6789/0] conn(0x7f6c3c108b50 0x7f6c3c108f50 unknown :-1 s=CLOSED pgs=41 cs=0 l=1 rev1=1 crypto rx=0 tx=0 comp rx=0 tx=0).stop
2026-03-09T17:20:33.225 INFO:teuthology.orchestra.run.vm00.stdout:/usr/bin/ceph: stderr
2026-03-09T17:20:33.079+0000 7f6c43409640 1 -- 192.168.123.100:0/3098250026 >> 192.168.123.100:0/3098250026 conn(0x7f6c3c07c030 msgr2=0x7f6c3c07c440 unknown :-1 s=STATE_NONE l=0).mark_down
2026-03-09T17:20:33.225 INFO:teuthology.orchestra.run.vm00.stdout:/usr/bin/ceph: stderr
2026-03-09T17:20:33.079+0000 7f6c43409640 1 -- 192.168.123.100:0/3098250026 shutdown_connections
2026-03-09T17:20:33.225 INFO:teuthology.orchestra.run.vm00.stdout:/usr/bin/ceph: stderr
2026-03-09T17:20:33.079+0000 7f6c43409640 1 -- 192.168.123.100:0/3098250026 wait complete.
2026-03-09T17:20:33.225 INFO:teuthology.orchestra.run.vm00.stdout:/usr/bin/ceph: stderr
2026-03-09T17:20:33.079+0000 7f6c43409640 1 Processor -- start
2026-03-09T17:20:33.225 INFO:teuthology.orchestra.run.vm00.stdout:/usr/bin/ceph: stderr
2026-03-09T17:20:33.079+0000 7f6c43409640 1 -- start start
2026-03-09T17:20:33.225 INFO:teuthology.orchestra.run.vm00.stdout:/usr/bin/ceph: stderr
2026-03-09T17:20:33.079+0000 7f6c43409640 1 --2- >> [v2:192.168.123.100:3300/0,v1:192.168.123.100:6789/0] conn(0x7f6c3c108b50 0x7f6c3c19e9b0 unknown :-1 s=NONE pgs=0 cs=0 l=1 rev1=0 crypto rx=0 tx=0 comp rx=0 tx=0).connect
2026-03-09T17:20:33.225 INFO:teuthology.orchestra.run.vm00.stdout:/usr/bin/ceph: stderr
2026-03-09T17:20:33.079+0000 7f6c43409640 1 -- --> [v2:192.168.123.100:3300/0,v1:192.168.123.100:6789/0] -- mon_getmap magic: 0 -- 0x7f6c3c10cf80 con 0x7f6c3c108b50
2026-03-09T17:20:33.225 INFO:teuthology.orchestra.run.vm00.stdout:/usr/bin/ceph: stderr
2026-03-09T17:20:33.079+0000 7f6c4117e640 1 --2- >> [v2:192.168.123.100:3300/0,v1:192.168.123.100:6789/0] conn(0x7f6c3c108b50 0x7f6c3c19e9b0 unknown :-1 s=BANNER_CONNECTING pgs=0 cs=0 l=1 rev1=0 crypto rx=0 tx=0 comp rx=0 tx=0)._handle_peer_banner_payload supported=3 required=0
2026-03-09T17:20:33.225 INFO:teuthology.orchestra.run.vm00.stdout:/usr/bin/ceph: stderr
2026-03-09T17:20:33.079+0000 7f6c4117e640 1 --2- >> [v2:192.168.123.100:3300/0,v1:192.168.123.100:6789/0] conn(0x7f6c3c108b50 0x7f6c3c19e9b0 unknown :-1 s=HELLO_CONNECTING pgs=0 cs=0 l=1 rev1=1 crypto rx=0 tx=0 comp rx=0 tx=0).handle_hello peer v2:192.168.123.100:3300/0 says I am v2:192.168.123.100:36308/0 (socket says 192.168.123.100:36308)
2026-03-09T17:20:33.225 INFO:teuthology.orchestra.run.vm00.stdout:/usr/bin/ceph: stderr
2026-03-09T17:20:33.079+0000 7f6c4117e640 1 -- 192.168.123.100:0/100534285 learned_addr learned my addr 192.168.123.100:0/100534285 (peer_addr_for_me v2:192.168.123.100:0/0)
2026-03-09T17:20:33.225 INFO:teuthology.orchestra.run.vm00.stdout:/usr/bin/ceph: stderr
2026-03-09T17:20:33.079+0000 7f6c4117e640 1 -- 192.168.123.100:0/100534285 --> [v2:192.168.123.100:3300/0,v1:192.168.123.100:6789/0] -- mon_subscribe({config=0+,monmap=0+}) -- 0x7f6c3c19eef0 con 0x7f6c3c108b50
2026-03-09T17:20:33.225 INFO:teuthology.orchestra.run.vm00.stdout:/usr/bin/ceph: stderr
2026-03-09T17:20:33.079+0000 7f6c4117e640 1 --2- 192.168.123.100:0/100534285 >> [v2:192.168.123.100:3300/0,v1:192.168.123.100:6789/0] conn(0x7f6c3c108b50 0x7f6c3c19e9b0 secure :-1 s=READY pgs=42 cs=0 l=1 rev1=1 crypto rx=0x7f6c2c006fd0 tx=0x7f6c2c035dc0 comp rx=0 tx=0).ready entity=mon.0 client_cookie=0 server_cookie=0 in_seq=0 out_seq=0
2026-03-09T17:20:33.225 INFO:teuthology.orchestra.run.vm00.stdout:/usr/bin/ceph: stderr
2026-03-09T17:20:33.079+0000 7f6c327fc640 1 -- 192.168.123.100:0/100534285 <== mon.0 v2:192.168.123.100:3300/0 1 ==== mon_map magic: 0 ==== 205+0+0 (secure 0 0 0) 0x7f6c2c045070 con 0x7f6c3c108b50
2026-03-09T17:20:33.225 INFO:teuthology.orchestra.run.vm00.stdout:/usr/bin/ceph: stderr
2026-03-09T17:20:33.079+0000 7f6c327fc640 1 -- 192.168.123.100:0/100534285 <== mon.0 v2:192.168.123.100:3300/0 2 ==== config(25 keys) ==== 998+0+0 (secure 0 0 0) 0x7f6c2c02fbc0 con 0x7f6c3c108b50
2026-03-09T17:20:33.225 INFO:teuthology.orchestra.run.vm00.stdout:/usr/bin/ceph: stderr
2026-03-09T17:20:33.079+0000 7f6c327fc640 1 -- 192.168.123.100:0/100534285 <== mon.0 v2:192.168.123.100:3300/0 3 ==== mon_map magic: 0 ==== 205+0+0 (secure 0 0 0) 0x7f6c2c03c070 con 0x7f6c3c108b50
2026-03-09T17:20:33.225 INFO:teuthology.orchestra.run.vm00.stdout:/usr/bin/ceph: stderr
2026-03-09T17:20:33.079+0000 7f6c43409640 1 -- 192.168.123.100:0/100534285 --> [v2:192.168.123.100:3300/0,v1:192.168.123.100:6789/0] -- mon_subscribe({mgrmap=0+}) -- 0x7f6c3c19f180 con 0x7f6c3c108b50
2026-03-09T17:20:33.225 INFO:teuthology.orchestra.run.vm00.stdout:/usr/bin/ceph: stderr
2026-03-09T17:20:33.079+0000 7f6c43409640 1 -- 192.168.123.100:0/100534285 --> [v2:192.168.123.100:3300/0,v1:192.168.123.100:6789/0] -- mon_subscribe({osdmap=0}) -- 0x7f6c3c1a1e70 con 0x7f6c3c108b50
2026-03-09T17:20:33.225 INFO:teuthology.orchestra.run.vm00.stdout:/usr/bin/ceph: stderr
2026-03-09T17:20:33.083+0000 7f6c327fc640 1 -- 192.168.123.100:0/100534285 <== mon.0 v2:192.168.123.100:3300/0 4 ==== mgrmap(e 7) ==== 50106+0+0 (secure 0 0 0) 0x7f6c2c040450 con 0x7f6c3c108b50
2026-03-09T17:20:33.225 INFO:teuthology.orchestra.run.vm00.stdout:/usr/bin/ceph: stderr
2026-03-09T17:20:33.083+0000 7f6c43409640 1 -- 192.168.123.100:0/100534285 --> [v2:192.168.123.100:3300/0,v1:192.168.123.100:6789/0] -- mon_command({"prefix": "get_command_descriptions"} v 0) -- 0x7f6c3c108fd0 con 0x7f6c3c108b50
2026-03-09T17:20:33.225 INFO:teuthology.orchestra.run.vm00.stdout:/usr/bin/ceph: stderr
2026-03-09T17:20:33.083+0000 7f6c327fc640 1 --2- 192.168.123.100:0/100534285 >> v2:192.168.123.100:6800/1655006894 conn(0x7f6c1403db30 0x7f6c1403fff0 unknown :-1 s=NONE pgs=0 cs=0 l=1 rev1=0 crypto rx=0 tx=0 comp rx=0 tx=0).connect
2026-03-09T17:20:33.225 INFO:teuthology.orchestra.run.vm00.stdout:/usr/bin/ceph: stderr
2026-03-09T17:20:33.083+0000 7f6c327fc640 1 -- 192.168.123.100:0/100534285 <== mon.0 v2:192.168.123.100:3300/0 5 ==== osd_map(2..2 src has 1..2) ==== 897+0+0 (secure 0 0 0) 0x7f6c2c0767a0 con 0x7f6c3c108b50
2026-03-09T17:20:33.225 INFO:teuthology.orchestra.run.vm00.stdout:/usr/bin/ceph: stderr
2026-03-09T17:20:33.087+0000 7f6c4097d640 1 --2- 192.168.123.100:0/100534285 >> v2:192.168.123.100:6800/1655006894 conn(0x7f6c1403db30 0x7f6c1403fff0 unknown :-1 s=BANNER_CONNECTING pgs=0 cs=0 l=1 rev1=0 crypto rx=0 tx=0 comp rx=0 tx=0)._handle_peer_banner_payload supported=3 required=0
2026-03-09T17:20:33.225 INFO:teuthology.orchestra.run.vm00.stdout:/usr/bin/ceph: stderr
2026-03-09T17:20:33.087+0000 7f6c4097d640 1 --2- 192.168.123.100:0/100534285 >> v2:192.168.123.100:6800/1655006894 conn(0x7f6c1403db30 0x7f6c1403fff0 secure :-1 s=READY pgs=10 cs=0 l=1 rev1=1 crypto rx=0x7f6c240099c0 tx=0x7f6c24006eb0 comp rx=0 tx=0).ready entity=mgr.14118 client_cookie=0 server_cookie=0 in_seq=0 out_seq=0
2026-03-09T17:20:33.225 INFO:teuthology.orchestra.run.vm00.stdout:/usr/bin/ceph: stderr
2026-03-09T17:20:33.087+0000 7f6c327fc640 1 -- 192.168.123.100:0/100534285 <== mon.0 v2:192.168.123.100:3300/0 6 ==== mon_command_ack([{"prefix": "get_command_descriptions"}]=0 v0) ==== 72+0+195034 (secure 0 0 0) 0x7f6c2c03b170 con 0x7f6c3c108b50
2026-03-09T17:20:33.225 INFO:teuthology.orchestra.run.vm00.stdout:/usr/bin/ceph: stderr
2026-03-09T17:20:33.183+0000 7f6c43409640 1 -- 192.168.123.100:0/100534285 --> v2:192.168.123.100:6800/1655006894 -- mgr_command(tid 0: {"prefix": "cephadm get-pub-key", "target": ["mon-mgr", ""]}) -- 0x7f6c3c106790 con 0x7f6c1403db30
2026-03-09T17:20:33.225 INFO:teuthology.orchestra.run.vm00.stdout:/usr/bin/ceph: stderr
2026-03-09T17:20:33.183+0000 7f6c327fc640 1 -- 192.168.123.100:0/100534285 <== mgr.14118 v2:192.168.123.100:6800/1655006894 1 ==== mgr_command_reply(tid 0: 0 ) ==== 8+0+123 (secure 0 0 0) 0x7f6c3c106790 con 0x7f6c1403db30
2026-03-09T17:20:33.225 INFO:teuthology.orchestra.run.vm00.stdout:/usr/bin/ceph: stderr
2026-03-09T17:20:33.183+0000 7f6c43409640 1 -- 192.168.123.100:0/100534285 >> v2:192.168.123.100:6800/1655006894 conn(0x7f6c1403db30 msgr2=0x7f6c1403fff0 secure :-1 s=STATE_CONNECTION_ESTABLISHED l=1).mark_down
2026-03-09T17:20:33.225 INFO:teuthology.orchestra.run.vm00.stdout:/usr/bin/ceph: stderr
2026-03-09T17:20:33.183+0000 7f6c43409640 1 --2- 192.168.123.100:0/100534285 >> v2:192.168.123.100:6800/1655006894 conn(0x7f6c1403db30 0x7f6c1403fff0 secure :-1 s=READY pgs=10 cs=0 l=1 rev1=1 crypto rx=0x7f6c240099c0 tx=0x7f6c24006eb0 comp rx=0 tx=0).stop
2026-03-09T17:20:33.225 INFO:teuthology.orchestra.run.vm00.stdout:/usr/bin/ceph: stderr
2026-03-09T17:20:33.183+0000 7f6c43409640 1 -- 192.168.123.100:0/100534285 >> [v2:192.168.123.100:3300/0,v1:192.168.123.100:6789/0] conn(0x7f6c3c108b50 msgr2=0x7f6c3c19e9b0 secure :-1 s=STATE_CONNECTION_ESTABLISHED l=1).mark_down
2026-03-09T17:20:33.225 INFO:teuthology.orchestra.run.vm00.stdout:/usr/bin/ceph: stderr
2026-03-09T17:20:33.187+0000 7f6c43409640 1 --2- 192.168.123.100:0/100534285 >> [v2:192.168.123.100:3300/0,v1:192.168.123.100:6789/0] conn(0x7f6c3c108b50 0x7f6c3c19e9b0 secure :-1 s=READY pgs=42 cs=0 l=1 rev1=1 crypto rx=0x7f6c2c006fd0 tx=0x7f6c2c035dc0 comp rx=0 tx=0).stop
2026-03-09T17:20:33.225 INFO:teuthology.orchestra.run.vm00.stdout:/usr/bin/ceph: stderr
2026-03-09T17:20:33.187+0000 7f6c43409640 1 -- 192.168.123.100:0/100534285 shutdown_connections
2026-03-09T17:20:33.225 INFO:teuthology.orchestra.run.vm00.stdout:/usr/bin/ceph: stderr
2026-03-09T17:20:33.187+0000 7f6c43409640 1 --2- 192.168.123.100:0/100534285 >> v2:192.168.123.100:6800/1655006894 conn(0x7f6c1403db30 0x7f6c1403fff0 unknown :-1 s=CLOSED pgs=10 cs=0 l=1 rev1=1 crypto rx=0 tx=0 comp rx=0 tx=0).stop
2026-03-09T17:20:33.225 INFO:teuthology.orchestra.run.vm00.stdout:/usr/bin/ceph: stderr
2026-03-09T17:20:33.187+0000 7f6c43409640 1 --2- 192.168.123.100:0/100534285 >> [v2:192.168.123.100:3300/0,v1:192.168.123.100:6789/0] conn(0x7f6c3c108b50 0x7f6c3c19e9b0 unknown :-1 s=CLOSED pgs=42 cs=0 l=1 rev1=1 crypto rx=0 tx=0 comp rx=0 tx=0).stop
2026-03-09T17:20:33.225 INFO:teuthology.orchestra.run.vm00.stdout:/usr/bin/ceph: stderr
2026-03-09T17:20:33.187+0000 7f6c43409640 1 -- 192.168.123.100:0/100534285 >> 192.168.123.100:0/100534285 conn(0x7f6c3c07c030 msgr2=0x7f6c3c106080 unknown :-1 s=STATE_NONE l=0).mark_down
2026-03-09T17:20:33.225 INFO:teuthology.orchestra.run.vm00.stdout:/usr/bin/ceph: stderr
2026-03-09T17:20:33.187+0000 7f6c43409640 1 -- 192.168.123.100:0/100534285 shutdown_connections
2026-03-09T17:20:33.226 INFO:teuthology.orchestra.run.vm00.stdout:/usr/bin/ceph: stderr
2026-03-09T17:20:33.187+0000 7f6c43409640 1 -- 192.168.123.100:0/100534285 wait complete.
2026-03-09T17:20:33.226 INFO:teuthology.orchestra.run.vm00.stdout:Wrote public SSH key to /home/ubuntu/cephtest/ceph.pub
2026-03-09T17:20:33.226 INFO:teuthology.orchestra.run.vm00.stdout:Adding key to root@localhost authorized_keys...
2026-03-09T17:20:33.226 INFO:teuthology.orchestra.run.vm00.stdout:Adding host vm00...
2026-03-09T17:20:33.462 INFO:journalctl@ceph.mon.a.vm00.stdout:Mar 09 17:20:33 vm00 bash[20770]: audit
2026-03-09T17:20:32.047319+0000 mgr.y (mgr.14118) 2 : audit [DBG] from='client.14122 -' entity='client.admin' cmd=[{"prefix": "get_command_descriptions"}]: dispatch
2026-03-09T17:20:33.462 INFO:journalctl@ceph.mon.a.vm00.stdout:Mar 09 17:20:33 vm00 bash[20770]: audit
2026-03-09T17:20:32.047319+0000 mgr.y (mgr.14118) 2 : audit [DBG] from='client.14122 -' entity='client.admin' cmd=[{"prefix": "get_command_descriptions"}]: dispatch
2026-03-09T17:20:33.462 INFO:journalctl@ceph.mon.a.vm00.stdout:Mar 09 17:20:33 vm00 bash[20770]: audit
2026-03-09T17:20:32.052201+0000 mgr.y (mgr.14118) 3 : audit [DBG] from='client.14122 -' entity='client.admin' cmd=[{"prefix": "mgr_status"}]: dispatch
2026-03-09T17:20:33.462 INFO:journalctl@ceph.mon.a.vm00.stdout:Mar 09 17:20:33 vm00 bash[20770]: audit
2026-03-09T17:20:32.052201+0000 mgr.y (mgr.14118) 3 : audit [DBG] from='client.14122 -' entity='client.admin' cmd=[{"prefix": "mgr_status"}]: dispatch
2026-03-09T17:20:33.462 INFO:journalctl@ceph.mon.a.vm00.stdout:Mar 09 17:20:33 vm00 bash[20770]: cephadm
2026-03-09T17:20:32.073717+0000 mgr.y (mgr.14118) 4 : cephadm [INF] [09/Mar/2026:17:20:32] ENGINE Bus STARTING
2026-03-09T17:20:33.462 INFO:journalctl@ceph.mon.a.vm00.stdout:Mar 09 17:20:33 vm00 bash[20770]: cephadm
2026-03-09T17:20:32.073717+0000 mgr.y (mgr.14118) 4 : cephadm [INF] [09/Mar/2026:17:20:32] ENGINE Bus STARTING
2026-03-09T17:20:33.462 INFO:journalctl@ceph.mon.a.vm00.stdout:Mar 09 17:20:33 vm00 bash[20770]: cephadm
2026-03-09T17:20:32.175439+0000 mgr.y (mgr.14118) 5 : cephadm [INF] [09/Mar/2026:17:20:32] ENGINE Serving on http://192.168.123.100:8765
2026-03-09T17:20:33.462 INFO:journalctl@ceph.mon.a.vm00.stdout:Mar 09 17:20:33 vm00 bash[20770]: cephadm
2026-03-09T17:20:32.175439+0000 mgr.y (mgr.14118) 5 : cephadm [INF] [09/Mar/2026:17:20:32] ENGINE Serving on http://192.168.123.100:8765
2026-03-09T17:20:33.462 INFO:journalctl@ceph.mon.a.vm00.stdout:Mar 09 17:20:33 vm00 bash[20770]: cephadm
2026-03-09T17:20:32.285891+0000 mgr.y (mgr.14118) 6 : cephadm [INF] [09/Mar/2026:17:20:32] ENGINE Serving on https://192.168.123.100:7150
2026-03-09T17:20:33.462 INFO:journalctl@ceph.mon.a.vm00.stdout:Mar 09 17:20:33 vm00 bash[20770]: cephadm
2026-03-09T17:20:32.285891+0000 mgr.y (mgr.14118) 6 : cephadm [INF] [09/Mar/2026:17:20:32] ENGINE Serving on https://192.168.123.100:7150
2026-03-09T17:20:33.462 INFO:journalctl@ceph.mon.a.vm00.stdout:Mar 09 17:20:33 vm00 bash[20770]: cephadm
2026-03-09T17:20:32.285977+0000 mgr.y (mgr.14118) 7 : cephadm [INF] [09/Mar/2026:17:20:32] ENGINE Bus STARTED
2026-03-09T17:20:33.462 INFO:journalctl@ceph.mon.a.vm00.stdout:Mar 09 17:20:33 vm00 bash[20770]: cephadm
2026-03-09T17:20:32.285977+0000 mgr.y (mgr.14118) 7 : cephadm [INF] [09/Mar/2026:17:20:32] ENGINE Bus STARTED
2026-03-09T17:20:33.462 INFO:journalctl@ceph.mon.a.vm00.stdout:Mar 09 17:20:33 vm00 bash[20770]: cephadm
2026-03-09T17:20:32.286538+0000 mgr.y (mgr.14118) 8 : cephadm [INF] [09/Mar/2026:17:20:32] ENGINE Client ('192.168.123.100', 42210) lost — peer dropped the TLS connection suddenly, during handshake: (6, 'TLS/SSL connection has been closed (EOF) (_ssl.c:1147)')
2026-03-09T17:20:33.463 INFO:journalctl@ceph.mon.a.vm00.stdout:Mar 09 17:20:33 vm00 bash[20770]: cephadm
2026-03-09T17:20:32.286538+0000 mgr.y (mgr.14118) 8 : cephadm [INF] [09/Mar/2026:17:20:32] ENGINE Client ('192.168.123.100', 42210) lost — peer dropped the TLS connection suddenly, during handshake: (6, 'TLS/SSL connection has been closed (EOF) (_ssl.c:1147)')
2026-03-09T17:20:33.463 INFO:journalctl@ceph.mon.a.vm00.stdout:Mar 09 17:20:33 vm00 bash[20770]: audit
2026-03-09T17:20:32.343210+0000 mgr.y (mgr.14118) 9 : audit [DBG] from='client.14130 -' entity='client.admin' cmd=[{"prefix": "orch set backend", "module_name": "cephadm", "target": ["mon-mgr", ""]}]: dispatch
2026-03-09T17:20:33.463 INFO:journalctl@ceph.mon.a.vm00.stdout:Mar 09 17:20:33 vm00 bash[20770]: audit
2026-03-09T17:20:32.343210+0000 mgr.y (mgr.14118) 9 : audit [DBG] from='client.14130 -' entity='client.admin' cmd=[{"prefix": "orch set backend", "module_name": "cephadm", "target": ["mon-mgr", ""]}]: dispatch
2026-03-09T17:20:33.463 INFO:journalctl@ceph.mon.a.vm00.stdout:Mar 09 17:20:33 vm00 bash[20770]: audit
2026-03-09T17:20:32.630955+0000 mgr.y (mgr.14118) 10 : audit [DBG] from='client.14132 -' entity='client.admin' cmd=[{"prefix": "cephadm set-user", "user": "root", "target": ["mon-mgr", ""]}]: dispatch
2026-03-09T17:20:33.463 INFO:journalctl@ceph.mon.a.vm00.stdout:Mar 09 17:20:33 vm00 bash[20770]: audit
2026-03-09T17:20:32.630955+0000 mgr.y (mgr.14118) 10 : audit [DBG] from='client.14132 -' entity='client.admin' cmd=[{"prefix": "cephadm set-user", "user": "root", "target": ["mon-mgr", ""]}]: dispatch
2026-03-09T17:20:33.463 INFO:journalctl@ceph.mon.a.vm00.stdout:Mar 09 17:20:33 vm00 bash[20770]: audit
2026-03-09T17:20:32.911889+0000 mon.a (mon.0) 61 : audit [INF] from='mgr.14118 192.168.123.100:0/3276404274' entity='mgr.y'
2026-03-09T17:20:33.463 INFO:journalctl@ceph.mon.a.vm00.stdout:Mar 09 17:20:33 vm00 bash[20770]: audit
2026-03-09T17:20:32.911889+0000 mon.a (mon.0) 61 : audit [INF] from='mgr.14118 192.168.123.100:0/3276404274' entity='mgr.y'
2026-03-09T17:20:33.463 INFO:journalctl@ceph.mon.a.vm00.stdout:Mar 09 17:20:33 vm00 bash[20770]: audit
2026-03-09T17:20:32.915083+0000 mon.a (mon.0) 62 : audit [INF] from='mgr.14118 192.168.123.100:0/3276404274' entity='mgr.y'
2026-03-09T17:20:33.463 INFO:journalctl@ceph.mon.a.vm00.stdout:Mar 09 17:20:33 vm00 bash[20770]: audit
2026-03-09T17:20:32.915083+0000 mon.a (mon.0) 62 : audit [INF] from='mgr.14118 192.168.123.100:0/3276404274' entity='mgr.y'
2026-03-09T17:20:34.787 INFO:journalctl@ceph.mon.a.vm00.stdout:Mar 09 17:20:34 vm00 bash[20770]: audit
2026-03-09T17:20:32.895172+0000 mgr.y (mgr.14118) 11 : audit [DBG] from='client.14134 -' entity='client.admin' cmd=[{"prefix": "cephadm generate-key", "target": ["mon-mgr", ""]}]: dispatch
2026-03-09T17:20:34.787 INFO:journalctl@ceph.mon.a.vm00.stdout:Mar 09 17:20:34 vm00 bash[20770]: audit
2026-03-09T17:20:32.895172+0000 mgr.y (mgr.14118) 11 : audit [DBG] from='client.14134 -' entity='client.admin' cmd=[{"prefix": "cephadm generate-key", "target": ["mon-mgr", ""]}]: dispatch
2026-03-09T17:20:34.787 INFO:journalctl@ceph.mon.a.vm00.stdout:Mar 09 17:20:34 vm00 bash[20770]: cephadm
2026-03-09T17:20:32.895381+0000 mgr.y (mgr.14118) 12 : cephadm [INF] Generating ssh key...
2026-03-09T17:20:34.787 INFO:journalctl@ceph.mon.a.vm00.stdout:Mar 09 17:20:34 vm00 bash[20770]: cephadm
2026-03-09T17:20:32.895381+0000 mgr.y (mgr.14118) 12 : cephadm [INF] Generating ssh key...
2026-03-09T17:20:34.787 INFO:journalctl@ceph.mon.a.vm00.stdout:Mar 09 17:20:34 vm00 bash[20770]: audit
2026-03-09T17:20:33.185519+0000 mgr.y (mgr.14118) 13 : audit [DBG] from='client.14136 -' entity='client.admin' cmd=[{"prefix": "cephadm get-pub-key", "target": ["mon-mgr", ""]}]: dispatch
2026-03-09T17:20:34.787 INFO:journalctl@ceph.mon.a.vm00.stdout:Mar 09 17:20:34 vm00 bash[20770]: audit
2026-03-09T17:20:33.185519+0000 mgr.y (mgr.14118) 13 : audit [DBG] from='client.14136 -' entity='client.admin' cmd=[{"prefix": "cephadm get-pub-key", "target": ["mon-mgr", ""]}]: dispatch
2026-03-09T17:20:34.787 INFO:journalctl@ceph.mon.a.vm00.stdout:Mar 09 17:20:34 vm00 bash[20770]: audit
2026-03-09T17:20:33.456437+0000 mgr.y (mgr.14118) 14 : audit [DBG] from='client.14138 -' entity='client.admin' cmd=[{"prefix": "orch host add", "hostname": "vm00", "addr": "192.168.123.100", "target": ["mon-mgr", ""]}]: dispatch
2026-03-09T17:20:34.787 INFO:journalctl@ceph.mon.a.vm00.stdout:Mar 09 17:20:34 vm00 bash[20770]: audit
2026-03-09T17:20:33.456437+0000 mgr.y (mgr.14118) 14 : audit [DBG] from='client.14138 -' entity='client.admin' cmd=[{"prefix": "orch host add", "hostname": "vm00", "addr": "192.168.123.100", "target": ["mon-mgr", ""]}]: dispatch
2026-03-09T17:20:34.787 INFO:journalctl@ceph.mon.a.vm00.stdout:Mar 09 17:20:34 vm00 bash[20770]: cluster
2026-03-09T17:20:33.920857+0000 mon.a (mon.0) 63 : cluster [DBG] mgrmap e8: y(active, since 2s)
2026-03-09T17:20:34.787 INFO:journalctl@ceph.mon.a.vm00.stdout:Mar 09 17:20:34 vm00 bash[20770]: cluster
2026-03-09T17:20:33.920857+0000 mon.a (mon.0) 63 : cluster [DBG] mgrmap e8: y(active, since 2s)
2026-03-09T17:20:35.352 INFO:teuthology.orchestra.run.vm00.stdout:/usr/bin/ceph: stdout Added host 'vm00' with addr '192.168.123.100'
2026-03-09T17:20:35.352 INFO:teuthology.orchestra.run.vm00.stdout:/usr/bin/ceph: stderr
2026-03-09T17:20:33.347+0000 7fbf8eea4640 1 Processor -- start
2026-03-09T17:20:35.353 INFO:teuthology.orchestra.run.vm00.stdout:/usr/bin/ceph: stderr
2026-03-09T17:20:33.347+0000 7fbf8eea4640 1 -- start start
2026-03-09T17:20:35.353 INFO:teuthology.orchestra.run.vm00.stdout:/usr/bin/ceph: stderr
2026-03-09T17:20:33.347+0000 7fbf8eea4640 1 --2- >> [v2:192.168.123.100:3300/0,v1:192.168.123.100:6789/0] conn(0x7fbf88108b70 0x7fbf88108f70 unknown :-1 s=NONE pgs=0 cs=0 l=0 rev1=0 crypto rx=0 tx=0 comp rx=0 tx=0).connect
2026-03-09T17:20:35.353 INFO:teuthology.orchestra.run.vm00.stdout:/usr/bin/ceph: stderr
2026-03-09T17:20:33.347+0000 7fbf8eea4640 1 -- --> [v2:192.168.123.100:3300/0,v1:192.168.123.100:6789/0] -- mon_getmap magic: 0 -- 0x7fbf88109540 con 0x7fbf88108b70
2026-03-09T17:20:35.353 INFO:teuthology.orchestra.run.vm00.stdout:/usr/bin/ceph: stderr
2026-03-09T17:20:33.347+0000 7fbf8cc19640 1 --2- >> [v2:192.168.123.100:3300/0,v1:192.168.123.100:6789/0] conn(0x7fbf88108b70 0x7fbf88108f70 unknown :-1 s=BANNER_CONNECTING pgs=0 cs=0 l=0 rev1=0 crypto rx=0 tx=0 comp rx=0 tx=0)._handle_peer_banner_payload supported=3 required=0
2026-03-09T17:20:35.353 INFO:teuthology.orchestra.run.vm00.stdout:/usr/bin/ceph: stderr
2026-03-09T17:20:33.347+0000 7fbf8cc19640 1 --2- >> [v2:192.168.123.100:3300/0,v1:192.168.123.100:6789/0] conn(0x7fbf88108b70 0x7fbf88108f70 unknown :-1 s=HELLO_CONNECTING pgs=0 cs=0 l=0 rev1=1 crypto rx=0 tx=0 comp rx=0 tx=0).handle_hello peer v2:192.168.123.100:3300/0 says I am v2:192.168.123.100:36318/0 (socket says 192.168.123.100:36318)
2026-03-09T17:20:35.353 INFO:teuthology.orchestra.run.vm00.stdout:/usr/bin/ceph: stderr
2026-03-09T17:20:33.347+0000 7fbf8cc19640 1 -- 192.168.123.100:0/586815391 learned_addr learned my addr 192.168.123.100:0/586815391 (peer_addr_for_me v2:192.168.123.100:0/0)
2026-03-09T17:20:35.353 INFO:teuthology.orchestra.run.vm00.stdout:/usr/bin/ceph: stderr
2026-03-09T17:20:33.351+0000 7fbf8cc19640 1 -- 192.168.123.100:0/586815391 --> [v2:192.168.123.100:3300/0,v1:192.168.123.100:6789/0] -- mon_subscribe({config=0+,monmap=0+}) -- 0x7fbf88109d70 con 0x7fbf88108b70
2026-03-09T17:20:35.353 INFO:teuthology.orchestra.run.vm00.stdout:/usr/bin/ceph: stderr
2026-03-09T17:20:33.351+0000 7fbf8cc19640 1 --2- 192.168.123.100:0/586815391 >> [v2:192.168.123.100:3300/0,v1:192.168.123.100:6789/0] conn(0x7fbf88108b70 0x7fbf88108f70 secure :-1 s=READY pgs=43 cs=0 l=1 rev1=1 crypto rx=0x7fbf70009920 tx=0x7fbf7002ef20 comp rx=0 tx=0).ready entity=mon.0 client_cookie=afea89835e2ccc26 server_cookie=0 in_seq=0 out_seq=0
2026-03-09T17:20:35.353 INFO:teuthology.orchestra.run.vm00.stdout:/usr/bin/ceph: stderr
2026-03-09T17:20:33.351+0000 7fbf7f7fe640 1 -- 192.168.123.100:0/586815391 <== mon.0 v2:192.168.123.100:3300/0 1 ==== mon_map magic: 0 ==== 205+0+0 (secure 0 0 0) 0x7fbf7003c070 con 0x7fbf88108b70
2026-03-09T17:20:35.353 INFO:teuthology.orchestra.run.vm00.stdout:/usr/bin/ceph: stderr
2026-03-09T17:20:33.351+0000 7fbf7f7fe640 1 -- 192.168.123.100:0/586815391 <== mon.0 v2:192.168.123.100:3300/0 2 ==== config(25 keys) ==== 998+0+0 (secure 0 0 0) 0x7fbf70037440 con 0x7fbf88108b70
2026-03-09T17:20:35.353 INFO:teuthology.orchestra.run.vm00.stdout:/usr/bin/ceph: stderr
2026-03-09T17:20:33.351+0000 7fbf7f7fe640 1 -- 192.168.123.100:0/586815391 <== mon.0 v2:192.168.123.100:3300/0 3 ==== mon_map magic: 0 ==== 205+0+0 (secure 0 0 0) 0x7fbf700354d0 con 0x7fbf88108b70
2026-03-09T17:20:35.353 INFO:teuthology.orchestra.run.vm00.stdout:/usr/bin/ceph: stderr
2026-03-09T17:20:33.351+0000 7fbf8eea4640 1 -- 192.168.123.100:0/586815391 >> [v2:192.168.123.100:3300/0,v1:192.168.123.100:6789/0] conn(0x7fbf88108b70 msgr2=0x7fbf88108f70 secure :-1 s=STATE_CONNECTION_ESTABLISHED l=1).mark_down
2026-03-09T17:20:35.353 INFO:teuthology.orchestra.run.vm00.stdout:/usr/bin/ceph: stderr
2026-03-09T17:20:33.351+0000 7fbf8eea4640 1 --2- 192.168.123.100:0/586815391 >> [v2:192.168.123.100:3300/0,v1:192.168.123.100:6789/0] conn(0x7fbf88108b70 0x7fbf88108f70 secure :-1 s=READY pgs=43 cs=0 l=1 rev1=1 crypto rx=0x7fbf70009920 tx=0x7fbf7002ef20 comp rx=0 tx=0).stop
2026-03-09T17:20:35.353 INFO:teuthology.orchestra.run.vm00.stdout:/usr/bin/ceph: stderr
2026-03-09T17:20:33.351+0000 7fbf8eea4640 1 -- 192.168.123.100:0/586815391 shutdown_connections
2026-03-09T17:20:35.353 INFO:teuthology.orchestra.run.vm00.stdout:/usr/bin/ceph: stderr
2026-03-09T17:20:33.351+0000 7fbf8eea4640 1 --2- 192.168.123.100:0/586815391 >> [v2:192.168.123.100:3300/0,v1:192.168.123.100:6789/0] conn(0x7fbf88108b70 0x7fbf88108f70 unknown :-1 s=CLOSED pgs=43 cs=0 l=1 rev1=1 crypto rx=0 tx=0 comp rx=0 tx=0).stop
2026-03-09T17:20:35.353 INFO:teuthology.orchestra.run.vm00.stdout:/usr/bin/ceph: stderr
2026-03-09T17:20:33.351+0000 7fbf8eea4640 1 -- 192.168.123.100:0/586815391 >> 192.168.123.100:0/586815391 conn(0x7fbf8807c040 msgr2=0x7fbf8807c450 unknown :-1 s=STATE_NONE l=0).mark_down
2026-03-09T17:20:35.353 INFO:teuthology.orchestra.run.vm00.stdout:/usr/bin/ceph: stderr
2026-03-09T17:20:33.351+0000 7fbf8eea4640 1 -- 192.168.123.100:0/586815391 shutdown_connections
2026-03-09T17:20:35.353 INFO:teuthology.orchestra.run.vm00.stdout:/usr/bin/ceph: stderr
2026-03-09T17:20:33.351+0000 7fbf8eea4640 1 -- 192.168.123.100:0/586815391 wait complete.
2026-03-09T17:20:35.353 INFO:teuthology.orchestra.run.vm00.stdout:/usr/bin/ceph: stderr
2026-03-09T17:20:33.351+0000 7fbf8eea4640 1 Processor -- start
2026-03-09T17:20:35.353 INFO:teuthology.orchestra.run.vm00.stdout:/usr/bin/ceph: stderr
2026-03-09T17:20:33.351+0000 7fbf8eea4640 1 -- start start
2026-03-09T17:20:35.353 INFO:teuthology.orchestra.run.vm00.stdout:/usr/bin/ceph: stderr
2026-03-09T17:20:33.351+0000 7fbf8eea4640 1 --2- >> [v2:192.168.123.100:3300/0,v1:192.168.123.100:6789/0] conn(0x7fbf88108b70 0x7fbf8819e960 unknown :-1 s=NONE pgs=0 cs=0 l=1 rev1=0 crypto rx=0 tx=0 comp rx=0 tx=0).connect
2026-03-09T17:20:35.353 INFO:teuthology.orchestra.run.vm00.stdout:/usr/bin/ceph: stderr
2026-03-09T17:20:33.351+0000 7fbf8eea4640 1 -- --> [v2:192.168.123.100:3300/0,v1:192.168.123.100:6789/0] -- mon_getmap magic: 0 -- 0x7fbf8810cfa0 con 0x7fbf88108b70
2026-03-09T17:20:35.353 INFO:teuthology.orchestra.run.vm00.stdout:/usr/bin/ceph: stderr
2026-03-09T17:20:33.351+0000 7fbf8cc19640 1 --2- >> [v2:192.168.123.100:3300/0,v1:192.168.123.100:6789/0] conn(0x7fbf88108b70 0x7fbf8819e960 unknown :-1 s=BANNER_CONNECTING pgs=0 cs=0 l=1 rev1=0 crypto rx=0 tx=0 comp rx=0 tx=0)._handle_peer_banner_payload supported=3 required=0
2026-03-09T17:20:35.353 INFO:teuthology.orchestra.run.vm00.stdout:/usr/bin/ceph: stderr
2026-03-09T17:20:33.351+0000 7fbf8cc19640 1 --2- >> [v2:192.168.123.100:3300/0,v1:192.168.123.100:6789/0] conn(0x7fbf88108b70 0x7fbf8819e960 unknown :-1 s=HELLO_CONNECTING pgs=0 cs=0 l=1 rev1=1 crypto rx=0 tx=0 comp rx=0 tx=0).handle_hello peer v2:192.168.123.100:3300/0 says I am v2:192.168.123.100:36334/0 (socket says 192.168.123.100:36334)
2026-03-09T17:20:35.353 INFO:teuthology.orchestra.run.vm00.stdout:/usr/bin/ceph: stderr
2026-03-09T17:20:33.351+0000 7fbf8cc19640 1 -- 192.168.123.100:0/1686014114 learned_addr learned my addr 192.168.123.100:0/1686014114 (peer_addr_for_me v2:192.168.123.100:0/0)
2026-03-09T17:20:35.353 INFO:teuthology.orchestra.run.vm00.stdout:/usr/bin/ceph: stderr
2026-03-09T17:20:33.351+0000 7fbf8cc19640 1 -- 192.168.123.100:0/1686014114 --> [v2:192.168.123.100:3300/0,v1:192.168.123.100:6789/0] -- mon_subscribe({config=0+,monmap=0+}) -- 0x7fbf8819eea0 con 0x7fbf88108b70
2026-03-09T17:20:35.353 INFO:teuthology.orchestra.run.vm00.stdout:/usr/bin/ceph: stderr
2026-03-09T17:20:33.351+0000 7fbf8cc19640 1 --2- 192.168.123.100:0/1686014114 >> [v2:192.168.123.100:3300/0,v1:192.168.123.100:6789/0] conn(0x7fbf88108b70 0x7fbf8819e960 secure :-1 s=READY pgs=44 cs=0 l=1 rev1=1 crypto rx=0x7fbf70006fd0 tx=0x7fbf70035dc0 comp rx=0 tx=0).ready entity=mon.0 client_cookie=0 server_cookie=0 in_seq=0 out_seq=0
2026-03-09T17:20:35.353 INFO:teuthology.orchestra.run.vm00.stdout:/usr/bin/ceph: stderr
2026-03-09T17:20:33.351+0000 7fbf7dffb640 1 -- 192.168.123.100:0/1686014114 <== mon.0 v2:192.168.123.100:3300/0 1 ==== mon_map magic: 0 ==== 205+0+0 (secure 0 0 0) 0x7fbf70045070 con 0x7fbf88108b70
2026-03-09T17:20:35.353 INFO:teuthology.orchestra.run.vm00.stdout:/usr/bin/ceph: stderr
2026-03-09T17:20:33.351+0000 7fbf8eea4640 1 -- 192.168.123.100:0/1686014114 --> [v2:192.168.123.100:3300/0,v1:192.168.123.100:6789/0] -- mon_subscribe({mgrmap=0+}) -- 0x7fbf8819f130 con 0x7fbf88108b70
2026-03-09T17:20:35.353 INFO:teuthology.orchestra.run.vm00.stdout:/usr/bin/ceph: stderr
2026-03-09T17:20:33.351+0000 7fbf8eea4640 1 -- 192.168.123.100:0/1686014114 --> [v2:192.168.123.100:3300/0,v1:192.168.123.100:6789/0] -- mon_subscribe({osdmap=0}) -- 0x7fbf881a1e20 con 0x7fbf88108b70
