2026-03-09T17:20:42.495+0000 7f25277fe640 1 -- 192.168.123.100:0/3653562174 <== mon.0 v2:192.168.123.100:3300/0 1 ==== mon_map magic: 0 ==== 205+0+0 (secure 0 0 0) 0x7f2528047070 con 0x7f25401045e0
2026-03-09T17:20:42.707 INFO:teuthology.orchestra.run.vm00.stdout:/usr/bin/ceph: stderr
2026-03-09T17:20:42.495+0000 7f25277fe640 1 -- 192.168.123.100:0/3653562174 <== mon.0 v2:192.168.123.100:3300/0 2 ==== config(25 keys) ==== 1029+0+0 (secure 0 0 0) 0x7f2528042440 con 0x7f25401045e0
2026-03-09T17:20:42.707 INFO:teuthology.orchestra.run.vm00.stdout:/usr/bin/ceph: stderr
2026-03-09T17:20:42.495+0000 7f25277fe640 1 -- 192.168.123.100:0/3653562174 <== mon.0 v2:192.168.123.100:3300/0 3 ==== mon_map magic: 0 ==== 205+0+0 (secure 0 0 0) 0x7f252803c070 con 0x7f25401045e0
2026-03-09T17:20:42.707 INFO:teuthology.orchestra.run.vm00.stdout:/usr/bin/ceph: stderr
2026-03-09T17:20:42.495+0000 7f2544d79640 1 -- 192.168.123.100:0/3653562174 --> [v2:192.168.123.100:3300/0,v1:192.168.123.100:6789/0] -- mon_subscribe({mgrmap=0+}) -- 0x7f2540105f40 con 0x7f25401045e0
2026-03-09T17:20:42.708 INFO:teuthology.orchestra.run.vm00.stdout:/usr/bin/ceph: stderr
2026-03-09T17:20:42.495+0000 7f2544d79640 1 -- 192.168.123.100:0/3653562174 --> [v2:192.168.123.100:3300/0,v1:192.168.123.100:6789/0] -- mon_subscribe({osdmap=0}) -- 0x7f2540106360 con 0x7f25401045e0
2026-03-09T17:20:42.708 INFO:teuthology.orchestra.run.vm00.stdout:/usr/bin/ceph: stderr
2026-03-09T17:20:42.495+0000 7f25277fe640 1 -- 192.168.123.100:0/3653562174 <== mon.0 v2:192.168.123.100:3300/0 4 ==== mgrmap(e 11) ==== 50119+0+0 (secure 0 0 0) 0x7f2528041570 con 0x7f25401045e0
2026-03-09T17:20:42.708 INFO:teuthology.orchestra.run.vm00.stdout:/usr/bin/ceph: stderr
2026-03-09T17:20:42.495+0000 7f25277fe640 1 --2- 192.168.123.100:0/3653562174 >> v2:192.168.123.100:6800/3114914985 conn(0x7f251003db30 0x7f251003fff0 unknown :-1 s=NONE pgs=0 cs=0 l=1 rev1=0 crypto rx=0 tx=0 comp rx=0 tx=0).connect
2026-03-09T17:20:42.708 INFO:teuthology.orchestra.run.vm00.stdout:/usr/bin/ceph: stderr
2026-03-09T17:20:42.495+0000 7f25277fe640 1 -- 192.168.123.100:0/3653562174 <== mon.0 v2:192.168.123.100:3300/0 5 ==== osd_map(3..3 src has 1..3) ==== 1069+0+0 (secure 0 0 0) 0x7f2528077a30 con 0x7f25401045e0
2026-03-09T17:20:42.708 INFO:teuthology.orchestra.run.vm00.stdout:/usr/bin/ceph: stderr
2026-03-09T17:20:42.495+0000 7f253dd74640 1 --2- 192.168.123.100:0/3653562174 >> v2:192.168.123.100:6800/3114914985 conn(0x7f251003db30 0x7f251003fff0 unknown :-1 s=BANNER_CONNECTING pgs=0 cs=0 l=1 rev1=0 crypto rx=0 tx=0 comp rx=0 tx=0)._handle_peer_banner_payload supported=3 required=0
2026-03-09T17:20:42.708 INFO:teuthology.orchestra.run.vm00.stdout:/usr/bin/ceph: stderr
2026-03-09T17:20:42.495+0000 7f2544d79640 1 -- 192.168.123.100:0/3653562174 --> [v2:192.168.123.100:3300/0,v1:192.168.123.100:6789/0] -- mon_command({"prefix": "get_command_descriptions"} v 0) -- 0x7f250c005180 con 0x7f25401045e0
2026-03-09T17:20:42.708 INFO:teuthology.orchestra.run.vm00.stdout:/usr/bin/ceph: stderr
2026-03-09T17:20:42.495+0000 7f253dd74640 1 --2- 192.168.123.100:0/3653562174 >> v2:192.168.123.100:6800/3114914985 conn(0x7f251003db30 0x7f251003fff0 secure :-1 s=READY pgs=7 cs=0 l=1 rev1=1 crypto rx=0x7f2534009a10 tx=0x7f2534006eb0 comp rx=0 tx=0).ready entity=mgr.14150 client_cookie=0 server_cookie=0 in_seq=0 out_seq=0
2026-03-09T17:20:42.708 INFO:teuthology.orchestra.run.vm00.stdout:/usr/bin/ceph: stderr
2026-03-09T17:20:42.499+0000 7f25277fe640 1 -- 192.168.123.100:0/3653562174 <== mon.0 v2:192.168.123.100:3300/0 6 ==== mon_command_ack([{"prefix": "get_command_descriptions"}]=0 v0) ==== 72+0+195034 (secure 0 0 0) 0x7f2528047210 con 0x7f25401045e0
2026-03-09T17:20:42.708 INFO:teuthology.orchestra.run.vm00.stdout:/usr/bin/ceph: stderr
2026-03-09T17:20:42.595+0000 7f2544d79640 1 -- 192.168.123.100:0/3653562174 --> v2:192.168.123.100:6800/3114914985 -- mgr_command(tid 0: {"prefix": "dashboard create-self-signed-cert", "target": ["mon-mgr", ""]}) -- 0x7f250c002bf0 con 0x7f251003db30
2026-03-09T17:20:42.708 INFO:teuthology.orchestra.run.vm00.stdout:/usr/bin/ceph: stderr
2026-03-09T17:20:42.663+0000 7f25277fe640 1 -- 192.168.123.100:0/3653562174 <== mgr.14150 v2:192.168.123.100:6800/3114914985 1 ==== mgr_command_reply(tid 0: 0 ) ==== 8+0+32 (secure 0 0 0) 0x7f250c002bf0 con 0x7f251003db30
2026-03-09T17:20:42.708 INFO:teuthology.orchestra.run.vm00.stdout:/usr/bin/ceph: stderr
2026-03-09T17:20:42.667+0000 7f2544d79640 1 -- 192.168.123.100:0/3653562174 >> v2:192.168.123.100:6800/3114914985 conn(0x7f251003db30 msgr2=0x7f251003fff0 secure :-1 s=STATE_CONNECTION_ESTABLISHED l=1).mark_down
2026-03-09T17:20:42.708 INFO:teuthology.orchestra.run.vm00.stdout:/usr/bin/ceph: stderr
2026-03-09T17:20:42.667+0000 7f2544d79640 1 --2- 192.168.123.100:0/3653562174 >> v2:192.168.123.100:6800/3114914985 conn(0x7f251003db30 0x7f251003fff0 secure :-1 s=READY pgs=7 cs=0 l=1 rev1=1 crypto rx=0x7f2534009a10 tx=0x7f2534006eb0 comp rx=0 tx=0).stop
2026-03-09T17:20:42.708 INFO:teuthology.orchestra.run.vm00.stdout:/usr/bin/ceph: stderr
2026-03-09T17:20:42.667+0000 7f2544d79640 1 -- 192.168.123.100:0/3653562174 >> [v2:192.168.123.100:3300/0,v1:192.168.123.100:6789/0] conn(0x7f25401045e0 msgr2=0x7f2540107810 secure :-1 s=STATE_CONNECTION_ESTABLISHED l=1).mark_down
2026-03-09T17:20:42.708 INFO:teuthology.orchestra.run.vm00.stdout:/usr/bin/ceph: stderr
2026-03-09T17:20:42.667+0000 7f2544d79640 1 --2- 192.168.123.100:0/3653562174 >> [v2:192.168.123.100:3300/0,v1:192.168.123.100:6789/0] conn(0x7f25401045e0 0x7f2540107810 secure :-1 s=READY pgs=69 cs=0 l=1 rev1=1 crypto rx=0x7f2528002410 tx=0x7f252802fd20 comp rx=0 tx=0).stop
2026-03-09T17:20:42.708 INFO:teuthology.orchestra.run.vm00.stdout:/usr/bin/ceph: stderr
2026-03-09T17:20:42.667+0000 7f2544d79640 1 -- 192.168.123.100:0/3653562174 shutdown_connections
2026-03-09T17:20:42.708 INFO:teuthology.orchestra.run.vm00.stdout:/usr/bin/ceph: stderr
2026-03-09T17:20:42.667+0000 7f2544d79640 1 --2- 192.168.123.100:0/3653562174 >> v2:192.168.123.100:6800/3114914985 conn(0x7f251003db30 0x7f251003fff0 unknown :-1 s=CLOSED pgs=7 cs=0 l=1 rev1=1 crypto rx=0 tx=0 comp rx=0 tx=0).stop
2026-03-09T17:20:42.708 INFO:teuthology.orchestra.run.vm00.stdout:/usr/bin/ceph: stderr
2026-03-09T17:20:42.667+0000 7f2544d79640 1 --2- 192.168.123.100:0/3653562174 >> [v2:192.168.123.100:3300/0,v1:192.168.123.100:6789/0] conn(0x7f25401045e0 0x7f2540107810 unknown :-1 s=CLOSED pgs=69 cs=0 l=1 rev1=1 crypto rx=0 tx=0 comp rx=0 tx=0).stop
2026-03-09T17:20:42.708 INFO:teuthology.orchestra.run.vm00.stdout:/usr/bin/ceph: stderr
2026-03-09T17:20:42.667+0000 7f2544d79640 1 -- 192.168.123.100:0/3653562174 >> 192.168.123.100:0/3653562174 conn(0x7f2540100250 msgr2=0x7f2540100dd0 unknown :-1 s=STATE_NONE l=0).mark_down
2026-03-09T17:20:42.708 INFO:teuthology.orchestra.run.vm00.stdout:/usr/bin/ceph: stderr
2026-03-09T17:20:42.667+0000 7f2544d79640 1 -- 192.168.123.100:0/3653562174 shutdown_connections
2026-03-09T17:20:42.708 INFO:teuthology.orchestra.run.vm00.stdout:/usr/bin/ceph: stderr
2026-03-09T17:20:42.667+0000 7f2544d79640 1 -- 192.168.123.100:0/3653562174 wait complete.
2026-03-09T17:20:42.708 INFO:teuthology.orchestra.run.vm00.stdout:Creating initial admin user...
2026-03-09T17:20:43.158 INFO:teuthology.orchestra.run.vm00.stdout:/usr/bin/ceph: stdout {"username": "admin", "password": "$2b$12$f/zKre8yd6WgJVPvJEJfBeeV4tyilCFQFskW.Hhka4MhNzp4kByR6", "roles": ["administrator"], "name": null, "email": null, "lastUpdate": 1773076843, "enabled": true, "pwdExpirationDate": null, "pwdUpdateRequired": true}
2026-03-09T17:20:43.158 INFO:teuthology.orchestra.run.vm00.stdout:/usr/bin/ceph: stderr
2026-03-09T17:20:42.831+0000 7fa16a963640 1 Processor -- start
2026-03-09T17:20:43.158 INFO:teuthology.orchestra.run.vm00.stdout:/usr/bin/ceph: stderr
2026-03-09T17:20:42.831+0000 7fa16a963640 1 -- start start
2026-03-09T17:20:43.158 INFO:teuthology.orchestra.run.vm00.stdout:/usr/bin/ceph: stderr
2026-03-09T17:20:42.831+0000 7fa16a963640 1 --2- >> [v2:192.168.123.100:3300/0,v1:192.168.123.100:6789/0] conn(0x7fa164108b70 0x7fa164108f70 unknown :-1 s=NONE pgs=0 cs=0 l=0 rev1=0 crypto rx=0 tx=0 comp rx=0 tx=0).connect
2026-03-09T17:20:43.158 INFO:teuthology.orchestra.run.vm00.stdout:/usr/bin/ceph: stderr
2026-03-09T17:20:42.835+0000 7fa16a963640 1 -- --> [v2:192.168.123.100:3300/0,v1:192.168.123.100:6789/0] -- mon_getmap magic: 0 -- 0x7fa164109540 con 0x7fa164108b70
2026-03-09T17:20:43.158 INFO:teuthology.orchestra.run.vm00.stdout:/usr/bin/ceph: stderr
2026-03-09T17:20:42.835+0000 7fa163fff640 1 --2- >> [v2:192.168.123.100:3300/0,v1:192.168.123.100:6789/0] conn(0x7fa164108b70 0x7fa164108f70 unknown :-1 s=BANNER_CONNECTING pgs=0 cs=0 l=0 rev1=0 crypto rx=0 tx=0 comp rx=0 tx=0)._handle_peer_banner_payload supported=3 required=0
2026-03-09T17:20:43.158 INFO:teuthology.orchestra.run.vm00.stdout:/usr/bin/ceph: stderr
2026-03-09T17:20:42.835+0000 7fa163fff640 1 --2- >> [v2:192.168.123.100:3300/0,v1:192.168.123.100:6789/0] conn(0x7fa164108b70 0x7fa164108f70 unknown :-1 s=HELLO_CONNECTING pgs=0 cs=0 l=0 rev1=1 crypto rx=0 tx=0 comp rx=0 tx=0).handle_hello peer v2:192.168.123.100:3300/0 says I am v2:192.168.123.100:54910/0 (socket says 192.168.123.100:54910)
2026-03-09T17:20:43.158 INFO:teuthology.orchestra.run.vm00.stdout:/usr/bin/ceph: stderr
2026-03-09T17:20:42.835+0000 7fa163fff640 1 -- 192.168.123.100:0/2154192259 learned_addr learned my addr 192.168.123.100:0/2154192259 (peer_addr_for_me v2:192.168.123.100:0/0)
2026-03-09T17:20:43.158 INFO:teuthology.orchestra.run.vm00.stdout:/usr/bin/ceph: stderr
2026-03-09T17:20:42.835+0000 7fa163fff640 1 -- 192.168.123.100:0/2154192259 --> [v2:192.168.123.100:3300/0,v1:192.168.123.100:6789/0] -- mon_subscribe({config=0+,monmap=0+}) -- 0x7fa164109d70 con 0x7fa164108b70
2026-03-09T17:20:43.158 INFO:teuthology.orchestra.run.vm00.stdout:/usr/bin/ceph: stderr
2026-03-09T17:20:42.835+0000 7fa163fff640 1 --2- 192.168.123.100:0/2154192259 >> [v2:192.168.123.100:3300/0,v1:192.168.123.100:6789/0] conn(0x7fa164108b70 0x7fa164108f70 secure :-1 s=READY pgs=70 cs=0 l=1 rev1=1 crypto rx=0x7fa154009b80 tx=0x7fa15402f190 comp rx=0 tx=0).ready entity=mon.0 client_cookie=f6d73e8f7f3f5350 server_cookie=0 in_seq=0 out_seq=0
2026-03-09T17:20:43.158 INFO:teuthology.orchestra.run.vm00.stdout:/usr/bin/ceph: stderr
2026-03-09T17:20:42.835+0000 7fa162ffd640 1 -- 192.168.123.100:0/2154192259 <== mon.0 v2:192.168.123.100:3300/0 1 ==== mon_map magic: 0 ==== 205+0+0 (secure 0 0 0) 0x7fa15403c070 con 0x7fa164108b70
2026-03-09T17:20:43.158 INFO:teuthology.orchestra.run.vm00.stdout:/usr/bin/ceph: stderr
2026-03-09T17:20:42.835+0000 7fa162ffd640 1 -- 192.168.123.100:0/2154192259 <== mon.0 v2:192.168.123.100:3300/0 2 ==== config(25 keys) ==== 1029+0+0 (secure 0 0 0) 0x7fa154037440 con 0x7fa164108b70
2026-03-09T17:20:43.158 INFO:teuthology.orchestra.run.vm00.stdout:/usr/bin/ceph: stderr
2026-03-09T17:20:42.835+0000 7fa16a963640 1 -- 192.168.123.100:0/2154192259 >> [v2:192.168.123.100:3300/0,v1:192.168.123.100:6789/0] conn(0x7fa164108b70 msgr2=0x7fa164108f70 secure :-1 s=STATE_CONNECTION_ESTABLISHED l=1).mark_down
2026-03-09T17:20:43.158 INFO:teuthology.orchestra.run.vm00.stdout:/usr/bin/ceph: stderr
2026-03-09T17:20:42.835+0000 7fa16a963640 1 --2- 192.168.123.100:0/2154192259 >> [v2:192.168.123.100:3300/0,v1:192.168.123.100:6789/0] conn(0x7fa164108b70 0x7fa164108f70 secure :-1 s=READY pgs=70 cs=0 l=1 rev1=1 crypto rx=0x7fa154009b80 tx=0x7fa15402f190 comp rx=0 tx=0).stop
2026-03-09T17:20:43.158 INFO:teuthology.orchestra.run.vm00.stdout:/usr/bin/ceph: stderr
2026-03-09T17:20:42.835+0000 7fa16a963640 1 -- 192.168.123.100:0/2154192259 shutdown_connections
2026-03-09T17:20:43.158 INFO:teuthology.orchestra.run.vm00.stdout:/usr/bin/ceph: stderr
2026-03-09T17:20:42.835+0000 7fa16a963640 1 --2- 192.168.123.100:0/2154192259 >> [v2:192.168.123.100:3300/0,v1:192.168.123.100:6789/0] conn(0x7fa164108b70 0x7fa164108f70 unknown :-1 s=CLOSED pgs=70 cs=0 l=1 rev1=1 crypto rx=0 tx=0 comp rx=0 tx=0).stop
2026-03-09T17:20:43.158 INFO:teuthology.orchestra.run.vm00.stdout:/usr/bin/ceph: stderr
2026-03-09T17:20:42.835+0000 7fa16a963640 1 -- 192.168.123.100:0/2154192259 >> 192.168.123.100:0/2154192259 conn(0x7fa16407c070 msgr2=0x7fa16407c480 unknown :-1 s=STATE_NONE l=0).mark_down
2026-03-09T17:20:43.158 INFO:teuthology.orchestra.run.vm00.stdout:/usr/bin/ceph: stderr
2026-03-09T17:20:42.835+0000 7fa16a963640 1 -- 192.168.123.100:0/2154192259 shutdown_connections
2026-03-09T17:20:43.158 INFO:teuthology.orchestra.run.vm00.stdout:/usr/bin/ceph: stderr
2026-03-09T17:20:42.835+0000 7fa16a963640 1 -- 192.168.123.100:0/2154192259 wait complete.
2026-03-09T17:20:43.158 INFO:teuthology.orchestra.run.vm00.stdout:/usr/bin/ceph: stderr
2026-03-09T17:20:42.835+0000 7fa16a963640 1 Processor -- start
2026-03-09T17:20:43.158 INFO:teuthology.orchestra.run.vm00.stdout:/usr/bin/ceph: stderr
2026-03-09T17:20:42.835+0000 7fa16a963640 1 -- start start
2026-03-09T17:20:43.158 INFO:teuthology.orchestra.run.vm00.stdout:/usr/bin/ceph: stderr
2026-03-09T17:20:42.835+0000 7fa16a963640 1 --2- >> [v2:192.168.123.100:3300/0,v1:192.168.123.100:6789/0] conn(0x7fa164108b70 0x7fa1640804f0 unknown :-1 s=NONE pgs=0 cs=0 l=1 rev1=0 crypto rx=0 tx=0 comp rx=0 tx=0).connect
2026-03-09T17:20:43.158 INFO:teuthology.orchestra.run.vm00.stdout:/usr/bin/ceph: stderr
2026-03-09T17:20:42.835+0000 7fa16a963640 1 -- --> [v2:192.168.123.100:3300/0,v1:192.168.123.100:6789/0] -- mon_getmap magic: 0 -- 0x7fa16410cfa0 con 0x7fa164108b70
2026-03-09T17:20:43.158 INFO:teuthology.orchestra.run.vm00.stdout:/usr/bin/ceph: stderr
2026-03-09T17:20:42.835+0000 7fa163fff640 1 --2- >> [v2:192.168.123.100:3300/0,v1:192.168.123.100:6789/0] conn(0x7fa164108b70 0x7fa1640804f0 unknown :-1 s=BANNER_CONNECTING pgs=0 cs=0 l=1 rev1=0 crypto rx=0 tx=0 comp rx=0 tx=0)._handle_peer_banner_payload supported=3 required=0
2026-03-09T17:20:43.158 INFO:teuthology.orchestra.run.vm00.stdout:/usr/bin/ceph: stderr
2026-03-09T17:20:42.835+0000 7fa163fff640 1 --2- >> [v2:192.168.123.100:3300/0,v1:192.168.123.100:6789/0] conn(0x7fa164108b70 0x7fa1640804f0 unknown :-1 s=HELLO_CONNECTING pgs=0 cs=0 l=1 rev1=1 crypto rx=0 tx=0 comp rx=0 tx=0).handle_hello peer v2:192.168.123.100:3300/0 says I am v2:192.168.123.100:54924/0 (socket says 192.168.123.100:54924)
2026-03-09T17:20:43.158 INFO:teuthology.orchestra.run.vm00.stdout:/usr/bin/ceph: stderr
2026-03-09T17:20:42.835+0000 7fa163fff640 1 -- 192.168.123.100:0/2954268015 learned_addr learned my addr 192.168.123.100:0/2954268015 (peer_addr_for_me v2:192.168.123.100:0/0)
2026-03-09T17:20:43.158 INFO:teuthology.orchestra.run.vm00.stdout:/usr/bin/ceph: stderr
2026-03-09T17:20:42.835+0000 7fa163fff640 1 -- 192.168.123.100:0/2954268015 --> [v2:192.168.123.100:3300/0,v1:192.168.123.100:6789/0] -- mon_subscribe({config=0+,monmap=0+}) -- 0x7fa164080a30 con 0x7fa164108b70
2026-03-09T17:20:43.158 INFO:teuthology.orchestra.run.vm00.stdout:/usr/bin/ceph: stderr
2026-03-09T17:20:42.839+0000 7fa163fff640 1 --2- 192.168.123.100:0/2954268015 >> [v2:192.168.123.100:3300/0,v1:192.168.123.100:6789/0] conn(0x7fa164108b70 0x7fa1640804f0 secure :-1 s=READY pgs=71 cs=0 l=1 rev1=1 crypto rx=0x7fa154035a70 tx=0x7fa154035aa0 comp rx=0 tx=0).ready entity=mon.0 client_cookie=0 server_cookie=0 in_seq=0 out_seq=0
2026-03-09T17:20:43.158 INFO:teuthology.orchestra.run.vm00.stdout:/usr/bin/ceph: stderr
2026-03-09T17:20:42.839+0000 7fa1617fa640 1 -- 192.168.123.100:0/2954268015 <== mon.0 v2:192.168.123.100:3300/0 1 ==== mon_map magic: 0 ==== 205+0+0 (secure 0 0 0) 0x7fa154047070 con 0x7fa164108b70
2026-03-09T17:20:43.158 INFO:teuthology.orchestra.run.vm00.stdout:/usr/bin/ceph: stderr
2026-03-09T17:20:42.839+0000 7fa1617fa640 1 -- 192.168.123.100:0/2954268015 <== mon.0 v2:192.168.123.100:3300/0 2 ==== config(25 keys) ==== 1029+0+0 (secure 0 0 0) 0x7fa154035d30 con 0x7fa164108b70
2026-03-09T17:20:43.158 INFO:teuthology.orchestra.run.vm00.stdout:/usr/bin/ceph: stderr
2026-03-09T17:20:42.839+0000 7fa1617fa640 1 -- 192.168.123.100:0/2954268015 <== mon.0 v2:192.168.123.100:3300/0 3 ==== mon_map magic: 0 ==== 205+0+0 (secure 0 0 0) 0x7fa15403c040 con 0x7fa164108b70
2026-03-09T17:20:43.158 INFO:teuthology.orchestra.run.vm00.stdout:/usr/bin/ceph: stderr
2026-03-09T17:20:42.839+0000 7fa16a963640 1 -- 192.168.123.100:0/2954268015 --> [v2:192.168.123.100:3300/0,v1:192.168.123.100:6789/0] -- mon_subscribe({mgrmap=0+}) -- 0x7fa164080cc0 con 0x7fa164108b70
2026-03-09T17:20:43.158 INFO:teuthology.orchestra.run.vm00.stdout:/usr/bin/ceph: stderr
2026-03-09T17:20:42.839+0000 7fa16a963640 1 -- 192.168.123.100:0/2954268015 --> [v2:192.168.123.100:3300/0,v1:192.168.123.100:6789/0] -- mon_subscribe({osdmap=0}) -- 0x7fa16407d030 con 0x7fa164108b70
2026-03-09T17:20:43.158 INFO:teuthology.orchestra.run.vm00.stdout:/usr/bin/ceph: stderr
2026-03-09T17:20:42.839+0000 7fa1617fa640 1 -- 192.168.123.100:0/2954268015 <== mon.0 v2:192.168.123.100:3300/0 4 ==== mgrmap(e 11) ==== 50119+0+0 (secure 0 0 0) 0x7fa154030050 con 0x7fa164108b70
2026-03-09T17:20:43.158 INFO:teuthology.orchestra.run.vm00.stdout:/usr/bin/ceph: stderr
2026-03-09T17:20:42.839+0000 7fa1617fa640 1 --2- 192.168.123.100:0/2954268015 >> v2:192.168.123.100:6800/3114914985 conn(0x7fa14403db30 0x7fa14403fff0 unknown :-1 s=NONE pgs=0 cs=0 l=1 rev1=0 crypto rx=0 tx=0 comp rx=0 tx=0).connect
2026-03-09T17:20:43.158 INFO:teuthology.orchestra.run.vm00.stdout:/usr/bin/ceph: stderr
2026-03-09T17:20:42.839+0000 7fa1617fa640 1 -- 192.168.123.100:0/2954268015 <== mon.0 v2:192.168.123.100:3300/0 5 ==== osd_map(3..3 src has 1..3) ==== 1069+0+0 (secure 0 0 0) 0x7fa154077660 con 0x7fa164108b70
2026-03-09T17:20:43.158 INFO:teuthology.orchestra.run.vm00.stdout:/usr/bin/ceph: stderr
2026-03-09T17:20:42.839+0000 7fa1637fe640 1 --2- 192.168.123.100:0/2954268015 >> v2:192.168.123.100:6800/3114914985 conn(0x7fa14403db30 0x7fa14403fff0 unknown :-1 s=BANNER_CONNECTING pgs=0 cs=0 l=1 rev1=0 crypto rx=0 tx=0 comp rx=0 tx=0)._handle_peer_banner_payload supported=3 required=0
2026-03-09T17:20:43.158 INFO:teuthology.orchestra.run.vm00.stdout:/usr/bin/ceph: stderr
2026-03-09T17:20:42.839+0000 7fa16a963640 1 -- 192.168.123.100:0/2954268015 --> [v2:192.168.123.100:3300/0,v1:192.168.123.100:6789/0] -- mon_command({"prefix": "get_command_descriptions"} v 0) -- 0x7fa130005180 con 0x7fa164108b70
2026-03-09T17:20:43.158 INFO:teuthology.orchestra.run.vm00.stdout:/usr/bin/ceph: stderr
2026-03-09T17:20:42.843+0000 7fa1637fe640 1 --2- 192.168.123.100:0/2954268015 >> v2:192.168.123.100:6800/3114914985 conn(0x7fa14403db30 0x7fa14403fff0 secure :-1 s=READY pgs=8 cs=0 l=1 rev1=1 crypto rx=0x7fa1500099c0 tx=0x7fa150006eb0 comp rx=0 tx=0).ready entity=mgr.14150 client_cookie=0 server_cookie=0 in_seq=0 out_seq=0
2026-03-09T17:20:43.158 INFO:teuthology.orchestra.run.vm00.stdout:/usr/bin/ceph: stderr
2026-03-09T17:20:42.843+0000 7fa1617fa640 1 -- 192.168.123.100:0/2954268015 <== mon.0 v2:192.168.123.100:3300/0 6 ==== mon_command_ack([{"prefix": "get_command_descriptions"}]=0 v0) ==== 72+0+195034 (secure 0 0 0) 0x7fa1540342a0 con 0x7fa164108b70
2026-03-09T17:20:43.159 INFO:teuthology.orchestra.run.vm00.stdout:/usr/bin/ceph: stderr
2026-03-09T17:20:42.947+0000 7fa16a963640 1 -- 192.168.123.100:0/2954268015 --> v2:192.168.123.100:6800/3114914985 -- mgr_command(tid 0: {"prefix": "dashboard ac-user-create", "username": "admin", "rolename": "administrator", "force_password": true, "pwd_update_required": true, "target": ["mon-mgr", ""]}) -- 0x7fa130003c00 con 0x7fa14403db30
2026-03-09T17:20:43.159 INFO:teuthology.orchestra.run.vm00.stdout:/usr/bin/ceph: stderr
2026-03-09T17:20:43.107+0000 7fa1617fa640 1 -- 192.168.123.100:0/2954268015 <== mgr.14150 v2:192.168.123.100:6800/3114914985 1 ==== mgr_command_reply(tid 0: 0 ) ==== 8+0+252 (secure 0 0 0) 0x7fa130003c00 con 0x7fa14403db30
2026-03-09T17:20:43.159 INFO:teuthology.orchestra.run.vm00.stdout:/usr/bin/ceph: stderr
2026-03-09T17:20:43.107+0000 7fa16a963640 1 -- 192.168.123.100:0/2954268015 >> v2:192.168.123.100:6800/3114914985 conn(0x7fa14403db30 msgr2=0x7fa14403fff0 secure :-1 s=STATE_CONNECTION_ESTABLISHED l=1).mark_down
2026-03-09T17:20:43.159 INFO:teuthology.orchestra.run.vm00.stdout:/usr/bin/ceph: stderr
2026-03-09T17:20:43.107+0000 7fa16a963640 1 --2- 192.168.123.100:0/2954268015 >> v2:192.168.123.100:6800/3114914985 conn(0x7fa14403db30 0x7fa14403fff0 secure :-1 s=READY pgs=8 cs=0 l=1 rev1=1 crypto rx=0x7fa1500099c0 tx=0x7fa150006eb0 comp rx=0 tx=0).stop
2026-03-09T17:20:43.159 INFO:teuthology.orchestra.run.vm00.stdout:/usr/bin/ceph: stderr
2026-03-09T17:20:43.107+0000 7fa16a963640 1 -- 192.168.123.100:0/2954268015 >> [v2:192.168.123.100:3300/0,v1:192.168.123.100:6789/0] conn(0x7fa164108b70 msgr2=0x7fa1640804f0 secure :-1 s=STATE_CONNECTION_ESTABLISHED l=1).mark_down
2026-03-09T17:20:43.159 INFO:teuthology.orchestra.run.vm00.stdout:/usr/bin/ceph: stderr
2026-03-09T17:20:43.107+0000 7fa16a963640 1 --2- 192.168.123.100:0/2954268015 >> [v2:192.168.123.100:3300/0,v1:192.168.123.100:6789/0] conn(0x7fa164108b70 0x7fa1640804f0 secure :-1 s=READY pgs=71 cs=0 l=1 rev1=1 crypto rx=0x7fa154035a70 tx=0x7fa154035aa0 comp rx=0 tx=0).stop
2026-03-09T17:20:43.159 INFO:teuthology.orchestra.run.vm00.stdout:/usr/bin/ceph: stderr
2026-03-09T17:20:43.107+0000 7fa16a963640 1 -- 192.168.123.100:0/2954268015 shutdown_connections
2026-03-09T17:20:43.159 INFO:teuthology.orchestra.run.vm00.stdout:/usr/bin/ceph: stderr
2026-03-09T17:20:43.107+0000 7fa16a963640 1 --2- 192.168.123.100:0/2954268015 >> v2:192.168.123.100:6800/3114914985 conn(0x7fa14403db30 0x7fa14403fff0 unknown :-1 s=CLOSED pgs=8 cs=0 l=1 rev1=1 crypto rx=0 tx=0 comp rx=0 tx=0).stop
2026-03-09T17:20:43.159 INFO:teuthology.orchestra.run.vm00.stdout:/usr/bin/ceph: stderr
2026-03-09T17:20:43.107+0000 7fa16a963640 1 --2- 192.168.123.100:0/2954268015 >> [v2:192.168.123.100:3300/0,v1:192.168.123.100:6789/0] conn(0x7fa164108b70 0x7fa1640804f0 unknown :-1 s=CLOSED pgs=71 cs=0 l=1 rev1=1 crypto rx=0 tx=0 comp rx=0 tx=0).stop
2026-03-09T17:20:43.159 INFO:teuthology.orchestra.run.vm00.stdout:/usr/bin/ceph: stderr
2026-03-09T17:20:43.107+0000 7fa16a963640 1 -- 192.168.123.100:0/2954268015 >> 192.168.123.100:0/2954268015 conn(0x7fa16407c070 msgr2=0x7fa164106130 unknown :-1 s=STATE_NONE l=0).mark_down
2026-03-09T17:20:43.159 INFO:teuthology.orchestra.run.vm00.stdout:/usr/bin/ceph: stderr
2026-03-09T17:20:43.111+0000 7fa16a963640 1 -- 192.168.123.100:0/2954268015 shutdown_connections
2026-03-09T17:20:43.159 INFO:teuthology.orchestra.run.vm00.stdout:/usr/bin/ceph: stderr
2026-03-09T17:20:43.111+0000 7fa16a963640 1 -- 192.168.123.100:0/2954268015 wait complete.
2026-03-09T17:20:43.159 INFO:teuthology.orchestra.run.vm00.stdout:Fetching dashboard port number...
2026-03-09T17:20:43.401 INFO:journalctl@ceph.mon.a.vm00.stdout:Mar 09 17:20:43 vm00 bash[20770]: cluster
2026-03-09T17:20:42.314698+0000 mon.a (mon.0) 89 : cluster [DBG] mgrmap e11: y(active, since 1.00933s)
2026-03-09T17:20:43.401 INFO:journalctl@ceph.mon.a.vm00.stdout:Mar 09 17:20:43 vm00 bash[20770]: cluster
2026-03-09T17:20:42.314698+0000 mon.a (mon.0) 89 : cluster [DBG] mgrmap e11: y(active, since 1.00933s)
2026-03-09T17:20:43.401 INFO:journalctl@ceph.mon.a.vm00.stdout:Mar 09 17:20:43 vm00 bash[20770]: cephadm
2026-03-09T17:20:42.439266+0000 mgr.y (mgr.14150) 3 : cephadm [INF] [09/Mar/2026:17:20:42] ENGINE Bus STARTING
2026-03-09T17:20:43.401 INFO:journalctl@ceph.mon.a.vm00.stdout:Mar 09 17:20:43 vm00 bash[20770]: cephadm
2026-03-09T17:20:42.439266+0000 mgr.y (mgr.14150) 3 : cephadm [INF] [09/Mar/2026:17:20:42] ENGINE Bus STARTING
2026-03-09T17:20:43.401 INFO:journalctl@ceph.mon.a.vm00.stdout:Mar 09 17:20:43 vm00 bash[20770]: cephadm
2026-03-09T17:20:42.553802+0000 mgr.y (mgr.14150) 4 : cephadm [INF] [09/Mar/2026:17:20:42] ENGINE Serving on https://192.168.123.100:7150
2026-03-09T17:20:43.401 INFO:journalctl@ceph.mon.a.vm00.stdout:Mar 09 17:20:43 vm00 bash[20770]: cephadm
2026-03-09T17:20:42.553802+0000 mgr.y (mgr.14150) 4 : cephadm [INF] [09/Mar/2026:17:20:42] ENGINE Serving on https://192.168.123.100:7150
2026-03-09T17:20:43.401 INFO:journalctl@ceph.mon.a.vm00.stdout:Mar 09 17:20:43 vm00 bash[20770]: cephadm
2026-03-09T17:20:42.554518+0000 mgr.y (mgr.14150) 5 : cephadm [INF] [09/Mar/2026:17:20:42] ENGINE Client ('192.168.123.100', 53988) lost — peer dropped the TLS connection suddenly, during handshake: (6, 'TLS/SSL connection has been closed (EOF) (_ssl.c:1147)')
2026-03-09T17:20:43.401 INFO:journalctl@ceph.mon.a.vm00.stdout:Mar 09 17:20:43 vm00 bash[20770]: cephadm
2026-03-09T17:20:42.554518+0000 mgr.y (mgr.14150) 5 : cephadm [INF] [09/Mar/2026:17:20:42] ENGINE Client ('192.168.123.100', 53988) lost — peer dropped the TLS connection suddenly, during handshake: (6, 'TLS/SSL connection has been closed (EOF) (_ssl.c:1147)')
2026-03-09T17:20:43.401 INFO:journalctl@ceph.mon.a.vm00.stdout:Mar 09 17:20:43 vm00 bash[20770]: audit
2026-03-09T17:20:42.598073+0000 mgr.y (mgr.14150) 6 : audit [DBG] from='client.14162 -' entity='client.admin' cmd=[{"prefix": "dashboard create-self-signed-cert", "target": ["mon-mgr", ""]}]: dispatch
2026-03-09T17:20:43.401 INFO:journalctl@ceph.mon.a.vm00.stdout:Mar 09 17:20:43 vm00 bash[20770]: audit
2026-03-09T17:20:42.598073+0000 mgr.y (mgr.14150) 6 : audit [DBG] from='client.14162 -' entity='client.admin' cmd=[{"prefix": "dashboard create-self-signed-cert", "target": ["mon-mgr", ""]}]: dispatch
2026-03-09T17:20:43.401 INFO:journalctl@ceph.mon.a.vm00.stdout:Mar 09 17:20:43 vm00 bash[20770]: cephadm
2026-03-09T17:20:42.654759+0000 mgr.y (mgr.14150) 7 : cephadm [INF] [09/Mar/2026:17:20:42] ENGINE Serving on http://192.168.123.100:8765
2026-03-09T17:20:43.401 INFO:journalctl@ceph.mon.a.vm00.stdout:Mar 09 17:20:43 vm00 bash[20770]: cephadm
2026-03-09T17:20:42.654759+0000 mgr.y (mgr.14150) 7 : cephadm [INF] [09/Mar/2026:17:20:42] ENGINE Serving on http://192.168.123.100:8765
2026-03-09T17:20:43.401 INFO:journalctl@ceph.mon.a.vm00.stdout:Mar 09 17:20:43 vm00 bash[20770]: cephadm
2026-03-09T17:20:42.654806+0000 mgr.y (mgr.14150) 8 : cephadm [INF] [09/Mar/2026:17:20:42] ENGINE Bus STARTED
2026-03-09T17:20:43.401 INFO:journalctl@ceph.mon.a.vm00.stdout:Mar 09 17:20:43 vm00 bash[20770]: cephadm
2026-03-09T17:20:42.654806+0000 mgr.y (mgr.14150) 8 : cephadm [INF] [09/Mar/2026:17:20:42] ENGINE Bus STARTED
2026-03-09T17:20:43.401 INFO:journalctl@ceph.mon.a.vm00.stdout:Mar 09 17:20:43 vm00 bash[20770]: audit
2026-03-09T17:20:42.662692+0000 mon.a (mon.0) 90 : audit [INF] from='mgr.14150 192.168.123.100:0/93899313' entity='mgr.y'
2026-03-09T17:20:43.401 INFO:journalctl@ceph.mon.a.vm00.stdout:Mar 09 17:20:43 vm00 bash[20770]: audit
2026-03-09T17:20:42.662692+0000 mon.a (mon.0) 90 : audit [INF] from='mgr.14150 192.168.123.100:0/93899313' entity='mgr.y'
2026-03-09T17:20:43.401 INFO:journalctl@ceph.mon.a.vm00.stdout:Mar 09 17:20:43 vm00 bash[20770]: audit
2026-03-09T17:20:42.667487+0000 mon.a (mon.0) 91 : audit [INF] from='mgr.14150 192.168.123.100:0/93899313' entity='mgr.y'
2026-03-09T17:20:43.401 INFO:journalctl@ceph.mon.a.vm00.stdout:Mar 09 17:20:43 vm00 bash[20770]: audit
2026-03-09T17:20:42.667487+0000 mon.a (mon.0) 91 : audit [INF] from='mgr.14150 192.168.123.100:0/93899313' entity='mgr.y'
2026-03-09T17:20:43.401 INFO:journalctl@ceph.mon.a.vm00.stdout:Mar 09 17:20:43 vm00 bash[20770]: audit
2026-03-09T17:20:43.108829+0000 mon.a (mon.0) 92 : audit [INF] from='mgr.14150 192.168.123.100:0/93899313' entity='mgr.y'
2026-03-09T17:20:43.401 INFO:journalctl@ceph.mon.a.vm00.stdout:Mar 09 17:20:43 vm00 bash[20770]: audit
2026-03-09T17:20:43.108829+0000 mon.a (mon.0) 92 : audit [INF] from='mgr.14150 192.168.123.100:0/93899313' entity='mgr.y'
2026-03-09T17:20:43.430 INFO:teuthology.orchestra.run.vm00.stdout:/usr/bin/ceph: stdout 8443
2026-03-09T17:20:43.430 INFO:teuthology.orchestra.run.vm00.stdout:/usr/bin/ceph: stderr
2026-03-09T17:20:43.275+0000 7fe061332640 1 Processor -- start
2026-03-09T17:20:43.430 INFO:teuthology.orchestra.run.vm00.stdout:/usr/bin/ceph: stderr
2026-03-09T17:20:43.275+0000 7fe061332640 1 -- start start
2026-03-09T17:20:43.430 INFO:teuthology.orchestra.run.vm00.stdout:/usr/bin/ceph: stderr
2026-03-09T17:20:43.275+0000 7fe061332640 1 --2- >> [v2:192.168.123.100:3300/0,v1:192.168.123.100:6789/0] conn(0x7fe05c108b70 0x7fe05c108f70 unknown :-1 s=NONE pgs=0 cs=0 l=0 rev1=0 crypto rx=0 tx=0 comp rx=0 tx=0).connect
2026-03-09T17:20:43.430 INFO:teuthology.orchestra.run.vm00.stdout:/usr/bin/ceph: stderr
2026-03-09T17:20:43.275+0000 7fe061332640 1 -- --> [v2:192.168.123.100:3300/0,v1:192.168.123.100:6789/0] -- mon_getmap magic: 0 -- 0x7fe05c109540 con 0x7fe05c108b70
2026-03-09T17:20:43.430 INFO:teuthology.orchestra.run.vm00.stdout:/usr/bin/ceph: stderr
2026-03-09T17:20:43.275+0000 7fe05affd640 1 --2- >> [v2:192.168.123.100:3300/0,v1:192.168.123.100:6789/0] conn(0x7fe05c108b70 0x7fe05c108f70 unknown :-1 s=BANNER_CONNECTING pgs=0 cs=0 l=0 rev1=0 crypto rx=0 tx=0 comp rx=0 tx=0)._handle_peer_banner_payload supported=3 required=0
2026-03-09T17:20:43.430 INFO:teuthology.orchestra.run.vm00.stdout:/usr/bin/ceph: stderr
2026-03-09T17:20:43.275+0000 7fe05affd640 1 --2- >> [v2:192.168.123.100:3300/0,v1:192.168.123.100:6789/0] conn(0x7fe05c108b70 0x7fe05c108f70 unknown :-1 s=HELLO_CONNECTING pgs=0 cs=0 l=0 rev1=1 crypto rx=0 tx=0 comp rx=0 tx=0).handle_hello peer v2:192.168.123.100:3300/0 says I am v2:192.168.123.100:54932/0 (socket says 192.168.123.100:54932)
2026-03-09T17:20:43.431 INFO:teuthology.orchestra.run.vm00.stdout:/usr/bin/ceph: stderr
2026-03-09T17:20:43.275+0000 7fe05affd640 1 -- 192.168.123.100:0/1828788974 learned_addr learned my addr 192.168.123.100:0/1828788974 (peer_addr_for_me v2:192.168.123.100:0/0)
2026-03-09T17:20:43.431 INFO:teuthology.orchestra.run.vm00.stdout:/usr/bin/ceph: stderr
2026-03-09T17:20:43.275+0000 7fe05affd640 1 -- 192.168.123.100:0/1828788974 --> [v2:192.168.123.100:3300/0,v1:192.168.123.100:6789/0] -- mon_subscribe({config=0+,monmap=0+}) -- 0x7fe05c109d70 con 0x7fe05c108b70
2026-03-09T17:20:43.431 INFO:teuthology.orchestra.run.vm00.stdout:/usr/bin/ceph: stderr
2026-03-09T17:20:43.275+0000 7fe05affd640 1 --2- 192.168.123.100:0/1828788974 >> [v2:192.168.123.100:3300/0,v1:192.168.123.100:6789/0] conn(0x7fe05c108b70 0x7fe05c108f70 secure :-1 s=READY pgs=72 cs=0 l=1 rev1=1 crypto rx=0x7fe050009920 tx=0x7fe05002ef20 comp rx=0 tx=0).ready entity=mon.0 client_cookie=b8b4e7f777017eb2 server_cookie=0 in_seq=0 out_seq=0
2026-03-09T17:20:43.431 INFO:teuthology.orchestra.run.vm00.stdout:/usr/bin/ceph: stderr
2026-03-09T17:20:43.275+0000 7fe059ffb640 1 -- 192.168.123.100:0/1828788974 <== mon.0 v2:192.168.123.100:3300/0 1 ==== mon_map magic: 0 ==== 205+0+0 (secure 0 0 0) 0x7fe05003c070 con 0x7fe05c108b70
2026-03-09T17:20:43.431 INFO:teuthology.orchestra.run.vm00.stdout:/usr/bin/ceph: stderr
2026-03-09T17:20:43.275+0000 7fe059ffb640 1 -- 192.168.123.100:0/1828788974 <== mon.0 v2:192.168.123.100:3300/0 2 ==== config(25 keys) ==== 1029+0+0 (secure 0 0 0) 0x7fe050037440 con 0x7fe05c108b70
2026-03-09T17:20:43.431 INFO:teuthology.orchestra.run.vm00.stdout:/usr/bin/ceph: stderr
2026-03-09T17:20:43.275+0000 7fe059ffb640 1 -- 192.168.123.100:0/1828788974 <== mon.0 v2:192.168.123.100:3300/0 3 ==== mon_map magic: 0 ==== 205+0+0 (secure 0 0 0) 0x7fe0500354d0 con 0x7fe05c108b70
2026-03-09T17:20:43.431 INFO:teuthology.orchestra.run.vm00.stdout:/usr/bin/ceph: stderr
2026-03-09T17:20:43.279+0000 7fe061332640 1 -- 192.168.123.100:0/1828788974 >> [v2:192.168.123.100:3300/0,v1:192.168.123.100:6789/0] conn(0x7fe05c108b70 msgr2=0x7fe05c108f70 secure :-1 s=STATE_CONNECTION_ESTABLISHED l=1).mark_down
2026-03-09T17:20:43.431 INFO:teuthology.orchestra.run.vm00.stdout:/usr/bin/ceph: stderr
2026-03-09T17:20:43.279+0000 7fe061332640 1 --2- 192.168.123.100:0/1828788974 >> [v2:192.168.123.100:3300/0,v1:192.168.123.100:6789/0] conn(0x7fe05c108b70 0x7fe05c108f70 secure :-1 s=READY pgs=72 cs=0 l=1 rev1=1 crypto rx=0x7fe050009920 tx=0x7fe05002ef20 comp rx=0 tx=0).stop
2026-03-09T17:20:43.431 INFO:teuthology.orchestra.run.vm00.stdout:/usr/bin/ceph: stderr
2026-03-09T17:20:43.279+0000 7fe061332640 1 -- 192.168.123.100:0/1828788974 shutdown_connections
2026-03-09T17:20:43.431 INFO:teuthology.orchestra.run.vm00.stdout:/usr/bin/ceph: stderr
2026-03-09T17:20:43.279+0000 7fe061332640 1 --2- 192.168.123.100:0/1828788974 >> [v2:192.168.123.100:3300/0,v1:192.168.123.100:6789/0] conn(0x7fe05c108b70 0x7fe05c108f70 unknown :-1 s=CLOSED pgs=72 cs=0 l=1 rev1=1 crypto rx=0 tx=0 comp rx=0 tx=0).stop
2026-03-09T17:20:43.431 INFO:teuthology.orchestra.run.vm00.stdout:/usr/bin/ceph: stderr
2026-03-09T17:20:43.279+0000 7fe061332640 1 -- 192.168.123.100:0/1828788974 >> 192.168.123.100:0/1828788974 conn(0x7fe05c07c070 msgr2=0x7fe05c07c480 unknown :-1 s=STATE_NONE l=0).mark_down
2026-03-09T17:20:43.431 INFO:teuthology.orchestra.run.vm00.stdout:/usr/bin/ceph: stderr
2026-03-09T17:20:43.279+0000 7fe061332640 1 -- 192.168.123.100:0/1828788974 shutdown_connections
2026-03-09T17:20:43.431 INFO:teuthology.orchestra.run.vm00.stdout:/usr/bin/ceph: stderr
2026-03-09T17:20:43.279+0000 7fe061332640 1 -- 192.168.123.100:0/1828788974 wait complete.
2026-03-09T17:20:43.431 INFO:teuthology.orchestra.run.vm00.stdout:/usr/bin/ceph: stderr
2026-03-09T17:20:43.279+0000 7fe061332640 1 Processor -- start
2026-03-09T17:20:43.431 INFO:teuthology.orchestra.run.vm00.stdout:/usr/bin/ceph: stderr
2026-03-09T17:20:43.279+0000 7fe061332640 1 -- start start
2026-03-09T17:20:43.431 INFO:teuthology.orchestra.run.vm00.stdout:/usr/bin/ceph: stderr
2026-03-09T17:20:43.279+0000 7fe061332640 1 --2- >> [v2:192.168.123.100:3300/0,v1:192.168.123.100:6789/0] conn(0x7fe05c108b70 0x7fe05c19e910 unknown :-1 s=NONE pgs=0 cs=0 l=1 rev1=0 crypto rx=0 tx=0 comp rx=0 tx=0).connect
2026-03-09T17:20:43.431 INFO:teuthology.orchestra.run.vm00.stdout:/usr/bin/ceph: stderr
2026-03-09T17:20:43.279+0000 7fe061332640 1 -- --> [v2:192.168.123.100:3300/0,v1:192.168.123.100:6789/0] -- mon_getmap magic: 0 -- 0x7fe05c10cfa0 con 0x7fe05c108b70
2026-03-09T17:20:43.431 INFO:teuthology.orchestra.run.vm00.stdout:/usr/bin/ceph: stderr
2026-03-09T17:20:43.279+0000 7fe05affd640 1 --2- >> [v2:192.168.123.100:3300/0,v1:192.168.123.100:6789/0] conn(0x7fe05c108b70 0x7fe05c19e910 unknown :-1 s=BANNER_CONNECTING pgs=0 cs=0 l=1 rev1=0 crypto rx=0 tx=0 comp rx=0 tx=0)._handle_peer_banner_payload supported=3 required=0
2026-03-09T17:20:43.431 INFO:teuthology.orchestra.run.vm00.stdout:/usr/bin/ceph: stderr
2026-03-09T17:20:43.279+0000 7fe05affd640 1 --2- >> [v2:192.168.123.100:3300/0,v1:192.168.123.100:6789/0] conn(0x7fe05c108b70 0x7fe05c19e910 unknown :-1 s=HELLO_CONNECTING pgs=0 cs=0 l=1 rev1=1 crypto rx=0 tx=0 comp rx=0 tx=0).handle_hello peer v2:192.168.123.100:3300/0 says I am v2:192.168.123.100:54948/0 (socket says 192.168.123.100:54948)
2026-03-09T17:20:43.431 INFO:teuthology.orchestra.run.vm00.stdout:/usr/bin/ceph: stderr
2026-03-09T17:20:43.279+0000 7fe05affd640 1 -- 192.168.123.100:0/1319275870 learned_addr learned my addr 192.168.123.100:0/1319275870 (peer_addr_for_me v2:192.168.123.100:0/0)
2026-03-09T17:20:43.431 INFO:teuthology.orchestra.run.vm00.stdout:/usr/bin/ceph: stderr
2026-03-09T17:20:43.279+0000 7fe05affd640 1 -- 192.168.123.100:0/1319275870 --> [v2:192.168.123.100:3300/0,v1:192.168.123.100:6789/0] -- mon_subscribe({config=0+,monmap=0+}) -- 0x7fe05c19ee50 con 0x7fe05c108b70
2026-03-09T17:20:43.431 INFO:teuthology.orchestra.run.vm00.stdout:/usr/bin/ceph: stderr
2026-03-09T17:20:43.279+0000 7fe05affd640 1 --2- 192.168.123.100:0/1319275870 >> [v2:192.168.123.100:3300/0,v1:192.168.123.100:6789/0] conn(0x7fe05c108b70 0x7fe05c19e910 secure :-1 s=READY pgs=73 cs=0 l=1 rev1=1 crypto rx=0x7fe050002410 tx=0x7fe05002fd20 comp rx=0 tx=0).ready entity=mon.0 client_cookie=0 server_cookie=0 in_seq=0 out_seq=0
2026-03-09T17:20:43.431 INFO:teuthology.orchestra.run.vm00.stdout:/usr/bin/ceph: stderr
2026-03-09T17:20:43.279+0000 7fe03ffff640 1 -- 192.168.123.100:0/1319275870 <== mon.0 v2:192.168.123.100:3300/0 1 ==== mon_map magic: 0 ==== 205+0+0 (secure 0 0 0) 0x7fe050047070 con 0x7fe05c108b70
2026-03-09T17:20:43.431 INFO:teuthology.orchestra.run.vm00.stdout:/usr/bin/ceph: stderr
2026-03-09T17:20:43.279+0000 7fe03ffff640 1 -- 192.168.123.100:0/1319275870 <== mon.0 v2:192.168.123.100:3300/0 2 ==== config(25 keys) ==== 1029+0+0 (secure 0 0 0) 0x7fe050042440 con 0x7fe05c108b70
2026-03-09T17:20:43.431 INFO:teuthology.orchestra.run.vm00.stdout:/usr/bin/ceph: stderr
2026-03-09T17:20:43.279+0000 7fe03ffff640 1 -- 192.168.123.100:0/1319275870 <== mon.0 v2:192.168.123.100:3300/0 3 ==== mon_map magic: 0 ==== 205+0+0 (secure 0 0 0) 0x7fe05003c070 con 0x7fe05c108b70
2026-03-09T17:20:43.431 INFO:teuthology.orchestra.run.vm00.stdout:/usr/bin/ceph: stderr
2026-03-09T17:20:43.279+0000 7fe061332640 1 -- 192.168.123.100:0/1319275870 --> [v2:192.168.123.100:3300/0,v1:192.168.123.100:6789/0] -- mon_subscribe({mgrmap=0+}) -- 0x7fe05c19f0e0 con 0x7fe05c108b70
2026-03-09T17:20:43.431 INFO:teuthology.orchestra.run.vm00.stdout:/usr/bin/ceph: stderr
2026-03-09T17:20:43.279+0000 7fe061332640 1 -- 192.168.123.100:0/1319275870 --> [v2:192.168.123.100:3300/0,v1:192.168.123.100:6789/0] -- mon_subscribe({osdmap=0}) -- 0x7fe05c1a1dd0 con 0x7fe05c108b70
2026-03-09T17:20:43.431 INFO:teuthology.orchestra.run.vm00.stdout:/usr/bin/ceph: stderr
2026-03-09T17:20:43.283+0000 7fe03ffff640 1 -- 192.168.123.100:0/1319275870 <== mon.0 v2:192.168.123.100:3300/0 4 ==== mgrmap(e 11) ==== 50119+0+0 (secure 0 0 0) 0x7fe050041570 con 0x7fe05c108b70
2026-03-09T17:20:43.431 INFO:teuthology.orchestra.run.vm00.stdout:/usr/bin/ceph: stderr
2026-03-09T17:20:43.283+0000 7fe061332640 1 -- 192.168.123.100:0/1319275870 --> [v2:192.168.123.100:3300/0,v1:192.168.123.100:6789/0] -- mon_command({"prefix": "get_command_descriptions"} v 0) -- 0x7fe028005180 con 0x7fe05c108b70
2026-03-09T17:20:43.431 INFO:teuthology.orchestra.run.vm00.stdout:/usr/bin/ceph: stderr
2026-03-09T17:20:43.283+0000 7fe03ffff640 1 --2- 192.168.123.100:0/1319275870 >> v2:192.168.123.100:6800/3114914985 conn(0x7fe03403db30 0x7fe03403fff0 unknown :-1 s=NONE pgs=0 cs=0 l=1 rev1=0 crypto rx=0 tx=0 comp rx=0 tx=0).connect
2026-03-09T17:20:43.431 INFO:teuthology.orchestra.run.vm00.stdout:/usr/bin/ceph: stderr
2026-03-09T17:20:43.283+0000 7fe03ffff640 1 -- 192.168.123.100:0/1319275870 <== mon.0 v2:192.168.123.100:3300/0 5 ==== osd_map(3..3 src has 1..3) ==== 1069+0+0 (secure 0 0 0) 0x7fe050077000 con 0x7fe05c108b70
2026-03-09T17:20:43.431 INFO:teuthology.orchestra.run.vm00.stdout:/usr/bin/ceph: stderr
2026-03-09T17:20:43.283+0000 7fe05a7fc640 1 --2- 192.168.123.100:0/1319275870 >> v2:192.168.123.100:6800/3114914985 conn(0x7fe03403db30 0x7fe03403fff0 unknown :-1 s=BANNER_CONNECTING pgs=0 cs=0 l=1 rev1=0 crypto rx=0 tx=0 comp rx=0 tx=0)._handle_peer_banner_payload supported=3 required=0
2026-03-09T17:20:43.431 INFO:teuthology.orchestra.run.vm00.stdout:/usr/bin/ceph: stderr
2026-03-09T17:20:43.283+0000 7fe05a7fc640 1 --2- 192.168.123.100:0/1319275870 >> v2:192.168.123.100:6800/3114914985 conn(0x7fe03403db30 0x7fe03403fff0 secure :-1 s=READY pgs=9 cs=0 l=1 rev1=1 crypto rx=0x7fe048009a10 tx=0x7fe048006eb0 comp rx=0 tx=0).ready entity=mgr.14150 client_cookie=0 server_cookie=0 in_seq=0 out_seq=0
2026-03-09T17:20:43.431 INFO:teuthology.orchestra.run.vm00.stdout:/usr/bin/ceph: stderr
2026-03-09T17:20:43.283+0000 7fe03ffff640 1 -- 192.168.123.100:0/1319275870 <== mon.0 v2:192.168.123.100:3300/0 6 ==== mon_command_ack([{"prefix": "get_command_descriptions"}]=0 v0) ==== 72+0+195034 (secure 0 0 0) 0x7fe050047210 con 0x7fe05c108b70
2026-03-09T17:20:43.431 INFO:teuthology.orchestra.run.vm00.stdout:/usr/bin/ceph: stderr
2026-03-09T17:20:43.383+0000 7fe061332640 1 -- 192.168.123.100:0/1319275870 --> [v2:192.168.123.100:3300/0,v1:192.168.123.100:6789/0] -- mon_command({"prefix": "config get", "who": "mgr", "key": "mgr/dashboard/ssl_server_port"} v 0) -- 0x7fe028005470 con 0x7fe05c108b70
2026-03-09T17:20:43.431 INFO:teuthology.orchestra.run.vm00.stdout:/usr/bin/ceph: stderr
2026-03-09T17:20:43.387+0000 7fe03ffff640 1 -- 192.168.123.100:0/1319275870 <== mon.0 v2:192.168.123.100:3300/0 7 ==== mon_command_ack([{"prefix": "config get", "who": "mgr", "key": "mgr/dashboard/ssl_server_port"}]=0 v8) ==== 112+0+5 (secure 0 0 0) 0x7fe050037440 con 0x7fe05c108b70
2026-03-09T17:20:43.431 INFO:teuthology.orchestra.run.vm00.stdout:/usr/bin/ceph: stderr
2026-03-09T17:20:43.387+0000 7fe061332640 1 -- 192.168.123.100:0/1319275870 >> v2:192.168.123.100:6800/3114914985 conn(0x7fe03403db30 msgr2=0x7fe03403fff0 secure :-1 s=STATE_CONNECTION_ESTABLISHED l=1).mark_down
2026-03-09T17:20:43.431 INFO:teuthology.orchestra.run.vm00.stdout:/usr/bin/ceph: stderr
2026-03-09T17:20:43.387+0000 7fe061332640 1 --2- 192.168.123.100:0/1319275870 >> v2:192.168.123.100:6800/3114914985 conn(0x7fe03403db30 0x7fe03403fff0 secure :-1 s=READY pgs=9 cs=0 l=1 rev1=1 crypto rx=0x7fe048009a10 tx=0x7fe048006eb0 comp rx=0 tx=0).stop
2026-03-09T17:20:43.431 INFO:teuthology.orchestra.run.vm00.stdout:/usr/bin/ceph: stderr
2026-03-09T17:20:43.387+0000 7fe061332640 1 -- 192.168.123.100:0/1319275870 >> [v2:192.168.123.100:3300/0,v1:192.168.123.100:6789/0] conn(0x7fe05c108b70 msgr2=0x7fe05c19e910 secure :-1 s=STATE_CONNECTION_ESTABLISHED l=1).mark_down
2026-03-09T17:20:43.431 INFO:teuthology.orchestra.run.vm00.stdout:/usr/bin/ceph: stderr
2026-03-09T17:20:43.387+0000 7fe061332640 1 --2- 192.168.123.100:0/1319275870 >> [v2:192.168.123.100:3300/0,v1:192.168.123.100:6789/0] conn(0x7fe05c108b70 0x7fe05c19e910 secure :-1 s=READY pgs=73 cs=0 l=1 rev1=1 crypto rx=0x7fe050002410 tx=0x7fe05002fd20 comp rx=0 tx=0).stop
2026-03-09T17:20:43.431 INFO:teuthology.orchestra.run.vm00.stdout:/usr/bin/ceph: stderr
2026-03-09T17:20:43.387+0000 7fe061332640 1 -- 192.168.123.100:0/1319275870 shutdown_connections
2026-03-09T17:20:43.431 INFO:teuthology.orchestra.run.vm00.stdout:/usr/bin/ceph: stderr
2026-03-09T17:20:43.387+0000 7fe061332640 1 --2- 192.168.123.100:0/1319275870 >> v2:192.168.123.100:6800/3114914985 conn(0x7fe03403db30 0x7fe03403fff0 unknown :-1 s=CLOSED pgs=9 cs=0 l=1 rev1=1 crypto rx=0 tx=0 comp rx=0 tx=0).stop
2026-03-09T17:20:43.431 INFO:teuthology.orchestra.run.vm00.stdout:/usr/bin/ceph: stderr
2026-03-09T17:20:43.387+0000 7fe061332640 1 --2- 192.168.123.100:0/1319275870 >> [v2:192.168.123.100:3300/0,v1:192.168.123.100:6789/0] conn(0x7fe05c108b70 0x7fe05c19e910 unknown :-1 s=CLOSED pgs=73 cs=0 l=1 rev1=1 crypto rx=0 tx=0 comp rx=0 tx=0).stop
2026-03-09T17:20:43.431 INFO:teuthology.orchestra.run.vm00.stdout:/usr/bin/ceph: stderr
2026-03-09T17:20:43.387+0000 7fe061332640 1 -- 192.168.123.100:0/1319275870 >> 192.168.123.100:0/1319275870 conn(0x7fe05c07c070 msgr2=0x7fe05c105ef0 unknown :-1 s=STATE_NONE l=0).mark_down
2026-03-09T17:20:43.431 INFO:teuthology.orchestra.run.vm00.stdout:/usr/bin/ceph: stderr
2026-03-09T17:20:43.387+0000 7fe061332640 1 -- 192.168.123.100:0/1319275870 shutdown_connections
2026-03-09T17:20:43.431 INFO:teuthology.orchestra.run.vm00.stdout:/usr/bin/ceph: stderr
2026-03-09T17:20:43.391+0000 7fe061332640 1 -- 192.168.123.100:0/1319275870 wait complete.
2026-03-09T17:20:43.431 INFO:teuthology.orchestra.run.vm00.stdout:firewalld does not appear to be present
2026-03-09T17:20:43.431 INFO:teuthology.orchestra.run.vm00.stdout:Not possible to open ports <[8443]>. firewalld.service is not available
2026-03-09T17:20:43.432 INFO:teuthology.orchestra.run.vm00.stdout:Ceph Dashboard is now available at:
2026-03-09T17:20:43.432 INFO:teuthology.orchestra.run.vm00.stdout:
2026-03-09T17:20:43.432 INFO:teuthology.orchestra.run.vm00.stdout: URL: https://vm00.local:8443/
2026-03-09T17:20:43.432 INFO:teuthology.orchestra.run.vm00.stdout: User: admin
2026-03-09T17:20:43.432 INFO:teuthology.orchestra.run.vm00.stdout: Password: gaec7uxugq
2026-03-09T17:20:43.432 INFO:teuthology.orchestra.run.vm00.stdout:
2026-03-09T17:20:43.432 INFO:teuthology.orchestra.run.vm00.stdout:Saving cluster configuration to /var/lib/ceph/16190428-1bdc-11f1-aea4-d920f1c7e51e/config directory
2026-03-09T17:20:43.747 INFO:teuthology.orchestra.run.vm00.stdout:/usr/bin/ceph: stderr
2026-03-09T17:20:43.559+0000 7f964b2b2640 1 Processor -- start
2026-03-09T17:20:43.747 INFO:teuthology.orchestra.run.vm00.stdout:/usr/bin/ceph: stderr
2026-03-09T17:20:43.559+0000 7f964b2b2640 1 -- start start
2026-03-09T17:20:43.747 INFO:teuthology.orchestra.run.vm00.stdout:/usr/bin/ceph: stderr
2026-03-09T17:20:43.559+0000 7f964b2b2640 1 --2- >> [v2:192.168.123.100:3300/0,v1:192.168.123.100:6789/0] conn(0x7f9644108b70 0x7f9644108f70 unknown :-1 s=NONE pgs=0 cs=0 l=0 rev1=0 crypto rx=0 tx=0 comp rx=0 tx=0).connect
2026-03-09T17:20:43.747 INFO:teuthology.orchestra.run.vm00.stdout:/usr/bin/ceph: stderr
2026-03-09T17:20:43.559+0000 7f964b2b2640 1 -- --> [v2:192.168.123.100:3300/0,v1:192.168.123.100:6789/0] -- mon_getmap magic: 0 -- 0x7f9644109540 con 0x7f9644108b70
2026-03-09T17:20:43.747 INFO:teuthology.orchestra.run.vm00.stdout:/usr/bin/ceph: stderr
2026-03-09T17:20:43.559+0000 7f9649027640 1 --2- >> [v2:192.168.123.100:3300/0,v1:192.168.123.100:6789/0] conn(0x7f9644108b70 0x7f9644108f70 unknown :-1 s=BANNER_CONNECTING pgs=0 cs=0 l=0 rev1=0 crypto rx=0 tx=0 comp rx=0 tx=0)._handle_peer_banner_payload supported=3 required=0
2026-03-09T17:20:43.747 INFO:teuthology.orchestra.run.vm00.stdout:/usr/bin/ceph: stderr
2026-03-09T17:20:43.559+0000 7f9649027640 1 --2- >> [v2:192.168.123.100:3300/0,v1:192.168.123.100:6789/0] conn(0x7f9644108b70 0x7f9644108f70 unknown :-1 s=HELLO_CONNECTING pgs=0 cs=0 l=0 rev1=1 crypto rx=0 tx=0 comp rx=0 tx=0).handle_hello peer v2:192.168.123.100:3300/0 says I am v2:192.168.123.100:54958/0 (socket says 192.168.123.100:54958)
2026-03-09T17:20:43.747 INFO:teuthology.orchestra.run.vm00.stdout:/usr/bin/ceph: stderr
2026-03-09T17:20:43.559+0000 7f9649027640 1 -- 192.168.123.100:0/1257261806 learned_addr learned my addr 192.168.123.100:0/1257261806 (peer_addr_for_me v2:192.168.123.100:0/0)
2026-03-09T17:20:43.747 INFO:teuthology.orchestra.run.vm00.stdout:/usr/bin/ceph: stderr
2026-03-09T17:20:43.559+0000 7f9649027640 1 -- 192.168.123.100:0/1257261806 --> [v2:192.168.123.100:3300/0,v1:192.168.123.100:6789/0] -- mon_subscribe({config=0+,monmap=0+}) -- 0x7f9644109d70 con 0x7f9644108b70
2026-03-09T17:20:43.747 INFO:teuthology.orchestra.run.vm00.stdout:/usr/bin/ceph: stderr
2026-03-09T17:20:43.559+0000 7f9649027640 1 --2- 192.168.123.100:0/1257261806 >> [v2:192.168.123.100:3300/0,v1:192.168.123.100:6789/0] conn(0x7f9644108b70 0x7f9644108f70 secure :-1 s=READY pgs=74 cs=0 l=1 rev1=1 crypto rx=0x7f9638009b80 tx=0x7f963802f190 comp rx=0 tx=0).ready entity=mon.0 client_cookie=a0bb13de31410a3b server_cookie=0 in_seq=0 out_seq=0
2026-03-09T17:20:43.747 INFO:teuthology.orchestra.run.vm00.stdout:/usr/bin/ceph: stderr
2026-03-09T17:20:43.559+0000 7f9633fff640 1 -- 192.168.123.100:0/1257261806 <== mon.0 v2:192.168.123.100:3300/0 1 ==== mon_map magic: 0 ==== 205+0+0 (secure 0 0 0) 0x7f963803c070 con 0x7f9644108b70
2026-03-09T17:20:43.747 INFO:teuthology.orchestra.run.vm00.stdout:/usr/bin/ceph: stderr
2026-03-09T17:20:43.563+0000 7f9633fff640 1 -- 192.168.123.100:0/1257261806 <== mon.0 v2:192.168.123.100:3300/0 2 ==== config(25 keys) ==== 1029+0+0 (secure 0 0 0) 0x7f9638037440 con 0x7f9644108b70
2026-03-09T17:20:43.747 INFO:teuthology.orchestra.run.vm00.stdout:/usr/bin/ceph: stderr
2026-03-09T17:20:43.563+0000 7f964b2b2640 1 -- 192.168.123.100:0/1257261806 >> [v2:192.168.123.100:3300/0,v1:192.168.123.100:6789/0] conn(0x7f9644108b70 msgr2=0x7f9644108f70 secure :-1 s=STATE_CONNECTION_ESTABLISHED l=1).mark_down
2026-03-09T17:20:43.747 INFO:teuthology.orchestra.run.vm00.stdout:/usr/bin/ceph: stderr
2026-03-09T17:20:43.563+0000 7f964b2b2640 1 --2- 192.168.123.100:0/1257261806 >> [v2:192.168.123.100:3300/0,v1:192.168.123.100:6789/0] conn(0x7f9644108b70 0x7f9644108f70 secure :-1 s=READY pgs=74 cs=0 l=1 rev1=1 crypto rx=0x7f9638009b80 tx=0x7f963802f190 comp rx=0 tx=0).stop
2026-03-09T17:20:43.747 INFO:teuthology.orchestra.run.vm00.stdout:/usr/bin/ceph: stderr
2026-03-09T17:20:43.563+0000 7f964b2b2640 1 -- 192.168.123.100:0/1257261806 shutdown_connections
2026-03-09T17:20:43.747 INFO:teuthology.orchestra.run.vm00.stdout:/usr/bin/ceph: stderr
2026-03-09T17:20:43.563+0000 7f964b2b2640 1 --2- 192.168.123.100:0/1257261806 >> [v2:192.168.123.100:3300/0,v1:192.168.123.100:6789/0] conn(0x7f9644108b70 0x7f9644108f70 unknown :-1 s=CLOSED pgs=74 cs=0 l=1 rev1=1 crypto rx=0 tx=0 comp rx=0 tx=0).stop
2026-03-09T17:20:43.747 INFO:teuthology.orchestra.run.vm00.stdout:/usr/bin/ceph: stderr
2026-03-09T17:20:43.563+0000 7f964b2b2640 1 -- 192.168.123.100:0/1257261806 >> 192.168.123.100:0/1257261806 conn(0x7f964407c040 msgr2=0x7f964407c450 unknown :-1 s=STATE_NONE l=0).mark_down
2026-03-09T17:20:43.747 INFO:teuthology.orchestra.run.vm00.stdout:/usr/bin/ceph: stderr
2026-03-09T17:20:43.563+0000 7f964b2b2640 1 -- 192.168.123.100:0/1257261806 shutdown_connections
2026-03-09T17:20:43.747 INFO:teuthology.orchestra.run.vm00.stdout:/usr/bin/ceph: stderr
2026-03-09T17:20:43.563+0000 7f964b2b2640 1 -- 192.168.123.100:0/1257261806 wait complete.
2026-03-09T17:20:43.747 INFO:teuthology.orchestra.run.vm00.stdout:/usr/bin/ceph: stderr
2026-03-09T17:20:43.563+0000 7f964b2b2640 1 Processor -- start
2026-03-09T17:20:43.747 INFO:teuthology.orchestra.run.vm00.stdout:/usr/bin/ceph: stderr
2026-03-09T17:20:43.563+0000 7f964b2b2640 1 -- start start
2026-03-09T17:20:43.747 INFO:teuthology.orchestra.run.vm00.stdout:/usr/bin/ceph: stderr
2026-03-09T17:20:43.563+0000 7f964b2b2640 1 --2- >> [v2:192.168.123.100:3300/0,v1:192.168.123.100:6789/0] conn(0x7f9644108b70 0x7f964419ead0 unknown :-1 s=NONE pgs=0 cs=0 l=1 rev1=0 crypto rx=0 tx=0 comp rx=0 tx=0).connect
2026-03-09T17:20:43.747 INFO:teuthology.orchestra.run.vm00.stdout:/usr/bin/ceph: stderr
