2026-03-09T17:29:07.940+0000 7f96861c0640 1 -- 192.168.123.103:0/2933130061 >> [v2:192.168.123.103:3300/0,v1:192.168.123.103:6789/0] conn(0x7f9680109a70 msgr2=0x7f9680109e70 secure :-1 s=STATE_CONNECTION_ESTABLISHED l=1).mark_down
2026-03-09T17:29:08.090 INFO:teuthology.orchestra.run.vm03.stdout:/usr/bin/ceph: stderr
2026-03-09T17:29:07.940+0000 7f96861c0640 1 --2- 192.168.123.103:0/2933130061 >> [v2:192.168.123.103:3300/0,v1:192.168.123.103:6789/0] conn(0x7f9680109a70 0x7f9680109e70 secure :-1 s=READY pgs=41 cs=0 l=1 rev1=1 crypto rx=0x7f9670009920 tx=0x7f967002ef20 comp rx=0 tx=0).stop
2026-03-09T17:29:08.090 INFO:teuthology.orchestra.run.vm03.stdout:/usr/bin/ceph: stderr
2026-03-09T17:29:07.940+0000 7f96861c0640 1 -- 192.168.123.103:0/2933130061 shutdown_connections
2026-03-09T17:29:08.090 INFO:teuthology.orchestra.run.vm03.stdout:/usr/bin/ceph: stderr
2026-03-09T17:29:07.940+0000 7f96861c0640 1 --2- 192.168.123.103:0/2933130061 >> [v2:192.168.123.103:3300/0,v1:192.168.123.103:6789/0] conn(0x7f9680109a70 0x7f9680109e70 unknown :-1 s=CLOSED pgs=41 cs=0 l=1 rev1=1 crypto rx=0 tx=0 comp rx=0 tx=0).stop
2026-03-09T17:29:08.090 INFO:teuthology.orchestra.run.vm03.stdout:/usr/bin/ceph: stderr
2026-03-09T17:29:07.940+0000 7f96861c0640 1 -- 192.168.123.103:0/2933130061 >> 192.168.123.103:0/2933130061 conn(0x7f968007d070 msgr2=0x7f968007d4c0 unknown :-1 s=STATE_NONE l=0).mark_down
2026-03-09T17:29:08.090 INFO:teuthology.orchestra.run.vm03.stdout:/usr/bin/ceph: stderr
2026-03-09T17:29:07.940+0000 7f96861c0640 1 -- 192.168.123.103:0/2933130061 shutdown_connections
2026-03-09T17:29:08.090 INFO:teuthology.orchestra.run.vm03.stdout:/usr/bin/ceph: stderr
2026-03-09T17:29:07.940+0000 7f96861c0640 1 -- 192.168.123.103:0/2933130061 wait complete.
2026-03-09T17:29:08.090 INFO:teuthology.orchestra.run.vm03.stdout:/usr/bin/ceph: stderr
2026-03-09T17:29:07.940+0000 7f96861c0640 1 Processor -- start
2026-03-09T17:29:08.090 INFO:teuthology.orchestra.run.vm03.stdout:/usr/bin/ceph: stderr
2026-03-09T17:29:07.940+0000 7f96861c0640 1 -- start start
2026-03-09T17:29:08.090 INFO:teuthology.orchestra.run.vm03.stdout:/usr/bin/ceph: stderr
2026-03-09T17:29:07.940+0000 7f96861c0640 1 --2- >> [v2:192.168.123.103:3300/0,v1:192.168.123.103:6789/0] conn(0x7f9680109a70 0x7f968019f940 unknown :-1 s=NONE pgs=0 cs=0 l=1 rev1=0 crypto rx=0 tx=0 comp rx=0 tx=0).connect
2026-03-09T17:29:08.090 INFO:teuthology.orchestra.run.vm03.stdout:/usr/bin/ceph: stderr
2026-03-09T17:29:07.940+0000 7f96861c0640 1 -- --> [v2:192.168.123.103:3300/0,v1:192.168.123.103:6789/0] -- mon_getmap magic: 0 -- 0x7f968010de40 con 0x7f9680109a70
2026-03-09T17:29:08.090 INFO:teuthology.orchestra.run.vm03.stdout:/usr/bin/ceph: stderr
2026-03-09T17:29:07.940+0000 7f967f7fe640 1 --2- >> [v2:192.168.123.103:3300/0,v1:192.168.123.103:6789/0] conn(0x7f9680109a70 0x7f968019f940 unknown :-1 s=BANNER_CONNECTING pgs=0 cs=0 l=1 rev1=0 crypto rx=0 tx=0 comp rx=0 tx=0)._handle_peer_banner_payload supported=3 required=0
2026-03-09T17:29:08.090 INFO:teuthology.orchestra.run.vm03.stdout:/usr/bin/ceph: stderr
2026-03-09T17:29:07.940+0000 7f967f7fe640 1 --2- >> [v2:192.168.123.103:3300/0,v1:192.168.123.103:6789/0] conn(0x7f9680109a70 0x7f968019f940 unknown :-1 s=HELLO_CONNECTING pgs=0 cs=0 l=1 rev1=1 crypto rx=0 tx=0 comp rx=0 tx=0).handle_hello peer v2:192.168.123.103:3300/0 says I am v2:192.168.123.103:34278/0 (socket says 192.168.123.103:34278)
2026-03-09T17:29:08.090 INFO:teuthology.orchestra.run.vm03.stdout:/usr/bin/ceph: stderr
2026-03-09T17:29:07.940+0000 7f967f7fe640 1 -- 192.168.123.103:0/961562929 learned_addr learned my addr 192.168.123.103:0/961562929 (peer_addr_for_me v2:192.168.123.103:0/0)
2026-03-09T17:29:08.090 INFO:teuthology.orchestra.run.vm03.stdout:/usr/bin/ceph: stderr
2026-03-09T17:29:07.940+0000 7f967f7fe640 1 -- 192.168.123.103:0/961562929 --> [v2:192.168.123.103:3300/0,v1:192.168.123.103:6789/0] -- mon_subscribe({config=0+,monmap=0+}) -- 0x7f968019fe80 con 0x7f9680109a70
2026-03-09T17:29:08.090 INFO:teuthology.orchestra.run.vm03.stdout:/usr/bin/ceph: stderr
2026-03-09T17:29:07.940+0000 7f967f7fe640 1 --2- 192.168.123.103:0/961562929 >> [v2:192.168.123.103:3300/0,v1:192.168.123.103:6789/0] conn(0x7f9680109a70 0x7f968019f940 secure :-1 s=READY pgs=42 cs=0 l=1 rev1=1 crypto rx=0x7f9670035ed0 tx=0x7f9670035f00 comp rx=0 tx=0).ready entity=mon.0 client_cookie=0 server_cookie=0 in_seq=0 out_seq=0
2026-03-09T17:29:08.090 INFO:teuthology.orchestra.run.vm03.stdout:/usr/bin/ceph: stderr
2026-03-09T17:29:07.940+0000 7f967cff9640 1 -- 192.168.123.103:0/961562929 <== mon.0 v2:192.168.123.103:3300/0 1 ==== mon_map magic: 0 ==== 205+0+0 (secure 0 0 0) 0x7f9670045070 con 0x7f9680109a70
2026-03-09T17:29:08.090 INFO:teuthology.orchestra.run.vm03.stdout:/usr/bin/ceph: stderr
2026-03-09T17:29:07.940+0000 7f96861c0640 1 -- 192.168.123.103:0/961562929 --> [v2:192.168.123.103:3300/0,v1:192.168.123.103:6789/0] -- mon_subscribe({mgrmap=0+}) -- 0x7f96801a0110 con 0x7f9680109a70
2026-03-09T17:29:08.090 INFO:teuthology.orchestra.run.vm03.stdout:/usr/bin/ceph: stderr
2026-03-09T17:29:07.940+0000 7f96861c0640 1 -- 192.168.123.103:0/961562929 --> [v2:192.168.123.103:3300/0,v1:192.168.123.103:6789/0] -- mon_subscribe({osdmap=0}) -- 0x7f96801a2e00 con 0x7f9680109a70
2026-03-09T17:29:08.090 INFO:teuthology.orchestra.run.vm03.stdout:/usr/bin/ceph: stderr
2026-03-09T17:29:07.940+0000 7f967cff9640 1 -- 192.168.123.103:0/961562929 <== mon.0 v2:192.168.123.103:3300/0 2 ==== config(25 keys) ==== 1007+0+0 (secure 0 0 0) 0x7f9670037ca0 con 0x7f9680109a70
2026-03-09T17:29:08.090 INFO:teuthology.orchestra.run.vm03.stdout:/usr/bin/ceph: stderr
2026-03-09T17:29:07.940+0000 7f967cff9640 1 -- 192.168.123.103:0/961562929 <== mon.0 v2:192.168.123.103:3300/0 3 ==== mon_map magic: 0 ==== 205+0+0 (secure 0 0 0) 0x7f967003c070 con 0x7f9680109a70
2026-03-09T17:29:08.090 INFO:teuthology.orchestra.run.vm03.stdout:/usr/bin/ceph: stderr
2026-03-09T17:29:07.940+0000 7f967cff9640 1 -- 192.168.123.103:0/961562929 <== mon.0 v2:192.168.123.103:3300/0 4 ==== mgrmap(e 7) ==== 50141+0+0 (secure 0 0 0) 0x7f967004a430 con 0x7f9680109a70
2026-03-09T17:29:08.090 INFO:teuthology.orchestra.run.vm03.stdout:/usr/bin/ceph: stderr
2026-03-09T17:29:07.940+0000 7f967cff9640 1 --2- 192.168.123.103:0/961562929 >> [v2:192.168.123.103:6800/3344537082,v1:192.168.123.103:6801/3344537082] conn(0x7f964803db70 0x7f9648040030 unknown :-1 s=NONE pgs=0 cs=0 l=1 rev1=0 crypto rx=0 tx=0 comp rx=0 tx=0).connect
2026-03-09T17:29:08.090 INFO:teuthology.orchestra.run.vm03.stdout:/usr/bin/ceph: stderr
2026-03-09T17:29:07.940+0000 7f967cff9640 1 -- 192.168.123.103:0/961562929 <== mon.0 v2:192.168.123.103:3300/0 5 ==== osd_map(2..2 src has 1..2) ==== 940+0+0 (secure 0 0 0) 0x7f9670040e00 con 0x7f9680109a70
2026-03-09T17:29:08.090 INFO:teuthology.orchestra.run.vm03.stdout:/usr/bin/ceph: stderr
2026-03-09T17:29:07.940+0000 7f967effd640 1 --2- 192.168.123.103:0/961562929 >> [v2:192.168.123.103:6800/3344537082,v1:192.168.123.103:6801/3344537082] conn(0x7f964803db70 0x7f9648040030 unknown :-1 s=BANNER_CONNECTING pgs=0 cs=0 l=1 rev1=0 crypto rx=0 tx=0 comp rx=0 tx=0)._handle_peer_banner_payload supported=3 required=0
2026-03-09T17:29:08.090 INFO:teuthology.orchestra.run.vm03.stdout:/usr/bin/ceph: stderr
2026-03-09T17:29:07.940+0000 7f96861c0640 1 -- 192.168.123.103:0/961562929 --> [v2:192.168.123.103:3300/0,v1:192.168.123.103:6789/0] -- mon_command({"prefix": "get_command_descriptions"} v 0) -- 0x7f964c005390 con 0x7f9680109a70
2026-03-09T17:29:08.090 INFO:teuthology.orchestra.run.vm03.stdout:/usr/bin/ceph: stderr
2026-03-09T17:29:07.944+0000 7f967effd640 1 --2- 192.168.123.103:0/961562929 >> [v2:192.168.123.103:6800/3344537082,v1:192.168.123.103:6801/3344537082] conn(0x7f964803db70 0x7f9648040030 secure :-1 s=READY pgs=10 cs=0 l=1 rev1=1 crypto rx=0x7f966c0099c0 tx=0x7f966c006eb0 comp rx=0 tx=0).ready entity=mgr.14118 client_cookie=0 server_cookie=0 in_seq=0 out_seq=0
2026-03-09T17:29:08.090 INFO:teuthology.orchestra.run.vm03.stdout:/usr/bin/ceph: stderr
2026-03-09T17:29:07.944+0000 7f967cff9640 1 -- 192.168.123.103:0/961562929 <== mon.0 v2:192.168.123.103:3300/0 6 ==== mon_command_ack([{"prefix": "get_command_descriptions"}]=0 v0) ==== 72+0+195034 (secure 0 0 0) 0x7f9670033200 con 0x7f9680109a70
2026-03-09T17:29:08.090 INFO:teuthology.orchestra.run.vm03.stdout:/usr/bin/ceph: stderr
2026-03-09T17:29:08.040+0000 7f96861c0640 1 -- 192.168.123.103:0/961562929 --> [v2:192.168.123.103:6800/3344537082,v1:192.168.123.103:6801/3344537082] -- mgr_command(tid 0: {"prefix": "cephadm get-pub-key", "target": ["mon-mgr", ""]}) -- 0x7f964c002bf0 con 0x7f964803db70
2026-03-09T17:29:08.090 INFO:teuthology.orchestra.run.vm03.stdout:/usr/bin/ceph: stderr
2026-03-09T17:29:08.044+0000 7f967cff9640 1 -- 192.168.123.103:0/961562929 <== mgr.14118 v2:192.168.123.103:6800/3344537082 1 ==== mgr_command_reply(tid 0: 0 ) ==== 8+0+123 (secure 0 0 0) 0x7f964c002bf0 con 0x7f964803db70
2026-03-09T17:29:08.090 INFO:teuthology.orchestra.run.vm03.stdout:/usr/bin/ceph: stderr
2026-03-09T17:29:08.044+0000 7f96861c0640 1 -- 192.168.123.103:0/961562929 >> [v2:192.168.123.103:6800/3344537082,v1:192.168.123.103:6801/3344537082] conn(0x7f964803db70 msgr2=0x7f9648040030 secure :-1 s=STATE_CONNECTION_ESTABLISHED l=1).mark_down
2026-03-09T17:29:08.090 INFO:teuthology.orchestra.run.vm03.stdout:/usr/bin/ceph: stderr
2026-03-09T17:29:08.044+0000 7f96861c0640 1 --2- 192.168.123.103:0/961562929 >> [v2:192.168.123.103:6800/3344537082,v1:192.168.123.103:6801/3344537082] conn(0x7f964803db70 0x7f9648040030 secure :-1 s=READY pgs=10 cs=0 l=1 rev1=1 crypto rx=0x7f966c0099c0 tx=0x7f966c006eb0 comp rx=0 tx=0).stop
2026-03-09T17:29:08.090 INFO:teuthology.orchestra.run.vm03.stdout:/usr/bin/ceph: stderr
2026-03-09T17:29:08.044+0000 7f96861c0640 1 -- 192.168.123.103:0/961562929 >> [v2:192.168.123.103:3300/0,v1:192.168.123.103:6789/0] conn(0x7f9680109a70 msgr2=0x7f968019f940 secure :-1 s=STATE_CONNECTION_ESTABLISHED l=1).mark_down
2026-03-09T17:29:08.091 INFO:teuthology.orchestra.run.vm03.stdout:/usr/bin/ceph: stderr
2026-03-09T17:29:08.044+0000 7f96861c0640 1 --2- 192.168.123.103:0/961562929 >> [v2:192.168.123.103:3300/0,v1:192.168.123.103:6789/0] conn(0x7f9680109a70 0x7f968019f940 secure :-1 s=READY pgs=42 cs=0 l=1 rev1=1 crypto rx=0x7f9670035ed0 tx=0x7f9670035f00 comp rx=0 tx=0).stop
2026-03-09T17:29:08.091 INFO:teuthology.orchestra.run.vm03.stdout:/usr/bin/ceph: stderr
2026-03-09T17:29:08.044+0000 7f96861c0640 1 -- 192.168.123.103:0/961562929 shutdown_connections
2026-03-09T17:29:08.091 INFO:teuthology.orchestra.run.vm03.stdout:/usr/bin/ceph: stderr
2026-03-09T17:29:08.044+0000 7f96861c0640 1 --2- 192.168.123.103:0/961562929 >> [v2:192.168.123.103:6800/3344537082,v1:192.168.123.103:6801/3344537082] conn(0x7f964803db70 0x7f9648040030 unknown :-1 s=CLOSED pgs=10 cs=0 l=1 rev1=1 crypto rx=0 tx=0 comp rx=0 tx=0).stop
2026-03-09T17:29:08.091 INFO:teuthology.orchestra.run.vm03.stdout:/usr/bin/ceph: stderr
2026-03-09T17:29:08.044+0000 7f96861c0640 1 --2- 192.168.123.103:0/961562929 >> [v2:192.168.123.103:3300/0,v1:192.168.123.103:6789/0] conn(0x7f9680109a70 0x7f968019f940 unknown :-1 s=CLOSED pgs=42 cs=0 l=1 rev1=1 crypto rx=0 tx=0 comp rx=0 tx=0).stop
2026-03-09T17:29:08.091 INFO:teuthology.orchestra.run.vm03.stdout:/usr/bin/ceph: stderr
2026-03-09T17:29:08.044+0000 7f96861c0640 1 -- 192.168.123.103:0/961562929 >> 192.168.123.103:0/961562929 conn(0x7f968007d070 msgr2=0x7f9680107900 unknown :-1 s=STATE_NONE l=0).mark_down
2026-03-09T17:29:08.091 INFO:teuthology.orchestra.run.vm03.stdout:/usr/bin/ceph: stderr
2026-03-09T17:29:08.048+0000 7f96861c0640 1 -- 192.168.123.103:0/961562929 shutdown_connections
2026-03-09T17:29:08.091 INFO:teuthology.orchestra.run.vm03.stdout:/usr/bin/ceph: stderr
2026-03-09T17:29:08.048+0000 7f96861c0640 1 -- 192.168.123.103:0/961562929 wait complete.
2026-03-09T17:29:08.091 INFO:teuthology.orchestra.run.vm03.stdout:Wrote public SSH key to /home/ubuntu/cephtest/ceph.pub
2026-03-09T17:29:08.091 INFO:teuthology.orchestra.run.vm03.stdout:Adding key to root@localhost authorized_keys...
2026-03-09T17:29:08.091 INFO:teuthology.orchestra.run.vm03.stdout:Adding host vm03...
2026-03-09T17:29:08.135 INFO:journalctl@ceph.mon.a.vm03.stdout:Mar 09 17:29:07 vm03 bash[20699]: audit
2026-03-09T17:29:06.710629+0000 mgr.x (mgr.14118) 2 : audit [DBG] from='client.14122 -' entity='client.admin' cmd=[{"prefix": "get_command_descriptions"}]: dispatch
2026-03-09T17:29:08.136 INFO:journalctl@ceph.mon.a.vm03.stdout:Mar 09 17:29:07 vm03 bash[20699]: audit
2026-03-09T17:29:06.710629+0000 mgr.x (mgr.14118) 2 : audit [DBG] from='client.14122 -' entity='client.admin' cmd=[{"prefix": "get_command_descriptions"}]: dispatch
2026-03-09T17:29:08.136 INFO:journalctl@ceph.mon.a.vm03.stdout:Mar 09 17:29:07 vm03 bash[20699]: audit
2026-03-09T17:29:06.715223+0000 mgr.x (mgr.14118) 3 : audit [DBG] from='client.14122 -' entity='client.admin' cmd=[{"prefix": "mgr_status"}]: dispatch
2026-03-09T17:29:08.136 INFO:journalctl@ceph.mon.a.vm03.stdout:Mar 09 17:29:07 vm03 bash[20699]: audit
2026-03-09T17:29:06.715223+0000 mgr.x (mgr.14118) 3 : audit [DBG] from='client.14122 -' entity='client.admin' cmd=[{"prefix": "mgr_status"}]: dispatch
2026-03-09T17:29:08.136 INFO:journalctl@ceph.mon.a.vm03.stdout:Mar 09 17:29:07 vm03 bash[20699]: cephadm
2026-03-09T17:29:06.792976+0000 mgr.x (mgr.14118) 4 : cephadm [INF] [09/Mar/2026:17:29:06] ENGINE Bus STARTING
2026-03-09T17:29:08.136 INFO:journalctl@ceph.mon.a.vm03.stdout:Mar 09 17:29:07 vm03 bash[20699]: cephadm
2026-03-09T17:29:06.792976+0000 mgr.x (mgr.14118) 4 : cephadm [INF] [09/Mar/2026:17:29:06] ENGINE Bus STARTING
2026-03-09T17:29:08.136 INFO:journalctl@ceph.mon.a.vm03.stdout:Mar 09 17:29:07 vm03 bash[20699]: cephadm
2026-03-09T17:29:06.904690+0000 mgr.x (mgr.14118) 5 : cephadm [INF] [09/Mar/2026:17:29:06] ENGINE Serving on https://192.168.123.103:7150
2026-03-09T17:29:08.136 INFO:journalctl@ceph.mon.a.vm03.stdout:Mar 09 17:29:07 vm03 bash[20699]: cephadm
2026-03-09T17:29:06.904690+0000 mgr.x (mgr.14118) 5 : cephadm [INF] [09/Mar/2026:17:29:06] ENGINE Serving on https://192.168.123.103:7150
2026-03-09T17:29:08.136 INFO:journalctl@ceph.mon.a.vm03.stdout:Mar 09 17:29:07 vm03 bash[20699]: cephadm
2026-03-09T17:29:06.906417+0000 mgr.x (mgr.14118) 6 : cephadm [INF] [09/Mar/2026:17:29:06] ENGINE Client ('192.168.123.103', 48140) lost — peer dropped the TLS connection suddenly, during handshake: (6, 'TLS/SSL connection has been closed (EOF) (_ssl.c:1147)')
2026-03-09T17:29:08.136 INFO:journalctl@ceph.mon.a.vm03.stdout:Mar 09 17:29:07 vm03 bash[20699]: cephadm
2026-03-09T17:29:06.906417+0000 mgr.x (mgr.14118) 6 : cephadm [INF] [09/Mar/2026:17:29:06] ENGINE Client ('192.168.123.103', 48140) lost — peer dropped the TLS connection suddenly, during handshake: (6, 'TLS/SSL connection has been closed (EOF) (_ssl.c:1147)')
2026-03-09T17:29:08.136 INFO:journalctl@ceph.mon.a.vm03.stdout:Mar 09 17:29:07 vm03 bash[20699]: cephadm
2026-03-09T17:29:07.005580+0000 mgr.x (mgr.14118) 7 : cephadm [INF] [09/Mar/2026:17:29:07] ENGINE Serving on http://192.168.123.103:8765
2026-03-09T17:29:08.136 INFO:journalctl@ceph.mon.a.vm03.stdout:Mar 09 17:29:07 vm03 bash[20699]: cephadm
2026-03-09T17:29:07.005580+0000 mgr.x (mgr.14118) 7 : cephadm [INF] [09/Mar/2026:17:29:07] ENGINE Serving on http://192.168.123.103:8765
2026-03-09T17:29:08.136 INFO:journalctl@ceph.mon.a.vm03.stdout:Mar 09 17:29:07 vm03 bash[20699]: cephadm
2026-03-09T17:29:07.005691+0000 mgr.x (mgr.14118) 8 : cephadm [INF] [09/Mar/2026:17:29:07] ENGINE Bus STARTED
2026-03-09T17:29:08.136 INFO:journalctl@ceph.mon.a.vm03.stdout:Mar 09 17:29:07 vm03 bash[20699]: cephadm
2026-03-09T17:29:07.005691+0000 mgr.x (mgr.14118) 8 : cephadm [INF] [09/Mar/2026:17:29:07] ENGINE Bus STARTED
2026-03-09T17:29:08.136 INFO:journalctl@ceph.mon.a.vm03.stdout:Mar 09 17:29:07 vm03 bash[20699]: audit
2026-03-09T17:29:07.006352+0000 mon.a (mon.0) 58 : audit [DBG] from='mgr.14118 192.168.123.103:0/2352918498' entity='mgr.x' cmd=[{"prefix": "config dump", "format": "json"}]: dispatch
2026-03-09T17:29:08.136 INFO:journalctl@ceph.mon.a.vm03.stdout:Mar 09 17:29:07 vm03 bash[20699]: audit
2026-03-09T17:29:07.006352+0000 mon.a (mon.0) 58 : audit [DBG] from='mgr.14118 192.168.123.103:0/2352918498' entity='mgr.x' cmd=[{"prefix": "config dump", "format": "json"}]: dispatch
2026-03-09T17:29:08.136 INFO:journalctl@ceph.mon.a.vm03.stdout:Mar 09 17:29:07 vm03 bash[20699]: audit
2026-03-09T17:29:07.024875+0000 mgr.x (mgr.14118) 9 : audit [DBG] from='client.14130 -' entity='client.admin' cmd=[{"prefix": "orch set backend", "module_name": "cephadm", "target": ["mon-mgr", ""]}]: dispatch
2026-03-09T17:29:08.136 INFO:journalctl@ceph.mon.a.vm03.stdout:Mar 09 17:29:07 vm03 bash[20699]: audit
2026-03-09T17:29:07.024875+0000 mgr.x (mgr.14118) 9 : audit [DBG] from='client.14130 -' entity='client.admin' cmd=[{"prefix": "orch set backend", "module_name": "cephadm", "target": ["mon-mgr", ""]}]: dispatch
2026-03-09T17:29:08.136 INFO:journalctl@ceph.mon.a.vm03.stdout:Mar 09 17:29:07 vm03 bash[20699]: audit
2026-03-09T17:29:07.029189+0000 mon.a (mon.0) 59 : audit [INF] from='mgr.14118 192.168.123.103:0/2352918498' entity='mgr.x'
2026-03-09T17:29:08.136 INFO:journalctl@ceph.mon.a.vm03.stdout:Mar 09 17:29:07 vm03 bash[20699]: audit
2026-03-09T17:29:07.029189+0000 mon.a (mon.0) 59 : audit [INF] from='mgr.14118 192.168.123.103:0/2352918498' entity='mgr.x'
2026-03-09T17:29:08.136 INFO:journalctl@ceph.mon.a.vm03.stdout:Mar 09 17:29:07 vm03 bash[20699]: audit
2026-03-09T17:29:07.036995+0000 mon.a (mon.0) 60 : audit [DBG] from='mgr.14118 192.168.123.103:0/2352918498' entity='mgr.x' cmd=[{"prefix": "config dump", "format": "json"}]: dispatch
2026-03-09T17:29:08.136 INFO:journalctl@ceph.mon.a.vm03.stdout:Mar 09 17:29:07 vm03 bash[20699]: audit
2026-03-09T17:29:07.036995+0000 mon.a (mon.0) 60 : audit [DBG] from='mgr.14118 192.168.123.103:0/2352918498' entity='mgr.x' cmd=[{"prefix": "config dump", "format": "json"}]: dispatch
2026-03-09T17:29:08.136 INFO:journalctl@ceph.mon.a.vm03.stdout:Mar 09 17:29:07 vm03 bash[20699]: audit
2026-03-09T17:29:07.306188+0000 mgr.x (mgr.14118) 10 : audit [DBG] from='client.14132 -' entity='client.admin' cmd=[{"prefix": "cephadm set-user", "user": "root", "target": ["mon-mgr", ""]}]: dispatch
2026-03-09T17:29:08.136 INFO:journalctl@ceph.mon.a.vm03.stdout:Mar 09 17:29:07 vm03 bash[20699]: audit
2026-03-09T17:29:07.306188+0000 mgr.x (mgr.14118) 10 : audit [DBG] from='client.14132 -' entity='client.admin' cmd=[{"prefix": "cephadm set-user", "user": "root", "target": ["mon-mgr", ""]}]: dispatch
2026-03-09T17:29:08.136 INFO:journalctl@ceph.mon.a.vm03.stdout:Mar 09 17:29:07 vm03 bash[20699]: audit
2026-03-09T17:29:07.598330+0000 mon.a (mon.0) 61 : audit [INF] from='mgr.14118 192.168.123.103:0/2352918498' entity='mgr.x'
2026-03-09T17:29:08.136 INFO:journalctl@ceph.mon.a.vm03.stdout:Mar 09 17:29:07 vm03 bash[20699]: audit
2026-03-09T17:29:07.598330+0000 mon.a (mon.0) 61 : audit [INF] from='mgr.14118 192.168.123.103:0/2352918498' entity='mgr.x'
2026-03-09T17:29:08.136 INFO:journalctl@ceph.mon.a.vm03.stdout:Mar 09 17:29:07 vm03 bash[20699]: audit
2026-03-09T17:29:07.600341+0000 mon.a (mon.0) 62 : audit [INF] from='mgr.14118 192.168.123.103:0/2352918498' entity='mgr.x'
2026-03-09T17:29:08.136 INFO:journalctl@ceph.mon.a.vm03.stdout:Mar 09 17:29:07 vm03 bash[20699]: audit
2026-03-09T17:29:07.600341+0000 mon.a (mon.0) 62 : audit [INF] from='mgr.14118 192.168.123.103:0/2352918498' entity='mgr.x'
2026-03-09T17:29:09.008 INFO:journalctl@ceph.mon.a.vm03.stdout:Mar 09 17:29:08 vm03 bash[20699]: audit
2026-03-09T17:29:07.571352+0000 mgr.x (mgr.14118) 11 : audit [DBG] from='client.14134 -' entity='client.admin' cmd=[{"prefix": "cephadm generate-key", "target": ["mon-mgr", ""]}]: dispatch
2026-03-09T17:29:09.008 INFO:journalctl@ceph.mon.a.vm03.stdout:Mar 09 17:29:08 vm03 bash[20699]: audit
2026-03-09T17:29:07.571352+0000 mgr.x (mgr.14118) 11 : audit [DBG] from='client.14134 -' entity='client.admin' cmd=[{"prefix": "cephadm generate-key", "target": ["mon-mgr", ""]}]: dispatch
2026-03-09T17:29:09.008 INFO:journalctl@ceph.mon.a.vm03.stdout:Mar 09 17:29:08 vm03 bash[20699]: cephadm
2026-03-09T17:29:07.571606+0000 mgr.x (mgr.14118) 12 : cephadm [INF] Generating ssh key...
2026-03-09T17:29:09.008 INFO:journalctl@ceph.mon.a.vm03.stdout:Mar 09 17:29:08 vm03 bash[20699]: cephadm
2026-03-09T17:29:07.571606+0000 mgr.x (mgr.14118) 12 : cephadm [INF] Generating ssh key...
2026-03-09T17:29:09.008 INFO:journalctl@ceph.mon.a.vm03.stdout:Mar 09 17:29:08 vm03 bash[20699]: audit
2026-03-09T17:29:08.046554+0000 mgr.x (mgr.14118) 13 : audit [DBG] from='client.14136 -' entity='client.admin' cmd=[{"prefix": "cephadm get-pub-key", "target": ["mon-mgr", ""]}]: dispatch
2026-03-09T17:29:09.008 INFO:journalctl@ceph.mon.a.vm03.stdout:Mar 09 17:29:08 vm03 bash[20699]: audit
2026-03-09T17:29:08.046554+0000 mgr.x (mgr.14118) 13 : audit [DBG] from='client.14136 -' entity='client.admin' cmd=[{"prefix": "cephadm get-pub-key", "target": ["mon-mgr", ""]}]: dispatch
2026-03-09T17:29:09.008 INFO:journalctl@ceph.mon.a.vm03.stdout:Mar 09 17:29:08 vm03 bash[20699]: audit
2026-03-09T17:29:08.311181+0000 mgr.x (mgr.14118) 14 : audit [DBG] from='client.14138 -' entity='client.admin' cmd=[{"prefix": "orch host add", "hostname": "vm03", "addr": "192.168.123.103", "target": ["mon-mgr", ""]}]: dispatch
2026-03-09T17:29:09.008 INFO:journalctl@ceph.mon.a.vm03.stdout:Mar 09 17:29:08 vm03 bash[20699]: audit
2026-03-09T17:29:08.311181+0000 mgr.x (mgr.14118) 14 : audit [DBG] from='client.14138 -' entity='client.admin' cmd=[{"prefix": "orch host add", "hostname": "vm03", "addr": "192.168.123.103", "target": ["mon-mgr", ""]}]: dispatch
2026-03-09T17:29:09.008 INFO:journalctl@ceph.mon.a.vm03.stdout:Mar 09 17:29:08 vm03 bash[20699]: cluster
2026-03-09T17:29:08.694327+0000 mon.a (mon.0) 63 : cluster [DBG] mgrmap e8: x(active, since 3s)
2026-03-09T17:29:09.008 INFO:journalctl@ceph.mon.a.vm03.stdout:Mar 09 17:29:08 vm03 bash[20699]: cluster
2026-03-09T17:29:08.694327+0000 mon.a (mon.0) 63 : cluster [DBG] mgrmap e8: x(active, since 3s)
2026-03-09T17:29:10.169 INFO:journalctl@ceph.mon.a.vm03.stdout:Mar 09 17:29:09 vm03 bash[20699]: cephadm
2026-03-09T17:29:08.991496+0000 mgr.x (mgr.14118) 15 : cephadm [INF] Deploying cephadm binary to vm03
2026-03-09T17:29:10.169 INFO:journalctl@ceph.mon.a.vm03.stdout:Mar 09 17:29:09 vm03 bash[20699]: cephadm
2026-03-09T17:29:08.991496+0000 mgr.x (mgr.14118) 15 : cephadm [INF] Deploying cephadm binary to vm03
2026-03-09T17:29:10.415 INFO:teuthology.orchestra.run.vm03.stdout:/usr/bin/ceph: stdout Added host 'vm03' with addr '192.168.123.103'
2026-03-09T17:29:10.416 INFO:teuthology.orchestra.run.vm03.stdout:/usr/bin/ceph: stderr
2026-03-09T17:29:08.204+0000 7f4330af4640 1 Processor -- start
2026-03-09T17:29:10.416 INFO:teuthology.orchestra.run.vm03.stdout:/usr/bin/ceph: stderr
2026-03-09T17:29:08.204+0000 7f4330af4640 1 -- start start
2026-03-09T17:29:10.416 INFO:teuthology.orchestra.run.vm03.stdout:/usr/bin/ceph: stderr
2026-03-09T17:29:08.204+0000 7f4330af4640 1 --2- >> [v2:192.168.123.103:3300/0,v1:192.168.123.103:6789/0] conn(0x7f432c109a70 0x7f432c109e70 unknown :-1 s=NONE pgs=0 cs=0 l=0 rev1=0 crypto rx=0 tx=0 comp rx=0 tx=0).connect
2026-03-09T17:29:10.416 INFO:teuthology.orchestra.run.vm03.stdout:/usr/bin/ceph: stderr
2026-03-09T17:29:08.204+0000 7f4330af4640 1 -- --> [v2:192.168.123.103:3300/0,v1:192.168.123.103:6789/0] -- mon_getmap magic: 0 -- 0x7f432c10a440 con 0x7f432c109a70
2026-03-09T17:29:10.416 INFO:teuthology.orchestra.run.vm03.stdout:/usr/bin/ceph: stderr
2026-03-09T17:29:08.204+0000 7f432a575640 1 --2- >> [v2:192.168.123.103:3300/0,v1:192.168.123.103:6789/0] conn(0x7f432c109a70 0x7f432c109e70 unknown :-1 s=BANNER_CONNECTING pgs=0 cs=0 l=0 rev1=0 crypto rx=0 tx=0 comp rx=0 tx=0)._handle_peer_banner_payload supported=3 required=0
2026-03-09T17:29:10.416 INFO:teuthology.orchestra.run.vm03.stdout:/usr/bin/ceph: stderr
2026-03-09T17:29:08.204+0000 7f432a575640 1 --2- >> [v2:192.168.123.103:3300/0,v1:192.168.123.103:6789/0] conn(0x7f432c109a70 0x7f432c109e70 unknown :-1 s=HELLO_CONNECTING pgs=0 cs=0 l=0 rev1=1 crypto rx=0 tx=0 comp rx=0 tx=0).handle_hello peer v2:192.168.123.103:3300/0 says I am v2:192.168.123.103:34292/0 (socket says 192.168.123.103:34292)
2026-03-09T17:29:10.416 INFO:teuthology.orchestra.run.vm03.stdout:/usr/bin/ceph: stderr
2026-03-09T17:29:08.204+0000 7f432a575640 1 -- 192.168.123.103:0/1128688399 learned_addr learned my addr 192.168.123.103:0/1128688399 (peer_addr_for_me v2:192.168.123.103:0/0)
2026-03-09T17:29:10.416 INFO:teuthology.orchestra.run.vm03.stdout:/usr/bin/ceph: stderr
2026-03-09T17:29:08.204+0000 7f432a575640 1 -- 192.168.123.103:0/1128688399 --> [v2:192.168.123.103:3300/0,v1:192.168.123.103:6789/0] -- mon_subscribe({config=0+,monmap=0+}) -- 0x7f432c10ac10 con 0x7f432c109a70
2026-03-09T17:29:10.416 INFO:teuthology.orchestra.run.vm03.stdout:/usr/bin/ceph: stderr
2026-03-09T17:29:08.208+0000 7f432a575640 1 --2- 192.168.123.103:0/1128688399 >> [v2:192.168.123.103:3300/0,v1:192.168.123.103:6789/0] conn(0x7f432c109a70 0x7f432c109e70 secure :-1 s=READY pgs=43 cs=0 l=1 rev1=1 crypto rx=0x7f4314009920 tx=0x7f431402ef20 comp rx=0 tx=0).ready entity=mon.0 client_cookie=26d5421dda7ae028 server_cookie=0 in_seq=0 out_seq=0
2026-03-09T17:29:10.416 INFO:teuthology.orchestra.run.vm03.stdout:/usr/bin/ceph: stderr
2026-03-09T17:29:08.208+0000 7f4329573640 1 -- 192.168.123.103:0/1128688399 <== mon.0 v2:192.168.123.103:3300/0 1 ==== mon_map magic: 0 ==== 205+0+0 (secure 0 0 0) 0x7f431403c070 con 0x7f432c109a70
2026-03-09T17:29:10.416 INFO:teuthology.orchestra.run.vm03.stdout:/usr/bin/ceph: stderr
2026-03-09T17:29:08.208+0000 7f4329573640 1 -- 192.168.123.103:0/1128688399 <== mon.0 v2:192.168.123.103:3300/0 2 ==== config(25 keys) ==== 1007+0+0 (secure 0 0 0) 0x7f4314037440 con 0x7f432c109a70
2026-03-09T17:29:10.416 INFO:teuthology.orchestra.run.vm03.stdout:/usr/bin/ceph: stderr
2026-03-09T17:29:08.208+0000 7f4329573640 1 -- 192.168.123.103:0/1128688399 <== mon.0 v2:192.168.123.103:3300/0 3 ==== mon_map magic: 0 ==== 205+0+0 (secure 0 0 0) 0x7f43140354d0 con 0x7f432c109a70
2026-03-09T17:29:10.416 INFO:teuthology.orchestra.run.vm03.stdout:/usr/bin/ceph: stderr
2026-03-09T17:29:08.208+0000 7f4330af4640 1 -- 192.168.123.103:0/1128688399 >> [v2:192.168.123.103:3300/0,v1:192.168.123.103:6789/0] conn(0x7f432c109a70 msgr2=0x7f432c109e70 secure :-1 s=STATE_CONNECTION_ESTABLISHED l=1).mark_down
2026-03-09T17:29:10.416 INFO:teuthology.orchestra.run.vm03.stdout:/usr/bin/ceph: stderr
2026-03-09T17:29:08.208+0000 7f4330af4640 1 --2- 192.168.123.103:0/1128688399 >> [v2:192.168.123.103:3300/0,v1:192.168.123.103:6789/0] conn(0x7f432c109a70 0x7f432c109e70 secure :-1 s=READY pgs=43 cs=0 l=1 rev1=1 crypto rx=0x7f4314009920 tx=0x7f431402ef20 comp rx=0 tx=0).stop
2026-03-09T17:29:10.416 INFO:teuthology.orchestra.run.vm03.stdout:/usr/bin/ceph: stderr
2026-03-09T17:29:08.208+0000 7f4330af4640 1 -- 192.168.123.103:0/1128688399 shutdown_connections
2026-03-09T17:29:10.416 INFO:teuthology.orchestra.run.vm03.stdout:/usr/bin/ceph: stderr
2026-03-09T17:29:08.208+0000 7f4330af4640 1 --2- 192.168.123.103:0/1128688399 >> [v2:192.168.123.103:3300/0,v1:192.168.123.103:6789/0] conn(0x7f432c109a70 0x7f432c109e70 unknown :-1 s=CLOSED pgs=43 cs=0 l=1 rev1=1 crypto rx=0 tx=0 comp rx=0 tx=0).stop
2026-03-09T17:29:10.416 INFO:teuthology.orchestra.run.vm03.stdout:/usr/bin/ceph: stderr
2026-03-09T17:29:08.208+0000 7f4330af4640 1 -- 192.168.123.103:0/1128688399 >> 192.168.123.103:0/1128688399 conn(0x7f432c07d070 msgr2=0x7f432c07d4c0 unknown :-1 s=STATE_NONE l=0).mark_down
2026-03-09T17:29:10.416 INFO:teuthology.orchestra.run.vm03.stdout:/usr/bin/ceph: stderr
2026-03-09T17:29:08.208+0000 7f4330af4640 1 -- 192.168.123.103:0/1128688399 shutdown_connections
2026-03-09T17:29:10.416 INFO:teuthology.orchestra.run.vm03.stdout:/usr/bin/ceph: stderr
2026-03-09T17:29:08.208+0000 7f4330af4640 1 -- 192.168.123.103:0/1128688399 wait complete.
2026-03-09T17:29:10.416 INFO:teuthology.orchestra.run.vm03.stdout:/usr/bin/ceph: stderr
2026-03-09T17:29:08.208+0000 7f4330af4640 1 Processor -- start
2026-03-09T17:29:10.418 INFO:teuthology.orchestra.run.vm03.stdout:/usr/bin/ceph: stderr
2026-03-09T17:29:08.208+0000 7f4330af4640 1 -- start start
2026-03-09T17:29:10.418 INFO:teuthology.orchestra.run.vm03.stdout:/usr/bin/ceph: stderr
2026-03-09T17:29:08.208+0000 7f4330af4640 1 --2- >> [v2:192.168.123.103:3300/0,v1:192.168.123.103:6789/0] conn(0x7f432c109a70 0x7f432c19f8d0 unknown :-1 s=NONE pgs=0 cs=0 l=1 rev1=0 crypto rx=0 tx=0 comp rx=0 tx=0).connect
2026-03-09T17:29:10.418 INFO:teuthology.orchestra.run.vm03.stdout:/usr/bin/ceph: stderr
2026-03-09T17:29:08.208+0000 7f4330af4640 1 -- --> [v2:192.168.123.103:3300/0,v1:192.168.123.103:6789/0] -- mon_getmap magic: 0 -- 0x7f432c10de40 con 0x7f432c109a70
2026-03-09T17:29:10.418 INFO:teuthology.orchestra.run.vm03.stdout:/usr/bin/ceph: stderr
2026-03-09T17:29:08.208+0000 7f432a575640 1 --2- >> [v2:192.168.123.103:3300/0,v1:192.168.123.103:6789/0] conn(0x7f432c109a70 0x7f432c19f8d0 unknown :-1 s=BANNER_CONNECTING pgs=0 cs=0 l=1 rev1=0 crypto rx=0 tx=0 comp rx=0 tx=0)._handle_peer_banner_payload supported=3 required=0
2026-03-09T17:29:10.418 INFO:teuthology.orchestra.run.vm03.stdout:/usr/bin/ceph: stderr
2026-03-09T17:29:08.208+0000 7f432a575640 1 --2- >> [v2:192.168.123.103:3300/0,v1:192.168.123.103:6789/0] conn(0x7f432c109a70 0x7f432c19f8d0 unknown :-1 s=HELLO_CONNECTING pgs=0 cs=0 l=1 rev1=1 crypto rx=0 tx=0 comp rx=0 tx=0).handle_hello peer v2:192.168.123.103:3300/0 says I am v2:192.168.123.103:34294/0 (socket says 192.168.123.103:34294)
2026-03-09T17:29:10.418 INFO:teuthology.orchestra.run.vm03.stdout:/usr/bin/ceph: stderr
2026-03-09T17:29:08.208+0000 7f432a575640 1 -- 192.168.123.103:0/81155033 learned_addr learned my addr 192.168.123.103:0/81155033 (peer_addr_for_me v2:192.168.123.103:0/0)
2026-03-09T17:29:10.418 INFO:teuthology.orchestra.run.vm03.stdout:/usr/bin/ceph: stderr
2026-03-09T17:29:08.208+0000 7f432a575640 1 -- 192.168.123.103:0/81155033 --> [v2:192.168.123.103:3300/0,v1:192.168.123.103:6789/0] -- mon_subscribe({config=0+,monmap=0+}) -- 0x7f432c19fe10 con 0x7f432c109a70
2026-03-09T17:29:10.418 INFO:teuthology.orchestra.run.vm03.stdout:/usr/bin/ceph: stderr
2026-03-09T17:29:08.208+0000 7f432a575640 1 --2- 192.168.123.103:0/81155033 >> [v2:192.168.123.103:3300/0,v1:192.168.123.103:6789/0] conn(0x7f432c109a70 0x7f432c19f8d0 secure :-1 s=READY pgs=44 cs=0 l=1 rev1=1 crypto rx=0x7f4314002410 tx=0x7f4314035ae0 comp rx=0 tx=0).ready entity=mon.0 client_cookie=0 server_cookie=0 in_seq=0 out_seq=0
2026-03-09T17:29:10.418 INFO:teuthology.orchestra.run.vm03.stdout:/usr/bin/ceph: stderr
2026-03-09T17:29:08.208+0000 7f43137fe640 1 -- 192.168.123.103:0/81155033 <== mon.0 v2:192.168.123.103:3300/0 1 ==== mon_map magic: 0 ==== 205+0+0 (secure 0 0 0) 0x7f4314045070 con 0x7f432c109a70
2026-03-09T17:29:10.418 INFO:teuthology.orchestra.run.vm03.stdout:/usr/bin/ceph: stderr
2026-03-09T17:29:08.208+0000 7f43137fe640 1 -- 192.168.123.103:0/81155033 <== mon.0 v2:192.168.123.103:3300/0 2 ==== config(25 keys) ==== 1007+0+0 (secure 0 0 0) 0x7f431402fe00 con 0x7f432c109a70
2026-03-09T17:29:10.418 INFO:teuthology.orchestra.run.vm03.stdout:/usr/bin/ceph: stderr
2026-03-09T17:29:08.208+0000 7f43137fe640 1 -- 192.168.123.103:0/81155033 <== mon.0 v2:192.168.123.103:3300/0 3 ==== mon_map magic: 0 ==== 205+0+0 (secure 0 0 0) 0x7f431403c070 con 0x7f432c109a70
2026-03-09T17:29:10.418 INFO:teuthology.orchestra.run.vm03.stdout:/usr/bin/ceph: stderr
2026-03-09T17:29:08.208+0000 7f4330af4640 1 -- 192.168.123.103:0/81155033 --> [v2:192.168.123.103:3300/0,v1:192.168.123.103:6789/0] -- mon_subscribe({mgrmap=0+}) -- 0x7f432c1a00a0 con 0x7f432c109a70
2026-03-09T17:29:10.418 INFO:teuthology.orchestra.run.vm03.stdout:/usr/bin/ceph: stderr
2026-03-09T17:29:08.208+0000 7f4330af4640 1 -- 192.168.123.103:0/81155033 --> [v2:192.168.123.103:3300/0,v1:192.168.123.103:6789/0] -- mon_subscribe({osdmap=0}) -- 0x7f432c1a2d90 con 0x7f432c109a70
2026-03-09T17:29:10.418 INFO:teuthology.orchestra.run.vm03.stdout:/usr/bin/ceph: stderr
2026-03-09T17:29:08.212+0000 7f43137fe640 1 -- 192.168.123.103:0/81155033 <== mon.0 v2:192.168.123.103:3300/0 4 ==== mgrmap(e 7) ==== 50141+0+0 (secure 0 0 0) 0x7f4314040450 con 0x7f432c109a70
2026-03-09T17:29:10.418 INFO:teuthology.orchestra.run.vm03.stdout:/usr/bin/ceph: stderr
2026-03-09T17:29:08.212+0000 7f4330af4640 1 -- 192.168.123.103:0/81155033 --> [v2:192.168.123.103:3300/0,v1:192.168.123.103:6789/0] -- mon_command({"prefix": "get_command_descriptions"} v 0) -- 0x7f432c109ef0 con 0x7f432c109a70
2026-03-09T17:29:10.418 INFO:teuthology.orchestra.run.vm03.stdout:/usr/bin/ceph: stderr
2026-03-09T17:29:08.212+0000 7f43137fe640 1 --2- 192.168.123.103:0/81155033 >> [v2:192.168.123.103:6800/3344537082,v1:192.168.123.103:6801/3344537082] conn(0x7f42fc03d710 0x7f42fc03fbd0 unknown :-1 s=NONE pgs=0 cs=0 l=1 rev1=0 crypto rx=0 tx=0 comp rx=0 tx=0).connect
2026-03-09T17:29:10.418 INFO:teuthology.orchestra.run.vm03.stdout:/usr/bin/ceph: stderr
2026-03-09T17:29:08.212+0000 7f43137fe640 1 -- 192.168.123.103:0/81155033 <== mon.0 v2:192.168.123.103:3300/0 5 ==== osd_map(2..2 src has 1..2) ==== 940+0+0 (secure 0 0 0) 0x7f43140767f0 con 0x7f432c109a70
2026-03-09T17:29:10.418 INFO:teuthology.orchestra.run.vm03.stdout:/usr/bin/ceph: stderr
2026-03-09T17:29:08.212+0000 7f4329d74640 1 --2- 192.168.123.103:0/81155033 >> [v2:192.168.123.103:6800/3344537082,v1:192.168.123.103:6801/3344537082] conn(0x7f42fc03d710 0x7f42fc03fbd0 unknown :-1 s=BANNER_CONNECTING pgs=0 cs=0 l=1 rev1=0 crypto rx=0 tx=0 comp rx=0 tx=0)._handle_peer_banner_payload supported=3 required=0
2026-03-09T17:29:10.418 INFO:teuthology.orchestra.run.vm03.stdout:/usr/bin/ceph: stderr
2026-03-09T17:29:08.212+0000 7f4329d74640 1 --2- 192.168.123.103:0/81155033 >> [v2:192.168.123.103:6800/3344537082,v1:192.168.123.103:6801/3344537082] conn(0x7f42fc03d710 0x7f42fc03fbd0 secure :-1 s=READY pgs=11 cs=0 l=1 rev1=1 crypto rx=0x7f4320009a10 tx=0x7f4320006eb0 comp rx=0 tx=0).ready entity=mgr.14118 client_cookie=0 server_cookie=0 in_seq=0 out_seq=0
2026-03-09T17:29:10.418 INFO:teuthology.orchestra.run.vm03.stdout:/usr/bin/ceph: stderr
2026-03-09T17:29:08.212+0000 7f43137fe640 1 -- 192.168.123.103:0/81155033 <== mon.0 v2:192.168.123.103:3300/0 6 ==== mon_command_ack([{"prefix": "get_command_descriptions"}]=0 v0) ==== 72+0+195034 (secure 0 0 0) 0x7f4314036e30 con 0x7f432c109a70
2026-03-09T17:29:10.418 INFO:teuthology.orchestra.run.vm03.stdout:/usr/bin/ceph: stderr
2026-03-09T17:29:08.308+0000 7f4330af4640 1 -- 192.168.123.103:0/81155033 --> [v2:192.168.123.103:6800/3344537082,v1:192.168.123.103:6801/3344537082] -- mgr_command(tid 0: {"prefix": "orch host add", "hostname": "vm03", "addr": "192.168.123.103", "target": ["mon-mgr", ""]}) -- 0x7f432c107ed0 con 0x7f42fc03d710
2026-03-09T17:29:10.418 INFO:teuthology.orchestra.run.vm03.stdout:/usr/bin/ceph: stderr
2026-03-09T17:29:08.688+0000 7f43137fe640 1 -- 192.168.123.103:0/81155033 <== mon.0 v2:192.168.123.103:3300/0 7 ==== mgrmap(e 8) ==== 50247+0+0 (secure 0 0 0) 0x7f431404a430 con 0x7f432c109a70
2026-03-09T17:29:10.419 INFO:teuthology.orchestra.run.vm03.stdout:/usr/bin/ceph: stderr
2026-03-09T17:29:10.352+0000 7f43137fe640 1 -- 192.168.123.103:0/81155033 <== mgr.14118 v2:192.168.123.103:6800/3344537082 1 ==== mgr_command_reply(tid 0: 0 ) ==== 8+0+46 (secure 0 0 0) 0x7f432c107ed0 con 0x7f42fc03d710
2026-03-09T17:29:10.419 INFO:teuthology.orchestra.run.vm03.stdout:/usr/bin/ceph: stderr
2026-03-09T17:29:10.352+0000 7f4330af4640 1 -- 192.168.123.103:0/81155033 >> [v2:192.168.123.103:6800/3344537082,v1:192.168.123.103:6801/3344537082] conn(0x7f42fc03d710 msgr2=0x7f42fc03fbd0 secure :-1 s=STATE_CONNECTION_ESTABLISHED l=1).mark_down
2026-03-09T17:29:10.419 INFO:teuthology.orchestra.run.vm03.stdout:/usr/bin/ceph: stderr
2026-03-09T17:29:10.352+0000 7f4330af4640 1 --2- 192.168.123.103:0/81155033 >> [v2:192.168.123.103:6800/3344537082,v1:192.168.123.103:6801/3344537082] conn(0x7f42fc03d710 0x7f42fc03fbd0 secure :-1 s=READY pgs=11 cs=0 l=1 rev1=1 crypto rx=0x7f4320009a10 tx=0x7f4320006eb0 comp rx=0 tx=0).stop
2026-03-09T17:29:10.419 INFO:teuthology.orchestra.run.vm03.stdout:/usr/bin/ceph: stderr
2026-03-09T17:29:10.356+0000 7f4330af4640 1 -- 192.168.123.103:0/81155033 >> [v2:192.168.123.103:3300/0,v1:192.168.123.103:6789/0] conn(0x7f432c109a70 msgr2=0x7f432c19f8d0 secure :-1 s=STATE_CONNECTION_ESTABLISHED l=1).mark_down
2026-03-09T17:29:10.419 INFO:teuthology.orchestra.run.vm03.stdout:/usr/bin/ceph: stderr
2026-03-09T17:29:10.356+0000 7f4330af4640 1 --2- 192.168.123.103:0/81155033 >> [v2:192.168.123.103:3300/0,v1:192.168.123.103:6789/0] conn(0x7f432c109a70 0x7f432c19f8d0 secure :-1 s=READY pgs=44 cs=0 l=1 rev1=1 crypto rx=0x7f4314002410 tx=0x7f4314035ae0 comp rx=0 tx=0).stop
2026-03-09T17:29:10.419 INFO:teuthology.orchestra.run.vm03.stdout:/usr/bin/ceph: stderr
2026-03-09T17:29:10.356+0000 7f4330af4640 1 -- 192.168.123.103:0/81155033 shutdown_connections
2026-03-09T17:29:10.419 INFO:teuthology.orchestra.run.vm03.stdout:/usr/bin/ceph: stderr
2026-03-09T17:29:10.356+0000 7f4330af4640 1 --2- 192.168.123.103:0/81155033 >> [v2:192.168.123.103:6800/3344537082,v1:192.168.123.103:6801/3344537082] conn(0x7f42fc03d710 0x7f42fc03fbd0 unknown :-1 s=CLOSED pgs=11 cs=0 l=1 rev1=1 crypto rx=0 tx=0 comp rx=0 tx=0).stop
2026-03-09T17:29:10.419 INFO:teuthology.orchestra.run.vm03.stdout:/usr/bin/ceph: stderr
2026-03-09T17:29:10.356+0000 7f4330af4640 1 --2- 192.168.123.103:0/81155033 >> [v2:192.168.123.103:3300/0,v1:192.168.123.103:6789/0] conn(0x7f432c109a70 0x7f432c19f8d0 unknown :-1 s=CLOSED pgs=44 cs=0 l=1 rev1=1 crypto rx=0 tx=0 comp rx=0 tx=0).stop
2026-03-09T17:29:10.419 INFO:teuthology.orchestra.run.vm03.stdout:/usr/bin/ceph: stderr
2026-03-09T17:29:10.356+0000 7f4330af4640 1 -- 192.168.123.103:0/81155033 >> 192.168.123.103:0/81155033 conn(0x7f432c07d070 msgr2=0x7f432c1077c0 unknown :-1 s=STATE_NONE l=0).mark_down
2026-03-09T17:29:10.419 INFO:teuthology.orchestra.run.vm03.stdout:/usr/bin/ceph: stderr
2026-03-09T17:29:10.356+0000 7f4330af4640 1 -- 192.168.123.103:0/81155033 shutdown_connections
2026-03-09T17:29:10.419 INFO:teuthology.orchestra.run.vm03.stdout:/usr/bin/ceph: stderr
2026-03-09T17:29:10.356+0000 7f4330af4640 1 -- 192.168.123.103:0/81155033 wait complete.
2026-03-09T17:29:10.419 INFO:teuthology.orchestra.run.vm03.stdout:Deploying unmanaged mon service...
2026-03-09T17:29:10.775 INFO:teuthology.orchestra.run.vm03.stdout:/usr/bin/ceph: stdout Scheduled mon update...
2026-03-09T17:29:10.775 INFO:teuthology.orchestra.run.vm03.stdout:/usr/bin/ceph: stderr
2026-03-09T17:29:10.580+0000 7faee3577640 1 Processor -- start
2026-03-09T17:29:10.775 INFO:teuthology.orchestra.run.vm03.stdout:/usr/bin/ceph: stderr
2026-03-09T17:29:10.580+0000 7faee3577640 1 -- start start
2026-03-09T17:29:10.775 INFO:teuthology.orchestra.run.vm03.stdout:/usr/bin/ceph: stderr
2026-03-09T17:29:10.580+0000 7faee3577640 1 --2- >> [v2:192.168.123.103:3300/0,v1:192.168.123.103:6789/0] conn(0x7faee41063a0 0x7faee41067a0 unknown :-1 s=NONE pgs=0 cs=0 l=0 rev1=0 crypto rx=0 tx=0 comp rx=0 tx=0).connect
2026-03-09T17:29:10.775 INFO:teuthology.orchestra.run.vm03.stdout:/usr/bin/ceph: stderr
2026-03-09T17:29:10.580+0000 7faee3577640 1 -- --> [v2:192.168.123.103:3300/0,v1:192.168.123.103:6789/0] -- mon_getmap magic: 0 -- 0x7faee4106d70 con 0x7faee41063a0
2026-03-09T17:29:10.775 INFO:teuthology.orchestra.run.vm03.stdout:/usr/bin/ceph: stderr
2026-03-09T17:29:10.580+0000 7faee2575640 1 --2- >> [v2:192.168.123.103:3300/0,v1:192.168.123.103:6789/0] conn(0x7faee41063a0 0x7faee41067a0 unknown :-1 s=BANNER_CONNECTING pgs=0 cs=0 l=0 rev1=0 crypto rx=0 tx=0 comp rx=0 tx=0)._handle_peer_banner_payload supported=3 required=0
2026-03-09T17:29:10.775 INFO:teuthology.orchestra.run.vm03.stdout:/usr/bin/ceph: stderr
2026-03-09T17:29:10.580+0000 7faee2575640 1 --2- >> [v2:192.168.123.103:3300/0,v1:192.168.123.103:6789/0] conn(0x7faee41063a0 0x7faee41067a0 unknown :-1 s=HELLO_CONNECTING pgs=0 cs=0 l=0 rev1=1 crypto rx=0 tx=0 comp rx=0 tx=0).handle_hello peer v2:192.168.123.103:3300/0 says I am v2:192.168.123.103:34306/0 (socket says 192.168.123.103:34306)
2026-03-09T17:29:10.775 INFO:teuthology.orchestra.run.vm03.stdout:/usr/bin/ceph: stderr
2026-03-09T17:29:10.580+0000 7faee2575640 1 -- 192.168.123.103:0/3043092579 learned_addr learned my addr 192.168.123.103:0/3043092579 (peer_addr_for_me v2:192.168.123.103:0/0)
2026-03-09T17:29:10.775 INFO:teuthology.orchestra.run.vm03.stdout:/usr/bin/ceph: stderr
2026-03-09T17:29:10.580+0000 7faee2575640 1 -- 192.168.123.103:0/3043092579 --> [v2:192.168.123.103:3300/0,v1:192.168.123.103:6789/0] -- mon_subscribe({config=0+,monmap=0+}) -- 0x7faee41075a0 con 0x7faee41063a0
2026-03-09T17:29:10.775 INFO:teuthology.orchestra.run.vm03.stdout:/usr/bin/ceph: stderr
2026-03-09T17:29:10.580+0000 7faee2575640 1 --2- 192.168.123.103:0/3043092579 >> [v2:192.168.123.103:3300/0,v1:192.168.123.103:6789/0] conn(0x7faee41063a0 0x7faee41067a0 secure :-1 s=READY pgs=45 cs=0 l=1 rev1=1 crypto rx=0x7faed8009920 tx=0x7faed802ef20 comp rx=0 tx=0).ready entity=mon.0 client_cookie=2b91490b7060afd0 server_cookie=0 in_seq=0 out_seq=0
2026-03-09T17:29:10.775 INFO:teuthology.orchestra.run.vm03.stdout:/usr/bin/ceph: stderr
2026-03-09T17:29:10.580+0000 7faee1573640 1 -- 192.168.123.103:0/3043092579 <== mon.0 v2:192.168.123.103:3300/0 1 ==== mon_map magic: 0 ==== 205+0+0 (secure 0 0 0) 0x7faed803c070 con 0x7faee41063a0
2026-03-09T17:29:10.775 INFO:teuthology.orchestra.run.vm03.stdout:/usr/bin/ceph: stderr
2026-03-09T17:29:10.580+0000 7faee1573640 1 -- 192.168.123.103:0/3043092579 <== mon.0 v2:192.168.123.103:3300/0 2 ==== config(25 keys) ==== 1007+0+0 (secure 0 0 0) 0x7faed8037440 con 0x7faee41063a0
2026-03-09T17:29:10.775 INFO:teuthology.orchestra.run.vm03.stdout:/usr/bin/ceph: stderr
2026-03-09T17:29:10.580+0000 7faee1573640 1 -- 192.168.123.103:0/3043092579 <== mon.0 v2:192.168.123.103:3300/0 3 ==== mon_map magic: 0 ==== 205+0+0 (secure 0 0 0) 0x7faed80354d0 con 0x7faee41063a0
2026-03-09T17:29:10.775 INFO:teuthology.orchestra.run.vm03.stdout:/usr/bin/ceph: stderr
2026-03-09T17:29:10.580+0000 7faee3577640 1 -- 192.168.123.103:0/3043092579 >> [v2:192.168.123.103:3300/0,v1:192.168.123.103:6789/0] conn(0x7faee41063a0 msgr2=0x7faee41067a0 secure :-1 s=STATE_CONNECTION_ESTABLISHED l=1).mark_down
2026-03-09T17:29:10.775 INFO:teuthology.orchestra.run.vm03.stdout:/usr/bin/ceph: stderr
2026-03-09T17:29:10.580+0000 7faee3577640 1 --2- 192.168.123.103:0/3043092579 >> [v2:192.168.123.103:3300/0,v1:192.168.123.103:6789/0] conn(0x7faee41063a0 0x7faee41067a0 secure :-1 s=READY pgs=45 cs=0 l=1 rev1=1 crypto rx=0x7faed8009920 tx=0x7faed802ef20 comp rx=0 tx=0).stop
2026-03-09T17:29:10.775 INFO:teuthology.orchestra.run.vm03.stdout:/usr/bin/ceph: stderr
2026-03-09T17:29:10.584+0000 7faee3577640 1 -- 192.168.123.103:0/3043092579 shutdown_connections
2026-03-09T17:29:10.775 INFO:teuthology.orchestra.run.vm03.stdout:/usr/bin/ceph: stderr
2026-03-09T17:29:10.584+0000 7faee3577640 1 --2- 192.168.123.103:0/3043092579 >> [v2:192.168.123.103:3300/0,v1:192.168.123.103:6789/0] conn(0x7faee41063a0 0x7faee41067a0 unknown :-1 s=CLOSED pgs=45 cs=0 l=1 rev1=1 crypto rx=0 tx=0 comp rx=0 tx=0).stop
2026-03-09T17:29:10.775 INFO:teuthology.orchestra.run.vm03.stdout:/usr/bin/ceph: stderr
2026-03-09T17:29:10.584+0000 7faee3577640 1 -- 192.168.123.103:0/3043092579 >> 192.168.123.103:0/3043092579 conn(0x7faee4101b70 msgr2=0x7faee4103f90 unknown :-1 s=STATE_NONE l=0).mark_down
2026-03-09T17:29:10.775 INFO:teuthology.orchestra.run.vm03.stdout:/usr/bin/ceph: stderr
2026-03-09T17:29:10.588+0000 7faee3577640 1 -- 192.168.123.103:0/3043092579 shutdown_connections
2026-03-09T17:29:10.775 INFO:teuthology.orchestra.run.vm03.stdout:/usr/bin/ceph: stderr
2026-03-09T17:29:10.588+0000 7faee3577640 1 -- 192.168.123.103:0/3043092579 wait complete.
2026-03-09T17:29:10.775 INFO:teuthology.orchestra.run.vm03.stdout:/usr/bin/ceph: stderr
2026-03-09T17:29:10.588+0000 7faee3577640 1 Processor -- start
2026-03-09T17:29:10.775 INFO:teuthology.orchestra.run.vm03.stdout:/usr/bin/ceph: stderr
2026-03-09T17:29:10.588+0000 7faee3577640 1 -- start start
2026-03-09T17:29:10.775 INFO:teuthology.orchestra.run.vm03.stdout:/usr/bin/ceph: stderr
2026-03-09T17:29:10.588+0000 7faee3577640 1 --2- >> [v2:192.168.123.103:3300/0,v1:192.168.123.103:6789/0] conn(0x7faee41063a0 0x7faee419c2c0 unknown :-1 s=NONE pgs=0 cs=0 l=1 rev1=0 crypto rx=0 tx=0 comp rx=0 tx=0).connect
2026-03-09T17:29:10.775 INFO:teuthology.orchestra.run.vm03.stdout:/usr/bin/ceph: stderr
2026-03-09T17:29:10.588+0000 7faee2575640 1 --2- >> [v2:192.168.123.103:3300/0,v1:192.168.123.103:6789/0] conn(0x7faee41063a0 0x7faee419c2c0 unknown :-1 s=BANNER_CONNECTING pgs=0 cs=0 l=1 rev1=0 crypto rx=0 tx=0 comp rx=0 tx=0)._handle_peer_banner_payload supported=3 required=0
2026-03-09T17:29:10.775 INFO:teuthology.orchestra.run.vm03.stdout:/usr/bin/ceph: stderr
2026-03-09T17:29:10.588+0000 7faee2575640 1 --2- >> [v2:192.168.123.103:3300/0,v1:192.168.123.103:6789/0] conn(0x7faee41063a0 0x7faee419c2c0 unknown :-1 s=HELLO_CONNECTING pgs=0 cs=0 l=1 rev1=1 crypto rx=0 tx=0 comp rx=0 tx=0).handle_hello peer v2:192.168.123.103:3300/0 says I am v2:192.168.123.103:34322/0 (socket says 192.168.123.103:34322)
2026-03-09T17:29:10.775 INFO:teuthology.orchestra.run.vm03.stdout:/usr/bin/ceph: stderr
2026-03-09T17:29:10.588+0000 7faee2575640 1 -- 192.168.123.103:0/1380539306 learned_addr learned my addr 192.168.123.103:0/1380539306 (peer_addr_for_me v2:192.168.123.103:0/0)
2026-03-09T17:29:10.775 INFO:teuthology.orchestra.run.vm03.stdout:/usr/bin/ceph: stderr
2026-03-09T17:29:10.588+0000 7faee3577640 1 -- 192.168.123.103:0/1380539306 --> [v2:192.168.123.103:3300/0,v1:192.168.123.103:6789/0] -- mon_getmap magic: 0 -- 0x7faee410a7d0 con 0x7faee41063a0
2026-03-09T17:29:10.775 INFO:teuthology.orchestra.run.vm03.stdout:/usr/bin/ceph: stderr
2026-03-09T17:29:10.588+0000 7faee2575640 1 -- 192.168.123.103:0/1380539306 --> [v2:192.168.123.103:3300/0,v1:192.168.123.103:6789/0] -- mon_subscribe({config=0+,monmap=0+}) -- 0x7faee419c800 con 0x7faee41063a0
2026-03-09T17:29:10.775 INFO:teuthology.orchestra.run.vm03.stdout:/usr/bin/ceph: stderr
2026-03-09T17:29:10.588+0000 7faee2575640 1 --2- 192.168.123.103:0/1380539306 >> [v2:192.168.123.103:3300/0,v1:192.168.123.103:6789/0] conn(0x7faee41063a0 0x7faee419c2c0 secure :-1 s=READY pgs=46 cs=0 l=1 rev1=1 crypto rx=0x7faed802f450 tx=0x7faed8035a70 comp rx=0 tx=0).ready entity=mon.0 client_cookie=0 server_cookie=0 in_seq=0 out_seq=0
2026-03-09T17:29:10.775 INFO:teuthology.orchestra.run.vm03.stdout:/usr/bin/ceph: stderr
2026-03-09T17:29:10.588+0000 7faed37fe640 1 -- 192.168.123.103:0/1380539306 <== mon.0 v2:192.168.123.103:3300/0 1 ==== mon_map magic: 0 ==== 205+0+0 (secure 0 0 0) 0x7faed803c030 con 0x7faee41063a0
2026-03-09T17:29:10.775 INFO:teuthology.orchestra.run.vm03.stdout:/usr/bin/ceph: stderr
2026-03-09T17:29:10.588+0000 7faee3577640 1 -- 192.168.123.103:0/1380539306 --> [v2:192.168.123.103:3300/0,v1:192.168.123.103:6789/0] -- mon_subscribe({mgrmap=0+}) -- 0x7faee419ca90 con 0x7faee41063a0
2026-03-09T17:29:10.775 INFO:teuthology.orchestra.run.vm03.stdout:/usr/bin/ceph: stderr
2026-03-09T17:29:10.588+0000 7faee3577640 1 -- 192.168.123.103:0/1380539306 --> [v2:192.168.123.103:3300/0,v1:192.168.123.103:6789/0] -- mon_subscribe({osdmap=0}) -- 0x7faee419f780 con 0x7faee41063a0
2026-03-09T17:29:10.775 INFO:teuthology.orchestra.run.vm03.stdout:/usr/bin/ceph: stderr
2026-03-09T17:29:10.592+0000 7faed37fe640 1 -- 192.168.123.103:0/1380539306 <== mon.0 v2:192.168.123.103:3300/0 2 ==== config(25 keys) ==== 1007+0+0 (secure 0 0 0) 0x7faed803e070 con 0x7faee41063a0
2026-03-09T17:29:10.775 INFO:teuthology.orchestra.run.vm03.stdout:/usr/bin/ceph: stderr
2026-03-09T17:29:10.592+0000 7faed37fe640 1 -- 192.168.123.103:0/1380539306 <== mon.0 v2:192.168.123.103:3300/0 3 ==== mon_map magic: 0 ==== 205+0+0 (secure 0 0 0) 0x7faed80429b0 con 0x7faee41063a0
2026-03-09T17:29:10.775 INFO:teuthology.orchestra.run.vm03.stdout:/usr/bin/ceph: stderr
2026-03-09T17:29:10.592+0000 7faed37fe640 1 -- 192.168.123.103:0/1380539306 <== mon.0 v2:192.168.123.103:3300/0 4 ==== mgrmap(e 8) ==== 50247+0+0 (secure 0 0 0) 0x7faed8042bf0 con 0x7faee41063a0
2026-03-09T17:29:10.775 INFO:teuthology.orchestra.run.vm03.stdout:/usr/bin/ceph: stderr
2026-03-09T17:29:10.592+0000 7faed37fe640 1 --2- 192.168.123.103:0/1380539306 >> [v2:192.168.123.103:6800/3344537082,v1:192.168.123.103:6801/3344537082] conn(0x7faeb003dce0 0x7faeb00401a0 unknown :-1 s=NONE pgs=0 cs=0 l=1 rev1=0 crypto rx=0 tx=0 comp rx=0 tx=0).connect
2026-03-09T17:29:10.776 INFO:teuthology.orchestra.run.vm03.stdout:/usr/bin/ceph: stderr
2026-03-09T17:29:10.592+0000 7faee1d74640 1 --2- 192.168.123.103:0/1380539306 >> [v2:192.168.123.103:6800/3344537082,v1:192.168.123.103:6801/3344537082] conn(0x7faeb003dce0 0x7faeb00401a0 unknown :-1 s=BANNER_CONNECTING pgs=0 cs=0 l=1 rev1=0 crypto rx=0 tx=0 comp rx=0 tx=0)._handle_peer_banner_payload supported=3 required=0
2026-03-09T17:29:10.776 INFO:teuthology.orchestra.run.vm03.stdout:/usr/bin/ceph: stderr
2026-03-09T17:29:10.592+0000 7faee1d74640 1 --2- 192.168.123.103:0/1380539306 >> [v2:192.168.123.103:6800/3344537082,v1:192.168.123.103:6801/3344537082] conn(0x7faeb003dce0 0x7faeb00401a0 secure :-1 s=READY pgs=12 cs=0 l=1 rev1=1 crypto rx=0x7faecc009a10 tx=0x7faecc006eb0 comp rx=0 tx=0).ready entity=mgr.14118 client_cookie=0 server_cookie=0 in_seq=0 out_seq=0
2026-03-09T17:29:10.776 INFO:teuthology.orchestra.run.vm03.stdout:/usr/bin/ceph: stderr
