2026-03-09T17:29:00.388+0000 7fc762ffd640 1 -- 192.168.123.103:0/3825021855 <== mon.0 v2:192.168.123.103:3300/0 2 ==== config(25 keys) ==== 1007+0+0 (secure 0 0 0) 0x7fc768044070 con 0x7fc7741a3ae0
2026-03-09T17:29:00.597 INFO:teuthology.orchestra.run.vm03.stdout:/usr/bin/ceph: stderr
2026-03-09T17:29:00.388+0000 7fc762ffd640 1 -- 192.168.123.103:0/3825021855 <== mon.0 v2:192.168.123.103:3300/0 3 ==== mon_map magic: 0 ==== 205+0+0 (secure 0 0 0) 0x7fc768037440 con 0x7fc7741a3ae0
2026-03-09T17:29:00.597 INFO:teuthology.orchestra.run.vm03.stdout:/usr/bin/ceph: stderr
2026-03-09T17:29:00.388+0000 7fc77bc77640 1 -- 192.168.123.103:0/3825021855 --> [v2:192.168.123.103:3300/0,v1:192.168.123.103:6789/0] -- mon_subscribe({mgrmap=0+}) -- 0x7fc7741a46d0 con 0x7fc7741a3ae0
2026-03-09T17:29:00.597 INFO:teuthology.orchestra.run.vm03.stdout:/usr/bin/ceph: stderr
2026-03-09T17:29:00.388+0000 7fc77bc77640 1 -- 192.168.123.103:0/3825021855 --> [v2:192.168.123.103:3300/0,v1:192.168.123.103:6789/0] -- mon_subscribe({osdmap=0}) -- 0x7fc7741a71b0 con 0x7fc7741a3ae0
2026-03-09T17:29:00.597 INFO:teuthology.orchestra.run.vm03.stdout:/usr/bin/ceph: stderr
2026-03-09T17:29:00.388+0000 7fc762ffd640 1 -- 192.168.123.103:0/3825021855 <== mon.0 v2:192.168.123.103:3300/0 4 ==== mgrmap(e 3) ==== 50130+0+0 (secure 0 0 0) 0x7fc768048410 con 0x7fc7741a3ae0
2026-03-09T17:29:00.597 INFO:teuthology.orchestra.run.vm03.stdout:/usr/bin/ceph: stderr
2026-03-09T17:29:00.388+0000 7fc762ffd640 1 --2- 192.168.123.103:0/3825021855 >> [v2:192.168.123.103:6800/826576642,v1:192.168.123.103:6801/826576642] conn(0x7fc75003dad0 0x7fc75003ff90 unknown :-1 s=NONE pgs=0 cs=0 l=1 rev1=0 crypto rx=0 tx=0 comp rx=0 tx=0).connect
2026-03-09T17:29:00.597 INFO:teuthology.orchestra.run.vm03.stdout:/usr/bin/ceph: stderr
2026-03-09T17:29:00.388+0000 7fc7791eb640 1 --2- 192.168.123.103:0/3825021855 >> [v2:192.168.123.103:6800/826576642,v1:192.168.123.103:6801/826576642] conn(0x7fc75003dad0 0x7fc75003ff90 unknown :-1 s=BANNER_CONNECTING pgs=0 cs=0 l=1 rev1=0 crypto rx=0 tx=0 comp rx=0 tx=0)._handle_peer_banner_payload supported=3 required=0
2026-03-09T17:29:00.597 INFO:teuthology.orchestra.run.vm03.stdout:/usr/bin/ceph: stderr
2026-03-09T17:29:00.388+0000 7fc7791eb640 1 --2- 192.168.123.103:0/3825021855 >> [v2:192.168.123.103:6800/826576642,v1:192.168.123.103:6801/826576642] conn(0x7fc75003dad0 0x7fc75003ff90 secure :-1 s=READY pgs=6 cs=0 l=1 rev1=1 crypto rx=0x7fc7640099c0 tx=0x7fc764006eb0 comp rx=0 tx=0).ready entity=mgr.14100 client_cookie=0 server_cookie=0 in_seq=0 out_seq=0
2026-03-09T17:29:00.597 INFO:teuthology.orchestra.run.vm03.stdout:/usr/bin/ceph: stderr
2026-03-09T17:29:00.392+0000 7fc762ffd640 1 -- 192.168.123.103:0/3825021855 <== mon.0 v2:192.168.123.103:3300/0 5 ==== osd_map(1..1 src has 1..1) ==== 725+0+0 (secure 0 0 0) 0x7fc768076730 con 0x7fc7741a3ae0
2026-03-09T17:29:00.597 INFO:teuthology.orchestra.run.vm03.stdout:/usr/bin/ceph: stderr
2026-03-09T17:29:00.392+0000 7fc77bc77640 1 -- 192.168.123.103:0/3825021855 --> [v2:192.168.123.103:3300/0,v1:192.168.123.103:6789/0] -- mon_command({"prefix": "get_command_descriptions"} v 0) -- 0x7fc73c005390 con 0x7fc7741a3ae0
2026-03-09T17:29:00.597 INFO:teuthology.orchestra.run.vm03.stdout:/usr/bin/ceph: stderr
2026-03-09T17:29:00.392+0000 7fc762ffd640 1 -- 192.168.123.103:0/3825021855 <== mon.0 v2:192.168.123.103:3300/0 6 ==== mon_command_ack([{"prefix": "get_command_descriptions"}]=0 v0) ==== 72+0+195034 (secure 0 0 0) 0x7fc76803edd0 con 0x7fc7741a3ae0
2026-03-09T17:29:00.597 INFO:teuthology.orchestra.run.vm03.stdout:/usr/bin/ceph: stderr
2026-03-09T17:29:00.548+0000 7fc77bc77640 1 -- 192.168.123.103:0/3825021855 --> [v2:192.168.123.103:3300/0,v1:192.168.123.103:6789/0] -- mon_command({"prefix": "status", "format": "json-pretty"} v 0) -- 0x7fc73c005680 con 0x7fc7741a3ae0
2026-03-09T17:29:00.597 INFO:teuthology.orchestra.run.vm03.stdout:/usr/bin/ceph: stderr
2026-03-09T17:29:00.548+0000 7fc762ffd640 1 -- 192.168.123.103:0/3825021855 <== mon.0 v2:192.168.123.103:3300/0 7 ==== mon_command_ack([{"prefix": "status", "format": "json-pretty"}]=0 v0) ==== 79+0+1290 (secure 0 0 0) 0x7fc768048ca0 con 0x7fc7741a3ae0
2026-03-09T17:29:00.597 INFO:teuthology.orchestra.run.vm03.stdout:/usr/bin/ceph: stderr
2026-03-09T17:29:00.552+0000 7fc77bc77640 1 -- 192.168.123.103:0/3825021855 >> [v2:192.168.123.103:6800/826576642,v1:192.168.123.103:6801/826576642] conn(0x7fc75003dad0 msgr2=0x7fc75003ff90 secure :-1 s=STATE_CONNECTION_ESTABLISHED l=1).mark_down
2026-03-09T17:29:00.597 INFO:teuthology.orchestra.run.vm03.stdout:/usr/bin/ceph: stderr
2026-03-09T17:29:00.552+0000 7fc77bc77640 1 --2- 192.168.123.103:0/3825021855 >> [v2:192.168.123.103:6800/826576642,v1:192.168.123.103:6801/826576642] conn(0x7fc75003dad0 0x7fc75003ff90 secure :-1 s=READY pgs=6 cs=0 l=1 rev1=1 crypto rx=0x7fc7640099c0 tx=0x7fc764006eb0 comp rx=0 tx=0).stop
2026-03-09T17:29:00.597 INFO:teuthology.orchestra.run.vm03.stdout:/usr/bin/ceph: stderr
2026-03-09T17:29:00.552+0000 7fc77bc77640 1 -- 192.168.123.103:0/3825021855 >> [v2:192.168.123.103:3300/0,v1:192.168.123.103:6789/0] conn(0x7fc7741a3ae0 msgr2=0x7fc7741a3f00 secure :-1 s=STATE_CONNECTION_ESTABLISHED l=1).mark_down
2026-03-09T17:29:00.597 INFO:teuthology.orchestra.run.vm03.stdout:/usr/bin/ceph: stderr
2026-03-09T17:29:00.552+0000 7fc77bc77640 1 --2- 192.168.123.103:0/3825021855 >> [v2:192.168.123.103:3300/0,v1:192.168.123.103:6789/0] conn(0x7fc7741a3ae0 0x7fc7741a3f00 secure :-1 s=READY pgs=17 cs=0 l=1 rev1=1 crypto rx=0x7fc768006fd0 tx=0x7fc768003940 comp rx=0 tx=0).stop
2026-03-09T17:29:00.597 INFO:teuthology.orchestra.run.vm03.stdout:/usr/bin/ceph: stderr
2026-03-09T17:29:00.552+0000 7fc77bc77640 1 -- 192.168.123.103:0/3825021855 shutdown_connections
2026-03-09T17:29:00.597 INFO:teuthology.orchestra.run.vm03.stdout:/usr/bin/ceph: stderr
2026-03-09T17:29:00.552+0000 7fc77bc77640 1 --2- 192.168.123.103:0/3825021855 >> [v2:192.168.123.103:6800/826576642,v1:192.168.123.103:6801/826576642] conn(0x7fc75003dad0 0x7fc75003ff90 unknown :-1 s=CLOSED pgs=6 cs=0 l=1 rev1=1 crypto rx=0 tx=0 comp rx=0 tx=0).stop
2026-03-09T17:29:00.597 INFO:teuthology.orchestra.run.vm03.stdout:/usr/bin/ceph: stderr
2026-03-09T17:29:00.552+0000 7fc77bc77640 1 --2- 192.168.123.103:0/3825021855 >> [v2:192.168.123.103:3300/0,v1:192.168.123.103:6789/0] conn(0x7fc7741a3ae0 0x7fc7741a3f00 unknown :-1 s=CLOSED pgs=17 cs=0 l=1 rev1=1 crypto rx=0 tx=0 comp rx=0 tx=0).stop
2026-03-09T17:29:00.597 INFO:teuthology.orchestra.run.vm03.stdout:/usr/bin/ceph: stderr
2026-03-09T17:29:00.552+0000 7fc77bc77640 1 -- 192.168.123.103:0/3825021855 >> 192.168.123.103:0/3825021855 conn(0x7fc77407d070 msgr2=0x7fc774108000 unknown :-1 s=STATE_NONE l=0).mark_down
2026-03-09T17:29:00.597 INFO:teuthology.orchestra.run.vm03.stdout:/usr/bin/ceph: stderr
2026-03-09T17:29:00.552+0000 7fc77bc77640 1 -- 192.168.123.103:0/3825021855 shutdown_connections
2026-03-09T17:29:00.597 INFO:teuthology.orchestra.run.vm03.stdout:/usr/bin/ceph: stderr
2026-03-09T17:29:00.552+0000 7fc77bc77640 1 -- 192.168.123.103:0/3825021855 wait complete.
2026-03-09T17:29:00.597 INFO:teuthology.orchestra.run.vm03.stdout:mgr is available
2026-03-09T17:29:01.131 INFO:teuthology.orchestra.run.vm03.stdout:/usr/bin/ceph: stdout
2026-03-09T17:29:01.131 INFO:teuthology.orchestra.run.vm03.stdout:/usr/bin/ceph: stdout [global]
2026-03-09T17:29:01.132 INFO:teuthology.orchestra.run.vm03.stdout:/usr/bin/ceph: stdout fsid = 23884690-1bdd-11f1-ab57-574c4e384722
2026-03-09T17:29:01.132 INFO:teuthology.orchestra.run.vm03.stdout:/usr/bin/ceph: stdout mon_cluster_log_file_level = debug
2026-03-09T17:29:01.132 INFO:teuthology.orchestra.run.vm03.stdout:/usr/bin/ceph: stdout mon_host = [v2:192.168.123.103:3300,v1:192.168.123.103:6789]
2026-03-09T17:29:01.132 INFO:teuthology.orchestra.run.vm03.stdout:/usr/bin/ceph: stdout mon_osd_allow_pg_remap = true
2026-03-09T17:29:01.132 INFO:teuthology.orchestra.run.vm03.stdout:/usr/bin/ceph: stdout mon_osd_allow_primary_affinity = true
2026-03-09T17:29:01.132 INFO:teuthology.orchestra.run.vm03.stdout:/usr/bin/ceph: stdout mon_warn_on_no_sortbitwise = false
2026-03-09T17:29:01.132 INFO:teuthology.orchestra.run.vm03.stdout:/usr/bin/ceph: stdout osd_crush_chooseleaf_type = 0
2026-03-09T17:29:01.132 INFO:teuthology.orchestra.run.vm03.stdout:/usr/bin/ceph: stdout
2026-03-09T17:29:01.132 INFO:teuthology.orchestra.run.vm03.stdout:/usr/bin/ceph: stdout [mgr]
2026-03-09T17:29:01.132 INFO:teuthology.orchestra.run.vm03.stdout:/usr/bin/ceph: stdout mgr/telemetry/nag = false
2026-03-09T17:29:01.132 INFO:teuthology.orchestra.run.vm03.stdout:/usr/bin/ceph: stdout
2026-03-09T17:29:01.132 INFO:teuthology.orchestra.run.vm03.stdout:/usr/bin/ceph: stdout [osd]
2026-03-09T17:29:01.132 INFO:teuthology.orchestra.run.vm03.stdout:/usr/bin/ceph: stdout osd_map_max_advance = 10
2026-03-09T17:29:01.132 INFO:teuthology.orchestra.run.vm03.stdout:/usr/bin/ceph: stdout osd_sloppy_crc = true
2026-03-09T17:29:01.132 INFO:teuthology.orchestra.run.vm03.stdout:/usr/bin/ceph: stderr
2026-03-09T17:29:00.756+0000 7fc710a7d640 1 Processor -- start
2026-03-09T17:29:01.132 INFO:teuthology.orchestra.run.vm03.stdout:/usr/bin/ceph: stderr
2026-03-09T17:29:00.756+0000 7fc710a7d640 1 -- start start
2026-03-09T17:29:01.132 INFO:teuthology.orchestra.run.vm03.stdout:/usr/bin/ceph: stderr
2026-03-09T17:29:00.756+0000 7fc710a7d640 1 --2- >> [v2:192.168.123.103:3300/0,v1:192.168.123.103:6789/0] conn(0x7fc70c109a70 0x7fc70c109e70 unknown :-1 s=NONE pgs=0 cs=0 l=0 rev1=0 crypto rx=0 tx=0 comp rx=0 tx=0).connect
2026-03-09T17:29:01.132 INFO:teuthology.orchestra.run.vm03.stdout:/usr/bin/ceph: stderr
2026-03-09T17:29:00.756+0000 7fc710a7d640 1 -- --> [v2:192.168.123.103:3300/0,v1:192.168.123.103:6789/0] -- mon_getmap magic: 0 -- 0x7fc70c10a440 con 0x7fc70c109a70
2026-03-09T17:29:01.132 INFO:teuthology.orchestra.run.vm03.stdout:/usr/bin/ceph: stderr
2026-03-09T17:29:00.756+0000 7fc70a575640 1 --2- >> [v2:192.168.123.103:3300/0,v1:192.168.123.103:6789/0] conn(0x7fc70c109a70 0x7fc70c109e70 unknown :-1 s=BANNER_CONNECTING pgs=0 cs=0 l=0 rev1=0 crypto rx=0 tx=0 comp rx=0 tx=0)._handle_peer_banner_payload supported=3 required=0
2026-03-09T17:29:01.132 INFO:teuthology.orchestra.run.vm03.stdout:/usr/bin/ceph: stderr
2026-03-09T17:29:00.756+0000 7fc70a575640 1 --2- >> [v2:192.168.123.103:3300/0,v1:192.168.123.103:6789/0] conn(0x7fc70c109a70 0x7fc70c109e70 unknown :-1 s=HELLO_CONNECTING pgs=0 cs=0 l=0 rev1=1 crypto rx=0 tx=0 comp rx=0 tx=0).handle_hello peer v2:192.168.123.103:3300/0 says I am v2:192.168.123.103:40062/0 (socket says 192.168.123.103:40062)
2026-03-09T17:29:01.132 INFO:teuthology.orchestra.run.vm03.stdout:/usr/bin/ceph: stderr
2026-03-09T17:29:00.756+0000 7fc70a575640 1 -- 192.168.123.103:0/248112464 learned_addr learned my addr 192.168.123.103:0/248112464 (peer_addr_for_me v2:192.168.123.103:0/0)
2026-03-09T17:29:01.132 INFO:teuthology.orchestra.run.vm03.stdout:/usr/bin/ceph: stderr
2026-03-09T17:29:00.756+0000 7fc70a575640 1 -- 192.168.123.103:0/248112464 --> [v2:192.168.123.103:3300/0,v1:192.168.123.103:6789/0] -- mon_subscribe({config=0+,monmap=0+}) -- 0x7fc70c10ac10 con 0x7fc70c109a70
2026-03-09T17:29:01.132 INFO:teuthology.orchestra.run.vm03.stdout:/usr/bin/ceph: stderr
2026-03-09T17:29:00.760+0000 7fc70a575640 1 --2- 192.168.123.103:0/248112464 >> [v2:192.168.123.103:3300/0,v1:192.168.123.103:6789/0] conn(0x7fc70c109a70 0x7fc70c109e70 secure :-1 s=READY pgs=18 cs=0 l=1 rev1=1 crypto rx=0x7fc700009b80 tx=0x7fc70002f190 comp rx=0 tx=0).ready entity=mon.0 client_cookie=1362a8b096d76a0e server_cookie=0 in_seq=0 out_seq=0
2026-03-09T17:29:01.132 INFO:teuthology.orchestra.run.vm03.stdout:/usr/bin/ceph: stderr
2026-03-09T17:29:00.760+0000 7fc709573640 1 -- 192.168.123.103:0/248112464 <== mon.0 v2:192.168.123.103:3300/0 1 ==== mon_map magic: 0 ==== 205+0+0 (secure 0 0 0) 0x7fc70003c070 con 0x7fc70c109a70
2026-03-09T17:29:01.132 INFO:teuthology.orchestra.run.vm03.stdout:/usr/bin/ceph: stderr
2026-03-09T17:29:00.760+0000 7fc709573640 1 -- 192.168.123.103:0/248112464 <== mon.0 v2:192.168.123.103:3300/0 2 ==== config(25 keys) ==== 1007+0+0 (secure 0 0 0) 0x7fc700037440 con 0x7fc70c109a70
2026-03-09T17:29:01.132 INFO:teuthology.orchestra.run.vm03.stdout:/usr/bin/ceph: stderr
2026-03-09T17:29:00.760+0000 7fc709573640 1 -- 192.168.123.103:0/248112464 <== mon.0 v2:192.168.123.103:3300/0 3 ==== mon_map magic: 0 ==== 205+0+0 (secure 0 0 0) 0x7fc7000353a0 con 0x7fc70c109a70
2026-03-09T17:29:01.132 INFO:teuthology.orchestra.run.vm03.stdout:/usr/bin/ceph: stderr
2026-03-09T17:29:00.760+0000 7fc710a7d640 1 -- 192.168.123.103:0/248112464 >> [v2:192.168.123.103:3300/0,v1:192.168.123.103:6789/0] conn(0x7fc70c109a70 msgr2=0x7fc70c109e70 secure :-1 s=STATE_CONNECTION_ESTABLISHED l=1).mark_down
2026-03-09T17:29:01.132 INFO:teuthology.orchestra.run.vm03.stdout:/usr/bin/ceph: stderr
2026-03-09T17:29:00.760+0000 7fc710a7d640 1 --2- 192.168.123.103:0/248112464 >> [v2:192.168.123.103:3300/0,v1:192.168.123.103:6789/0] conn(0x7fc70c109a70 0x7fc70c109e70 secure :-1 s=READY pgs=18 cs=0 l=1 rev1=1 crypto rx=0x7fc700009b80 tx=0x7fc70002f190 comp rx=0 tx=0).stop
2026-03-09T17:29:01.132 INFO:teuthology.orchestra.run.vm03.stdout:/usr/bin/ceph: stderr
2026-03-09T17:29:00.760+0000 7fc710a7d640 1 -- 192.168.123.103:0/248112464 shutdown_connections
2026-03-09T17:29:01.132 INFO:teuthology.orchestra.run.vm03.stdout:/usr/bin/ceph: stderr
2026-03-09T17:29:00.760+0000 7fc710a7d640 1 --2- 192.168.123.103:0/248112464 >> [v2:192.168.123.103:3300/0,v1:192.168.123.103:6789/0] conn(0x7fc70c109a70 0x7fc70c109e70 unknown :-1 s=CLOSED pgs=18 cs=0 l=1 rev1=1 crypto rx=0 tx=0 comp rx=0 tx=0).stop
2026-03-09T17:29:01.132 INFO:teuthology.orchestra.run.vm03.stdout:/usr/bin/ceph: stderr
2026-03-09T17:29:00.760+0000 7fc710a7d640 1 -- 192.168.123.103:0/248112464 >> 192.168.123.103:0/248112464 conn(0x7fc70c07d070 msgr2=0x7fc70c07d4c0 unknown :-1 s=STATE_NONE l=0).mark_down
2026-03-09T17:29:01.132 INFO:teuthology.orchestra.run.vm03.stdout:/usr/bin/ceph: stderr
2026-03-09T17:29:00.760+0000 7fc710a7d640 1 -- 192.168.123.103:0/248112464 shutdown_connections
2026-03-09T17:29:01.132 INFO:teuthology.orchestra.run.vm03.stdout:/usr/bin/ceph: stderr
2026-03-09T17:29:00.760+0000 7fc710a7d640 1 -- 192.168.123.103:0/248112464 wait complete.
2026-03-09T17:29:01.132 INFO:teuthology.orchestra.run.vm03.stdout:/usr/bin/ceph: stderr
2026-03-09T17:29:00.760+0000 7fc710a7d640 1 Processor -- start
2026-03-09T17:29:01.132 INFO:teuthology.orchestra.run.vm03.stdout:/usr/bin/ceph: stderr
2026-03-09T17:29:00.760+0000 7fc710a7d640 1 -- start start
2026-03-09T17:29:01.132 INFO:teuthology.orchestra.run.vm03.stdout:/usr/bin/ceph: stderr
2026-03-09T17:29:00.760+0000 7fc710a7d640 1 --2- >> [v2:192.168.123.103:3300/0,v1:192.168.123.103:6789/0] conn(0x7fc70c109a70 0x7fc70c19f8d0 unknown :-1 s=NONE pgs=0 cs=0 l=1 rev1=0 crypto rx=0 tx=0 comp rx=0 tx=0).connect
2026-03-09T17:29:01.132 INFO:teuthology.orchestra.run.vm03.stdout:/usr/bin/ceph: stderr
2026-03-09T17:29:00.760+0000 7fc710a7d640 1 -- --> [v2:192.168.123.103:3300/0,v1:192.168.123.103:6789/0] -- mon_getmap magic: 0 -- 0x7fc70c10de40 con 0x7fc70c109a70
2026-03-09T17:29:01.132 INFO:teuthology.orchestra.run.vm03.stdout:/usr/bin/ceph: stderr
2026-03-09T17:29:00.760+0000 7fc70a575640 1 --2- >> [v2:192.168.123.103:3300/0,v1:192.168.123.103:6789/0] conn(0x7fc70c109a70 0x7fc70c19f8d0 unknown :-1 s=BANNER_CONNECTING pgs=0 cs=0 l=1 rev1=0 crypto rx=0 tx=0 comp rx=0 tx=0)._handle_peer_banner_payload supported=3 required=0
2026-03-09T17:29:01.132 INFO:teuthology.orchestra.run.vm03.stdout:/usr/bin/ceph: stderr
2026-03-09T17:29:00.760+0000 7fc70a575640 1 --2- >> [v2:192.168.123.103:3300/0,v1:192.168.123.103:6789/0] conn(0x7fc70c109a70 0x7fc70c19f8d0 unknown :-1 s=HELLO_CONNECTING pgs=0 cs=0 l=1 rev1=1 crypto rx=0 tx=0 comp rx=0 tx=0).handle_hello peer v2:192.168.123.103:3300/0 says I am v2:192.168.123.103:40074/0 (socket says 192.168.123.103:40074)
2026-03-09T17:29:01.133 INFO:teuthology.orchestra.run.vm03.stdout:/usr/bin/ceph: stderr
2026-03-09T17:29:00.760+0000 7fc70a575640 1 -- 192.168.123.103:0/3319404703 learned_addr learned my addr 192.168.123.103:0/3319404703 (peer_addr_for_me v2:192.168.123.103:0/0)
2026-03-09T17:29:01.133 INFO:teuthology.orchestra.run.vm03.stdout:/usr/bin/ceph: stderr
2026-03-09T17:29:00.760+0000 7fc70a575640 1 -- 192.168.123.103:0/3319404703 --> [v2:192.168.123.103:3300/0,v1:192.168.123.103:6789/0] -- mon_subscribe({config=0+,monmap=0+}) -- 0x7fc70c19fe10 con 0x7fc70c109a70
2026-03-09T17:29:01.133 INFO:teuthology.orchestra.run.vm03.stdout:/usr/bin/ceph: stderr
2026-03-09T17:29:00.760+0000 7fc70a575640 1 --2- 192.168.123.103:0/3319404703 >> [v2:192.168.123.103:3300/0,v1:192.168.123.103:6789/0] conn(0x7fc70c109a70 0x7fc70c19f8d0 secure :-1 s=READY pgs=19 cs=0 l=1 rev1=1 crypto rx=0x7fc700037b90 tx=0x7fc700035570 comp rx=0 tx=0).ready entity=mon.0 client_cookie=0 server_cookie=0 in_seq=0 out_seq=0
2026-03-09T17:29:01.133 INFO:teuthology.orchestra.run.vm03.stdout:/usr/bin/ceph: stderr
2026-03-09T17:29:00.760+0000 7fc6f37fe640 1 -- 192.168.123.103:0/3319404703 <== mon.0 v2:192.168.123.103:3300/0 1 ==== mon_map magic: 0 ==== 205+0+0 (secure 0 0 0) 0x7fc700047070 con 0x7fc70c109a70
2026-03-09T17:29:01.133 INFO:teuthology.orchestra.run.vm03.stdout:/usr/bin/ceph: stderr
2026-03-09T17:29:00.760+0000 7fc6f37fe640 1 -- 192.168.123.103:0/3319404703 <== mon.0 v2:192.168.123.103:3300/0 2 ==== config(25 keys) ==== 1007+0+0 (secure 0 0 0) 0x7fc700035c50 con 0x7fc70c109a70
2026-03-09T17:29:01.133 INFO:teuthology.orchestra.run.vm03.stdout:/usr/bin/ceph: stderr
2026-03-09T17:29:00.760+0000 7fc6f37fe640 1 -- 192.168.123.103:0/3319404703 <== mon.0 v2:192.168.123.103:3300/0 3 ==== mon_map magic: 0 ==== 205+0+0 (secure 0 0 0) 0x7fc70003c070 con 0x7fc70c109a70
2026-03-09T17:29:01.133 INFO:teuthology.orchestra.run.vm03.stdout:/usr/bin/ceph: stderr
2026-03-09T17:29:00.760+0000 7fc710a7d640 1 -- 192.168.123.103:0/3319404703 --> [v2:192.168.123.103:3300/0,v1:192.168.123.103:6789/0] -- mon_subscribe({mgrmap=0+}) -- 0x7fc70c1a00a0 con 0x7fc70c109a70
2026-03-09T17:29:01.133 INFO:teuthology.orchestra.run.vm03.stdout:/usr/bin/ceph: stderr
2026-03-09T17:29:00.760+0000 7fc710a7d640 1 -- 192.168.123.103:0/3319404703 --> [v2:192.168.123.103:3300/0,v1:192.168.123.103:6789/0] -- mon_subscribe({osdmap=0}) -- 0x7fc70c1a2d90 con 0x7fc70c109a70
2026-03-09T17:29:01.133 INFO:teuthology.orchestra.run.vm03.stdout:/usr/bin/ceph: stderr
2026-03-09T17:29:00.764+0000 7fc6f37fe640 1 -- 192.168.123.103:0/3319404703 <== mon.0 v2:192.168.123.103:3300/0 4 ==== mgrmap(e 3) ==== 50130+0+0 (secure 0 0 0) 0x7fc700035800 con 0x7fc70c109a70
2026-03-09T17:29:01.133 INFO:teuthology.orchestra.run.vm03.stdout:/usr/bin/ceph: stderr
2026-03-09T17:29:00.764+0000 7fc710a7d640 1 -- 192.168.123.103:0/3319404703 --> [v2:192.168.123.103:3300/0,v1:192.168.123.103:6789/0] -- mon_command({"prefix": "get_command_descriptions"} v 0) -- 0x7fc70c109ef0 con 0x7fc70c109a70
2026-03-09T17:29:01.133 INFO:teuthology.orchestra.run.vm03.stdout:/usr/bin/ceph: stderr
2026-03-09T17:29:00.764+0000 7fc6f37fe640 1 --2- 192.168.123.103:0/3319404703 >> [v2:192.168.123.103:6800/826576642,v1:192.168.123.103:6801/826576642] conn(0x7fc6dc03d6c0 0x7fc6dc03fb80 unknown :-1 s=NONE pgs=0 cs=0 l=1 rev1=0 crypto rx=0 tx=0 comp rx=0 tx=0).connect
2026-03-09T17:29:01.133 INFO:teuthology.orchestra.run.vm03.stdout:/usr/bin/ceph: stderr
2026-03-09T17:29:00.764+0000 7fc6f37fe640 1 -- 192.168.123.103:0/3319404703 <== mon.0 v2:192.168.123.103:3300/0 5 ==== osd_map(1..1 src has 1..1) ==== 725+0+0 (secure 0 0 0) 0x7fc700076720 con 0x7fc70c109a70
2026-03-09T17:29:01.133 INFO:teuthology.orchestra.run.vm03.stdout:/usr/bin/ceph: stderr
2026-03-09T17:29:00.764+0000 7fc709d74640 1 --2- 192.168.123.103:0/3319404703 >> [v2:192.168.123.103:6800/826576642,v1:192.168.123.103:6801/826576642] conn(0x7fc6dc03d6c0 0x7fc6dc03fb80 unknown :-1 s=BANNER_CONNECTING pgs=0 cs=0 l=1 rev1=0 crypto rx=0 tx=0 comp rx=0 tx=0)._handle_peer_banner_payload supported=3 required=0
2026-03-09T17:29:01.133 INFO:teuthology.orchestra.run.vm03.stdout:/usr/bin/ceph: stderr
2026-03-09T17:29:00.764+0000 7fc6f37fe640 1 -- 192.168.123.103:0/3319404703 <== mon.0 v2:192.168.123.103:3300/0 6 ==== mon_command_ack([{"prefix": "get_command_descriptions"}]=0 v0) ==== 72+0+195034 (secure 0 0 0) 0x7fc70004f120 con 0x7fc70c109a70
2026-03-09T17:29:01.133 INFO:teuthology.orchestra.run.vm03.stdout:/usr/bin/ceph: stderr
2026-03-09T17:29:00.768+0000 7fc709d74640 1 --2- 192.168.123.103:0/3319404703 >> [v2:192.168.123.103:6800/826576642,v1:192.168.123.103:6801/826576642] conn(0x7fc6dc03d6c0 0x7fc6dc03fb80 secure :-1 s=READY pgs=7 cs=0 l=1 rev1=1 crypto rx=0x7fc6f4009a10 tx=0x7fc6f4006eb0 comp rx=0 tx=0).ready entity=mgr.14100 client_cookie=0 server_cookie=0 in_seq=0 out_seq=0
2026-03-09T17:29:01.133 INFO:teuthology.orchestra.run.vm03.stdout:/usr/bin/ceph: stderr
2026-03-09T17:29:00.876+0000 7fc710a7d640 1 -- 192.168.123.103:0/3319404703 --> [v2:192.168.123.103:3300/0,v1:192.168.123.103:6789/0] -- mon_command({"prefix": "config assimilate-conf"} v 0) -- 0x7fc70c1a2f60 con 0x7fc70c109a70
2026-03-09T17:29:01.133 INFO:teuthology.orchestra.run.vm03.stdout:/usr/bin/ceph: stderr
2026-03-09T17:29:00.876+0000 7fc6f37fe640 1 -- 192.168.123.103:0/3319404703 <== mon.0 v2:192.168.123.103:3300/0 7 ==== mon_command_ack([{"prefix": "config assimilate-conf"}]=0 v3) ==== 70+0+380 (secure 0 0 0) 0x7fc700042440 con 0x7fc70c109a70
2026-03-09T17:29:01.133 INFO:teuthology.orchestra.run.vm03.stdout:/usr/bin/ceph: stderr
2026-03-09T17:29:00.880+0000 7fc710a7d640 1 -- 192.168.123.103:0/3319404703 >> [v2:192.168.123.103:6800/826576642,v1:192.168.123.103:6801/826576642] conn(0x7fc6dc03d6c0 msgr2=0x7fc6dc03fb80 secure :-1 s=STATE_CONNECTION_ESTABLISHED l=1).mark_down
2026-03-09T17:29:01.133 INFO:teuthology.orchestra.run.vm03.stdout:/usr/bin/ceph: stderr
2026-03-09T17:29:00.880+0000 7fc710a7d640 1 --2- 192.168.123.103:0/3319404703 >> [v2:192.168.123.103:6800/826576642,v1:192.168.123.103:6801/826576642] conn(0x7fc6dc03d6c0 0x7fc6dc03fb80 secure :-1 s=READY pgs=7 cs=0 l=1 rev1=1 crypto rx=0x7fc6f4009a10 tx=0x7fc6f4006eb0 comp rx=0 tx=0).stop
2026-03-09T17:29:01.133 INFO:teuthology.orchestra.run.vm03.stdout:/usr/bin/ceph: stderr
2026-03-09T17:29:00.880+0000 7fc710a7d640 1 -- 192.168.123.103:0/3319404703 >> [v2:192.168.123.103:3300/0,v1:192.168.123.103:6789/0] conn(0x7fc70c109a70 msgr2=0x7fc70c19f8d0 secure :-1 s=STATE_CONNECTION_ESTABLISHED l=1).mark_down
2026-03-09T17:29:01.133 INFO:teuthology.orchestra.run.vm03.stdout:/usr/bin/ceph: stderr
2026-03-09T17:29:00.880+0000 7fc710a7d640 1 --2- 192.168.123.103:0/3319404703 >> [v2:192.168.123.103:3300/0,v1:192.168.123.103:6789/0] conn(0x7fc70c109a70 0x7fc70c19f8d0 secure :-1 s=READY pgs=19 cs=0 l=1 rev1=1 crypto rx=0x7fc700037b90 tx=0x7fc700035570 comp rx=0 tx=0).stop
2026-03-09T17:29:01.133 INFO:teuthology.orchestra.run.vm03.stdout:/usr/bin/ceph: stderr
2026-03-09T17:29:00.880+0000 7fc710a7d640 1 -- 192.168.123.103:0/3319404703 shutdown_connections
2026-03-09T17:29:01.133 INFO:teuthology.orchestra.run.vm03.stdout:/usr/bin/ceph: stderr
2026-03-09T17:29:00.880+0000 7fc710a7d640 1 --2- 192.168.123.103:0/3319404703 >> [v2:192.168.123.103:6800/826576642,v1:192.168.123.103:6801/826576642] conn(0x7fc6dc03d6c0 0x7fc6dc03fb80 unknown :-1 s=CLOSED pgs=7 cs=0 l=1 rev1=1 crypto rx=0 tx=0 comp rx=0 tx=0).stop
2026-03-09T17:29:01.133 INFO:teuthology.orchestra.run.vm03.stdout:/usr/bin/ceph: stderr
2026-03-09T17:29:00.880+0000 7fc710a7d640 1 --2- 192.168.123.103:0/3319404703 >> [v2:192.168.123.103:3300/0,v1:192.168.123.103:6789/0] conn(0x7fc70c109a70 0x7fc70c19f8d0 unknown :-1 s=CLOSED pgs=19 cs=0 l=1 rev1=1 crypto rx=0 tx=0 comp rx=0 tx=0).stop
2026-03-09T17:29:01.133 INFO:teuthology.orchestra.run.vm03.stdout:/usr/bin/ceph: stderr
2026-03-09T17:29:00.880+0000 7fc710a7d640 1 -- 192.168.123.103:0/3319404703 >> 192.168.123.103:0/3319404703 conn(0x7fc70c07d070 msgr2=0x7fc70c1077c0 unknown :-1 s=STATE_NONE l=0).mark_down
2026-03-09T17:29:01.133 INFO:teuthology.orchestra.run.vm03.stdout:/usr/bin/ceph: stderr
2026-03-09T17:29:00.880+0000 7fc710a7d640 1 -- 192.168.123.103:0/3319404703 shutdown_connections
2026-03-09T17:29:01.133 INFO:teuthology.orchestra.run.vm03.stdout:/usr/bin/ceph: stderr
2026-03-09T17:29:00.880+0000 7fc710a7d640 1 -- 192.168.123.103:0/3319404703 wait complete.
2026-03-09T17:29:01.133 INFO:teuthology.orchestra.run.vm03.stdout:Enabling cephadm module...
2026-03-09T17:29:01.419 INFO:journalctl@ceph.mon.a.vm03.stdout:Mar 09 17:29:01 vm03 bash[20699]: audit
2026-03-09T17:29:00.551180+0000 mon.a (mon.0) 32 : audit [DBG] from='client.? 192.168.123.103:0/3825021855' entity='client.admin' cmd=[{"prefix": "status", "format": "json-pretty"}]: dispatch
2026-03-09T17:29:01.419 INFO:journalctl@ceph.mon.a.vm03.stdout:Mar 09 17:29:01 vm03 bash[20699]: audit
2026-03-09T17:29:00.551180+0000 mon.a (mon.0) 32 : audit [DBG] from='client.? 192.168.123.103:0/3825021855' entity='client.admin' cmd=[{"prefix": "status", "format": "json-pretty"}]: dispatch
2026-03-09T17:29:01.419 INFO:journalctl@ceph.mon.a.vm03.stdout:Mar 09 17:29:01 vm03 bash[20699]: audit
2026-03-09T17:29:00.880120+0000 mon.a (mon.0) 33 : audit [INF] from='client.? 192.168.123.103:0/3319404703' entity='client.admin' cmd=[{"prefix": "config assimilate-conf"}]: dispatch
2026-03-09T17:29:01.419 INFO:journalctl@ceph.mon.a.vm03.stdout:Mar 09 17:29:01 vm03 bash[20699]: audit
2026-03-09T17:29:00.880120+0000 mon.a (mon.0) 33 : audit [INF] from='client.? 192.168.123.103:0/3319404703' entity='client.admin' cmd=[{"prefix": "config assimilate-conf"}]: dispatch
2026-03-09T17:29:02.415 INFO:teuthology.orchestra.run.vm03.stdout:/usr/bin/ceph: stderr
2026-03-09T17:29:01.248+0000 7f1e21a80640 1 Processor -- start
2026-03-09T17:29:02.415 INFO:teuthology.orchestra.run.vm03.stdout:/usr/bin/ceph: stderr
2026-03-09T17:29:01.248+0000 7f1e21a80640 1 -- start start
2026-03-09T17:29:02.415 INFO:teuthology.orchestra.run.vm03.stdout:/usr/bin/ceph: stderr
2026-03-09T17:29:01.248+0000 7f1e21a80640 1 --2- >> [v2:192.168.123.103:3300/0,v1:192.168.123.103:6789/0] conn(0x7f1e1c07df10 0x7f1e1c07c3c0 unknown :-1 s=NONE pgs=0 cs=0 l=0 rev1=0 crypto rx=0 tx=0 comp rx=0 tx=0).connect
2026-03-09T17:29:02.415 INFO:teuthology.orchestra.run.vm03.stdout:/usr/bin/ceph: stderr
2026-03-09T17:29:01.252+0000 7f1e21a80640 1 -- --> [v2:192.168.123.103:3300/0,v1:192.168.123.103:6789/0] -- mon_getmap magic: 0 -- 0x7f1e1c07c900 con 0x7f1e1c07df10
2026-03-09T17:29:02.415 INFO:teuthology.orchestra.run.vm03.stdout:/usr/bin/ceph: stderr
2026-03-09T17:29:01.252+0000 7f1e1affd640 1 --2- >> [v2:192.168.123.103:3300/0,v1:192.168.123.103:6789/0] conn(0x7f1e1c07df10 0x7f1e1c07c3c0 unknown :-1 s=BANNER_CONNECTING pgs=0 cs=0 l=0 rev1=0 crypto rx=0 tx=0 comp rx=0 tx=0)._handle_peer_banner_payload supported=3 required=0
2026-03-09T17:29:02.415 INFO:teuthology.orchestra.run.vm03.stdout:/usr/bin/ceph: stderr
2026-03-09T17:29:01.252+0000 7f1e1affd640 1 --2- >> [v2:192.168.123.103:3300/0,v1:192.168.123.103:6789/0] conn(0x7f1e1c07df10 0x7f1e1c07c3c0 unknown :-1 s=HELLO_CONNECTING pgs=0 cs=0 l=0 rev1=1 crypto rx=0 tx=0 comp rx=0 tx=0).handle_hello peer v2:192.168.123.103:3300/0 says I am v2:192.168.123.103:40090/0 (socket says 192.168.123.103:40090)
2026-03-09T17:29:02.415 INFO:teuthology.orchestra.run.vm03.stdout:/usr/bin/ceph: stderr
2026-03-09T17:29:01.252+0000 7f1e1affd640 1 -- 192.168.123.103:0/2092019928 learned_addr learned my addr 192.168.123.103:0/2092019928 (peer_addr_for_me v2:192.168.123.103:0/0)
2026-03-09T17:29:02.415 INFO:teuthology.orchestra.run.vm03.stdout:/usr/bin/ceph: stderr
2026-03-09T17:29:01.252+0000 7f1e1affd640 1 -- 192.168.123.103:0/2092019928 --> [v2:192.168.123.103:3300/0,v1:192.168.123.103:6789/0] -- mon_subscribe({config=0+,monmap=0+}) -- 0x7f1e1c07ca80 con 0x7f1e1c07df10
2026-03-09T17:29:02.415 INFO:teuthology.orchestra.run.vm03.stdout:/usr/bin/ceph: stderr
2026-03-09T17:29:01.252+0000 7f1e1affd640 1 --2- 192.168.123.103:0/2092019928 >> [v2:192.168.123.103:3300/0,v1:192.168.123.103:6789/0] conn(0x7f1e1c07df10 0x7f1e1c07c3c0 secure :-1 s=READY pgs=20 cs=0 l=1 rev1=1 crypto rx=0x7f1e04009b80 tx=0x7f1e0402f190 comp rx=0 tx=0).ready entity=mon.0 client_cookie=b77aaf645139e9f2 server_cookie=0 in_seq=0 out_seq=0
2026-03-09T17:29:02.415 INFO:teuthology.orchestra.run.vm03.stdout:/usr/bin/ceph: stderr
2026-03-09T17:29:01.252+0000 7f1e19ffb640 1 -- 192.168.123.103:0/2092019928 <== mon.0 v2:192.168.123.103:3300/0 1 ==== mon_map magic: 0 ==== 205+0+0 (secure 0 0 0) 0x7f1e0403c070 con 0x7f1e1c07df10
2026-03-09T17:29:02.415 INFO:teuthology.orchestra.run.vm03.stdout:/usr/bin/ceph: stderr
2026-03-09T17:29:01.252+0000 7f1e19ffb640 1 -- 192.168.123.103:0/2092019928 <== mon.0 v2:192.168.123.103:3300/0 2 ==== config(25 keys) ==== 1007+0+0 (secure 0 0 0) 0x7f1e04037440 con 0x7f1e1c07df10
2026-03-09T17:29:02.415 INFO:teuthology.orchestra.run.vm03.stdout:/usr/bin/ceph: stderr
2026-03-09T17:29:01.252+0000 7f1e19ffb640 1 -- 192.168.123.103:0/2092019928 <== mon.0 v2:192.168.123.103:3300/0 3 ==== mon_map magic: 0 ==== 205+0+0 (secure 0 0 0) 0x7f1e040353a0 con 0x7f1e1c07df10
2026-03-09T17:29:02.415 INFO:teuthology.orchestra.run.vm03.stdout:/usr/bin/ceph: stderr
2026-03-09T17:29:01.252+0000 7f1e21a80640 1 -- 192.168.123.103:0/2092019928 >> [v2:192.168.123.103:3300/0,v1:192.168.123.103:6789/0] conn(0x7f1e1c07df10 msgr2=0x7f1e1c07c3c0 secure :-1 s=STATE_CONNECTION_ESTABLISHED l=1).mark_down
2026-03-09T17:29:02.415 INFO:teuthology.orchestra.run.vm03.stdout:/usr/bin/ceph: stderr
2026-03-09T17:29:01.252+0000 7f1e21a80640 1 --2- 192.168.123.103:0/2092019928 >> [v2:192.168.123.103:3300/0,v1:192.168.123.103:6789/0] conn(0x7f1e1c07df10 0x7f1e1c07c3c0 secure :-1 s=READY pgs=20 cs=0 l=1 rev1=1 crypto rx=0x7f1e04009b80 tx=0x7f1e0402f190 comp rx=0 tx=0).stop
2026-03-09T17:29:02.415 INFO:teuthology.orchestra.run.vm03.stdout:/usr/bin/ceph: stderr
2026-03-09T17:29:01.252+0000 7f1e21a80640 1 -- 192.168.123.103:0/2092019928 shutdown_connections
2026-03-09T17:29:02.415 INFO:teuthology.orchestra.run.vm03.stdout:/usr/bin/ceph: stderr
2026-03-09T17:29:01.252+0000 7f1e21a80640 1 --2- 192.168.123.103:0/2092019928 >> [v2:192.168.123.103:3300/0,v1:192.168.123.103:6789/0] conn(0x7f1e1c07df10 0x7f1e1c07c3c0 unknown :-1 s=CLOSED pgs=20 cs=0 l=1 rev1=1 crypto rx=0 tx=0 comp rx=0 tx=0).stop
2026-03-09T17:29:02.415 INFO:teuthology.orchestra.run.vm03.stdout:/usr/bin/ceph: stderr
2026-03-09T17:29:01.252+0000 7f1e21a80640 1 -- 192.168.123.103:0/2092019928 >> 192.168.123.103:0/2092019928 conn(0x7f1e1c102ee0 msgr2=0x7f1e1c105360 unknown :-1 s=STATE_NONE l=0).mark_down
2026-03-09T17:29:02.415 INFO:teuthology.orchestra.run.vm03.stdout:/usr/bin/ceph: stderr
2026-03-09T17:29:01.252+0000 7f1e21a80640 1 -- 192.168.123.103:0/2092019928 shutdown_connections
2026-03-09T17:29:02.415 INFO:teuthology.orchestra.run.vm03.stdout:/usr/bin/ceph: stderr
2026-03-09T17:29:01.252+0000 7f1e21a80640 1 -- 192.168.123.103:0/2092019928 wait complete.
2026-03-09T17:29:02.415 INFO:teuthology.orchestra.run.vm03.stdout:/usr/bin/ceph: stderr
2026-03-09T17:29:01.252+0000 7f1e21a80640 1 Processor -- start
2026-03-09T17:29:02.415 INFO:teuthology.orchestra.run.vm03.stdout:/usr/bin/ceph: stderr
2026-03-09T17:29:01.252+0000 7f1e21a80640 1 -- start start
2026-03-09T17:29:02.415 INFO:teuthology.orchestra.run.vm03.stdout:/usr/bin/ceph: stderr
2026-03-09T17:29:01.252+0000 7f1e21a80640 1 --2- >> [v2:192.168.123.103:3300/0,v1:192.168.123.103:6789/0] conn(0x7f1e1c07df10 0x7f1e1c19f8a0 unknown :-1 s=NONE pgs=0 cs=0 l=1 rev1=0 crypto rx=0 tx=0 comp rx=0 tx=0).connect
2026-03-09T17:29:02.416 INFO:teuthology.orchestra.run.vm03.stdout:/usr/bin/ceph: stderr
2026-03-09T17:29:01.252+0000 7f1e21a80640 1 -- --> [v2:192.168.123.103:3300/0,v1:192.168.123.103:6789/0] -- mon_getmap magic: 0 -- 0x7f1e1c10dc10 con 0x7f1e1c07df10
2026-03-09T17:29:02.416 INFO:teuthology.orchestra.run.vm03.stdout:/usr/bin/ceph: stderr
2026-03-09T17:29:01.252+0000 7f1e1affd640 1 --2- >> [v2:192.168.123.103:3300/0,v1:192.168.123.103:6789/0] conn(0x7f1e1c07df10 0x7f1e1c19f8a0 unknown :-1 s=BANNER_CONNECTING pgs=0 cs=0 l=1 rev1=0 crypto rx=0 tx=0 comp rx=0 tx=0)._handle_peer_banner_payload supported=3 required=0
2026-03-09T17:29:02.416 INFO:teuthology.orchestra.run.vm03.stdout:/usr/bin/ceph: stderr
2026-03-09T17:29:01.252+0000 7f1e1affd640 1 --2- >> [v2:192.168.123.103:3300/0,v1:192.168.123.103:6789/0] conn(0x7f1e1c07df10 0x7f1e1c19f8a0 unknown :-1 s=HELLO_CONNECTING pgs=0 cs=0 l=1 rev1=1 crypto rx=0 tx=0 comp rx=0 tx=0).handle_hello peer v2:192.168.123.103:3300/0 says I am v2:192.168.123.103:40098/0 (socket says 192.168.123.103:40098)
2026-03-09T17:29:02.416 INFO:teuthology.orchestra.run.vm03.stdout:/usr/bin/ceph: stderr
2026-03-09T17:29:01.252+0000 7f1e1affd640 1 -- 192.168.123.103:0/4123485696 learned_addr learned my addr 192.168.123.103:0/4123485696 (peer_addr_for_me v2:192.168.123.103:0/0)
2026-03-09T17:29:02.416 INFO:teuthology.orchestra.run.vm03.stdout:/usr/bin/ceph: stderr
2026-03-09T17:29:01.256+0000 7f1e1affd640 1 -- 192.168.123.103:0/4123485696 --> [v2:192.168.123.103:3300/0,v1:192.168.123.103:6789/0] -- mon_subscribe({config=0+,monmap=0+}) -- 0x7f1e1c19fde0 con 0x7f1e1c07df10
2026-03-09T17:29:02.416 INFO:teuthology.orchestra.run.vm03.stdout:/usr/bin/ceph: stderr
2026-03-09T17:29:01.256+0000 7f1e1affd640 1 --2- 192.168.123.103:0/4123485696 >> [v2:192.168.123.103:3300/0,v1:192.168.123.103:6789/0] conn(0x7f1e1c07df10 0x7f1e1c19f8a0 secure :-1 s=READY pgs=21 cs=0 l=1 rev1=1 crypto rx=0x7f1e04037b90 tx=0x7f1e04035570 comp rx=0 tx=0).ready entity=mon.0 client_cookie=0 server_cookie=0 in_seq=0 out_seq=0
2026-03-09T17:29:02.416 INFO:teuthology.orchestra.run.vm03.stdout:/usr/bin/ceph: stderr
2026-03-09T17:29:01.256+0000 7f1e20a7e640 1 -- 192.168.123.103:0/4123485696 <== mon.0 v2:192.168.123.103:3300/0 1 ==== mon_map magic: 0 ==== 205+0+0 (secure 0 0 0) 0x7f1e04047070 con 0x7f1e1c07df10
2026-03-09T17:29:02.416 INFO:teuthology.orchestra.run.vm03.stdout:/usr/bin/ceph: stderr
2026-03-09T17:29:01.256+0000 7f1e20a7e640 1 -- 192.168.123.103:0/4123485696 <== mon.0 v2:192.168.123.103:3300/0 2 ==== config(25 keys) ==== 1007+0+0 (secure 0 0 0) 0x7f1e04035c50 con 0x7f1e1c07df10
2026-03-09T17:29:02.416 INFO:teuthology.orchestra.run.vm03.stdout:/usr/bin/ceph: stderr
2026-03-09T17:29:01.256+0000 7f1e20a7e640 1 -- 192.168.123.103:0/4123485696 <== mon.0 v2:192.168.123.103:3300/0 3 ==== mon_map magic: 0 ==== 205+0+0 (secure 0 0 0) 0x7f1e0403c070 con 0x7f1e1c07df10
2026-03-09T17:29:02.416 INFO:teuthology.orchestra.run.vm03.stdout:/usr/bin/ceph: stderr
2026-03-09T17:29:01.256+0000 7f1e21a80640 1 -- 192.168.123.103:0/4123485696 --> [v2:192.168.123.103:3300/0,v1:192.168.123.103:6789/0] -- mon_subscribe({mgrmap=0+}) -- 0x7f1e1c1a0070 con 0x7f1e1c07df10
2026-03-09T17:29:02.416 INFO:teuthology.orchestra.run.vm03.stdout:/usr/bin/ceph: stderr
2026-03-09T17:29:01.256+0000 7f1e21a80640 1 -- 192.168.123.103:0/4123485696 --> [v2:192.168.123.103:3300/0,v1:192.168.123.103:6789/0] -- mon_subscribe({osdmap=0}) -- 0x7f1e1c1a2d60 con 0x7f1e1c07df10
2026-03-09T17:29:02.416 INFO:teuthology.orchestra.run.vm03.stdout:/usr/bin/ceph: stderr
2026-03-09T17:29:01.256+0000 7f1e20a7e640 1 -- 192.168.123.103:0/4123485696 <== mon.0 v2:192.168.123.103:3300/0 4 ==== mgrmap(e 3) ==== 50130+0+0 (secure 0 0 0) 0x7f1e04035800 con 0x7f1e1c07df10
2026-03-09T17:29:02.416 INFO:teuthology.orchestra.run.vm03.stdout:/usr/bin/ceph: stderr
2026-03-09T17:29:01.256+0000 7f1e21a80640 1 -- 192.168.123.103:0/4123485696 --> [v2:192.168.123.103:3300/0,v1:192.168.123.103:6789/0] -- mon_command({"prefix": "get_command_descriptions"} v 0) -- 0x7f1e1c07c440 con 0x7f1e1c07df10
2026-03-09T17:29:02.416 INFO:teuthology.orchestra.run.vm03.stdout:/usr/bin/ceph: stderr
2026-03-09T17:29:01.256+0000 7f1e20a7e640 1 --2- 192.168.123.103:0/4123485696 >> [v2:192.168.123.103:6800/826576642,v1:192.168.123.103:6801/826576642] conn(0x7f1df003d710 0x7f1df003fbd0 unknown :-1 s=NONE pgs=0 cs=0 l=1 rev1=0 crypto rx=0 tx=0 comp rx=0 tx=0).connect
2026-03-09T17:29:02.416 INFO:teuthology.orchestra.run.vm03.stdout:/usr/bin/ceph: stderr
2026-03-09T17:29:01.256+0000 7f1e1a7fc640 1 --2- 192.168.123.103:0/4123485696 >> [v2:192.168.123.103:6800/826576642,v1:192.168.123.103:6801/826576642] conn(0x7f1df003d710 0x7f1df003fbd0 unknown :-1 s=BANNER_CONNECTING pgs=0 cs=0 l=1 rev1=0 crypto rx=0 tx=0 comp rx=0 tx=0)._handle_peer_banner_payload supported=3 required=0
2026-03-09T17:29:02.416 INFO:teuthology.orchestra.run.vm03.stdout:/usr/bin/ceph: stderr
2026-03-09T17:29:01.256+0000 7f1e20a7e640 1 -- 192.168.123.103:0/4123485696 <== mon.0 v2:192.168.123.103:3300/0 5 ==== osd_map(1..1 src has 1..1) ==== 725+0+0 (secure 0 0 0) 0x7f1e040766e0 con 0x7f1e1c07df10
2026-03-09T17:29:02.416 INFO:teuthology.orchestra.run.vm03.stdout:/usr/bin/ceph: stderr
2026-03-09T17:29:01.260+0000 7f1e1a7fc640 1 --2- 192.168.123.103:0/4123485696 >> [v2:192.168.123.103:6800/826576642,v1:192.168.123.103:6801/826576642] conn(0x7f1df003d710 0x7f1df003fbd0 secure :-1 s=READY pgs=8 cs=0 l=1 rev1=1 crypto rx=0x7f1e10009a10 tx=0x7f1e10006eb0 comp rx=0 tx=0).ready entity=mgr.14100 client_cookie=0 server_cookie=0 in_seq=0 out_seq=0
2026-03-09T17:29:02.416 INFO:teuthology.orchestra.run.vm03.stdout:/usr/bin/ceph: stderr
2026-03-09T17:29:01.260+0000 7f1e20a7e640 1 -- 192.168.123.103:0/4123485696 <== mon.0 v2:192.168.123.103:3300/0 6 ==== mon_command_ack([{"prefix": "get_command_descriptions"}]=0 v0) ==== 72+0+195034 (secure 0 0 0) 0x7f1e04042440 con 0x7f1e1c07df10
2026-03-09T17:29:02.416 INFO:teuthology.orchestra.run.vm03.stdout:/usr/bin/ceph: stderr
2026-03-09T17:29:01.276+0000 7f1e20a7e640 1 -- 192.168.123.103:0/4123485696 <== mon.0 v2:192.168.123.103:3300/0 7 ==== mgrmap(e 4) ==== 50236+0+0 (secure 0 0 0) 0x7f1e0404bc90 con 0x7f1e1c07df10
2026-03-09T17:29:02.416 INFO:teuthology.orchestra.run.vm03.stdout:/usr/bin/ceph: stderr
2026-03-09T17:29:01.388+0000 7f1e21a80640 1 -- 192.168.123.103:0/4123485696 --> [v2:192.168.123.103:3300/0,v1:192.168.123.103:6789/0] -- mon_command({"prefix": "mgr module enable", "module": "cephadm"} v 0) -- 0x7f1e1c1a3310 con 0x7f1e1c07df10
2026-03-09T17:29:02.416 INFO:teuthology.orchestra.run.vm03.stdout:/usr/bin/ceph: stderr
2026-03-09T17:29:02.336+0000 7f1e20a7e640 1 -- 192.168.123.103:0/4123485696 <== mon.0 v2:192.168.123.103:3300/0 8 ==== mon_command_ack([{"prefix": "mgr module enable", "module": "cephadm"}]=0 v5) ==== 86+0+0 (secure 0 0 0) 0x7f1e04008040 con 0x7f1e1c07df10
2026-03-09T17:29:02.416 INFO:teuthology.orchestra.run.vm03.stdout:/usr/bin/ceph: stderr
2026-03-09T17:29:02.336+0000 7f1e20a7e640 1 -- 192.168.123.103:0/4123485696 <== mon.0 v2:192.168.123.103:3300/0 9 ==== mgrmap(e 5) ==== 50247+0+0 (secure 0 0 0) 0x7f1e0403fd50 con 0x7f1e1c07df10
2026-03-09T17:29:02.416 INFO:teuthology.orchestra.run.vm03.stdout:/usr/bin/ceph: stderr
2026-03-09T17:29:02.340+0000 7f1e21a80640 1 -- 192.168.123.103:0/4123485696 >> [v2:192.168.123.103:6800/826576642,v1:192.168.123.103:6801/826576642] conn(0x7f1df003d710 msgr2=0x7f1df003fbd0 secure :-1 s=STATE_CONNECTION_ESTABLISHED l=1).mark_down
2026-03-09T17:29:02.416 INFO:teuthology.orchestra.run.vm03.stdout:/usr/bin/ceph: stderr
2026-03-09T17:29:02.340+0000 7f1e21a80640 1 --2- 192.168.123.103:0/4123485696 >> [v2:192.168.123.103:6800/826576642,v1:192.168.123.103:6801/826576642] conn(0x7f1df003d710 0x7f1df003fbd0 secure :-1 s=READY pgs=8 cs=0 l=1 rev1=1 crypto rx=0x7f1e10009a10 tx=0x7f1e10006eb0 comp rx=0 tx=0).stop
2026-03-09T17:29:02.416 INFO:teuthology.orchestra.run.vm03.stdout:/usr/bin/ceph: stderr
2026-03-09T17:29:02.340+0000 7f1e21a80640 1 -- 192.168.123.103:0/4123485696 >> [v2:192.168.123.103:3300/0,v1:192.168.123.103:6789/0] conn(0x7f1e1c07df10 msgr2=0x7f1e1c19f8a0 secure :-1 s=STATE_CONNECTION_ESTABLISHED l=1).mark_down
2026-03-09T17:29:02.416 INFO:teuthology.orchestra.run.vm03.stdout:/usr/bin/ceph: stderr
2026-03-09T17:29:02.340+0000 7f1e21a80640 1 --2- 192.168.123.103:0/4123485696 >> [v2:192.168.123.103:3300/0,v1:192.168.123.103:6789/0] conn(0x7f1e1c07df10 0x7f1e1c19f8a0 secure :-1 s=READY pgs=21 cs=0 l=1 rev1=1 crypto rx=0x7f1e04037b90 tx=0x7f1e04035570 comp rx=0 tx=0).stop
2026-03-09T17:29:02.416 INFO:teuthology.orchestra.run.vm03.stdout:/usr/bin/ceph: stderr
2026-03-09T17:29:02.340+0000 7f1e21a80640 1 -- 192.168.123.103:0/4123485696 shutdown_connections
2026-03-09T17:29:02.416 INFO:teuthology.orchestra.run.vm03.stdout:/usr/bin/ceph: stderr
2026-03-09T17:29:02.340+0000 7f1e21a80640 1 --2- 192.168.123.103:0/4123485696 >> [v2:192.168.123.103:6800/826576642,v1:192.168.123.103:6801/826576642] conn(0x7f1df003d710 0x7f1df003fbd0 unknown :-1 s=CLOSED pgs=8 cs=0 l=1 rev1=1 crypto rx=0 tx=0 comp rx=0 tx=0).stop
2026-03-09T17:29:02.416 INFO:teuthology.orchestra.run.vm03.stdout:/usr/bin/ceph: stderr
2026-03-09T17:29:02.340+0000 7f1e21a80640 1 --2- 192.168.123.103:0/4123485696 >> [v2:192.168.123.103:3300/0,v1:192.168.123.103:6789/0] conn(0x7f1e1c07df10 0x7f1e1c19f8a0 unknown :-1 s=CLOSED pgs=21 cs=0 l=1 rev1=1 crypto rx=0 tx=0 comp rx=0 tx=0).stop
2026-03-09T17:29:02.416 INFO:teuthology.orchestra.run.vm03.stdout:/usr/bin/ceph: stderr
2026-03-09T17:29:02.340+0000 7f1e21a80640 1 -- 192.168.123.103:0/4123485696 >> 192.168.123.103:0/4123485696 conn(0x7f1e1c102ee0 msgr2=0x7f1e1c103bc0 unknown :-1 s=STATE_NONE l=0).mark_down
2026-03-09T17:29:02.416 INFO:teuthology.orchestra.run.vm03.stdout:/usr/bin/ceph: stderr
2026-03-09T17:29:02.340+0000 7f1e21a80640 1 -- 192.168.123.103:0/4123485696 shutdown_connections
2026-03-09T17:29:02.416 INFO:teuthology.orchestra.run.vm03.stdout:/usr/bin/ceph: stderr
2026-03-09T17:29:02.340+0000 7f1e21a80640 1 -- 192.168.123.103:0/4123485696 wait complete.
2026-03-09T17:29:02.627 INFO:journalctl@ceph.mon.a.vm03.stdout:Mar 09 17:29:02 vm03 bash[20699]: cluster
2026-03-09T17:29:01.279763+0000 mon.a (mon.0) 34 : cluster [DBG] mgrmap e4: x(active, since 2s)
2026-03-09T17:29:02.627 INFO:journalctl@ceph.mon.a.vm03.stdout:Mar 09 17:29:02 vm03 bash[20699]: cluster
2026-03-09T17:29:01.279763+0000 mon.a (mon.0) 34 : cluster [DBG] mgrmap e4: x(active, since 2s)
2026-03-09T17:29:02.627 INFO:journalctl@ceph.mon.a.vm03.stdout:Mar 09 17:29:02 vm03 bash[20699]: audit
2026-03-09T17:29:01.392244+0000 mon.a (mon.0) 35 : audit [INF] from='client.? 192.168.123.103:0/4123485696' entity='client.admin' cmd=[{"prefix": "mgr module enable", "module": "cephadm"}]: dispatch
2026-03-09T17:29:02.627 INFO:journalctl@ceph.mon.a.vm03.stdout:Mar 09 17:29:02 vm03 bash[20699]: audit
2026-03-09T17:29:01.392244+0000 mon.a (mon.0) 35 : audit [INF] from='client.? 192.168.123.103:0/4123485696' entity='client.admin' cmd=[{"prefix": "mgr module enable", "module": "cephadm"}]: dispatch
2026-03-09T17:29:02.627 INFO:journalctl@ceph.mgr.x.vm03.stdout:Mar 09 17:29:02 vm03 bash[20963]: ignoring --setuser ceph since I am not root
2026-03-09T17:29:02.627 INFO:journalctl@ceph.mgr.x.vm03.stdout:Mar 09 17:29:02 vm03 bash[20963]: ignoring --setgroup ceph since I am not root
2026-03-09T17:29:02.627 INFO:journalctl@ceph.mgr.x.vm03.stdout:Mar 09 17:29:02 vm03 bash[20963]: debug
2026-03-09T17:29:02.460+0000 7ff1b36eb140 -1 mgr[py] Module status has missing NOTIFY_TYPES member
2026-03-09T17:29:02.627 INFO:journalctl@ceph.mgr.x.vm03.stdout:Mar 09 17:29:02 vm03 bash[20963]: debug
2026-03-09T17:29:02.496+0000 7ff1b36eb140 -1 mgr[py] Module osd_support has missing NOTIFY_TYPES member
2026-03-09T17:29:02.919 INFO:journalctl@ceph.mgr.x.vm03.stdout:Mar 09 17:29:02 vm03 bash[20963]: debug
2026-03-09T17:29:02.620+0000 7ff1b36eb140 -1 mgr[py] Module rgw has missing NOTIFY_TYPES member
2026-03-09T17:29:03.032 INFO:teuthology.orchestra.run.vm03.stdout:/usr/bin/ceph: stdout {
2026-03-09T17:29:03.032 INFO:teuthology.orchestra.run.vm03.stdout:/usr/bin/ceph: stdout "epoch": 5,
2026-03-09T17:29:03.033 INFO:teuthology.orchestra.run.vm03.stdout:/usr/bin/ceph: stdout "available": true,
2026-03-09T17:29:03.033 INFO:teuthology.orchestra.run.vm03.stdout:/usr/bin/ceph: stdout "active_name": "x",
2026-03-09T17:29:03.033 INFO:teuthology.orchestra.run.vm03.stdout:/usr/bin/ceph: stdout "num_standby": 0
2026-03-09T17:29:03.033 INFO:teuthology.orchestra.run.vm03.stdout:/usr/bin/ceph: stdout }
2026-03-09T17:29:03.033 INFO:teuthology.orchestra.run.vm03.stdout:/usr/bin/ceph: stderr
2026-03-09T17:29:02.808+0000 7f2b4bfff640 1 Processor -- start
2026-03-09T17:29:03.033 INFO:teuthology.orchestra.run.vm03.stdout:/usr/bin/ceph: stderr
2026-03-09T17:29:02.808+0000 7f2b4bfff640 1 -- start start
2026-03-09T17:29:03.033 INFO:teuthology.orchestra.run.vm03.stdout:/usr/bin/ceph: stderr
2026-03-09T17:29:02.808+0000 7f2b4bfff640 1 --2- >> [v2:192.168.123.103:3300/0,v1:192.168.123.103:6789/0] conn(0x7f2b4c074e60 0x7f2b4c073380 unknown :-1 s=NONE pgs=0 cs=0 l=0 rev1=0 crypto rx=0 tx=0 comp rx=0 tx=0).connect
2026-03-09T17:29:03.033 INFO:teuthology.orchestra.run.vm03.stdout:/usr/bin/ceph: stderr
2026-03-09T17:29:02.808+0000 7f2b4bfff640 1 -- --> [v2:192.168.123.103:3300/0,v1:192.168.123.103:6789/0] -- mon_getmap magic: 0 -- 0x7f2b4c073950 con 0x7f2b4c074e60
2026-03-09T17:29:03.033 INFO:teuthology.orchestra.run.vm03.stdout:/usr/bin/ceph: stderr
2026-03-09T17:29:02.808+0000 7f2b4affd640 1 --2- >> [v2:192.168.123.103:3300/0,v1:192.168.123.103:6789/0] conn(0x7f2b4c074e60 0x7f2b4c073380 unknown :-1 s=BANNER_CONNECTING pgs=0 cs=0 l=0 rev1=0 crypto rx=0 tx=0 comp rx=0 tx=0)._handle_peer_banner_payload supported=3 required=0
2026-03-09T17:29:03.033 INFO:teuthology.orchestra.run.vm03.stdout:/usr/bin/ceph: stderr
2026-03-09T17:29:02.808+0000 7f2b4affd640 1 --2- >> [v2:192.168.123.103:3300/0,v1:192.168.123.103:6789/0] conn(0x7f2b4c074e60 0x7f2b4c073380 unknown :-1 s=HELLO_CONNECTING pgs=0 cs=0 l=0 rev1=1 crypto rx=0 tx=0 comp rx=0 tx=0).handle_hello peer v2:192.168.123.103:3300/0 says I am v2:192.168.123.103:40124/0 (socket says 192.168.123.103:40124)
2026-03-09T17:29:03.033 INFO:teuthology.orchestra.run.vm03.stdout:/usr/bin/ceph: stderr
2026-03-09T17:29:02.808+0000 7f2b4affd640 1 -- 192.168.123.103:0/3137941792 learned_addr learned my addr 192.168.123.103:0/3137941792 (peer_addr_for_me v2:192.168.123.103:0/0)
2026-03-09T17:29:03.033 INFO:teuthology.orchestra.run.vm03.stdout:/usr/bin/ceph: stderr
2026-03-09T17:29:02.808+0000 7f2b4affd640 1 -- 192.168.123.103:0/3137941792 --> [v2:192.168.123.103:3300/0,v1:192.168.123.103:6789/0] -- mon_subscribe({config=0+,monmap=0+}) -- 0x7f2b4c073ad0 con 0x7f2b4c074e60
2026-03-09T17:29:03.033 INFO:teuthology.orchestra.run.vm03.stdout:/usr/bin/ceph: stderr
2026-03-09T17:29:02.808+0000 7f2b4affd640 1 --2- 192.168.123.103:0/3137941792 >> [v2:192.168.123.103:3300/0,v1:192.168.123.103:6789/0] conn(0x7f2b4c074e60 0x7f2b4c073380 secure :-1 s=READY pgs=24 cs=0 l=1 rev1=1 crypto rx=0x7f2b3401c080 tx=0x7f2b34040520 comp rx=0 tx=0).ready entity=mon.0 client_cookie=d006cf4f9e12ccf server_cookie=0 in_seq=0 out_seq=0
2026-03-09T17:29:03.033 INFO:teuthology.orchestra.run.vm03.stdout:/usr/bin/ceph: stderr
2026-03-09T17:29:02.808+0000 7f2b49ffb640 1 -- 192.168.123.103:0/3137941792 <== mon.0 v2:192.168.123.103:3300/0 1 ==== mon_map magic: 0 ==== 205+0+0 (secure 0 0 0) 0x7f2b3404c070 con 0x7f2b4c074e60
2026-03-09T17:29:03.033 INFO:teuthology.orchestra.run.vm03.stdout:/usr/bin/ceph: stderr
2026-03-09T17:29:02.808+0000 7f2b49ffb640 1 -- 192.168.123.103:0/3137941792 <== mon.0 v2:192.168.123.103:3300/0 2 ==== config(25 keys) ==== 1007+0+0 (secure 0 0 0) 0x7f2b3401a200 con 0x7f2b4c074e60
2026-03-09T17:29:03.033 INFO:teuthology.orchestra.run.vm03.stdout:/usr/bin/ceph: stderr
2026-03-09T17:29:02.808+0000 7f2b49ffb640 1 -- 192.168.123.103:0/3137941792 <== mon.0 v2:192.168.123.103:3300/0 3 ==== mon_map magic: 0 ==== 205+0+0 (secure 0 0 0) 0x7f2b340476a0 con 0x7f2b4c074e60
2026-03-09T17:29:03.033 INFO:teuthology.orchestra.run.vm03.stdout:/usr/bin/ceph: stderr
2026-03-09T17:29:02.812+0000 7f2b4bfff640 1 -- 192.168.123.103:0/3137941792 >> [v2:192.168.123.103:3300/0,v1:192.168.123.103:6789/0] conn(0x7f2b4c074e60 msgr2=0x7f2b4c073380 secure :-1 s=STATE_CONNECTION_ESTABLISHED l=1).mark_down
2026-03-09T17:29:03.033 INFO:teuthology.orchestra.run.vm03.stdout:/usr/bin/ceph: stderr
2026-03-09T17:29:02.812+0000 7f2b4bfff640 1 --2- 192.168.123.103:0/3137941792 >> [v2:192.168.123.103:3300/0,v1:192.168.123.103:6789/0] conn(0x7f2b4c074e60 0x7f2b4c073380 secure :-1 s=READY pgs=24 cs=0 l=1 rev1=1 crypto rx=0x7f2b3401c080 tx=0x7f2b34040520 comp rx=0 tx=0).stop
2026-03-09T17:29:03.033 INFO:teuthology.orchestra.run.vm03.stdout:/usr/bin/ceph: stderr
2026-03-09T17:29:02.812+0000 7f2b4bfff640 1 -- 192.168.123.103:0/3137941792 shutdown_connections
2026-03-09T17:29:03.033 INFO:teuthology.orchestra.run.vm03.stdout:/usr/bin/ceph: stderr
2026-03-09T17:29:02.812+0000 7f2b4bfff640 1 --2- 192.168.123.103:0/3137941792 >> [v2:192.168.123.103:3300/0,v1:192.168.123.103:6789/0] conn(0x7f2b4c074e60 0x7f2b4c073380 unknown :-1 s=CLOSED pgs=24 cs=0 l=1 rev1=1 crypto rx=0 tx=0 comp rx=0 tx=0).stop
2026-03-09T17:29:03.033 INFO:teuthology.orchestra.run.vm03.stdout:/usr/bin/ceph: stderr
2026-03-09T17:29:02.812+0000 7f2b4bfff640 1 -- 192.168.123.103:0/3137941792 >> 192.168.123.103:0/3137941792 conn(0x7f2b4c06edd0 msgr2=0x7f2b4c071250 unknown :-1 s=STATE_NONE l=0).mark_down
2026-03-09T17:29:03.033 INFO:teuthology.orchestra.run.vm03.stdout:/usr/bin/ceph: stderr
2026-03-09T17:29:02.812+0000 7f2b4bfff640 1 -- 192.168.123.103:0/3137941792 shutdown_connections
2026-03-09T17:29:03.033 INFO:teuthology.orchestra.run.vm03.stdout:/usr/bin/ceph: stderr
2026-03-09T17:29:02.812+0000 7f2b4bfff640 1 -- 192.168.123.103:0/3137941792 wait complete.
2026-03-09T17:29:03.033 INFO:teuthology.orchestra.run.vm03.stdout:/usr/bin/ceph: stderr
2026-03-09T17:29:02.812+0000 7f2b4bfff640 1 Processor -- start
2026-03-09T17:29:03.033 INFO:teuthology.orchestra.run.vm03.stdout:/usr/bin/ceph: stderr
2026-03-09T17:29:02.812+0000 7f2b4bfff640 1 -- start start
2026-03-09T17:29:03.033 INFO:teuthology.orchestra.run.vm03.stdout:/usr/bin/ceph: stderr
