2026-03-09T17:29:16.920 INFO:journalctl@ceph.mon.a.vm03.stdout:Mar 09 17:29:16 vm03 bash[20699]: audit
2026-03-09T17:29:16.457278+0000 mon.a (mon.0) 81 : audit [DBG] from='mgr.14150 192.168.123.103:0/445294181' entity='mgr.x' cmd=[{"prefix": "mgr metadata", "who": "x", "id": "x"}]: dispatch
2026-03-09T17:29:16.920 INFO:journalctl@ceph.mon.a.vm03.stdout:Mar 09 17:29:16 vm03 bash[20699]: audit
2026-03-09T17:29:16.458269+0000 mon.a (mon.0) 82 : audit [DBG] from='mgr.14150 192.168.123.103:0/445294181' entity='mgr.x' cmd=[{"prefix": "mds metadata"}]: dispatch
2026-03-09T17:29:16.920 INFO:journalctl@ceph.mon.a.vm03.stdout:Mar 09 17:29:16 vm03 bash[20699]: audit
2026-03-09T17:29:16.458269+0000 mon.a (mon.0) 82 : audit [DBG] from='mgr.14150 192.168.123.103:0/445294181' entity='mgr.x' cmd=[{"prefix": "mds metadata"}]: dispatch
2026-03-09T17:29:16.920 INFO:journalctl@ceph.mon.a.vm03.stdout:Mar 09 17:29:16 vm03 bash[20699]: audit
2026-03-09T17:29:16.458470+0000 mon.a (mon.0) 83 : audit [DBG] from='mgr.14150 192.168.123.103:0/445294181' entity='mgr.x' cmd=[{"prefix": "osd metadata"}]: dispatch
2026-03-09T17:29:16.920 INFO:journalctl@ceph.mon.a.vm03.stdout:Mar 09 17:29:16 vm03 bash[20699]: audit
2026-03-09T17:29:16.458470+0000 mon.a (mon.0) 83 : audit [DBG] from='mgr.14150 192.168.123.103:0/445294181' entity='mgr.x' cmd=[{"prefix": "osd metadata"}]: dispatch
2026-03-09T17:29:16.920 INFO:journalctl@ceph.mon.a.vm03.stdout:Mar 09 17:29:16 vm03 bash[20699]: audit
2026-03-09T17:29:16.458687+0000 mon.a (mon.0) 84 : audit [DBG] from='mgr.14150 192.168.123.103:0/445294181' entity='mgr.x' cmd=[{"prefix": "mon metadata"}]: dispatch
2026-03-09T17:29:16.920 INFO:journalctl@ceph.mon.a.vm03.stdout:Mar 09 17:29:16 vm03 bash[20699]: audit
2026-03-09T17:29:16.458687+0000 mon.a (mon.0) 84 : audit [DBG] from='mgr.14150 192.168.123.103:0/445294181' entity='mgr.x' cmd=[{"prefix": "mon metadata"}]: dispatch
2026-03-09T17:29:16.920 INFO:journalctl@ceph.mon.a.vm03.stdout:Mar 09 17:29:16 vm03 bash[20699]: cluster
2026-03-09T17:29:16.466122+0000 mon.a (mon.0) 85 : cluster [INF] Manager daemon x is now available
2026-03-09T17:29:16.920 INFO:journalctl@ceph.mon.a.vm03.stdout:Mar 09 17:29:16 vm03 bash[20699]: cluster
2026-03-09T17:29:16.466122+0000 mon.a (mon.0) 85 : cluster [INF] Manager daemon x is now available
2026-03-09T17:29:16.920 INFO:journalctl@ceph.mon.a.vm03.stdout:Mar 09 17:29:16 vm03 bash[20699]: audit
2026-03-09T17:29:16.492006+0000 mon.a (mon.0) 86 : audit [DBG] from='mgr.14150 192.168.123.103:0/445294181' entity='mgr.x' cmd=[{"prefix": "config dump", "format": "json"}]: dispatch
2026-03-09T17:29:16.920 INFO:journalctl@ceph.mon.a.vm03.stdout:Mar 09 17:29:16 vm03 bash[20699]: audit
2026-03-09T17:29:16.492006+0000 mon.a (mon.0) 86 : audit [DBG] from='mgr.14150 192.168.123.103:0/445294181' entity='mgr.x' cmd=[{"prefix": "config dump", "format": "json"}]: dispatch
2026-03-09T17:29:16.920 INFO:journalctl@ceph.mgr.x.vm03.stdout:Mar 09 17:29:16 vm03 bash[20963]: debug
2026-03-09T17:29:16.440+0000 7fa43c3be140 -1 mgr[py] Module snap_schedule has missing NOTIFY_TYPES member
2026-03-09T17:29:17.623 INFO:teuthology.orchestra.run.vm03.stdout:/usr/bin/ceph: stdout {
2026-03-09T17:29:17.624 INFO:teuthology.orchestra.run.vm03.stdout:/usr/bin/ceph: stdout "mgrmap_epoch": 11,
2026-03-09T17:29:17.624 INFO:teuthology.orchestra.run.vm03.stdout:/usr/bin/ceph: stdout "initialized": true
2026-03-09T17:29:17.624 INFO:teuthology.orchestra.run.vm03.stdout:/usr/bin/ceph: stdout }
2026-03-09T17:29:17.624 INFO:teuthology.orchestra.run.vm03.stdout:/usr/bin/ceph: stderr
2026-03-09T17:29:14.220+0000 7f4425e3b640 1 Processor -- start
2026-03-09T17:29:17.624 INFO:teuthology.orchestra.run.vm03.stdout:/usr/bin/ceph: stderr
2026-03-09T17:29:14.220+0000 7f4425e3b640 1 -- start start
2026-03-09T17:29:17.624 INFO:teuthology.orchestra.run.vm03.stdout:/usr/bin/ceph: stderr
2026-03-09T17:29:14.220+0000 7f4425e3b640 1 --2- >> [v2:192.168.123.103:3300/0,v1:192.168.123.103:6789/0] conn(0x7f44180a4910 0x7f44180a4d10 unknown :-1 s=NONE pgs=0 cs=0 l=0 rev1=0 crypto rx=0 tx=0 comp rx=0 tx=0).connect
2026-03-09T17:29:17.624 INFO:teuthology.orchestra.run.vm03.stdout:/usr/bin/ceph: stderr
2026-03-09T17:29:14.220+0000 7f4425e3b640 1 -- --> [v2:192.168.123.103:3300/0,v1:192.168.123.103:6789/0] -- mon_getmap magic: 0 -- 0x7f44180a52e0 con 0x7f44180a4910
2026-03-09T17:29:17.624 INFO:teuthology.orchestra.run.vm03.stdout:/usr/bin/ceph: stderr
2026-03-09T17:29:14.220+0000 7f4424e39640 1 --2- >> [v2:192.168.123.103:3300/0,v1:192.168.123.103:6789/0] conn(0x7f44180a4910 0x7f44180a4d10 unknown :-1 s=BANNER_CONNECTING pgs=0 cs=0 l=0 rev1=0 crypto rx=0 tx=0 comp rx=0 tx=0)._handle_peer_banner_payload supported=3 required=0
2026-03-09T17:29:17.624 INFO:teuthology.orchestra.run.vm03.stdout:/usr/bin/ceph: stderr
2026-03-09T17:29:14.220+0000 7f4424e39640 1 --2- >> [v2:192.168.123.103:3300/0,v1:192.168.123.103:6789/0] conn(0x7f44180a4910 0x7f44180a4d10 unknown :-1 s=HELLO_CONNECTING pgs=0 cs=0 l=0 rev1=1 crypto rx=0 tx=0 comp rx=0 tx=0).handle_hello peer v2:192.168.123.103:3300/0 says I am v2:192.168.123.103:34406/0 (socket says 192.168.123.103:34406)
2026-03-09T17:29:17.625 INFO:teuthology.orchestra.run.vm03.stdout:/usr/bin/ceph: stderr
2026-03-09T17:29:14.220+0000 7f4424e39640 1 -- 192.168.123.103:0/2690014156 learned_addr learned my addr 192.168.123.103:0/2690014156 (peer_addr_for_me v2:192.168.123.103:0/0)
2026-03-09T17:29:17.625 INFO:teuthology.orchestra.run.vm03.stdout:/usr/bin/ceph: stderr
2026-03-09T17:29:14.220+0000 7f4424e39640 1 -- 192.168.123.103:0/2690014156 --> [v2:192.168.123.103:3300/0,v1:192.168.123.103:6789/0] -- mon_subscribe({config=0+,monmap=0+}) -- 0x7f44180a5b10 con 0x7f44180a4910
2026-03-09T17:29:17.625 INFO:teuthology.orchestra.run.vm03.stdout:/usr/bin/ceph: stderr
2026-03-09T17:29:14.220+0000 7f4424e39640 1 --2- 192.168.123.103:0/2690014156 >> [v2:192.168.123.103:3300/0,v1:192.168.123.103:6789/0] conn(0x7f44180a4910 0x7f44180a4d10 secure :-1 s=READY pgs=59 cs=0 l=1 rev1=1 crypto rx=0x7f441400a9c0 tx=0x7f4414033650 comp rx=0 tx=0).ready entity=mon.0 client_cookie=ba64d61efaba8e58 server_cookie=0 in_seq=0 out_seq=0
2026-03-09T17:29:17.625 INFO:teuthology.orchestra.run.vm03.stdout:/usr/bin/ceph: stderr
2026-03-09T17:29:14.220+0000 7f441f7fe640 1 -- 192.168.123.103:0/2690014156 <== mon.0 v2:192.168.123.103:3300/0 1 ==== mon_map magic: 0 ==== 205+0+0 (secure 0 0 0) 0x7f4414037580 con 0x7f44180a4910
2026-03-09T17:29:17.625 INFO:teuthology.orchestra.run.vm03.stdout:/usr/bin/ceph: stderr
2026-03-09T17:29:14.220+0000 7f441f7fe640 1 -- 192.168.123.103:0/2690014156 <== mon.0 v2:192.168.123.103:3300/0 2 ==== config(25 keys) ==== 1038+0+0 (secure 0 0 0) 0x7f4414037b90 con 0x7f44180a4910
2026-03-09T17:29:17.625 INFO:teuthology.orchestra.run.vm03.stdout:/usr/bin/ceph: stderr
2026-03-09T17:29:14.220+0000 7f441f7fe640 1 -- 192.168.123.103:0/2690014156 <== mon.0 v2:192.168.123.103:3300/0 3 ==== mon_map magic: 0 ==== 205+0+0 (secure 0 0 0) 0x7f441403cc00 con 0x7f44180a4910
2026-03-09T17:29:17.625 INFO:teuthology.orchestra.run.vm03.stdout:/usr/bin/ceph: stderr
2026-03-09T17:29:14.220+0000 7f4425e3b640 1 -- 192.168.123.103:0/2690014156 >> [v2:192.168.123.103:3300/0,v1:192.168.123.103:6789/0] conn(0x7f44180a4910 msgr2=0x7f44180a4d10 secure :-1 s=STATE_CONNECTION_ESTABLISHED l=1).mark_down
2026-03-09T17:29:17.625 INFO:teuthology.orchestra.run.vm03.stdout:/usr/bin/ceph: stderr
2026-03-09T17:29:14.220+0000 7f4425e3b640 1 --2- 192.168.123.103:0/2690014156 >> [v2:192.168.123.103:3300/0,v1:192.168.123.103:6789/0] conn(0x7f44180a4910 0x7f44180a4d10 secure :-1 s=READY pgs=59 cs=0 l=1 rev1=1 crypto rx=0x7f441400a9c0 tx=0x7f4414033650 comp rx=0 tx=0).stop
2026-03-09T17:29:17.625 INFO:teuthology.orchestra.run.vm03.stdout:/usr/bin/ceph: stderr
2026-03-09T17:29:14.220+0000 7f4425e3b640 1 -- 192.168.123.103:0/2690014156 shutdown_connections
2026-03-09T17:29:17.625 INFO:teuthology.orchestra.run.vm03.stdout:/usr/bin/ceph: stderr
2026-03-09T17:29:14.220+0000 7f4425e3b640 1 --2- 192.168.123.103:0/2690014156 >> [v2:192.168.123.103:3300/0,v1:192.168.123.103:6789/0] conn(0x7f44180a4910 0x7f44180a4d10 unknown :-1 s=CLOSED pgs=59 cs=0 l=1 rev1=1 crypto rx=0 tx=0 comp rx=0 tx=0).stop
2026-03-09T17:29:17.625 INFO:teuthology.orchestra.run.vm03.stdout:/usr/bin/ceph: stderr
2026-03-09T17:29:14.220+0000 7f4425e3b640 1 -- 192.168.123.103:0/2690014156 >> 192.168.123.103:0/2690014156 conn(0x7f441809fc20 msgr2=0x7f44180a2080 unknown :-1 s=STATE_NONE l=0).mark_down
2026-03-09T17:29:17.625 INFO:teuthology.orchestra.run.vm03.stdout:/usr/bin/ceph: stderr
2026-03-09T17:29:14.220+0000 7f4425e3b640 1 -- 192.168.123.103:0/2690014156 shutdown_connections
2026-03-09T17:29:17.625 INFO:teuthology.orchestra.run.vm03.stdout:/usr/bin/ceph: stderr
2026-03-09T17:29:14.220+0000 7f4425e3b640 1 -- 192.168.123.103:0/2690014156 wait complete.
2026-03-09T17:29:17.625 INFO:teuthology.orchestra.run.vm03.stdout:/usr/bin/ceph: stderr
2026-03-09T17:29:14.224+0000 7f4425e3b640 1 Processor -- start
2026-03-09T17:29:17.625 INFO:teuthology.orchestra.run.vm03.stdout:/usr/bin/ceph: stderr
2026-03-09T17:29:14.224+0000 7f4425e3b640 1 -- start start
2026-03-09T17:29:17.625 INFO:teuthology.orchestra.run.vm03.stdout:/usr/bin/ceph: stderr
2026-03-09T17:29:14.224+0000 7f4425e3b640 1 --2- >> [v2:192.168.123.103:3300/0,v1:192.168.123.103:6789/0] conn(0x7f44180a4910 0x7f4418142d10 unknown :-1 s=NONE pgs=0 cs=0 l=1 rev1=0 crypto rx=0 tx=0 comp rx=0 tx=0).connect
2026-03-09T17:29:17.625 INFO:teuthology.orchestra.run.vm03.stdout:/usr/bin/ceph: stderr
2026-03-09T17:29:14.224+0000 7f4425e3b640 1 -- --> [v2:192.168.123.103:3300/0,v1:192.168.123.103:6789/0] -- mon_getmap magic: 0 -- 0x7f44180a65e0 con 0x7f44180a4910
2026-03-09T17:29:17.625 INFO:teuthology.orchestra.run.vm03.stdout:/usr/bin/ceph: stderr
2026-03-09T17:29:14.224+0000 7f4424e39640 1 --2- >> [v2:192.168.123.103:3300/0,v1:192.168.123.103:6789/0] conn(0x7f44180a4910 0x7f4418142d10 unknown :-1 s=BANNER_CONNECTING pgs=0 cs=0 l=1 rev1=0 crypto rx=0 tx=0 comp rx=0 tx=0)._handle_peer_banner_payload supported=3 required=0
2026-03-09T17:29:17.625 INFO:teuthology.orchestra.run.vm03.stdout:/usr/bin/ceph: stderr
2026-03-09T17:29:14.224+0000 7f4424e39640 1 --2- >> [v2:192.168.123.103:3300/0,v1:192.168.123.103:6789/0] conn(0x7f44180a4910 0x7f4418142d10 unknown :-1 s=HELLO_CONNECTING pgs=0 cs=0 l=1 rev1=1 crypto rx=0 tx=0 comp rx=0 tx=0).handle_hello peer v2:192.168.123.103:3300/0 says I am v2:192.168.123.103:34422/0 (socket says 192.168.123.103:34422)
2026-03-09T17:29:17.625 INFO:teuthology.orchestra.run.vm03.stdout:/usr/bin/ceph: stderr
2026-03-09T17:29:14.224+0000 7f4424e39640 1 -- 192.168.123.103:0/3692599296 learned_addr learned my addr 192.168.123.103:0/3692599296 (peer_addr_for_me v2:192.168.123.103:0/0)
2026-03-09T17:29:17.625 INFO:teuthology.orchestra.run.vm03.stdout:/usr/bin/ceph: stderr
2026-03-09T17:29:14.224+0000 7f4424e39640 1 -- 192.168.123.103:0/3692599296 --> [v2:192.168.123.103:3300/0,v1:192.168.123.103:6789/0] -- mon_subscribe({config=0+,monmap=0+}) -- 0x7f4418143250 con 0x7f44180a4910
2026-03-09T17:29:17.625 INFO:teuthology.orchestra.run.vm03.stdout:/usr/bin/ceph: stderr
2026-03-09T17:29:14.224+0000 7f4424e39640 1 --2- 192.168.123.103:0/3692599296 >> [v2:192.168.123.103:3300/0,v1:192.168.123.103:6789/0] conn(0x7f44180a4910 0x7f4418142d10 secure :-1 s=READY pgs=60 cs=0 l=1 rev1=1 crypto rx=0x7f441403c770 tx=0x7f4414037680 comp rx=0 tx=0).ready entity=mon.0 client_cookie=0 server_cookie=0 in_seq=0 out_seq=0
2026-03-09T17:29:17.625 INFO:teuthology.orchestra.run.vm03.stdout:/usr/bin/ceph: stderr
2026-03-09T17:29:14.224+0000 7f441dffb640 1 -- 192.168.123.103:0/3692599296 <== mon.0 v2:192.168.123.103:3300/0 1 ==== mon_map magic: 0 ==== 205+0+0 (secure 0 0 0) 0x7f4414043070 con 0x7f44180a4910
2026-03-09T17:29:17.625 INFO:teuthology.orchestra.run.vm03.stdout:/usr/bin/ceph: stderr
2026-03-09T17:29:14.224+0000 7f441dffb640 1 -- 192.168.123.103:0/3692599296 <== mon.0 v2:192.168.123.103:3300/0 2 ==== config(25 keys) ==== 1038+0+0 (secure 0 0 0) 0x7f4414037790 con 0x7f44180a4910
2026-03-09T17:29:17.625 INFO:teuthology.orchestra.run.vm03.stdout:/usr/bin/ceph: stderr
2026-03-09T17:29:14.224+0000 7f441dffb640 1 -- 192.168.123.103:0/3692599296 <== mon.0 v2:192.168.123.103:3300/0 3 ==== mon_map magic: 0 ==== 205+0+0 (secure 0 0 0) 0x7f4414047400 con 0x7f44180a4910
2026-03-09T17:29:17.625 INFO:teuthology.orchestra.run.vm03.stdout:/usr/bin/ceph: stderr
2026-03-09T17:29:14.224+0000 7f4425e3b640 1 -- 192.168.123.103:0/3692599296 --> [v2:192.168.123.103:3300/0,v1:192.168.123.103:6789/0] -- mon_subscribe({mgrmap=0+}) -- 0x7f44181434e0 con 0x7f44180a4910
2026-03-09T17:29:17.625 INFO:teuthology.orchestra.run.vm03.stdout:/usr/bin/ceph: stderr
2026-03-09T17:29:14.224+0000 7f4425e3b640 1 -- 192.168.123.103:0/3692599296 --> [v2:192.168.123.103:3300/0,v1:192.168.123.103:6789/0] -- mon_subscribe({osdmap=0}) -- 0x7f44181461c0 con 0x7f44180a4910
2026-03-09T17:29:17.625 INFO:teuthology.orchestra.run.vm03.stdout:/usr/bin/ceph: stderr
2026-03-09T17:29:14.228+0000 7f441dffb640 1 -- 192.168.123.103:0/3692599296 <== mon.0 v2:192.168.123.103:3300/0 4 ==== mgrmap(e 9) ==== 50260+0+0 (secure 0 0 0) 0x7f441403b070 con 0x7f44180a4910
2026-03-09T17:29:17.625 INFO:teuthology.orchestra.run.vm03.stdout:/usr/bin/ceph: stderr
2026-03-09T17:29:14.228+0000 7f441dffb640 1 --2- 192.168.123.103:0/3692599296 >> [v2:192.168.123.103:6800/3344537082,v1:192.168.123.103:6801/3344537082] conn(0x7f43fc03d970 0x7f43fc03fe30 unknown :-1 s=NONE pgs=0 cs=0 l=1 rev1=0 crypto rx=0 tx=0 comp rx=0 tx=0).connect
2026-03-09T17:29:17.625 INFO:teuthology.orchestra.run.vm03.stdout:/usr/bin/ceph: stderr
2026-03-09T17:29:14.228+0000 7f441dffb640 1 -- 192.168.123.103:0/3692599296 --> [v2:192.168.123.103:6800/3344537082,v1:192.168.123.103:6801/3344537082] -- command(tid 0: {"prefix": "get_command_descriptions"}) -- 0x7f4414037790 con 0x7f43fc03d970
2026-03-09T17:29:17.625 INFO:teuthology.orchestra.run.vm03.stdout:/usr/bin/ceph: stderr
2026-03-09T17:29:14.228+0000 7f441dffb640 1 -- 192.168.123.103:0/3692599296 <== mon.0 v2:192.168.123.103:3300/0 5 ==== osd_map(2..2 src has 1..2) ==== 940+0+0 (secure 0 0 0) 0x7f4414077480 con 0x7f44180a4910
2026-03-09T17:29:17.625 INFO:teuthology.orchestra.run.vm03.stdout:/usr/bin/ceph: stderr
2026-03-09T17:29:14.228+0000 7f441ffff640 1 -- 192.168.123.103:0/3692599296 >> [v2:192.168.123.103:6800/3344537082,v1:192.168.123.103:6801/3344537082] conn(0x7f43fc03d970 msgr2=0x7f43fc03fe30 unknown :-1 s=STATE_CONNECTING_RE l=1).process reconnect failed to v2:192.168.123.103:6800/3344537082
2026-03-09T17:29:17.625 INFO:teuthology.orchestra.run.vm03.stdout:/usr/bin/ceph: stderr
2026-03-09T17:29:14.228+0000 7f441ffff640 1 --2- 192.168.123.103:0/3692599296 >> [v2:192.168.123.103:6800/3344537082,v1:192.168.123.103:6801/3344537082] conn(0x7f43fc03d970 0x7f43fc03fe30 unknown :-1 s=START_CONNECT pgs=0 cs=0 l=1 rev1=0 crypto rx=0 tx=0 comp rx=0 tx=0)._fault waiting 0.200000
2026-03-09T17:29:17.626 INFO:teuthology.orchestra.run.vm03.stdout:/usr/bin/ceph: stderr
2026-03-09T17:29:14.428+0000 7f441ffff640 1 -- 192.168.123.103:0/3692599296 >> [v2:192.168.123.103:6800/3344537082,v1:192.168.123.103:6801/3344537082] conn(0x7f43fc03d970 msgr2=0x7f43fc03fe30 unknown :-1 s=STATE_CONNECTING_RE l=1).process reconnect failed to v2:192.168.123.103:6800/3344537082
2026-03-09T17:29:17.626 INFO:teuthology.orchestra.run.vm03.stdout:/usr/bin/ceph: stderr
2026-03-09T17:29:14.428+0000 7f441ffff640 1 --2- 192.168.123.103:0/3692599296 >> [v2:192.168.123.103:6800/3344537082,v1:192.168.123.103:6801/3344537082] conn(0x7f43fc03d970 0x7f43fc03fe30 unknown :-1 s=START_CONNECT pgs=0 cs=0 l=1 rev1=0 crypto rx=0 tx=0 comp rx=0 tx=0)._fault waiting 0.400000
2026-03-09T17:29:17.626 INFO:teuthology.orchestra.run.vm03.stdout:/usr/bin/ceph: stderr
2026-03-09T17:29:14.832+0000 7f441ffff640 1 -- 192.168.123.103:0/3692599296 >> [v2:192.168.123.103:6800/3344537082,v1:192.168.123.103:6801/3344537082] conn(0x7f43fc03d970 msgr2=0x7f43fc03fe30 unknown :-1 s=STATE_CONNECTING_RE l=1).process reconnect failed to v2:192.168.123.103:6800/3344537082
2026-03-09T17:29:17.626 INFO:teuthology.orchestra.run.vm03.stdout:/usr/bin/ceph: stderr
2026-03-09T17:29:14.832+0000 7f441ffff640 1 --2- 192.168.123.103:0/3692599296 >> [v2:192.168.123.103:6800/3344537082,v1:192.168.123.103:6801/3344537082] conn(0x7f43fc03d970 0x7f43fc03fe30 unknown :-1 s=START_CONNECT pgs=0 cs=0 l=1 rev1=0 crypto rx=0 tx=0 comp rx=0 tx=0)._fault waiting 0.800000
2026-03-09T17:29:17.626 INFO:teuthology.orchestra.run.vm03.stdout:/usr/bin/ceph: stderr
2026-03-09T17:29:15.632+0000 7f441ffff640 1 -- 192.168.123.103:0/3692599296 >> [v2:192.168.123.103:6800/3344537082,v1:192.168.123.103:6801/3344537082] conn(0x7f43fc03d970 msgr2=0x7f43fc03fe30 unknown :-1 s=STATE_CONNECTING_RE l=1).process reconnect failed to v2:192.168.123.103:6800/3344537082
2026-03-09T17:29:17.626 INFO:teuthology.orchestra.run.vm03.stdout:/usr/bin/ceph: stderr
2026-03-09T17:29:15.632+0000 7f441ffff640 1 --2- 192.168.123.103:0/3692599296 >> [v2:192.168.123.103:6800/3344537082,v1:192.168.123.103:6801/3344537082] conn(0x7f43fc03d970 0x7f43fc03fe30 unknown :-1 s=START_CONNECT pgs=0 cs=0 l=1 rev1=0 crypto rx=0 tx=0 comp rx=0 tx=0)._fault waiting 1.600000
2026-03-09T17:29:17.626 INFO:teuthology.orchestra.run.vm03.stdout:/usr/bin/ceph: stderr
2026-03-09T17:29:16.448+0000 7f441dffb640 1 -- 192.168.123.103:0/3692599296 <== mon.0 v2:192.168.123.103:3300/0 6 ==== mgrmap(e 10) ==== 50027+0+0 (secure 0 0 0) 0x7f441400bce0 con 0x7f44180a4910
2026-03-09T17:29:17.626 INFO:teuthology.orchestra.run.vm03.stdout:/usr/bin/ceph: stderr
2026-03-09T17:29:16.448+0000 7f441dffb640 1 -- 192.168.123.103:0/3692599296 >> [v2:192.168.123.103:6800/3344537082,v1:192.168.123.103:6801/3344537082] conn(0x7f43fc03d970 msgr2=0x7f43fc03fe30 unknown :-1 s=STATE_CONNECTING l=1).mark_down
2026-03-09T17:29:17.626 INFO:teuthology.orchestra.run.vm03.stdout:/usr/bin/ceph: stderr
2026-03-09T17:29:16.448+0000 7f441dffb640 1 --2- 192.168.123.103:0/3692599296 >> [v2:192.168.123.103:6800/3344537082,v1:192.168.123.103:6801/3344537082] conn(0x7f43fc03d970 0x7f43fc03fe30 unknown :-1 s=START_CONNECT pgs=0 cs=0 l=1 rev1=0 crypto rx=0 tx=0 comp rx=0 tx=0).stop
2026-03-09T17:29:17.626 INFO:teuthology.orchestra.run.vm03.stdout:/usr/bin/ceph: stderr
2026-03-09T17:29:17.532+0000 7f441dffb640 1 -- 192.168.123.103:0/3692599296 <== mon.0 v2:192.168.123.103:3300/0 7 ==== mgrmap(e 11) ==== 50154+0+0 (secure 0 0 0) 0x7f4414051b10 con 0x7f44180a4910
2026-03-09T17:29:17.626 INFO:teuthology.orchestra.run.vm03.stdout:/usr/bin/ceph: stderr
2026-03-09T17:29:17.532+0000 7f441dffb640 1 --2- 192.168.123.103:0/3692599296 >> [v2:192.168.123.103:6800/1795046093,v1:192.168.123.103:6801/1795046093] conn(0x7f43fc0411d0 0x7f43fc0435c0 unknown :-1 s=NONE pgs=0 cs=0 l=1 rev1=0 crypto rx=0 tx=0 comp rx=0 tx=0).connect
2026-03-09T17:29:17.626 INFO:teuthology.orchestra.run.vm03.stdout:/usr/bin/ceph: stderr
2026-03-09T17:29:17.532+0000 7f441dffb640 1 -- 192.168.123.103:0/3692599296 --> [v2:192.168.123.103:6800/1795046093,v1:192.168.123.103:6801/1795046093] -- command(tid 0: {"prefix": "get_command_descriptions"}) -- 0x7f4414037790 con 0x7f43fc0411d0
2026-03-09T17:29:17.626 INFO:teuthology.orchestra.run.vm03.stdout:/usr/bin/ceph: stderr
2026-03-09T17:29:17.536+0000 7f441ffff640 1 --2- 192.168.123.103:0/3692599296 >> [v2:192.168.123.103:6800/1795046093,v1:192.168.123.103:6801/1795046093] conn(0x7f43fc0411d0 0x7f43fc0435c0 unknown :-1 s=BANNER_CONNECTING pgs=0 cs=0 l=1 rev1=0 crypto rx=0 tx=0 comp rx=0 tx=0)._handle_peer_banner_payload supported=3 required=0
2026-03-09T17:29:17.626 INFO:teuthology.orchestra.run.vm03.stdout:/usr/bin/ceph: stderr
2026-03-09T17:29:17.536+0000 7f441ffff640 1 --2- 192.168.123.103:0/3692599296 >> [v2:192.168.123.103:6800/1795046093,v1:192.168.123.103:6801/1795046093] conn(0x7f43fc0411d0 0x7f43fc0435c0 secure :-1 s=READY pgs=1 cs=0 l=1 rev1=1 crypto rx=0x7f44200521f0 tx=0x7f4420065ef0 comp rx=0 tx=0).ready entity=mgr.14150 client_cookie=0 server_cookie=0 in_seq=0 out_seq=0
2026-03-09T17:29:17.626 INFO:teuthology.orchestra.run.vm03.stdout:/usr/bin/ceph: stderr
2026-03-09T17:29:17.540+0000 7f441dffb640 1 -- 192.168.123.103:0/3692599296 <== mgr.14150 v2:192.168.123.103:6800/1795046093 1 ==== command_reply(tid 0: 0 ) ==== 8+0+8901 (secure 0 0 0) 0x7f4414037790 con 0x7f43fc0411d0
2026-03-09T17:29:17.626 INFO:teuthology.orchestra.run.vm03.stdout:/usr/bin/ceph: stderr
2026-03-09T17:29:17.544+0000 7f4425e3b640 1 -- 192.168.123.103:0/3692599296 --> [v2:192.168.123.103:6800/1795046093,v1:192.168.123.103:6801/1795046093] -- command(tid 1: {"prefix": "mgr_status"}) -- 0x7f43e8002670 con 0x7f43fc0411d0
2026-03-09T17:29:17.626 INFO:teuthology.orchestra.run.vm03.stdout:/usr/bin/ceph: stderr
2026-03-09T17:29:17.544+0000 7f441dffb640 1 -- 192.168.123.103:0/3692599296 <== mgr.14150 v2:192.168.123.103:6800/1795046093 2 ==== command_reply(tid 1: 0 ) ==== 8+0+52 (secure 0 0 0) 0x7f43e8002670 con 0x7f43fc0411d0
2026-03-09T17:29:17.626 INFO:teuthology.orchestra.run.vm03.stdout:/usr/bin/ceph: stderr
2026-03-09T17:29:17.544+0000 7f4425e3b640 1 -- 192.168.123.103:0/3692599296 >> [v2:192.168.123.103:6800/1795046093,v1:192.168.123.103:6801/1795046093] conn(0x7f43fc0411d0 msgr2=0x7f43fc0435c0 secure :-1 s=STATE_CONNECTION_ESTABLISHED l=1).mark_down
2026-03-09T17:29:17.626 INFO:teuthology.orchestra.run.vm03.stdout:/usr/bin/ceph: stderr
2026-03-09T17:29:17.544+0000 7f4425e3b640 1 --2- 192.168.123.103:0/3692599296 >> [v2:192.168.123.103:6800/1795046093,v1:192.168.123.103:6801/1795046093] conn(0x7f43fc0411d0 0x7f43fc0435c0 secure :-1 s=READY pgs=1 cs=0 l=1 rev1=1 crypto rx=0x7f44200521f0 tx=0x7f4420065ef0 comp rx=0 tx=0).stop
2026-03-09T17:29:17.626 INFO:teuthology.orchestra.run.vm03.stdout:/usr/bin/ceph: stderr
2026-03-09T17:29:17.544+0000 7f4425e3b640 1 -- 192.168.123.103:0/3692599296 >> [v2:192.168.123.103:3300/0,v1:192.168.123.103:6789/0] conn(0x7f44180a4910 msgr2=0x7f4418142d10 secure :-1 s=STATE_CONNECTION_ESTABLISHED l=1).mark_down
2026-03-09T17:29:17.626 INFO:teuthology.orchestra.run.vm03.stdout:/usr/bin/ceph: stderr
2026-03-09T17:29:17.544+0000 7f4425e3b640 1 --2- 192.168.123.103:0/3692599296 >> [v2:192.168.123.103:3300/0,v1:192.168.123.103:6789/0] conn(0x7f44180a4910 0x7f4418142d10 secure :-1 s=READY pgs=60 cs=0 l=1 rev1=1 crypto rx=0x7f441403c770 tx=0x7f4414037680 comp rx=0 tx=0).stop
2026-03-09T17:29:17.626 INFO:teuthology.orchestra.run.vm03.stdout:/usr/bin/ceph: stderr
2026-03-09T17:29:17.548+0000 7f4425e3b640 1 -- 192.168.123.103:0/3692599296 shutdown_connections
2026-03-09T17:29:17.626 INFO:teuthology.orchestra.run.vm03.stdout:/usr/bin/ceph: stderr
2026-03-09T17:29:17.548+0000 7f4425e3b640 1 --2- 192.168.123.103:0/3692599296 >> [v2:192.168.123.103:6800/1795046093,v1:192.168.123.103:6801/1795046093] conn(0x7f43fc0411d0 0x7f43fc0435c0 unknown :-1 s=CLOSED pgs=1 cs=0 l=1 rev1=1 crypto rx=0 tx=0 comp rx=0 tx=0).stop
2026-03-09T17:29:17.626 INFO:teuthology.orchestra.run.vm03.stdout:/usr/bin/ceph: stderr
2026-03-09T17:29:17.548+0000 7f4425e3b640 1 --2- 192.168.123.103:0/3692599296 >> [v2:192.168.123.103:6800/3344537082,v1:192.168.123.103:6801/3344537082] conn(0x7f43fc03d970 0x7f43fc03fe30 unknown :-1 s=CLOSED pgs=0 cs=0 l=1 rev1=0 crypto rx=0 tx=0 comp rx=0 tx=0).stop
2026-03-09T17:29:17.626 INFO:teuthology.orchestra.run.vm03.stdout:/usr/bin/ceph: stderr
2026-03-09T17:29:17.548+0000 7f4425e3b640 1 --2- 192.168.123.103:0/3692599296 >> [v2:192.168.123.103:3300/0,v1:192.168.123.103:6789/0] conn(0x7f44180a4910 0x7f4418142d10 unknown :-1 s=CLOSED pgs=60 cs=0 l=1 rev1=1 crypto rx=0 tx=0 comp rx=0 tx=0).stop
2026-03-09T17:29:17.626 INFO:teuthology.orchestra.run.vm03.stdout:/usr/bin/ceph: stderr
2026-03-09T17:29:17.548+0000 7f4425e3b640 1 -- 192.168.123.103:0/3692599296 >> 192.168.123.103:0/3692599296 conn(0x7f441809fc20 msgr2=0x7f44180a07f0 unknown :-1 s=STATE_NONE l=0).mark_down
2026-03-09T17:29:17.626 INFO:teuthology.orchestra.run.vm03.stdout:/usr/bin/ceph: stderr
2026-03-09T17:29:17.548+0000 7f4425e3b640 1 -- 192.168.123.103:0/3692599296 shutdown_connections
2026-03-09T17:29:17.626 INFO:teuthology.orchestra.run.vm03.stdout:/usr/bin/ceph: stderr
2026-03-09T17:29:17.548+0000 7f4425e3b640 1 -- 192.168.123.103:0/3692599296 wait complete.
2026-03-09T17:29:17.626 INFO:teuthology.orchestra.run.vm03.stdout:mgr epoch 9 is available
2026-03-09T17:29:17.626 INFO:teuthology.orchestra.run.vm03.stdout:Generating a dashboard self-signed certificate...
2026-03-09T17:29:17.919 INFO:journalctl@ceph.mon.a.vm03.stdout:Mar 09 17:29:17 vm03 bash[20699]: audit
2026-03-09T17:29:16.500340+0000 mon.a (mon.0) 87 : audit [INF] from='mgr.14150 192.168.123.103:0/445294181' entity='mgr.x' cmd=[{"prefix":"config rm","who":"mgr","name":"mgr/rbd_support/x/mirror_snapshot_schedule"}]: dispatch
2026-03-09T17:29:17.919 INFO:journalctl@ceph.mon.a.vm03.stdout:Mar 09 17:29:17 vm03 bash[20699]: audit
2026-03-09T17:29:16.500340+0000 mon.a (mon.0) 87 : audit [INF] from='mgr.14150 192.168.123.103:0/445294181' entity='mgr.x' cmd=[{"prefix":"config rm","who":"mgr","name":"mgr/rbd_support/x/mirror_snapshot_schedule"}]: dispatch
2026-03-09T17:29:17.919 INFO:journalctl@ceph.mon.a.vm03.stdout:Mar 09 17:29:17 vm03 bash[20699]: audit
2026-03-09T17:29:16.511329+0000 mon.a (mon.0) 88 : audit [INF] from='mgr.14150 192.168.123.103:0/445294181' entity='mgr.x' cmd=[{"prefix":"config rm","who":"mgr","name":"mgr/rbd_support/x/trash_purge_schedule"}]: dispatch
2026-03-09T17:29:17.919 INFO:journalctl@ceph.mon.a.vm03.stdout:Mar 09 17:29:17 vm03 bash[20699]: audit
2026-03-09T17:29:16.511329+0000 mon.a (mon.0) 88 : audit [INF] from='mgr.14150 192.168.123.103:0/445294181' entity='mgr.x' cmd=[{"prefix":"config rm","who":"mgr","name":"mgr/rbd_support/x/trash_purge_schedule"}]: dispatch
2026-03-09T17:29:18.228 INFO:teuthology.orchestra.run.vm03.stdout:/usr/bin/ceph: stdout Self-signed certificate created
2026-03-09T17:29:18.228 INFO:teuthology.orchestra.run.vm03.stdout:/usr/bin/ceph: stderr
2026-03-09T17:29:17.872+0000 7f37c296c640 1 Processor -- start
2026-03-09T17:29:18.228 INFO:teuthology.orchestra.run.vm03.stdout:/usr/bin/ceph: stderr
2026-03-09T17:29:17.872+0000 7f37c296c640 1 -- start start
2026-03-09T17:29:18.228 INFO:teuthology.orchestra.run.vm03.stdout:/usr/bin/ceph: stderr
2026-03-09T17:29:17.872+0000 7f37c296c640 1 --2- >> [v2:192.168.123.103:3300/0,v1:192.168.123.103:6789/0] conn(0x7f37bc109ac0 0x7f37bc109ec0 unknown :-1 s=NONE pgs=0 cs=0 l=0 rev1=0 crypto rx=0 tx=0 comp rx=0 tx=0).connect
2026-03-09T17:29:18.228 INFO:teuthology.orchestra.run.vm03.stdout:/usr/bin/ceph: stderr
2026-03-09T17:29:17.872+0000 7f37c296c640 1 -- --> [v2:192.168.123.103:3300/0,v1:192.168.123.103:6789/0] -- mon_getmap magic: 0 -- 0x7f37bc10a490 con 0x7f37bc109ac0
2026-03-09T17:29:18.228 INFO:teuthology.orchestra.run.vm03.stdout:/usr/bin/ceph: stderr
2026-03-09T17:29:17.872+0000 7f37bbfff640 1 --2- >> [v2:192.168.123.103:3300/0,v1:192.168.123.103:6789/0] conn(0x7f37bc109ac0 0x7f37bc109ec0 unknown :-1 s=BANNER_CONNECTING pgs=0 cs=0 l=0 rev1=0 crypto rx=0 tx=0 comp rx=0 tx=0)._handle_peer_banner_payload supported=3 required=0
2026-03-09T17:29:18.228 INFO:teuthology.orchestra.run.vm03.stdout:/usr/bin/ceph: stderr
2026-03-09T17:29:17.872+0000 7f37bbfff640 1 --2- >> [v2:192.168.123.103:3300/0,v1:192.168.123.103:6789/0] conn(0x7f37bc109ac0 0x7f37bc109ec0 unknown :-1 s=HELLO_CONNECTING pgs=0 cs=0 l=0 rev1=1 crypto rx=0 tx=0 comp rx=0 tx=0).handle_hello peer v2:192.168.123.103:3300/0 says I am v2:192.168.123.103:46874/0 (socket says 192.168.123.103:46874)
2026-03-09T17:29:18.228 INFO:teuthology.orchestra.run.vm03.stdout:/usr/bin/ceph: stderr
2026-03-09T17:29:17.872+0000 7f37bbfff640 1 -- 192.168.123.103:0/1029121400 learned_addr learned my addr 192.168.123.103:0/1029121400 (peer_addr_for_me v2:192.168.123.103:0/0)
2026-03-09T17:29:18.228 INFO:teuthology.orchestra.run.vm03.stdout:/usr/bin/ceph: stderr
2026-03-09T17:29:17.872+0000 7f37bbfff640 1 -- 192.168.123.103:0/1029121400 --> [v2:192.168.123.103:3300/0,v1:192.168.123.103:6789/0] -- mon_subscribe({config=0+,monmap=0+}) -- 0x7f37bc10ac10 con 0x7f37bc109ac0
2026-03-09T17:29:18.228 INFO:teuthology.orchestra.run.vm03.stdout:/usr/bin/ceph: stderr
2026-03-09T17:29:17.872+0000 7f37bbfff640 1 --2- 192.168.123.103:0/1029121400 >> [v2:192.168.123.103:3300/0,v1:192.168.123.103:6789/0] conn(0x7f37bc109ac0 0x7f37bc109ec0 secure :-1 s=READY pgs=68 cs=0 l=1 rev1=1 crypto rx=0x7f37a8009920 tx=0x7f37a802ef20 comp rx=0 tx=0).ready entity=mon.0 client_cookie=5e471586209173af server_cookie=0 in_seq=0 out_seq=0
2026-03-09T17:29:18.228 INFO:teuthology.orchestra.run.vm03.stdout:/usr/bin/ceph: stderr
2026-03-09T17:29:17.872+0000 7f37baffd640 1 -- 192.168.123.103:0/1029121400 <== mon.0 v2:192.168.123.103:3300/0 1 ==== mon_map magic: 0 ==== 205+0+0 (secure 0 0 0) 0x7f37a803c070 con 0x7f37bc109ac0
2026-03-09T17:29:18.228 INFO:teuthology.orchestra.run.vm03.stdout:/usr/bin/ceph: stderr
2026-03-09T17:29:17.876+0000 7f37baffd640 1 -- 192.168.123.103:0/1029121400 <== mon.0 v2:192.168.123.103:3300/0 2 ==== config(25 keys) ==== 1038+0+0 (secure 0 0 0) 0x7f37a8037440 con 0x7f37bc109ac0
2026-03-09T17:29:18.228 INFO:teuthology.orchestra.run.vm03.stdout:/usr/bin/ceph: stderr
2026-03-09T17:29:17.876+0000 7f37baffd640 1 -- 192.168.123.103:0/1029121400 <== mon.0 v2:192.168.123.103:3300/0 3 ==== mon_map magic: 0 ==== 205+0+0 (secure 0 0 0) 0x7f37a80354d0 con 0x7f37bc109ac0
2026-03-09T17:29:18.228 INFO:teuthology.orchestra.run.vm03.stdout:/usr/bin/ceph: stderr
2026-03-09T17:29:17.876+0000 7f37c296c640 1 -- 192.168.123.103:0/1029121400 >> [v2:192.168.123.103:3300/0,v1:192.168.123.103:6789/0] conn(0x7f37bc109ac0 msgr2=0x7f37bc109ec0 secure :-1 s=STATE_CONNECTION_ESTABLISHED l=1).mark_down
2026-03-09T17:29:18.228 INFO:teuthology.orchestra.run.vm03.stdout:/usr/bin/ceph: stderr
2026-03-09T17:29:17.876+0000 7f37c296c640 1 --2- 192.168.123.103:0/1029121400 >> [v2:192.168.123.103:3300/0,v1:192.168.123.103:6789/0] conn(0x7f37bc109ac0 0x7f37bc109ec0 secure :-1 s=READY pgs=68 cs=0 l=1 rev1=1 crypto rx=0x7f37a8009920 tx=0x7f37a802ef20 comp rx=0 tx=0).stop
2026-03-09T17:29:18.228 INFO:teuthology.orchestra.run.vm03.stdout:/usr/bin/ceph: stderr
2026-03-09T17:29:17.876+0000 7f37c296c640 1 -- 192.168.123.103:0/1029121400 shutdown_connections
2026-03-09T17:29:18.229 INFO:teuthology.orchestra.run.vm03.stdout:/usr/bin/ceph: stderr
2026-03-09T17:29:17.876+0000 7f37c296c640 1 --2- 192.168.123.103:0/1029121400 >> [v2:192.168.123.103:3300/0,v1:192.168.123.103:6789/0] conn(0x7f37bc109ac0 0x7f37bc109ec0 unknown :-1 s=CLOSED pgs=68 cs=0 l=1 rev1=1 crypto rx=0 tx=0 comp rx=0 tx=0).stop
2026-03-09T17:29:18.229 INFO:teuthology.orchestra.run.vm03.stdout:/usr/bin/ceph: stderr
2026-03-09T17:29:17.876+0000 7f37c296c640 1 -- 192.168.123.103:0/1029121400 >> 192.168.123.103:0/1029121400 conn(0x7f37bc07d070 msgr2=0x7f37bc07d4a0 unknown :-1 s=STATE_NONE l=0).mark_down
2026-03-09T17:29:18.229 INFO:teuthology.orchestra.run.vm03.stdout:/usr/bin/ceph: stderr
2026-03-09T17:29:17.876+0000 7f37c296c640 1 -- 192.168.123.103:0/1029121400 shutdown_connections
2026-03-09T17:29:18.229 INFO:teuthology.orchestra.run.vm03.stdout:/usr/bin/ceph: stderr
2026-03-09T17:29:17.876+0000 7f37c296c640 1 -- 192.168.123.103:0/1029121400 wait complete.
2026-03-09T17:29:18.229 INFO:teuthology.orchestra.run.vm03.stdout:/usr/bin/ceph: stderr
2026-03-09T17:29:17.876+0000 7f37c296c640 1 Processor -- start
2026-03-09T17:29:18.229 INFO:teuthology.orchestra.run.vm03.stdout:/usr/bin/ceph: stderr
2026-03-09T17:29:17.876+0000 7f37c296c640 1 -- start start
2026-03-09T17:29:18.229 INFO:teuthology.orchestra.run.vm03.stdout:/usr/bin/ceph: stderr
2026-03-09T17:29:17.876+0000 7f37c296c640 1 --2- >> [v2:192.168.123.103:3300/0,v1:192.168.123.103:6789/0] conn(0x7f37bc109ac0 0x7f37bc19f870 unknown :-1 s=NONE pgs=0 cs=0 l=1 rev1=0 crypto rx=0 tx=0 comp rx=0 tx=0).connect
2026-03-09T17:29:18.229 INFO:teuthology.orchestra.run.vm03.stdout:/usr/bin/ceph: stderr
2026-03-09T17:29:17.876+0000 7f37c296c640 1 -- --> [v2:192.168.123.103:3300/0,v1:192.168.123.103:6789/0] -- mon_getmap magic: 0 -- 0x7f37bc10de40 con 0x7f37bc109ac0
2026-03-09T17:29:18.229 INFO:teuthology.orchestra.run.vm03.stdout:/usr/bin/ceph: stderr
2026-03-09T17:29:17.876+0000 7f37bbfff640 1 --2- >> [v2:192.168.123.103:3300/0,v1:192.168.123.103:6789/0] conn(0x7f37bc109ac0 0x7f37bc19f870 unknown :-1 s=BANNER_CONNECTING pgs=0 cs=0 l=1 rev1=0 crypto rx=0 tx=0 comp rx=0 tx=0)._handle_peer_banner_payload supported=3 required=0
2026-03-09T17:29:18.229 INFO:teuthology.orchestra.run.vm03.stdout:/usr/bin/ceph: stderr
2026-03-09T17:29:17.876+0000 7f37bbfff640 1 --2- >> [v2:192.168.123.103:3300/0,v1:192.168.123.103:6789/0] conn(0x7f37bc109ac0 0x7f37bc19f870 unknown :-1 s=HELLO_CONNECTING pgs=0 cs=0 l=1 rev1=1 crypto rx=0 tx=0 comp rx=0 tx=0).handle_hello peer v2:192.168.123.103:3300/0 says I am v2:192.168.123.103:46884/0 (socket says 192.168.123.103:46884)
2026-03-09T17:29:18.229 INFO:teuthology.orchestra.run.vm03.stdout:/usr/bin/ceph: stderr
2026-03-09T17:29:17.876+0000 7f37bbfff640 1 -- 192.168.123.103:0/578099052 learned_addr learned my addr 192.168.123.103:0/578099052 (peer_addr_for_me v2:192.168.123.103:0/0)
2026-03-09T17:29:18.229 INFO:teuthology.orchestra.run.vm03.stdout:/usr/bin/ceph: stderr
2026-03-09T17:29:17.876+0000 7f37bbfff640 1 -- 192.168.123.103:0/578099052 --> [v2:192.168.123.103:3300/0,v1:192.168.123.103:6789/0] -- mon_subscribe({config=0+,monmap=0+}) -- 0x7f37bc19fdb0 con 0x7f37bc109ac0
2026-03-09T17:29:18.229 INFO:teuthology.orchestra.run.vm03.stdout:/usr/bin/ceph: stderr
2026-03-09T17:29:17.876+0000 7f37bbfff640 1 --2- 192.168.123.103:0/578099052 >> [v2:192.168.123.103:3300/0,v1:192.168.123.103:6789/0] conn(0x7f37bc109ac0 0x7f37bc19f870 secure :-1 s=READY pgs=69 cs=0 l=1 rev1=1 crypto rx=0x7f37a8037800 tx=0x7f37a8037830 comp rx=0 tx=0).ready entity=mon.0 client_cookie=0 server_cookie=0 in_seq=0 out_seq=0
2026-03-09T17:29:18.229 INFO:teuthology.orchestra.run.vm03.stdout:/usr/bin/ceph: stderr
2026-03-09T17:29:17.876+0000 7f37b97fa640 1 -- 192.168.123.103:0/578099052 <== mon.0 v2:192.168.123.103:3300/0 1 ==== mon_map magic: 0 ==== 205+0+0 (secure 0 0 0) 0x7f37a8047070 con 0x7f37bc109ac0
2026-03-09T17:29:18.229 INFO:teuthology.orchestra.run.vm03.stdout:/usr/bin/ceph: stderr
2026-03-09T17:29:17.876+0000 7f37b97fa640 1 -- 192.168.123.103:0/578099052 <== mon.0 v2:192.168.123.103:3300/0 2 ==== config(25 keys) ==== 1038+0+0 (secure 0 0 0) 0x7f37a8035e50 con 0x7f37bc109ac0
2026-03-09T17:29:18.229 INFO:teuthology.orchestra.run.vm03.stdout:/usr/bin/ceph: stderr
2026-03-09T17:29:17.876+0000 7f37c296c640 1 -- 192.168.123.103:0/578099052 --> [v2:192.168.123.103:3300/0,v1:192.168.123.103:6789/0] -- mon_subscribe({mgrmap=0+}) -- 0x7f37bc1a0040 con 0x7f37bc109ac0
2026-03-09T17:29:18.229 INFO:teuthology.orchestra.run.vm03.stdout:/usr/bin/ceph: stderr
2026-03-09T17:29:17.876+0000 7f37b97fa640 1 -- 192.168.123.103:0/578099052 <== mon.0 v2:192.168.123.103:3300/0 3 ==== mon_map magic: 0 ==== 205+0+0 (secure 0 0 0) 0x7f37a803c070 con 0x7f37bc109ac0
2026-03-09T17:29:18.229 INFO:teuthology.orchestra.run.vm03.stdout:/usr/bin/ceph: stderr
2026-03-09T17:29:17.876+0000 7f37c296c640 1 -- 192.168.123.103:0/578099052 --> [v2:192.168.123.103:3300/0,v1:192.168.123.103:6789/0] -- mon_subscribe({osdmap=0}) -- 0x7f37bc1a2d30 con 0x7f37bc109ac0
2026-03-09T17:29:18.229 INFO:teuthology.orchestra.run.vm03.stdout:/usr/bin/ceph: stderr
2026-03-09T17:29:17.880+0000 7f37b97fa640 1 -- 192.168.123.103:0/578099052 <== mon.0 v2:192.168.123.103:3300/0 4 ==== mgrmap(e 11) ==== 50154+0+0 (secure 0 0 0) 0x7f37a804c430 con 0x7f37bc109ac0
2026-03-09T17:29:18.229 INFO:teuthology.orchestra.run.vm03.stdout:/usr/bin/ceph: stderr
2026-03-09T17:29:17.880+0000 7f37c296c640 1 -- 192.168.123.103:0/578099052 --> [v2:192.168.123.103:3300/0,v1:192.168.123.103:6789/0] -- mon_command({"prefix": "get_command_descriptions"} v 0) -- 0x7f3788005390 con 0x7f37bc109ac0
2026-03-09T17:29:18.229 INFO:teuthology.orchestra.run.vm03.stdout:/usr/bin/ceph: stderr
2026-03-09T17:29:17.880+0000 7f37b97fa640 1 --2- 192.168.123.103:0/578099052 >> [v2:192.168.123.103:6800/1795046093,v1:192.168.123.103:6801/1795046093] conn(0x7f379c03db70 0x7f379c040030 unknown :-1 s=NONE pgs=0 cs=0 l=1 rev1=0 crypto rx=0 tx=0 comp rx=0 tx=0).connect
2026-03-09T17:29:18.229 INFO:teuthology.orchestra.run.vm03.stdout:/usr/bin/ceph: stderr
2026-03-09T17:29:17.880+0000 7f37bb7fe640 1 --2- 192.168.123.103:0/578099052 >> [v2:192.168.123.103:6800/1795046093,v1:192.168.123.103:6801/1795046093] conn(0x7f379c03db70 0x7f379c040030 unknown :-1 s=BANNER_CONNECTING pgs=0 cs=0 l=1 rev1=0 crypto rx=0 tx=0 comp rx=0 tx=0)._handle_peer_banner_payload supported=3 required=0
2026-03-09T17:29:18.229 INFO:teuthology.orchestra.run.vm03.stdout:/usr/bin/ceph: stderr
2026-03-09T17:29:17.884+0000 7f37b97fa640 1 -- 192.168.123.103:0/578099052 <== mon.0 v2:192.168.123.103:3300/0 5 ==== osd_map(3..3 src has 1..3) ==== 1155+0+0 (secure 0 0 0) 0x7f37a8077200 con 0x7f37bc109ac0
2026-03-09T17:29:18.229 INFO:teuthology.orchestra.run.vm03.stdout:/usr/bin/ceph: stderr
2026-03-09T17:29:17.884+0000 7f37bb7fe640 1 --2- 192.168.123.103:0/578099052 >> [v2:192.168.123.103:6800/1795046093,v1:192.168.123.103:6801/1795046093] conn(0x7f379c03db70 0x7f379c040030 secure :-1 s=READY pgs=7 cs=0 l=1 rev1=1 crypto rx=0x7f37ac009a10 tx=0x7f37ac006eb0 comp rx=0 tx=0).ready entity=mgr.14150 client_cookie=0 server_cookie=0 in_seq=0 out_seq=0
2026-03-09T17:29:18.229 INFO:teuthology.orchestra.run.vm03.stdout:/usr/bin/ceph: stderr
2026-03-09T17:29:17.884+0000 7f37b97fa640 1 -- 192.168.123.103:0/578099052 <== mon.0 v2:192.168.123.103:3300/0 6 ==== mon_command_ack([{"prefix": "get_command_descriptions"}]=0 v0) ==== 72+0+195034 (secure 0 0 0) 0x7f37a8035ba0 con 0x7f37bc109ac0
2026-03-09T17:29:18.229 INFO:teuthology.orchestra.run.vm03.stdout:/usr/bin/ceph: stderr
2026-03-09T17:29:17.988+0000 7f37c296c640 1 -- 192.168.123.103:0/578099052 --> [v2:192.168.123.103:6800/1795046093,v1:192.168.123.103:6801/1795046093] -- mgr_command(tid 0: {"prefix": "dashboard create-self-signed-cert", "target": ["mon-mgr", ""]}) -- 0x7f3788002bf0 con 0x7f379c03db70
2026-03-09T17:29:18.229 INFO:teuthology.orchestra.run.vm03.stdout:/usr/bin/ceph: stderr
2026-03-09T17:29:18.176+0000 7f37b97fa640 1 -- 192.168.123.103:0/578099052 <== mgr.14150 v2:192.168.123.103:6800/1795046093 1 ==== mgr_command_reply(tid 0: 0 ) ==== 8+0+32 (secure 0 0 0) 0x7f3788002bf0 con 0x7f379c03db70
2026-03-09T17:29:18.229 INFO:teuthology.orchestra.run.vm03.stdout:/usr/bin/ceph: stderr
2026-03-09T17:29:18.180+0000 7f37c296c640 1 -- 192.168.123.103:0/578099052 >> [v2:192.168.123.103:6800/1795046093,v1:192.168.123.103:6801/1795046093] conn(0x7f379c03db70 msgr2=0x7f379c040030 secure :-1 s=STATE_CONNECTION_ESTABLISHED l=1).mark_down
2026-03-09T17:29:18.229 INFO:teuthology.orchestra.run.vm03.stdout:/usr/bin/ceph: stderr
2026-03-09T17:29:18.180+0000 7f37c296c640 1 --2- 192.168.123.103:0/578099052 >> [v2:192.168.123.103:6800/1795046093,v1:192.168.123.103:6801/1795046093] conn(0x7f379c03db70 0x7f379c040030 secure :-1 s=READY pgs=7 cs=0 l=1 rev1=1 crypto rx=0x7f37ac009a10 tx=0x7f37ac006eb0 comp rx=0 tx=0).stop
2026-03-09T17:29:18.229 INFO:teuthology.orchestra.run.vm03.stdout:/usr/bin/ceph: stderr
2026-03-09T17:29:18.180+0000 7f37c296c640 1 -- 192.168.123.103:0/578099052 >> [v2:192.168.123.103:3300/0,v1:192.168.123.103:6789/0] conn(0x7f37bc109ac0 msgr2=0x7f37bc19f870 secure :-1 s=STATE_CONNECTION_ESTABLISHED l=1).mark_down
2026-03-09T17:29:18.229 INFO:teuthology.orchestra.run.vm03.stdout:/usr/bin/ceph: stderr
2026-03-09T17:29:18.180+0000 7f37c296c640 1 --2- 192.168.123.103:0/578099052 >> [v2:192.168.123.103:3300/0,v1:192.168.123.103:6789/0] conn(0x7f37bc109ac0 0x7f37bc19f870 secure :-1 s=READY pgs=69 cs=0 l=1 rev1=1 crypto rx=0x7f37a8037800 tx=0x7f37a8037830 comp rx=0 tx=0).stop
2026-03-09T17:29:18.229 INFO:teuthology.orchestra.run.vm03.stdout:/usr/bin/ceph: stderr
2026-03-09T17:29:18.180+0000 7f37c296c640 1 -- 192.168.123.103:0/578099052 shutdown_connections
2026-03-09T17:29:18.229 INFO:teuthology.orchestra.run.vm03.stdout:/usr/bin/ceph: stderr
2026-03-09T17:29:18.180+0000 7f37c296c640 1 --2- 192.168.123.103:0/578099052 >> [v2:192.168.123.103:6800/1795046093,v1:192.168.123.103:6801/1795046093] conn(0x7f379c03db70 0x7f379c040030 unknown :-1 s=CLOSED pgs=7 cs=0 l=1 rev1=1 crypto rx=0 tx=0 comp rx=0 tx=0).stop
2026-03-09T17:29:18.229 INFO:teuthology.orchestra.run.vm03.stdout:/usr/bin/ceph: stderr
2026-03-09T17:29:18.180+0000 7f37c296c640 1 --2- 192.168.123.103:0/578099052 >> [v2:192.168.123.103:3300/0,v1:192.168.123.103:6789/0] conn(0x7f37bc109ac0 0x7f37bc19f870 unknown :-1 s=CLOSED pgs=69 cs=0 l=1 rev1=1 crypto rx=0 tx=0 comp rx=0 tx=0).stop
2026-03-09T17:29:18.229 INFO:teuthology.orchestra.run.vm03.stdout:/usr/bin/ceph: stderr
2026-03-09T17:29:18.180+0000 7f37c296c640 1 -- 192.168.123.103:0/578099052 >> 192.168.123.103:0/578099052 conn(0x7f37bc07d070 msgr2=0x7f37bc107780 unknown :-1 s=STATE_NONE l=0).mark_down
2026-03-09T17:29:18.229 INFO:teuthology.orchestra.run.vm03.stdout:/usr/bin/ceph: stderr
2026-03-09T17:29:18.180+0000 7f37c296c640 1 -- 192.168.123.103:0/578099052 shutdown_connections
2026-03-09T17:29:18.229 INFO:teuthology.orchestra.run.vm03.stdout:/usr/bin/ceph: stderr
2026-03-09T17:29:18.180+0000 7f37c296c640 1 -- 192.168.123.103:0/578099052 wait complete.
2026-03-09T17:29:18.229 INFO:teuthology.orchestra.run.vm03.stdout:Creating initial admin user...
2026-03-09T17:29:18.686 INFO:teuthology.orchestra.run.vm03.stdout:/usr/bin/ceph: stdout {"username": "admin", "password": "$2b$12$kcX6y7aS6dzYB5qpmOGiRePYa/ypDPy2wZOdzNqsfL30zF1BR58Sa", "roles": ["administrator"], "name": null, "email": null, "lastUpdate": 1773077358, "enabled": true, "pwdExpirationDate": null, "pwdUpdateRequired": true}
2026-03-09T17:29:18.686 INFO:teuthology.orchestra.run.vm03.stdout:/usr/bin/ceph: stderr
2026-03-09T17:29:18.348+0000 7f8c70834640 1 Processor -- start
2026-03-09T17:29:18.686 INFO:teuthology.orchestra.run.vm03.stdout:/usr/bin/ceph: stderr
2026-03-09T17:29:18.348+0000 7f8c70834640 1 -- start start
2026-03-09T17:29:18.686 INFO:teuthology.orchestra.run.vm03.stdout:/usr/bin/ceph: stderr
2026-03-09T17:29:18.348+0000 7f8c70834640 1 --2- >> [v2:192.168.123.103:3300/0,v1:192.168.123.103:6789/0] conn(0x7f8c6c109a70 0x7f8c6c109e90 unknown :-1 s=NONE pgs=0 cs=0 l=0 rev1=0 crypto rx=0 tx=0 comp rx=0 tx=0).connect
2026-03-09T17:29:18.686 INFO:teuthology.orchestra.run.vm03.stdout:/usr/bin/ceph: stderr
2026-03-09T17:29:18.348+0000 7f8c70834640 1 -- --> [v2:192.168.123.103:3300/0,v1:192.168.123.103:6789/0] -- mon_getmap magic: 0 -- 0x7f8c6c10a460 con 0x7f8c6c109a70
2026-03-09T17:29:18.686 INFO:teuthology.orchestra.run.vm03.stdout:/usr/bin/ceph: stderr
2026-03-09T17:29:18.348+0000 7f8c6a575640 1 --2- >> [v2:192.168.123.103:3300/0,v1:192.168.123.103:6789/0] conn(0x7f8c6c109a70 0x7f8c6c109e90 unknown :-1 s=BANNER_CONNECTING pgs=0 cs=0 l=0 rev1=0 crypto rx=0 tx=0 comp rx=0 tx=0)._handle_peer_banner_payload supported=3 required=0
2026-03-09T17:29:18.686 INFO:teuthology.orchestra.run.vm03.stdout:/usr/bin/ceph: stderr
2026-03-09T17:29:18.348+0000 7f8c6a575640 1 --2- >> [v2:192.168.123.103:3300/0,v1:192.168.123.103:6789/0] conn(0x7f8c6c109a70 0x7f8c6c109e90 unknown :-1 s=HELLO_CONNECTING pgs=0 cs=0 l=0 rev1=1 crypto rx=0 tx=0 comp rx=0 tx=0).handle_hello peer v2:192.168.123.103:3300/0 says I am v2:192.168.123.103:46892/0 (socket says 192.168.123.103:46892)
2026-03-09T17:29:18.686 INFO:teuthology.orchestra.run.vm03.stdout:/usr/bin/ceph: stderr
2026-03-09T17:29:18.348+0000 7f8c6a575640 1 -- 192.168.123.103:0/1573561664 learned_addr learned my addr 192.168.123.103:0/1573561664 (peer_addr_for_me v2:192.168.123.103:0/0)
2026-03-09T17:29:18.686 INFO:teuthology.orchestra.run.vm03.stdout:/usr/bin/ceph: stderr
2026-03-09T17:29:18.348+0000 7f8c6a575640 1 -- 192.168.123.103:0/1573561664 --> [v2:192.168.123.103:3300/0,v1:192.168.123.103:6789/0] -- mon_subscribe({config=0+,monmap=0+}) -- 0x7f8c6c10abe0 con 0x7f8c6c109a70
2026-03-09T17:29:18.686 INFO:teuthology.orchestra.run.vm03.stdout:/usr/bin/ceph: stderr
2026-03-09T17:29:18.348+0000 7f8c6a575640 1 --2- 192.168.123.103:0/1573561664 >> [v2:192.168.123.103:3300/0,v1:192.168.123.103:6789/0] conn(0x7f8c6c109a70 0x7f8c6c109e90 secure :-1 s=READY pgs=70 cs=0 l=1 rev1=1 crypto rx=0x7f8c60009920 tx=0x7f8c6002ef20 comp rx=0 tx=0).ready entity=mon.0 client_cookie=8143b49d0300dc85 server_cookie=0 in_seq=0 out_seq=0
2026-03-09T17:29:18.686 INFO:teuthology.orchestra.run.vm03.stdout:/usr/bin/ceph: stderr
2026-03-09T17:29:18.348+0000 7f8c69573640 1 -- 192.168.123.103:0/1573561664 <== mon.0 v2:192.168.123.103:3300/0 1 ==== mon_map magic: 0 ==== 205+0+0 (secure 0 0 0) 0x7f8c6003c070 con 0x7f8c6c109a70
2026-03-09T17:29:18.686 INFO:teuthology.orchestra.run.vm03.stdout:/usr/bin/ceph: stderr
2026-03-09T17:29:18.348+0000 7f8c69573640 1 -- 192.168.123.103:0/1573561664 <== mon.0 v2:192.168.123.103:3300/0 2 ==== config(25 keys) ==== 1038+0+0 (secure 0 0 0) 0x7f8c60037440 con 0x7f8c6c109a70
2026-03-09T17:29:18.686 INFO:teuthology.orchestra.run.vm03.stdout:/usr/bin/ceph: stderr
2026-03-09T17:29:18.348+0000 7f8c70834640 1 -- 192.168.123.103:0/1573561664 >> [v2:192.168.123.103:3300/0,v1:192.168.123.103:6789/0] conn(0x7f8c6c109a70 msgr2=0x7f8c6c109e90 secure :-1 s=STATE_CONNECTION_ESTABLISHED l=1).mark_down
2026-03-09T17:29:18.686 INFO:teuthology.orchestra.run.vm03.stdout:/usr/bin/ceph: stderr
2026-03-09T17:29:18.348+0000 7f8c70834640 1 --2- 192.168.123.103:0/1573561664 >> [v2:192.168.123.103:3300/0,v1:192.168.123.103:6789/0] conn(0x7f8c6c109a70 0x7f8c6c109e90 secure :-1 s=READY pgs=70 cs=0 l=1 rev1=1 crypto rx=0x7f8c60009920 tx=0x7f8c6002ef20 comp rx=0 tx=0).stop
2026-03-09T17:29:18.686 INFO:teuthology.orchestra.run.vm03.stdout:/usr/bin/ceph: stderr
2026-03-09T17:29:18.348+0000 7f8c70834640 1 -- 192.168.123.103:0/1573561664 shutdown_connections
2026-03-09T17:29:18.686 INFO:teuthology.orchestra.run.vm03.stdout:/usr/bin/ceph: stderr
2026-03-09T17:29:18.348+0000 7f8c70834640 1 --2- 192.168.123.103:0/1573561664 >> [v2:192.168.123.103:3300/0,v1:192.168.123.103:6789/0] conn(0x7f8c6c109a70 0x7f8c6c109e90 unknown :-1 s=CLOSED pgs=70 cs=0 l=1 rev1=1 crypto rx=0 tx=0 comp rx=0 tx=0).stop
2026-03-09T17:29:18.686 INFO:teuthology.orchestra.run.vm03.stdout:/usr/bin/ceph: stderr
2026-03-09T17:29:18.348+0000 7f8c70834640 1 -- 192.168.123.103:0/1573561664 >> 192.168.123.103:0/1573561664 conn(0x7f8c6c07d040 msgr2=0x7f8c6c07d4b0 unknown :-1 s=STATE_NONE l=0).mark_down
2026-03-09T17:29:18.686 INFO:teuthology.orchestra.run.vm03.stdout:/usr/bin/ceph: stderr
2026-03-09T17:29:18.348+0000 7f8c70834640 1 -- 192.168.123.103:0/1573561664 shutdown_connections
2026-03-09T17:29:18.686 INFO:teuthology.orchestra.run.vm03.stdout:/usr/bin/ceph: stderr
2026-03-09T17:29:18.352+0000 7f8c70834640 1 -- 192.168.123.103:0/1573561664 wait complete.
2026-03-09T17:29:18.686 INFO:teuthology.orchestra.run.vm03.stdout:/usr/bin/ceph: stderr
2026-03-09T17:29:18.352+0000 7f8c70834640 1 Processor -- start
2026-03-09T17:29:18.687 INFO:teuthology.orchestra.run.vm03.stdout:/usr/bin/ceph: stderr
2026-03-09T17:29:18.352+0000 7f8c70834640 1 -- start start
2026-03-09T17:29:18.687 INFO:teuthology.orchestra.run.vm03.stdout:/usr/bin/ceph: stderr
2026-03-09T17:29:18.352+0000 7f8c70834640 1 --2- >> [v2:192.168.123.103:3300/0,v1:192.168.123.103:6789/0] conn(0x7f8c6c109a70 0x7f8c6c19f9f0 unknown :-1 s=NONE pgs=0 cs=0 l=1 rev1=0 crypto rx=0 tx=0 comp rx=0 tx=0).connect
2026-03-09T17:29:18.687 INFO:teuthology.orchestra.run.vm03.stdout:/usr/bin/ceph: stderr
2026-03-09T17:29:18.352+0000 7f8c70834640 1 -- --> [v2:192.168.123.103:3300/0,v1:192.168.123.103:6789/0] -- mon_getmap magic: 0 -- 0x7f8c6c10de10 con 0x7f8c6c109a70
2026-03-09T17:29:18.687 INFO:teuthology.orchestra.run.vm03.stdout:/usr/bin/ceph: stderr
2026-03-09T17:29:18.352+0000 7f8c6a575640 1 --2- >> [v2:192.168.123.103:3300/0,v1:192.168.123.103:6789/0] conn(0x7f8c6c109a70 0x7f8c6c19f9f0 unknown :-1 s=BANNER_CONNECTING pgs=0 cs=0 l=1 rev1=0 crypto rx=0 tx=0 comp rx=0 tx=0)._handle_peer_banner_payload supported=3 required=0
2026-03-09T17:29:18.687 INFO:teuthology.orchestra.run.vm03.stdout:/usr/bin/ceph: stderr
2026-03-09T17:29:18.352+0000 7f8c6a575640 1 --2- >> [v2:192.168.123.103:3300/0,v1:192.168.123.103:6789/0] conn(0x7f8c6c109a70 0x7f8c6c19f9f0 unknown :-1 s=HELLO_CONNECTING pgs=0 cs=0 l=1 rev1=1 crypto rx=0 tx=0 comp rx=0 tx=0).handle_hello peer v2:192.168.123.103:3300/0 says I am v2:192.168.123.103:46894/0 (socket says 192.168.123.103:46894)
2026-03-09T17:29:18.687 INFO:teuthology.orchestra.run.vm03.stdout:/usr/bin/ceph: stderr
2026-03-09T17:29:18.352+0000 7f8c6a575640 1 -- 192.168.123.103:0/3980697361 learned_addr learned my addr 192.168.123.103:0/3980697361 (peer_addr_for_me v2:192.168.123.103:0/0)
2026-03-09T17:29:18.687 INFO:teuthology.orchestra.run.vm03.stdout:/usr/bin/ceph: stderr
2026-03-09T17:29:18.352+0000 7f8c6a575640 1 -- 192.168.123.103:0/3980697361 --> [v2:192.168.123.103:3300/0,v1:192.168.123.103:6789/0] -- mon_subscribe({config=0+,monmap=0+}) -- 0x7f8c6c19ff30 con 0x7f8c6c109a70
2026-03-09T17:29:18.687 INFO:teuthology.orchestra.run.vm03.stdout:/usr/bin/ceph: stderr
2026-03-09T17:29:18.352+0000 7f8c6a575640 1 --2- 192.168.123.103:0/3980697361 >> [v2:192.168.123.103:3300/0,v1:192.168.123.103:6789/0] conn(0x7f8c6c109a70 0x7f8c6c19f9f0 secure :-1 s=READY pgs=71 cs=0 l=1 rev1=1 crypto rx=0x7f8c6002f450 tx=0x7f8c60035eb0 comp rx=0 tx=0).ready entity=mon.0 client_cookie=0 server_cookie=0 in_seq=0 out_seq=0
2026-03-09T17:29:18.687 INFO:teuthology.orchestra.run.vm03.stdout:/usr/bin/ceph: stderr
2026-03-09T17:29:18.352+0000 7f8c5b7fe640 1 -- 192.168.123.103:0/3980697361 <== mon.0 v2:192.168.123.103:3300/0 1 ==== mon_map magic: 0 ==== 205+0+0 (secure 0 0 0) 0x7f8c60045070 con 0x7f8c6c109a70
