2026-03-09T17:29:18.687 INFO:teuthology.orchestra.run.vm03.stdout:/usr/bin/ceph: stderr
2026-03-09T17:29:18.352+0000 7f8c70834640 1 -- 192.168.123.103:0/3980697361 --> [v2:192.168.123.103:3300/0,v1:192.168.123.103:6789/0] -- mon_subscribe({mgrmap=0+}) -- 0x7f8c6c1a01c0 con 0x7f8c6c109a70
2026-03-09T17:29:18.687 INFO:teuthology.orchestra.run.vm03.stdout:/usr/bin/ceph: stderr
2026-03-09T17:29:18.352+0000 7f8c70834640 1 -- 192.168.123.103:0/3980697361 --> [v2:192.168.123.103:3300/0,v1:192.168.123.103:6789/0] -- mon_subscribe({osdmap=0}) -- 0x7f8c6c1a2eb0 con 0x7f8c6c109a70
2026-03-09T17:29:18.687 INFO:teuthology.orchestra.run.vm03.stdout:/usr/bin/ceph: stderr
2026-03-09T17:29:18.352+0000 7f8c5b7fe640 1 -- 192.168.123.103:0/3980697361 <== mon.0 v2:192.168.123.103:3300/0 2 ==== config(25 keys) ==== 1038+0+0 (secure 0 0 0) 0x7f8c60037c70 con 0x7f8c6c109a70
2026-03-09T17:29:18.687 INFO:teuthology.orchestra.run.vm03.stdout:/usr/bin/ceph: stderr
2026-03-09T17:29:18.352+0000 7f8c5b7fe640 1 -- 192.168.123.103:0/3980697361 <== mon.0 v2:192.168.123.103:3300/0 3 ==== mon_map magic: 0 ==== 205+0+0 (secure 0 0 0) 0x7f8c6003c070 con 0x7f8c6c109a70
2026-03-09T17:29:18.687 INFO:teuthology.orchestra.run.vm03.stdout:/usr/bin/ceph: stderr
2026-03-09T17:29:18.352+0000 7f8c70834640 1 -- 192.168.123.103:0/3980697361 --> [v2:192.168.123.103:3300/0,v1:192.168.123.103:6789/0] -- mon_command({"prefix": "get_command_descriptions"} v 0) -- 0x7f8c6c109e90 con 0x7f8c6c109a70
2026-03-09T17:29:18.687 INFO:teuthology.orchestra.run.vm03.stdout:/usr/bin/ceph: stderr
2026-03-09T17:29:18.356+0000 7f8c5b7fe640 1 -- 192.168.123.103:0/3980697361 <== mon.0 v2:192.168.123.103:3300/0 4 ==== mgrmap(e 11) ==== 50154+0+0 (secure 0 0 0) 0x7f8c60037800 con 0x7f8c6c109a70
2026-03-09T17:29:18.687 INFO:teuthology.orchestra.run.vm03.stdout:/usr/bin/ceph: stderr
2026-03-09T17:29:18.356+0000 7f8c5b7fe640 1 --2- 192.168.123.103:0/3980697361 >> [v2:192.168.123.103:6800/1795046093,v1:192.168.123.103:6801/1795046093] conn(0x7f8c3803dbc0 0x7f8c38040080 unknown :-1 s=NONE pgs=0 cs=0 l=1 rev1=0 crypto rx=0 tx=0 comp rx=0 tx=0).connect
2026-03-09T17:29:18.687 INFO:teuthology.orchestra.run.vm03.stdout:/usr/bin/ceph: stderr
2026-03-09T17:29:18.356+0000 7f8c69d74640 1 --2- 192.168.123.103:0/3980697361 >> [v2:192.168.123.103:6800/1795046093,v1:192.168.123.103:6801/1795046093] conn(0x7f8c3803dbc0 0x7f8c38040080 unknown :-1 s=BANNER_CONNECTING pgs=0 cs=0 l=1 rev1=0 crypto rx=0 tx=0 comp rx=0 tx=0)._handle_peer_banner_payload supported=3 required=0
2026-03-09T17:29:18.687 INFO:teuthology.orchestra.run.vm03.stdout:/usr/bin/ceph: stderr
2026-03-09T17:29:18.356+0000 7f8c69d74640 1 --2- 192.168.123.103:0/3980697361 >> [v2:192.168.123.103:6800/1795046093,v1:192.168.123.103:6801/1795046093] conn(0x7f8c3803dbc0 0x7f8c38040080 secure :-1 s=READY pgs=8 cs=0 l=1 rev1=1 crypto rx=0x7f8c54009a10 tx=0x7f8c54006eb0 comp rx=0 tx=0).ready entity=mgr.14150 client_cookie=0 server_cookie=0 in_seq=0 out_seq=0
2026-03-09T17:29:18.687 INFO:teuthology.orchestra.run.vm03.stdout:/usr/bin/ceph: stderr
2026-03-09T17:29:18.356+0000 7f8c5b7fe640 1 -- 192.168.123.103:0/3980697361 <== mon.0 v2:192.168.123.103:3300/0 5 ==== osd_map(3..3 src has 1..3) ==== 1155+0+0 (secure 0 0 0) 0x7f8c60076c90 con 0x7f8c6c109a70
2026-03-09T17:29:18.687 INFO:teuthology.orchestra.run.vm03.stdout:/usr/bin/ceph: stderr
2026-03-09T17:29:18.356+0000 7f8c5b7fe640 1 -- 192.168.123.103:0/3980697361 <== mon.0 v2:192.168.123.103:3300/0 6 ==== mon_command_ack([{"prefix": "get_command_descriptions"}]=0 v0) ==== 72+0+195034 (secure 0 0 0) 0x7f8c60077090 con 0x7f8c6c109a70
2026-03-09T17:29:18.687 INFO:teuthology.orchestra.run.vm03.stdout:/usr/bin/ceph: stderr
2026-03-09T17:29:18.468+0000 7f8c70834640 1 -- 192.168.123.103:0/3980697361 --> [v2:192.168.123.103:6800/1795046093,v1:192.168.123.103:6801/1795046093] -- mgr_command(tid 0: {"prefix": "dashboard ac-user-create", "username": "admin", "rolename": "administrator", "force_password": true, "pwd_update_required": true, "target": ["mon-mgr", ""]}) -- 0x7f8c6c1a3080 con 0x7f8c3803dbc0
2026-03-09T17:29:18.687 INFO:teuthology.orchestra.run.vm03.stdout:/usr/bin/ceph: stderr
2026-03-09T17:29:18.628+0000 7f8c5b7fe640 1 -- 192.168.123.103:0/3980697361 <== mgr.14150 v2:192.168.123.103:6800/1795046093 1 ==== mgr_command_reply(tid 0: 0 ) ==== 8+0+252 (secure 0 0 0) 0x7f8c6c1a3080 con 0x7f8c3803dbc0
2026-03-09T17:29:18.687 INFO:teuthology.orchestra.run.vm03.stdout:/usr/bin/ceph: stderr
2026-03-09T17:29:18.632+0000 7f8c70834640 1 -- 192.168.123.103:0/3980697361 >> [v2:192.168.123.103:6800/1795046093,v1:192.168.123.103:6801/1795046093] conn(0x7f8c3803dbc0 msgr2=0x7f8c38040080 secure :-1 s=STATE_CONNECTION_ESTABLISHED l=1).mark_down
2026-03-09T17:29:18.687 INFO:teuthology.orchestra.run.vm03.stdout:/usr/bin/ceph: stderr
2026-03-09T17:29:18.632+0000 7f8c70834640 1 --2- 192.168.123.103:0/3980697361 >> [v2:192.168.123.103:6800/1795046093,v1:192.168.123.103:6801/1795046093] conn(0x7f8c3803dbc0 0x7f8c38040080 secure :-1 s=READY pgs=8 cs=0 l=1 rev1=1 crypto rx=0x7f8c54009a10 tx=0x7f8c54006eb0 comp rx=0 tx=0).stop
2026-03-09T17:29:18.687 INFO:teuthology.orchestra.run.vm03.stdout:/usr/bin/ceph: stderr
2026-03-09T17:29:18.632+0000 7f8c70834640 1 -- 192.168.123.103:0/3980697361 >> [v2:192.168.123.103:3300/0,v1:192.168.123.103:6789/0] conn(0x7f8c6c109a70 msgr2=0x7f8c6c19f9f0 secure :-1 s=STATE_CONNECTION_ESTABLISHED l=1).mark_down
2026-03-09T17:29:18.687 INFO:teuthology.orchestra.run.vm03.stdout:/usr/bin/ceph: stderr
2026-03-09T17:29:18.632+0000 7f8c70834640 1 --2- 192.168.123.103:0/3980697361 >> [v2:192.168.123.103:3300/0,v1:192.168.123.103:6789/0] conn(0x7f8c6c109a70 0x7f8c6c19f9f0 secure :-1 s=READY pgs=71 cs=0 l=1 rev1=1 crypto rx=0x7f8c6002f450 tx=0x7f8c60035eb0 comp rx=0 tx=0).stop
2026-03-09T17:29:18.687 INFO:teuthology.orchestra.run.vm03.stdout:/usr/bin/ceph: stderr
2026-03-09T17:29:18.632+0000 7f8c70834640 1 -- 192.168.123.103:0/3980697361 shutdown_connections
2026-03-09T17:29:18.687 INFO:teuthology.orchestra.run.vm03.stdout:/usr/bin/ceph: stderr
2026-03-09T17:29:18.632+0000 7f8c70834640 1 --2- 192.168.123.103:0/3980697361 >> [v2:192.168.123.103:6800/1795046093,v1:192.168.123.103:6801/1795046093] conn(0x7f8c3803dbc0 0x7f8c38040080 unknown :-1 s=CLOSED pgs=8 cs=0 l=1 rev1=1 crypto rx=0 tx=0 comp rx=0 tx=0).stop
2026-03-09T17:29:18.687 INFO:teuthology.orchestra.run.vm03.stdout:/usr/bin/ceph: stderr
2026-03-09T17:29:18.632+0000 7f8c70834640 1 --2- 192.168.123.103:0/3980697361 >> [v2:192.168.123.103:3300/0,v1:192.168.123.103:6789/0] conn(0x7f8c6c109a70 0x7f8c6c19f9f0 unknown :-1 s=CLOSED pgs=71 cs=0 l=1 rev1=1 crypto rx=0 tx=0 comp rx=0 tx=0).stop
2026-03-09T17:29:18.687 INFO:teuthology.orchestra.run.vm03.stdout:/usr/bin/ceph: stderr
2026-03-09T17:29:18.632+0000 7f8c70834640 1 -- 192.168.123.103:0/3980697361 >> 192.168.123.103:0/3980697361 conn(0x7f8c6c07d040 msgr2=0x7f8c6c108f00 unknown :-1 s=STATE_NONE l=0).mark_down
2026-03-09T17:29:18.687 INFO:teuthology.orchestra.run.vm03.stdout:/usr/bin/ceph: stderr
2026-03-09T17:29:18.632+0000 7f8c70834640 1 -- 192.168.123.103:0/3980697361 shutdown_connections
2026-03-09T17:29:18.687 INFO:teuthology.orchestra.run.vm03.stdout:/usr/bin/ceph: stderr
2026-03-09T17:29:18.632+0000 7f8c70834640 1 -- 192.168.123.103:0/3980697361 wait complete.
2026-03-09T17:29:18.687 INFO:teuthology.orchestra.run.vm03.stdout:Fetching dashboard port number...
2026-03-09T17:29:18.923 INFO:journalctl@ceph.mon.a.vm03.stdout:Mar 09 17:29:18 vm03 bash[20699]: cephadm
2026-03-09T17:29:17.536898+0000 mgr.x (mgr.14150) 1 : cephadm [INF] [09/Mar/2026:17:29:17] ENGINE Bus STARTING
2026-03-09T17:29:18.923 INFO:journalctl@ceph.mon.a.vm03.stdout:Mar 09 17:29:18 vm03 bash[20699]: cephadm
2026-03-09T17:29:17.536898+0000 mgr.x (mgr.14150) 1 : cephadm [INF] [09/Mar/2026:17:29:17] ENGINE Bus STARTING
2026-03-09T17:29:18.923 INFO:journalctl@ceph.mon.a.vm03.stdout:Mar 09 17:29:18 vm03 bash[20699]: cluster
2026-03-09T17:29:17.540078+0000 mon.a (mon.0) 89 : cluster [DBG] mgrmap e11: x(active, since 1.09341s)
2026-03-09T17:29:18.923 INFO:journalctl@ceph.mon.a.vm03.stdout:Mar 09 17:29:18 vm03 bash[20699]: cluster
2026-03-09T17:29:17.540078+0000 mon.a (mon.0) 89 : cluster [DBG] mgrmap e11: x(active, since 1.09341s)
2026-03-09T17:29:18.924 INFO:journalctl@ceph.mon.a.vm03.stdout:Mar 09 17:29:18 vm03 bash[20699]: audit
2026-03-09T17:29:17.542481+0000 mgr.x (mgr.14150) 2 : audit [DBG] from='client.14154 -' entity='client.admin' cmd=[{"prefix": "get_command_descriptions"}]: dispatch
2026-03-09T17:29:18.924 INFO:journalctl@ceph.mon.a.vm03.stdout:Mar 09 17:29:18 vm03 bash[20699]: audit
2026-03-09T17:29:17.542481+0000 mgr.x (mgr.14150) 2 : audit [DBG] from='client.14154 -' entity='client.admin' cmd=[{"prefix": "get_command_descriptions"}]: dispatch
2026-03-09T17:29:18.924 INFO:journalctl@ceph.mon.a.vm03.stdout:Mar 09 17:29:18 vm03 bash[20699]: audit
2026-03-09T17:29:17.546836+0000 mgr.x (mgr.14150) 3 : audit [DBG] from='client.14154 -' entity='client.admin' cmd=[{"prefix": "mgr_status"}]: dispatch
2026-03-09T17:29:18.924 INFO:journalctl@ceph.mon.a.vm03.stdout:Mar 09 17:29:18 vm03 bash[20699]: audit
2026-03-09T17:29:17.546836+0000 mgr.x (mgr.14150) 3 : audit [DBG] from='client.14154 -' entity='client.admin' cmd=[{"prefix": "mgr_status"}]: dispatch
2026-03-09T17:29:18.924 INFO:journalctl@ceph.mon.a.vm03.stdout:Mar 09 17:29:18 vm03 bash[20699]: cephadm
2026-03-09T17:29:17.664364+0000 mgr.x (mgr.14150) 4 : cephadm [INF] [09/Mar/2026:17:29:17] ENGINE Serving on https://192.168.123.103:7150
2026-03-09T17:29:18.924 INFO:journalctl@ceph.mon.a.vm03.stdout:Mar 09 17:29:18 vm03 bash[20699]: cephadm
2026-03-09T17:29:17.664364+0000 mgr.x (mgr.14150) 4 : cephadm [INF] [09/Mar/2026:17:29:17] ENGINE Serving on https://192.168.123.103:7150
2026-03-09T17:29:18.924 INFO:journalctl@ceph.mon.a.vm03.stdout:Mar 09 17:29:18 vm03 bash[20699]: cephadm
2026-03-09T17:29:17.665639+0000 mgr.x (mgr.14150) 5 : cephadm [INF] [09/Mar/2026:17:29:17] ENGINE Client ('192.168.123.103', 53874) lost — peer dropped the TLS connection suddenly, during handshake: (6, 'TLS/SSL connection has been closed (EOF) (_ssl.c:1147)')
2026-03-09T17:29:18.924 INFO:journalctl@ceph.mon.a.vm03.stdout:Mar 09 17:29:18 vm03 bash[20699]: cephadm
2026-03-09T17:29:17.665639+0000 mgr.x (mgr.14150) 5 : cephadm [INF] [09/Mar/2026:17:29:17] ENGINE Client ('192.168.123.103', 53874) lost — peer dropped the TLS connection suddenly, during handshake: (6, 'TLS/SSL connection has been closed (EOF) (_ssl.c:1147)')
2026-03-09T17:29:18.924 INFO:journalctl@ceph.mon.a.vm03.stdout:Mar 09 17:29:18 vm03 bash[20699]: cephadm
2026-03-09T17:29:17.765915+0000 mgr.x (mgr.14150) 6 : cephadm [INF] [09/Mar/2026:17:29:17] ENGINE Serving on http://192.168.123.103:8765
2026-03-09T17:29:18.924 INFO:journalctl@ceph.mon.a.vm03.stdout:Mar 09 17:29:18 vm03 bash[20699]: cephadm
2026-03-09T17:29:17.765915+0000 mgr.x (mgr.14150) 6 : cephadm [INF] [09/Mar/2026:17:29:17] ENGINE Serving on http://192.168.123.103:8765
2026-03-09T17:29:18.924 INFO:journalctl@ceph.mon.a.vm03.stdout:Mar 09 17:29:18 vm03 bash[20699]: cephadm
2026-03-09T17:29:17.766206+0000 mgr.x (mgr.14150) 7 : cephadm [INF] [09/Mar/2026:17:29:17] ENGINE Bus STARTED
2026-03-09T17:29:18.924 INFO:journalctl@ceph.mon.a.vm03.stdout:Mar 09 17:29:18 vm03 bash[20699]: cephadm
2026-03-09T17:29:17.766206+0000 mgr.x (mgr.14150) 7 : cephadm [INF] [09/Mar/2026:17:29:17] ENGINE Bus STARTED
2026-03-09T17:29:18.924 INFO:journalctl@ceph.mon.a.vm03.stdout:Mar 09 17:29:18 vm03 bash[20699]: audit
2026-03-09T17:29:18.174809+0000 mon.a (mon.0) 90 : audit [INF] from='mgr.14150 192.168.123.103:0/445294181' entity='mgr.x'
2026-03-09T17:29:18.924 INFO:journalctl@ceph.mon.a.vm03.stdout:Mar 09 17:29:18 vm03 bash[20699]: audit
2026-03-09T17:29:18.174809+0000 mon.a (mon.0) 90 : audit [INF] from='mgr.14150 192.168.123.103:0/445294181' entity='mgr.x'
2026-03-09T17:29:18.924 INFO:journalctl@ceph.mon.a.vm03.stdout:Mar 09 17:29:18 vm03 bash[20699]: audit
2026-03-09T17:29:18.179486+0000 mon.a (mon.0) 91 : audit [INF] from='mgr.14150 192.168.123.103:0/445294181' entity='mgr.x'
2026-03-09T17:29:18.924 INFO:journalctl@ceph.mon.a.vm03.stdout:Mar 09 17:29:18 vm03 bash[20699]: audit
2026-03-09T17:29:18.179486+0000 mon.a (mon.0) 91 : audit [INF] from='mgr.14150 192.168.123.103:0/445294181' entity='mgr.x'
2026-03-09T17:29:19.059 INFO:teuthology.orchestra.run.vm03.stdout:/usr/bin/ceph: stdout 8443
2026-03-09T17:29:19.059 INFO:teuthology.orchestra.run.vm03.stdout:/usr/bin/ceph: stderr
2026-03-09T17:29:18.864+0000 7ffaa9048640 1 Processor -- start
2026-03-09T17:29:19.060 INFO:teuthology.orchestra.run.vm03.stdout:/usr/bin/ceph: stderr
2026-03-09T17:29:18.864+0000 7ffaa9048640 1 -- start start
2026-03-09T17:29:19.060 INFO:teuthology.orchestra.run.vm03.stdout:/usr/bin/ceph: stderr
2026-03-09T17:29:18.864+0000 7ffaa9048640 1 --2- >> [v2:192.168.123.103:3300/0,v1:192.168.123.103:6789/0] conn(0x7ffaa4073660 0x7ffaa4073a60 unknown :-1 s=NONE pgs=0 cs=0 l=0 rev1=0 crypto rx=0 tx=0 comp rx=0 tx=0).connect
2026-03-09T17:29:19.060 INFO:teuthology.orchestra.run.vm03.stdout:/usr/bin/ceph: stderr
2026-03-09T17:29:18.864+0000 7ffaa9048640 1 -- --> [v2:192.168.123.103:3300/0,v1:192.168.123.103:6789/0] -- mon_getmap magic: 0 -- 0x7ffaa4073fa0 con 0x7ffaa4073660
2026-03-09T17:29:19.060 INFO:teuthology.orchestra.run.vm03.stdout:/usr/bin/ceph: stderr
2026-03-09T17:29:18.864+0000 7ffaa3fff640 1 --2- >> [v2:192.168.123.103:3300/0,v1:192.168.123.103:6789/0] conn(0x7ffaa4073660 0x7ffaa4073a60 unknown :-1 s=BANNER_CONNECTING pgs=0 cs=0 l=0 rev1=0 crypto rx=0 tx=0 comp rx=0 tx=0)._handle_peer_banner_payload supported=3 required=0
2026-03-09T17:29:19.060 INFO:teuthology.orchestra.run.vm03.stdout:/usr/bin/ceph: stderr
2026-03-09T17:29:18.864+0000 7ffaa3fff640 1 --2- >> [v2:192.168.123.103:3300/0,v1:192.168.123.103:6789/0] conn(0x7ffaa4073660 0x7ffaa4073a60 unknown :-1 s=HELLO_CONNECTING pgs=0 cs=0 l=0 rev1=1 crypto rx=0 tx=0 comp rx=0 tx=0).handle_hello peer v2:192.168.123.103:3300/0 says I am v2:192.168.123.103:46908/0 (socket says 192.168.123.103:46908)
2026-03-09T17:29:19.060 INFO:teuthology.orchestra.run.vm03.stdout:/usr/bin/ceph: stderr
2026-03-09T17:29:18.864+0000 7ffaa3fff640 1 -- 192.168.123.103:0/507931027 learned_addr learned my addr 192.168.123.103:0/507931027 (peer_addr_for_me v2:192.168.123.103:0/0)
2026-03-09T17:29:19.060 INFO:teuthology.orchestra.run.vm03.stdout:/usr/bin/ceph: stderr
2026-03-09T17:29:18.868+0000 7ffaa3fff640 1 -- 192.168.123.103:0/507931027 --> [v2:192.168.123.103:3300/0,v1:192.168.123.103:6789/0] -- mon_subscribe({config=0+,monmap=0+}) -- 0x7ffaa4074120 con 0x7ffaa4073660
2026-03-09T17:29:19.060 INFO:teuthology.orchestra.run.vm03.stdout:/usr/bin/ceph: stderr
2026-03-09T17:29:18.868+0000 7ffaa3fff640 1 --2- 192.168.123.103:0/507931027 >> [v2:192.168.123.103:3300/0,v1:192.168.123.103:6789/0] conn(0x7ffaa4073660 0x7ffaa4073a60 secure :-1 s=READY pgs=72 cs=0 l=1 rev1=1 crypto rx=0x7ffa940089a0 tx=0x7ffa940314d0 comp rx=0 tx=0).ready entity=mon.0 client_cookie=a89d2b2c2a88b8dd server_cookie=0 in_seq=0 out_seq=0
2026-03-09T17:29:19.060 INFO:teuthology.orchestra.run.vm03.stdout:/usr/bin/ceph: stderr
2026-03-09T17:29:18.868+0000 7ffaa2ffd640 1 -- 192.168.123.103:0/507931027 <== mon.0 v2:192.168.123.103:3300/0 1 ==== mon_map magic: 0 ==== 205+0+0 (secure 0 0 0) 0x7ffa9403c5b0 con 0x7ffaa4073660
2026-03-09T17:29:19.060 INFO:teuthology.orchestra.run.vm03.stdout:/usr/bin/ceph: stderr
2026-03-09T17:29:18.868+0000 7ffaa2ffd640 1 -- 192.168.123.103:0/507931027 <== mon.0 v2:192.168.123.103:3300/0 2 ==== config(25 keys) ==== 1038+0+0 (secure 0 0 0) 0x7ffa9403cbc0 con 0x7ffaa4073660
2026-03-09T17:29:19.060 INFO:teuthology.orchestra.run.vm03.stdout:/usr/bin/ceph: stderr
2026-03-09T17:29:18.868+0000 7ffaa9048640 1 -- 192.168.123.103:0/507931027 >> [v2:192.168.123.103:3300/0,v1:192.168.123.103:6789/0] conn(0x7ffaa4073660 msgr2=0x7ffaa4073a60 secure :-1 s=STATE_CONNECTION_ESTABLISHED l=1).mark_down
2026-03-09T17:29:19.060 INFO:teuthology.orchestra.run.vm03.stdout:/usr/bin/ceph: stderr
2026-03-09T17:29:18.868+0000 7ffaa9048640 1 --2- 192.168.123.103:0/507931027 >> [v2:192.168.123.103:3300/0,v1:192.168.123.103:6789/0] conn(0x7ffaa4073660 0x7ffaa4073a60 secure :-1 s=READY pgs=72 cs=0 l=1 rev1=1 crypto rx=0x7ffa940089a0 tx=0x7ffa940314d0 comp rx=0 tx=0).stop
2026-03-09T17:29:19.060 INFO:teuthology.orchestra.run.vm03.stdout:/usr/bin/ceph: stderr
2026-03-09T17:29:18.868+0000 7ffaa9048640 1 -- 192.168.123.103:0/507931027 shutdown_connections
2026-03-09T17:29:19.060 INFO:teuthology.orchestra.run.vm03.stdout:/usr/bin/ceph: stderr
2026-03-09T17:29:18.868+0000 7ffaa9048640 1 --2- 192.168.123.103:0/507931027 >> [v2:192.168.123.103:3300/0,v1:192.168.123.103:6789/0] conn(0x7ffaa4073660 0x7ffaa4073a60 unknown :-1 s=CLOSED pgs=72 cs=0 l=1 rev1=1 crypto rx=0 tx=0 comp rx=0 tx=0).stop
2026-03-09T17:29:19.060 INFO:teuthology.orchestra.run.vm03.stdout:/usr/bin/ceph: stderr
2026-03-09T17:29:18.868+0000 7ffaa9048640 1 -- 192.168.123.103:0/507931027 >> 192.168.123.103:0/507931027 conn(0x7ffaa406ed30 msgr2=0x7ffaa40711b0 unknown :-1 s=STATE_NONE l=0).mark_down
2026-03-09T17:29:19.060 INFO:teuthology.orchestra.run.vm03.stdout:/usr/bin/ceph: stderr
2026-03-09T17:29:18.868+0000 7ffaa9048640 1 -- 192.168.123.103:0/507931027 shutdown_connections
2026-03-09T17:29:19.060 INFO:teuthology.orchestra.run.vm03.stdout:/usr/bin/ceph: stderr
2026-03-09T17:29:18.868+0000 7ffaa9048640 1 -- 192.168.123.103:0/507931027 wait complete.
2026-03-09T17:29:19.060 INFO:teuthology.orchestra.run.vm03.stdout:/usr/bin/ceph: stderr
2026-03-09T17:29:18.868+0000 7ffaa9048640 1 Processor -- start
2026-03-09T17:29:19.060 INFO:teuthology.orchestra.run.vm03.stdout:/usr/bin/ceph: stderr
2026-03-09T17:29:18.868+0000 7ffaa9048640 1 -- start start
2026-03-09T17:29:19.060 INFO:teuthology.orchestra.run.vm03.stdout:/usr/bin/ceph: stderr
2026-03-09T17:29:18.868+0000 7ffaa9048640 1 --2- >> [v2:192.168.123.103:3300/0,v1:192.168.123.103:6789/0] conn(0x7ffaa41a39b0 0x7ffaa41a3dd0 unknown :-1 s=NONE pgs=0 cs=0 l=1 rev1=0 crypto rx=0 tx=0 comp rx=0 tx=0).connect
2026-03-09T17:29:19.060 INFO:teuthology.orchestra.run.vm03.stdout:/usr/bin/ceph: stderr
2026-03-09T17:29:18.868+0000 7ffaa9048640 1 -- --> [v2:192.168.123.103:3300/0,v1:192.168.123.103:6789/0] -- mon_getmap magic: 0 -- 0x7ffaa4111fa0 con 0x7ffaa41a39b0
2026-03-09T17:29:19.060 INFO:teuthology.orchestra.run.vm03.stdout:/usr/bin/ceph: stderr
2026-03-09T17:29:18.868+0000 7ffaa3fff640 1 --2- >> [v2:192.168.123.103:3300/0,v1:192.168.123.103:6789/0] conn(0x7ffaa41a39b0 0x7ffaa41a3dd0 unknown :-1 s=BANNER_CONNECTING pgs=0 cs=0 l=1 rev1=0 crypto rx=0 tx=0 comp rx=0 tx=0)._handle_peer_banner_payload supported=3 required=0
2026-03-09T17:29:19.060 INFO:teuthology.orchestra.run.vm03.stdout:/usr/bin/ceph: stderr
2026-03-09T17:29:18.868+0000 7ffaa3fff640 1 --2- >> [v2:192.168.123.103:3300/0,v1:192.168.123.103:6789/0] conn(0x7ffaa41a39b0 0x7ffaa41a3dd0 unknown :-1 s=HELLO_CONNECTING pgs=0 cs=0 l=1 rev1=1 crypto rx=0 tx=0 comp rx=0 tx=0).handle_hello peer v2:192.168.123.103:3300/0 says I am v2:192.168.123.103:46918/0 (socket says 192.168.123.103:46918)
2026-03-09T17:29:19.060 INFO:teuthology.orchestra.run.vm03.stdout:/usr/bin/ceph: stderr
2026-03-09T17:29:18.868+0000 7ffaa3fff640 1 -- 192.168.123.103:0/1140662819 learned_addr learned my addr 192.168.123.103:0/1140662819 (peer_addr_for_me v2:192.168.123.103:0/0)
2026-03-09T17:29:19.060 INFO:teuthology.orchestra.run.vm03.stdout:/usr/bin/ceph: stderr
2026-03-09T17:29:18.868+0000 7ffaa3fff640 1 -- 192.168.123.103:0/1140662819 --> [v2:192.168.123.103:3300/0,v1:192.168.123.103:6789/0] -- mon_subscribe({config=0+,monmap=0+}) -- 0x7ffaa41a4310 con 0x7ffaa41a39b0
2026-03-09T17:29:19.060 INFO:teuthology.orchestra.run.vm03.stdout:/usr/bin/ceph: stderr
2026-03-09T17:29:18.868+0000 7ffaa3fff640 1 --2- 192.168.123.103:0/1140662819 >> [v2:192.168.123.103:3300/0,v1:192.168.123.103:6789/0] conn(0x7ffaa41a39b0 0x7ffaa41a3dd0 secure :-1 s=READY pgs=73 cs=0 l=1 rev1=1 crypto rx=0x7ffa94009cb0 tx=0x7ffa94009ce0 comp rx=0 tx=0).ready entity=mon.0 client_cookie=0 server_cookie=0 in_seq=0 out_seq=0
2026-03-09T17:29:19.060 INFO:teuthology.orchestra.run.vm03.stdout:/usr/bin/ceph: stderr
2026-03-09T17:29:18.872+0000 7ffaa17fa640 1 -- 192.168.123.103:0/1140662819 <== mon.0 v2:192.168.123.103:3300/0 1 ==== mon_map magic: 0 ==== 205+0+0 (secure 0 0 0) 0x7ffa9403b7c0 con 0x7ffaa41a39b0
2026-03-09T17:29:19.060 INFO:teuthology.orchestra.run.vm03.stdout:/usr/bin/ceph: stderr
2026-03-09T17:29:18.872+0000 7ffaa9048640 1 -- 192.168.123.103:0/1140662819 --> [v2:192.168.123.103:3300/0,v1:192.168.123.103:6789/0] -- mon_subscribe({mgrmap=0+}) -- 0x7ffaa41a45a0 con 0x7ffaa41a39b0
2026-03-09T17:29:19.060 INFO:teuthology.orchestra.run.vm03.stdout:/usr/bin/ceph: stderr
2026-03-09T17:29:18.872+0000 7ffaa9048640 1 -- 192.168.123.103:0/1140662819 --> [v2:192.168.123.103:3300/0,v1:192.168.123.103:6789/0] -- mon_subscribe({osdmap=0}) -- 0x7ffaa41a50f0 con 0x7ffaa41a39b0
2026-03-09T17:29:19.060 INFO:teuthology.orchestra.run.vm03.stdout:/usr/bin/ceph: stderr
2026-03-09T17:29:18.872+0000 7ffaa17fa640 1 -- 192.168.123.103:0/1140662819 <== mon.0 v2:192.168.123.103:3300/0 2 ==== config(25 keys) ==== 1038+0+0 (secure 0 0 0) 0x7ffa9403cb00 con 0x7ffaa41a39b0
2026-03-09T17:29:19.060 INFO:teuthology.orchestra.run.vm03.stdout:/usr/bin/ceph: stderr
2026-03-09T17:29:18.872+0000 7ffaa17fa640 1 -- 192.168.123.103:0/1140662819 <== mon.0 v2:192.168.123.103:3300/0 3 ==== mon_map magic: 0 ==== 205+0+0 (secure 0 0 0) 0x7ffa9400b7a0 con 0x7ffaa41a39b0
2026-03-09T17:29:19.060 INFO:teuthology.orchestra.run.vm03.stdout:/usr/bin/ceph: stderr
2026-03-09T17:29:18.872+0000 7ffaa9048640 1 -- 192.168.123.103:0/1140662819 --> [v2:192.168.123.103:3300/0,v1:192.168.123.103:6789/0] -- mon_command({"prefix": "get_command_descriptions"} v 0) -- 0x7ffa70005390 con 0x7ffaa41a39b0
2026-03-09T17:29:19.060 INFO:teuthology.orchestra.run.vm03.stdout:/usr/bin/ceph: stderr
2026-03-09T17:29:18.876+0000 7ffaa17fa640 1 -- 192.168.123.103:0/1140662819 <== mon.0 v2:192.168.123.103:3300/0 4 ==== mgrmap(e 11) ==== 50154+0+0 (secure 0 0 0) 0x7ffa9400bce0 con 0x7ffaa41a39b0
2026-03-09T17:29:19.060 INFO:teuthology.orchestra.run.vm03.stdout:/usr/bin/ceph: stderr
2026-03-09T17:29:18.876+0000 7ffaa17fa640 1 --2- 192.168.123.103:0/1140662819 >> [v2:192.168.123.103:6800/1795046093,v1:192.168.123.103:6801/1795046093] conn(0x7ffa7c03dbc0 0x7ffa7c040080 unknown :-1 s=NONE pgs=0 cs=0 l=1 rev1=0 crypto rx=0 tx=0 comp rx=0 tx=0).connect
2026-03-09T17:29:19.060 INFO:teuthology.orchestra.run.vm03.stdout:/usr/bin/ceph: stderr
2026-03-09T17:29:18.876+0000 7ffaa37fe640 1 --2- 192.168.123.103:0/1140662819 >> [v2:192.168.123.103:6800/1795046093,v1:192.168.123.103:6801/1795046093] conn(0x7ffa7c03dbc0 0x7ffa7c040080 unknown :-1 s=BANNER_CONNECTING pgs=0 cs=0 l=1 rev1=0 crypto rx=0 tx=0 comp rx=0 tx=0)._handle_peer_banner_payload supported=3 required=0
2026-03-09T17:29:19.060 INFO:teuthology.orchestra.run.vm03.stdout:/usr/bin/ceph: stderr
2026-03-09T17:29:18.880+0000 7ffaa37fe640 1 --2- 192.168.123.103:0/1140662819 >> [v2:192.168.123.103:6800/1795046093,v1:192.168.123.103:6801/1795046093] conn(0x7ffa7c03dbc0 0x7ffa7c040080 secure :-1 s=READY pgs=9 cs=0 l=1 rev1=1 crypto rx=0x7ffa9c00ad80 tx=0x7ffa9c0093f0 comp rx=0 tx=0).ready entity=mgr.14150 client_cookie=0 server_cookie=0 in_seq=0 out_seq=0
2026-03-09T17:29:19.060 INFO:teuthology.orchestra.run.vm03.stdout:/usr/bin/ceph: stderr
2026-03-09T17:29:18.880+0000 7ffaa17fa640 1 -- 192.168.123.103:0/1140662819 <== mon.0 v2:192.168.123.103:3300/0 5 ==== osd_map(3..3 src has 1..3) ==== 1155+0+0 (secure 0 0 0) 0x7ffa94076a90 con 0x7ffaa41a39b0
2026-03-09T17:29:19.060 INFO:teuthology.orchestra.run.vm03.stdout:/usr/bin/ceph: stderr
2026-03-09T17:29:18.880+0000 7ffaa17fa640 1 -- 192.168.123.103:0/1140662819 <== mon.0 v2:192.168.123.103:3300/0 6 ==== mon_command_ack([{"prefix": "get_command_descriptions"}]=0 v0) ==== 72+0+195034 (secure 0 0 0) 0x7ffa940a6a90 con 0x7ffaa41a39b0
2026-03-09T17:29:19.060 INFO:teuthology.orchestra.run.vm03.stdout:/usr/bin/ceph: stderr
2026-03-09T17:29:19.004+0000 7ffaa9048640 1 -- 192.168.123.103:0/1140662819 --> [v2:192.168.123.103:3300/0,v1:192.168.123.103:6789/0] -- mon_command({"prefix": "config get", "who": "mgr", "key": "mgr/dashboard/ssl_server_port"} v 0) -- 0x7ffa70005680 con 0x7ffaa41a39b0
2026-03-09T17:29:19.060 INFO:teuthology.orchestra.run.vm03.stdout:/usr/bin/ceph: stderr
2026-03-09T17:29:19.004+0000 7ffaa17fa640 1 -- 192.168.123.103:0/1140662819 <== mon.0 v2:192.168.123.103:3300/0 7 ==== mon_command_ack([{"prefix": "config get", "who": "mgr", "key": "mgr/dashboard/ssl_server_port"}]=0 v8) ==== 112+0+5 (secure 0 0 0) 0x7ffa94042240 con 0x7ffaa41a39b0
2026-03-09T17:29:19.060 INFO:teuthology.orchestra.run.vm03.stdout:/usr/bin/ceph: stderr
2026-03-09T17:29:19.008+0000 7ffaa9048640 1 -- 192.168.123.103:0/1140662819 >> [v2:192.168.123.103:6800/1795046093,v1:192.168.123.103:6801/1795046093] conn(0x7ffa7c03dbc0 msgr2=0x7ffa7c040080 secure :-1 s=STATE_CONNECTION_ESTABLISHED l=1).mark_down
2026-03-09T17:29:19.060 INFO:teuthology.orchestra.run.vm03.stdout:/usr/bin/ceph: stderr
2026-03-09T17:29:19.008+0000 7ffaa9048640 1 --2- 192.168.123.103:0/1140662819 >> [v2:192.168.123.103:6800/1795046093,v1:192.168.123.103:6801/1795046093] conn(0x7ffa7c03dbc0 0x7ffa7c040080 secure :-1 s=READY pgs=9 cs=0 l=1 rev1=1 crypto rx=0x7ffa9c00ad80 tx=0x7ffa9c0093f0 comp rx=0 tx=0).stop
2026-03-09T17:29:19.060 INFO:teuthology.orchestra.run.vm03.stdout:/usr/bin/ceph: stderr
2026-03-09T17:29:19.008+0000 7ffaa9048640 1 -- 192.168.123.103:0/1140662819 >> [v2:192.168.123.103:3300/0,v1:192.168.123.103:6789/0] conn(0x7ffaa41a39b0 msgr2=0x7ffaa41a3dd0 secure :-1 s=STATE_CONNECTION_ESTABLISHED l=1).mark_down
2026-03-09T17:29:19.060 INFO:teuthology.orchestra.run.vm03.stdout:/usr/bin/ceph: stderr
2026-03-09T17:29:19.008+0000 7ffaa9048640 1 --2- 192.168.123.103:0/1140662819 >> [v2:192.168.123.103:3300/0,v1:192.168.123.103:6789/0] conn(0x7ffaa41a39b0 0x7ffaa41a3dd0 secure :-1 s=READY pgs=73 cs=0 l=1 rev1=1 crypto rx=0x7ffa94009cb0 tx=0x7ffa94009ce0 comp rx=0 tx=0).stop
2026-03-09T17:29:19.060 INFO:teuthology.orchestra.run.vm03.stdout:/usr/bin/ceph: stderr
2026-03-09T17:29:19.008+0000 7ffaa9048640 1 -- 192.168.123.103:0/1140662819 shutdown_connections
2026-03-09T17:29:19.060 INFO:teuthology.orchestra.run.vm03.stdout:/usr/bin/ceph: stderr
2026-03-09T17:29:19.008+0000 7ffaa9048640 1 --2- 192.168.123.103:0/1140662819 >> [v2:192.168.123.103:6800/1795046093,v1:192.168.123.103:6801/1795046093] conn(0x7ffa7c03dbc0 0x7ffa7c040080 unknown :-1 s=CLOSED pgs=9 cs=0 l=1 rev1=1 crypto rx=0 tx=0 comp rx=0 tx=0).stop
2026-03-09T17:29:19.060 INFO:teuthology.orchestra.run.vm03.stdout:/usr/bin/ceph: stderr
2026-03-09T17:29:19.008+0000 7ffaa9048640 1 --2- 192.168.123.103:0/1140662819 >> [v2:192.168.123.103:3300/0,v1:192.168.123.103:6789/0] conn(0x7ffaa41a39b0 0x7ffaa41a3dd0 unknown :-1 s=CLOSED pgs=73 cs=0 l=1 rev1=1 crypto rx=0 tx=0 comp rx=0 tx=0).stop
2026-03-09T17:29:19.060 INFO:teuthology.orchestra.run.vm03.stdout:/usr/bin/ceph: stderr
2026-03-09T17:29:19.008+0000 7ffaa9048640 1 -- 192.168.123.103:0/1140662819 >> 192.168.123.103:0/1140662819 conn(0x7ffaa406ed30 msgr2=0x7ffaa406f660 unknown :-1 s=STATE_NONE l=0).mark_down
2026-03-09T17:29:19.061 INFO:teuthology.orchestra.run.vm03.stdout:/usr/bin/ceph: stderr
2026-03-09T17:29:19.008+0000 7ffaa9048640 1 -- 192.168.123.103:0/1140662819 shutdown_connections
2026-03-09T17:29:19.061 INFO:teuthology.orchestra.run.vm03.stdout:/usr/bin/ceph: stderr
2026-03-09T17:29:19.008+0000 7ffaa9048640 1 -- 192.168.123.103:0/1140662819 wait complete.
2026-03-09T17:29:19.061 INFO:teuthology.orchestra.run.vm03.stdout:firewalld does not appear to be present
2026-03-09T17:29:19.061 INFO:teuthology.orchestra.run.vm03.stdout:Not possible to open ports <[8443]>. firewalld.service is not available
2026-03-09T17:29:19.061 INFO:teuthology.orchestra.run.vm03.stdout:Ceph Dashboard is now available at:
2026-03-09T17:29:19.061 INFO:teuthology.orchestra.run.vm03.stdout:
2026-03-09T17:29:19.061 INFO:teuthology.orchestra.run.vm03.stdout: URL: https://vm03.local:8443/
2026-03-09T17:29:19.061 INFO:teuthology.orchestra.run.vm03.stdout: User: admin
2026-03-09T17:29:19.061 INFO:teuthology.orchestra.run.vm03.stdout: Password: mp6tftnk2i
2026-03-09T17:29:19.061 INFO:teuthology.orchestra.run.vm03.stdout:
2026-03-09T17:29:19.062 INFO:teuthology.orchestra.run.vm03.stdout:Saving cluster configuration to /var/lib/ceph/23884690-1bdd-11f1-ab57-574c4e384722/config directory
2026-03-09T17:29:19.617 INFO:teuthology.orchestra.run.vm03.stdout:/usr/bin/ceph: stderr
2026-03-09T17:29:19.252+0000 7f971ee58640 1 Processor -- start
2026-03-09T17:29:19.617 INFO:teuthology.orchestra.run.vm03.stdout:/usr/bin/ceph: stderr
2026-03-09T17:29:19.252+0000 7f971ee58640 1 -- start start
2026-03-09T17:29:19.617 INFO:teuthology.orchestra.run.vm03.stdout:/usr/bin/ceph: stderr
2026-03-09T17:29:19.252+0000 7f971ee58640 1 --2- >> [v2:192.168.123.103:3300/0,v1:192.168.123.103:6789/0] conn(0x7f9718109ac0 0x7f9718109ec0 unknown :-1 s=NONE pgs=0 cs=0 l=0 rev1=0 crypto rx=0 tx=0 comp rx=0 tx=0).connect
2026-03-09T17:29:19.617 INFO:teuthology.orchestra.run.vm03.stdout:/usr/bin/ceph: stderr
2026-03-09T17:29:19.252+0000 7f971ee58640 1 -- --> [v2:192.168.123.103:3300/0,v1:192.168.123.103:6789/0] -- mon_getmap magic: 0 -- 0x7f971810a490 con 0x7f9718109ac0
2026-03-09T17:29:19.617 INFO:teuthology.orchestra.run.vm03.stdout:/usr/bin/ceph: stderr
2026-03-09T17:29:19.252+0000 7f971cbcd640 1 --2- >> [v2:192.168.123.103:3300/0,v1:192.168.123.103:6789/0] conn(0x7f9718109ac0 0x7f9718109ec0 unknown :-1 s=BANNER_CONNECTING pgs=0 cs=0 l=0 rev1=0 crypto rx=0 tx=0 comp rx=0 tx=0)._handle_peer_banner_payload supported=3 required=0
2026-03-09T17:29:19.617 INFO:teuthology.orchestra.run.vm03.stdout:/usr/bin/ceph: stderr
2026-03-09T17:29:19.252+0000 7f971cbcd640 1 --2- >> [v2:192.168.123.103:3300/0,v1:192.168.123.103:6789/0] conn(0x7f9718109ac0 0x7f9718109ec0 unknown :-1 s=HELLO_CONNECTING pgs=0 cs=0 l=0 rev1=1 crypto rx=0 tx=0 comp rx=0 tx=0).handle_hello peer v2:192.168.123.103:3300/0 says I am v2:192.168.123.103:46920/0 (socket says 192.168.123.103:46920)
2026-03-09T17:29:19.617 INFO:teuthology.orchestra.run.vm03.stdout:/usr/bin/ceph: stderr
2026-03-09T17:29:19.252+0000 7f971cbcd640 1 -- 192.168.123.103:0/814692748 learned_addr learned my addr 192.168.123.103:0/814692748 (peer_addr_for_me v2:192.168.123.103:0/0)
2026-03-09T17:29:19.617 INFO:teuthology.orchestra.run.vm03.stdout:/usr/bin/ceph: stderr
2026-03-09T17:29:19.252+0000 7f971cbcd640 1 -- 192.168.123.103:0/814692748 --> [v2:192.168.123.103:3300/0,v1:192.168.123.103:6789/0] -- mon_subscribe({config=0+,monmap=0+}) -- 0x7f971810ac10 con 0x7f9718109ac0
2026-03-09T17:29:19.617 INFO:teuthology.orchestra.run.vm03.stdout:/usr/bin/ceph: stderr
2026-03-09T17:29:19.252+0000 7f971cbcd640 1 --2- 192.168.123.103:0/814692748 >> [v2:192.168.123.103:3300/0,v1:192.168.123.103:6789/0] conn(0x7f9718109ac0 0x7f9718109ec0 secure :-1 s=READY pgs=74 cs=0 l=1 rev1=1 crypto rx=0x7f9708009b80 tx=0x7f970802f190 comp rx=0 tx=0).ready entity=mon.0 client_cookie=e81f7a43b4ada23f server_cookie=0 in_seq=0 out_seq=0
2026-03-09T17:29:19.617 INFO:teuthology.orchestra.run.vm03.stdout:/usr/bin/ceph: stderr
2026-03-09T17:29:19.256+0000 7f970f7fe640 1 -- 192.168.123.103:0/814692748 <== mon.0 v2:192.168.123.103:3300/0 1 ==== mon_map magic: 0 ==== 205+0+0 (secure 0 0 0) 0x7f970803c070 con 0x7f9718109ac0
2026-03-09T17:29:19.617 INFO:teuthology.orchestra.run.vm03.stdout:/usr/bin/ceph: stderr
2026-03-09T17:29:19.256+0000 7f970f7fe640 1 -- 192.168.123.103:0/814692748 <== mon.0 v2:192.168.123.103:3300/0 2 ==== config(25 keys) ==== 1038+0+0 (secure 0 0 0) 0x7f9708037440 con 0x7f9718109ac0
2026-03-09T17:29:19.617 INFO:teuthology.orchestra.run.vm03.stdout:/usr/bin/ceph: stderr
2026-03-09T17:29:19.256+0000 7f970f7fe640 1 -- 192.168.123.103:0/814692748 <== mon.0 v2:192.168.123.103:3300/0 3 ==== mon_map magic: 0 ==== 205+0+0 (secure 0 0 0) 0x7f97080354d0 con 0x7f9718109ac0
2026-03-09T17:29:19.617 INFO:teuthology.orchestra.run.vm03.stdout:/usr/bin/ceph: stderr
2026-03-09T17:29:19.256+0000 7f971ee58640 1 -- 192.168.123.103:0/814692748 >> [v2:192.168.123.103:3300/0,v1:192.168.123.103:6789/0] conn(0x7f9718109ac0 msgr2=0x7f9718109ec0 secure :-1 s=STATE_CONNECTION_ESTABLISHED l=1).mark_down
2026-03-09T17:29:19.617 INFO:teuthology.orchestra.run.vm03.stdout:/usr/bin/ceph: stderr
2026-03-09T17:29:19.256+0000 7f971ee58640 1 --2- 192.168.123.103:0/814692748 >> [v2:192.168.123.103:3300/0,v1:192.168.123.103:6789/0] conn(0x7f9718109ac0 0x7f9718109ec0 secure :-1 s=READY pgs=74 cs=0 l=1 rev1=1 crypto rx=0x7f9708009b80 tx=0x7f970802f190 comp rx=0 tx=0).stop
2026-03-09T17:29:19.617 INFO:teuthology.orchestra.run.vm03.stdout:/usr/bin/ceph: stderr
2026-03-09T17:29:19.256+0000 7f971ee58640 1 -- 192.168.123.103:0/814692748 shutdown_connections
2026-03-09T17:29:19.617 INFO:teuthology.orchestra.run.vm03.stdout:/usr/bin/ceph: stderr
2026-03-09T17:29:19.256+0000 7f971ee58640 1 --2- 192.168.123.103:0/814692748 >> [v2:192.168.123.103:3300/0,v1:192.168.123.103:6789/0] conn(0x7f9718109ac0 0x7f9718109ec0 unknown :-1 s=CLOSED pgs=74 cs=0 l=1 rev1=1 crypto rx=0 tx=0 comp rx=0 tx=0).stop
2026-03-09T17:29:19.617 INFO:teuthology.orchestra.run.vm03.stdout:/usr/bin/ceph: stderr
2026-03-09T17:29:19.256+0000 7f971ee58640 1 -- 192.168.123.103:0/814692748 >> 192.168.123.103:0/814692748 conn(0x7f971807d070 msgr2=0x7f971807d4a0 unknown :-1 s=STATE_NONE l=0).mark_down
2026-03-09T17:29:19.617 INFO:teuthology.orchestra.run.vm03.stdout:/usr/bin/ceph: stderr
2026-03-09T17:29:19.256+0000 7f971ee58640 1 -- 192.168.123.103:0/814692748 shutdown_connections
2026-03-09T17:29:19.617 INFO:teuthology.orchestra.run.vm03.stdout:/usr/bin/ceph: stderr
2026-03-09T17:29:19.256+0000 7f971ee58640 1 -- 192.168.123.103:0/814692748 wait complete.
2026-03-09T17:29:19.617 INFO:teuthology.orchestra.run.vm03.stdout:/usr/bin/ceph: stderr
2026-03-09T17:29:19.256+0000 7f971ee58640 1 Processor -- start
2026-03-09T17:29:19.617 INFO:teuthology.orchestra.run.vm03.stdout:/usr/bin/ceph: stderr
2026-03-09T17:29:19.256+0000 7f971ee58640 1 -- start start
2026-03-09T17:29:19.617 INFO:teuthology.orchestra.run.vm03.stdout:/usr/bin/ceph: stderr
2026-03-09T17:29:19.256+0000 7f971ee58640 1 --2- >> [v2:192.168.123.103:3300/0,v1:192.168.123.103:6789/0] conn(0x7f9718109ac0 0x7f971819f870 unknown :-1 s=NONE pgs=0 cs=0 l=1 rev1=0 crypto rx=0 tx=0 comp rx=0 tx=0).connect
2026-03-09T17:29:19.617 INFO:teuthology.orchestra.run.vm03.stdout:/usr/bin/ceph: stderr
2026-03-09T17:29:19.256+0000 7f971ee58640 1 -- --> [v2:192.168.123.103:3300/0,v1:192.168.123.103:6789/0] -- mon_getmap magic: 0 -- 0x7f971810de40 con 0x7f9718109ac0
2026-03-09T17:29:19.617 INFO:teuthology.orchestra.run.vm03.stdout:/usr/bin/ceph: stderr
2026-03-09T17:29:19.256+0000 7f971cbcd640 1 --2- >> [v2:192.168.123.103:3300/0,v1:192.168.123.103:6789/0] conn(0x7f9718109ac0 0x7f971819f870 unknown :-1 s=BANNER_CONNECTING pgs=0 cs=0 l=1 rev1=0 crypto rx=0 tx=0 comp rx=0 tx=0)._handle_peer_banner_payload supported=3 required=0
2026-03-09T17:29:19.617 INFO:teuthology.orchestra.run.vm03.stdout:/usr/bin/ceph: stderr
2026-03-09T17:29:19.256+0000 7f971cbcd640 1 --2- >> [v2:192.168.123.103:3300/0,v1:192.168.123.103:6789/0] conn(0x7f9718109ac0 0x7f971819f870 unknown :-1 s=HELLO_CONNECTING pgs=0 cs=0 l=1 rev1=1 crypto rx=0 tx=0 comp rx=0 tx=0).handle_hello peer v2:192.168.123.103:3300/0 says I am v2:192.168.123.103:46928/0 (socket says 192.168.123.103:46928)
2026-03-09T17:29:19.617 INFO:teuthology.orchestra.run.vm03.stdout:/usr/bin/ceph: stderr
2026-03-09T17:29:19.256+0000 7f971cbcd640 1 -- 192.168.123.103:0/1737024536 learned_addr learned my addr 192.168.123.103:0/1737024536 (peer_addr_for_me v2:192.168.123.103:0/0)
2026-03-09T17:29:19.617 INFO:teuthology.orchestra.run.vm03.stdout:/usr/bin/ceph: stderr
2026-03-09T17:29:19.256+0000 7f971cbcd640 1 -- 192.168.123.103:0/1737024536 --> [v2:192.168.123.103:3300/0,v1:192.168.123.103:6789/0] -- mon_subscribe({config=0+,monmap=0+}) -- 0x7f971819fdb0 con 0x7f9718109ac0
2026-03-09T17:29:19.617 INFO:teuthology.orchestra.run.vm03.stdout:/usr/bin/ceph: stderr
2026-03-09T17:29:19.256+0000 7f971cbcd640 1 --2- 192.168.123.103:0/1737024536 >> [v2:192.168.123.103:3300/0,v1:192.168.123.103:6789/0] conn(0x7f9718109ac0 0x7f971819f870 secure :-1 s=READY pgs=75 cs=0 l=1 rev1=1 crypto rx=0x7f9708002410 tx=0x7f9708004270 comp rx=0 tx=0).ready entity=mon.0 client_cookie=0 server_cookie=0 in_seq=0 out_seq=0
2026-03-09T17:29:19.617 INFO:teuthology.orchestra.run.vm03.stdout:/usr/bin/ceph: stderr
2026-03-09T17:29:19.256+0000 7f970dffb640 1 -- 192.168.123.103:0/1737024536 <== mon.0 v2:192.168.123.103:3300/0 1 ==== mon_map magic: 0 ==== 205+0+0 (secure 0 0 0) 0x7f9708047070 con 0x7f9718109ac0
2026-03-09T17:29:19.617 INFO:teuthology.orchestra.run.vm03.stdout:/usr/bin/ceph: stderr
2026-03-09T17:29:19.256+0000 7f970dffb640 1 -- 192.168.123.103:0/1737024536 <== mon.0 v2:192.168.123.103:3300/0 2 ==== config(25 keys) ==== 1038+0+0 (secure 0 0 0) 0x7f9708003b80 con 0x7f9718109ac0
2026-03-09T17:29:19.618 INFO:teuthology.orchestra.run.vm03.stdout:/usr/bin/ceph: stderr
2026-03-09T17:29:19.256+0000 7f971ee58640 1 -- 192.168.123.103:0/1737024536 --> [v2:192.168.123.103:3300/0,v1:192.168.123.103:6789/0] -- mon_subscribe({mgrmap=0+}) -- 0x7f97181a0040 con 0x7f9718109ac0
2026-03-09T17:29:19.618 INFO:teuthology.orchestra.run.vm03.stdout:/usr/bin/ceph: stderr
2026-03-09T17:29:19.256+0000 7f970dffb640 1 -- 192.168.123.103:0/1737024536 <== mon.0 v2:192.168.123.103:3300/0 3 ==== mon_map magic: 0 ==== 205+0+0 (secure 0 0 0) 0x7f970803c070 con 0x7f9718109ac0
2026-03-09T17:29:19.618 INFO:teuthology.orchestra.run.vm03.stdout:/usr/bin/ceph: stderr
2026-03-09T17:29:19.256+0000 7f971ee58640 1 -- 192.168.123.103:0/1737024536 --> [v2:192.168.123.103:3300/0,v1:192.168.123.103:6789/0] -- mon_subscribe({osdmap=0}) -- 0x7f97181a2d30 con 0x7f9718109ac0
2026-03-09T17:29:19.618 INFO:teuthology.orchestra.run.vm03.stdout:/usr/bin/ceph: stderr
2026-03-09T17:29:19.260+0000 7f970dffb640 1 -- 192.168.123.103:0/1737024536 <== mon.0 v2:192.168.123.103:3300/0 4 ==== mgrmap(e 12) ==== 50260+0+0 (secure 0 0 0) 0x7f970804c430 con 0x7f9718109ac0
2026-03-09T17:29:19.618 INFO:teuthology.orchestra.run.vm03.stdout:/usr/bin/ceph: stderr
2026-03-09T17:29:19.260+0000 7f971ee58640 1 -- 192.168.123.103:0/1737024536 --> [v2:192.168.123.103:3300/0,v1:192.168.123.103:6789/0] -- mon_command({"prefix": "get_command_descriptions"} v 0) -- 0x7f96e0005390 con 0x7f9718109ac0
2026-03-09T17:29:19.618 INFO:teuthology.orchestra.run.vm03.stdout:/usr/bin/ceph: stderr
2026-03-09T17:29:19.260+0000 7f970dffb640 1 --2- 192.168.123.103:0/1737024536 >> [v2:192.168.123.103:6800/1795046093,v1:192.168.123.103:6801/1795046093] conn(0x7f96f003dc90 0x7f96f0040150 unknown :-1 s=NONE pgs=0 cs=0 l=1 rev1=0 crypto rx=0 tx=0 comp rx=0 tx=0).connect
2026-03-09T17:29:19.618 INFO:teuthology.orchestra.run.vm03.stdout:/usr/bin/ceph: stderr
2026-03-09T17:29:19.260+0000 7f970ffff640 1 --2- 192.168.123.103:0/1737024536 >> [v2:192.168.123.103:6800/1795046093,v1:192.168.123.103:6801/1795046093] conn(0x7f96f003dc90 0x7f96f0040150 unknown :-1 s=BANNER_CONNECTING pgs=0 cs=0 l=1 rev1=0 crypto rx=0 tx=0 comp rx=0 tx=0)._handle_peer_banner_payload supported=3 required=0
2026-03-09T17:29:19.618 INFO:teuthology.orchestra.run.vm03.stdout:/usr/bin/ceph: stderr
2026-03-09T17:29:19.264+0000 7f970dffb640 1 -- 192.168.123.103:0/1737024536 <== mon.0 v2:192.168.123.103:3300/0 5 ==== osd_map(3..3 src has 1..3) ==== 1155+0+0 (secure 0 0 0) 0x7f9708077160 con 0x7f9718109ac0
2026-03-09T17:29:19.618 INFO:teuthology.orchestra.run.vm03.stdout:/usr/bin/ceph: stderr
2026-03-09T17:29:19.264+0000 7f970dffb640 1 -- 192.168.123.103:0/1737024536 <== mon.0 v2:192.168.123.103:3300/0 6 ==== mon_command_ack([{"prefix": "get_command_descriptions"}]=0 v0) ==== 72+0+195034 (secure 0 0 0) 0x7f970804c850 con 0x7f9718109ac0
2026-03-09T17:29:19.618 INFO:teuthology.orchestra.run.vm03.stdout:/usr/bin/ceph: stderr
2026-03-09T17:29:19.264+0000 7f970ffff640 1 --2- 192.168.123.103:0/1737024536 >> [v2:192.168.123.103:6800/1795046093,v1:192.168.123.103:6801/1795046093] conn(0x7f96f003dc90 0x7f96f0040150 secure :-1 s=READY pgs=10 cs=0 l=1 rev1=1 crypto rx=0x7f9700009a10 tx=0x7f9700006eb0 comp rx=0 tx=0).ready entity=mgr.14150 client_cookie=0 server_cookie=0 in_seq=0 out_seq=0
2026-03-09T17:29:19.618 INFO:teuthology.orchestra.run.vm03.stdout:/usr/bin/ceph: stderr
2026-03-09T17:29:19.420+0000 7f971ee58640 1 -- 192.168.123.103:0/1737024536 --> [v2:192.168.123.103:3300/0,v1:192.168.123.103:6789/0] -- mon_command([{prefix=config-key set, key=mgr/dashboard/cluster/status}] v 0) -- 0x7f96e0005680 con 0x7f9718109ac0
2026-03-09T17:29:19.618 INFO:teuthology.orchestra.run.vm03.stdout:/usr/bin/ceph: stderr
2026-03-09T17:29:19.468+0000 7f970dffb640 1 -- 192.168.123.103:0/1737024536 <== mon.0 v2:192.168.123.103:3300/0 7 ==== mon_command_ack([{prefix=config-key set, key=mgr/dashboard/cluster/status}]=0 set mgr/dashboard/cluster/status v24)=0 set mgr/dashboard/cluster/status v24) ==== 153+0+0 (secure 0 0 0) 0x7f9708003d30 con 0x7f9718109ac0
2026-03-09T17:29:19.618 INFO:teuthology.orchestra.run.vm03.stdout:/usr/bin/ceph: stderr set mgr/dashboard/cluster/status
2026-03-09T17:29:19.618 INFO:teuthology.orchestra.run.vm03.stdout:/usr/bin/ceph: stderr
2026-03-09T17:29:19.472+0000 7f971ee58640 1 -- 192.168.123.103:0/1737024536 >> [v2:192.168.123.103:6800/1795046093,v1:192.168.123.103:6801/1795046093] conn(0x7f96f003dc90 msgr2=0x7f96f0040150 secure :-1 s=STATE_CONNECTION_ESTABLISHED l=1).mark_down
2026-03-09T17:29:19.618 INFO:teuthology.orchestra.run.vm03.stdout:/usr/bin/ceph: stderr
2026-03-09T17:29:19.472+0000 7f971ee58640 1 --2- 192.168.123.103:0/1737024536 >> [v2:192.168.123.103:6800/1795046093,v1:192.168.123.103:6801/1795046093] conn(0x7f96f003dc90 0x7f96f0040150 secure :-1 s=READY pgs=10 cs=0 l=1 rev1=1 crypto rx=0x7f9700009a10 tx=0x7f9700006eb0 comp rx=0 tx=0).stop
2026-03-09T17:29:19.618 INFO:teuthology.orchestra.run.vm03.stdout:/usr/bin/ceph: stderr
2026-03-09T17:29:19.472+0000 7f971ee58640 1 -- 192.168.123.103:0/1737024536 >> [v2:192.168.123.103:3300/0,v1:192.168.123.103:6789/0] conn(0x7f9718109ac0 msgr2=0x7f971819f870 secure :-1 s=STATE_CONNECTION_ESTABLISHED l=1).mark_down
2026-03-09T17:29:19.618 INFO:teuthology.orchestra.run.vm03.stdout:/usr/bin/ceph: stderr
2026-03-09T17:29:19.472+0000 7f971ee58640 1 --2- 192.168.123.103:0/1737024536 >> [v2:192.168.123.103:3300/0,v1:192.168.123.103:6789/0] conn(0x7f9718109ac0 0x7f971819f870 secure :-1 s=READY pgs=75 cs=0 l=1 rev1=1 crypto rx=0x7f9708002410 tx=0x7f9708004270 comp rx=0 tx=0).stop
2026-03-09T17:29:19.618 INFO:teuthology.orchestra.run.vm03.stdout:/usr/bin/ceph: stderr
2026-03-09T17:29:19.472+0000 7f971ee58640 1 -- 192.168.123.103:0/1737024536 shutdown_connections
2026-03-09T17:29:19.618 INFO:teuthology.orchestra.run.vm03.stdout:/usr/bin/ceph: stderr
2026-03-09T17:29:19.472+0000 7f971ee58640 1 --2- 192.168.123.103:0/1737024536 >> [v2:192.168.123.103:6800/1795046093,v1:192.168.123.103:6801/1795046093] conn(0x7f96f003dc90 0x7f96f0040150 unknown :-1 s=CLOSED pgs=10 cs=0 l=1 rev1=1 crypto rx=0 tx=0 comp rx=0 tx=0).stop
2026-03-09T17:29:19.618 INFO:teuthology.orchestra.run.vm03.stdout:/usr/bin/ceph: stderr
2026-03-09T17:29:19.472+0000 7f971ee58640 1 --2- 192.168.123.103:0/1737024536 >> [v2:192.168.123.103:3300/0,v1:192.168.123.103:6789/0] conn(0x7f9718109ac0 0x7f971819f870 unknown :-1 s=CLOSED pgs=75 cs=0 l=1 rev1=1 crypto rx=0 tx=0 comp rx=0 tx=0).stop
2026-03-09T17:29:19.618 INFO:teuthology.orchestra.run.vm03.stdout:/usr/bin/ceph: stderr
2026-03-09T17:29:19.472+0000 7f971ee58640 1 -- 192.168.123.103:0/1737024536 >> 192.168.123.103:0/1737024536 conn(0x7f971807d070 msgr2=0x7f9718107780 unknown :-1 s=STATE_NONE l=0).mark_down
2026-03-09T17:29:19.618 INFO:teuthology.orchestra.run.vm03.stdout:/usr/bin/ceph: stderr
2026-03-09T17:29:19.472+0000 7f971ee58640 1 -- 192.168.123.103:0/1737024536 shutdown_connections
2026-03-09T17:29:19.618 INFO:teuthology.orchestra.run.vm03.stdout:/usr/bin/ceph: stderr
2026-03-09T17:29:19.472+0000 7f971ee58640 1 -- 192.168.123.103:0/1737024536 wait complete.
2026-03-09T17:29:19.618 INFO:teuthology.orchestra.run.vm03.stdout:You can access the Ceph CLI as following in case of multi-cluster or non-default config:
2026-03-09T17:29:19.618 INFO:teuthology.orchestra.run.vm03.stdout:
2026-03-09T17:29:19.618 INFO:teuthology.orchestra.run.vm03.stdout: sudo /home/ubuntu/cephtest/cephadm shell --fsid 23884690-1bdd-11f1-ab57-574c4e384722 -c /etc/ceph/ceph.conf -k /etc/ceph/ceph.client.admin.keyring
2026-03-09T17:29:19.618 INFO:teuthology.orchestra.run.vm03.stdout:
2026-03-09T17:29:19.618 INFO:teuthology.orchestra.run.vm03.stdout:Or, if you are only running a single cluster on this host:
2026-03-09T17:29:19.618 INFO:teuthology.orchestra.run.vm03.stdout:
2026-03-09T17:29:19.618 INFO:teuthology.orchestra.run.vm03.stdout: sudo /home/ubuntu/cephtest/cephadm shell
2026-03-09T17:29:19.618 INFO:teuthology.orchestra.run.vm03.stdout:
2026-03-09T17:29:19.618 INFO:teuthology.orchestra.run.vm03.stdout:Please consider enabling telemetry to help improve Ceph:
2026-03-09T17:29:19.618 INFO:teuthology.orchestra.run.vm03.stdout:
2026-03-09T17:29:19.618 INFO:teuthology.orchestra.run.vm03.stdout: ceph telemetry on
2026-03-09T17:29:19.618 INFO:teuthology.orchestra.run.vm03.stdout:
2026-03-09T17:29:19.618 INFO:teuthology.orchestra.run.vm03.stdout:For more information see:
2026-03-09T17:29:19.618 INFO:teuthology.orchestra.run.vm03.stdout:
2026-03-09T17:29:19.618 INFO:teuthology.orchestra.run.vm03.stdout: https://docs.ceph.com/en/latest/mgr/telemetry/
2026-03-09T17:29:19.618 INFO:teuthology.orchestra.run.vm03.stdout:
2026-03-09T17:29:19.618 INFO:teuthology.orchestra.run.vm03.stdout:Bootstrap complete.
2026-03-09T17:29:19.640 INFO:tasks.cephadm:Fetching config...
2026-03-09T17:29:19.640 DEBUG:teuthology.orchestra.run.vm03:> set -ex
2026-03-09T17:29:19.640 DEBUG:teuthology.orchestra.run.vm03:> dd if=/etc/ceph/ceph.conf of=/dev/stdout
2026-03-09T17:29:19.644 INFO:tasks.cephadm:Fetching client.admin keyring...
2026-03-09T17:29:19.649 DEBUG:teuthology.orchestra.run.vm03:> set -ex
2026-03-09T17:29:19.649 DEBUG:teuthology.orchestra.run.vm03:> dd if=/etc/ceph/ceph.client.admin.keyring of=/dev/stdout
2026-03-09T17:29:19.690 INFO:tasks.cephadm:Fetching mon keyring...
2026-03-09T17:29:19.690 DEBUG:teuthology.orchestra.run.vm03:> set -ex
2026-03-09T17:29:19.690 DEBUG:teuthology.orchestra.run.vm03:> sudo dd if=/var/lib/ceph/23884690-1bdd-11f1-ab57-574c4e384722/mon.a/keyring of=/dev/stdout
2026-03-09T17:29:19.740 INFO:tasks.cephadm:Fetching pub ssh key...
2026-03-09T17:29:19.741 DEBUG:teuthology.orchestra.run.vm03:> set -ex
2026-03-09T17:29:19.741 DEBUG:teuthology.orchestra.run.vm03:> dd if=/home/ubuntu/cephtest/ceph.pub of=/dev/stdout
2026-03-09T17:29:19.786 INFO:tasks.cephadm:Installing pub ssh key for root users...
2026-03-09T17:29:19.787 DEBUG:teuthology.orchestra.run.vm03:> sudo install -d -m 0700 /root/.ssh && echo 'ssh-ed25519 AAAAC3NzaC1lZDI1NTE5AAAAICD1tSWGasipGbqDEWM42nQNlinuTSEpcuq/4NidEgYT ceph-23884690-1bdd-11f1-ab57-574c4e384722' | sudo tee -a /root/.ssh/authorized_keys && sudo chmod 0600 /root/.ssh/authorized_keys
2026-03-09T17:29:19.833 INFO:journalctl@ceph.mon.a.vm03.stdout:Mar 09 17:29:19 vm03 bash[20699]: audit
2026-03-09T17:29:17.995278+0000 mgr.x (mgr.14150) 8 : audit [DBG] from='client.14162 -' entity='client.admin' cmd=[{"prefix": "dashboard create-self-signed-cert", "target": ["mon-mgr", ""]}]: dispatch
2026-03-09T17:29:19.833 INFO:journalctl@ceph.mon.a.vm03.stdout:Mar 09 17:29:19 vm03 bash[20699]: audit
2026-03-09T17:29:17.995278+0000 mgr.x (mgr.14150) 8 : audit [DBG] from='client.14162 -' entity='client.admin' cmd=[{"prefix": "dashboard create-self-signed-cert", "target": ["mon-mgr", ""]}]: dispatch
2026-03-09T17:29:19.833 INFO:journalctl@ceph.mon.a.vm03.stdout:Mar 09 17:29:19 vm03 bash[20699]: audit
2026-03-09T17:29:18.471744+0000 mgr.x (mgr.14150) 9 : audit [DBG] from='client.14164 -' entity='client.admin' cmd=[{"prefix": "dashboard ac-user-create", "username": "admin", "rolename": "administrator", "force_password": true, "pwd_update_required": true, "target": ["mon-mgr", ""]}]: dispatch
2026-03-09T17:29:19.833 INFO:journalctl@ceph.mon.a.vm03.stdout:Mar 09 17:29:19 vm03 bash[20699]: audit
2026-03-09T17:29:18.471744+0000 mgr.x (mgr.14150) 9 : audit [DBG] from='client.14164 -' entity='client.admin' cmd=[{"prefix": "dashboard ac-user-create", "username": "admin", "rolename": "administrator", "force_password": true, "pwd_update_required": true, "target": ["mon-mgr", ""]}]: dispatch
2026-03-09T17:29:19.833 INFO:journalctl@ceph.mon.a.vm03.stdout:Mar 09 17:29:19 vm03 bash[20699]: audit
2026-03-09T17:29:18.631715+0000 mon.a (mon.0) 92 : audit [INF] from='mgr.14150 192.168.123.103:0/445294181' entity='mgr.x'
2026-03-09T17:29:19.833 INFO:journalctl@ceph.mon.a.vm03.stdout:Mar 09 17:29:19 vm03 bash[20699]: audit
2026-03-09T17:29:18.631715+0000 mon.a (mon.0) 92 : audit [INF] from='mgr.14150 192.168.123.103:0/445294181' entity='mgr.x'
2026-03-09T17:29:19.833 INFO:journalctl@ceph.mon.a.vm03.stdout:Mar 09 17:29:19 vm03 bash[20699]: audit
2026-03-09T17:29:19.007768+0000 mon.a (mon.0) 93 : audit [DBG] from='client.? 192.168.123.103:0/1140662819' entity='client.admin' cmd=[{"prefix": "config get", "who": "mgr", "key": "mgr/dashboard/ssl_server_port"}]: dispatch
2026-03-09T17:29:19.833 INFO:journalctl@ceph.mon.a.vm03.stdout:Mar 09 17:29:19 vm03 bash[20699]: audit
2026-03-09T17:29:19.007768+0000 mon.a (mon.0) 93 : audit [DBG] from='client.? 192.168.123.103:0/1140662819' entity='client.admin' cmd=[{"prefix": "config get", "who": "mgr", "key": "mgr/dashboard/ssl_server_port"}]: dispatch
