2026-03-09T17:29:07.077 INFO:teuthology.orchestra.run.vm03.stdout:/usr/bin/ceph: stderr
2026-03-09T17:29:06.892+0000 7f0e477fe640 1 -- 192.168.123.103:0/1039237 --> [v2:192.168.123.103:3300/0,v1:192.168.123.103:6789/0] -- mon_subscribe({config=0+,monmap=0+}) -- 0x7f0e48108780 con 0x7f0e48107c30
2026-03-09T17:29:07.077 INFO:teuthology.orchestra.run.vm03.stdout:/usr/bin/ceph: stderr
2026-03-09T17:29:06.892+0000 7f0e477fe640 1 --2- 192.168.123.103:0/1039237 >> [v2:192.168.123.103:3300/0,v1:192.168.123.103:6789/0] conn(0x7f0e48107c30 0x7f0e48108030 secure :-1 s=READY pgs=35 cs=0 l=1 rev1=1 crypto rx=0x7f0e34009920 tx=0x7f0e3402ef20 comp rx=0 tx=0).ready entity=mon.0 client_cookie=2306de0ea39e84a server_cookie=0 in_seq=0 out_seq=0
2026-03-09T17:29:07.077 INFO:teuthology.orchestra.run.vm03.stdout:/usr/bin/ceph: stderr
2026-03-09T17:29:06.892+0000 7f0e467fc640 1 -- 192.168.123.103:0/1039237 <== mon.0 v2:192.168.123.103:3300/0 1 ==== mon_map magic: 0 ==== 205+0+0 (secure 0 0 0) 0x7f0e3403c070 con 0x7f0e48107c30
2026-03-09T17:29:07.077 INFO:teuthology.orchestra.run.vm03.stdout:/usr/bin/ceph: stderr
2026-03-09T17:29:06.896+0000 7f0e467fc640 1 -- 192.168.123.103:0/1039237 <== mon.0 v2:192.168.123.103:3300/0 2 ==== config(25 keys) ==== 1007+0+0 (secure 0 0 0) 0x7f0e34037440 con 0x7f0e48107c30
2026-03-09T17:29:07.077 INFO:teuthology.orchestra.run.vm03.stdout:/usr/bin/ceph: stderr
2026-03-09T17:29:06.896+0000 7f0e4e194640 1 -- 192.168.123.103:0/1039237 >> [v2:192.168.123.103:3300/0,v1:192.168.123.103:6789/0] conn(0x7f0e48107c30 msgr2=0x7f0e48108030 secure :-1 s=STATE_CONNECTION_ESTABLISHED l=1).mark_down
2026-03-09T17:29:07.077 INFO:teuthology.orchestra.run.vm03.stdout:/usr/bin/ceph: stderr
2026-03-09T17:29:06.896+0000 7f0e4e194640 1 --2- 192.168.123.103:0/1039237 >> [v2:192.168.123.103:3300/0,v1:192.168.123.103:6789/0] conn(0x7f0e48107c30 0x7f0e48108030 secure :-1 s=READY pgs=35 cs=0 l=1 rev1=1 crypto rx=0x7f0e34009920 tx=0x7f0e3402ef20 comp rx=0 tx=0).stop
2026-03-09T17:29:07.077 INFO:teuthology.orchestra.run.vm03.stdout:/usr/bin/ceph: stderr
2026-03-09T17:29:06.896+0000 7f0e4e194640 1 -- 192.168.123.103:0/1039237 shutdown_connections
2026-03-09T17:29:07.077 INFO:teuthology.orchestra.run.vm03.stdout:/usr/bin/ceph: stderr
2026-03-09T17:29:06.896+0000 7f0e4e194640 1 --2- 192.168.123.103:0/1039237 >> [v2:192.168.123.103:3300/0,v1:192.168.123.103:6789/0] conn(0x7f0e48107c30 0x7f0e48108030 unknown :-1 s=CLOSED pgs=35 cs=0 l=1 rev1=1 crypto rx=0 tx=0 comp rx=0 tx=0).stop
2026-03-09T17:29:07.077 INFO:teuthology.orchestra.run.vm03.stdout:/usr/bin/ceph: stderr
2026-03-09T17:29:06.896+0000 7f0e4e194640 1 -- 192.168.123.103:0/1039237 >> 192.168.123.103:0/1039237 conn(0x7f0e48101530 msgr2=0x7f0e48103990 unknown :-1 s=STATE_NONE l=0).mark_down
2026-03-09T17:29:07.077 INFO:teuthology.orchestra.run.vm03.stdout:/usr/bin/ceph: stderr
2026-03-09T17:29:06.896+0000 7f0e4e194640 1 -- 192.168.123.103:0/1039237 shutdown_connections
2026-03-09T17:29:07.078 INFO:teuthology.orchestra.run.vm03.stdout:/usr/bin/ceph: stderr
2026-03-09T17:29:06.896+0000 7f0e4e194640 1 -- 192.168.123.103:0/1039237 wait complete.
2026-03-09T17:29:07.078 INFO:teuthology.orchestra.run.vm03.stdout:/usr/bin/ceph: stderr
2026-03-09T17:29:06.896+0000 7f0e4e194640 1 Processor -- start
2026-03-09T17:29:07.078 INFO:teuthology.orchestra.run.vm03.stdout:/usr/bin/ceph: stderr
2026-03-09T17:29:06.896+0000 7f0e4e194640 1 -- start start
2026-03-09T17:29:07.078 INFO:teuthology.orchestra.run.vm03.stdout:/usr/bin/ceph: stderr
2026-03-09T17:29:06.896+0000 7f0e4e194640 1 --2- >> [v2:192.168.123.103:3300/0,v1:192.168.123.103:6789/0] conn(0x7f0e48107c30 0x7f0e4819f980 unknown :-1 s=NONE pgs=0 cs=0 l=1 rev1=0 crypto rx=0 tx=0 comp rx=0 tx=0).connect
2026-03-09T17:29:07.078 INFO:teuthology.orchestra.run.vm03.stdout:/usr/bin/ceph: stderr
2026-03-09T17:29:06.896+0000 7f0e4e194640 1 -- --> [v2:192.168.123.103:3300/0,v1:192.168.123.103:6789/0] -- mon_getmap magic: 0 -- 0x7f0e4810dd70 con 0x7f0e48107c30
2026-03-09T17:29:07.078 INFO:teuthology.orchestra.run.vm03.stdout:/usr/bin/ceph: stderr
2026-03-09T17:29:06.896+0000 7f0e477fe640 1 --2- >> [v2:192.168.123.103:3300/0,v1:192.168.123.103:6789/0] conn(0x7f0e48107c30 0x7f0e4819f980 unknown :-1 s=BANNER_CONNECTING pgs=0 cs=0 l=1 rev1=0 crypto rx=0 tx=0 comp rx=0 tx=0)._handle_peer_banner_payload supported=3 required=0
2026-03-09T17:29:07.078 INFO:teuthology.orchestra.run.vm03.stdout:/usr/bin/ceph: stderr
2026-03-09T17:29:06.896+0000 7f0e477fe640 1 --2- >> [v2:192.168.123.103:3300/0,v1:192.168.123.103:6789/0] conn(0x7f0e48107c30 0x7f0e4819f980 unknown :-1 s=HELLO_CONNECTING pgs=0 cs=0 l=1 rev1=1 crypto rx=0 tx=0 comp rx=0 tx=0).handle_hello peer v2:192.168.123.103:3300/0 says I am v2:192.168.123.103:40218/0 (socket says 192.168.123.103:40218)
2026-03-09T17:29:07.078 INFO:teuthology.orchestra.run.vm03.stdout:/usr/bin/ceph: stderr
2026-03-09T17:29:06.896+0000 7f0e477fe640 1 -- 192.168.123.103:0/2076112431 learned_addr learned my addr 192.168.123.103:0/2076112431 (peer_addr_for_me v2:192.168.123.103:0/0)
2026-03-09T17:29:07.078 INFO:teuthology.orchestra.run.vm03.stdout:/usr/bin/ceph: stderr
2026-03-09T17:29:06.896+0000 7f0e477fe640 1 -- 192.168.123.103:0/2076112431 --> [v2:192.168.123.103:3300/0,v1:192.168.123.103:6789/0] -- mon_subscribe({config=0+,monmap=0+}) -- 0x7f0e4819fec0 con 0x7f0e48107c30
2026-03-09T17:29:07.078 INFO:teuthology.orchestra.run.vm03.stdout:/usr/bin/ceph: stderr
2026-03-09T17:29:06.896+0000 7f0e477fe640 1 --2- 192.168.123.103:0/2076112431 >> [v2:192.168.123.103:3300/0,v1:192.168.123.103:6789/0] conn(0x7f0e48107c30 0x7f0e4819f980 secure :-1 s=READY pgs=36 cs=0 l=1 rev1=1 crypto rx=0x7f0e34035ed0 tx=0x7f0e34035f00 comp rx=0 tx=0).ready entity=mon.0 client_cookie=0 server_cookie=0 in_seq=0 out_seq=0
2026-03-09T17:29:07.078 INFO:teuthology.orchestra.run.vm03.stdout:/usr/bin/ceph: stderr
2026-03-09T17:29:06.896+0000 7f0e44ff9640 1 -- 192.168.123.103:0/2076112431 <== mon.0 v2:192.168.123.103:3300/0 1 ==== mon_map magic: 0 ==== 205+0+0 (secure 0 0 0) 0x7f0e34045070 con 0x7f0e48107c30
2026-03-09T17:29:07.078 INFO:teuthology.orchestra.run.vm03.stdout:/usr/bin/ceph: stderr
2026-03-09T17:29:06.896+0000 7f0e4e194640 1 -- 192.168.123.103:0/2076112431 --> [v2:192.168.123.103:3300/0,v1:192.168.123.103:6789/0] -- mon_subscribe({mgrmap=0+}) -- 0x7f0e481a0150 con 0x7f0e48107c30
2026-03-09T17:29:07.078 INFO:teuthology.orchestra.run.vm03.stdout:/usr/bin/ceph: stderr
2026-03-09T17:29:06.896+0000 7f0e44ff9640 1 -- 192.168.123.103:0/2076112431 <== mon.0 v2:192.168.123.103:3300/0 2 ==== config(25 keys) ==== 1007+0+0 (secure 0 0 0) 0x7f0e34037ca0 con 0x7f0e48107c30
2026-03-09T17:29:07.078 INFO:teuthology.orchestra.run.vm03.stdout:/usr/bin/ceph: stderr
2026-03-09T17:29:06.896+0000 7f0e4e194640 1 -- 192.168.123.103:0/2076112431 --> [v2:192.168.123.103:3300/0,v1:192.168.123.103:6789/0] -- mon_subscribe({osdmap=0}) -- 0x7f0e481a2e40 con 0x7f0e48107c30
2026-03-09T17:29:07.078 INFO:teuthology.orchestra.run.vm03.stdout:/usr/bin/ceph: stderr
2026-03-09T17:29:06.900+0000 7f0e44ff9640 1 -- 192.168.123.103:0/2076112431 <== mon.0 v2:192.168.123.103:3300/0 3 ==== mon_map magic: 0 ==== 205+0+0 (secure 0 0 0) 0x7f0e3403c070 con 0x7f0e48107c30
2026-03-09T17:29:07.078 INFO:teuthology.orchestra.run.vm03.stdout:/usr/bin/ceph: stderr
2026-03-09T17:29:06.900+0000 7f0e44ff9640 1 -- 192.168.123.103:0/2076112431 <== mon.0 v2:192.168.123.103:3300/0 4 ==== mgrmap(e 7) ==== 50141+0+0 (secure 0 0 0) 0x7f0e3404a430 con 0x7f0e48107c30
2026-03-09T17:29:07.078 INFO:teuthology.orchestra.run.vm03.stdout:/usr/bin/ceph: stderr
2026-03-09T17:29:06.900+0000 7f0e44ff9640 1 --2- 192.168.123.103:0/2076112431 >> [v2:192.168.123.103:6800/3344537082,v1:192.168.123.103:6801/3344537082] conn(0x7f0e2003dac0 0x7f0e2003ff80 unknown :-1 s=NONE pgs=0 cs=0 l=1 rev1=0 crypto rx=0 tx=0 comp rx=0 tx=0).connect
2026-03-09T17:29:07.078 INFO:teuthology.orchestra.run.vm03.stdout:/usr/bin/ceph: stderr
2026-03-09T17:29:06.900+0000 7f0e44ff9640 1 -- 192.168.123.103:0/2076112431 <== mon.0 v2:192.168.123.103:3300/0 5 ==== osd_map(2..2 src has 1..2) ==== 940+0+0 (secure 0 0 0) 0x7f0e340772b0 con 0x7f0e48107c30
2026-03-09T17:29:07.078 INFO:teuthology.orchestra.run.vm03.stdout:/usr/bin/ceph: stderr
2026-03-09T17:29:06.900+0000 7f0e46ffd640 1 --2- 192.168.123.103:0/2076112431 >> [v2:192.168.123.103:6800/3344537082,v1:192.168.123.103:6801/3344537082] conn(0x7f0e2003dac0 0x7f0e2003ff80 unknown :-1 s=BANNER_CONNECTING pgs=0 cs=0 l=1 rev1=0 crypto rx=0 tx=0 comp rx=0 tx=0)._handle_peer_banner_payload supported=3 required=0
2026-03-09T17:29:07.078 INFO:teuthology.orchestra.run.vm03.stdout:/usr/bin/ceph: stderr
2026-03-09T17:29:06.900+0000 7f0e4e194640 1 -- 192.168.123.103:0/2076112431 --> [v2:192.168.123.103:3300/0,v1:192.168.123.103:6789/0] -- mon_command({"prefix": "get_command_descriptions"} v 0) -- 0x7f0e48108030 con 0x7f0e48107c30
2026-03-09T17:29:07.078 INFO:teuthology.orchestra.run.vm03.stdout:/usr/bin/ceph: stderr
2026-03-09T17:29:06.904+0000 7f0e44ff9640 1 -- 192.168.123.103:0/2076112431 <== mon.0 v2:192.168.123.103:3300/0 6 ==== mon_command_ack([{"prefix": "get_command_descriptions"}]=0 v0) ==== 72+0+195034 (secure 0 0 0) 0x7f0e34033200 con 0x7f0e48107c30
2026-03-09T17:29:07.078 INFO:teuthology.orchestra.run.vm03.stdout:/usr/bin/ceph: stderr
2026-03-09T17:29:06.904+0000 7f0e46ffd640 1 --2- 192.168.123.103:0/2076112431 >> [v2:192.168.123.103:6800/3344537082,v1:192.168.123.103:6801/3344537082] conn(0x7f0e2003dac0 0x7f0e2003ff80 secure :-1 s=READY pgs=7 cs=0 l=1 rev1=1 crypto rx=0x7f0e380099c0 tx=0x7f0e38006eb0 comp rx=0 tx=0).ready entity=mgr.14118 client_cookie=0 server_cookie=0 in_seq=0 out_seq=0
2026-03-09T17:29:07.078 INFO:teuthology.orchestra.run.vm03.stdout:/usr/bin/ceph: stderr
2026-03-09T17:29:07.020+0000 7f0e4e194640 1 -- 192.168.123.103:0/2076112431 --> [v2:192.168.123.103:6800/3344537082,v1:192.168.123.103:6801/3344537082] -- mgr_command(tid 0: {"prefix": "orch set backend", "module_name": "cephadm", "target": ["mon-mgr", ""]}) -- 0x7f0e48102960 con 0x7f0e2003dac0
2026-03-09T17:29:07.078 INFO:teuthology.orchestra.run.vm03.stdout:/usr/bin/ceph: stderr
2026-03-09T17:29:07.028+0000 7f0e44ff9640 1 -- 192.168.123.103:0/2076112431 <== mgr.14118 v2:192.168.123.103:6800/3344537082 1 ==== mgr_command_reply(tid 0: 0 ) ==== 8+0+0 (secure 0 0 0) 0x7f0e48102960 con 0x7f0e2003dac0
2026-03-09T17:29:07.078 INFO:teuthology.orchestra.run.vm03.stdout:/usr/bin/ceph: stderr
2026-03-09T17:29:07.036+0000 7f0e4e194640 1 -- 192.168.123.103:0/2076112431 >> [v2:192.168.123.103:6800/3344537082,v1:192.168.123.103:6801/3344537082] conn(0x7f0e2003dac0 msgr2=0x7f0e2003ff80 secure :-1 s=STATE_CONNECTION_ESTABLISHED l=1).mark_down
2026-03-09T17:29:07.078 INFO:teuthology.orchestra.run.vm03.stdout:/usr/bin/ceph: stderr
2026-03-09T17:29:07.036+0000 7f0e4e194640 1 --2- 192.168.123.103:0/2076112431 >> [v2:192.168.123.103:6800/3344537082,v1:192.168.123.103:6801/3344537082] conn(0x7f0e2003dac0 0x7f0e2003ff80 secure :-1 s=READY pgs=7 cs=0 l=1 rev1=1 crypto rx=0x7f0e380099c0 tx=0x7f0e38006eb0 comp rx=0 tx=0).stop
2026-03-09T17:29:07.078 INFO:teuthology.orchestra.run.vm03.stdout:/usr/bin/ceph: stderr
2026-03-09T17:29:07.036+0000 7f0e4e194640 1 -- 192.168.123.103:0/2076112431 >> [v2:192.168.123.103:3300/0,v1:192.168.123.103:6789/0] conn(0x7f0e48107c30 msgr2=0x7f0e4819f980 secure :-1 s=STATE_CONNECTION_ESTABLISHED l=1).mark_down
2026-03-09T17:29:07.078 INFO:teuthology.orchestra.run.vm03.stdout:/usr/bin/ceph: stderr
2026-03-09T17:29:07.036+0000 7f0e4e194640 1 --2- 192.168.123.103:0/2076112431 >> [v2:192.168.123.103:3300/0,v1:192.168.123.103:6789/0] conn(0x7f0e48107c30 0x7f0e4819f980 secure :-1 s=READY pgs=36 cs=0 l=1 rev1=1 crypto rx=0x7f0e34035ed0 tx=0x7f0e34035f00 comp rx=0 tx=0).stop
2026-03-09T17:29:07.078 INFO:teuthology.orchestra.run.vm03.stdout:/usr/bin/ceph: stderr
2026-03-09T17:29:07.036+0000 7f0e4e194640 1 -- 192.168.123.103:0/2076112431 shutdown_connections
2026-03-09T17:29:07.078 INFO:teuthology.orchestra.run.vm03.stdout:/usr/bin/ceph: stderr
2026-03-09T17:29:07.036+0000 7f0e4e194640 1 --2- 192.168.123.103:0/2076112431 >> [v2:192.168.123.103:6800/3344537082,v1:192.168.123.103:6801/3344537082] conn(0x7f0e2003dac0 0x7f0e2003ff80 unknown :-1 s=CLOSED pgs=7 cs=0 l=1 rev1=1 crypto rx=0 tx=0 comp rx=0 tx=0).stop
2026-03-09T17:29:07.078 INFO:teuthology.orchestra.run.vm03.stdout:/usr/bin/ceph: stderr
2026-03-09T17:29:07.036+0000 7f0e4e194640 1 --2- 192.168.123.103:0/2076112431 >> [v2:192.168.123.103:3300/0,v1:192.168.123.103:6789/0] conn(0x7f0e48107c30 0x7f0e4819f980 unknown :-1 s=CLOSED pgs=36 cs=0 l=1 rev1=1 crypto rx=0 tx=0 comp rx=0 tx=0).stop
2026-03-09T17:29:07.078 INFO:teuthology.orchestra.run.vm03.stdout:/usr/bin/ceph: stderr
2026-03-09T17:29:07.036+0000 7f0e4e194640 1 -- 192.168.123.103:0/2076112431 >> 192.168.123.103:0/2076112431 conn(0x7f0e48101530 msgr2=0x7f0e48102250 unknown :-1 s=STATE_NONE l=0).mark_down
2026-03-09T17:29:07.078 INFO:teuthology.orchestra.run.vm03.stdout:/usr/bin/ceph: stderr
2026-03-09T17:29:07.036+0000 7f0e4e194640 1 -- 192.168.123.103:0/2076112431 shutdown_connections
2026-03-09T17:29:07.078 INFO:teuthology.orchestra.run.vm03.stdout:/usr/bin/ceph: stderr
2026-03-09T17:29:07.036+0000 7f0e4e194640 1 -- 192.168.123.103:0/2076112431 wait complete.
2026-03-09T17:29:07.344 INFO:teuthology.orchestra.run.vm03.stdout:/usr/bin/ceph: stdout value unchanged
2026-03-09T17:29:07.345 INFO:teuthology.orchestra.run.vm03.stdout:/usr/bin/ceph: stderr
2026-03-09T17:29:07.192+0000 7f91988b2640 1 Processor -- start
2026-03-09T17:29:07.345 INFO:teuthology.orchestra.run.vm03.stdout:/usr/bin/ceph: stderr
2026-03-09T17:29:07.192+0000 7f91988b2640 1 -- start start
2026-03-09T17:29:07.345 INFO:teuthology.orchestra.run.vm03.stdout:/usr/bin/ceph: stderr
2026-03-09T17:29:07.192+0000 7f91988b2640 1 --2- >> [v2:192.168.123.103:3300/0,v1:192.168.123.103:6789/0] conn(0x7f9194109a70 0x7f9194109e70 unknown :-1 s=NONE pgs=0 cs=0 l=0 rev1=0 crypto rx=0 tx=0 comp rx=0 tx=0).connect
2026-03-09T17:29:07.345 INFO:teuthology.orchestra.run.vm03.stdout:/usr/bin/ceph: stderr
2026-03-09T17:29:07.192+0000 7f91988b2640 1 -- --> [v2:192.168.123.103:3300/0,v1:192.168.123.103:6789/0] -- mon_getmap magic: 0 -- 0x7f919410a440 con 0x7f9194109a70
2026-03-09T17:29:07.345 INFO:teuthology.orchestra.run.vm03.stdout:/usr/bin/ceph: stderr
2026-03-09T17:29:07.192+0000 7f9192575640 1 --2- >> [v2:192.168.123.103:3300/0,v1:192.168.123.103:6789/0] conn(0x7f9194109a70 0x7f9194109e70 unknown :-1 s=BANNER_CONNECTING pgs=0 cs=0 l=0 rev1=0 crypto rx=0 tx=0 comp rx=0 tx=0)._handle_peer_banner_payload supported=3 required=0
2026-03-09T17:29:07.345 INFO:teuthology.orchestra.run.vm03.stdout:/usr/bin/ceph: stderr
2026-03-09T17:29:07.192+0000 7f9192575640 1 --2- >> [v2:192.168.123.103:3300/0,v1:192.168.123.103:6789/0] conn(0x7f9194109a70 0x7f9194109e70 unknown :-1 s=HELLO_CONNECTING pgs=0 cs=0 l=0 rev1=1 crypto rx=0 tx=0 comp rx=0 tx=0).handle_hello peer v2:192.168.123.103:3300/0 says I am v2:192.168.123.103:40226/0 (socket says 192.168.123.103:40226)
2026-03-09T17:29:07.345 INFO:teuthology.orchestra.run.vm03.stdout:/usr/bin/ceph: stderr
2026-03-09T17:29:07.192+0000 7f9192575640 1 -- 192.168.123.103:0/3629953626 learned_addr learned my addr 192.168.123.103:0/3629953626 (peer_addr_for_me v2:192.168.123.103:0/0)
2026-03-09T17:29:07.345 INFO:teuthology.orchestra.run.vm03.stdout:/usr/bin/ceph: stderr
2026-03-09T17:29:07.192+0000 7f9192575640 1 -- 192.168.123.103:0/3629953626 --> [v2:192.168.123.103:3300/0,v1:192.168.123.103:6789/0] -- mon_subscribe({config=0+,monmap=0+}) -- 0x7f919410ac10 con 0x7f9194109a70
2026-03-09T17:29:07.345 INFO:teuthology.orchestra.run.vm03.stdout:/usr/bin/ceph: stderr
2026-03-09T17:29:07.192+0000 7f9192575640 1 --2- 192.168.123.103:0/3629953626 >> [v2:192.168.123.103:3300/0,v1:192.168.123.103:6789/0] conn(0x7f9194109a70 0x7f9194109e70 secure :-1 s=READY pgs=37 cs=0 l=1 rev1=1 crypto rx=0x7f9188009920 tx=0x7f918802ef20 comp rx=0 tx=0).ready entity=mon.0 client_cookie=bb9fd95b087132f3 server_cookie=0 in_seq=0 out_seq=0
2026-03-09T17:29:07.345 INFO:teuthology.orchestra.run.vm03.stdout:/usr/bin/ceph: stderr
2026-03-09T17:29:07.192+0000 7f9191573640 1 -- 192.168.123.103:0/3629953626 <== mon.0 v2:192.168.123.103:3300/0 1 ==== mon_map magic: 0 ==== 205+0+0 (secure 0 0 0) 0x7f918803c070 con 0x7f9194109a70
2026-03-09T17:29:07.345 INFO:teuthology.orchestra.run.vm03.stdout:/usr/bin/ceph: stderr
2026-03-09T17:29:07.192+0000 7f9191573640 1 -- 192.168.123.103:0/3629953626 <== mon.0 v2:192.168.123.103:3300/0 2 ==== config(25 keys) ==== 1007+0+0 (secure 0 0 0) 0x7f9188037440 con 0x7f9194109a70
2026-03-09T17:29:07.345 INFO:teuthology.orchestra.run.vm03.stdout:/usr/bin/ceph: stderr
2026-03-09T17:29:07.192+0000 7f9191573640 1 -- 192.168.123.103:0/3629953626 <== mon.0 v2:192.168.123.103:3300/0 3 ==== mon_map magic: 0 ==== 205+0+0 (secure 0 0 0) 0x7f91880354d0 con 0x7f9194109a70
2026-03-09T17:29:07.345 INFO:teuthology.orchestra.run.vm03.stdout:/usr/bin/ceph: stderr
2026-03-09T17:29:07.192+0000 7f91988b2640 1 -- 192.168.123.103:0/3629953626 >> [v2:192.168.123.103:3300/0,v1:192.168.123.103:6789/0] conn(0x7f9194109a70 msgr2=0x7f9194109e70 secure :-1 s=STATE_CONNECTION_ESTABLISHED l=1).mark_down
2026-03-09T17:29:07.345 INFO:teuthology.orchestra.run.vm03.stdout:/usr/bin/ceph: stderr
2026-03-09T17:29:07.192+0000 7f91988b2640 1 --2- 192.168.123.103:0/3629953626 >> [v2:192.168.123.103:3300/0,v1:192.168.123.103:6789/0] conn(0x7f9194109a70 0x7f9194109e70 secure :-1 s=READY pgs=37 cs=0 l=1 rev1=1 crypto rx=0x7f9188009920 tx=0x7f918802ef20 comp rx=0 tx=0).stop
2026-03-09T17:29:07.345 INFO:teuthology.orchestra.run.vm03.stdout:/usr/bin/ceph: stderr
2026-03-09T17:29:07.192+0000 7f91988b2640 1 -- 192.168.123.103:0/3629953626 shutdown_connections
2026-03-09T17:29:07.345 INFO:teuthology.orchestra.run.vm03.stdout:/usr/bin/ceph: stderr
2026-03-09T17:29:07.192+0000 7f91988b2640 1 --2- 192.168.123.103:0/3629953626 >> [v2:192.168.123.103:3300/0,v1:192.168.123.103:6789/0] conn(0x7f9194109a70 0x7f9194109e70 unknown :-1 s=CLOSED pgs=37 cs=0 l=1 rev1=1 crypto rx=0 tx=0 comp rx=0 tx=0).stop
2026-03-09T17:29:07.345 INFO:teuthology.orchestra.run.vm03.stdout:/usr/bin/ceph: stderr
2026-03-09T17:29:07.192+0000 7f91988b2640 1 -- 192.168.123.103:0/3629953626 >> 192.168.123.103:0/3629953626 conn(0x7f919407d070 msgr2=0x7f919407d4c0 unknown :-1 s=STATE_NONE l=0).mark_down
2026-03-09T17:29:07.345 INFO:teuthology.orchestra.run.vm03.stdout:/usr/bin/ceph: stderr
2026-03-09T17:29:07.192+0000 7f91988b2640 1 -- 192.168.123.103:0/3629953626 shutdown_connections
2026-03-09T17:29:07.345 INFO:teuthology.orchestra.run.vm03.stdout:/usr/bin/ceph: stderr
2026-03-09T17:29:07.192+0000 7f91988b2640 1 -- 192.168.123.103:0/3629953626 wait complete.
2026-03-09T17:29:07.345 INFO:teuthology.orchestra.run.vm03.stdout:/usr/bin/ceph: stderr
2026-03-09T17:29:07.192+0000 7f91988b2640 1 Processor -- start
2026-03-09T17:29:07.345 INFO:teuthology.orchestra.run.vm03.stdout:/usr/bin/ceph: stderr
2026-03-09T17:29:07.196+0000 7f91988b2640 1 -- start start
2026-03-09T17:29:07.345 INFO:teuthology.orchestra.run.vm03.stdout:/usr/bin/ceph: stderr
2026-03-09T17:29:07.196+0000 7f91988b2640 1 --2- >> [v2:192.168.123.103:3300/0,v1:192.168.123.103:6789/0] conn(0x7f9194109a70 0x7f919419f8d0 unknown :-1 s=NONE pgs=0 cs=0 l=1 rev1=0 crypto rx=0 tx=0 comp rx=0 tx=0).connect
2026-03-09T17:29:07.345 INFO:teuthology.orchestra.run.vm03.stdout:/usr/bin/ceph: stderr
2026-03-09T17:29:07.196+0000 7f91988b2640 1 -- --> [v2:192.168.123.103:3300/0,v1:192.168.123.103:6789/0] -- mon_getmap magic: 0 -- 0x7f919410de40 con 0x7f9194109a70
2026-03-09T17:29:07.345 INFO:teuthology.orchestra.run.vm03.stdout:/usr/bin/ceph: stderr
2026-03-09T17:29:07.196+0000 7f9192575640 1 --2- >> [v2:192.168.123.103:3300/0,v1:192.168.123.103:6789/0] conn(0x7f9194109a70 0x7f919419f8d0 unknown :-1 s=BANNER_CONNECTING pgs=0 cs=0 l=1 rev1=0 crypto rx=0 tx=0 comp rx=0 tx=0)._handle_peer_banner_payload supported=3 required=0
2026-03-09T17:29:07.345 INFO:teuthology.orchestra.run.vm03.stdout:/usr/bin/ceph: stderr
2026-03-09T17:29:07.196+0000 7f9192575640 1 --2- >> [v2:192.168.123.103:3300/0,v1:192.168.123.103:6789/0] conn(0x7f9194109a70 0x7f919419f8d0 unknown :-1 s=HELLO_CONNECTING pgs=0 cs=0 l=1 rev1=1 crypto rx=0 tx=0 comp rx=0 tx=0).handle_hello peer v2:192.168.123.103:3300/0 says I am v2:192.168.123.103:40240/0 (socket says 192.168.123.103:40240)
2026-03-09T17:29:07.345 INFO:teuthology.orchestra.run.vm03.stdout:/usr/bin/ceph: stderr
2026-03-09T17:29:07.196+0000 7f9192575640 1 -- 192.168.123.103:0/3946048206 learned_addr learned my addr 192.168.123.103:0/3946048206 (peer_addr_for_me v2:192.168.123.103:0/0)
2026-03-09T17:29:07.345 INFO:teuthology.orchestra.run.vm03.stdout:/usr/bin/ceph: stderr
2026-03-09T17:29:07.196+0000 7f9192575640 1 -- 192.168.123.103:0/3946048206 --> [v2:192.168.123.103:3300/0,v1:192.168.123.103:6789/0] -- mon_subscribe({config=0+,monmap=0+}) -- 0x7f919419fe10 con 0x7f9194109a70
2026-03-09T17:29:07.345 INFO:teuthology.orchestra.run.vm03.stdout:/usr/bin/ceph: stderr
2026-03-09T17:29:07.196+0000 7f9192575640 1 --2- 192.168.123.103:0/3946048206 >> [v2:192.168.123.103:3300/0,v1:192.168.123.103:6789/0] conn(0x7f9194109a70 0x7f919419f8d0 secure :-1 s=READY pgs=38 cs=0 l=1 rev1=1 crypto rx=0x7f9188035700 tx=0x7f9188035a70 comp rx=0 tx=0).ready entity=mon.0 client_cookie=0 server_cookie=0 in_seq=0 out_seq=0
2026-03-09T17:29:07.345 INFO:teuthology.orchestra.run.vm03.stdout:/usr/bin/ceph: stderr
2026-03-09T17:29:07.196+0000 7f917f7fe640 1 -- 192.168.123.103:0/3946048206 <== mon.0 v2:192.168.123.103:3300/0 1 ==== mon_map magic: 0 ==== 205+0+0 (secure 0 0 0) 0x7f918803c030 con 0x7f9194109a70
2026-03-09T17:29:07.345 INFO:teuthology.orchestra.run.vm03.stdout:/usr/bin/ceph: stderr
2026-03-09T17:29:07.196+0000 7f91988b2640 1 -- 192.168.123.103:0/3946048206 --> [v2:192.168.123.103:3300/0,v1:192.168.123.103:6789/0] -- mon_subscribe({mgrmap=0+}) -- 0x7f91941a00a0 con 0x7f9194109a70
2026-03-09T17:29:07.345 INFO:teuthology.orchestra.run.vm03.stdout:/usr/bin/ceph: stderr
2026-03-09T17:29:07.196+0000 7f91988b2640 1 -- 192.168.123.103:0/3946048206 --> [v2:192.168.123.103:3300/0,v1:192.168.123.103:6789/0] -- mon_subscribe({osdmap=0}) -- 0x7f91941a2d90 con 0x7f9194109a70
2026-03-09T17:29:07.345 INFO:teuthology.orchestra.run.vm03.stdout:/usr/bin/ceph: stderr
2026-03-09T17:29:07.196+0000 7f917f7fe640 1 -- 192.168.123.103:0/3946048206 <== mon.0 v2:192.168.123.103:3300/0 2 ==== config(25 keys) ==== 1007+0+0 (secure 0 0 0) 0x7f918803e070 con 0x7f9194109a70
2026-03-09T17:29:07.345 INFO:teuthology.orchestra.run.vm03.stdout:/usr/bin/ceph: stderr
2026-03-09T17:29:07.196+0000 7f917f7fe640 1 -- 192.168.123.103:0/3946048206 <== mon.0 v2:192.168.123.103:3300/0 3 ==== mon_map magic: 0 ==== 205+0+0 (secure 0 0 0) 0x7f9188042990 con 0x7f9194109a70
2026-03-09T17:29:07.345 INFO:teuthology.orchestra.run.vm03.stdout:/usr/bin/ceph: stderr
2026-03-09T17:29:07.196+0000 7f917f7fe640 1 -- 192.168.123.103:0/3946048206 <== mon.0 v2:192.168.123.103:3300/0 4 ==== mgrmap(e 7) ==== 50141+0+0 (secure 0 0 0) 0x7f9188042b30 con 0x7f9194109a70
2026-03-09T17:29:07.345 INFO:teuthology.orchestra.run.vm03.stdout:/usr/bin/ceph: stderr
2026-03-09T17:29:07.196+0000 7f917f7fe640 1 --2- 192.168.123.103:0/3946048206 >> [v2:192.168.123.103:6800/3344537082,v1:192.168.123.103:6801/3344537082] conn(0x7f915c03db70 0x7f915c040030 unknown :-1 s=NONE pgs=0 cs=0 l=1 rev1=0 crypto rx=0 tx=0 comp rx=0 tx=0).connect
2026-03-09T17:29:07.345 INFO:teuthology.orchestra.run.vm03.stdout:/usr/bin/ceph: stderr
2026-03-09T17:29:07.196+0000 7f917f7fe640 1 -- 192.168.123.103:0/3946048206 <== mon.0 v2:192.168.123.103:3300/0 5 ==== osd_map(2..2 src has 1..2) ==== 940+0+0 (secure 0 0 0) 0x7f918803d070 con 0x7f9194109a70
2026-03-09T17:29:07.345 INFO:teuthology.orchestra.run.vm03.stdout:/usr/bin/ceph: stderr
2026-03-09T17:29:07.196+0000 7f91988b2640 1 -- 192.168.123.103:0/3946048206 --> [v2:192.168.123.103:3300/0,v1:192.168.123.103:6789/0] -- mon_command({"prefix": "get_command_descriptions"} v 0) -- 0x7f9194109ef0 con 0x7f9194109a70
2026-03-09T17:29:07.345 INFO:teuthology.orchestra.run.vm03.stdout:/usr/bin/ceph: stderr
2026-03-09T17:29:07.196+0000 7f9191d74640 1 --2- 192.168.123.103:0/3946048206 >> [v2:192.168.123.103:6800/3344537082,v1:192.168.123.103:6801/3344537082] conn(0x7f915c03db70 0x7f915c040030 unknown :-1 s=BANNER_CONNECTING pgs=0 cs=0 l=1 rev1=0 crypto rx=0 tx=0 comp rx=0 tx=0)._handle_peer_banner_payload supported=3 required=0
2026-03-09T17:29:07.345 INFO:teuthology.orchestra.run.vm03.stdout:/usr/bin/ceph: stderr
2026-03-09T17:29:07.200+0000 7f917f7fe640 1 -- 192.168.123.103:0/3946048206 <== mon.0 v2:192.168.123.103:3300/0 6 ==== mon_command_ack([{"prefix": "get_command_descriptions"}]=0 v0) ==== 72+0+195034 (secure 0 0 0) 0x7f918803c1d0 con 0x7f9194109a70
2026-03-09T17:29:07.345 INFO:teuthology.orchestra.run.vm03.stdout:/usr/bin/ceph: stderr
2026-03-09T17:29:07.200+0000 7f9191d74640 1 --2- 192.168.123.103:0/3946048206 >> [v2:192.168.123.103:6800/3344537082,v1:192.168.123.103:6801/3344537082] conn(0x7f915c03db70 0x7f915c040030 secure :-1 s=READY pgs=8 cs=0 l=1 rev1=1 crypto rx=0x7f9180009a10 tx=0x7f9180006eb0 comp rx=0 tx=0).ready entity=mgr.14118 client_cookie=0 server_cookie=0 in_seq=0 out_seq=0
2026-03-09T17:29:07.345 INFO:teuthology.orchestra.run.vm03.stdout:/usr/bin/ceph: stderr
2026-03-09T17:29:07.300+0000 7f91988b2640 1 -- 192.168.123.103:0/3946048206 --> [v2:192.168.123.103:6800/3344537082,v1:192.168.123.103:6801/3344537082] -- mgr_command(tid 0: {"prefix": "cephadm set-user", "user": "root", "target": ["mon-mgr", ""]}) -- 0x7f9194107ed0 con 0x7f915c03db70
2026-03-09T17:29:07.345 INFO:teuthology.orchestra.run.vm03.stdout:/usr/bin/ceph: stderr
2026-03-09T17:29:07.304+0000 7f917f7fe640 1 -- 192.168.123.103:0/3946048206 <== mgr.14118 v2:192.168.123.103:6800/3344537082 1 ==== mgr_command_reply(tid 0: 0 ) ==== 8+0+16 (secure 0 0 0) 0x7f9194107ed0 con 0x7f915c03db70
2026-03-09T17:29:07.345 INFO:teuthology.orchestra.run.vm03.stdout:/usr/bin/ceph: stderr
2026-03-09T17:29:07.304+0000 7f91988b2640 1 -- 192.168.123.103:0/3946048206 >> [v2:192.168.123.103:6800/3344537082,v1:192.168.123.103:6801/3344537082] conn(0x7f915c03db70 msgr2=0x7f915c040030 secure :-1 s=STATE_CONNECTION_ESTABLISHED l=1).mark_down
2026-03-09T17:29:07.345 INFO:teuthology.orchestra.run.vm03.stdout:/usr/bin/ceph: stderr
2026-03-09T17:29:07.304+0000 7f91988b2640 1 --2- 192.168.123.103:0/3946048206 >> [v2:192.168.123.103:6800/3344537082,v1:192.168.123.103:6801/3344537082] conn(0x7f915c03db70 0x7f915c040030 secure :-1 s=READY pgs=8 cs=0 l=1 rev1=1 crypto rx=0x7f9180009a10 tx=0x7f9180006eb0 comp rx=0 tx=0).stop
2026-03-09T17:29:07.345 INFO:teuthology.orchestra.run.vm03.stdout:/usr/bin/ceph: stderr
2026-03-09T17:29:07.304+0000 7f91988b2640 1 -- 192.168.123.103:0/3946048206 >> [v2:192.168.123.103:3300/0,v1:192.168.123.103:6789/0] conn(0x7f9194109a70 msgr2=0x7f919419f8d0 secure :-1 s=STATE_CONNECTION_ESTABLISHED l=1).mark_down
2026-03-09T17:29:07.345 INFO:teuthology.orchestra.run.vm03.stdout:/usr/bin/ceph: stderr
2026-03-09T17:29:07.304+0000 7f91988b2640 1 --2- 192.168.123.103:0/3946048206 >> [v2:192.168.123.103:3300/0,v1:192.168.123.103:6789/0] conn(0x7f9194109a70 0x7f919419f8d0 secure :-1 s=READY pgs=38 cs=0 l=1 rev1=1 crypto rx=0x7f9188035700 tx=0x7f9188035a70 comp rx=0 tx=0).stop
2026-03-09T17:29:07.345 INFO:teuthology.orchestra.run.vm03.stdout:/usr/bin/ceph: stderr
2026-03-09T17:29:07.304+0000 7f91988b2640 1 -- 192.168.123.103:0/3946048206 shutdown_connections
2026-03-09T17:29:07.346 INFO:teuthology.orchestra.run.vm03.stdout:/usr/bin/ceph: stderr
2026-03-09T17:29:07.304+0000 7f91988b2640 1 --2- 192.168.123.103:0/3946048206 >> [v2:192.168.123.103:6800/3344537082,v1:192.168.123.103:6801/3344537082] conn(0x7f915c03db70 0x7f915c040030 unknown :-1 s=CLOSED pgs=8 cs=0 l=1 rev1=1 crypto rx=0 tx=0 comp rx=0 tx=0).stop
2026-03-09T17:29:07.346 INFO:teuthology.orchestra.run.vm03.stdout:/usr/bin/ceph: stderr
2026-03-09T17:29:07.304+0000 7f91988b2640 1 --2- 192.168.123.103:0/3946048206 >> [v2:192.168.123.103:3300/0,v1:192.168.123.103:6789/0] conn(0x7f9194109a70 0x7f919419f8d0 unknown :-1 s=CLOSED pgs=38 cs=0 l=1 rev1=1 crypto rx=0 tx=0 comp rx=0 tx=0).stop
2026-03-09T17:29:07.346 INFO:teuthology.orchestra.run.vm03.stdout:/usr/bin/ceph: stderr
2026-03-09T17:29:07.304+0000 7f91988b2640 1 -- 192.168.123.103:0/3946048206 >> 192.168.123.103:0/3946048206 conn(0x7f919407d070 msgr2=0x7f91941077c0 unknown :-1 s=STATE_NONE l=0).mark_down
2026-03-09T17:29:07.346 INFO:teuthology.orchestra.run.vm03.stdout:/usr/bin/ceph: stderr
2026-03-09T17:29:07.304+0000 7f91988b2640 1 -- 192.168.123.103:0/3946048206 shutdown_connections
2026-03-09T17:29:07.346 INFO:teuthology.orchestra.run.vm03.stdout:/usr/bin/ceph: stderr
2026-03-09T17:29:07.304+0000 7f91988b2640 1 -- 192.168.123.103:0/3946048206 wait complete.
2026-03-09T17:29:07.346 INFO:teuthology.orchestra.run.vm03.stdout:Generating ssh key...
2026-03-09T17:29:07.651 INFO:teuthology.orchestra.run.vm03.stdout:/usr/bin/ceph: stderr
2026-03-09T17:29:07.448+0000 7f7554be4640 1 Processor -- start
2026-03-09T17:29:07.652 INFO:teuthology.orchestra.run.vm03.stdout:/usr/bin/ceph: stderr
2026-03-09T17:29:07.448+0000 7f7554be4640 1 -- start start
2026-03-09T17:29:07.652 INFO:teuthology.orchestra.run.vm03.stdout:/usr/bin/ceph: stderr
2026-03-09T17:29:07.448+0000 7f7554be4640 1 --2- >> [v2:192.168.123.103:3300/0,v1:192.168.123.103:6789/0] conn(0x7f7550107860 0x7f7550107c60 unknown :-1 s=NONE pgs=0 cs=0 l=0 rev1=0 crypto rx=0 tx=0 comp rx=0 tx=0).connect
2026-03-09T17:29:07.652 INFO:teuthology.orchestra.run.vm03.stdout:/usr/bin/ceph: stderr
2026-03-09T17:29:07.448+0000 7f7554be4640 1 -- --> [v2:192.168.123.103:3300/0,v1:192.168.123.103:6789/0] -- mon_getmap magic: 0 -- 0x7f7550108230 con 0x7f7550107860
2026-03-09T17:29:07.652 INFO:teuthology.orchestra.run.vm03.stdout:/usr/bin/ceph: stderr
2026-03-09T17:29:07.452+0000 7f754e575640 1 --2- >> [v2:192.168.123.103:3300/0,v1:192.168.123.103:6789/0] conn(0x7f7550107860 0x7f7550107c60 unknown :-1 s=BANNER_CONNECTING pgs=0 cs=0 l=0 rev1=0 crypto rx=0 tx=0 comp rx=0 tx=0)._handle_peer_banner_payload supported=3 required=0
2026-03-09T17:29:07.652 INFO:teuthology.orchestra.run.vm03.stdout:/usr/bin/ceph: stderr
2026-03-09T17:29:07.452+0000 7f754e575640 1 --2- >> [v2:192.168.123.103:3300/0,v1:192.168.123.103:6789/0] conn(0x7f7550107860 0x7f7550107c60 unknown :-1 s=HELLO_CONNECTING pgs=0 cs=0 l=0 rev1=1 crypto rx=0 tx=0 comp rx=0 tx=0).handle_hello peer v2:192.168.123.103:3300/0 says I am v2:192.168.123.103:40242/0 (socket says 192.168.123.103:40242)
2026-03-09T17:29:07.652 INFO:teuthology.orchestra.run.vm03.stdout:/usr/bin/ceph: stderr
2026-03-09T17:29:07.452+0000 7f754e575640 1 -- 192.168.123.103:0/449739229 learned_addr learned my addr 192.168.123.103:0/449739229 (peer_addr_for_me v2:192.168.123.103:0/0)
2026-03-09T17:29:07.652 INFO:teuthology.orchestra.run.vm03.stdout:/usr/bin/ceph: stderr
2026-03-09T17:29:07.452+0000 7f754e575640 1 -- 192.168.123.103:0/449739229 --> [v2:192.168.123.103:3300/0,v1:192.168.123.103:6789/0] -- mon_subscribe({config=0+,monmap=0+}) -- 0x7f75501089c0 con 0x7f7550107860
2026-03-09T17:29:07.652 INFO:teuthology.orchestra.run.vm03.stdout:/usr/bin/ceph: stderr
2026-03-09T17:29:07.452+0000 7f754e575640 1 --2- 192.168.123.103:0/449739229 >> [v2:192.168.123.103:3300/0,v1:192.168.123.103:6789/0] conn(0x7f7550107860 0x7f7550107c60 secure :-1 s=READY pgs=39 cs=0 l=1 rev1=1 crypto rx=0x7f7538009920 tx=0x7f753802ef20 comp rx=0 tx=0).ready entity=mon.0 client_cookie=fad6aeebdd9527a7 server_cookie=0 in_seq=0 out_seq=0
2026-03-09T17:29:07.652 INFO:teuthology.orchestra.run.vm03.stdout:/usr/bin/ceph: stderr
2026-03-09T17:29:07.452+0000 7f754d573640 1 -- 192.168.123.103:0/449739229 <== mon.0 v2:192.168.123.103:3300/0 1 ==== mon_map magic: 0 ==== 205+0+0 (secure 0 0 0) 0x7f753803c070 con 0x7f7550107860
2026-03-09T17:29:07.652 INFO:teuthology.orchestra.run.vm03.stdout:/usr/bin/ceph: stderr
2026-03-09T17:29:07.452+0000 7f754d573640 1 -- 192.168.123.103:0/449739229 <== mon.0 v2:192.168.123.103:3300/0 2 ==== config(25 keys) ==== 1007+0+0 (secure 0 0 0) 0x7f7538037440 con 0x7f7550107860
2026-03-09T17:29:07.652 INFO:teuthology.orchestra.run.vm03.stdout:/usr/bin/ceph: stderr
2026-03-09T17:29:07.452+0000 7f7554be4640 1 -- 192.168.123.103:0/449739229 >> [v2:192.168.123.103:3300/0,v1:192.168.123.103:6789/0] conn(0x7f7550107860 msgr2=0x7f7550107c60 secure :-1 s=STATE_CONNECTION_ESTABLISHED l=1).mark_down
2026-03-09T17:29:07.652 INFO:teuthology.orchestra.run.vm03.stdout:/usr/bin/ceph: stderr
2026-03-09T17:29:07.452+0000 7f7554be4640 1 --2- 192.168.123.103:0/449739229 >> [v2:192.168.123.103:3300/0,v1:192.168.123.103:6789/0] conn(0x7f7550107860 0x7f7550107c60 secure :-1 s=READY pgs=39 cs=0 l=1 rev1=1 crypto rx=0x7f7538009920 tx=0x7f753802ef20 comp rx=0 tx=0).stop
2026-03-09T17:29:07.652 INFO:teuthology.orchestra.run.vm03.stdout:/usr/bin/ceph: stderr
2026-03-09T17:29:07.452+0000 7f7554be4640 1 -- 192.168.123.103:0/449739229 shutdown_connections
2026-03-09T17:29:07.652 INFO:teuthology.orchestra.run.vm03.stdout:/usr/bin/ceph: stderr
2026-03-09T17:29:07.452+0000 7f7554be4640 1 --2- 192.168.123.103:0/449739229 >> [v2:192.168.123.103:3300/0,v1:192.168.123.103:6789/0] conn(0x7f7550107860 0x7f7550107c60 unknown :-1 s=CLOSED pgs=39 cs=0 l=1 rev1=1 crypto rx=0 tx=0 comp rx=0 tx=0).stop
2026-03-09T17:29:07.652 INFO:teuthology.orchestra.run.vm03.stdout:/usr/bin/ceph: stderr
2026-03-09T17:29:07.452+0000 7f7554be4640 1 -- 192.168.123.103:0/449739229 >> 192.168.123.103:0/449739229 conn(0x7f7550102fb0 msgr2=0x7f7550105430 unknown :-1 s=STATE_NONE l=0).mark_down
2026-03-09T17:29:07.652 INFO:teuthology.orchestra.run.vm03.stdout:/usr/bin/ceph: stderr
2026-03-09T17:29:07.452+0000 7f7554be4640 1 -- 192.168.123.103:0/449739229 shutdown_connections
2026-03-09T17:29:07.652 INFO:teuthology.orchestra.run.vm03.stdout:/usr/bin/ceph: stderr
2026-03-09T17:29:07.452+0000 7f7554be4640 1 -- 192.168.123.103:0/449739229 wait complete.
2026-03-09T17:29:07.652 INFO:teuthology.orchestra.run.vm03.stdout:/usr/bin/ceph: stderr
2026-03-09T17:29:07.452+0000 7f7554be4640 1 Processor -- start
2026-03-09T17:29:07.652 INFO:teuthology.orchestra.run.vm03.stdout:/usr/bin/ceph: stderr
2026-03-09T17:29:07.452+0000 7f7554be4640 1 -- start start
2026-03-09T17:29:07.652 INFO:teuthology.orchestra.run.vm03.stdout:/usr/bin/ceph: stderr
2026-03-09T17:29:07.452+0000 7f7554be4640 1 --2- >> [v2:192.168.123.103:3300/0,v1:192.168.123.103:6789/0] conn(0x7f7550107860 0x7f755019f9d0 unknown :-1 s=NONE pgs=0 cs=0 l=1 rev1=0 crypto rx=0 tx=0 comp rx=0 tx=0).connect
2026-03-09T17:29:07.652 INFO:teuthology.orchestra.run.vm03.stdout:/usr/bin/ceph: stderr
2026-03-09T17:29:07.452+0000 7f7554be4640 1 -- --> [v2:192.168.123.103:3300/0,v1:192.168.123.103:6789/0] -- mon_getmap magic: 0 -- 0x7f755010bbf0 con 0x7f7550107860
2026-03-09T17:29:07.652 INFO:teuthology.orchestra.run.vm03.stdout:/usr/bin/ceph: stderr
2026-03-09T17:29:07.452+0000 7f754e575640 1 --2- >> [v2:192.168.123.103:3300/0,v1:192.168.123.103:6789/0] conn(0x7f7550107860 0x7f755019f9d0 unknown :-1 s=BANNER_CONNECTING pgs=0 cs=0 l=1 rev1=0 crypto rx=0 tx=0 comp rx=0 tx=0)._handle_peer_banner_payload supported=3 required=0
2026-03-09T17:29:07.652 INFO:teuthology.orchestra.run.vm03.stdout:/usr/bin/ceph: stderr
2026-03-09T17:29:07.452+0000 7f754e575640 1 --2- >> [v2:192.168.123.103:3300/0,v1:192.168.123.103:6789/0] conn(0x7f7550107860 0x7f755019f9d0 unknown :-1 s=HELLO_CONNECTING pgs=0 cs=0 l=1 rev1=1 crypto rx=0 tx=0 comp rx=0 tx=0).handle_hello peer v2:192.168.123.103:3300/0 says I am v2:192.168.123.103:40244/0 (socket says 192.168.123.103:40244)
2026-03-09T17:29:07.652 INFO:teuthology.orchestra.run.vm03.stdout:/usr/bin/ceph: stderr
2026-03-09T17:29:07.452+0000 7f754e575640 1 -- 192.168.123.103:0/449729559 learned_addr learned my addr 192.168.123.103:0/449729559 (peer_addr_for_me v2:192.168.123.103:0/0)
2026-03-09T17:29:07.652 INFO:teuthology.orchestra.run.vm03.stdout:/usr/bin/ceph: stderr
2026-03-09T17:29:07.456+0000 7f754e575640 1 -- 192.168.123.103:0/449729559 --> [v2:192.168.123.103:3300/0,v1:192.168.123.103:6789/0] -- mon_subscribe({config=0+,monmap=0+}) -- 0x7f755019ff10 con 0x7f7550107860
2026-03-09T17:29:07.652 INFO:teuthology.orchestra.run.vm03.stdout:/usr/bin/ceph: stderr
2026-03-09T17:29:07.456+0000 7f754e575640 1 --2- 192.168.123.103:0/449729559 >> [v2:192.168.123.103:3300/0,v1:192.168.123.103:6789/0] conn(0x7f7550107860 0x7f755019f9d0 secure :-1 s=READY pgs=40 cs=0 l=1 rev1=1 crypto rx=0x7f7538035e60 tx=0x7f7538035e90 comp rx=0 tx=0).ready entity=mon.0 client_cookie=0 server_cookie=0 in_seq=0 out_seq=0
2026-03-09T17:29:07.652 INFO:teuthology.orchestra.run.vm03.stdout:/usr/bin/ceph: stderr
2026-03-09T17:29:07.456+0000 7f753f7fe640 1 -- 192.168.123.103:0/449729559 <== mon.0 v2:192.168.123.103:3300/0 1 ==== mon_map magic: 0 ==== 205+0+0 (secure 0 0 0) 0x7f753803c070 con 0x7f7550107860
2026-03-09T17:29:07.652 INFO:teuthology.orchestra.run.vm03.stdout:/usr/bin/ceph: stderr
2026-03-09T17:29:07.456+0000 7f7554be4640 1 -- 192.168.123.103:0/449729559 --> [v2:192.168.123.103:3300/0,v1:192.168.123.103:6789/0] -- mon_subscribe({mgrmap=0+}) -- 0x7f75501a01a0 con 0x7f7550107860
2026-03-09T17:29:07.652 INFO:teuthology.orchestra.run.vm03.stdout:/usr/bin/ceph: stderr
2026-03-09T17:29:07.456+0000 7f7554be4640 1 -- 192.168.123.103:0/449729559 --> [v2:192.168.123.103:3300/0,v1:192.168.123.103:6789/0] -- mon_subscribe({osdmap=0}) -- 0x7f75501a2e90 con 0x7f7550107860
2026-03-09T17:29:07.652 INFO:teuthology.orchestra.run.vm03.stdout:/usr/bin/ceph: stderr
2026-03-09T17:29:07.456+0000 7f753f7fe640 1 -- 192.168.123.103:0/449729559 <== mon.0 v2:192.168.123.103:3300/0 2 ==== config(25 keys) ==== 1007+0+0 (secure 0 0 0) 0x7f7538045070 con 0x7f7550107860
2026-03-09T17:29:07.652 INFO:teuthology.orchestra.run.vm03.stdout:/usr/bin/ceph: stderr
2026-03-09T17:29:07.456+0000 7f753f7fe640 1 -- 192.168.123.103:0/449729559 <== mon.0 v2:192.168.123.103:3300/0 3 ==== mon_map magic: 0 ==== 205+0+0 (secure 0 0 0) 0x7f7538040bd0 con 0x7f7550107860
2026-03-09T17:29:07.652 INFO:teuthology.orchestra.run.vm03.stdout:/usr/bin/ceph: stderr
2026-03-09T17:29:07.456+0000 7f753d7fa640 1 -- 192.168.123.103:0/449729559 --> [v2:192.168.123.103:3300/0,v1:192.168.123.103:6789/0] -- mon_command({"prefix": "get_command_descriptions"} v 0) -- 0x7f7518005390 con 0x7f7550107860
2026-03-09T17:29:07.652 INFO:teuthology.orchestra.run.vm03.stdout:/usr/bin/ceph: stderr
2026-03-09T17:29:07.460+0000 7f753f7fe640 1 -- 192.168.123.103:0/449729559 <== mon.0 v2:192.168.123.103:3300/0 4 ==== mgrmap(e 7) ==== 50141+0+0 (secure 0 0 0) 0x7f7538053410 con 0x7f7550107860
2026-03-09T17:29:07.652 INFO:teuthology.orchestra.run.vm03.stdout:/usr/bin/ceph: stderr
2026-03-09T17:29:07.460+0000 7f753f7fe640 1 --2- 192.168.123.103:0/449729559 >> [v2:192.168.123.103:6800/3344537082,v1:192.168.123.103:6801/3344537082] conn(0x7f752003db70 0x7f7520040030 unknown :-1 s=NONE pgs=0 cs=0 l=1 rev1=0 crypto rx=0 tx=0 comp rx=0 tx=0).connect
2026-03-09T17:29:07.652 INFO:teuthology.orchestra.run.vm03.stdout:/usr/bin/ceph: stderr
2026-03-09T17:29:07.460+0000 7f754dd74640 1 --2- 192.168.123.103:0/449729559 >> [v2:192.168.123.103:6800/3344537082,v1:192.168.123.103:6801/3344537082] conn(0x7f752003db70 0x7f7520040030 unknown :-1 s=BANNER_CONNECTING pgs=0 cs=0 l=1 rev1=0 crypto rx=0 tx=0 comp rx=0 tx=0)._handle_peer_banner_payload supported=3 required=0
2026-03-09T17:29:07.652 INFO:teuthology.orchestra.run.vm03.stdout:/usr/bin/ceph: stderr
2026-03-09T17:29:07.460+0000 7f753f7fe640 1 -- 192.168.123.103:0/449729559 <== mon.0 v2:192.168.123.103:3300/0 5 ==== osd_map(2..2 src has 1..2) ==== 940+0+0 (secure 0 0 0) 0x7f75380778a0 con 0x7f7550107860
2026-03-09T17:29:07.652 INFO:teuthology.orchestra.run.vm03.stdout:/usr/bin/ceph: stderr
2026-03-09T17:29:07.460+0000 7f754dd74640 1 --2- 192.168.123.103:0/449729559 >> [v2:192.168.123.103:6800/3344537082,v1:192.168.123.103:6801/3344537082] conn(0x7f752003db70 0x7f7520040030 secure :-1 s=READY pgs=9 cs=0 l=1 rev1=1 crypto rx=0x7f7544009a10 tx=0x7f7544006eb0 comp rx=0 tx=0).ready entity=mgr.14118 client_cookie=0 server_cookie=0 in_seq=0 out_seq=0
2026-03-09T17:29:07.652 INFO:teuthology.orchestra.run.vm03.stdout:/usr/bin/ceph: stderr
2026-03-09T17:29:07.460+0000 7f753f7fe640 1 -- 192.168.123.103:0/449729559 <== mon.0 v2:192.168.123.103:3300/0 6 ==== mon_command_ack([{"prefix": "get_command_descriptions"}]=0 v0) ==== 72+0+195034 (secure 0 0 0) 0x7f7538077bb0 con 0x7f7550107860
2026-03-09T17:29:07.652 INFO:teuthology.orchestra.run.vm03.stdout:/usr/bin/ceph: stderr
2026-03-09T17:29:07.568+0000 7f753d7fa640 1 -- 192.168.123.103:0/449729559 --> [v2:192.168.123.103:6800/3344537082,v1:192.168.123.103:6801/3344537082] -- mgr_command(tid 0: {"prefix": "cephadm generate-key", "target": ["mon-mgr", ""]}) -- 0x7f7518002bf0 con 0x7f752003db70
2026-03-09T17:29:07.652 INFO:teuthology.orchestra.run.vm03.stdout:/usr/bin/ceph: stderr
2026-03-09T17:29:07.596+0000 7f753f7fe640 1 -- 192.168.123.103:0/449729559 <== mgr.14118 v2:192.168.123.103:6800/3344537082 1 ==== mgr_command_reply(tid 0: 0 ) ==== 8+0+0 (secure 0 0 0) 0x7f7518002bf0 con 0x7f752003db70
2026-03-09T17:29:07.652 INFO:teuthology.orchestra.run.vm03.stdout:/usr/bin/ceph: stderr
2026-03-09T17:29:07.600+0000 7f753d7fa640 1 -- 192.168.123.103:0/449729559 >> [v2:192.168.123.103:6800/3344537082,v1:192.168.123.103:6801/3344537082] conn(0x7f752003db70 msgr2=0x7f7520040030 secure :-1 s=STATE_CONNECTION_ESTABLISHED l=1).mark_down
2026-03-09T17:29:07.653 INFO:teuthology.orchestra.run.vm03.stdout:/usr/bin/ceph: stderr
2026-03-09T17:29:07.600+0000 7f753d7fa640 1 --2- 192.168.123.103:0/449729559 >> [v2:192.168.123.103:6800/3344537082,v1:192.168.123.103:6801/3344537082] conn(0x7f752003db70 0x7f7520040030 secure :-1 s=READY pgs=9 cs=0 l=1 rev1=1 crypto rx=0x7f7544009a10 tx=0x7f7544006eb0 comp rx=0 tx=0).stop
2026-03-09T17:29:07.653 INFO:teuthology.orchestra.run.vm03.stdout:/usr/bin/ceph: stderr
2026-03-09T17:29:07.600+0000 7f753d7fa640 1 -- 192.168.123.103:0/449729559 >> [v2:192.168.123.103:3300/0,v1:192.168.123.103:6789/0] conn(0x7f7550107860 msgr2=0x7f755019f9d0 secure :-1 s=STATE_CONNECTION_ESTABLISHED l=1).mark_down
2026-03-09T17:29:07.653 INFO:teuthology.orchestra.run.vm03.stdout:/usr/bin/ceph: stderr
2026-03-09T17:29:07.600+0000 7f753d7fa640 1 --2- 192.168.123.103:0/449729559 >> [v2:192.168.123.103:3300/0,v1:192.168.123.103:6789/0] conn(0x7f7550107860 0x7f755019f9d0 secure :-1 s=READY pgs=40 cs=0 l=1 rev1=1 crypto rx=0x7f7538035e60 tx=0x7f7538035e90 comp rx=0 tx=0).stop
2026-03-09T17:29:07.653 INFO:teuthology.orchestra.run.vm03.stdout:/usr/bin/ceph: stderr
2026-03-09T17:29:07.600+0000 7f753d7fa640 1 -- 192.168.123.103:0/449729559 shutdown_connections
2026-03-09T17:29:07.653 INFO:teuthology.orchestra.run.vm03.stdout:/usr/bin/ceph: stderr
2026-03-09T17:29:07.600+0000 7f753d7fa640 1 --2- 192.168.123.103:0/449729559 >> [v2:192.168.123.103:6800/3344537082,v1:192.168.123.103:6801/3344537082] conn(0x7f752003db70 0x7f7520040030 unknown :-1 s=CLOSED pgs=9 cs=0 l=1 rev1=1 crypto rx=0 tx=0 comp rx=0 tx=0).stop
2026-03-09T17:29:07.653 INFO:teuthology.orchestra.run.vm03.stdout:/usr/bin/ceph: stderr
2026-03-09T17:29:07.600+0000 7f753d7fa640 1 --2- 192.168.123.103:0/449729559 >> [v2:192.168.123.103:3300/0,v1:192.168.123.103:6789/0] conn(0x7f7550107860 0x7f755019f9d0 unknown :-1 s=CLOSED pgs=40 cs=0 l=1 rev1=1 crypto rx=0 tx=0 comp rx=0 tx=0).stop
2026-03-09T17:29:07.653 INFO:teuthology.orchestra.run.vm03.stdout:/usr/bin/ceph: stderr
2026-03-09T17:29:07.600+0000 7f753d7fa640 1 -- 192.168.123.103:0/449729559 >> 192.168.123.103:0/449729559 conn(0x7f7550102fb0 msgr2=0x7f7550103ca0 unknown :-1 s=STATE_NONE l=0).mark_down
2026-03-09T17:29:07.653 INFO:teuthology.orchestra.run.vm03.stdout:/usr/bin/ceph: stderr
2026-03-09T17:29:07.600+0000 7f753d7fa640 1 -- 192.168.123.103:0/449729559 shutdown_connections
2026-03-09T17:29:07.653 INFO:teuthology.orchestra.run.vm03.stdout:/usr/bin/ceph: stderr
2026-03-09T17:29:07.600+0000 7f753d7fa640 1 -- 192.168.123.103:0/449729559 wait complete.
2026-03-09T17:29:07.883 INFO:journalctl@ceph.mgr.x.vm03.stdout:Mar 09 17:29:07 vm03 bash[20963]: Generating public/private ed25519 key pair.
2026-03-09T17:29:07.883 INFO:journalctl@ceph.mgr.x.vm03.stdout:Mar 09 17:29:07 vm03 bash[20963]: Your identification has been saved in /tmp/tmpv7qf7pz9/key
2026-03-09T17:29:07.883 INFO:journalctl@ceph.mgr.x.vm03.stdout:Mar 09 17:29:07 vm03 bash[20963]: Your public key has been saved in /tmp/tmpv7qf7pz9/key.pub
2026-03-09T17:29:07.883 INFO:journalctl@ceph.mgr.x.vm03.stdout:Mar 09 17:29:07 vm03 bash[20963]: The key fingerprint is:
2026-03-09T17:29:07.883 INFO:journalctl@ceph.mgr.x.vm03.stdout:Mar 09 17:29:07 vm03 bash[20963]: SHA256:ALRfWzcKHJ2ieiCnTc/VbaxxtgOhVcjrjfnyn84lXKg ceph-23884690-1bdd-11f1-ab57-574c4e384722
2026-03-09T17:29:07.883 INFO:journalctl@ceph.mgr.x.vm03.stdout:Mar 09 17:29:07 vm03 bash[20963]: The key's randomart image is:
2026-03-09T17:29:07.883 INFO:journalctl@ceph.mgr.x.vm03.stdout:Mar 09 17:29:07 vm03 bash[20963]: +--[ED25519 256]--+
2026-03-09T17:29:07.883 INFO:journalctl@ceph.mgr.x.vm03.stdout:Mar 09 17:29:07 vm03 bash[20963]: | .o .o +. |
2026-03-09T17:29:07.883 INFO:journalctl@ceph.mgr.x.vm03.stdout:Mar 09 17:29:07 vm03 bash[20963]: | o ...B |
2026-03-09T17:29:07.883 INFO:journalctl@ceph.mgr.x.vm03.stdout:Mar 09 17:29:07 vm03 bash[20963]: | . ..+=.=o |
2026-03-09T17:29:07.883 INFO:journalctl@ceph.mgr.x.vm03.stdout:Mar 09 17:29:07 vm03 bash[20963]: | . +..oo+=o*. . |
2026-03-09T17:29:07.883 INFO:journalctl@ceph.mgr.x.vm03.stdout:Mar 09 17:29:07 vm03 bash[20963]: | * =..S..@ .. .|
2026-03-09T17:29:07.883 INFO:journalctl@ceph.mgr.x.vm03.stdout:Mar 09 17:29:07 vm03 bash[20963]: | . o + = +o . |
2026-03-09T17:29:07.883 INFO:journalctl@ceph.mgr.x.vm03.stdout:Mar 09 17:29:07 vm03 bash[20963]: | . .E.o .|
2026-03-09T17:29:07.883 INFO:journalctl@ceph.mgr.x.vm03.stdout:Mar 09 17:29:07 vm03 bash[20963]: | . .. + |
2026-03-09T17:29:07.883 INFO:journalctl@ceph.mgr.x.vm03.stdout:Mar 09 17:29:07 vm03 bash[20963]: | o.o= |
2026-03-09T17:29:07.883 INFO:journalctl@ceph.mgr.x.vm03.stdout:Mar 09 17:29:07 vm03 bash[20963]: +----[SHA256]-----+
2026-03-09T17:29:08.089 INFO:teuthology.orchestra.run.vm03.stdout:/usr/bin/ceph: stdout ssh-ed25519 AAAAC3NzaC1lZDI1NTE5AAAAICD1tSWGasipGbqDEWM42nQNlinuTSEpcuq/4NidEgYT ceph-23884690-1bdd-11f1-ab57-574c4e384722
2026-03-09T17:29:08.089 INFO:teuthology.orchestra.run.vm03.stdout:/usr/bin/ceph: stderr
2026-03-09T17:29:07.936+0000 7f96861c0640 1 Processor -- start
2026-03-09T17:29:08.089 INFO:teuthology.orchestra.run.vm03.stdout:/usr/bin/ceph: stderr
2026-03-09T17:29:07.936+0000 7f96861c0640 1 -- start start
2026-03-09T17:29:08.089 INFO:teuthology.orchestra.run.vm03.stdout:/usr/bin/ceph: stderr
2026-03-09T17:29:07.936+0000 7f96861c0640 1 --2- >> [v2:192.168.123.103:3300/0,v1:192.168.123.103:6789/0] conn(0x7f9680109a70 0x7f9680109e70 unknown :-1 s=NONE pgs=0 cs=0 l=0 rev1=0 crypto rx=0 tx=0 comp rx=0 tx=0).connect
2026-03-09T17:29:08.089 INFO:teuthology.orchestra.run.vm03.stdout:/usr/bin/ceph: stderr
2026-03-09T17:29:07.936+0000 7f96861c0640 1 -- --> [v2:192.168.123.103:3300/0,v1:192.168.123.103:6789/0] -- mon_getmap magic: 0 -- 0x7f968010a440 con 0x7f9680109a70
2026-03-09T17:29:08.089 INFO:teuthology.orchestra.run.vm03.stdout:/usr/bin/ceph: stderr
2026-03-09T17:29:07.936+0000 7f967f7fe640 1 --2- >> [v2:192.168.123.103:3300/0,v1:192.168.123.103:6789/0] conn(0x7f9680109a70 0x7f9680109e70 unknown :-1 s=BANNER_CONNECTING pgs=0 cs=0 l=0 rev1=0 crypto rx=0 tx=0 comp rx=0 tx=0)._handle_peer_banner_payload supported=3 required=0
2026-03-09T17:29:08.089 INFO:teuthology.orchestra.run.vm03.stdout:/usr/bin/ceph: stderr
2026-03-09T17:29:07.936+0000 7f967f7fe640 1 --2- >> [v2:192.168.123.103:3300/0,v1:192.168.123.103:6789/0] conn(0x7f9680109a70 0x7f9680109e70 unknown :-1 s=HELLO_CONNECTING pgs=0 cs=0 l=0 rev1=1 crypto rx=0 tx=0 comp rx=0 tx=0).handle_hello peer v2:192.168.123.103:3300/0 says I am v2:192.168.123.103:34268/0 (socket says 192.168.123.103:34268)
2026-03-09T17:29:08.089 INFO:teuthology.orchestra.run.vm03.stdout:/usr/bin/ceph: stderr
2026-03-09T17:29:07.936+0000 7f967f7fe640 1 -- 192.168.123.103:0/2933130061 learned_addr learned my addr 192.168.123.103:0/2933130061 (peer_addr_for_me v2:192.168.123.103:0/0)
2026-03-09T17:29:08.089 INFO:teuthology.orchestra.run.vm03.stdout:/usr/bin/ceph: stderr
2026-03-09T17:29:07.936+0000 7f967f7fe640 1 -- 192.168.123.103:0/2933130061 --> [v2:192.168.123.103:3300/0,v1:192.168.123.103:6789/0] -- mon_subscribe({config=0+,monmap=0+}) -- 0x7f968010ac10 con 0x7f9680109a70
2026-03-09T17:29:08.090 INFO:teuthology.orchestra.run.vm03.stdout:/usr/bin/ceph: stderr
2026-03-09T17:29:07.936+0000 7f967f7fe640 1 --2- 192.168.123.103:0/2933130061 >> [v2:192.168.123.103:3300/0,v1:192.168.123.103:6789/0] conn(0x7f9680109a70 0x7f9680109e70 secure :-1 s=READY pgs=41 cs=0 l=1 rev1=1 crypto rx=0x7f9670009920 tx=0x7f967002ef20 comp rx=0 tx=0).ready entity=mon.0 client_cookie=48e55faa72433828 server_cookie=0 in_seq=0 out_seq=0
2026-03-09T17:29:08.090 INFO:teuthology.orchestra.run.vm03.stdout:/usr/bin/ceph: stderr
2026-03-09T17:29:07.936+0000 7f967e7fc640 1 -- 192.168.123.103:0/2933130061 <== mon.0 v2:192.168.123.103:3300/0 1 ==== mon_map magic: 0 ==== 205+0+0 (secure 0 0 0) 0x7f967003c070 con 0x7f9680109a70
2026-03-09T17:29:08.090 INFO:teuthology.orchestra.run.vm03.stdout:/usr/bin/ceph: stderr
2026-03-09T17:29:07.936+0000 7f967e7fc640 1 -- 192.168.123.103:0/2933130061 <== mon.0 v2:192.168.123.103:3300/0 2 ==== config(25 keys) ==== 1007+0+0 (secure 0 0 0) 0x7f9670037440 con 0x7f9680109a70
2026-03-09T17:29:08.090 INFO:teuthology.orchestra.run.vm03.stdout:/usr/bin/ceph: stderr
