2026-03-09T17:29:10.592+0000 7faed37fe640 1 -- 192.168.123.103:0/1380539306 <== mon.0 v2:192.168.123.103:3300/0 5 ==== osd_map(2..2 src has 1..2) ==== 940+0+0 (secure 0 0 0) 0x7faed803d070 con 0x7faee41063a0
2026-03-09T17:29:10.776 INFO:teuthology.orchestra.run.vm03.stdout:/usr/bin/ceph: stderr
2026-03-09T17:29:10.592+0000 7faee3577640 1 -- 192.168.123.103:0/1380539306 --> [v2:192.168.123.103:3300/0,v1:192.168.123.103:6789/0] -- mon_command({"prefix": "get_command_descriptions"} v 0) -- 0x7faea8005390 con 0x7faee41063a0
2026-03-09T17:29:10.776 INFO:teuthology.orchestra.run.vm03.stdout:/usr/bin/ceph: stderr
2026-03-09T17:29:10.604+0000 7faed37fe640 1 -- 192.168.123.103:0/1380539306 <== mon.0 v2:192.168.123.103:3300/0 6 ==== mon_command_ack([{"prefix": "get_command_descriptions"}]=0 v0) ==== 72+0+195034 (secure 0 0 0) 0x7faed803c1d0 con 0x7faee41063a0
2026-03-09T17:29:10.776 INFO:teuthology.orchestra.run.vm03.stdout:/usr/bin/ceph: stderr
2026-03-09T17:29:10.720+0000 7faee3577640 1 -- 192.168.123.103:0/1380539306 --> [v2:192.168.123.103:6800/3344537082,v1:192.168.123.103:6801/3344537082] -- mgr_command(tid 0: {"prefix": "orch apply", "service_type": "mon", "unmanaged": true, "target": ["mon-mgr", ""]}) -- 0x7faea8002bf0 con 0x7faeb003dce0
2026-03-09T17:29:10.776 INFO:teuthology.orchestra.run.vm03.stdout:/usr/bin/ceph: stderr
2026-03-09T17:29:10.724+0000 7faed37fe640 1 -- 192.168.123.103:0/1380539306 <== mgr.14118 v2:192.168.123.103:6800/3344537082 1 ==== mgr_command_reply(tid 0: 0 ) ==== 8+0+24 (secure 0 0 0) 0x7faea8002bf0 con 0x7faeb003dce0
2026-03-09T17:29:10.776 INFO:teuthology.orchestra.run.vm03.stdout:/usr/bin/ceph: stderr
2026-03-09T17:29:10.728+0000 7faee3577640 1 -- 192.168.123.103:0/1380539306 >> [v2:192.168.123.103:6800/3344537082,v1:192.168.123.103:6801/3344537082] conn(0x7faeb003dce0 msgr2=0x7faeb00401a0 secure :-1 s=STATE_CONNECTION_ESTABLISHED l=1).mark_down
2026-03-09T17:29:10.776 INFO:teuthology.orchestra.run.vm03.stdout:/usr/bin/ceph: stderr
2026-03-09T17:29:10.728+0000 7faee3577640 1 --2- 192.168.123.103:0/1380539306 >> [v2:192.168.123.103:6800/3344537082,v1:192.168.123.103:6801/3344537082] conn(0x7faeb003dce0 0x7faeb00401a0 secure :-1 s=READY pgs=12 cs=0 l=1 rev1=1 crypto rx=0x7faecc009a10 tx=0x7faecc006eb0 comp rx=0 tx=0).stop
2026-03-09T17:29:10.776 INFO:teuthology.orchestra.run.vm03.stdout:/usr/bin/ceph: stderr
2026-03-09T17:29:10.728+0000 7faee3577640 1 -- 192.168.123.103:0/1380539306 >> [v2:192.168.123.103:3300/0,v1:192.168.123.103:6789/0] conn(0x7faee41063a0 msgr2=0x7faee419c2c0 secure :-1 s=STATE_CONNECTION_ESTABLISHED l=1).mark_down
2026-03-09T17:29:10.776 INFO:teuthology.orchestra.run.vm03.stdout:/usr/bin/ceph: stderr
2026-03-09T17:29:10.728+0000 7faee3577640 1 --2- 192.168.123.103:0/1380539306 >> [v2:192.168.123.103:3300/0,v1:192.168.123.103:6789/0] conn(0x7faee41063a0 0x7faee419c2c0 secure :-1 s=READY pgs=46 cs=0 l=1 rev1=1 crypto rx=0x7faed802f450 tx=0x7faed8035a70 comp rx=0 tx=0).stop
2026-03-09T17:29:10.776 INFO:teuthology.orchestra.run.vm03.stdout:/usr/bin/ceph: stderr
2026-03-09T17:29:10.728+0000 7faee3577640 1 -- 192.168.123.103:0/1380539306 shutdown_connections
2026-03-09T17:29:10.776 INFO:teuthology.orchestra.run.vm03.stdout:/usr/bin/ceph: stderr
2026-03-09T17:29:10.728+0000 7faee3577640 1 --2- 192.168.123.103:0/1380539306 >> [v2:192.168.123.103:6800/3344537082,v1:192.168.123.103:6801/3344537082] conn(0x7faeb003dce0 0x7faeb00401a0 unknown :-1 s=CLOSED pgs=12 cs=0 l=1 rev1=1 crypto rx=0 tx=0 comp rx=0 tx=0).stop
2026-03-09T17:29:10.776 INFO:teuthology.orchestra.run.vm03.stdout:/usr/bin/ceph: stderr
2026-03-09T17:29:10.728+0000 7faee3577640 1 --2- 192.168.123.103:0/1380539306 >> [v2:192.168.123.103:3300/0,v1:192.168.123.103:6789/0] conn(0x7faee41063a0 0x7faee419c2c0 unknown :-1 s=CLOSED pgs=46 cs=0 l=1 rev1=1 crypto rx=0 tx=0 comp rx=0 tx=0).stop
2026-03-09T17:29:10.776 INFO:teuthology.orchestra.run.vm03.stdout:/usr/bin/ceph: stderr
2026-03-09T17:29:10.728+0000 7faee3577640 1 -- 192.168.123.103:0/1380539306 >> 192.168.123.103:0/1380539306 conn(0x7faee4101b70 msgr2=0x7faee41027d0 unknown :-1 s=STATE_NONE l=0).mark_down
2026-03-09T17:29:10.776 INFO:teuthology.orchestra.run.vm03.stdout:/usr/bin/ceph: stderr
2026-03-09T17:29:10.728+0000 7faee3577640 1 -- 192.168.123.103:0/1380539306 shutdown_connections
2026-03-09T17:29:10.776 INFO:teuthology.orchestra.run.vm03.stdout:/usr/bin/ceph: stderr
2026-03-09T17:29:10.728+0000 7faee3577640 1 -- 192.168.123.103:0/1380539306 wait complete.
2026-03-09T17:29:10.776 INFO:teuthology.orchestra.run.vm03.stdout:Deploying unmanaged mgr service...
2026-03-09T17:29:11.071 INFO:teuthology.orchestra.run.vm03.stdout:/usr/bin/ceph: stdout Scheduled mgr update...
2026-03-09T17:29:11.071 INFO:teuthology.orchestra.run.vm03.stdout:/usr/bin/ceph: stderr
2026-03-09T17:29:10.904+0000 7f7e6f8f9640 1 Processor -- start
2026-03-09T17:29:11.071 INFO:teuthology.orchestra.run.vm03.stdout:/usr/bin/ceph: stderr
2026-03-09T17:29:10.904+0000 7f7e6f8f9640 1 -- start start
2026-03-09T17:29:11.071 INFO:teuthology.orchestra.run.vm03.stdout:/usr/bin/ceph: stderr
2026-03-09T17:29:10.904+0000 7f7e6f8f9640 1 --2- >> [v2:192.168.123.103:3300/0,v1:192.168.123.103:6789/0] conn(0x7f7e68109a70 0x7f7e68109e70 unknown :-1 s=NONE pgs=0 cs=0 l=0 rev1=0 crypto rx=0 tx=0 comp rx=0 tx=0).connect
2026-03-09T17:29:11.071 INFO:teuthology.orchestra.run.vm03.stdout:/usr/bin/ceph: stderr
2026-03-09T17:29:10.908+0000 7f7e6f8f9640 1 -- --> [v2:192.168.123.103:3300/0,v1:192.168.123.103:6789/0] -- mon_getmap magic: 0 -- 0x7f7e6810a440 con 0x7f7e68109a70
2026-03-09T17:29:11.071 INFO:teuthology.orchestra.run.vm03.stdout:/usr/bin/ceph: stderr
2026-03-09T17:29:10.908+0000 7f7e6d66e640 1 --2- >> [v2:192.168.123.103:3300/0,v1:192.168.123.103:6789/0] conn(0x7f7e68109a70 0x7f7e68109e70 unknown :-1 s=BANNER_CONNECTING pgs=0 cs=0 l=0 rev1=0 crypto rx=0 tx=0 comp rx=0 tx=0)._handle_peer_banner_payload supported=3 required=0
2026-03-09T17:29:11.071 INFO:teuthology.orchestra.run.vm03.stdout:/usr/bin/ceph: stderr
2026-03-09T17:29:10.908+0000 7f7e6d66e640 1 --2- >> [v2:192.168.123.103:3300/0,v1:192.168.123.103:6789/0] conn(0x7f7e68109a70 0x7f7e68109e70 unknown :-1 s=HELLO_CONNECTING pgs=0 cs=0 l=0 rev1=1 crypto rx=0 tx=0 comp rx=0 tx=0).handle_hello peer v2:192.168.123.103:3300/0 says I am v2:192.168.123.103:34332/0 (socket says 192.168.123.103:34332)
2026-03-09T17:29:11.071 INFO:teuthology.orchestra.run.vm03.stdout:/usr/bin/ceph: stderr
2026-03-09T17:29:10.908+0000 7f7e6d66e640 1 -- 192.168.123.103:0/1596582443 learned_addr learned my addr 192.168.123.103:0/1596582443 (peer_addr_for_me v2:192.168.123.103:0/0)
2026-03-09T17:29:11.071 INFO:teuthology.orchestra.run.vm03.stdout:/usr/bin/ceph: stderr
2026-03-09T17:29:10.908+0000 7f7e6d66e640 1 -- 192.168.123.103:0/1596582443 --> [v2:192.168.123.103:3300/0,v1:192.168.123.103:6789/0] -- mon_subscribe({config=0+,monmap=0+}) -- 0x7f7e6810ac10 con 0x7f7e68109a70
2026-03-09T17:29:11.071 INFO:teuthology.orchestra.run.vm03.stdout:/usr/bin/ceph: stderr
2026-03-09T17:29:10.908+0000 7f7e6d66e640 1 --2- 192.168.123.103:0/1596582443 >> [v2:192.168.123.103:3300/0,v1:192.168.123.103:6789/0] conn(0x7f7e68109a70 0x7f7e68109e70 secure :-1 s=READY pgs=47 cs=0 l=1 rev1=1 crypto rx=0x7f7e58009920 tx=0x7f7e5802ef20 comp rx=0 tx=0).ready entity=mon.0 client_cookie=774cb8c9bebe8b02 server_cookie=0 in_seq=0 out_seq=0
2026-03-09T17:29:11.071 INFO:teuthology.orchestra.run.vm03.stdout:/usr/bin/ceph: stderr
2026-03-09T17:29:10.908+0000 7f7e57fff640 1 -- 192.168.123.103:0/1596582443 <== mon.0 v2:192.168.123.103:3300/0 1 ==== mon_map magic: 0 ==== 205+0+0 (secure 0 0 0) 0x7f7e5803c070 con 0x7f7e68109a70
2026-03-09T17:29:11.071 INFO:teuthology.orchestra.run.vm03.stdout:/usr/bin/ceph: stderr
2026-03-09T17:29:10.908+0000 7f7e57fff640 1 -- 192.168.123.103:0/1596582443 <== mon.0 v2:192.168.123.103:3300/0 2 ==== config(25 keys) ==== 1007+0+0 (secure 0 0 0) 0x7f7e58037440 con 0x7f7e68109a70
2026-03-09T17:29:11.071 INFO:teuthology.orchestra.run.vm03.stdout:/usr/bin/ceph: stderr
2026-03-09T17:29:10.908+0000 7f7e57fff640 1 -- 192.168.123.103:0/1596582443 <== mon.0 v2:192.168.123.103:3300/0 3 ==== mon_map magic: 0 ==== 205+0+0 (secure 0 0 0) 0x7f7e580354d0 con 0x7f7e68109a70
2026-03-09T17:29:11.071 INFO:teuthology.orchestra.run.vm03.stdout:/usr/bin/ceph: stderr
2026-03-09T17:29:10.908+0000 7f7e6f8f9640 1 -- 192.168.123.103:0/1596582443 >> [v2:192.168.123.103:3300/0,v1:192.168.123.103:6789/0] conn(0x7f7e68109a70 msgr2=0x7f7e68109e70 secure :-1 s=STATE_CONNECTION_ESTABLISHED l=1).mark_down
2026-03-09T17:29:11.071 INFO:teuthology.orchestra.run.vm03.stdout:/usr/bin/ceph: stderr
2026-03-09T17:29:10.908+0000 7f7e6f8f9640 1 --2- 192.168.123.103:0/1596582443 >> [v2:192.168.123.103:3300/0,v1:192.168.123.103:6789/0] conn(0x7f7e68109a70 0x7f7e68109e70 secure :-1 s=READY pgs=47 cs=0 l=1 rev1=1 crypto rx=0x7f7e58009920 tx=0x7f7e5802ef20 comp rx=0 tx=0).stop
2026-03-09T17:29:11.071 INFO:teuthology.orchestra.run.vm03.stdout:/usr/bin/ceph: stderr
2026-03-09T17:29:10.908+0000 7f7e6f8f9640 1 -- 192.168.123.103:0/1596582443 shutdown_connections
2026-03-09T17:29:11.071 INFO:teuthology.orchestra.run.vm03.stdout:/usr/bin/ceph: stderr
2026-03-09T17:29:10.908+0000 7f7e6f8f9640 1 --2- 192.168.123.103:0/1596582443 >> [v2:192.168.123.103:3300/0,v1:192.168.123.103:6789/0] conn(0x7f7e68109a70 0x7f7e68109e70 unknown :-1 s=CLOSED pgs=47 cs=0 l=1 rev1=1 crypto rx=0 tx=0 comp rx=0 tx=0).stop
2026-03-09T17:29:11.071 INFO:teuthology.orchestra.run.vm03.stdout:/usr/bin/ceph: stderr
2026-03-09T17:29:10.908+0000 7f7e6f8f9640 1 -- 192.168.123.103:0/1596582443 >> 192.168.123.103:0/1596582443 conn(0x7f7e6807d070 msgr2=0x7f7e6807d4c0 unknown :-1 s=STATE_NONE l=0).mark_down
2026-03-09T17:29:11.071 INFO:teuthology.orchestra.run.vm03.stdout:/usr/bin/ceph: stderr
2026-03-09T17:29:10.908+0000 7f7e6f8f9640 1 -- 192.168.123.103:0/1596582443 shutdown_connections
2026-03-09T17:29:11.071 INFO:teuthology.orchestra.run.vm03.stdout:/usr/bin/ceph: stderr
2026-03-09T17:29:10.908+0000 7f7e6f8f9640 1 -- 192.168.123.103:0/1596582443 wait complete.
2026-03-09T17:29:11.071 INFO:teuthology.orchestra.run.vm03.stdout:/usr/bin/ceph: stderr
2026-03-09T17:29:10.908+0000 7f7e6f8f9640 1 Processor -- start
2026-03-09T17:29:11.072 INFO:teuthology.orchestra.run.vm03.stdout:/usr/bin/ceph: stderr
2026-03-09T17:29:10.908+0000 7f7e6f8f9640 1 -- start start
2026-03-09T17:29:11.072 INFO:teuthology.orchestra.run.vm03.stdout:/usr/bin/ceph: stderr
2026-03-09T17:29:10.908+0000 7f7e6f8f9640 1 --2- >> [v2:192.168.123.103:3300/0,v1:192.168.123.103:6789/0] conn(0x7f7e68109a70 0x7f7e681a3dc0 unknown :-1 s=NONE pgs=0 cs=0 l=1 rev1=0 crypto rx=0 tx=0 comp rx=0 tx=0).connect
2026-03-09T17:29:11.072 INFO:teuthology.orchestra.run.vm03.stdout:/usr/bin/ceph: stderr
2026-03-09T17:29:10.908+0000 7f7e6f8f9640 1 -- --> [v2:192.168.123.103:3300/0,v1:192.168.123.103:6789/0] -- mon_getmap magic: 0 -- 0x7f7e68080400 con 0x7f7e68109a70
2026-03-09T17:29:11.072 INFO:teuthology.orchestra.run.vm03.stdout:/usr/bin/ceph: stderr
2026-03-09T17:29:10.912+0000 7f7e6d66e640 1 --2- >> [v2:192.168.123.103:3300/0,v1:192.168.123.103:6789/0] conn(0x7f7e68109a70 0x7f7e681a3dc0 unknown :-1 s=BANNER_CONNECTING pgs=0 cs=0 l=1 rev1=0 crypto rx=0 tx=0 comp rx=0 tx=0)._handle_peer_banner_payload supported=3 required=0
2026-03-09T17:29:11.072 INFO:teuthology.orchestra.run.vm03.stdout:/usr/bin/ceph: stderr
2026-03-09T17:29:10.912+0000 7f7e6d66e640 1 --2- >> [v2:192.168.123.103:3300/0,v1:192.168.123.103:6789/0] conn(0x7f7e68109a70 0x7f7e681a3dc0 unknown :-1 s=HELLO_CONNECTING pgs=0 cs=0 l=1 rev1=1 crypto rx=0 tx=0 comp rx=0 tx=0).handle_hello peer v2:192.168.123.103:3300/0 says I am v2:192.168.123.103:34342/0 (socket says 192.168.123.103:34342)
2026-03-09T17:29:11.072 INFO:teuthology.orchestra.run.vm03.stdout:/usr/bin/ceph: stderr
2026-03-09T17:29:10.912+0000 7f7e6d66e640 1 -- 192.168.123.103:0/3742500559 learned_addr learned my addr 192.168.123.103:0/3742500559 (peer_addr_for_me v2:192.168.123.103:0/0)
2026-03-09T17:29:11.072 INFO:teuthology.orchestra.run.vm03.stdout:/usr/bin/ceph: stderr
2026-03-09T17:29:10.912+0000 7f7e6d66e640 1 -- 192.168.123.103:0/3742500559 --> [v2:192.168.123.103:3300/0,v1:192.168.123.103:6789/0] -- mon_subscribe({config=0+,monmap=0+}) -- 0x7f7e681a4300 con 0x7f7e68109a70
2026-03-09T17:29:11.072 INFO:teuthology.orchestra.run.vm03.stdout:/usr/bin/ceph: stderr
2026-03-09T17:29:10.912+0000 7f7e6d66e640 1 --2- 192.168.123.103:0/3742500559 >> [v2:192.168.123.103:3300/0,v1:192.168.123.103:6789/0] conn(0x7f7e68109a70 0x7f7e681a3dc0 secure :-1 s=READY pgs=48 cs=0 l=1 rev1=1 crypto rx=0x7f7e58002410 tx=0x7f7e58035ae0 comp rx=0 tx=0).ready entity=mon.0 client_cookie=0 server_cookie=0 in_seq=0 out_seq=0
2026-03-09T17:29:11.072 INFO:teuthology.orchestra.run.vm03.stdout:/usr/bin/ceph: stderr
2026-03-09T17:29:10.912+0000 7f7e567fc640 1 -- 192.168.123.103:0/3742500559 <== mon.0 v2:192.168.123.103:3300/0 1 ==== mon_map magic: 0 ==== 205+0+0 (secure 0 0 0) 0x7f7e58045070 con 0x7f7e68109a70
2026-03-09T17:29:11.072 INFO:teuthology.orchestra.run.vm03.stdout:/usr/bin/ceph: stderr
2026-03-09T17:29:10.912+0000 7f7e567fc640 1 -- 192.168.123.103:0/3742500559 <== mon.0 v2:192.168.123.103:3300/0 2 ==== config(25 keys) ==== 1007+0+0 (secure 0 0 0) 0x7f7e5802fe00 con 0x7f7e68109a70
2026-03-09T17:29:11.072 INFO:teuthology.orchestra.run.vm03.stdout:/usr/bin/ceph: stderr
2026-03-09T17:29:10.912+0000 7f7e567fc640 1 -- 192.168.123.103:0/3742500559 <== mon.0 v2:192.168.123.103:3300/0 3 ==== mon_map magic: 0 ==== 205+0+0 (secure 0 0 0) 0x7f7e5803c070 con 0x7f7e68109a70
2026-03-09T17:29:11.072 INFO:teuthology.orchestra.run.vm03.stdout:/usr/bin/ceph: stderr
2026-03-09T17:29:10.912+0000 7f7e6f8f9640 1 -- 192.168.123.103:0/3742500559 --> [v2:192.168.123.103:3300/0,v1:192.168.123.103:6789/0] -- mon_subscribe({mgrmap=0+}) -- 0x7f7e681a4590 con 0x7f7e68109a70
2026-03-09T17:29:11.072 INFO:teuthology.orchestra.run.vm03.stdout:/usr/bin/ceph: stderr
2026-03-09T17:29:10.912+0000 7f7e6f8f9640 1 -- 192.168.123.103:0/3742500559 --> [v2:192.168.123.103:3300/0,v1:192.168.123.103:6789/0] -- mon_subscribe({osdmap=0}) -- 0x7f7e681a7280 con 0x7f7e68109a70
2026-03-09T17:29:11.072 INFO:teuthology.orchestra.run.vm03.stdout:/usr/bin/ceph: stderr
2026-03-09T17:29:10.912+0000 7f7e6f8f9640 1 -- 192.168.123.103:0/3742500559 --> [v2:192.168.123.103:3300/0,v1:192.168.123.103:6789/0] -- mon_command({"prefix": "get_command_descriptions"} v 0) -- 0x7f7e34005390 con 0x7f7e68109a70
2026-03-09T17:29:11.072 INFO:teuthology.orchestra.run.vm03.stdout:/usr/bin/ceph: stderr
2026-03-09T17:29:10.912+0000 7f7e567fc640 1 -- 192.168.123.103:0/3742500559 <== mon.0 v2:192.168.123.103:3300/0 4 ==== mgrmap(e 8) ==== 50247+0+0 (secure 0 0 0) 0x7f7e58040670 con 0x7f7e68109a70
2026-03-09T17:29:11.072 INFO:teuthology.orchestra.run.vm03.stdout:/usr/bin/ceph: stderr
2026-03-09T17:29:10.912+0000 7f7e567fc640 1 --2- 192.168.123.103:0/3742500559 >> [v2:192.168.123.103:6800/3344537082,v1:192.168.123.103:6801/3344537082] conn(0x7f7e4403dc40 0x7f7e44040100 unknown :-1 s=NONE pgs=0 cs=0 l=1 rev1=0 crypto rx=0 tx=0 comp rx=0 tx=0).connect
2026-03-09T17:29:11.072 INFO:teuthology.orchestra.run.vm03.stdout:/usr/bin/ceph: stderr
2026-03-09T17:29:10.912+0000 7f7e567fc640 1 -- 192.168.123.103:0/3742500559 <== mon.0 v2:192.168.123.103:3300/0 5 ==== osd_map(2..2 src has 1..2) ==== 940+0+0 (secure 0 0 0) 0x7f7e580769c0 con 0x7f7e68109a70
2026-03-09T17:29:11.072 INFO:teuthology.orchestra.run.vm03.stdout:/usr/bin/ceph: stderr
2026-03-09T17:29:10.912+0000 7f7e6ce6d640 1 --2- 192.168.123.103:0/3742500559 >> [v2:192.168.123.103:6800/3344537082,v1:192.168.123.103:6801/3344537082] conn(0x7f7e4403dc40 0x7f7e44040100 unknown :-1 s=BANNER_CONNECTING pgs=0 cs=0 l=1 rev1=0 crypto rx=0 tx=0 comp rx=0 tx=0)._handle_peer_banner_payload supported=3 required=0
2026-03-09T17:29:11.072 INFO:teuthology.orchestra.run.vm03.stdout:/usr/bin/ceph: stderr
2026-03-09T17:29:10.912+0000 7f7e6ce6d640 1 --2- 192.168.123.103:0/3742500559 >> [v2:192.168.123.103:6800/3344537082,v1:192.168.123.103:6801/3344537082] conn(0x7f7e4403dc40 0x7f7e44040100 secure :-1 s=READY pgs=13 cs=0 l=1 rev1=1 crypto rx=0x7f7e5c009a10 tx=0x7f7e5c006eb0 comp rx=0 tx=0).ready entity=mgr.14118 client_cookie=0 server_cookie=0 in_seq=0 out_seq=0
2026-03-09T17:29:11.072 INFO:teuthology.orchestra.run.vm03.stdout:/usr/bin/ceph: stderr
2026-03-09T17:29:10.916+0000 7f7e567fc640 1 -- 192.168.123.103:0/3742500559 <== mon.0 v2:192.168.123.103:3300/0 6 ==== mon_command_ack([{"prefix": "get_command_descriptions"}]=0 v0) ==== 72+0+195034 (secure 0 0 0) 0x7f7e5803c210 con 0x7f7e68109a70
2026-03-09T17:29:11.072 INFO:teuthology.orchestra.run.vm03.stdout:/usr/bin/ceph: stderr
2026-03-09T17:29:11.024+0000 7f7e6f8f9640 1 -- 192.168.123.103:0/3742500559 --> [v2:192.168.123.103:6800/3344537082,v1:192.168.123.103:6801/3344537082] -- mgr_command(tid 0: {"prefix": "orch apply", "service_type": "mgr", "unmanaged": true, "target": ["mon-mgr", ""]}) -- 0x7f7e34002bf0 con 0x7f7e4403dc40
2026-03-09T17:29:11.072 INFO:teuthology.orchestra.run.vm03.stdout:/usr/bin/ceph: stderr
2026-03-09T17:29:11.028+0000 7f7e567fc640 1 -- 192.168.123.103:0/3742500559 <== mgr.14118 v2:192.168.123.103:6800/3344537082 1 ==== mgr_command_reply(tid 0: 0 ) ==== 8+0+24 (secure 0 0 0) 0x7f7e34002bf0 con 0x7f7e4403dc40
2026-03-09T17:29:11.072 INFO:teuthology.orchestra.run.vm03.stdout:/usr/bin/ceph: stderr
2026-03-09T17:29:11.032+0000 7f7e6f8f9640 1 -- 192.168.123.103:0/3742500559 >> [v2:192.168.123.103:6800/3344537082,v1:192.168.123.103:6801/3344537082] conn(0x7f7e4403dc40 msgr2=0x7f7e44040100 secure :-1 s=STATE_CONNECTION_ESTABLISHED l=1).mark_down
2026-03-09T17:29:11.072 INFO:teuthology.orchestra.run.vm03.stdout:/usr/bin/ceph: stderr
2026-03-09T17:29:11.032+0000 7f7e6f8f9640 1 --2- 192.168.123.103:0/3742500559 >> [v2:192.168.123.103:6800/3344537082,v1:192.168.123.103:6801/3344537082] conn(0x7f7e4403dc40 0x7f7e44040100 secure :-1 s=READY pgs=13 cs=0 l=1 rev1=1 crypto rx=0x7f7e5c009a10 tx=0x7f7e5c006eb0 comp rx=0 tx=0).stop
2026-03-09T17:29:11.072 INFO:teuthology.orchestra.run.vm03.stdout:/usr/bin/ceph: stderr
2026-03-09T17:29:11.032+0000 7f7e6f8f9640 1 -- 192.168.123.103:0/3742500559 >> [v2:192.168.123.103:3300/0,v1:192.168.123.103:6789/0] conn(0x7f7e68109a70 msgr2=0x7f7e681a3dc0 secure :-1 s=STATE_CONNECTION_ESTABLISHED l=1).mark_down
2026-03-09T17:29:11.072 INFO:teuthology.orchestra.run.vm03.stdout:/usr/bin/ceph: stderr
2026-03-09T17:29:11.032+0000 7f7e6f8f9640 1 --2- 192.168.123.103:0/3742500559 >> [v2:192.168.123.103:3300/0,v1:192.168.123.103:6789/0] conn(0x7f7e68109a70 0x7f7e681a3dc0 secure :-1 s=READY pgs=48 cs=0 l=1 rev1=1 crypto rx=0x7f7e58002410 tx=0x7f7e58035ae0 comp rx=0 tx=0).stop
2026-03-09T17:29:11.072 INFO:teuthology.orchestra.run.vm03.stdout:/usr/bin/ceph: stderr
2026-03-09T17:29:11.032+0000 7f7e6f8f9640 1 -- 192.168.123.103:0/3742500559 shutdown_connections
2026-03-09T17:29:11.072 INFO:teuthology.orchestra.run.vm03.stdout:/usr/bin/ceph: stderr
2026-03-09T17:29:11.032+0000 7f7e6f8f9640 1 --2- 192.168.123.103:0/3742500559 >> [v2:192.168.123.103:6800/3344537082,v1:192.168.123.103:6801/3344537082] conn(0x7f7e4403dc40 0x7f7e44040100 unknown :-1 s=CLOSED pgs=13 cs=0 l=1 rev1=1 crypto rx=0 tx=0 comp rx=0 tx=0).stop
2026-03-09T17:29:11.072 INFO:teuthology.orchestra.run.vm03.stdout:/usr/bin/ceph: stderr
2026-03-09T17:29:11.032+0000 7f7e6f8f9640 1 --2- 192.168.123.103:0/3742500559 >> [v2:192.168.123.103:3300/0,v1:192.168.123.103:6789/0] conn(0x7f7e68109a70 0x7f7e681a3dc0 unknown :-1 s=CLOSED pgs=48 cs=0 l=1 rev1=1 crypto rx=0 tx=0 comp rx=0 tx=0).stop
2026-03-09T17:29:11.072 INFO:teuthology.orchestra.run.vm03.stdout:/usr/bin/ceph: stderr
2026-03-09T17:29:11.032+0000 7f7e6f8f9640 1 -- 192.168.123.103:0/3742500559 >> 192.168.123.103:0/3742500559 conn(0x7f7e6807d070 msgr2=0x7f7e681086d0 unknown :-1 s=STATE_NONE l=0).mark_down
2026-03-09T17:29:11.072 INFO:teuthology.orchestra.run.vm03.stdout:/usr/bin/ceph: stderr
2026-03-09T17:29:11.032+0000 7f7e6f8f9640 1 -- 192.168.123.103:0/3742500559 shutdown_connections
2026-03-09T17:29:11.072 INFO:teuthology.orchestra.run.vm03.stdout:/usr/bin/ceph: stderr
2026-03-09T17:29:11.032+0000 7f7e6f8f9640 1 -- 192.168.123.103:0/3742500559 wait complete.
2026-03-09T17:29:11.374 INFO:teuthology.orchestra.run.vm03.stdout:/usr/bin/ceph: stderr
2026-03-09T17:29:11.204+0000 7fef3158c640 1 Processor -- start
2026-03-09T17:29:11.374 INFO:teuthology.orchestra.run.vm03.stdout:/usr/bin/ceph: stderr
2026-03-09T17:29:11.204+0000 7fef3158c640 1 -- start start
2026-03-09T17:29:11.374 INFO:teuthology.orchestra.run.vm03.stdout:/usr/bin/ceph: stderr
2026-03-09T17:29:11.204+0000 7fef3158c640 1 --2- >> [v2:192.168.123.103:3300/0,v1:192.168.123.103:6789/0] conn(0x7fef2c106660 0x7fef2c106a60 unknown :-1 s=NONE pgs=0 cs=0 l=0 rev1=0 crypto rx=0 tx=0 comp rx=0 tx=0).connect
2026-03-09T17:29:11.374 INFO:teuthology.orchestra.run.vm03.stdout:/usr/bin/ceph: stderr
2026-03-09T17:29:11.204+0000 7fef3158c640 1 -- --> [v2:192.168.123.103:3300/0,v1:192.168.123.103:6789/0] -- mon_getmap magic: 0 -- 0x7fef2c107030 con 0x7fef2c106660
2026-03-09T17:29:11.374 INFO:teuthology.orchestra.run.vm03.stdout:/usr/bin/ceph: stderr
2026-03-09T17:29:11.204+0000 7fef2affd640 1 --2- >> [v2:192.168.123.103:3300/0,v1:192.168.123.103:6789/0] conn(0x7fef2c106660 0x7fef2c106a60 unknown :-1 s=BANNER_CONNECTING pgs=0 cs=0 l=0 rev1=0 crypto rx=0 tx=0 comp rx=0 tx=0)._handle_peer_banner_payload supported=3 required=0
2026-03-09T17:29:11.374 INFO:teuthology.orchestra.run.vm03.stdout:/usr/bin/ceph: stderr
2026-03-09T17:29:11.204+0000 7fef2affd640 1 --2- >> [v2:192.168.123.103:3300/0,v1:192.168.123.103:6789/0] conn(0x7fef2c106660 0x7fef2c106a60 unknown :-1 s=HELLO_CONNECTING pgs=0 cs=0 l=0 rev1=1 crypto rx=0 tx=0 comp rx=0 tx=0).handle_hello peer v2:192.168.123.103:3300/0 says I am v2:192.168.123.103:34356/0 (socket says 192.168.123.103:34356)
2026-03-09T17:29:11.374 INFO:teuthology.orchestra.run.vm03.stdout:/usr/bin/ceph: stderr
2026-03-09T17:29:11.204+0000 7fef2affd640 1 -- 192.168.123.103:0/3056828223 learned_addr learned my addr 192.168.123.103:0/3056828223 (peer_addr_for_me v2:192.168.123.103:0/0)
2026-03-09T17:29:11.374 INFO:teuthology.orchestra.run.vm03.stdout:/usr/bin/ceph: stderr
2026-03-09T17:29:11.204+0000 7fef2affd640 1 -- 192.168.123.103:0/3056828223 --> [v2:192.168.123.103:3300/0,v1:192.168.123.103:6789/0] -- mon_subscribe({config=0+,monmap=0+}) -- 0x7fef2c107860 con 0x7fef2c106660
2026-03-09T17:29:11.374 INFO:teuthology.orchestra.run.vm03.stdout:/usr/bin/ceph: stderr
2026-03-09T17:29:11.204+0000 7fef2affd640 1 --2- 192.168.123.103:0/3056828223 >> [v2:192.168.123.103:3300/0,v1:192.168.123.103:6789/0] conn(0x7fef2c106660 0x7fef2c106a60 secure :-1 s=READY pgs=49 cs=0 l=1 rev1=1 crypto rx=0x7fef2000bc40 tx=0x7fef20031760 comp rx=0 tx=0).ready entity=mon.0 client_cookie=a7f664e722de1940 server_cookie=0 in_seq=0 out_seq=0
2026-03-09T17:29:11.374 INFO:teuthology.orchestra.run.vm03.stdout:/usr/bin/ceph: stderr
2026-03-09T17:29:11.208+0000 7fef29ffb640 1 -- 192.168.123.103:0/3056828223 <== mon.0 v2:192.168.123.103:3300/0 1 ==== mon_map magic: 0 ==== 205+0+0 (secure 0 0 0) 0x7fef20036640 con 0x7fef2c106660
2026-03-09T17:29:11.374 INFO:teuthology.orchestra.run.vm03.stdout:/usr/bin/ceph: stderr
2026-03-09T17:29:11.208+0000 7fef29ffb640 1 -- 192.168.123.103:0/3056828223 <== mon.0 v2:192.168.123.103:3300/0 2 ==== config(25 keys) ==== 1007+0+0 (secure 0 0 0) 0x7fef20036c30 con 0x7fef2c106660
2026-03-09T17:29:11.374 INFO:teuthology.orchestra.run.vm03.stdout:/usr/bin/ceph: stderr
2026-03-09T17:29:11.208+0000 7fef29ffb640 1 -- 192.168.123.103:0/3056828223 <== mon.0 v2:192.168.123.103:3300/0 3 ==== mon_map magic: 0 ==== 205+0+0 (secure 0 0 0) 0x7fef20038d10 con 0x7fef2c106660
2026-03-09T17:29:11.374 INFO:teuthology.orchestra.run.vm03.stdout:/usr/bin/ceph: stderr
2026-03-09T17:29:11.208+0000 7fef3158c640 1 -- 192.168.123.103:0/3056828223 >> [v2:192.168.123.103:3300/0,v1:192.168.123.103:6789/0] conn(0x7fef2c106660 msgr2=0x7fef2c106a60 secure :-1 s=STATE_CONNECTION_ESTABLISHED l=1).mark_down
2026-03-09T17:29:11.374 INFO:teuthology.orchestra.run.vm03.stdout:/usr/bin/ceph: stderr
2026-03-09T17:29:11.208+0000 7fef3158c640 1 --2- 192.168.123.103:0/3056828223 >> [v2:192.168.123.103:3300/0,v1:192.168.123.103:6789/0] conn(0x7fef2c106660 0x7fef2c106a60 secure :-1 s=READY pgs=49 cs=0 l=1 rev1=1 crypto rx=0x7fef2000bc40 tx=0x7fef20031760 comp rx=0 tx=0).stop
2026-03-09T17:29:11.374 INFO:teuthology.orchestra.run.vm03.stdout:/usr/bin/ceph: stderr
2026-03-09T17:29:11.208+0000 7fef3158c640 1 -- 192.168.123.103:0/3056828223 shutdown_connections
2026-03-09T17:29:11.374 INFO:teuthology.orchestra.run.vm03.stdout:/usr/bin/ceph: stderr
2026-03-09T17:29:11.208+0000 7fef3158c640 1 --2- 192.168.123.103:0/3056828223 >> [v2:192.168.123.103:3300/0,v1:192.168.123.103:6789/0] conn(0x7fef2c106660 0x7fef2c106a60 unknown :-1 s=CLOSED pgs=49 cs=0 l=1 rev1=1 crypto rx=0 tx=0 comp rx=0 tx=0).stop
2026-03-09T17:29:11.374 INFO:teuthology.orchestra.run.vm03.stdout:/usr/bin/ceph: stderr
2026-03-09T17:29:11.208+0000 7fef3158c640 1 -- 192.168.123.103:0/3056828223 >> 192.168.123.103:0/3056828223 conn(0x7fef2c101e10 msgr2=0x7fef2c104230 unknown :-1 s=STATE_NONE l=0).mark_down
2026-03-09T17:29:11.374 INFO:teuthology.orchestra.run.vm03.stdout:/usr/bin/ceph: stderr
2026-03-09T17:29:11.208+0000 7fef3158c640 1 -- 192.168.123.103:0/3056828223 shutdown_connections
2026-03-09T17:29:11.374 INFO:teuthology.orchestra.run.vm03.stdout:/usr/bin/ceph: stderr
2026-03-09T17:29:11.208+0000 7fef3158c640 1 -- 192.168.123.103:0/3056828223 wait complete.
2026-03-09T17:29:11.374 INFO:teuthology.orchestra.run.vm03.stdout:/usr/bin/ceph: stderr
2026-03-09T17:29:11.208+0000 7fef3158c640 1 Processor -- start
2026-03-09T17:29:11.374 INFO:teuthology.orchestra.run.vm03.stdout:/usr/bin/ceph: stderr
2026-03-09T17:29:11.208+0000 7fef3158c640 1 -- start start
2026-03-09T17:29:11.375 INFO:teuthology.orchestra.run.vm03.stdout:/usr/bin/ceph: stderr
2026-03-09T17:29:11.208+0000 7fef3158c640 1 --2- >> [v2:192.168.123.103:3300/0,v1:192.168.123.103:6789/0] conn(0x7fef2c106660 0x7fef2c19f850 unknown :-1 s=NONE pgs=0 cs=0 l=1 rev1=0 crypto rx=0 tx=0 comp rx=0 tx=0).connect
2026-03-09T17:29:11.375 INFO:teuthology.orchestra.run.vm03.stdout:/usr/bin/ceph: stderr
2026-03-09T17:29:11.208+0000 7fef2affd640 1 --2- >> [v2:192.168.123.103:3300/0,v1:192.168.123.103:6789/0] conn(0x7fef2c106660 0x7fef2c19f850 unknown :-1 s=BANNER_CONNECTING pgs=0 cs=0 l=1 rev1=0 crypto rx=0 tx=0 comp rx=0 tx=0)._handle_peer_banner_payload supported=3 required=0
2026-03-09T17:29:11.375 INFO:teuthology.orchestra.run.vm03.stdout:/usr/bin/ceph: stderr
2026-03-09T17:29:11.208+0000 7fef3158c640 1 -- --> [v2:192.168.123.103:3300/0,v1:192.168.123.103:6789/0] -- mon_getmap magic: 0 -- 0x7fef2c108560 con 0x7fef2c106660
2026-03-09T17:29:11.375 INFO:teuthology.orchestra.run.vm03.stdout:/usr/bin/ceph: stderr
2026-03-09T17:29:11.208+0000 7fef2affd640 1 --2- >> [v2:192.168.123.103:3300/0,v1:192.168.123.103:6789/0] conn(0x7fef2c106660 0x7fef2c19f850 unknown :-1 s=HELLO_CONNECTING pgs=0 cs=0 l=1 rev1=1 crypto rx=0 tx=0 comp rx=0 tx=0).handle_hello peer v2:192.168.123.103:3300/0 says I am v2:192.168.123.103:34362/0 (socket says 192.168.123.103:34362)
2026-03-09T17:29:11.375 INFO:teuthology.orchestra.run.vm03.stdout:/usr/bin/ceph: stderr
2026-03-09T17:29:11.208+0000 7fef2affd640 1 -- 192.168.123.103:0/2197149237 learned_addr learned my addr 192.168.123.103:0/2197149237 (peer_addr_for_me v2:192.168.123.103:0/0)
2026-03-09T17:29:11.375 INFO:teuthology.orchestra.run.vm03.stdout:/usr/bin/ceph: stderr
2026-03-09T17:29:11.208+0000 7fef2affd640 1 -- 192.168.123.103:0/2197149237 --> [v2:192.168.123.103:3300/0,v1:192.168.123.103:6789/0] -- mon_subscribe({config=0+,monmap=0+}) -- 0x7fef2c19fd90 con 0x7fef2c106660
2026-03-09T17:29:11.375 INFO:teuthology.orchestra.run.vm03.stdout:/usr/bin/ceph: stderr
2026-03-09T17:29:11.208+0000 7fef2affd640 1 --2- 192.168.123.103:0/2197149237 >> [v2:192.168.123.103:3300/0,v1:192.168.123.103:6789/0] conn(0x7fef2c106660 0x7fef2c19f850 secure :-1 s=READY pgs=50 cs=0 l=1 rev1=1 crypto rx=0x7fef20039ff0 tx=0x7fef20036740 comp rx=0 tx=0).ready entity=mon.0 client_cookie=0 server_cookie=0 in_seq=0 out_seq=0
2026-03-09T17:29:11.375 INFO:teuthology.orchestra.run.vm03.stdout:/usr/bin/ceph: stderr
2026-03-09T17:29:11.208+0000 7fef0bfff640 1 -- 192.168.123.103:0/2197149237 <== mon.0 v2:192.168.123.103:3300/0 1 ==== mon_map magic: 0 ==== 205+0+0 (secure 0 0 0) 0x7fef20047020 con 0x7fef2c106660
2026-03-09T17:29:11.375 INFO:teuthology.orchestra.run.vm03.stdout:/usr/bin/ceph: stderr
2026-03-09T17:29:11.208+0000 7fef0bfff640 1 -- 192.168.123.103:0/2197149237 <== mon.0 v2:192.168.123.103:3300/0 2 ==== config(25 keys) ==== 1007+0+0 (secure 0 0 0) 0x7fef200438c0 con 0x7fef2c106660
2026-03-09T17:29:11.375 INFO:teuthology.orchestra.run.vm03.stdout:/usr/bin/ceph: stderr
2026-03-09T17:29:11.208+0000 7fef3158c640 1 -- 192.168.123.103:0/2197149237 --> [v2:192.168.123.103:3300/0,v1:192.168.123.103:6789/0] -- mon_subscribe({mgrmap=0+}) -- 0x7fef2c1a0020 con 0x7fef2c106660
2026-03-09T17:29:11.375 INFO:teuthology.orchestra.run.vm03.stdout:/usr/bin/ceph: stderr
2026-03-09T17:29:11.208+0000 7fef0bfff640 1 -- 192.168.123.103:0/2197149237 <== mon.0 v2:192.168.123.103:3300/0 3 ==== mon_map magic: 0 ==== 205+0+0 (secure 0 0 0) 0x7fef20041930 con 0x7fef2c106660
2026-03-09T17:29:11.375 INFO:teuthology.orchestra.run.vm03.stdout:/usr/bin/ceph: stderr
2026-03-09T17:29:11.208+0000 7fef3158c640 1 -- 192.168.123.103:0/2197149237 --> [v2:192.168.123.103:3300/0,v1:192.168.123.103:6789/0] -- mon_subscribe({osdmap=0}) -- 0x7fef2c1a2d10 con 0x7fef2c106660
2026-03-09T17:29:11.375 INFO:teuthology.orchestra.run.vm03.stdout:/usr/bin/ceph: stderr
2026-03-09T17:29:11.208+0000 7fef0bfff640 1 -- 192.168.123.103:0/2197149237 <== mon.0 v2:192.168.123.103:3300/0 4 ==== mgrmap(e 8) ==== 50247+0+0 (secure 0 0 0) 0x7fef20054020 con 0x7fef2c106660
2026-03-09T17:29:11.375 INFO:teuthology.orchestra.run.vm03.stdout:/usr/bin/ceph: stderr
2026-03-09T17:29:11.212+0000 7fef0bfff640 1 --2- 192.168.123.103:0/2197149237 >> [v2:192.168.123.103:6800/3344537082,v1:192.168.123.103:6801/3344537082] conn(0x7fef0003dc40 0x7fef00040100 unknown :-1 s=NONE pgs=0 cs=0 l=1 rev1=0 crypto rx=0 tx=0 comp rx=0 tx=0).connect
2026-03-09T17:29:11.375 INFO:teuthology.orchestra.run.vm03.stdout:/usr/bin/ceph: stderr
2026-03-09T17:29:11.212+0000 7fef0bfff640 1 -- 192.168.123.103:0/2197149237 <== mon.0 v2:192.168.123.103:3300/0 5 ==== osd_map(2..2 src has 1..2) ==== 940+0+0 (secure 0 0 0) 0x7fef20079140 con 0x7fef2c106660
2026-03-09T17:29:11.375 INFO:teuthology.orchestra.run.vm03.stdout:/usr/bin/ceph: stderr
2026-03-09T17:29:11.212+0000 7fef2a7fc640 1 --2- 192.168.123.103:0/2197149237 >> [v2:192.168.123.103:6800/3344537082,v1:192.168.123.103:6801/3344537082] conn(0x7fef0003dc40 0x7fef00040100 unknown :-1 s=BANNER_CONNECTING pgs=0 cs=0 l=1 rev1=0 crypto rx=0 tx=0 comp rx=0 tx=0)._handle_peer_banner_payload supported=3 required=0
2026-03-09T17:29:11.375 INFO:teuthology.orchestra.run.vm03.stdout:/usr/bin/ceph: stderr
2026-03-09T17:29:11.212+0000 7fef2a7fc640 1 --2- 192.168.123.103:0/2197149237 >> [v2:192.168.123.103:6800/3344537082,v1:192.168.123.103:6801/3344537082] conn(0x7fef0003dc40 0x7fef00040100 secure :-1 s=READY pgs=14 cs=0 l=1 rev1=1 crypto rx=0x7fef140099c0 tx=0x7fef14006eb0 comp rx=0 tx=0).ready entity=mgr.14118 client_cookie=0 server_cookie=0 in_seq=0 out_seq=0
2026-03-09T17:29:11.375 INFO:teuthology.orchestra.run.vm03.stdout:/usr/bin/ceph: stderr
2026-03-09T17:29:11.212+0000 7fef3158c640 1 -- 192.168.123.103:0/2197149237 --> [v2:192.168.123.103:3300/0,v1:192.168.123.103:6789/0] -- mon_command({"prefix": "get_command_descriptions"} v 0) -- 0x7feef0005390 con 0x7fef2c106660
2026-03-09T17:29:11.375 INFO:teuthology.orchestra.run.vm03.stdout:/usr/bin/ceph: stderr
2026-03-09T17:29:11.216+0000 7fef0bfff640 1 -- 192.168.123.103:0/2197149237 <== mon.0 v2:192.168.123.103:3300/0 6 ==== mon_command_ack([{"prefix": "get_command_descriptions"}]=0 v0) ==== 72+0+195034 (secure 0 0 0) 0x7fef2003f320 con 0x7fef2c106660
2026-03-09T17:29:11.375 INFO:teuthology.orchestra.run.vm03.stdout:/usr/bin/ceph: stderr
2026-03-09T17:29:11.316+0000 7fef3158c640 1 -- 192.168.123.103:0/2197149237 --> [v2:192.168.123.103:3300/0,v1:192.168.123.103:6789/0] -- mon_command([{prefix=config set, name=mgr/cephadm/container_init}] v 0) -- 0x7feef0005680 con 0x7fef2c106660
2026-03-09T17:29:11.375 INFO:teuthology.orchestra.run.vm03.stdout:/usr/bin/ceph: stderr
2026-03-09T17:29:11.320+0000 7fef0bfff640 1 -- 192.168.123.103:0/2197149237 <== mon.0 v2:192.168.123.103:3300/0 7 ==== mon_command_ack([{prefix=config set, name=mgr/cephadm/container_init}]=0 v6)=0 v6) ==== 142+0+0 (secure 0 0 0) 0x7fef200373a0 con 0x7fef2c106660
2026-03-09T17:29:11.375 INFO:teuthology.orchestra.run.vm03.stdout:/usr/bin/ceph: stderr
2026-03-09T17:29:11.328+0000 7fef3158c640 1 -- 192.168.123.103:0/2197149237 >> [v2:192.168.123.103:6800/3344537082,v1:192.168.123.103:6801/3344537082] conn(0x7fef0003dc40 msgr2=0x7fef00040100 secure :-1 s=STATE_CONNECTION_ESTABLISHED l=1).mark_down
2026-03-09T17:29:11.375 INFO:teuthology.orchestra.run.vm03.stdout:/usr/bin/ceph: stderr
2026-03-09T17:29:11.328+0000 7fef3158c640 1 --2- 192.168.123.103:0/2197149237 >> [v2:192.168.123.103:6800/3344537082,v1:192.168.123.103:6801/3344537082] conn(0x7fef0003dc40 0x7fef00040100 secure :-1 s=READY pgs=14 cs=0 l=1 rev1=1 crypto rx=0x7fef140099c0 tx=0x7fef14006eb0 comp rx=0 tx=0).stop
2026-03-09T17:29:11.375 INFO:teuthology.orchestra.run.vm03.stdout:/usr/bin/ceph: stderr
2026-03-09T17:29:11.328+0000 7fef3158c640 1 -- 192.168.123.103:0/2197149237 >> [v2:192.168.123.103:3300/0,v1:192.168.123.103:6789/0] conn(0x7fef2c106660 msgr2=0x7fef2c19f850 secure :-1 s=STATE_CONNECTION_ESTABLISHED l=1).mark_down
2026-03-09T17:29:11.375 INFO:teuthology.orchestra.run.vm03.stdout:/usr/bin/ceph: stderr
2026-03-09T17:29:11.328+0000 7fef3158c640 1 --2- 192.168.123.103:0/2197149237 >> [v2:192.168.123.103:3300/0,v1:192.168.123.103:6789/0] conn(0x7fef2c106660 0x7fef2c19f850 secure :-1 s=READY pgs=50 cs=0 l=1 rev1=1 crypto rx=0x7fef20039ff0 tx=0x7fef20036740 comp rx=0 tx=0).stop
2026-03-09T17:29:11.375 INFO:teuthology.orchestra.run.vm03.stdout:/usr/bin/ceph: stderr
2026-03-09T17:29:11.328+0000 7fef3158c640 1 -- 192.168.123.103:0/2197149237 shutdown_connections
2026-03-09T17:29:11.375 INFO:teuthology.orchestra.run.vm03.stdout:/usr/bin/ceph: stderr
2026-03-09T17:29:11.328+0000 7fef3158c640 1 --2- 192.168.123.103:0/2197149237 >> [v2:192.168.123.103:6800/3344537082,v1:192.168.123.103:6801/3344537082] conn(0x7fef0003dc40 0x7fef00040100 unknown :-1 s=CLOSED pgs=14 cs=0 l=1 rev1=1 crypto rx=0 tx=0 comp rx=0 tx=0).stop
2026-03-09T17:29:11.375 INFO:teuthology.orchestra.run.vm03.stdout:/usr/bin/ceph: stderr
2026-03-09T17:29:11.328+0000 7fef3158c640 1 --2- 192.168.123.103:0/2197149237 >> [v2:192.168.123.103:3300/0,v1:192.168.123.103:6789/0] conn(0x7fef2c106660 0x7fef2c19f850 unknown :-1 s=CLOSED pgs=50 cs=0 l=1 rev1=1 crypto rx=0 tx=0 comp rx=0 tx=0).stop
2026-03-09T17:29:11.375 INFO:teuthology.orchestra.run.vm03.stdout:/usr/bin/ceph: stderr
2026-03-09T17:29:11.328+0000 7fef3158c640 1 -- 192.168.123.103:0/2197149237 >> 192.168.123.103:0/2197149237 conn(0x7fef2c101e10 msgr2=0x7fef2c195e30 unknown :-1 s=STATE_NONE l=0).mark_down
2026-03-09T17:29:11.375 INFO:teuthology.orchestra.run.vm03.stdout:/usr/bin/ceph: stderr
2026-03-09T17:29:11.328+0000 7fef3158c640 1 -- 192.168.123.103:0/2197149237 shutdown_connections
2026-03-09T17:29:11.375 INFO:teuthology.orchestra.run.vm03.stdout:/usr/bin/ceph: stderr
2026-03-09T17:29:11.328+0000 7fef3158c640 1 -- 192.168.123.103:0/2197149237 wait complete.
2026-03-09T17:29:11.627 INFO:journalctl@ceph.mon.a.vm03.stdout:Mar 09 17:29:11 vm03 bash[20699]: audit
2026-03-09T17:29:10.354355+0000 mon.a (mon.0) 64 : audit [INF] from='mgr.14118 192.168.123.103:0/2352918498' entity='mgr.x'
2026-03-09T17:29:11.627 INFO:journalctl@ceph.mon.a.vm03.stdout:Mar 09 17:29:11 vm03 bash[20699]: audit
2026-03-09T17:29:10.354355+0000 mon.a (mon.0) 64 : audit [INF] from='mgr.14118 192.168.123.103:0/2352918498' entity='mgr.x'
2026-03-09T17:29:11.627 INFO:journalctl@ceph.mon.a.vm03.stdout:Mar 09 17:29:11 vm03 bash[20699]: cephadm
2026-03-09T17:29:10.354731+0000 mgr.x (mgr.14118) 16 : cephadm [INF] Added host vm03
2026-03-09T17:29:11.627 INFO:journalctl@ceph.mon.a.vm03.stdout:Mar 09 17:29:11 vm03 bash[20699]: cephadm
2026-03-09T17:29:10.354731+0000 mgr.x (mgr.14118) 16 : cephadm [INF] Added host vm03
2026-03-09T17:29:11.627 INFO:journalctl@ceph.mon.a.vm03.stdout:Mar 09 17:29:11 vm03 bash[20699]: audit
2026-03-09T17:29:10.357744+0000 mon.a (mon.0) 65 : audit [DBG] from='mgr.14118 192.168.123.103:0/2352918498' entity='mgr.x' cmd=[{"prefix": "config dump", "format": "json"}]: dispatch
2026-03-09T17:29:11.627 INFO:journalctl@ceph.mon.a.vm03.stdout:Mar 09 17:29:11 vm03 bash[20699]: audit
2026-03-09T17:29:10.357744+0000 mon.a (mon.0) 65 : audit [DBG] from='mgr.14118 192.168.123.103:0/2352918498' entity='mgr.x' cmd=[{"prefix": "config dump", "format": "json"}]: dispatch
2026-03-09T17:29:11.627 INFO:journalctl@ceph.mon.a.vm03.stdout:Mar 09 17:29:11 vm03 bash[20699]: audit
2026-03-09T17:29:10.728466+0000 mon.a (mon.0) 66 : audit [INF] from='mgr.14118 192.168.123.103:0/2352918498' entity='mgr.x'
2026-03-09T17:29:11.627 INFO:journalctl@ceph.mon.a.vm03.stdout:Mar 09 17:29:11 vm03 bash[20699]: audit
2026-03-09T17:29:10.728466+0000 mon.a (mon.0) 66 : audit [INF] from='mgr.14118 192.168.123.103:0/2352918498' entity='mgr.x'
2026-03-09T17:29:11.627 INFO:journalctl@ceph.mon.a.vm03.stdout:Mar 09 17:29:11 vm03 bash[20699]: audit
2026-03-09T17:29:11.031773+0000 mon.a (mon.0) 67 : audit [INF] from='mgr.14118 192.168.123.103:0/2352918498' entity='mgr.x'
2026-03-09T17:29:11.627 INFO:journalctl@ceph.mon.a.vm03.stdout:Mar 09 17:29:11 vm03 bash[20699]: audit
2026-03-09T17:29:11.031773+0000 mon.a (mon.0) 67 : audit [INF] from='mgr.14118 192.168.123.103:0/2352918498' entity='mgr.x'
2026-03-09T17:29:11.627 INFO:journalctl@ceph.mon.a.vm03.stdout:Mar 09 17:29:11 vm03 bash[20699]: audit
2026-03-09T17:29:11.323085+0000 mon.a (mon.0) 68 : audit [INF] from='client.? 192.168.123.103:0/2197149237' entity='client.admin'
2026-03-09T17:29:11.627 INFO:journalctl@ceph.mon.a.vm03.stdout:Mar 09 17:29:11 vm03 bash[20699]: audit
2026-03-09T17:29:11.323085+0000 mon.a (mon.0) 68 : audit [INF] from='client.? 192.168.123.103:0/2197149237' entity='client.admin'
2026-03-09T17:29:11.690 INFO:teuthology.orchestra.run.vm03.stdout:/usr/bin/ceph: stderr
2026-03-09T17:29:11.488+0000 7f7d7e347640 1 Processor -- start
2026-03-09T17:29:11.691 INFO:teuthology.orchestra.run.vm03.stdout:/usr/bin/ceph: stderr
2026-03-09T17:29:11.488+0000 7f7d7e347640 1 -- start start
2026-03-09T17:29:11.691 INFO:teuthology.orchestra.run.vm03.stdout:/usr/bin/ceph: stderr
2026-03-09T17:29:11.488+0000 7f7d7e347640 1 --2- >> [v2:192.168.123.103:3300/0,v1:192.168.123.103:6789/0] conn(0x7f7d7807e720 0x7f7d7807eb20 unknown :-1 s=NONE pgs=0 cs=0 l=0 rev1=0 crypto rx=0 tx=0 comp rx=0 tx=0).connect
2026-03-09T17:29:11.691 INFO:teuthology.orchestra.run.vm03.stdout:/usr/bin/ceph: stderr
2026-03-09T17:29:11.488+0000 7f7d7e347640 1 -- --> [v2:192.168.123.103:3300/0,v1:192.168.123.103:6789/0] -- mon_getmap magic: 0 -- 0x7f7d7807f0f0 con 0x7f7d7807e720
2026-03-09T17:29:11.691 INFO:teuthology.orchestra.run.vm03.stdout:/usr/bin/ceph: stderr
2026-03-09T17:29:11.488+0000 7f7d77fff640 1 --2- >> [v2:192.168.123.103:3300/0,v1:192.168.123.103:6789/0] conn(0x7f7d7807e720 0x7f7d7807eb20 unknown :-1 s=BANNER_CONNECTING pgs=0 cs=0 l=0 rev1=0 crypto rx=0 tx=0 comp rx=0 tx=0)._handle_peer_banner_payload supported=3 required=0
2026-03-09T17:29:11.691 INFO:teuthology.orchestra.run.vm03.stdout:/usr/bin/ceph: stderr
2026-03-09T17:29:11.488+0000 7f7d77fff640 1 --2- >> [v2:192.168.123.103:3300/0,v1:192.168.123.103:6789/0] conn(0x7f7d7807e720 0x7f7d7807eb20 unknown :-1 s=HELLO_CONNECTING pgs=0 cs=0 l=0 rev1=1 crypto rx=0 tx=0 comp rx=0 tx=0).handle_hello peer v2:192.168.123.103:3300/0 says I am v2:192.168.123.103:34364/0 (socket says 192.168.123.103:34364)
2026-03-09T17:29:11.691 INFO:teuthology.orchestra.run.vm03.stdout:/usr/bin/ceph: stderr
2026-03-09T17:29:11.488+0000 7f7d77fff640 1 -- 192.168.123.103:0/4244983187 learned_addr learned my addr 192.168.123.103:0/4244983187 (peer_addr_for_me v2:192.168.123.103:0/0)
2026-03-09T17:29:11.691 INFO:teuthology.orchestra.run.vm03.stdout:/usr/bin/ceph: stderr
2026-03-09T17:29:11.488+0000 7f7d77fff640 1 -- 192.168.123.103:0/4244983187 --> [v2:192.168.123.103:3300/0,v1:192.168.123.103:6789/0] -- mon_subscribe({config=0+,monmap=0+}) -- 0x7f7d7807f920 con 0x7f7d7807e720
2026-03-09T17:29:11.691 INFO:teuthology.orchestra.run.vm03.stdout:/usr/bin/ceph: stderr
2026-03-09T17:29:11.488+0000 7f7d77fff640 1 --2- 192.168.123.103:0/4244983187 >> [v2:192.168.123.103:3300/0,v1:192.168.123.103:6789/0] conn(0x7f7d7807e720 0x7f7d7807eb20 secure :-1 s=READY pgs=51 cs=0 l=1 rev1=1 crypto rx=0x7f7d64009b80 tx=0x7f7d6402f190 comp rx=0 tx=0).ready entity=mon.0 client_cookie=3b784a49beca17b1 server_cookie=0 in_seq=0 out_seq=0
2026-03-09T17:29:11.691 INFO:teuthology.orchestra.run.vm03.stdout:/usr/bin/ceph: stderr
2026-03-09T17:29:11.488+0000 7f7d76ffd640 1 -- 192.168.123.103:0/4244983187 <== mon.0 v2:192.168.123.103:3300/0 1 ==== mon_map magic: 0 ==== 205+0+0 (secure 0 0 0) 0x7f7d6403c070 con 0x7f7d7807e720
2026-03-09T17:29:11.691 INFO:teuthology.orchestra.run.vm03.stdout:/usr/bin/ceph: stderr
2026-03-09T17:29:11.488+0000 7f7d76ffd640 1 -- 192.168.123.103:0/4244983187 <== mon.0 v2:192.168.123.103:3300/0 2 ==== config(25 keys) ==== 1007+0+0 (secure 0 0 0) 0x7f7d64037440 con 0x7f7d7807e720
2026-03-09T17:29:11.691 INFO:teuthology.orchestra.run.vm03.stdout:/usr/bin/ceph: stderr
2026-03-09T17:29:11.488+0000 7f7d7e347640 1 -- 192.168.123.103:0/4244983187 >> [v2:192.168.123.103:3300/0,v1:192.168.123.103:6789/0] conn(0x7f7d7807e720 msgr2=0x7f7d7807eb20 secure :-1 s=STATE_CONNECTION_ESTABLISHED l=1).mark_down
2026-03-09T17:29:11.691 INFO:teuthology.orchestra.run.vm03.stdout:/usr/bin/ceph: stderr
2026-03-09T17:29:11.488+0000 7f7d7e347640 1 --2- 192.168.123.103:0/4244983187 >> [v2:192.168.123.103:3300/0,v1:192.168.123.103:6789/0] conn(0x7f7d7807e720 0x7f7d7807eb20 secure :-1 s=READY pgs=51 cs=0 l=1 rev1=1 crypto rx=0x7f7d64009b80 tx=0x7f7d6402f190 comp rx=0 tx=0).stop
2026-03-09T17:29:11.691 INFO:teuthology.orchestra.run.vm03.stdout:/usr/bin/ceph: stderr
2026-03-09T17:29:11.488+0000 7f7d7e347640 1 -- 192.168.123.103:0/4244983187 shutdown_connections
2026-03-09T17:29:11.691 INFO:teuthology.orchestra.run.vm03.stdout:/usr/bin/ceph: stderr
2026-03-09T17:29:11.488+0000 7f7d7e347640 1 --2- 192.168.123.103:0/4244983187 >> [v2:192.168.123.103:3300/0,v1:192.168.123.103:6789/0] conn(0x7f7d7807e720 0x7f7d7807eb20 unknown :-1 s=CLOSED pgs=51 cs=0 l=1 rev1=1 crypto rx=0 tx=0 comp rx=0 tx=0).stop
2026-03-09T17:29:11.691 INFO:teuthology.orchestra.run.vm03.stdout:/usr/bin/ceph: stderr
2026-03-09T17:29:11.488+0000 7f7d7e347640 1 -- 192.168.123.103:0/4244983187 >> 192.168.123.103:0/4244983187 conn(0x7f7d7807d070 msgr2=0x7f7d7807d4a0 unknown :-1 s=STATE_NONE l=0).mark_down
2026-03-09T17:29:11.691 INFO:teuthology.orchestra.run.vm03.stdout:/usr/bin/ceph: stderr
2026-03-09T17:29:11.488+0000 7f7d7e347640 1 -- 192.168.123.103:0/4244983187 shutdown_connections
2026-03-09T17:29:11.691 INFO:teuthology.orchestra.run.vm03.stdout:/usr/bin/ceph: stderr
2026-03-09T17:29:11.488+0000 7f7d7e347640 1 -- 192.168.123.103:0/4244983187 wait complete.
2026-03-09T17:29:11.691 INFO:teuthology.orchestra.run.vm03.stdout:/usr/bin/ceph: stderr
2026-03-09T17:29:11.488+0000 7f7d7e347640 1 Processor -- start
2026-03-09T17:29:11.691 INFO:teuthology.orchestra.run.vm03.stdout:/usr/bin/ceph: stderr
2026-03-09T17:29:11.488+0000 7f7d7e347640 1 -- start start
2026-03-09T17:29:11.691 INFO:teuthology.orchestra.run.vm03.stdout:/usr/bin/ceph: stderr
2026-03-09T17:29:11.488+0000 7f7d7e347640 1 --2- >> [v2:192.168.123.103:3300/0,v1:192.168.123.103:6789/0] conn(0x7f7d7807e720 0x7f7d781a3e30 unknown :-1 s=NONE pgs=0 cs=0 l=1 rev1=0 crypto rx=0 tx=0 comp rx=0 tx=0).connect
2026-03-09T17:29:11.691 INFO:teuthology.orchestra.run.vm03.stdout:/usr/bin/ceph: stderr
2026-03-09T17:29:11.488+0000 7f7d7e347640 1 -- --> [v2:192.168.123.103:3300/0,v1:192.168.123.103:6789/0] -- mon_getmap magic: 0 -- 0x7f7d78080b60 con 0x7f7d7807e720
2026-03-09T17:29:11.691 INFO:teuthology.orchestra.run.vm03.stdout:/usr/bin/ceph: stderr
2026-03-09T17:29:11.488+0000 7f7d77fff640 1 --2- >> [v2:192.168.123.103:3300/0,v1:192.168.123.103:6789/0] conn(0x7f7d7807e720 0x7f7d781a3e30 unknown :-1 s=BANNER_CONNECTING pgs=0 cs=0 l=1 rev1=0 crypto rx=0 tx=0 comp rx=0 tx=0)._handle_peer_banner_payload supported=3 required=0
2026-03-09T17:29:11.691 INFO:teuthology.orchestra.run.vm03.stdout:/usr/bin/ceph: stderr
2026-03-09T17:29:11.488+0000 7f7d77fff640 1 --2- >> [v2:192.168.123.103:3300/0,v1:192.168.123.103:6789/0] conn(0x7f7d7807e720 0x7f7d781a3e30 unknown :-1 s=HELLO_CONNECTING pgs=0 cs=0 l=1 rev1=1 crypto rx=0 tx=0 comp rx=0 tx=0).handle_hello peer v2:192.168.123.103:3300/0 says I am v2:192.168.123.103:34370/0 (socket says 192.168.123.103:34370)
2026-03-09T17:29:11.691 INFO:teuthology.orchestra.run.vm03.stdout:/usr/bin/ceph: stderr
2026-03-09T17:29:11.488+0000 7f7d77fff640 1 -- 192.168.123.103:0/1461988427 learned_addr learned my addr 192.168.123.103:0/1461988427 (peer_addr_for_me v2:192.168.123.103:0/0)
2026-03-09T17:29:11.691 INFO:teuthology.orchestra.run.vm03.stdout:/usr/bin/ceph: stderr
2026-03-09T17:29:11.488+0000 7f7d77fff640 1 -- 192.168.123.103:0/1461988427 --> [v2:192.168.123.103:3300/0,v1:192.168.123.103:6789/0] -- mon_subscribe({config=0+,monmap=0+}) -- 0x7f7d781a4370 con 0x7f7d7807e720
2026-03-09T17:29:11.691 INFO:teuthology.orchestra.run.vm03.stdout:/usr/bin/ceph: stderr
2026-03-09T17:29:11.492+0000 7f7d77fff640 1 --2- 192.168.123.103:0/1461988427 >> [v2:192.168.123.103:3300/0,v1:192.168.123.103:6789/0] conn(0x7f7d7807e720 0x7f7d781a3e30 secure :-1 s=READY pgs=52 cs=0 l=1 rev1=1 crypto rx=0x7f7d64003940 tx=0x7f7d64003970 comp rx=0 tx=0).ready entity=mon.0 client_cookie=0 server_cookie=0 in_seq=0 out_seq=0
2026-03-09T17:29:11.691 INFO:teuthology.orchestra.run.vm03.stdout:/usr/bin/ceph: stderr
2026-03-09T17:29:11.492+0000 7f7d757fa640 1 -- 192.168.123.103:0/1461988427 <== mon.0 v2:192.168.123.103:3300/0 1 ==== mon_map magic: 0 ==== 205+0+0 (secure 0 0 0) 0x7f7d6403c040 con 0x7f7d7807e720
2026-03-09T17:29:11.691 INFO:teuthology.orchestra.run.vm03.stdout:/usr/bin/ceph: stderr
2026-03-09T17:29:11.492+0000 7f7d7e347640 1 -- 192.168.123.103:0/1461988427 --> [v2:192.168.123.103:3300/0,v1:192.168.123.103:6789/0] -- mon_subscribe({mgrmap=0+}) -- 0x7f7d781a4600 con 0x7f7d7807e720
2026-03-09T17:29:11.691 INFO:teuthology.orchestra.run.vm03.stdout:/usr/bin/ceph: stderr
2026-03-09T17:29:11.492+0000 7f7d7e347640 1 -- 192.168.123.103:0/1461988427 --> [v2:192.168.123.103:3300/0,v1:192.168.123.103:6789/0] -- mon_subscribe({osdmap=0}) -- 0x7f7d781a72f0 con 0x7f7d7807e720
2026-03-09T17:29:11.691 INFO:teuthology.orchestra.run.vm03.stdout:/usr/bin/ceph: stderr
2026-03-09T17:29:11.492+0000 7f7d757fa640 1 -- 192.168.123.103:0/1461988427 <== mon.0 v2:192.168.123.103:3300/0 2 ==== config(25 keys) ==== 1007+0+0 (secure 0 0 0) 0x7f7d64047070 con 0x7f7d7807e720
2026-03-09T17:29:11.691 INFO:teuthology.orchestra.run.vm03.stdout:/usr/bin/ceph: stderr
2026-03-09T17:29:11.492+0000 7f7d757fa640 1 -- 192.168.123.103:0/1461988427 <== mon.0 v2:192.168.123.103:3300/0 3 ==== mon_map magic: 0 ==== 205+0+0 (secure 0 0 0) 0x7f7d640375b0 con 0x7f7d7807e720
2026-03-09T17:29:11.691 INFO:teuthology.orchestra.run.vm03.stdout:/usr/bin/ceph: stderr
2026-03-09T17:29:11.492+0000 7f7d757fa640 1 -- 192.168.123.103:0/1461988427 <== mon.0 v2:192.168.123.103:3300/0 4 ==== mgrmap(e 8) ==== 50247+0+0 (secure 0 0 0) 0x7f7d64037810 con 0x7f7d7807e720
2026-03-09T17:29:11.691 INFO:teuthology.orchestra.run.vm03.stdout:/usr/bin/ceph: stderr
2026-03-09T17:29:11.492+0000 7f7d757fa640 1 --2- 192.168.123.103:0/1461988427 >> [v2:192.168.123.103:6800/3344537082,v1:192.168.123.103:6801/3344537082] conn(0x7f7d4003dce0 0x7f7d400401a0 unknown :-1 s=NONE pgs=0 cs=0 l=1 rev1=0 crypto rx=0 tx=0 comp rx=0 tx=0).connect
2026-03-09T17:29:11.691 INFO:teuthology.orchestra.run.vm03.stdout:/usr/bin/ceph: stderr
2026-03-09T17:29:11.492+0000 7f7d757fa640 1 -- 192.168.123.103:0/1461988427 <== mon.0 v2:192.168.123.103:3300/0 5 ==== osd_map(2..2 src has 1..2) ==== 940+0+0 (secure 0 0 0) 0x7f7d64078340 con 0x7f7d7807e720
2026-03-09T17:29:11.692 INFO:teuthology.orchestra.run.vm03.stdout:/usr/bin/ceph: stderr
2026-03-09T17:29:11.492+0000 7f7d7e347640 1 -- 192.168.123.103:0/1461988427 --> [v2:192.168.123.103:3300/0,v1:192.168.123.103:6789/0] -- mon_command({"prefix": "get_command_descriptions"} v 0) -- 0x7f7d44005390 con 0x7f7d7807e720
2026-03-09T17:29:11.692 INFO:teuthology.orchestra.run.vm03.stdout:/usr/bin/ceph: stderr
2026-03-09T17:29:11.496+0000 7f7d777fe640 1 --2- 192.168.123.103:0/1461988427 >> [v2:192.168.123.103:6800/3344537082,v1:192.168.123.103:6801/3344537082] conn(0x7f7d4003dce0 0x7f7d400401a0 unknown :-1 s=BANNER_CONNECTING pgs=0 cs=0 l=1 rev1=0 crypto rx=0 tx=0 comp rx=0 tx=0)._handle_peer_banner_payload supported=3 required=0
2026-03-09T17:29:11.692 INFO:teuthology.orchestra.run.vm03.stdout:/usr/bin/ceph: stderr
2026-03-09T17:29:11.496+0000 7f7d757fa640 1 -- 192.168.123.103:0/1461988427 <== mon.0 v2:192.168.123.103:3300/0 6 ==== mon_command_ack([{"prefix": "get_command_descriptions"}]=0 v0) ==== 72+0+195034 (secure 0 0 0) 0x7f7d64052240 con 0x7f7d7807e720
2026-03-09T17:29:11.692 INFO:teuthology.orchestra.run.vm03.stdout:/usr/bin/ceph: stderr
