2026-03-09T20:18:14.817+0000 7fb541ffb640 1 -- 192.168.123.105:0/41370987 <== mon.0 v1:192.168.123.105:6789/0 1 ==== auth_reply(proto 2 0 (0) Success) ==== 33+0+0 (unknown 1449729868 0 0) 0x7fb5441a3050 con 0x7fb544074160
2026-03-09T20:18:15.074 INFO:teuthology.orchestra.run.vm05.stdout:/usr/bin/ceph: stderr
2026-03-09T20:18:14.817+0000 7fb541ffb640 1 -- 192.168.123.105:0/41370987 --> v1:192.168.123.105:6789/0 -- auth(proto 2 36 bytes epoch 0) -- 0x7fb520003620 con 0x7fb544074160
2026-03-09T20:18:15.074 INFO:teuthology.orchestra.run.vm05.stdout:/usr/bin/ceph: stderr
2026-03-09T20:18:14.817+0000 7fb541ffb640 1 -- 192.168.123.105:0/41370987 <== mon.0 v1:192.168.123.105:6789/0 2 ==== auth_reply(proto 2 0 (0) Success) ==== 764+0+0 (unknown 4153403179 0 0) 0x7fb520003620 con 0x7fb544074160
2026-03-09T20:18:15.074 INFO:teuthology.orchestra.run.vm05.stdout:/usr/bin/ceph: stderr
2026-03-09T20:18:14.817+0000 7fb541ffb640 1 -- 192.168.123.105:0/41370987 --> v1:192.168.123.105:6789/0 -- auth(proto 2 165 bytes epoch 0) -- 0x7fb5441a3050 con 0x7fb544074160
2026-03-09T20:18:15.075 INFO:teuthology.orchestra.run.vm05.stdout:/usr/bin/ceph: stderr
2026-03-09T20:18:14.817+0000 7fb541ffb640 1 -- 192.168.123.105:0/41370987 <== mon.0 v1:192.168.123.105:6789/0 3 ==== mon_map magic: 0 ==== 170+0+0 (unknown 2242798433 0 0) 0x7fb534004e90 con 0x7fb544074160
2026-03-09T20:18:15.075 INFO:teuthology.orchestra.run.vm05.stdout:/usr/bin/ceph: stderr
2026-03-09T20:18:14.817+0000 7fb541ffb640 1 -- 192.168.123.105:0/41370987 <== mon.0 v1:192.168.123.105:6789/0 4 ==== auth_reply(proto 2 0 (0) Success) ==== 580+0+0 (unknown 1552443297 0 0) 0x7fb5441a3050 con 0x7fb544074160
2026-03-09T20:18:15.075 INFO:teuthology.orchestra.run.vm05.stdout:/usr/bin/ceph: stderr
2026-03-09T20:18:14.817+0000 7fb541ffb640 1 -- 192.168.123.105:0/41370987 --> v1:192.168.123.105:6789/0 -- mon_subscribe({config=0+,monmap=0+}) -- 0x7fb5441a3220 con 0x7fb544074160
2026-03-09T20:18:15.075 INFO:teuthology.orchestra.run.vm05.stdout:/usr/bin/ceph: stderr
2026-03-09T20:18:14.817+0000 7fb5490e4640 1 -- 192.168.123.105:0/41370987 --> v1:192.168.123.105:6789/0 -- mon_subscribe({mgrmap=0+}) -- 0x7fb5441a34d0 con 0x7fb544074160
2026-03-09T20:18:15.075 INFO:teuthology.orchestra.run.vm05.stdout:/usr/bin/ceph: stderr
2026-03-09T20:18:14.817+0000 7fb5490e4640 1 -- 192.168.123.105:0/41370987 --> v1:192.168.123.105:6789/0 -- mon_subscribe({osdmap=0}) -- 0x7fb5441a70c0 con 0x7fb544074160
2026-03-09T20:18:15.075 INFO:teuthology.orchestra.run.vm05.stdout:/usr/bin/ceph: stderr
2026-03-09T20:18:14.818+0000 7fb541ffb640 1 -- 192.168.123.105:0/41370987 <== mon.0 v1:192.168.123.105:6789/0 5 ==== config(24 keys) ==== 1004+0+0 (unknown 1815091123 0 0) 0x7fb5340032c0 con 0x7fb544074160
2026-03-09T20:18:15.075 INFO:teuthology.orchestra.run.vm05.stdout:/usr/bin/ceph: stderr
2026-03-09T20:18:14.818+0000 7fb541ffb640 1 -- 192.168.123.105:0/41370987 <== mon.0 v1:192.168.123.105:6789/0 6 ==== mon_map magic: 0 ==== 170+0+0 (unknown 2242798433 0 0) 0x7fb534005a30 con 0x7fb544074160
2026-03-09T20:18:15.075 INFO:teuthology.orchestra.run.vm05.stdout:/usr/bin/ceph: stderr
2026-03-09T20:18:14.819+0000 7fb541ffb640 1 -- 192.168.123.105:0/41370987 <== mon.0 v1:192.168.123.105:6789/0 7 ==== mgrmap(e 9) ==== 50225+0+0 (unknown 3260243651 0 0) 0x7fb5340126c0 con 0x7fb544074160
2026-03-09T20:18:15.075 INFO:teuthology.orchestra.run.vm05.stdout:/usr/bin/ceph: stderr
2026-03-09T20:18:14.819+0000 7fb53bfff640 1 -- 192.168.123.105:0/41370987 >> v1:192.168.123.105:6800/1901557444 conn(0x7fb52003ec80 legacy=0x7fb520041140 unknown :-1 s=STATE_CONNECTING_RE l=1).process reconnect failed to v1:192.168.123.105:6800/1901557444
2026-03-09T20:18:15.075 INFO:teuthology.orchestra.run.vm05.stdout:/usr/bin/ceph: stderr
2026-03-09T20:18:14.819+0000 7fb541ffb640 1 -- 192.168.123.105:0/41370987 <== mon.0 v1:192.168.123.105:6789/0 8 ==== osd_map(2..2 src has 1..2) ==== 897+0+0 (unknown 2608398624 0 0) 0x7fb53404e0e0 con 0x7fb544074160
2026-03-09T20:18:15.075 INFO:teuthology.orchestra.run.vm05.stdout:/usr/bin/ceph: stderr
2026-03-09T20:18:14.820+0000 7fb5490e4640 1 -- 192.168.123.105:0/41370987 --> v1:192.168.123.105:6789/0 -- mon_command({"prefix": "get_command_descriptions"} v 0) -- 0x7fb504005180 con 0x7fb544074160
2026-03-09T20:18:15.075 INFO:teuthology.orchestra.run.vm05.stdout:/usr/bin/ceph: stderr
2026-03-09T20:18:14.826+0000 7fb541ffb640 1 -- 192.168.123.105:0/41370987 <== mon.0 v1:192.168.123.105:6789/0 9 ==== mon_command_ack([{"prefix": "get_command_descriptions"}]=0 v0) ==== 72+0+195034 (unknown 1092875540 0 2568732696) 0x7fb5340187b0 con 0x7fb544074160
2026-03-09T20:18:15.075 INFO:teuthology.orchestra.run.vm05.stdout:/usr/bin/ceph: stderr
2026-03-09T20:18:14.940+0000 7fb5490e4640 1 -- 192.168.123.105:0/41370987 --> v1:192.168.123.105:6789/0 -- mon_command({"prefix": "mgr stat"} v 0) -- 0x7fb504005c80 con 0x7fb544074160
2026-03-09T20:18:15.075 INFO:teuthology.orchestra.run.vm05.stdout:/usr/bin/ceph: stderr
2026-03-09T20:18:14.943+0000 7fb541ffb640 1 -- 192.168.123.105:0/41370987 <== mon.0 v1:192.168.123.105:6789/0 10 ==== mon_command_ack([{"prefix": "mgr stat"}]=0 v9) ==== 56+0+88 (unknown 2005831594 0 1748205903) 0x7fb5340180b0 con 0x7fb544074160
2026-03-09T20:18:15.075 INFO:teuthology.orchestra.run.vm05.stdout:/usr/bin/ceph: stderr
2026-03-09T20:18:14.946+0000 7fb53affd640 1 -- 192.168.123.105:0/41370987 >> v1:192.168.123.105:6800/1901557444 conn(0x7fb52003ec80 legacy=0x7fb520041140 unknown :-1 s=STATE_CONNECTING l=1).mark_down
2026-03-09T20:18:15.075 INFO:teuthology.orchestra.run.vm05.stdout:/usr/bin/ceph: stderr
2026-03-09T20:18:14.946+0000 7fb53affd640 1 -- 192.168.123.105:0/41370987 >> v1:192.168.123.105:6789/0 conn(0x7fb544074160 legacy=0x7fb5441a2940 unknown :-1 s=STATE_CONNECTION_ESTABLISHED l=1).mark_down
2026-03-09T20:18:15.075 INFO:teuthology.orchestra.run.vm05.stdout:/usr/bin/ceph: stderr
2026-03-09T20:18:14.946+0000 7fb53affd640 1 -- 192.168.123.105:0/41370987 shutdown_connections
2026-03-09T20:18:15.075 INFO:teuthology.orchestra.run.vm05.stdout:/usr/bin/ceph: stderr
2026-03-09T20:18:14.946+0000 7fb53affd640 1 -- 192.168.123.105:0/41370987 >> 192.168.123.105:0/41370987 conn(0x7fb54406f4e0 msgr2=0x7fb544071920 unknown :-1 s=STATE_NONE l=0).mark_down
2026-03-09T20:18:15.075 INFO:teuthology.orchestra.run.vm05.stdout:/usr/bin/ceph: stderr
2026-03-09T20:18:14.946+0000 7fb53affd640 1 -- 192.168.123.105:0/41370987 shutdown_connections
2026-03-09T20:18:15.075 INFO:teuthology.orchestra.run.vm05.stdout:/usr/bin/ceph: stderr
2026-03-09T20:18:14.946+0000 7fb53affd640 1 -- 192.168.123.105:0/41370987 wait complete.
2026-03-09T20:18:15.075 INFO:teuthology.orchestra.run.vm05.stdout:Waiting for the mgr to restart...
2026-03-09T20:18:15.075 INFO:teuthology.orchestra.run.vm05.stdout:Waiting for mgr epoch 9...
2026-03-09T20:18:15.191 INFO:journalctl@ceph.mgr.y.vm05.stdout:Mar 09 20:18:15 vm05 ceph-c0151936-1bf4-11f1-b896-23f7bea8a6ea-mgr-y[52101]:
2026-03-09T20:18:15.124+0000 7fcaeb671140 -1 mgr[py] Module crash has missing NOTIFY_TYPES member
2026-03-09T20:18:15.441 INFO:journalctl@ceph.mon.a.vm05.stdout:Mar 09 20:18:15 vm05 ceph-mon[51870]: from='mgr.14118 v1:192.168.123.105:0/2513524342' entity='mgr.y'
2026-03-09T20:18:15.441 INFO:journalctl@ceph.mon.a.vm05.stdout:Mar 09 20:18:15 vm05 ceph-mon[51870]: from='client.? v1:192.168.123.105:0/3946134565' entity='client.admin' cmd='[{"prefix": "mgr module enable", "module": "dashboard"}]': finished
2026-03-09T20:18:15.441 INFO:journalctl@ceph.mon.a.vm05.stdout:Mar 09 20:18:15 vm05 ceph-mon[51870]: mgrmap e9: y(active, since 8s)
2026-03-09T20:18:15.441 INFO:journalctl@ceph.mon.a.vm05.stdout:Mar 09 20:18:15 vm05 ceph-mon[51870]: from='client.? v1:192.168.123.105:0/41370987' entity='client.admin' cmd=[{"prefix": "mgr stat"}]: dispatch
2026-03-09T20:18:15.442 INFO:journalctl@ceph.mgr.y.vm05.stdout:Mar 09 20:18:15 vm05 ceph-c0151936-1bf4-11f1-b896-23f7bea8a6ea-mgr-y[52101]:
2026-03-09T20:18:15.432+0000 7fcaeb671140 -1 mgr[py] Module devicehealth has missing NOTIFY_TYPES member
2026-03-09T20:18:15.842 INFO:journalctl@ceph.mgr.y.vm05.stdout:Mar 09 20:18:15 vm05 ceph-c0151936-1bf4-11f1-b896-23f7bea8a6ea-mgr-y[52101]: /lib64/python3.9/site-packages/scipy/__init__.py:73: UserWarning: NumPy was imported from a Python sub-interpreter but NumPy does not properly support sub-interpreters. This will likely work for most users but might cause hard to track down issues or subtle bugs. A common user of the rare sub-interpreter feature is wsgi which also allows single-interpreter mode.
2026-03-09T20:18:15.842 INFO:journalctl@ceph.mgr.y.vm05.stdout:Mar 09 20:18:15 vm05 ceph-c0151936-1bf4-11f1-b896-23f7bea8a6ea-mgr-y[52101]: Improvements in the case of bugs are welcome, but is not on the NumPy roadmap, and full support may require significant effort to achieve.
2026-03-09T20:18:15.842 INFO:journalctl@ceph.mgr.y.vm05.stdout:Mar 09 20:18:15 vm05 ceph-c0151936-1bf4-11f1-b896-23f7bea8a6ea-mgr-y[52101]: from numpy import show_config as show_numpy_config
2026-03-09T20:18:15.842 INFO:journalctl@ceph.mgr.y.vm05.stdout:Mar 09 20:18:15 vm05 ceph-c0151936-1bf4-11f1-b896-23f7bea8a6ea-mgr-y[52101]:
2026-03-09T20:18:15.513+0000 7fcaeb671140 -1 mgr[py] Module diskprediction_local has missing NOTIFY_TYPES member
2026-03-09T20:18:15.842 INFO:journalctl@ceph.mgr.y.vm05.stdout:Mar 09 20:18:15 vm05 ceph-c0151936-1bf4-11f1-b896-23f7bea8a6ea-mgr-y[52101]:
2026-03-09T20:18:15.547+0000 7fcaeb671140 -1 mgr[py] Module influx has missing NOTIFY_TYPES member
2026-03-09T20:18:15.842 INFO:journalctl@ceph.mgr.y.vm05.stdout:Mar 09 20:18:15 vm05 ceph-c0151936-1bf4-11f1-b896-23f7bea8a6ea-mgr-y[52101]:
2026-03-09T20:18:15.615+0000 7fcaeb671140 -1 mgr[py] Module iostat has missing NOTIFY_TYPES member
2026-03-09T20:18:16.159 INFO:journalctl@ceph.mgr.y.vm05.stdout:Mar 09 20:18:16 vm05 ceph-c0151936-1bf4-11f1-b896-23f7bea8a6ea-mgr-y[52101]:
2026-03-09T20:18:16.066+0000 7fcaeb671140 -1 mgr[py] Module nfs has missing NOTIFY_TYPES member
2026-03-09T20:18:16.469 INFO:journalctl@ceph.mgr.y.vm05.stdout:Mar 09 20:18:16 vm05 ceph-c0151936-1bf4-11f1-b896-23f7bea8a6ea-mgr-y[52101]:
2026-03-09T20:18:16.168+0000 7fcaeb671140 -1 mgr[py] Module orchestrator has missing NOTIFY_TYPES member
2026-03-09T20:18:16.469 INFO:journalctl@ceph.mgr.y.vm05.stdout:Mar 09 20:18:16 vm05 ceph-c0151936-1bf4-11f1-b896-23f7bea8a6ea-mgr-y[52101]:
2026-03-09T20:18:16.204+0000 7fcaeb671140 -1 mgr[py] Module osd_perf_query has missing NOTIFY_TYPES member
2026-03-09T20:18:16.469 INFO:journalctl@ceph.mgr.y.vm05.stdout:Mar 09 20:18:16 vm05 ceph-c0151936-1bf4-11f1-b896-23f7bea8a6ea-mgr-y[52101]:
2026-03-09T20:18:16.236+0000 7fcaeb671140 -1 mgr[py] Module osd_support has missing NOTIFY_TYPES member
2026-03-09T20:18:16.469 INFO:journalctl@ceph.mgr.y.vm05.stdout:Mar 09 20:18:16 vm05 ceph-c0151936-1bf4-11f1-b896-23f7bea8a6ea-mgr-y[52101]:
2026-03-09T20:18:16.275+0000 7fcaeb671140 -1 mgr[py] Module pg_autoscaler has missing NOTIFY_TYPES member
2026-03-09T20:18:16.469 INFO:journalctl@ceph.mgr.y.vm05.stdout:Mar 09 20:18:16 vm05 ceph-c0151936-1bf4-11f1-b896-23f7bea8a6ea-mgr-y[52101]:
2026-03-09T20:18:16.310+0000 7fcaeb671140 -1 mgr[py] Module progress has missing NOTIFY_TYPES member
2026-03-09T20:18:16.469 INFO:journalctl@ceph.mgr.y.vm05.stdout:Mar 09 20:18:16 vm05 ceph-c0151936-1bf4-11f1-b896-23f7bea8a6ea-mgr-y[52101]:
2026-03-09T20:18:16.469+0000 7fcaeb671140 -1 mgr[py] Module prometheus has missing NOTIFY_TYPES member
2026-03-09T20:18:16.724 INFO:journalctl@ceph.mgr.y.vm05.stdout:Mar 09 20:18:16 vm05 ceph-c0151936-1bf4-11f1-b896-23f7bea8a6ea-mgr-y[52101]:
2026-03-09T20:18:16.517+0000 7fcaeb671140 -1 mgr[py] Module rbd_support has missing NOTIFY_TYPES member
2026-03-09T20:18:16.975 INFO:journalctl@ceph.mgr.y.vm05.stdout:Mar 09 20:18:16 vm05 ceph-c0151936-1bf4-11f1-b896-23f7bea8a6ea-mgr-y[52101]:
2026-03-09T20:18:16.724+0000 7fcaeb671140 -1 mgr[py] Module rgw has missing NOTIFY_TYPES member
2026-03-09T20:18:17.321 INFO:journalctl@ceph.mgr.y.vm05.stdout:Mar 09 20:18:16 vm05 ceph-c0151936-1bf4-11f1-b896-23f7bea8a6ea-mgr-y[52101]:
2026-03-09T20:18:16.975+0000 7fcaeb671140 -1 mgr[py] Module rook has missing NOTIFY_TYPES member
2026-03-09T20:18:17.321 INFO:journalctl@ceph.mgr.y.vm05.stdout:Mar 09 20:18:17 vm05 ceph-c0151936-1bf4-11f1-b896-23f7bea8a6ea-mgr-y[52101]:
2026-03-09T20:18:17.010+0000 7fcaeb671140 -1 mgr[py] Module selftest has missing NOTIFY_TYPES member
2026-03-09T20:18:17.321 INFO:journalctl@ceph.mgr.y.vm05.stdout:Mar 09 20:18:17 vm05 ceph-c0151936-1bf4-11f1-b896-23f7bea8a6ea-mgr-y[52101]:
2026-03-09T20:18:17.049+0000 7fcaeb671140 -1 mgr[py] Module snap_schedule has missing NOTIFY_TYPES member
2026-03-09T20:18:17.321 INFO:journalctl@ceph.mgr.y.vm05.stdout:Mar 09 20:18:17 vm05 ceph-c0151936-1bf4-11f1-b896-23f7bea8a6ea-mgr-y[52101]:
2026-03-09T20:18:17.118+0000 7fcaeb671140 -1 mgr[py] Module status has missing NOTIFY_TYPES member
2026-03-09T20:18:17.321 INFO:journalctl@ceph.mgr.y.vm05.stdout:Mar 09 20:18:17 vm05 ceph-c0151936-1bf4-11f1-b896-23f7bea8a6ea-mgr-y[52101]:
2026-03-09T20:18:17.151+0000 7fcaeb671140 -1 mgr[py] Module telegraf has missing NOTIFY_TYPES member
2026-03-09T20:18:17.321 INFO:journalctl@ceph.mgr.y.vm05.stdout:Mar 09 20:18:17 vm05 ceph-c0151936-1bf4-11f1-b896-23f7bea8a6ea-mgr-y[52101]:
2026-03-09T20:18:17.221+0000 7fcaeb671140 -1 mgr[py] Module telemetry has missing NOTIFY_TYPES member
2026-03-09T20:18:17.661 INFO:journalctl@ceph.mon.a.vm05.stdout:Mar 09 20:18:17 vm05 ceph-mon[51870]: Active manager daemon y restarted
2026-03-09T20:18:17.661 INFO:journalctl@ceph.mon.a.vm05.stdout:Mar 09 20:18:17 vm05 ceph-mon[51870]: Activating manager daemon y
2026-03-09T20:18:17.661 INFO:journalctl@ceph.mon.a.vm05.stdout:Mar 09 20:18:17 vm05 ceph-mon[51870]: osdmap e3: 0 total, 0 up, 0 in
2026-03-09T20:18:17.661 INFO:journalctl@ceph.mon.a.vm05.stdout:Mar 09 20:18:17 vm05 ceph-mon[51870]: mgrmap e10: y(active, starting, since 0.00611163s)
2026-03-09T20:18:17.661 INFO:journalctl@ceph.mon.a.vm05.stdout:Mar 09 20:18:17 vm05 ceph-mon[51870]: from='mgr.14150 v1:192.168.123.105:0/3677528619' entity='mgr.y' cmd=[{"prefix": "mon metadata", "id": "a"}]: dispatch
2026-03-09T20:18:17.661 INFO:journalctl@ceph.mon.a.vm05.stdout:Mar 09 20:18:17 vm05 ceph-mon[51870]: from='mgr.14150 v1:192.168.123.105:0/3677528619' entity='mgr.y' cmd=[{"prefix": "mgr metadata", "who": "y", "id": "y"}]: dispatch
2026-03-09T20:18:17.661 INFO:journalctl@ceph.mon.a.vm05.stdout:Mar 09 20:18:17 vm05 ceph-mon[51870]: from='mgr.14150 v1:192.168.123.105:0/3677528619' entity='mgr.y' cmd=[{"prefix": "mds metadata"}]: dispatch
2026-03-09T20:18:17.661 INFO:journalctl@ceph.mon.a.vm05.stdout:Mar 09 20:18:17 vm05 ceph-mon[51870]: from='mgr.14150 v1:192.168.123.105:0/3677528619' entity='mgr.y' cmd=[{"prefix": "osd metadata"}]: dispatch
2026-03-09T20:18:17.661 INFO:journalctl@ceph.mon.a.vm05.stdout:Mar 09 20:18:17 vm05 ceph-mon[51870]: from='mgr.14150 v1:192.168.123.105:0/3677528619' entity='mgr.y' cmd=[{"prefix": "mon metadata"}]: dispatch
2026-03-09T20:18:17.661 INFO:journalctl@ceph.mon.a.vm05.stdout:Mar 09 20:18:17 vm05 ceph-mon[51870]: Manager daemon y is now available
2026-03-09T20:18:17.661 INFO:journalctl@ceph.mon.a.vm05.stdout:Mar 09 20:18:17 vm05 ceph-mon[51870]: from='mgr.14150 v1:192.168.123.105:0/3677528619' entity='mgr.y' cmd=[{"prefix": "config dump", "format": "json"}]: dispatch
2026-03-09T20:18:17.661 INFO:journalctl@ceph.mon.a.vm05.stdout:Mar 09 20:18:17 vm05 ceph-mon[51870]: from='mgr.14150 v1:192.168.123.105:0/3677528619' entity='mgr.y' cmd=[{"prefix":"config rm","who":"mgr","name":"mgr/rbd_support/y/mirror_snapshot_schedule"}]: dispatch
2026-03-09T20:18:17.661 INFO:journalctl@ceph.mon.a.vm05.stdout:Mar 09 20:18:17 vm05 ceph-mon[51870]: from='mgr.14150 v1:192.168.123.105:0/3677528619' entity='mgr.y' cmd=[{"prefix":"config rm","who":"mgr","name":"mgr/rbd_support/y/trash_purge_schedule"}]: dispatch
2026-03-09T20:18:17.661 INFO:journalctl@ceph.mgr.y.vm05.stdout:Mar 09 20:18:17 vm05 ceph-c0151936-1bf4-11f1-b896-23f7bea8a6ea-mgr-y[52101]:
2026-03-09T20:18:17.321+0000 7fcaeb671140 -1 mgr[py] Module test_orchestrator has missing NOTIFY_TYPES member
2026-03-09T20:18:17.661 INFO:journalctl@ceph.mgr.y.vm05.stdout:Mar 09 20:18:17 vm05 ceph-c0151936-1bf4-11f1-b896-23f7bea8a6ea-mgr-y[52101]:
2026-03-09T20:18:17.443+0000 7fcaeb671140 -1 mgr[py] Module volumes has missing NOTIFY_TYPES member
2026-03-09T20:18:17.661 INFO:journalctl@ceph.mgr.y.vm05.stdout:Mar 09 20:18:17 vm05 ceph-c0151936-1bf4-11f1-b896-23f7bea8a6ea-mgr-y[52101]:
2026-03-09T20:18:17.476+0000 7fcaeb671140 -1 mgr[py] Module zabbix has missing NOTIFY_TYPES member
2026-03-09T20:18:18.639 INFO:teuthology.orchestra.run.vm05.stdout:/usr/bin/ceph: stdout {
2026-03-09T20:18:18.639 INFO:teuthology.orchestra.run.vm05.stdout:/usr/bin/ceph: stdout "mgrmap_epoch": 11,
2026-03-09T20:18:18.639 INFO:teuthology.orchestra.run.vm05.stdout:/usr/bin/ceph: stdout "initialized": true
2026-03-09T20:18:18.639 INFO:teuthology.orchestra.run.vm05.stdout:/usr/bin/ceph: stdout }
2026-03-09T20:18:18.639 INFO:teuthology.orchestra.run.vm05.stdout:/usr/bin/ceph: stderr
2026-03-09T20:18:15.227+0000 7f3bef202640 1 Processor -- start
2026-03-09T20:18:18.639 INFO:teuthology.orchestra.run.vm05.stdout:/usr/bin/ceph: stderr
2026-03-09T20:18:15.227+0000 7f3bef202640 1 -- start start
2026-03-09T20:18:18.639 INFO:teuthology.orchestra.run.vm05.stdout:/usr/bin/ceph: stderr
2026-03-09T20:18:15.227+0000 7f3bef202640 1 -- --> v1:192.168.123.105:6789/0 -- auth(proto 0 34 bytes epoch 0) -- 0x7f3be8111530 con 0x7f3be8074160
2026-03-09T20:18:18.639 INFO:teuthology.orchestra.run.vm05.stdout:/usr/bin/ceph: stderr
2026-03-09T20:18:15.227+0000 7f3bee200640 1 --1- >> v1:192.168.123.105:6789/0 conn(0x7f3be8074160 0x7f3be8074560 :-1 s=CONNECTING_WAIT_BANNER_AND_IDENTIFY pgs=0 cs=0 l=0).handle_server_banner_and_identify peer v1:192.168.123.105:6789/0 says I am v1:192.168.123.105:39306/0 (socket says 192.168.123.105:39306)
2026-03-09T20:18:18.639 INFO:teuthology.orchestra.run.vm05.stdout:/usr/bin/ceph: stderr
2026-03-09T20:18:15.227+0000 7f3bee200640 1 -- 192.168.123.105:0/2063646309 learned_addr learned my addr 192.168.123.105:0/2063646309 (peer_addr_for_me v1:192.168.123.105:0/0)
2026-03-09T20:18:18.639 INFO:teuthology.orchestra.run.vm05.stdout:/usr/bin/ceph: stderr
2026-03-09T20:18:15.228+0000 7f3bed1fe640 1 -- 192.168.123.105:0/2063646309 <== mon.0 v1:192.168.123.105:6789/0 1 ==== auth_reply(proto 2 0 (0) Success) ==== 33+0+0 (unknown 1467664140 0 0) 0x7f3be8111530 con 0x7f3be8074160
2026-03-09T20:18:18.639 INFO:teuthology.orchestra.run.vm05.stdout:/usr/bin/ceph: stderr
2026-03-09T20:18:15.228+0000 7f3bed1fe640 1 -- 192.168.123.105:0/2063646309 --> v1:192.168.123.105:6789/0 -- auth(proto 2 36 bytes epoch 0) -- 0x7f3bd0003620 con 0x7f3be8074160
2026-03-09T20:18:18.639 INFO:teuthology.orchestra.run.vm05.stdout:/usr/bin/ceph: stderr
2026-03-09T20:18:15.229+0000 7f3bed1fe640 1 -- 192.168.123.105:0/2063646309 <== mon.0 v1:192.168.123.105:6789/0 2 ==== auth_reply(proto 2 0 (0) Success) ==== 214+0+0 (unknown 2040651927 0 0) 0x7f3bd0003620 con 0x7f3be8074160
2026-03-09T20:18:18.639 INFO:teuthology.orchestra.run.vm05.stdout:/usr/bin/ceph: stderr
2026-03-09T20:18:15.229+0000 7f3bed1fe640 1 -- 192.168.123.105:0/2063646309 --> v1:192.168.123.105:6789/0 -- mon_subscribe({config=0+,monmap=0+}) -- 0x7f3be8112710 con 0x7f3be8074160
2026-03-09T20:18:18.639 INFO:teuthology.orchestra.run.vm05.stdout:/usr/bin/ceph: stderr
2026-03-09T20:18:15.229+0000 7f3bed1fe640 1 -- 192.168.123.105:0/2063646309 <== mon.0 v1:192.168.123.105:6789/0 3 ==== mon_map magic: 0 ==== 170+0+0 (unknown 2242798433 0 0) 0x7f3be4002e10 con 0x7f3be8074160
2026-03-09T20:18:18.639 INFO:teuthology.orchestra.run.vm05.stdout:/usr/bin/ceph: stderr
2026-03-09T20:18:15.229+0000 7f3bed1fe640 1 -- 192.168.123.105:0/2063646309 <== mon.0 v1:192.168.123.105:6789/0 4 ==== config(24 keys) ==== 1004+0+0 (unknown 1815091123 0 0) 0x7f3be4003400 con 0x7f3be8074160
2026-03-09T20:18:18.639 INFO:teuthology.orchestra.run.vm05.stdout:/usr/bin/ceph: stderr
2026-03-09T20:18:15.229+0000 7f3bed1fe640 1 -- 192.168.123.105:0/2063646309 <== mon.0 v1:192.168.123.105:6789/0 5 ==== mon_map magic: 0 ==== 170+0+0 (unknown 2242798433 0 0) 0x7f3be4006280 con 0x7f3be8074160
2026-03-09T20:18:18.639 INFO:teuthology.orchestra.run.vm05.stdout:/usr/bin/ceph: stderr
2026-03-09T20:18:15.230+0000 7f3bef202640 1 -- 192.168.123.105:0/2063646309 >> v1:192.168.123.105:6789/0 conn(0x7f3be8074160 legacy=0x7f3be8074560 unknown :-1 s=STATE_CONNECTION_ESTABLISHED l=1).mark_down
2026-03-09T20:18:18.639 INFO:teuthology.orchestra.run.vm05.stdout:/usr/bin/ceph: stderr
2026-03-09T20:18:15.238+0000 7f3bef202640 1 -- 192.168.123.105:0/2063646309 shutdown_connections
2026-03-09T20:18:18.639 INFO:teuthology.orchestra.run.vm05.stdout:/usr/bin/ceph: stderr
2026-03-09T20:18:15.238+0000 7f3bef202640 1 -- 192.168.123.105:0/2063646309 >> 192.168.123.105:0/2063646309 conn(0x7f3be806f4e0 msgr2=0x7f3be8071920 unknown :-1 s=STATE_NONE l=0).mark_down
2026-03-09T20:18:18.639 INFO:teuthology.orchestra.run.vm05.stdout:/usr/bin/ceph: stderr
2026-03-09T20:18:15.238+0000 7f3bef202640 1 -- 192.168.123.105:0/2063646309 shutdown_connections
2026-03-09T20:18:18.639 INFO:teuthology.orchestra.run.vm05.stdout:/usr/bin/ceph: stderr
2026-03-09T20:18:15.238+0000 7f3bef202640 1 -- 192.168.123.105:0/2063646309 wait complete.
2026-03-09T20:18:18.639 INFO:teuthology.orchestra.run.vm05.stdout:/usr/bin/ceph: stderr
2026-03-09T20:18:15.238+0000 7f3bef202640 1 Processor -- start
2026-03-09T20:18:18.639 INFO:teuthology.orchestra.run.vm05.stdout:/usr/bin/ceph: stderr
2026-03-09T20:18:15.238+0000 7f3bef202640 1 -- start start
2026-03-09T20:18:18.639 INFO:teuthology.orchestra.run.vm05.stdout:/usr/bin/ceph: stderr
2026-03-09T20:18:15.238+0000 7f3bef202640 1 -- --> v1:192.168.123.105:6789/0 -- auth(proto 0 34 bytes epoch 0) -- 0x7f3be81133c0 con 0x7f3be8074160
2026-03-09T20:18:18.639 INFO:teuthology.orchestra.run.vm05.stdout:/usr/bin/ceph: stderr
2026-03-09T20:18:15.238+0000 7f3bee200640 1 --1- >> v1:192.168.123.105:6789/0 conn(0x7f3be8074160 0x7f3be81a54c0 :-1 s=CONNECTING_WAIT_BANNER_AND_IDENTIFY pgs=0 cs=0 l=1).handle_server_banner_and_identify peer v1:192.168.123.105:6789/0 says I am v1:192.168.123.105:39322/0 (socket says 192.168.123.105:39322)
2026-03-09T20:18:18.639 INFO:teuthology.orchestra.run.vm05.stdout:/usr/bin/ceph: stderr
2026-03-09T20:18:15.238+0000 7f3bee200640 1 -- 192.168.123.105:0/3644978669 learned_addr learned my addr 192.168.123.105:0/3644978669 (peer_addr_for_me v1:192.168.123.105:0/0)
2026-03-09T20:18:18.639 INFO:teuthology.orchestra.run.vm05.stdout:/usr/bin/ceph: stderr
2026-03-09T20:18:15.240+0000 7f3bd77fe640 1 -- 192.168.123.105:0/3644978669 <== mon.0 v1:192.168.123.105:6789/0 1 ==== auth_reply(proto 2 0 (0) Success) ==== 33+0+0 (unknown 522106372 0 0) 0x7f3be81133c0 con 0x7f3be8074160
2026-03-09T20:18:18.639 INFO:teuthology.orchestra.run.vm05.stdout:/usr/bin/ceph: stderr
2026-03-09T20:18:15.240+0000 7f3bd77fe640 1 -- 192.168.123.105:0/3644978669 --> v1:192.168.123.105:6789/0 -- auth(proto 2 36 bytes epoch 0) -- 0x7f3bcc003620 con 0x7f3be8074160
2026-03-09T20:18:18.639 INFO:teuthology.orchestra.run.vm05.stdout:/usr/bin/ceph: stderr
2026-03-09T20:18:15.240+0000 7f3bd77fe640 1 -- 192.168.123.105:0/3644978669 <== mon.0 v1:192.168.123.105:6789/0 2 ==== auth_reply(proto 2 0 (0) Success) ==== 764+0+0 (unknown 3194155565 0 0) 0x7f3bcc003620 con 0x7f3be8074160
2026-03-09T20:18:18.639 INFO:teuthology.orchestra.run.vm05.stdout:/usr/bin/ceph: stderr
2026-03-09T20:18:15.240+0000 7f3bd77fe640 1 -- 192.168.123.105:0/3644978669 --> v1:192.168.123.105:6789/0 -- auth(proto 2 165 bytes epoch 0) -- 0x7f3be81133c0 con 0x7f3be8074160
2026-03-09T20:18:18.640 INFO:teuthology.orchestra.run.vm05.stdout:/usr/bin/ceph: stderr
2026-03-09T20:18:15.240+0000 7f3bd77fe640 1 -- 192.168.123.105:0/3644978669 <== mon.0 v1:192.168.123.105:6789/0 3 ==== mon_map magic: 0 ==== 170+0+0 (unknown 2242798433 0 0) 0x7f3be4002890 con 0x7f3be8074160
2026-03-09T20:18:18.640 INFO:teuthology.orchestra.run.vm05.stdout:/usr/bin/ceph: stderr
2026-03-09T20:18:15.240+0000 7f3bd77fe640 1 -- 192.168.123.105:0/3644978669 <== mon.0 v1:192.168.123.105:6789/0 4 ==== auth_reply(proto 2 0 (0) Success) ==== 580+0+0 (unknown 2611415919 0 0) 0x7f3be81133c0 con 0x7f3be8074160
2026-03-09T20:18:18.640 INFO:teuthology.orchestra.run.vm05.stdout:/usr/bin/ceph: stderr
2026-03-09T20:18:15.240+0000 7f3bd77fe640 1 -- 192.168.123.105:0/3644978669 --> v1:192.168.123.105:6789/0 -- mon_subscribe({config=0+,monmap=0+}) -- 0x7f3be8113590 con 0x7f3be8074160
2026-03-09T20:18:18.640 INFO:teuthology.orchestra.run.vm05.stdout:/usr/bin/ceph: stderr
2026-03-09T20:18:15.240+0000 7f3bef202640 1 -- 192.168.123.105:0/3644978669 --> v1:192.168.123.105:6789/0 -- mon_subscribe({mgrmap=0+}) -- 0x7f3be8113840 con 0x7f3be8074160
2026-03-09T20:18:18.640 INFO:teuthology.orchestra.run.vm05.stdout:/usr/bin/ceph: stderr
2026-03-09T20:18:15.240+0000 7f3bef202640 1 -- 192.168.123.105:0/3644978669 --> v1:192.168.123.105:6789/0 -- mon_subscribe({osdmap=0}) -- 0x7f3be81a6ef0 con 0x7f3be8074160
2026-03-09T20:18:18.640 INFO:teuthology.orchestra.run.vm05.stdout:/usr/bin/ceph: stderr
2026-03-09T20:18:15.241+0000 7f3bd77fe640 1 -- 192.168.123.105:0/3644978669 <== mon.0 v1:192.168.123.105:6789/0 5 ==== config(24 keys) ==== 1004+0+0 (unknown 1815091123 0 0) 0x7f3be4005ea0 con 0x7f3be8074160
2026-03-09T20:18:18.640 INFO:teuthology.orchestra.run.vm05.stdout:/usr/bin/ceph: stderr
2026-03-09T20:18:15.241+0000 7f3bd77fe640 1 -- 192.168.123.105:0/3644978669 <== mon.0 v1:192.168.123.105:6789/0 6 ==== mon_map magic: 0 ==== 170+0+0 (unknown 2242798433 0 0) 0x7f3be4005020 con 0x7f3be8074160
2026-03-09T20:18:18.640 INFO:teuthology.orchestra.run.vm05.stdout:/usr/bin/ceph: stderr
2026-03-09T20:18:15.241+0000 7f3bd77fe640 1 -- 192.168.123.105:0/3644978669 <== mon.0 v1:192.168.123.105:6789/0 7 ==== mgrmap(e 9) ==== 50225+0+0 (unknown 3260243651 0 0) 0x7f3be40126a0 con 0x7f3be8074160
2026-03-09T20:18:18.640 INFO:teuthology.orchestra.run.vm05.stdout:/usr/bin/ceph: stderr
2026-03-09T20:18:15.241+0000 7f3bd77fe640 1 -- 192.168.123.105:0/3644978669 --> v1:192.168.123.105:6800/1901557444 -- command(tid 0: {"prefix": "get_command_descriptions"}) -- 0x7f3bcc042900 con 0x7f3bcc03ec30
2026-03-09T20:18:18.640 INFO:teuthology.orchestra.run.vm05.stdout:/usr/bin/ceph: stderr
2026-03-09T20:18:15.241+0000 7f3bd77fe640 1 -- 192.168.123.105:0/3644978669 <== mon.0 v1:192.168.123.105:6789/0 8 ==== osd_map(2..2 src has 1..2) ==== 897+0+0 (unknown 2608398624 0 0) 0x7f3be404e430 con 0x7f3be8074160
2026-03-09T20:18:18.640 INFO:teuthology.orchestra.run.vm05.stdout:/usr/bin/ceph: stderr
2026-03-09T20:18:15.241+0000 7f3bed9ff640 1 -- 192.168.123.105:0/3644978669 >> v1:192.168.123.105:6800/1901557444 conn(0x7f3bcc03ec30 legacy=0x7f3bcc0410f0 unknown :-1 s=STATE_CONNECTING_RE l=1).process reconnect failed to v1:192.168.123.105:6800/1901557444
2026-03-09T20:18:18.640 INFO:teuthology.orchestra.run.vm05.stdout:/usr/bin/ceph: stderr
2026-03-09T20:18:15.442+0000 7f3bed9ff640 1 -- 192.168.123.105:0/3644978669 >> v1:192.168.123.105:6800/1901557444 conn(0x7f3bcc03ec30 legacy=0x7f3bcc0410f0 unknown :-1 s=STATE_CONNECTING_RE l=1).process reconnect failed to v1:192.168.123.105:6800/1901557444
2026-03-09T20:18:18.640 INFO:teuthology.orchestra.run.vm05.stdout:/usr/bin/ceph: stderr
2026-03-09T20:18:15.842+0000 7f3bed9ff640 1 -- 192.168.123.105:0/3644978669 >> v1:192.168.123.105:6800/1901557444 conn(0x7f3bcc03ec30 legacy=0x7f3bcc0410f0 unknown :-1 s=STATE_CONNECTING_RE l=1).process reconnect failed to v1:192.168.123.105:6800/1901557444
2026-03-09T20:18:18.640 INFO:teuthology.orchestra.run.vm05.stdout:/usr/bin/ceph: stderr
2026-03-09T20:18:16.643+0000 7f3bed9ff640 1 -- 192.168.123.105:0/3644978669 >> v1:192.168.123.105:6800/1901557444 conn(0x7f3bcc03ec30 legacy=0x7f3bcc0410f0 unknown :-1 s=STATE_CONNECTING_RE l=1).process reconnect failed to v1:192.168.123.105:6800/1901557444
2026-03-09T20:18:18.640 INFO:teuthology.orchestra.run.vm05.stdout:/usr/bin/ceph: stderr
2026-03-09T20:18:17.482+0000 7f3bd77fe640 1 -- 192.168.123.105:0/3644978669 <== mon.0 v1:192.168.123.105:6789/0 9 ==== mgrmap(e 10) ==== 50027+0+0 (unknown 670486799 0 0) 0x7f3be404cdf0 con 0x7f3be8074160
2026-03-09T20:18:18.640 INFO:teuthology.orchestra.run.vm05.stdout:/usr/bin/ceph: stderr
2026-03-09T20:18:17.482+0000 7f3bd77fe640 1 -- 192.168.123.105:0/3644978669 >> v1:192.168.123.105:6800/1901557444 conn(0x7f3bcc03ec30 legacy=0x7f3bcc0410f0 unknown :-1 s=STATE_CONNECTING l=1).mark_down
2026-03-09T20:18:18.640 INFO:teuthology.orchestra.run.vm05.stdout:/usr/bin/ceph: stderr
2026-03-09T20:18:18.484+0000 7f3bd77fe640 1 -- 192.168.123.105:0/3644978669 <== mon.0 v1:192.168.123.105:6789/0 10 ==== mgrmap(e 11) ==== 50119+0+0 (unknown 3485944613 0 0) 0x7f3be404d870 con 0x7f3be8074160
2026-03-09T20:18:18.640 INFO:teuthology.orchestra.run.vm05.stdout:/usr/bin/ceph: stderr
2026-03-09T20:18:18.484+0000 7f3bd77fe640 1 -- 192.168.123.105:0/3644978669 --> v1:192.168.123.105:6800/3290461294 -- command(tid 0: {"prefix": "get_command_descriptions"}) -- 0x7f3be403ea70 con 0x7f3bcc043720
2026-03-09T20:18:18.640 INFO:teuthology.orchestra.run.vm05.stdout:/usr/bin/ceph: stderr
2026-03-09T20:18:18.487+0000 7f3bd77fe640 1 -- 192.168.123.105:0/3644978669 <== mgr.14150 v1:192.168.123.105:6800/3290461294 1 ==== command_reply(tid 0: 0 ) ==== 8+0+8901 (unknown 0 0 3832181493) 0x7f3be403ea70 con 0x7f3bcc043720
2026-03-09T20:18:18.640 INFO:teuthology.orchestra.run.vm05.stdout:/usr/bin/ceph: stderr
2026-03-09T20:18:18.491+0000 7f3bef202640 1 -- 192.168.123.105:0/3644978669 --> v1:192.168.123.105:6800/3290461294 -- command(tid 1: {"prefix": "mgr_status"}) -- 0x7f3be8111e80 con 0x7f3bcc043720
2026-03-09T20:18:18.640 INFO:teuthology.orchestra.run.vm05.stdout:/usr/bin/ceph: stderr
2026-03-09T20:18:18.491+0000 7f3bd77fe640 1 -- 192.168.123.105:0/3644978669 <== mgr.14150 v1:192.168.123.105:6800/3290461294 2 ==== command_reply(tid 1: 0 ) ==== 8+0+52 (unknown 0 0 3086460295) 0x7f3be8111e80 con 0x7f3bcc043720
2026-03-09T20:18:18.640 INFO:teuthology.orchestra.run.vm05.stdout:/usr/bin/ceph: stderr
2026-03-09T20:18:18.492+0000 7f3bef202640 1 -- 192.168.123.105:0/3644978669 >> v1:192.168.123.105:6800/3290461294 conn(0x7f3bcc043720 legacy=0x7f3bcc045b10 unknown :-1 s=STATE_CONNECTION_ESTABLISHED l=1).mark_down
2026-03-09T20:18:18.640 INFO:teuthology.orchestra.run.vm05.stdout:/usr/bin/ceph: stderr
2026-03-09T20:18:18.492+0000 7f3bef202640 1 -- 192.168.123.105:0/3644978669 >> v1:192.168.123.105:6789/0 conn(0x7f3be8074160 legacy=0x7f3be81a54c0 unknown :-1 s=STATE_CONNECTION_ESTABLISHED l=1).mark_down
2026-03-09T20:18:18.640 INFO:teuthology.orchestra.run.vm05.stdout:/usr/bin/ceph: stderr
2026-03-09T20:18:18.492+0000 7f3bef202640 1 -- 192.168.123.105:0/3644978669 shutdown_connections
2026-03-09T20:18:18.640 INFO:teuthology.orchestra.run.vm05.stdout:/usr/bin/ceph: stderr
2026-03-09T20:18:18.492+0000 7f3bef202640 1 -- 192.168.123.105:0/3644978669 >> 192.168.123.105:0/3644978669 conn(0x7f3be806f4e0 msgr2=0x7f3be8071920 unknown :-1 s=STATE_NONE l=0).mark_down
2026-03-09T20:18:18.640 INFO:teuthology.orchestra.run.vm05.stdout:/usr/bin/ceph: stderr
2026-03-09T20:18:18.492+0000 7f3bef202640 1 -- 192.168.123.105:0/3644978669 shutdown_connections
2026-03-09T20:18:18.640 INFO:teuthology.orchestra.run.vm05.stdout:/usr/bin/ceph: stderr
2026-03-09T20:18:18.492+0000 7f3bef202640 1 -- 192.168.123.105:0/3644978669 wait complete.
2026-03-09T20:18:18.640 INFO:teuthology.orchestra.run.vm05.stdout:mgr epoch 9 is available
2026-03-09T20:18:18.640 INFO:teuthology.orchestra.run.vm05.stdout:Generating a dashboard self-signed certificate...
2026-03-09T20:18:19.201 INFO:teuthology.orchestra.run.vm05.stdout:/usr/bin/ceph: stdout Self-signed certificate created
2026-03-09T20:18:19.201 INFO:teuthology.orchestra.run.vm05.stdout:/usr/bin/ceph: stderr
2026-03-09T20:18:18.798+0000 7fa5c1ca1640 1 Processor -- start
2026-03-09T20:18:19.201 INFO:teuthology.orchestra.run.vm05.stdout:/usr/bin/ceph: stderr
2026-03-09T20:18:18.800+0000 7fa5c1ca1640 1 -- start start
2026-03-09T20:18:19.201 INFO:teuthology.orchestra.run.vm05.stdout:/usr/bin/ceph: stderr
2026-03-09T20:18:18.800+0000 7fa5c1ca1640 1 -- --> v1:192.168.123.105:6789/0 -- auth(proto 0 34 bytes epoch 0) -- 0x7fa5bc10cbe0 con 0x7fa5bc1087b0
2026-03-09T20:18:19.201 INFO:teuthology.orchestra.run.vm05.stdout:/usr/bin/ceph: stderr
2026-03-09T20:18:18.801+0000 7fa5c0c9f640 1 --1- >> v1:192.168.123.105:6789/0 conn(0x7fa5bc1087b0 0x7fa5bc108bb0 :-1 s=CONNECTING_WAIT_BANNER_AND_IDENTIFY pgs=0 cs=0 l=0).handle_server_banner_and_identify peer v1:192.168.123.105:6789/0 says I am v1:192.168.123.105:39424/0 (socket says 192.168.123.105:39424)
2026-03-09T20:18:19.201 INFO:teuthology.orchestra.run.vm05.stdout:/usr/bin/ceph: stderr
2026-03-09T20:18:18.801+0000 7fa5c0c9f640 1 -- 192.168.123.105:0/3524186030 learned_addr learned my addr 192.168.123.105:0/3524186030 (peer_addr_for_me v1:192.168.123.105:0/0)
2026-03-09T20:18:19.201 INFO:teuthology.orchestra.run.vm05.stdout:/usr/bin/ceph: stderr
2026-03-09T20:18:18.801+0000 7fa5b37fe640 1 -- 192.168.123.105:0/3524186030 <== mon.0 v1:192.168.123.105:6789/0 1 ==== auth_reply(proto 2 0 (0) Success) ==== 33+0+0 (unknown 3724111374 0 0) 0x7fa5bc10cbe0 con 0x7fa5bc1087b0
2026-03-09T20:18:19.201 INFO:teuthology.orchestra.run.vm05.stdout:/usr/bin/ceph: stderr
2026-03-09T20:18:18.802+0000 7fa5b37fe640 1 -- 192.168.123.105:0/3524186030 --> v1:192.168.123.105:6789/0 -- auth(proto 2 36 bytes epoch 0) -- 0x7fa5a8003620 con 0x7fa5bc1087b0
2026-03-09T20:18:19.201 INFO:teuthology.orchestra.run.vm05.stdout:/usr/bin/ceph: stderr
2026-03-09T20:18:18.802+0000 7fa5b37fe640 1 -- 192.168.123.105:0/3524186030 <== mon.0 v1:192.168.123.105:6789/0 2 ==== auth_reply(proto 2 0 (0) Success) ==== 214+0+0 (unknown 1907764353 0 0) 0x7fa5a8003620 con 0x7fa5bc1087b0
2026-03-09T20:18:19.201 INFO:teuthology.orchestra.run.vm05.stdout:/usr/bin/ceph: stderr
2026-03-09T20:18:18.802+0000 7fa5b37fe640 1 -- 192.168.123.105:0/3524186030 --> v1:192.168.123.105:6789/0 -- mon_subscribe({config=0+,monmap=0+}) -- 0x7fa5bc10ddc0 con 0x7fa5bc1087b0
2026-03-09T20:18:19.201 INFO:teuthology.orchestra.run.vm05.stdout:/usr/bin/ceph: stderr
2026-03-09T20:18:18.802+0000 7fa5b37fe640 1 -- 192.168.123.105:0/3524186030 <== mon.0 v1:192.168.123.105:6789/0 3 ==== mon_map magic: 0 ==== 170+0+0 (unknown 2242798433 0 0) 0x7fa5ac002e10 con 0x7fa5bc1087b0
2026-03-09T20:18:19.201 INFO:teuthology.orchestra.run.vm05.stdout:/usr/bin/ceph: stderr
2026-03-09T20:18:18.802+0000 7fa5b37fe640 1 -- 192.168.123.105:0/3524186030 <== mon.0 v1:192.168.123.105:6789/0 4 ==== config(24 keys) ==== 1004+0+0 (unknown 1815091123 0 0) 0x7fa5ac003400 con 0x7fa5bc1087b0
2026-03-09T20:18:19.201 INFO:teuthology.orchestra.run.vm05.stdout:/usr/bin/ceph: stderr
2026-03-09T20:18:18.802+0000 7fa5b37fe640 1 -- 192.168.123.105:0/3524186030 <== mon.0 v1:192.168.123.105:6789/0 5 ==== mon_map magic: 0 ==== 170+0+0 (unknown 2242798433 0 0) 0x7fa5ac0059d0 con 0x7fa5bc1087b0
2026-03-09T20:18:19.201 INFO:teuthology.orchestra.run.vm05.stdout:/usr/bin/ceph: stderr
2026-03-09T20:18:18.802+0000 7fa5c1ca1640 1 -- 192.168.123.105:0/3524186030 >> v1:192.168.123.105:6789/0 conn(0x7fa5bc1087b0 legacy=0x7fa5bc108bb0 unknown :-1 s=STATE_CONNECTION_ESTABLISHED l=1).mark_down
2026-03-09T20:18:19.201 INFO:teuthology.orchestra.run.vm05.stdout:/usr/bin/ceph: stderr
2026-03-09T20:18:18.803+0000 7fa5c1ca1640 1 -- 192.168.123.105:0/3524186030 shutdown_connections
2026-03-09T20:18:19.201 INFO:teuthology.orchestra.run.vm05.stdout:/usr/bin/ceph: stderr
2026-03-09T20:18:18.803+0000 7fa5c1ca1640 1 -- 192.168.123.105:0/3524186030 >> 192.168.123.105:0/3524186030 conn(0x7fa5bc07bc90 msgr2=0x7fa5bc07c0a0 unknown :-1 s=STATE_NONE l=0).mark_down
2026-03-09T20:18:19.201 INFO:teuthology.orchestra.run.vm05.stdout:/usr/bin/ceph: stderr
2026-03-09T20:18:18.803+0000 7fa5c1ca1640 1 -- 192.168.123.105:0/3524186030 shutdown_connections
2026-03-09T20:18:19.201 INFO:teuthology.orchestra.run.vm05.stdout:/usr/bin/ceph: stderr
2026-03-09T20:18:18.803+0000 7fa5c1ca1640 1 -- 192.168.123.105:0/3524186030 wait complete.
2026-03-09T20:18:19.201 INFO:teuthology.orchestra.run.vm05.stdout:/usr/bin/ceph: stderr
2026-03-09T20:18:18.803+0000 7fa5c1ca1640 1 Processor -- start
2026-03-09T20:18:19.201 INFO:teuthology.orchestra.run.vm05.stdout:/usr/bin/ceph: stderr
2026-03-09T20:18:18.804+0000 7fa5c1ca1640 1 -- start start
2026-03-09T20:18:19.201 INFO:teuthology.orchestra.run.vm05.stdout:/usr/bin/ceph: stderr
2026-03-09T20:18:18.804+0000 7fa5c0c9f640 1 --1- >> v1:192.168.123.105:6789/0 conn(0x7fa5bc1087b0 0x7fa5bc19e320 :-1 s=CONNECTING_WAIT_BANNER_AND_IDENTIFY pgs=0 cs=0 l=1).handle_server_banner_and_identify peer v1:192.168.123.105:6789/0 says I am v1:192.168.123.105:39438/0 (socket says 192.168.123.105:39438)
2026-03-09T20:18:19.201 INFO:teuthology.orchestra.run.vm05.stdout:/usr/bin/ceph: stderr
2026-03-09T20:18:18.804+0000 7fa5c0c9f640 1 -- 192.168.123.105:0/203818805 learned_addr learned my addr 192.168.123.105:0/203818805 (peer_addr_for_me v1:192.168.123.105:0/0)
2026-03-09T20:18:19.201 INFO:teuthology.orchestra.run.vm05.stdout:/usr/bin/ceph: stderr
2026-03-09T20:18:18.804+0000 7fa5c1ca1640 1 -- 192.168.123.105:0/203818805 --> v1:192.168.123.105:6789/0 -- auth(proto 0 34 bytes epoch 0) -- 0x7fa5bc19ea30 con 0x7fa5bc1087b0
2026-03-09T20:18:19.201 INFO:teuthology.orchestra.run.vm05.stdout:/usr/bin/ceph: stderr
2026-03-09T20:18:18.804+0000 7fa5b1ffb640 1 -- 192.168.123.105:0/203818805 <== mon.0 v1:192.168.123.105:6789/0 1 ==== auth_reply(proto 2 0 (0) Success) ==== 33+0+0 (unknown 737829625 0 0) 0x7fa5bc19ea30 con 0x7fa5bc1087b0
2026-03-09T20:18:19.201 INFO:teuthology.orchestra.run.vm05.stdout:/usr/bin/ceph: stderr
2026-03-09T20:18:18.804+0000 7fa5b1ffb640 1 -- 192.168.123.105:0/203818805 --> v1:192.168.123.105:6789/0 -- auth(proto 2 36 bytes epoch 0) -- 0x7fa598003620 con 0x7fa5bc1087b0
2026-03-09T20:18:19.201 INFO:teuthology.orchestra.run.vm05.stdout:/usr/bin/ceph: stderr
2026-03-09T20:18:18.805+0000 7fa5b1ffb640 1 -- 192.168.123.105:0/203818805 <== mon.0 v1:192.168.123.105:6789/0 2 ==== auth_reply(proto 2 0 (0) Success) ==== 764+0+0 (unknown 1723175105 0 0) 0x7fa598003620 con 0x7fa5bc1087b0
2026-03-09T20:18:19.201 INFO:teuthology.orchestra.run.vm05.stdout:/usr/bin/ceph: stderr
2026-03-09T20:18:18.805+0000 7fa5b1ffb640 1 -- 192.168.123.105:0/203818805 --> v1:192.168.123.105:6789/0 -- auth(proto 2 165 bytes epoch 0) -- 0x7fa5bc19ea30 con 0x7fa5bc1087b0
2026-03-09T20:18:19.201 INFO:teuthology.orchestra.run.vm05.stdout:/usr/bin/ceph: stderr
2026-03-09T20:18:18.805+0000 7fa5b1ffb640 1 -- 192.168.123.105:0/203818805 <== mon.0 v1:192.168.123.105:6789/0 3 ==== mon_map magic: 0 ==== 170+0+0 (unknown 2242798433 0 0) 0x7fa5ac005040 con 0x7fa5bc1087b0
2026-03-09T20:18:19.201 INFO:teuthology.orchestra.run.vm05.stdout:/usr/bin/ceph: stderr
2026-03-09T20:18:18.805+0000 7fa5b1ffb640 1 -- 192.168.123.105:0/203818805 <== mon.0 v1:192.168.123.105:6789/0 4 ==== auth_reply(proto 2 0 (0) Success) ==== 580+0+0 (unknown 754722219 0 0) 0x7fa5bc19ea30 con 0x7fa5bc1087b0
2026-03-09T20:18:19.201 INFO:teuthology.orchestra.run.vm05.stdout:/usr/bin/ceph: stderr
2026-03-09T20:18:18.805+0000 7fa5b1ffb640 1 -- 192.168.123.105:0/203818805 --> v1:192.168.123.105:6789/0 -- mon_subscribe({config=0+,monmap=0+}) -- 0x7fa5bc19ec00 con 0x7fa5bc1087b0
2026-03-09T20:18:19.201 INFO:teuthology.orchestra.run.vm05.stdout:/usr/bin/ceph: stderr
2026-03-09T20:18:18.805+0000 7fa5b1ffb640 1 -- 192.168.123.105:0/203818805 <== mon.0 v1:192.168.123.105:6789/0 5 ==== config(24 keys) ==== 1004+0+0 (unknown 1815091123 0 0) 0x7fa5ac002890 con 0x7fa5bc1087b0
2026-03-09T20:18:19.201 INFO:teuthology.orchestra.run.vm05.stdout:/usr/bin/ceph: stderr
2026-03-09T20:18:18.805+0000 7fa5c1ca1640 1 -- 192.168.123.105:0/203818805 --> v1:192.168.123.105:6789/0 -- mon_subscribe({mgrmap=0+}) -- 0x7fa5bc19eef0 con 0x7fa5bc1087b0
2026-03-09T20:18:19.201 INFO:teuthology.orchestra.run.vm05.stdout:/usr/bin/ceph: stderr
2026-03-09T20:18:18.805+0000 7fa5c1ca1640 1 -- 192.168.123.105:0/203818805 --> v1:192.168.123.105:6789/0 -- mon_subscribe({osdmap=0}) -- 0x7fa5bc1a2a40 con 0x7fa5bc1087b0
2026-03-09T20:18:19.201 INFO:teuthology.orchestra.run.vm05.stdout:/usr/bin/ceph: stderr
2026-03-09T20:18:18.806+0000 7fa5b1ffb640 1 -- 192.168.123.105:0/203818805 <== mon.0 v1:192.168.123.105:6789/0 6 ==== mon_map magic: 0 ==== 170+0+0 (unknown 2242798433 0 0) 0x7fa5ac006200 con 0x7fa5bc1087b0
2026-03-09T20:18:19.201 INFO:teuthology.orchestra.run.vm05.stdout:/usr/bin/ceph: stderr
2026-03-09T20:18:18.806+0000 7fa5b1ffb640 1 -- 192.168.123.105:0/203818805 <== mon.0 v1:192.168.123.105:6789/0 7 ==== mgrmap(e 11) ==== 50119+0+0 (unknown 3485944613 0 0) 0x7fa5ac012830 con 0x7fa5bc1087b0
2026-03-09T20:18:19.201 INFO:teuthology.orchestra.run.vm05.stdout:/usr/bin/ceph: stderr
2026-03-09T20:18:18.806+0000 7fa5b1ffb640 1 -- 192.168.123.105:0/203818805 <== mon.0 v1:192.168.123.105:6789/0 8 ==== osd_map(3..3 src has 1..3) ==== 1069+0+0 (unknown 2236241792 0 0) 0x7fa5ac04d1d0 con 0x7fa5bc1087b0
2026-03-09T20:18:19.201 INFO:teuthology.orchestra.run.vm05.stdout:/usr/bin/ceph: stderr
2026-03-09T20:18:18.807+0000 7fa5c1ca1640 1 -- 192.168.123.105:0/203818805 --> v1:192.168.123.105:6789/0 -- mon_command({"prefix": "get_command_descriptions"} v 0) -- 0x7fa584005180 con 0x7fa5bc1087b0
2026-03-09T20:18:19.201 INFO:teuthology.orchestra.run.vm05.stdout:/usr/bin/ceph: stderr
2026-03-09T20:18:18.810+0000 7fa5b1ffb640 1 -- 192.168.123.105:0/203818805 <== mon.0 v1:192.168.123.105:6789/0 9 ==== mon_command_ack([{"prefix": "get_command_descriptions"}]=0 v0) ==== 72+0+195034 (unknown 1092875540 0 2568732696) 0x7fa5ac018870 con 0x7fa5bc1087b0
2026-03-09T20:18:19.201 INFO:teuthology.orchestra.run.vm05.stdout:/usr/bin/ceph: stderr
2026-03-09T20:18:18.907+0000 7fa5c1ca1640 1 -- 192.168.123.105:0/203818805 --> v1:192.168.123.105:6800/3290461294 -- mgr_command(tid 0: {"prefix": "dashboard create-self-signed-cert", "target": ["mon-mgr", ""]}) -- 0x7fa584002bf0 con 0x7fa59803ec70
2026-03-09T20:18:19.201 INFO:teuthology.orchestra.run.vm05.stdout:/usr/bin/ceph: stderr
2026-03-09T20:18:19.024+0000 7fa5b1ffb640 1 -- 192.168.123.105:0/203818805 <== mgr.14150 v1:192.168.123.105:6800/3290461294 1 ==== mgr_command_reply(tid 0: 0 ) ==== 8+0+32 (unknown 0 0 3317752739) 0x7fa584002bf0 con 0x7fa59803ec70
2026-03-09T20:18:19.201 INFO:teuthology.orchestra.run.vm05.stdout:/usr/bin/ceph: stderr
2026-03-09T20:18:19.027+0000 7fa5c1ca1640 1 -- 192.168.123.105:0/203818805 >> v1:192.168.123.105:6800/3290461294 conn(0x7fa59803ec70 legacy=0x7fa598041130 unknown :-1 s=STATE_CONNECTION_ESTABLISHED l=1).mark_down
2026-03-09T20:18:19.201 INFO:teuthology.orchestra.run.vm05.stdout:/usr/bin/ceph: stderr
2026-03-09T20:18:19.027+0000 7fa5c1ca1640 1 -- 192.168.123.105:0/203818805 >> v1:192.168.123.105:6789/0 conn(0x7fa5bc1087b0 legacy=0x7fa5bc19e320 unknown :-1 s=STATE_CONNECTION_ESTABLISHED l=1).mark_down
2026-03-09T20:18:19.201 INFO:teuthology.orchestra.run.vm05.stdout:/usr/bin/ceph: stderr
2026-03-09T20:18:19.028+0000 7fa5c1ca1640 1 -- 192.168.123.105:0/203818805 shutdown_connections
2026-03-09T20:18:19.201 INFO:teuthology.orchestra.run.vm05.stdout:/usr/bin/ceph: stderr
2026-03-09T20:18:19.028+0000 7fa5c1ca1640 1 -- 192.168.123.105:0/203818805 >> 192.168.123.105:0/203818805 conn(0x7fa5bc07bc90 msgr2=0x7fa5bc105770 unknown :-1 s=STATE_NONE l=0).mark_down
2026-03-09T20:18:19.201 INFO:teuthology.orchestra.run.vm05.stdout:/usr/bin/ceph: stderr
2026-03-09T20:18:19.028+0000 7fa5c1ca1640 1 -- 192.168.123.105:0/203818805 shutdown_connections
2026-03-09T20:18:19.201 INFO:teuthology.orchestra.run.vm05.stdout:/usr/bin/ceph: stderr
2026-03-09T20:18:19.028+0000 7fa5c1ca1640 1 -- 192.168.123.105:0/203818805 wait complete.
2026-03-09T20:18:19.201 INFO:teuthology.orchestra.run.vm05.stdout:Creating initial admin user...
2026-03-09T20:18:19.266 INFO:journalctl@ceph.mon.a.vm05.stdout:Mar 09 20:18:19 vm05 ceph-mon[51870]: from='mgr.14150 v1:192.168.123.105:0/3677528619' entity='mgr.y'
2026-03-09T20:18:19.266 INFO:journalctl@ceph.mon.a.vm05.stdout:Mar 09 20:18:19 vm05 ceph-mon[51870]: [09/Mar/2026:20:18:18] ENGINE Bus STARTING
2026-03-09T20:18:19.266 INFO:journalctl@ceph.mon.a.vm05.stdout:Mar 09 20:18:19 vm05 ceph-mon[51870]: [09/Mar/2026:20:18:18] ENGINE Serving on https://192.168.123.105:7150
2026-03-09T20:18:19.267 INFO:journalctl@ceph.mon.a.vm05.stdout:Mar 09 20:18:19 vm05 ceph-mon[51870]: [09/Mar/2026:20:18:18] ENGINE Client ('192.168.123.105', 60484) lost — peer dropped the TLS connection suddenly, during handshake: (6, 'TLS/SSL connection has been closed (EOF) (_ssl.c:1147)')
2026-03-09T20:18:19.267 INFO:journalctl@ceph.mon.a.vm05.stdout:Mar 09 20:18:19 vm05 ceph-mon[51870]: from='mgr.14150 v1:192.168.123.105:0/3677528619' entity='mgr.y'
2026-03-09T20:18:19.267 INFO:journalctl@ceph.mon.a.vm05.stdout:Mar 09 20:18:19 vm05 ceph-mon[51870]: mgrmap e11: y(active, since 1.00898s)
2026-03-09T20:18:19.267 INFO:journalctl@ceph.mon.a.vm05.stdout:Mar 09 20:18:19 vm05 ceph-mon[51870]: from='client.14154 v1:192.168.123.105:0/3644978669' entity='client.admin' cmd=[{"prefix": "get_command_descriptions"}]: dispatch
2026-03-09T20:18:19.267 INFO:journalctl@ceph.mon.a.vm05.stdout:Mar 09 20:18:19 vm05 ceph-mon[51870]: from='client.14154 v1:192.168.123.105:0/3644978669' entity='client.admin' cmd=[{"prefix": "mgr_status"}]: dispatch
2026-03-09T20:18:19.267 INFO:journalctl@ceph.mon.a.vm05.stdout:Mar 09 20:18:19 vm05 ceph-mon[51870]: [09/Mar/2026:20:18:18] ENGINE Serving on http://192.168.123.105:8765
2026-03-09T20:18:19.267 INFO:journalctl@ceph.mon.a.vm05.stdout:Mar 09 20:18:19 vm05 ceph-mon[51870]: [09/Mar/2026:20:18:18] ENGINE Bus STARTED
2026-03-09T20:18:19.267 INFO:journalctl@ceph.mon.a.vm05.stdout:Mar 09 20:18:19 vm05 ceph-mon[51870]: from='mgr.14150 v1:192.168.123.105:0/3677528619' entity='mgr.y'
2026-03-09T20:18:19.267 INFO:journalctl@ceph.mon.a.vm05.stdout:Mar 09 20:18:19 vm05 ceph-mon[51870]: from='mgr.14150 v1:192.168.123.105:0/3677528619' entity='mgr.y'
2026-03-09T20:18:19.933 INFO:teuthology.orchestra.run.vm05.stdout:/usr/bin/ceph: stdout {"username": "admin", "password": "$2b$12$g3s6/Dr7NnVdVg.UmUajaePgPlJCObI8dCLGEt5DaFuJuV/t/Fee6", "roles": ["administrator"], "name": null, "email": null, "lastUpdate": 1773087499, "enabled": true, "pwdExpirationDate": null, "pwdUpdateRequired": true}
2026-03-09T20:18:19.933 INFO:teuthology.orchestra.run.vm05.stdout:/usr/bin/ceph: stderr
2026-03-09T20:18:19.353+0000 7fa806b31640 1 Processor -- start
2026-03-09T20:18:19.933 INFO:teuthology.orchestra.run.vm05.stdout:/usr/bin/ceph: stderr
2026-03-09T20:18:19.353+0000 7fa806b31640 1 -- start start
2026-03-09T20:18:19.933 INFO:teuthology.orchestra.run.vm05.stdout:/usr/bin/ceph: stderr
2026-03-09T20:18:19.353+0000 7fa806b31640 1 -- --> v1:192.168.123.105:6789/0 -- auth(proto 0 34 bytes epoch 0) -- 0x7fa80010ab00 con 0x7fa8001066d0
2026-03-09T20:18:19.933 INFO:teuthology.orchestra.run.vm05.stdout:/usr/bin/ceph: stderr
2026-03-09T20:18:19.354+0000 7fa8048a6640 1 --1- >> v1:192.168.123.105:6789/0 conn(0x7fa8001066d0 0x7fa800106ad0 :-1 s=CONNECTING_WAIT_BANNER_AND_IDENTIFY pgs=0 cs=0 l=0).handle_server_banner_and_identify peer v1:192.168.123.105:6789/0 says I am v1:192.168.123.105:39440/0 (socket says 192.168.123.105:39440)
2026-03-09T20:18:19.933 INFO:teuthology.orchestra.run.vm05.stdout:/usr/bin/ceph: stderr
2026-03-09T20:18:19.354+0000 7fa8048a6640 1 -- 192.168.123.105:0/3905490620 learned_addr learned my addr 192.168.123.105:0/3905490620 (peer_addr_for_me v1:192.168.123.105:0/0)
2026-03-09T20:18:19.933 INFO:teuthology.orchestra.run.vm05.stdout:/usr/bin/ceph: stderr
2026-03-09T20:18:19.354+0000 7fa7f77fe640 1 -- 192.168.123.105:0/3905490620 <== mon.0 v1:192.168.123.105:6789/0 1 ==== auth_reply(proto 2 0 (0) Success) ==== 33+0+0 (unknown 4192959504 0 0) 0x7fa80010ab00 con 0x7fa8001066d0
2026-03-09T20:18:19.933 INFO:teuthology.orchestra.run.vm05.stdout:/usr/bin/ceph: stderr
2026-03-09T20:18:19.354+0000 7fa7f77fe640 1 -- 192.168.123.105:0/3905490620 --> v1:192.168.123.105:6789/0 -- auth(proto 2 36 bytes epoch 0) -- 0x7fa7d8003620 con 0x7fa8001066d0
2026-03-09T20:18:19.933 INFO:teuthology.orchestra.run.vm05.stdout:/usr/bin/ceph: stderr
2026-03-09T20:18:19.354+0000 7fa7f77fe640 1 -- 192.168.123.105:0/3905490620 <== mon.0 v1:192.168.123.105:6789/0 2 ==== auth_reply(proto 2 0 (0) Success) ==== 214+0+0 (unknown 3170093361 0 0) 0x7fa7d8003620 con 0x7fa8001066d0
2026-03-09T20:18:19.933 INFO:teuthology.orchestra.run.vm05.stdout:/usr/bin/ceph: stderr
2026-03-09T20:18:19.354+0000 7fa7f77fe640 1 -- 192.168.123.105:0/3905490620 --> v1:192.168.123.105:6789/0 -- mon_subscribe({config=0+,monmap=0+}) -- 0x7fa80010bce0 con 0x7fa8001066d0
2026-03-09T20:18:19.933 INFO:teuthology.orchestra.run.vm05.stdout:/usr/bin/ceph: stderr
2026-03-09T20:18:19.354+0000 7fa7f77fe640 1 -- 192.168.123.105:0/3905490620 <== mon.0 v1:192.168.123.105:6789/0 3 ==== mon_map magic: 0 ==== 170+0+0 (unknown 2242798433 0 0) 0x7fa7e8002e10 con 0x7fa8001066d0
2026-03-09T20:18:19.933 INFO:teuthology.orchestra.run.vm05.stdout:/usr/bin/ceph: stderr
2026-03-09T20:18:19.355+0000 7fa7f77fe640 1 -- 192.168.123.105:0/3905490620 <== mon.0 v1:192.168.123.105:6789/0 4 ==== config(24 keys) ==== 1004+0+0 (unknown 1815091123 0 0) 0x7fa7e80034c0 con 0x7fa8001066d0
2026-03-09T20:18:19.933 INFO:teuthology.orchestra.run.vm05.stdout:/usr/bin/ceph: stderr
2026-03-09T20:18:19.355+0000 7fa806b31640 1 -- 192.168.123.105:0/3905490620 >> v1:192.168.123.105:6789/0 conn(0x7fa8001066d0 legacy=0x7fa800106ad0 unknown :-1 s=STATE_CONNECTION_ESTABLISHED l=1).mark_down
2026-03-09T20:18:19.933 INFO:teuthology.orchestra.run.vm05.stdout:/usr/bin/ceph: stderr
2026-03-09T20:18:19.355+0000 7fa806b31640 1 -- 192.168.123.105:0/3905490620 shutdown_connections
2026-03-09T20:18:19.933 INFO:teuthology.orchestra.run.vm05.stdout:/usr/bin/ceph: stderr
