2026-03-09T20:18:07.782 INFO:teuthology.orchestra.run.vm05.stdout:/usr/bin/ceph: stderr
2026-03-09T20:18:03.786+0000 7fc1567fc640 1 -- 192.168.123.105:0/291544617 --> v1:192.168.123.105:6789/0 -- mon_subscribe({config=0+,monmap=0+}) -- 0x7fc158112710 con 0x7fc158074160
2026-03-09T20:18:07.782 INFO:teuthology.orchestra.run.vm05.stdout:/usr/bin/ceph: stderr
2026-03-09T20:18:03.786+0000 7fc1567fc640 1 -- 192.168.123.105:0/291544617 <== mon.0 v1:192.168.123.105:6789/0 3 ==== mon_map magic: 0 ==== 170+0+0 (unknown 2242798433 0 0) 0x7fc148002e10 con 0x7fc158074160
2026-03-09T20:18:07.783 INFO:teuthology.orchestra.run.vm05.stdout:/usr/bin/ceph: stderr
2026-03-09T20:18:03.786+0000 7fc1567fc640 1 -- 192.168.123.105:0/291544617 <== mon.0 v1:192.168.123.105:6789/0 4 ==== config(24 keys) ==== 973+0+0 (unknown 630610420 0 0) 0x7fc1480033e0 con 0x7fc158074160
2026-03-09T20:18:07.783 INFO:teuthology.orchestra.run.vm05.stdout:/usr/bin/ceph: stderr
2026-03-09T20:18:03.787+0000 7fc15cec8640 1 -- 192.168.123.105:0/291544617 >> v1:192.168.123.105:6789/0 conn(0x7fc158074160 legacy=0x7fc158074560 unknown :-1 s=STATE_CONNECTION_ESTABLISHED l=1).mark_down
2026-03-09T20:18:07.783 INFO:teuthology.orchestra.run.vm05.stdout:/usr/bin/ceph: stderr
2026-03-09T20:18:03.787+0000 7fc15cec8640 1 -- 192.168.123.105:0/291544617 shutdown_connections
2026-03-09T20:18:07.783 INFO:teuthology.orchestra.run.vm05.stdout:/usr/bin/ceph: stderr
2026-03-09T20:18:03.787+0000 7fc15cec8640 1 -- 192.168.123.105:0/291544617 >> 192.168.123.105:0/291544617 conn(0x7fc15806f4e0 msgr2=0x7fc158071920 unknown :-1 s=STATE_NONE l=0).mark_down
2026-03-09T20:18:07.783 INFO:teuthology.orchestra.run.vm05.stdout:/usr/bin/ceph: stderr
2026-03-09T20:18:03.787+0000 7fc15cec8640 1 -- 192.168.123.105:0/291544617 shutdown_connections
2026-03-09T20:18:07.783 INFO:teuthology.orchestra.run.vm05.stdout:/usr/bin/ceph: stderr
2026-03-09T20:18:03.787+0000 7fc15cec8640 1 -- 192.168.123.105:0/291544617 wait complete.
2026-03-09T20:18:07.783 INFO:teuthology.orchestra.run.vm05.stdout:/usr/bin/ceph: stderr
2026-03-09T20:18:03.788+0000 7fc15cec8640 1 Processor -- start
2026-03-09T20:18:07.783 INFO:teuthology.orchestra.run.vm05.stdout:/usr/bin/ceph: stderr
2026-03-09T20:18:03.788+0000 7fc15cec8640 1 -- start start
2026-03-09T20:18:07.783 INFO:teuthology.orchestra.run.vm05.stdout:/usr/bin/ceph: stderr
2026-03-09T20:18:03.788+0000 7fc15cec8640 1 -- --> v1:192.168.123.105:6789/0 -- auth(proto 0 34 bytes epoch 0) -- 0x7fc1581137a0 con 0x7fc158113380
2026-03-09T20:18:07.783 INFO:teuthology.orchestra.run.vm05.stdout:/usr/bin/ceph: stderr
2026-03-09T20:18:03.788+0000 7fc1577fe640 1 --1- >> v1:192.168.123.105:6789/0 conn(0x7fc158113380 0x7fc1581a5240 :-1 s=CONNECTING_WAIT_BANNER_AND_IDENTIFY pgs=0 cs=0 l=1).handle_server_banner_and_identify peer v1:192.168.123.105:6789/0 says I am v1:192.168.123.105:51354/0 (socket says 192.168.123.105:51354)
2026-03-09T20:18:07.783 INFO:teuthology.orchestra.run.vm05.stdout:/usr/bin/ceph: stderr
2026-03-09T20:18:03.788+0000 7fc1577fe640 1 -- 192.168.123.105:0/1517109885 learned_addr learned my addr 192.168.123.105:0/1517109885 (peer_addr_for_me v1:192.168.123.105:0/0)
2026-03-09T20:18:07.783 INFO:teuthology.orchestra.run.vm05.stdout:/usr/bin/ceph: stderr
2026-03-09T20:18:03.790+0000 7fc154ff9640 1 -- 192.168.123.105:0/1517109885 <== mon.0 v1:192.168.123.105:6789/0 1 ==== auth_reply(proto 2 0 (0) Success) ==== 33+0+0 (unknown 90548984 0 0) 0x7fc1581137a0 con 0x7fc158113380
2026-03-09T20:18:07.783 INFO:teuthology.orchestra.run.vm05.stdout:/usr/bin/ceph: stderr
2026-03-09T20:18:03.790+0000 7fc154ff9640 1 -- 192.168.123.105:0/1517109885 --> v1:192.168.123.105:6789/0 -- auth(proto 2 36 bytes epoch 0) -- 0x7fc144003650 con 0x7fc158113380
2026-03-09T20:18:07.783 INFO:teuthology.orchestra.run.vm05.stdout:/usr/bin/ceph: stderr
2026-03-09T20:18:03.790+0000 7fc154ff9640 1 -- 192.168.123.105:0/1517109885 <== mon.0 v1:192.168.123.105:6789/0 2 ==== auth_reply(proto 2 0 (0) Success) ==== 764+0+0 (unknown 3653865126 0 0) 0x7fc144003650 con 0x7fc158113380
2026-03-09T20:18:07.783 INFO:teuthology.orchestra.run.vm05.stdout:/usr/bin/ceph: stderr
2026-03-09T20:18:03.790+0000 7fc154ff9640 1 -- 192.168.123.105:0/1517109885 --> v1:192.168.123.105:6789/0 -- auth(proto 2 165 bytes epoch 0) -- 0x7fc1581137a0 con 0x7fc158113380
2026-03-09T20:18:07.783 INFO:teuthology.orchestra.run.vm05.stdout:/usr/bin/ceph: stderr
2026-03-09T20:18:03.791+0000 7fc154ff9640 1 -- 192.168.123.105:0/1517109885 <== mon.0 v1:192.168.123.105:6789/0 3 ==== mon_map magic: 0 ==== 170+0+0 (unknown 2242798433 0 0) 0x7fc148003170 con 0x7fc158113380
2026-03-09T20:18:07.783 INFO:teuthology.orchestra.run.vm05.stdout:/usr/bin/ceph: stderr
2026-03-09T20:18:03.791+0000 7fc154ff9640 1 -- 192.168.123.105:0/1517109885 <== mon.0 v1:192.168.123.105:6789/0 4 ==== auth_reply(proto 2 0 (0) Success) ==== 580+0+0 (unknown 3240521634 0 0) 0x7fc1581137a0 con 0x7fc158113380
2026-03-09T20:18:07.783 INFO:teuthology.orchestra.run.vm05.stdout:/usr/bin/ceph: stderr
2026-03-09T20:18:03.791+0000 7fc154ff9640 1 -- 192.168.123.105:0/1517109885 --> v1:192.168.123.105:6789/0 -- mon_subscribe({config=0+,monmap=0+}) -- 0x7fc1581a7970 con 0x7fc158113380
2026-03-09T20:18:07.783 INFO:teuthology.orchestra.run.vm05.stdout:/usr/bin/ceph: stderr
2026-03-09T20:18:03.791+0000 7fc15cec8640 1 -- 192.168.123.105:0/1517109885 --> v1:192.168.123.105:6789/0 -- mon_subscribe({mgrmap=0+}) -- 0x7fc1581a6960 con 0x7fc158113380
2026-03-09T20:18:07.783 INFO:teuthology.orchestra.run.vm05.stdout:/usr/bin/ceph: stderr
2026-03-09T20:18:03.791+0000 7fc15cec8640 1 -- 192.168.123.105:0/1517109885 --> v1:192.168.123.105:6789/0 -- mon_subscribe({osdmap=0}) -- 0x7fc1581a6e40 con 0x7fc158113380
2026-03-09T20:18:07.783 INFO:teuthology.orchestra.run.vm05.stdout:/usr/bin/ceph: stderr
2026-03-09T20:18:03.792+0000 7fc154ff9640 1 -- 192.168.123.105:0/1517109885 <== mon.0 v1:192.168.123.105:6789/0 5 ==== config(24 keys) ==== 973+0+0 (unknown 630610420 0 0) 0x7fc1480034b0 con 0x7fc158113380
2026-03-09T20:18:07.783 INFO:teuthology.orchestra.run.vm05.stdout:/usr/bin/ceph: stderr
2026-03-09T20:18:03.793+0000 7fc154ff9640 1 -- 192.168.123.105:0/1517109885 <== mon.0 v1:192.168.123.105:6789/0 6 ==== mon_map magic: 0 ==== 170+0+0 (unknown 2242798433 0 0) 0x7fc148005c50 con 0x7fc158113380
2026-03-09T20:18:07.783 INFO:teuthology.orchestra.run.vm05.stdout:/usr/bin/ceph: stderr
2026-03-09T20:18:03.793+0000 7fc154ff9640 1 -- 192.168.123.105:0/1517109885 <== mon.0 v1:192.168.123.105:6789/0 7 ==== mgrmap(e 5) ==== 50212+0+0 (unknown 1406563671 0 0) 0x7fc148012770 con 0x7fc158113380
2026-03-09T20:18:07.783 INFO:teuthology.orchestra.run.vm05.stdout:/usr/bin/ceph: stderr
2026-03-09T20:18:03.793+0000 7fc156ffd640 1 -- 192.168.123.105:0/1517109885 >> v1:192.168.123.105:6800/4277841438 conn(0x7fc14403ed00 legacy=0x7fc1440411c0 unknown :-1 s=STATE_CONNECTING_RE l=1).process reconnect failed to v1:192.168.123.105:6800/4277841438
2026-03-09T20:18:07.783 INFO:teuthology.orchestra.run.vm05.stdout:/usr/bin/ceph: stderr
2026-03-09T20:18:03.793+0000 7fc154ff9640 1 -- 192.168.123.105:0/1517109885 <== mon.0 v1:192.168.123.105:6789/0 8 ==== osd_map(1..1 src has 1..1) ==== 725+0+0 (unknown 1808929742 0 0) 0x7fc14804df50 con 0x7fc158113380
2026-03-09T20:18:07.783 INFO:teuthology.orchestra.run.vm05.stdout:/usr/bin/ceph: stderr
2026-03-09T20:18:03.793+0000 7fc15cec8640 1 -- 192.168.123.105:0/1517109885 --> v1:192.168.123.105:6800/4277841438 -- command(tid 0: {"prefix": "get_command_descriptions"}) -- 0x7fc124000d10 con 0x7fc14403ed00
2026-03-09T20:18:07.783 INFO:teuthology.orchestra.run.vm05.stdout:/usr/bin/ceph: stderr
2026-03-09T20:18:03.994+0000 7fc156ffd640 1 -- 192.168.123.105:0/1517109885 >> v1:192.168.123.105:6800/4277841438 conn(0x7fc14403ed00 legacy=0x7fc1440411c0 unknown :-1 s=STATE_CONNECTING_RE l=1).process reconnect failed to v1:192.168.123.105:6800/4277841438
2026-03-09T20:18:07.783 INFO:teuthology.orchestra.run.vm05.stdout:/usr/bin/ceph: stderr
2026-03-09T20:18:04.395+0000 7fc156ffd640 1 -- 192.168.123.105:0/1517109885 >> v1:192.168.123.105:6800/4277841438 conn(0x7fc14403ed00 legacy=0x7fc1440411c0 unknown :-1 s=STATE_CONNECTING_RE l=1).process reconnect failed to v1:192.168.123.105:6800/4277841438
2026-03-09T20:18:07.783 INFO:teuthology.orchestra.run.vm05.stdout:/usr/bin/ceph: stderr
2026-03-09T20:18:05.196+0000 7fc156ffd640 1 -- 192.168.123.105:0/1517109885 >> v1:192.168.123.105:6800/4277841438 conn(0x7fc14403ed00 legacy=0x7fc1440411c0 unknown :-1 s=STATE_CONNECTING_RE l=1).process reconnect failed to v1:192.168.123.105:6800/4277841438
2026-03-09T20:18:07.783 INFO:teuthology.orchestra.run.vm05.stdout:/usr/bin/ceph: stderr
2026-03-09T20:18:06.352+0000 7fc154ff9640 1 -- 192.168.123.105:0/1517109885 <== mon.0 v1:192.168.123.105:6789/0 9 ==== mgrmap(e 6) ==== 50014+0+0 (unknown 570420025 0 0) 0x7fc14804c9c0 con 0x7fc158113380
2026-03-09T20:18:07.783 INFO:teuthology.orchestra.run.vm05.stdout:/usr/bin/ceph: stderr
2026-03-09T20:18:06.352+0000 7fc154ff9640 1 -- 192.168.123.105:0/1517109885 >> v1:192.168.123.105:6800/4277841438 conn(0x7fc14403ed00 legacy=0x7fc1440411c0 unknown :-1 s=STATE_CONNECTING l=1).mark_down
2026-03-09T20:18:07.783 INFO:teuthology.orchestra.run.vm05.stdout:/usr/bin/ceph: stderr
2026-03-09T20:18:07.575+0000 7fc154ff9640 1 -- 192.168.123.105:0/1517109885 <== mon.0 v1:192.168.123.105:6789/0 10 ==== mgrmap(e 7) ==== 50106+0+0 (unknown 658845113 0 0) 0x7fc14804d440 con 0x7fc158113380
2026-03-09T20:18:07.783 INFO:teuthology.orchestra.run.vm05.stdout:/usr/bin/ceph: stderr
2026-03-09T20:18:07.575+0000 7fc154ff9640 1 -- 192.168.123.105:0/1517109885 --> v1:192.168.123.105:6800/1901557444 -- command(tid 0: {"prefix": "get_command_descriptions"}) -- 0x7fc1480144b0 con 0x7fc144043450
2026-03-09T20:18:07.784 INFO:teuthology.orchestra.run.vm05.stdout:/usr/bin/ceph: stderr
2026-03-09T20:18:07.578+0000 7fc154ff9640 1 -- 192.168.123.105:0/1517109885 <== mgr.14118 v1:192.168.123.105:6800/1901557444 1 ==== command_reply(tid 0: 0 ) ==== 8+0+8901 (unknown 0 0 3832181493) 0x7fc1480144b0 con 0x7fc144043450
2026-03-09T20:18:07.784 INFO:teuthology.orchestra.run.vm05.stdout:/usr/bin/ceph: stderr
2026-03-09T20:18:07.582+0000 7fc15cec8640 1 -- 192.168.123.105:0/1517109885 --> v1:192.168.123.105:6800/1901557444 -- command(tid 1: {"prefix": "mgr_status"}) -- 0x7fc124002880 con 0x7fc144043450
2026-03-09T20:18:07.784 INFO:teuthology.orchestra.run.vm05.stdout:/usr/bin/ceph: stderr
2026-03-09T20:18:07.582+0000 7fc154ff9640 1 -- 192.168.123.105:0/1517109885 <== mgr.14118 v1:192.168.123.105:6800/1901557444 2 ==== command_reply(tid 1: 0 ) ==== 8+0+51 (unknown 0 0 96372106) 0x7fc124002880 con 0x7fc144043450
2026-03-09T20:18:07.784 INFO:teuthology.orchestra.run.vm05.stdout:/usr/bin/ceph: stderr
2026-03-09T20:18:07.582+0000 7fc15cec8640 1 -- 192.168.123.105:0/1517109885 >> v1:192.168.123.105:6800/1901557444 conn(0x7fc144043450 legacy=0x7fc144045840 unknown :-1 s=STATE_CONNECTION_ESTABLISHED l=1).mark_down
2026-03-09T20:18:07.784 INFO:teuthology.orchestra.run.vm05.stdout:/usr/bin/ceph: stderr
2026-03-09T20:18:07.582+0000 7fc15cec8640 1 -- 192.168.123.105:0/1517109885 >> v1:192.168.123.105:6789/0 conn(0x7fc158113380 legacy=0x7fc1581a5240 unknown :-1 s=STATE_CONNECTION_ESTABLISHED l=1).mark_down
2026-03-09T20:18:07.784 INFO:teuthology.orchestra.run.vm05.stdout:/usr/bin/ceph: stderr
2026-03-09T20:18:07.582+0000 7fc15cec8640 1 -- 192.168.123.105:0/1517109885 shutdown_connections
2026-03-09T20:18:07.784 INFO:teuthology.orchestra.run.vm05.stdout:/usr/bin/ceph: stderr
2026-03-09T20:18:07.582+0000 7fc15cec8640 1 -- 192.168.123.105:0/1517109885 >> 192.168.123.105:0/1517109885 conn(0x7fc15806f4e0 msgr2=0x7fc158110d70 unknown :-1 s=STATE_NONE l=0).mark_down
2026-03-09T20:18:07.784 INFO:teuthology.orchestra.run.vm05.stdout:/usr/bin/ceph: stderr
2026-03-09T20:18:07.582+0000 7fc15cec8640 1 -- 192.168.123.105:0/1517109885 shutdown_connections
2026-03-09T20:18:07.784 INFO:teuthology.orchestra.run.vm05.stdout:/usr/bin/ceph: stderr
2026-03-09T20:18:07.582+0000 7fc15cec8640 1 -- 192.168.123.105:0/1517109885 wait complete.
2026-03-09T20:18:07.784 INFO:teuthology.orchestra.run.vm05.stdout:mgr epoch 5 is available
2026-03-09T20:18:07.784 INFO:teuthology.orchestra.run.vm05.stdout:Setting orchestrator backend to cephadm...
2026-03-09T20:18:08.407 INFO:teuthology.orchestra.run.vm05.stdout:/usr/bin/ceph: stderr
2026-03-09T20:18:07.944+0000 7fdead81c640 1 Processor -- start
2026-03-09T20:18:08.407 INFO:teuthology.orchestra.run.vm05.stdout:/usr/bin/ceph: stderr
2026-03-09T20:18:07.944+0000 7fdead81c640 1 -- start start
2026-03-09T20:18:08.407 INFO:teuthology.orchestra.run.vm05.stdout:/usr/bin/ceph: stderr
2026-03-09T20:18:07.944+0000 7fdead81c640 1 -- --> v1:192.168.123.105:6789/0 -- auth(proto 0 34 bytes epoch 0) -- 0x7fdea8111530 con 0x7fdea8074160
2026-03-09T20:18:08.407 INFO:teuthology.orchestra.run.vm05.stdout:/usr/bin/ceph: stderr
2026-03-09T20:18:07.945+0000 7fdeac81a640 1 --1- >> v1:192.168.123.105:6789/0 conn(0x7fdea8074160 0x7fdea8074560 :-1 s=CONNECTING_WAIT_BANNER_AND_IDENTIFY pgs=0 cs=0 l=0).handle_server_banner_and_identify peer v1:192.168.123.105:6789/0 says I am v1:192.168.123.105:51416/0 (socket says 192.168.123.105:51416)
2026-03-09T20:18:08.407 INFO:teuthology.orchestra.run.vm05.stdout:/usr/bin/ceph: stderr
2026-03-09T20:18:07.945+0000 7fdeac81a640 1 -- 192.168.123.105:0/2535453649 learned_addr learned my addr 192.168.123.105:0/2535453649 (peer_addr_for_me v1:192.168.123.105:0/0)
2026-03-09T20:18:08.407 INFO:teuthology.orchestra.run.vm05.stdout:/usr/bin/ceph: stderr
2026-03-09T20:18:07.945+0000 7fdea77fe640 1 -- 192.168.123.105:0/2535453649 <== mon.0 v1:192.168.123.105:6789/0 1 ==== auth_reply(proto 2 0 (0) Success) ==== 33+0+0 (unknown 1112530535 0 0) 0x7fdea8111530 con 0x7fdea8074160
2026-03-09T20:18:08.407 INFO:teuthology.orchestra.run.vm05.stdout:/usr/bin/ceph: stderr
2026-03-09T20:18:07.945+0000 7fdea77fe640 1 -- 192.168.123.105:0/2535453649 --> v1:192.168.123.105:6789/0 -- auth(proto 2 36 bytes epoch 0) -- 0x7fde94003620 con 0x7fdea8074160
2026-03-09T20:18:08.407 INFO:teuthology.orchestra.run.vm05.stdout:/usr/bin/ceph: stderr
2026-03-09T20:18:07.945+0000 7fdea77fe640 1 -- 192.168.123.105:0/2535453649 <== mon.0 v1:192.168.123.105:6789/0 2 ==== auth_reply(proto 2 0 (0) Success) ==== 214+0+0 (unknown 3139323864 0 0) 0x7fde94003620 con 0x7fdea8074160
2026-03-09T20:18:08.407 INFO:teuthology.orchestra.run.vm05.stdout:/usr/bin/ceph: stderr
2026-03-09T20:18:07.945+0000 7fdea77fe640 1 -- 192.168.123.105:0/2535453649 --> v1:192.168.123.105:6789/0 -- mon_subscribe({config=0+,monmap=0+}) -- 0x7fdea8112710 con 0x7fdea8074160
2026-03-09T20:18:08.407 INFO:teuthology.orchestra.run.vm05.stdout:/usr/bin/ceph: stderr
2026-03-09T20:18:07.945+0000 7fdea77fe640 1 -- 192.168.123.105:0/2535453649 <== mon.0 v1:192.168.123.105:6789/0 3 ==== mon_map magic: 0 ==== 170+0+0 (unknown 2242798433 0 0) 0x7fde98002e10 con 0x7fdea8074160
2026-03-09T20:18:08.407 INFO:teuthology.orchestra.run.vm05.stdout:/usr/bin/ceph: stderr
2026-03-09T20:18:07.946+0000 7fdea77fe640 1 -- 192.168.123.105:0/2535453649 <== mon.0 v1:192.168.123.105:6789/0 4 ==== config(24 keys) ==== 973+0+0 (unknown 630610420 0 0) 0x7fde980033e0 con 0x7fdea8074160
2026-03-09T20:18:08.407 INFO:teuthology.orchestra.run.vm05.stdout:/usr/bin/ceph: stderr
2026-03-09T20:18:07.946+0000 7fdea77fe640 1 -- 192.168.123.105:0/2535453649 <== mon.0 v1:192.168.123.105:6789/0 5 ==== mon_map magic: 0 ==== 170+0+0 (unknown 2242798433 0 0) 0x7fde98005780 con 0x7fdea8074160
2026-03-09T20:18:08.407 INFO:teuthology.orchestra.run.vm05.stdout:/usr/bin/ceph: stderr
2026-03-09T20:18:07.946+0000 7fdead81c640 1 -- 192.168.123.105:0/2535453649 >> v1:192.168.123.105:6789/0 conn(0x7fdea8074160 legacy=0x7fdea8074560 unknown :-1 s=STATE_CONNECTION_ESTABLISHED l=1).mark_down
2026-03-09T20:18:08.407 INFO:teuthology.orchestra.run.vm05.stdout:/usr/bin/ceph: stderr
2026-03-09T20:18:07.947+0000 7fdead81c640 1 -- 192.168.123.105:0/2535453649 shutdown_connections
2026-03-09T20:18:08.408 INFO:teuthology.orchestra.run.vm05.stdout:/usr/bin/ceph: stderr
2026-03-09T20:18:07.947+0000 7fdead81c640 1 -- 192.168.123.105:0/2535453649 >> 192.168.123.105:0/2535453649 conn(0x7fdea806f4e0 msgr2=0x7fdea8071920 unknown :-1 s=STATE_NONE l=0).mark_down
2026-03-09T20:18:08.408 INFO:teuthology.orchestra.run.vm05.stdout:/usr/bin/ceph: stderr
2026-03-09T20:18:07.947+0000 7fdead81c640 1 -- 192.168.123.105:0/2535453649 shutdown_connections
2026-03-09T20:18:08.408 INFO:teuthology.orchestra.run.vm05.stdout:/usr/bin/ceph: stderr
2026-03-09T20:18:07.947+0000 7fdead81c640 1 -- 192.168.123.105:0/2535453649 wait complete.
2026-03-09T20:18:08.408 INFO:teuthology.orchestra.run.vm05.stdout:/usr/bin/ceph: stderr
2026-03-09T20:18:07.947+0000 7fdead81c640 1 Processor -- start
2026-03-09T20:18:08.408 INFO:teuthology.orchestra.run.vm05.stdout:/usr/bin/ceph: stderr
2026-03-09T20:18:07.948+0000 7fdead81c640 1 -- start start
2026-03-09T20:18:08.408 INFO:teuthology.orchestra.run.vm05.stdout:/usr/bin/ceph: stderr
2026-03-09T20:18:07.948+0000 7fdead81c640 1 -- --> v1:192.168.123.105:6789/0 -- auth(proto 0 34 bytes epoch 0) -- 0x7fdea81ab880 con 0x7fdea8074160
2026-03-09T20:18:08.408 INFO:teuthology.orchestra.run.vm05.stdout:/usr/bin/ceph: stderr
2026-03-09T20:18:07.948+0000 7fdeac81a640 1 --1- >> v1:192.168.123.105:6789/0 conn(0x7fdea8074160 0x7fdea81ab170 :-1 s=CONNECTING_WAIT_BANNER_AND_IDENTIFY pgs=0 cs=0 l=1).handle_server_banner_and_identify peer v1:192.168.123.105:6789/0 says I am v1:192.168.123.105:51432/0 (socket says 192.168.123.105:51432)
2026-03-09T20:18:08.408 INFO:teuthology.orchestra.run.vm05.stdout:/usr/bin/ceph: stderr
2026-03-09T20:18:07.948+0000 7fdeac81a640 1 -- 192.168.123.105:0/2258206063 learned_addr learned my addr 192.168.123.105:0/2258206063 (peer_addr_for_me v1:192.168.123.105:0/0)
2026-03-09T20:18:08.408 INFO:teuthology.orchestra.run.vm05.stdout:/usr/bin/ceph: stderr
2026-03-09T20:18:07.949+0000 7fdea5ffb640 1 -- 192.168.123.105:0/2258206063 <== mon.0 v1:192.168.123.105:6789/0 1 ==== auth_reply(proto 2 0 (0) Success) ==== 33+0+0 (unknown 3921217460 0 0) 0x7fdea81ab880 con 0x7fdea8074160
2026-03-09T20:18:08.408 INFO:teuthology.orchestra.run.vm05.stdout:/usr/bin/ceph: stderr
2026-03-09T20:18:07.949+0000 7fdea5ffb640 1 -- 192.168.123.105:0/2258206063 --> v1:192.168.123.105:6789/0 -- auth(proto 2 36 bytes epoch 0) -- 0x7fde88003620 con 0x7fdea8074160
2026-03-09T20:18:08.408 INFO:teuthology.orchestra.run.vm05.stdout:/usr/bin/ceph: stderr
2026-03-09T20:18:07.949+0000 7fdea5ffb640 1 -- 192.168.123.105:0/2258206063 <== mon.0 v1:192.168.123.105:6789/0 2 ==== auth_reply(proto 2 0 (0) Success) ==== 764+0+0 (unknown 1723516727 0 0) 0x7fde88003620 con 0x7fdea8074160
2026-03-09T20:18:08.408 INFO:teuthology.orchestra.run.vm05.stdout:/usr/bin/ceph: stderr
2026-03-09T20:18:07.949+0000 7fdea5ffb640 1 -- 192.168.123.105:0/2258206063 --> v1:192.168.123.105:6789/0 -- auth(proto 2 165 bytes epoch 0) -- 0x7fdea81ab880 con 0x7fdea8074160
2026-03-09T20:18:08.408 INFO:teuthology.orchestra.run.vm05.stdout:/usr/bin/ceph: stderr
2026-03-09T20:18:07.949+0000 7fdea5ffb640 1 -- 192.168.123.105:0/2258206063 <== mon.0 v1:192.168.123.105:6789/0 3 ==== mon_map magic: 0 ==== 170+0+0 (unknown 2242798433 0 0) 0x7fde98002890 con 0x7fdea8074160
2026-03-09T20:18:08.408 INFO:teuthology.orchestra.run.vm05.stdout:/usr/bin/ceph: stderr
2026-03-09T20:18:07.949+0000 7fdea5ffb640 1 -- 192.168.123.105:0/2258206063 <== mon.0 v1:192.168.123.105:6789/0 4 ==== auth_reply(proto 2 0 (0) Success) ==== 580+0+0 (unknown 3726948133 0 0) 0x7fdea81ab880 con 0x7fdea8074160
2026-03-09T20:18:08.408 INFO:teuthology.orchestra.run.vm05.stdout:/usr/bin/ceph: stderr
2026-03-09T20:18:07.950+0000 7fdea5ffb640 1 -- 192.168.123.105:0/2258206063 --> v1:192.168.123.105:6789/0 -- mon_subscribe({config=0+,monmap=0+}) -- 0x7fdea81aba50 con 0x7fdea8074160
2026-03-09T20:18:08.408 INFO:teuthology.orchestra.run.vm05.stdout:/usr/bin/ceph: stderr
2026-03-09T20:18:07.950+0000 7fdead81c640 1 -- 192.168.123.105:0/2258206063 --> v1:192.168.123.105:6789/0 -- mon_subscribe({mgrmap=0+}) -- 0x7fdea81abd60 con 0x7fdea8074160
2026-03-09T20:18:08.408 INFO:teuthology.orchestra.run.vm05.stdout:/usr/bin/ceph: stderr
2026-03-09T20:18:07.950+0000 7fdead81c640 1 -- 192.168.123.105:0/2258206063 --> v1:192.168.123.105:6789/0 -- mon_subscribe({osdmap=0}) -- 0x7fdea81af8f0 con 0x7fdea8074160
2026-03-09T20:18:08.408 INFO:teuthology.orchestra.run.vm05.stdout:/usr/bin/ceph: stderr
2026-03-09T20:18:07.951+0000 7fdea5ffb640 1 -- 192.168.123.105:0/2258206063 <== mon.0 v1:192.168.123.105:6789/0 5 ==== config(24 keys) ==== 973+0+0 (unknown 630610420 0 0) 0x7fde98004b90 con 0x7fdea8074160
2026-03-09T20:18:08.408 INFO:teuthology.orchestra.run.vm05.stdout:/usr/bin/ceph: stderr
2026-03-09T20:18:07.951+0000 7fdea5ffb640 1 -- 192.168.123.105:0/2258206063 <== mon.0 v1:192.168.123.105:6789/0 6 ==== mon_map magic: 0 ==== 170+0+0 (unknown 2242798433 0 0) 0x7fde98005f30 con 0x7fdea8074160
2026-03-09T20:18:08.408 INFO:teuthology.orchestra.run.vm05.stdout:/usr/bin/ceph: stderr
2026-03-09T20:18:07.952+0000 7fdea5ffb640 1 -- 192.168.123.105:0/2258206063 <== mon.0 v1:192.168.123.105:6789/0 7 ==== mgrmap(e 7) ==== 50106+0+0 (unknown 658845113 0 0) 0x7fde98007200 con 0x7fdea8074160
2026-03-09T20:18:08.408 INFO:teuthology.orchestra.run.vm05.stdout:/usr/bin/ceph: stderr
2026-03-09T20:18:07.952+0000 7fdea5ffb640 1 -- 192.168.123.105:0/2258206063 <== mon.0 v1:192.168.123.105:6789/0 8 ==== osd_map(2..2 src has 1..2) ==== 897+0+0 (unknown 2608398624 0 0) 0x7fde9804df90 con 0x7fdea8074160
2026-03-09T20:18:08.408 INFO:teuthology.orchestra.run.vm05.stdout:/usr/bin/ceph: stderr
2026-03-09T20:18:07.952+0000 7fdead81c640 1 -- 192.168.123.105:0/2258206063 --> v1:192.168.123.105:6789/0 -- mon_command({"prefix": "get_command_descriptions"} v 0) -- 0x7fde70005180 con 0x7fdea8074160
2026-03-09T20:18:08.408 INFO:teuthology.orchestra.run.vm05.stdout:/usr/bin/ceph: stderr
2026-03-09T20:18:07.959+0000 7fdea5ffb640 1 -- 192.168.123.105:0/2258206063 <== mon.0 v1:192.168.123.105:6789/0 9 ==== mon_command_ack([{"prefix": "get_command_descriptions"}]=0 v0) ==== 72+0+195034 (unknown 1092875540 0 2568732696) 0x7fde98018960 con 0x7fdea8074160
2026-03-09T20:18:08.408 INFO:teuthology.orchestra.run.vm05.stdout:/usr/bin/ceph: stderr
2026-03-09T20:18:08.059+0000 7fdead81c640 1 -- 192.168.123.105:0/2258206063 --> v1:192.168.123.105:6800/1901557444 -- mgr_command(tid 0: {"prefix": "orch set backend", "module_name": "cephadm", "target": ["mon-mgr", ""]}) -- 0x7fde70002bf0 con 0x7fde8803ea90
2026-03-09T20:18:08.408 INFO:teuthology.orchestra.run.vm05.stdout:/usr/bin/ceph: stderr
2026-03-09T20:18:08.112+0000 7fdea5ffb640 1 -- 192.168.123.105:0/2258206063 <== mgr.14118 v1:192.168.123.105:6800/1901557444 1 ==== mgr_command_reply(tid 0: 0 ) ==== 8+0+0 (unknown 0 0 0) 0x7fde70002bf0 con 0x7fde8803ea90
2026-03-09T20:18:08.408 INFO:teuthology.orchestra.run.vm05.stdout:/usr/bin/ceph: stderr
2026-03-09T20:18:08.115+0000 7fde777fe640 1 -- 192.168.123.105:0/2258206063 >> v1:192.168.123.105:6800/1901557444 conn(0x7fde8803ea90 legacy=0x7fde88040f50 unknown :-1 s=STATE_CONNECTION_ESTABLISHED l=1).mark_down
2026-03-09T20:18:08.408 INFO:teuthology.orchestra.run.vm05.stdout:/usr/bin/ceph: stderr
2026-03-09T20:18:08.115+0000 7fde777fe640 1 -- 192.168.123.105:0/2258206063 >> v1:192.168.123.105:6789/0 conn(0x7fdea8074160 legacy=0x7fdea81ab170 unknown :-1 s=STATE_CONNECTION_ESTABLISHED l=1).mark_down
2026-03-09T20:18:08.408 INFO:teuthology.orchestra.run.vm05.stdout:/usr/bin/ceph: stderr
2026-03-09T20:18:08.115+0000 7fde777fe640 1 -- 192.168.123.105:0/2258206063 shutdown_connections
2026-03-09T20:18:08.408 INFO:teuthology.orchestra.run.vm05.stdout:/usr/bin/ceph: stderr
2026-03-09T20:18:08.115+0000 7fde777fe640 1 -- 192.168.123.105:0/2258206063 >> 192.168.123.105:0/2258206063 conn(0x7fdea806f4e0 msgr2=0x7fdea8071920 unknown :-1 s=STATE_NONE l=0).mark_down
2026-03-09T20:18:08.408 INFO:teuthology.orchestra.run.vm05.stdout:/usr/bin/ceph: stderr
2026-03-09T20:18:08.115+0000 7fde777fe640 1 -- 192.168.123.105:0/2258206063 shutdown_connections
2026-03-09T20:18:08.408 INFO:teuthology.orchestra.run.vm05.stdout:/usr/bin/ceph: stderr
2026-03-09T20:18:08.115+0000 7fde777fe640 1 -- 192.168.123.105:0/2258206063 wait complete.
2026-03-09T20:18:08.597 INFO:journalctl@ceph.mon.a.vm05.stdout:Mar 09 20:18:08 vm05 ceph-mon[51870]: from='mgr.14118 v1:192.168.123.105:0/2513524342' entity='mgr.y'
2026-03-09T20:18:08.597 INFO:journalctl@ceph.mon.a.vm05.stdout:Mar 09 20:18:08 vm05 ceph-mon[51870]: mgrmap e7: y(active, since 1.26275s)
2026-03-09T20:18:08.597 INFO:journalctl@ceph.mon.a.vm05.stdout:Mar 09 20:18:08 vm05 ceph-mon[51870]: from='client.14122 v1:192.168.123.105:0/1517109885' entity='client.admin' cmd=[{"prefix": "get_command_descriptions"}]: dispatch
2026-03-09T20:18:08.597 INFO:journalctl@ceph.mon.a.vm05.stdout:Mar 09 20:18:08 vm05 ceph-mon[51870]: from='client.14122 v1:192.168.123.105:0/1517109885' entity='client.admin' cmd=[{"prefix": "mgr_status"}]: dispatch
2026-03-09T20:18:08.597 INFO:journalctl@ceph.mon.a.vm05.stdout:Mar 09 20:18:08 vm05 ceph-mon[51870]: from='mgr.14118 v1:192.168.123.105:0/2513524342' entity='mgr.y'
2026-03-09T20:18:08.597 INFO:journalctl@ceph.mon.a.vm05.stdout:Mar 09 20:18:08 vm05 ceph-mon[51870]: from='client.14130 v1:192.168.123.105:0/2258206063' entity='client.admin' cmd=[{"prefix": "orch set backend", "module_name": "cephadm", "target": ["mon-mgr", ""]}]: dispatch
2026-03-09T20:18:08.597 INFO:journalctl@ceph.mon.a.vm05.stdout:Mar 09 20:18:08 vm05 ceph-mon[51870]: from='mgr.14118 v1:192.168.123.105:0/2513524342' entity='mgr.y'
2026-03-09T20:18:08.597 INFO:journalctl@ceph.mon.a.vm05.stdout:Mar 09 20:18:08 vm05 ceph-mon[51870]: from='mgr.14118 v1:192.168.123.105:0/2513524342' entity='mgr.y' cmd=[{"prefix": "config dump", "format": "json"}]: dispatch
2026-03-09T20:18:08.597 INFO:journalctl@ceph.mon.a.vm05.stdout:Mar 09 20:18:08 vm05 ceph-mon[51870]: from='mgr.14118 v1:192.168.123.105:0/2513524342' entity='mgr.y' cmd=[{"prefix": "config dump", "format": "json"}]: dispatch
2026-03-09T20:18:08.839 INFO:teuthology.orchestra.run.vm05.stdout:/usr/bin/ceph: stdout value unchanged
2026-03-09T20:18:08.839 INFO:teuthology.orchestra.run.vm05.stdout:/usr/bin/ceph: stderr
2026-03-09T20:18:08.597+0000 7ffbe5a46640 1 Processor -- start
2026-03-09T20:18:08.839 INFO:teuthology.orchestra.run.vm05.stdout:/usr/bin/ceph: stderr
2026-03-09T20:18:08.598+0000 7ffbe5a46640 1 -- start start
2026-03-09T20:18:08.839 INFO:teuthology.orchestra.run.vm05.stdout:/usr/bin/ceph: stderr
2026-03-09T20:18:08.598+0000 7ffbe5a46640 1 -- --> v1:192.168.123.105:6789/0 -- auth(proto 0 34 bytes epoch 0) -- 0x7ffbe010ab30 con 0x7ffbe0106700
2026-03-09T20:18:08.839 INFO:teuthology.orchestra.run.vm05.stdout:/usr/bin/ceph: stderr
2026-03-09T20:18:08.599+0000 7ffbdeffd640 1 --1- >> v1:192.168.123.105:6789/0 conn(0x7ffbe0106700 0x7ffbe0106b00 :-1 s=CONNECTING_WAIT_BANNER_AND_IDENTIFY pgs=0 cs=0 l=0).handle_server_banner_and_identify peer v1:192.168.123.105:6789/0 says I am v1:192.168.123.105:51434/0 (socket says 192.168.123.105:51434)
2026-03-09T20:18:08.839 INFO:teuthology.orchestra.run.vm05.stdout:/usr/bin/ceph: stderr
2026-03-09T20:18:08.599+0000 7ffbdeffd640 1 -- 192.168.123.105:0/2200387936 learned_addr learned my addr 192.168.123.105:0/2200387936 (peer_addr_for_me v1:192.168.123.105:0/0)
2026-03-09T20:18:08.839 INFO:teuthology.orchestra.run.vm05.stdout:/usr/bin/ceph: stderr
2026-03-09T20:18:08.599+0000 7ffbddffb640 1 -- 192.168.123.105:0/2200387936 <== mon.0 v1:192.168.123.105:6789/0 1 ==== auth_reply(proto 2 0 (0) Success) ==== 33+0+0 (unknown 4202471216 0 0) 0x7ffbe010ab30 con 0x7ffbe0106700
2026-03-09T20:18:08.839 INFO:teuthology.orchestra.run.vm05.stdout:/usr/bin/ceph: stderr
2026-03-09T20:18:08.599+0000 7ffbddffb640 1 -- 192.168.123.105:0/2200387936 --> v1:192.168.123.105:6789/0 -- auth(proto 2 36 bytes epoch 0) -- 0x7ffbcc003620 con 0x7ffbe0106700
2026-03-09T20:18:08.839 INFO:teuthology.orchestra.run.vm05.stdout:/usr/bin/ceph: stderr
2026-03-09T20:18:08.599+0000 7ffbddffb640 1 -- 192.168.123.105:0/2200387936 <== mon.0 v1:192.168.123.105:6789/0 2 ==== auth_reply(proto 2 0 (0) Success) ==== 214+0+0 (unknown 22652854 0 0) 0x7ffbcc003620 con 0x7ffbe0106700
2026-03-09T20:18:08.839 INFO:teuthology.orchestra.run.vm05.stdout:/usr/bin/ceph: stderr
2026-03-09T20:18:08.599+0000 7ffbddffb640 1 -- 192.168.123.105:0/2200387936 --> v1:192.168.123.105:6789/0 -- mon_subscribe({config=0+,monmap=0+}) -- 0x7ffbe010bd10 con 0x7ffbe0106700
2026-03-09T20:18:08.839 INFO:teuthology.orchestra.run.vm05.stdout:/usr/bin/ceph: stderr
2026-03-09T20:18:08.599+0000 7ffbddffb640 1 -- 192.168.123.105:0/2200387936 <== mon.0 v1:192.168.123.105:6789/0 3 ==== mon_map magic: 0 ==== 170+0+0 (unknown 2242798433 0 0) 0x7ffbc8002e10 con 0x7ffbe0106700
2026-03-09T20:18:08.839 INFO:teuthology.orchestra.run.vm05.stdout:/usr/bin/ceph: stderr
2026-03-09T20:18:08.599+0000 7ffbddffb640 1 -- 192.168.123.105:0/2200387936 <== mon.0 v1:192.168.123.105:6789/0 4 ==== config(24 keys) ==== 973+0+0 (unknown 630610420 0 0) 0x7ffbc80033e0 con 0x7ffbe0106700
2026-03-09T20:18:08.839 INFO:teuthology.orchestra.run.vm05.stdout:/usr/bin/ceph: stderr
2026-03-09T20:18:08.599+0000 7ffbddffb640 1 -- 192.168.123.105:0/2200387936 <== mon.0 v1:192.168.123.105:6789/0 5 ==== mon_map magic: 0 ==== 170+0+0 (unknown 2242798433 0 0) 0x7ffbc8005780 con 0x7ffbe0106700
2026-03-09T20:18:08.839 INFO:teuthology.orchestra.run.vm05.stdout:/usr/bin/ceph: stderr
2026-03-09T20:18:08.600+0000 7ffbe5a46640 1 -- 192.168.123.105:0/2200387936 >> v1:192.168.123.105:6789/0 conn(0x7ffbe0106700 legacy=0x7ffbe0106b00 unknown :-1 s=STATE_CONNECTION_ESTABLISHED l=1).mark_down
2026-03-09T20:18:08.839 INFO:teuthology.orchestra.run.vm05.stdout:/usr/bin/ceph: stderr
2026-03-09T20:18:08.600+0000 7ffbe5a46640 1 -- 192.168.123.105:0/2200387936 shutdown_connections
2026-03-09T20:18:08.839 INFO:teuthology.orchestra.run.vm05.stdout:/usr/bin/ceph: stderr
2026-03-09T20:18:08.600+0000 7ffbe5a46640 1 -- 192.168.123.105:0/2200387936 >> 192.168.123.105:0/2200387936 conn(0x7ffbe0101e90 msgr2=0x7ffbe01042d0 unknown :-1 s=STATE_NONE l=0).mark_down
2026-03-09T20:18:08.839 INFO:teuthology.orchestra.run.vm05.stdout:/usr/bin/ceph: stderr
2026-03-09T20:18:08.600+0000 7ffbe5a46640 1 -- 192.168.123.105:0/2200387936 shutdown_connections
2026-03-09T20:18:08.839 INFO:teuthology.orchestra.run.vm05.stdout:/usr/bin/ceph: stderr
2026-03-09T20:18:08.600+0000 7ffbe5a46640 1 -- 192.168.123.105:0/2200387936 wait complete.
2026-03-09T20:18:08.839 INFO:teuthology.orchestra.run.vm05.stdout:/usr/bin/ceph: stderr
2026-03-09T20:18:08.600+0000 7ffbe5a46640 1 Processor -- start
2026-03-09T20:18:08.839 INFO:teuthology.orchestra.run.vm05.stdout:/usr/bin/ceph: stderr
2026-03-09T20:18:08.600+0000 7ffbe5a46640 1 -- start start
2026-03-09T20:18:08.839 INFO:teuthology.orchestra.run.vm05.stdout:/usr/bin/ceph: stderr
2026-03-09T20:18:08.601+0000 7ffbe5a46640 1 -- --> v1:192.168.123.105:6789/0 -- auth(proto 0 34 bytes epoch 0) -- 0x7ffbe019a6c0 con 0x7ffbe0106700
2026-03-09T20:18:08.839 INFO:teuthology.orchestra.run.vm05.stdout:/usr/bin/ceph: stderr
2026-03-09T20:18:08.601+0000 7ffbdeffd640 1 --1- >> v1:192.168.123.105:6789/0 conn(0x7ffbe0106700 0x7ffbe0199fb0 :-1 s=CONNECTING_WAIT_BANNER_AND_IDENTIFY pgs=0 cs=0 l=1).handle_server_banner_and_identify peer v1:192.168.123.105:6789/0 says I am v1:192.168.123.105:51440/0 (socket says 192.168.123.105:51440)
2026-03-09T20:18:08.839 INFO:teuthology.orchestra.run.vm05.stdout:/usr/bin/ceph: stderr
2026-03-09T20:18:08.601+0000 7ffbdeffd640 1 -- 192.168.123.105:0/3869147543 learned_addr learned my addr 192.168.123.105:0/3869147543 (peer_addr_for_me v1:192.168.123.105:0/0)
2026-03-09T20:18:08.839 INFO:teuthology.orchestra.run.vm05.stdout:/usr/bin/ceph: stderr
2026-03-09T20:18:08.601+0000 7ffbe4a44640 1 -- 192.168.123.105:0/3869147543 <== mon.0 v1:192.168.123.105:6789/0 1 ==== auth_reply(proto 2 0 (0) Success) ==== 33+0+0 (unknown 826320583 0 0) 0x7ffbe019a6c0 con 0x7ffbe0106700
2026-03-09T20:18:08.839 INFO:teuthology.orchestra.run.vm05.stdout:/usr/bin/ceph: stderr
2026-03-09T20:18:08.601+0000 7ffbe4a44640 1 -- 192.168.123.105:0/3869147543 --> v1:192.168.123.105:6789/0 -- auth(proto 2 36 bytes epoch 0) -- 0x7ffbb4003620 con 0x7ffbe0106700
2026-03-09T20:18:08.840 INFO:teuthology.orchestra.run.vm05.stdout:/usr/bin/ceph: stderr
2026-03-09T20:18:08.601+0000 7ffbe4a44640 1 -- 192.168.123.105:0/3869147543 <== mon.0 v1:192.168.123.105:6789/0 2 ==== auth_reply(proto 2 0 (0) Success) ==== 764+0+0 (unknown 244792010 0 0) 0x7ffbb4003620 con 0x7ffbe0106700
2026-03-09T20:18:08.840 INFO:teuthology.orchestra.run.vm05.stdout:/usr/bin/ceph: stderr
2026-03-09T20:18:08.601+0000 7ffbe4a44640 1 -- 192.168.123.105:0/3869147543 --> v1:192.168.123.105:6789/0 -- auth(proto 2 165 bytes epoch 0) -- 0x7ffbe019a6c0 con 0x7ffbe0106700
2026-03-09T20:18:08.840 INFO:teuthology.orchestra.run.vm05.stdout:/usr/bin/ceph: stderr
2026-03-09T20:18:08.601+0000 7ffbe4a44640 1 -- 192.168.123.105:0/3869147543 <== mon.0 v1:192.168.123.105:6789/0 3 ==== mon_map magic: 0 ==== 170+0+0 (unknown 2242798433 0 0) 0x7ffbc8002890 con 0x7ffbe0106700
2026-03-09T20:18:08.840 INFO:teuthology.orchestra.run.vm05.stdout:/usr/bin/ceph: stderr
2026-03-09T20:18:08.601+0000 7ffbe4a44640 1 -- 192.168.123.105:0/3869147543 <== mon.0 v1:192.168.123.105:6789/0 4 ==== auth_reply(proto 2 0 (0) Success) ==== 580+0+0 (unknown 2556022931 0 0) 0x7ffbe019a6c0 con 0x7ffbe0106700
2026-03-09T20:18:08.840 INFO:teuthology.orchestra.run.vm05.stdout:/usr/bin/ceph: stderr
2026-03-09T20:18:08.601+0000 7ffbe4a44640 1 -- 192.168.123.105:0/3869147543 --> v1:192.168.123.105:6789/0 -- mon_subscribe({config=0+,monmap=0+}) -- 0x7ffbe019a890 con 0x7ffbe0106700
2026-03-09T20:18:08.840 INFO:teuthology.orchestra.run.vm05.stdout:/usr/bin/ceph: stderr
2026-03-09T20:18:08.602+0000 7ffbe5a46640 1 -- 192.168.123.105:0/3869147543 --> v1:192.168.123.105:6789/0 -- mon_subscribe({mgrmap=0+}) -- 0x7ffbe019aba0 con 0x7ffbe0106700
2026-03-09T20:18:08.840 INFO:teuthology.orchestra.run.vm05.stdout:/usr/bin/ceph: stderr
2026-03-09T20:18:08.602+0000 7ffbe5a46640 1 -- 192.168.123.105:0/3869147543 --> v1:192.168.123.105:6789/0 -- mon_subscribe({osdmap=0}) -- 0x7ffbe019e730 con 0x7ffbe0106700
2026-03-09T20:18:08.840 INFO:teuthology.orchestra.run.vm05.stdout:/usr/bin/ceph: stderr
2026-03-09T20:18:08.602+0000 7ffbe4a44640 1 -- 192.168.123.105:0/3869147543 <== mon.0 v1:192.168.123.105:6789/0 5 ==== config(24 keys) ==== 973+0+0 (unknown 630610420 0 0) 0x7ffbc8004bd0 con 0x7ffbe0106700
2026-03-09T20:18:08.840 INFO:teuthology.orchestra.run.vm05.stdout:/usr/bin/ceph: stderr
2026-03-09T20:18:08.602+0000 7ffbe4a44640 1 -- 192.168.123.105:0/3869147543 <== mon.0 v1:192.168.123.105:6789/0 6 ==== mon_map magic: 0 ==== 170+0+0 (unknown 2242798433 0 0) 0x7ffbc8005e80 con 0x7ffbe0106700
2026-03-09T20:18:08.840 INFO:teuthology.orchestra.run.vm05.stdout:/usr/bin/ceph: stderr
2026-03-09T20:18:08.603+0000 7ffbe4a44640 1 -- 192.168.123.105:0/3869147543 <== mon.0 v1:192.168.123.105:6789/0 7 ==== mgrmap(e 7) ==== 50106+0+0 (unknown 658845113 0 0) 0x7ffbc80124d0 con 0x7ffbe0106700
2026-03-09T20:18:08.840 INFO:teuthology.orchestra.run.vm05.stdout:/usr/bin/ceph: stderr
2026-03-09T20:18:08.603+0000 7ffbe5a46640 1 -- 192.168.123.105:0/3869147543 --> v1:192.168.123.105:6789/0 -- mon_command({"prefix": "get_command_descriptions"} v 0) -- 0x7ffbe010b8d0 con 0x7ffbe0106700
2026-03-09T20:18:08.840 INFO:teuthology.orchestra.run.vm05.stdout:/usr/bin/ceph: stderr
2026-03-09T20:18:08.603+0000 7ffbe4a44640 1 -- 192.168.123.105:0/3869147543 <== mon.0 v1:192.168.123.105:6789/0 8 ==== osd_map(2..2 src has 1..2) ==== 897+0+0 (unknown 2608398624 0 0) 0x7ffbc8002c70 con 0x7ffbe0106700
2026-03-09T20:18:08.840 INFO:teuthology.orchestra.run.vm05.stdout:/usr/bin/ceph: stderr
2026-03-09T20:18:08.606+0000 7ffbe4a44640 1 -- 192.168.123.105:0/3869147543 <== mon.0 v1:192.168.123.105:6789/0 9 ==== mon_command_ack([{"prefix": "get_command_descriptions"}]=0 v0) ==== 72+0+195034 (unknown 1092875540 0 2568732696) 0x7ffbc80189e0 con 0x7ffbe0106700
2026-03-09T20:18:08.840 INFO:teuthology.orchestra.run.vm05.stdout:/usr/bin/ceph: stderr
2026-03-09T20:18:08.695+0000 7ffbe5a46640 1 -- 192.168.123.105:0/3869147543 --> v1:192.168.123.105:6800/1901557444 -- mgr_command(tid 0: {"prefix": "cephadm set-user", "user": "root", "target": ["mon-mgr", ""]}) -- 0x7ffbe0109db0 con 0x7ffbb403e9f0
2026-03-09T20:18:08.840 INFO:teuthology.orchestra.run.vm05.stdout:/usr/bin/ceph: stderr
2026-03-09T20:18:08.695+0000 7ffbe4a44640 1 -- 192.168.123.105:0/3869147543 <== mgr.14118 v1:192.168.123.105:6800/1901557444 1 ==== mgr_command_reply(tid 0: 0 ) ==== 8+0+16 (unknown 0 0 2070689548) 0x7ffbe0109db0 con 0x7ffbb403e9f0
2026-03-09T20:18:08.840 INFO:teuthology.orchestra.run.vm05.stdout:/usr/bin/ceph: stderr
2026-03-09T20:18:08.697+0000 7ffbe5a46640 1 -- 192.168.123.105:0/3869147543 >> v1:192.168.123.105:6800/1901557444 conn(0x7ffbb403e9f0 legacy=0x7ffbb4040eb0 unknown :-1 s=STATE_CONNECTION_ESTABLISHED l=1).mark_down
2026-03-09T20:18:08.840 INFO:teuthology.orchestra.run.vm05.stdout:/usr/bin/ceph: stderr
2026-03-09T20:18:08.698+0000 7ffbe5a46640 1 -- 192.168.123.105:0/3869147543 >> v1:192.168.123.105:6789/0 conn(0x7ffbe0106700 legacy=0x7ffbe0199fb0 unknown :-1 s=STATE_CONNECTION_ESTABLISHED l=1).mark_down
2026-03-09T20:18:08.840 INFO:teuthology.orchestra.run.vm05.stdout:/usr/bin/ceph: stderr
2026-03-09T20:18:08.698+0000 7ffbe5a46640 1 -- 192.168.123.105:0/3869147543 shutdown_connections
2026-03-09T20:18:08.840 INFO:teuthology.orchestra.run.vm05.stdout:/usr/bin/ceph: stderr
2026-03-09T20:18:08.698+0000 7ffbe5a46640 1 -- 192.168.123.105:0/3869147543 >> 192.168.123.105:0/3869147543 conn(0x7ffbe0101e90 msgr2=0x7ffbe01042d0 unknown :-1 s=STATE_NONE l=0).mark_down
2026-03-09T20:18:08.840 INFO:teuthology.orchestra.run.vm05.stdout:/usr/bin/ceph: stderr
2026-03-09T20:18:08.698+0000 7ffbe5a46640 1 -- 192.168.123.105:0/3869147543 shutdown_connections
2026-03-09T20:18:08.840 INFO:teuthology.orchestra.run.vm05.stdout:/usr/bin/ceph: stderr
2026-03-09T20:18:08.698+0000 7ffbe5a46640 1 -- 192.168.123.105:0/3869147543 wait complete.
2026-03-09T20:18:08.840 INFO:teuthology.orchestra.run.vm05.stdout:Generating ssh key...
2026-03-09T20:18:09.160 INFO:journalctl@ceph.mgr.y.vm05.stdout:Mar 09 20:18:09 vm05 ceph-c0151936-1bf4-11f1-b896-23f7bea8a6ea-mgr-y[52101]: Generating public/private ed25519 key pair.
2026-03-09T20:18:09.160 INFO:journalctl@ceph.mgr.y.vm05.stdout:Mar 09 20:18:09 vm05 ceph-c0151936-1bf4-11f1-b896-23f7bea8a6ea-mgr-y[52101]: Your identification has been saved in /tmp/tmpm11ff8fi/key
2026-03-09T20:18:09.160 INFO:journalctl@ceph.mgr.y.vm05.stdout:Mar 09 20:18:09 vm05 ceph-c0151936-1bf4-11f1-b896-23f7bea8a6ea-mgr-y[52101]: Your public key has been saved in /tmp/tmpm11ff8fi/key.pub
2026-03-09T20:18:09.160 INFO:journalctl@ceph.mgr.y.vm05.stdout:Mar 09 20:18:09 vm05 ceph-c0151936-1bf4-11f1-b896-23f7bea8a6ea-mgr-y[52101]: The key fingerprint is:
2026-03-09T20:18:09.160 INFO:journalctl@ceph.mgr.y.vm05.stdout:Mar 09 20:18:09 vm05 ceph-c0151936-1bf4-11f1-b896-23f7bea8a6ea-mgr-y[52101]: SHA256:eTi5bnJGhxUIqNYCZV90gd9O0kdHXovgKS+unh91+2k ceph-c0151936-1bf4-11f1-b896-23f7bea8a6ea
2026-03-09T20:18:09.160 INFO:journalctl@ceph.mgr.y.vm05.stdout:Mar 09 20:18:09 vm05 ceph-c0151936-1bf4-11f1-b896-23f7bea8a6ea-mgr-y[52101]: The key's randomart image is:
2026-03-09T20:18:09.160 INFO:journalctl@ceph.mgr.y.vm05.stdout:Mar 09 20:18:09 vm05 ceph-c0151936-1bf4-11f1-b896-23f7bea8a6ea-mgr-y[52101]: +--[ED25519 256]--+
2026-03-09T20:18:09.160 INFO:journalctl@ceph.mgr.y.vm05.stdout:Mar 09 20:18:09 vm05 ceph-c0151936-1bf4-11f1-b896-23f7bea8a6ea-mgr-y[52101]: | .o o+ooo . .. .|
2026-03-09T20:18:09.160 INFO:journalctl@ceph.mgr.y.vm05.stdout:Mar 09 20:18:09 vm05 ceph-c0151936-1bf4-11f1-b896-23f7bea8a6ea-mgr-y[52101]: |.. ...... o +.o..|
2026-03-09T20:18:09.160 INFO:journalctl@ceph.mgr.y.vm05.stdout:Mar 09 20:18:09 vm05 ceph-c0151936-1bf4-11f1-b896-23f7bea8a6ea-mgr-y[52101]: | . o. . + = o.. |
2026-03-09T20:18:09.160 INFO:journalctl@ceph.mgr.y.vm05.stdout:Mar 09 20:18:09 vm05 ceph-c0151936-1bf4-11f1-b896-23f7bea8a6ea-mgr-y[52101]: | + . o+B . |
2026-03-09T20:18:09.160 INFO:journalctl@ceph.mgr.y.vm05.stdout:Mar 09 20:18:09 vm05 ceph-c0151936-1bf4-11f1-b896-23f7bea8a6ea-mgr-y[52101]: | . . SB.+ . |
2026-03-09T20:18:09.160 INFO:journalctl@ceph.mgr.y.vm05.stdout:Mar 09 20:18:09 vm05 ceph-c0151936-1bf4-11f1-b896-23f7bea8a6ea-mgr-y[52101]: | ++= . . |
2026-03-09T20:18:09.160 INFO:journalctl@ceph.mgr.y.vm05.stdout:Mar 09 20:18:09 vm05 ceph-c0151936-1bf4-11f1-b896-23f7bea8a6ea-mgr-y[52101]: | ..+ . |
2026-03-09T20:18:09.160 INFO:journalctl@ceph.mgr.y.vm05.stdout:Mar 09 20:18:09 vm05 ceph-c0151936-1bf4-11f1-b896-23f7bea8a6ea-mgr-y[52101]: | ..* . .E.|
2026-03-09T20:18:09.160 INFO:journalctl@ceph.mgr.y.vm05.stdout:Mar 09 20:18:09 vm05 ceph-c0151936-1bf4-11f1-b896-23f7bea8a6ea-mgr-y[52101]: | .Oo. .o |
2026-03-09T20:18:09.160 INFO:journalctl@ceph.mgr.y.vm05.stdout:Mar 09 20:18:09 vm05 ceph-c0151936-1bf4-11f1-b896-23f7bea8a6ea-mgr-y[52101]: +----[SHA256]-----+
2026-03-09T20:18:09.220 INFO:teuthology.orchestra.run.vm05.stdout:/usr/bin/ceph: stderr
2026-03-09T20:18:08.966+0000 7f91b486e640 1 Processor -- start
2026-03-09T20:18:09.220 INFO:teuthology.orchestra.run.vm05.stdout:/usr/bin/ceph: stderr
2026-03-09T20:18:08.967+0000 7f91b486e640 1 -- start start
2026-03-09T20:18:09.220 INFO:teuthology.orchestra.run.vm05.stdout:/usr/bin/ceph: stderr
2026-03-09T20:18:08.967+0000 7f91b486e640 1 -- --> v1:192.168.123.105:6789/0 -- auth(proto 0 34 bytes epoch 0) -- 0x7f91ac10cd80 con 0x7f91ac108950
2026-03-09T20:18:09.220 INFO:teuthology.orchestra.run.vm05.stdout:/usr/bin/ceph: stderr
2026-03-09T20:18:08.967+0000 7f91b25e3640 1 --1- >> v1:192.168.123.105:6789/0 conn(0x7f91ac108950 0x7f91ac108d50 :-1 s=CONNECTING_WAIT_BANNER_AND_IDENTIFY pgs=0 cs=0 l=0).handle_server_banner_and_identify peer v1:192.168.123.105:6789/0 says I am v1:192.168.123.105:51452/0 (socket says 192.168.123.105:51452)
2026-03-09T20:18:09.220 INFO:teuthology.orchestra.run.vm05.stdout:/usr/bin/ceph: stderr
2026-03-09T20:18:08.967+0000 7f91b25e3640 1 -- 192.168.123.105:0/2194598243 learned_addr learned my addr 192.168.123.105:0/2194598243 (peer_addr_for_me v1:192.168.123.105:0/0)
2026-03-09T20:18:09.220 INFO:teuthology.orchestra.run.vm05.stdout:/usr/bin/ceph: stderr
2026-03-09T20:18:08.967+0000 7f91b15e1640 1 -- 192.168.123.105:0/2194598243 <== mon.0 v1:192.168.123.105:6789/0 1 ==== auth_reply(proto 2 0 (0) Success) ==== 33+0+0 (unknown 2112779954 0 0) 0x7f91ac10cd80 con 0x7f91ac108950
2026-03-09T20:18:09.220 INFO:teuthology.orchestra.run.vm05.stdout:/usr/bin/ceph: stderr
2026-03-09T20:18:08.968+0000 7f91b15e1640 1 -- 192.168.123.105:0/2194598243 --> v1:192.168.123.105:6789/0 -- auth(proto 2 36 bytes epoch 0) -- 0x7f9188003620 con 0x7f91ac108950
2026-03-09T20:18:09.220 INFO:teuthology.orchestra.run.vm05.stdout:/usr/bin/ceph: stderr
2026-03-09T20:18:08.968+0000 7f91b15e1640 1 -- 192.168.123.105:0/2194598243 <== mon.0 v1:192.168.123.105:6789/0 2 ==== auth_reply(proto 2 0 (0) Success) ==== 214+0+0 (unknown 3531469865 0 0) 0x7f9188003620 con 0x7f91ac108950
2026-03-09T20:18:09.220 INFO:teuthology.orchestra.run.vm05.stdout:/usr/bin/ceph: stderr
2026-03-09T20:18:08.968+0000 7f91b15e1640 1 -- 192.168.123.105:0/2194598243 --> v1:192.168.123.105:6789/0 -- mon_subscribe({config=0+,monmap=0+}) -- 0x7f91ac10df60 con 0x7f91ac108950
2026-03-09T20:18:09.220 INFO:teuthology.orchestra.run.vm05.stdout:/usr/bin/ceph: stderr
2026-03-09T20:18:08.968+0000 7f91b15e1640 1 -- 192.168.123.105:0/2194598243 <== mon.0 v1:192.168.123.105:6789/0 3 ==== mon_map magic: 0 ==== 170+0+0 (unknown 2242798433 0 0) 0x7f9198002e10 con 0x7f91ac108950
2026-03-09T20:18:09.220 INFO:teuthology.orchestra.run.vm05.stdout:/usr/bin/ceph: stderr
2026-03-09T20:18:08.968+0000 7f91b15e1640 1 -- 192.168.123.105:0/2194598243 <== mon.0 v1:192.168.123.105:6789/0 4 ==== config(24 keys) ==== 973+0+0 (unknown 630610420 0 0) 0x7f91980034a0 con 0x7f91ac108950
2026-03-09T20:18:09.220 INFO:teuthology.orchestra.run.vm05.stdout:/usr/bin/ceph: stderr
2026-03-09T20:18:08.968+0000 7f91b486e640 1 -- 192.168.123.105:0/2194598243 >> v1:192.168.123.105:6789/0 conn(0x7f91ac108950 legacy=0x7f91ac108d50 unknown :-1 s=STATE_CONNECTION_ESTABLISHED l=1).mark_down
2026-03-09T20:18:09.220 INFO:teuthology.orchestra.run.vm05.stdout:/usr/bin/ceph: stderr
2026-03-09T20:18:08.969+0000 7f91b486e640 1 -- 192.168.123.105:0/2194598243 shutdown_connections
2026-03-09T20:18:09.220 INFO:teuthology.orchestra.run.vm05.stdout:/usr/bin/ceph: stderr
2026-03-09T20:18:08.969+0000 7f91b486e640 1 -- 192.168.123.105:0/2194598243 >> 192.168.123.105:0/2194598243 conn(0x7f91ac07bdf0 msgr2=0x7f91ac07c240 unknown :-1 s=STATE_NONE l=0).mark_down
2026-03-09T20:18:09.220 INFO:teuthology.orchestra.run.vm05.stdout:/usr/bin/ceph: stderr
2026-03-09T20:18:08.969+0000 7f91b486e640 1 -- 192.168.123.105:0/2194598243 shutdown_connections
2026-03-09T20:18:09.220 INFO:teuthology.orchestra.run.vm05.stdout:/usr/bin/ceph: stderr
2026-03-09T20:18:08.969+0000 7f91b486e640 1 -- 192.168.123.105:0/2194598243 wait complete.
2026-03-09T20:18:09.220 INFO:teuthology.orchestra.run.vm05.stdout:/usr/bin/ceph: stderr
2026-03-09T20:18:08.969+0000 7f91b486e640 1 Processor -- start
2026-03-09T20:18:09.220 INFO:teuthology.orchestra.run.vm05.stdout:/usr/bin/ceph: stderr
2026-03-09T20:18:08.969+0000 7f91b486e640 1 -- start start
2026-03-09T20:18:09.220 INFO:teuthology.orchestra.run.vm05.stdout:/usr/bin/ceph: stderr
2026-03-09T20:18:08.969+0000 7f91b486e640 1 -- --> v1:192.168.123.105:6789/0 -- auth(proto 0 34 bytes epoch 0) -- 0x7f91ac19ebf0 con 0x7f91ac108950
2026-03-09T20:18:09.220 INFO:teuthology.orchestra.run.vm05.stdout:/usr/bin/ceph: stderr
2026-03-09T20:18:08.970+0000 7f91b25e3640 1 --1- >> v1:192.168.123.105:6789/0 conn(0x7f91ac108950 0x7f91ac19e4e0 :-1 s=CONNECTING_WAIT_BANNER_AND_IDENTIFY pgs=0 cs=0 l=1).handle_server_banner_and_identify peer v1:192.168.123.105:6789/0 says I am v1:192.168.123.105:51464/0 (socket says 192.168.123.105:51464)
2026-03-09T20:18:09.220 INFO:teuthology.orchestra.run.vm05.stdout:/usr/bin/ceph: stderr
2026-03-09T20:18:08.970+0000 7f91b25e3640 1 -- 192.168.123.105:0/4106406019 learned_addr learned my addr 192.168.123.105:0/4106406019 (peer_addr_for_me v1:192.168.123.105:0/0)
2026-03-09T20:18:09.220 INFO:teuthology.orchestra.run.vm05.stdout:/usr/bin/ceph: stderr
2026-03-09T20:18:08.970+0000 7f91977fe640 1 -- 192.168.123.105:0/4106406019 <== mon.0 v1:192.168.123.105:6789/0 1 ==== auth_reply(proto 2 0 (0) Success) ==== 33+0+0 (unknown 3596557699 0 0) 0x7f91ac19ebf0 con 0x7f91ac108950
2026-03-09T20:18:09.220 INFO:teuthology.orchestra.run.vm05.stdout:/usr/bin/ceph: stderr
2026-03-09T20:18:08.970+0000 7f91977fe640 1 -- 192.168.123.105:0/4106406019 --> v1:192.168.123.105:6789/0 -- auth(proto 2 36 bytes epoch 0) -- 0x7f9180003620 con 0x7f91ac108950
2026-03-09T20:18:09.220 INFO:teuthology.orchestra.run.vm05.stdout:/usr/bin/ceph: stderr
2026-03-09T20:18:08.970+0000 7f91977fe640 1 -- 192.168.123.105:0/4106406019 <== mon.0 v1:192.168.123.105:6789/0 2 ==== auth_reply(proto 2 0 (0) Success) ==== 764+0+0 (unknown 971941602 0 0) 0x7f9180003620 con 0x7f91ac108950
2026-03-09T20:18:09.220 INFO:teuthology.orchestra.run.vm05.stdout:/usr/bin/ceph: stderr
2026-03-09T20:18:08.970+0000 7f91977fe640 1 -- 192.168.123.105:0/4106406019 --> v1:192.168.123.105:6789/0 -- auth(proto 2 165 bytes epoch 0) -- 0x7f91ac19ebf0 con 0x7f91ac108950
2026-03-09T20:18:09.220 INFO:teuthology.orchestra.run.vm05.stdout:/usr/bin/ceph: stderr
2026-03-09T20:18:08.970+0000 7f91977fe640 1 -- 192.168.123.105:0/4106406019 <== mon.0 v1:192.168.123.105:6789/0 3 ==== mon_map magic: 0 ==== 170+0+0 (unknown 2242798433 0 0) 0x7f9198003270 con 0x7f91ac108950
2026-03-09T20:18:09.220 INFO:teuthology.orchestra.run.vm05.stdout:/usr/bin/ceph: stderr
2026-03-09T20:18:08.970+0000 7f91977fe640 1 -- 192.168.123.105:0/4106406019 <== mon.0 v1:192.168.123.105:6789/0 4 ==== auth_reply(proto 2 0 (0) Success) ==== 580+0+0 (unknown 3093735210 0 0) 0x7f91ac19ebf0 con 0x7f91ac108950
2026-03-09T20:18:09.220 INFO:teuthology.orchestra.run.vm05.stdout:/usr/bin/ceph: stderr
2026-03-09T20:18:08.970+0000 7f91977fe640 1 -- 192.168.123.105:0/4106406019 --> v1:192.168.123.105:6789/0 -- mon_subscribe({config=0+,monmap=0+}) -- 0x7f91ac19edc0 con 0x7f91ac108950
2026-03-09T20:18:09.220 INFO:teuthology.orchestra.run.vm05.stdout:/usr/bin/ceph: stderr
2026-03-09T20:18:08.970+0000 7f91977fe640 1 -- 192.168.123.105:0/4106406019 <== mon.0 v1:192.168.123.105:6789/0 5 ==== config(24 keys) ==== 973+0+0 (unknown 630610420 0 0) 0x7f9198002830 con 0x7f91ac108950
2026-03-09T20:18:09.220 INFO:teuthology.orchestra.run.vm05.stdout:/usr/bin/ceph: stderr
2026-03-09T20:18:08.970+0000 7f91977fe640 1 -- 192.168.123.105:0/4106406019 <== mon.0 v1:192.168.123.105:6789/0 6 ==== mon_map magic: 0 ==== 170+0+0 (unknown 2242798433 0 0) 0x7f9198006480 con 0x7f91ac108950
2026-03-09T20:18:09.220 INFO:teuthology.orchestra.run.vm05.stdout:/usr/bin/ceph: stderr
2026-03-09T20:18:08.971+0000 7f91b486e640 1 -- 192.168.123.105:0/4106406019 --> v1:192.168.123.105:6789/0 -- mon_subscribe({mgrmap=0+}) -- 0x7f91ac19f0d0 con 0x7f91ac108950
2026-03-09T20:18:09.220 INFO:teuthology.orchestra.run.vm05.stdout:/usr/bin/ceph: stderr
2026-03-09T20:18:08.971+0000 7f91977fe640 1 -- 192.168.123.105:0/4106406019 <== mon.0 v1:192.168.123.105:6789/0 7 ==== mgrmap(e 7) ==== 50106+0+0 (unknown 658845113 0 0) 0x7f9198004b90 con 0x7f91ac108950
2026-03-09T20:18:09.220 INFO:teuthology.orchestra.run.vm05.stdout:/usr/bin/ceph: stderr
2026-03-09T20:18:08.971+0000 7f91b486e640 1 -- 192.168.123.105:0/4106406019 --> v1:192.168.123.105:6789/0 -- mon_subscribe({osdmap=0}) -- 0x7f91ac1a2be0 con 0x7f91ac108950
2026-03-09T20:18:09.221 INFO:teuthology.orchestra.run.vm05.stdout:/usr/bin/ceph: stderr
