2026-03-09T20:42:30.308 INFO:teuthology.orchestra.run.vm07.stdout:/usr/bin/ceph: stderr
2026-03-09T20:42:29.650+0000 7fa8ebfff640 1 -- 192.168.123.107:0/1105024482 learned_addr learned my addr 192.168.123.107:0/1105024482 (peer_addr_for_me v2:192.168.123.107:0/0)
2026-03-09T20:42:30.308 INFO:teuthology.orchestra.run.vm07.stdout:/usr/bin/ceph: stderr
2026-03-09T20:42:29.650+0000 7fa8ebfff640 1 -- 192.168.123.107:0/1105024482 --> [v2:192.168.123.107:3300/0,v1:192.168.123.107:6789/0] -- mon_subscribe({config=0+,monmap=0+}) v3 -- 0x7fa8dc0095d0 con 0x7fa8ec19e0b0
2026-03-09T20:42:30.308 INFO:teuthology.orchestra.run.vm07.stdout:/usr/bin/ceph: stderr
2026-03-09T20:42:29.650+0000 7fa8ebfff640 1 --2- 192.168.123.107:0/1105024482 >> [v2:192.168.123.107:3300/0,v1:192.168.123.107:6789/0] conn(0x7fa8ec19e0b0 0x7fa8ec19e4d0 secure :-1 s=READY pgs=21 cs=0 l=1 rev1=1 crypto rx=0x7fa8dc02f450 tx=0x7fa8dc0377d0 comp rx=0 tx=0).ready entity=mon.0 client_cookie=0 server_cookie=0 in_seq=0 out_seq=0
2026-03-09T20:42:30.308 INFO:teuthology.orchestra.run.vm07.stdout:/usr/bin/ceph: stderr
2026-03-09T20:42:29.651+0000 7fa8e97fa640 1 -- 192.168.123.107:0/1105024482 <== mon.0 v2:192.168.123.107:3300/0 1 ==== mon_map magic: 0 v1 ==== 214+0+0 (secure 0 0 0) 0x7fa8dc037b60 con 0x7fa8ec19e0b0
2026-03-09T20:42:30.308 INFO:teuthology.orchestra.run.vm07.stdout:/usr/bin/ceph: stderr
2026-03-09T20:42:29.651+0000 7fa8e97fa640 1 -- 192.168.123.107:0/1105024482 <== mon.0 v2:192.168.123.107:3300/0 2 ==== config(27 keys) v1 ==== 1041+0+0 (secure 0 0 0) 0x7fa8dc02fe30 con 0x7fa8ec19e0b0
2026-03-09T20:42:30.308 INFO:teuthology.orchestra.run.vm07.stdout:/usr/bin/ceph: stderr
2026-03-09T20:42:29.651+0000 7fa8e97fa640 1 -- 192.168.123.107:0/1105024482 <== mon.0 v2:192.168.123.107:3300/0 3 ==== mon_map magic: 0 v1 ==== 214+0+0 (secure 0 0 0) 0x7fa8dc042de0 con 0x7fa8ec19e0b0
2026-03-09T20:42:30.308 INFO:teuthology.orchestra.run.vm07.stdout:/usr/bin/ceph: stderr
2026-03-09T20:42:29.651+0000 7fa8f263f640 1 -- 192.168.123.107:0/1105024482 --> [v2:192.168.123.107:3300/0,v1:192.168.123.107:6789/0] -- mon_subscribe({mgrmap=0+}) v3 -- 0x7fa8ec19ea10 con 0x7fa8ec19e0b0
2026-03-09T20:42:30.308 INFO:teuthology.orchestra.run.vm07.stdout:/usr/bin/ceph: stderr
2026-03-09T20:42:29.651+0000 7fa8f263f640 1 -- 192.168.123.107:0/1105024482 --> [v2:192.168.123.107:3300/0,v1:192.168.123.107:6789/0] -- mon_subscribe({osdmap=0}) v3 -- 0x7fa8ec07c3c0 con 0x7fa8ec19e0b0
2026-03-09T20:42:30.308 INFO:teuthology.orchestra.run.vm07.stdout:/usr/bin/ceph: stderr
2026-03-09T20:42:29.652+0000 7fa8f263f640 1 -- 192.168.123.107:0/1105024482 --> [v2:192.168.123.107:3300/0,v1:192.168.123.107:6789/0] -- mon_command({"prefix": "get_command_descriptions"} v 0) v1 -- 0x7fa8b0005350 con 0x7fa8ec19e0b0
2026-03-09T20:42:30.308 INFO:teuthology.orchestra.run.vm07.stdout:/usr/bin/ceph: stderr
2026-03-09T20:42:29.652+0000 7fa8e97fa640 1 -- 192.168.123.107:0/1105024482 <== mon.0 v2:192.168.123.107:3300/0 4 ==== mgrmap(e 4) v1 ==== 49359+0+0 (secure 0 0 0) 0x7fa8dc02f9b0 con 0x7fa8ec19e0b0
2026-03-09T20:42:30.308 INFO:teuthology.orchestra.run.vm07.stdout:/usr/bin/ceph: stderr
2026-03-09T20:42:29.652+0000 7fa8e97fa640 1 --2- 192.168.123.107:0/1105024482 >> [v2:192.168.123.107:6800/1859043218,v1:192.168.123.107:6801/1859043218] conn(0x7fa8c003d140 0x7fa8c003f600 unknown :-1 s=NONE pgs=0 cs=0 l=1 rev1=0 crypto rx=0 tx=0 comp rx=0 tx=0).connect
2026-03-09T20:42:30.308 INFO:teuthology.orchestra.run.vm07.stdout:/usr/bin/ceph: stderr
2026-03-09T20:42:29.652+0000 7fa8e97fa640 1 -- 192.168.123.107:0/1105024482 <== mon.0 v2:192.168.123.107:3300/0 5 ==== osd_map(1..1 src has 1..1) v4 ==== 725+0+0 (secure 0 0 0) 0x7fa8dc0756d0 con 0x7fa8ec19e0b0
2026-03-09T20:42:30.308 INFO:teuthology.orchestra.run.vm07.stdout:/usr/bin/ceph: stderr
2026-03-09T20:42:29.654+0000 7fa8eb7fe640 1 --2- 192.168.123.107:0/1105024482 >> [v2:192.168.123.107:6800/1859043218,v1:192.168.123.107:6801/1859043218] conn(0x7fa8c003d140 0x7fa8c003f600 unknown :-1 s=BANNER_CONNECTING pgs=0 cs=0 l=1 rev1=0 crypto rx=0 tx=0 comp rx=0 tx=0)._handle_peer_banner_payload supported=3 required=0
2026-03-09T20:42:30.308 INFO:teuthology.orchestra.run.vm07.stdout:/usr/bin/ceph: stderr
2026-03-09T20:42:29.654+0000 7fa8eb7fe640 1 --2- 192.168.123.107:0/1105024482 >> [v2:192.168.123.107:6800/1859043218,v1:192.168.123.107:6801/1859043218] conn(0x7fa8c003d140 0x7fa8c003f600 secure :-1 s=READY pgs=8 cs=0 l=1 rev1=1 crypto rx=0x7fa8d8009a10 tx=0x7fa8d8006eb0 comp rx=0 tx=0).ready entity=mgr.14100 client_cookie=0 server_cookie=0 in_seq=0 out_seq=0
2026-03-09T20:42:30.308 INFO:teuthology.orchestra.run.vm07.stdout:/usr/bin/ceph: stderr
2026-03-09T20:42:29.654+0000 7fa8e97fa640 1 -- 192.168.123.107:0/1105024482 <== mon.0 v2:192.168.123.107:3300/0 6 ==== mon_command_ack([{"prefix": "get_command_descriptions"}]=0 v0) v1 ==== 72+0+186382 (secure 0 0 0) 0x7fa8dc02fc90 con 0x7fa8ec19e0b0
2026-03-09T20:42:30.308 INFO:teuthology.orchestra.run.vm07.stdout:/usr/bin/ceph: stderr
2026-03-09T20:42:29.758+0000 7fa8f263f640 1 -- 192.168.123.107:0/1105024482 --> [v2:192.168.123.107:3300/0,v1:192.168.123.107:6789/0] -- mon_command({"prefix": "mgr module enable", "module": "cephadm"} v 0) v1 -- 0x7fa8b00051c0 con 0x7fa8ec19e0b0
2026-03-09T20:42:30.308 INFO:teuthology.orchestra.run.vm07.stdout:/usr/bin/ceph: stderr
2026-03-09T20:42:30.270+0000 7fa8e97fa640 1 -- 192.168.123.107:0/1105024482 <== mon.0 v2:192.168.123.107:3300/0 7 ==== mon_command_ack([{"prefix": "mgr module enable", "module": "cephadm"}]=0 v5) v1 ==== 86+0+0 (secure 0 0 0) 0x7fa8dc047070 con 0x7fa8ec19e0b0
2026-03-09T20:42:30.308 INFO:teuthology.orchestra.run.vm07.stdout:/usr/bin/ceph: stderr
2026-03-09T20:42:30.275+0000 7fa8f263f640 1 -- 192.168.123.107:0/1105024482 >> [v2:192.168.123.107:6800/1859043218,v1:192.168.123.107:6801/1859043218] conn(0x7fa8c003d140 msgr2=0x7fa8c003f600 secure :-1 s=STATE_CONNECTION_ESTABLISHED l=1).mark_down
2026-03-09T20:42:30.308 INFO:teuthology.orchestra.run.vm07.stdout:/usr/bin/ceph: stderr
2026-03-09T20:42:30.275+0000 7fa8f263f640 1 --2- 192.168.123.107:0/1105024482 >> [v2:192.168.123.107:6800/1859043218,v1:192.168.123.107:6801/1859043218] conn(0x7fa8c003d140 0x7fa8c003f600 secure :-1 s=READY pgs=8 cs=0 l=1 rev1=1 crypto rx=0x7fa8d8009a10 tx=0x7fa8d8006eb0 comp rx=0 tx=0).stop
2026-03-09T20:42:30.308 INFO:teuthology.orchestra.run.vm07.stdout:/usr/bin/ceph: stderr
2026-03-09T20:42:30.275+0000 7fa8f263f640 1 -- 192.168.123.107:0/1105024482 >> [v2:192.168.123.107:3300/0,v1:192.168.123.107:6789/0] conn(0x7fa8ec19e0b0 msgr2=0x7fa8ec19e4d0 secure :-1 s=STATE_CONNECTION_ESTABLISHED l=1).mark_down
2026-03-09T20:42:30.308 INFO:teuthology.orchestra.run.vm07.stdout:/usr/bin/ceph: stderr
2026-03-09T20:42:30.275+0000 7fa8f263f640 1 --2- 192.168.123.107:0/1105024482 >> [v2:192.168.123.107:3300/0,v1:192.168.123.107:6789/0] conn(0x7fa8ec19e0b0 0x7fa8ec19e4d0 secure :-1 s=READY pgs=21 cs=0 l=1 rev1=1 crypto rx=0x7fa8dc02f450 tx=0x7fa8dc0377d0 comp rx=0 tx=0).stop
2026-03-09T20:42:30.308 INFO:teuthology.orchestra.run.vm07.stdout:/usr/bin/ceph: stderr
2026-03-09T20:42:30.275+0000 7fa8f263f640 1 -- 192.168.123.107:0/1105024482 shutdown_connections
2026-03-09T20:42:30.308 INFO:teuthology.orchestra.run.vm07.stdout:/usr/bin/ceph: stderr
2026-03-09T20:42:30.275+0000 7fa8f263f640 1 --2- 192.168.123.107:0/1105024482 >> [v2:192.168.123.107:6800/1859043218,v1:192.168.123.107:6801/1859043218] conn(0x7fa8c003d140 0x7fa8c003f600 unknown :-1 s=CLOSED pgs=8 cs=0 l=1 rev1=1 crypto rx=0 tx=0 comp rx=0 tx=0).stop
2026-03-09T20:42:30.308 INFO:teuthology.orchestra.run.vm07.stdout:/usr/bin/ceph: stderr
2026-03-09T20:42:30.275+0000 7fa8f263f640 1 --2- 192.168.123.107:0/1105024482 >> [v2:192.168.123.107:3300/0,v1:192.168.123.107:6789/0] conn(0x7fa8ec19e0b0 0x7fa8ec19e4d0 secure :-1 s=CLOSED pgs=21 cs=0 l=1 rev1=1 crypto rx=0x7fa8dc02f450 tx=0x7fa8dc0377d0 comp rx=0 tx=0).stop
2026-03-09T20:42:30.308 INFO:teuthology.orchestra.run.vm07.stdout:/usr/bin/ceph: stderr
2026-03-09T20:42:30.275+0000 7fa8f263f640 1 -- 192.168.123.107:0/1105024482 >> 192.168.123.107:0/1105024482 conn(0x7fa8ec07b8b0 msgr2=0x7fa8ec105b00 unknown :-1 s=STATE_NONE l=0).mark_down
2026-03-09T20:42:30.308 INFO:teuthology.orchestra.run.vm07.stdout:/usr/bin/ceph: stderr
2026-03-09T20:42:30.276+0000 7fa8f263f640 1 -- 192.168.123.107:0/1105024482 shutdown_connections
2026-03-09T20:42:30.308 INFO:teuthology.orchestra.run.vm07.stdout:/usr/bin/ceph: stderr
2026-03-09T20:42:30.276+0000 7fa8f263f640 1 -- 192.168.123.107:0/1105024482 wait complete.
2026-03-09T20:42:30.543 INFO:journalctl@ceph.mon.vm07.vm07.stdout:Mar 09 20:42:30 vm07 ceph-mon[49120]: mgrmap e4: vm07.xjrvch(active, since 2s)
2026-03-09T20:42:30.543 INFO:journalctl@ceph.mon.vm07.vm07.stdout:Mar 09 20:42:30 vm07 ceph-mon[49120]: from='client.? 192.168.123.107:0/59976990' entity='client.admin' cmd=[{"prefix": "config assimilate-conf"}]: dispatch
2026-03-09T20:42:30.543 INFO:journalctl@ceph.mon.vm07.vm07.stdout:Mar 09 20:42:30 vm07 ceph-mon[49120]: from='client.? 192.168.123.107:0/1105024482' entity='client.admin' cmd=[{"prefix": "mgr module enable", "module": "cephadm"}]: dispatch
2026-03-09T20:42:30.603 INFO:teuthology.orchestra.run.vm07.stdout:/usr/bin/ceph: stdout {
2026-03-09T20:42:30.603 INFO:teuthology.orchestra.run.vm07.stdout:/usr/bin/ceph: stdout "epoch": 5,
2026-03-09T20:42:30.603 INFO:teuthology.orchestra.run.vm07.stdout:/usr/bin/ceph: stdout "available": true,
2026-03-09T20:42:30.603 INFO:teuthology.orchestra.run.vm07.stdout:/usr/bin/ceph: stdout "active_name": "vm07.xjrvch",
2026-03-09T20:42:30.603 INFO:teuthology.orchestra.run.vm07.stdout:/usr/bin/ceph: stdout "num_standby": 0
2026-03-09T20:42:30.603 INFO:teuthology.orchestra.run.vm07.stdout:/usr/bin/ceph: stdout }
2026-03-09T20:42:30.603 INFO:teuthology.orchestra.run.vm07.stdout:/usr/bin/ceph: stderr
2026-03-09T20:42:30.422+0000 7f9b63fff640 1 Processor -- start
2026-03-09T20:42:30.603 INFO:teuthology.orchestra.run.vm07.stdout:/usr/bin/ceph: stderr
2026-03-09T20:42:30.423+0000 7f9b63fff640 1 -- start start
2026-03-09T20:42:30.603 INFO:teuthology.orchestra.run.vm07.stdout:/usr/bin/ceph: stderr
2026-03-09T20:42:30.423+0000 7f9b63fff640 1 --2- >> [v2:192.168.123.107:3300/0,v1:192.168.123.107:6789/0] conn(0x7f9b64071820 0x7f9b64071c20 unknown :-1 s=NONE pgs=0 cs=0 l=0 rev1=0 crypto rx=0 tx=0 comp rx=0 tx=0).connect
2026-03-09T20:42:30.603 INFO:teuthology.orchestra.run.vm07.stdout:/usr/bin/ceph: stderr
2026-03-09T20:42:30.423+0000 7f9b63fff640 1 -- --> [v2:192.168.123.107:3300/0,v1:192.168.123.107:6789/0] -- mon_getmap magic: 0 v1 -- 0x7f9b640721f0 con 0x7f9b64071820
2026-03-09T20:42:30.603 INFO:teuthology.orchestra.run.vm07.stdout:/usr/bin/ceph: stderr
2026-03-09T20:42:30.423+0000 7f9b62ffd640 1 --2- >> [v2:192.168.123.107:3300/0,v1:192.168.123.107:6789/0] conn(0x7f9b64071820 0x7f9b64071c20 unknown :-1 s=BANNER_CONNECTING pgs=0 cs=0 l=0 rev1=0 crypto rx=0 tx=0 comp rx=0 tx=0)._handle_peer_banner_payload supported=3 required=0
2026-03-09T20:42:30.603 INFO:teuthology.orchestra.run.vm07.stdout:/usr/bin/ceph: stderr
2026-03-09T20:42:30.423+0000 7f9b62ffd640 1 --2- >> [v2:192.168.123.107:3300/0,v1:192.168.123.107:6789/0] conn(0x7f9b64071820 0x7f9b64071c20 unknown :-1 s=HELLO_CONNECTING pgs=0 cs=0 l=0 rev1=1 crypto rx=0 tx=0 comp rx=0 tx=0).handle_hello peer v2:192.168.123.107:3300/0 says I am v2:192.168.123.107:38640/0 (socket says 192.168.123.107:38640)
2026-03-09T20:42:30.603 INFO:teuthology.orchestra.run.vm07.stdout:/usr/bin/ceph: stderr
2026-03-09T20:42:30.423+0000 7f9b62ffd640 1 -- 192.168.123.107:0/3237620851 learned_addr learned my addr 192.168.123.107:0/3237620851 (peer_addr_for_me v2:192.168.123.107:0/0)
2026-03-09T20:42:30.603 INFO:teuthology.orchestra.run.vm07.stdout:/usr/bin/ceph: stderr
2026-03-09T20:42:30.424+0000 7f9b62ffd640 1 -- 192.168.123.107:0/3237620851 --> [v2:192.168.123.107:3300/0,v1:192.168.123.107:6789/0] -- mon_subscribe({config=0+,monmap=0+}) v3 -- 0x7f9b64072330 con 0x7f9b64071820
2026-03-09T20:42:30.603 INFO:teuthology.orchestra.run.vm07.stdout:/usr/bin/ceph: stderr
2026-03-09T20:42:30.424+0000 7f9b62ffd640 1 --2- 192.168.123.107:0/3237620851 >> [v2:192.168.123.107:3300/0,v1:192.168.123.107:6789/0] conn(0x7f9b64071820 0x7f9b64071c20 secure :-1 s=READY pgs=24 cs=0 l=1 rev1=1 crypto rx=0x7f9b540089a0 tx=0x7f9b54031440 comp rx=0 tx=0).ready entity=mon.0 client_cookie=f9291f0810c7e206 server_cookie=0 in_seq=0 out_seq=0
2026-03-09T20:42:30.603 INFO:teuthology.orchestra.run.vm07.stdout:/usr/bin/ceph: stderr
2026-03-09T20:42:30.426+0000 7f9b61ffb640 1 -- 192.168.123.107:0/3237620851 <== mon.0 v2:192.168.123.107:3300/0 1 ==== mon_map magic: 0 v1 ==== 214+0+0 (secure 0 0 0) 0x7f9b54031e50 con 0x7f9b64071820
2026-03-09T20:42:30.603 INFO:teuthology.orchestra.run.vm07.stdout:/usr/bin/ceph: stderr
2026-03-09T20:42:30.426+0000 7f9b61ffb640 1 -- 192.168.123.107:0/3237620851 <== mon.0 v2:192.168.123.107:3300/0 2 ==== config(27 keys) v1 ==== 1041+0+0 (secure 0 0 0) 0x7f9b54035070 con 0x7f9b64071820
2026-03-09T20:42:30.603 INFO:teuthology.orchestra.run.vm07.stdout:/usr/bin/ceph: stderr
2026-03-09T20:42:30.426+0000 7f9b63fff640 1 -- 192.168.123.107:0/3237620851 >> [v2:192.168.123.107:3300/0,v1:192.168.123.107:6789/0] conn(0x7f9b64071820 msgr2=0x7f9b64071c20 secure :-1 s=STATE_CONNECTION_ESTABLISHED l=1).mark_down
2026-03-09T20:42:30.603 INFO:teuthology.orchestra.run.vm07.stdout:/usr/bin/ceph: stderr
2026-03-09T20:42:30.426+0000 7f9b63fff640 1 --2- 192.168.123.107:0/3237620851 >> [v2:192.168.123.107:3300/0,v1:192.168.123.107:6789/0] conn(0x7f9b64071820 0x7f9b64071c20 secure :-1 s=READY pgs=24 cs=0 l=1 rev1=1 crypto rx=0x7f9b540089a0 tx=0x7f9b54031440 comp rx=0 tx=0).stop
2026-03-09T20:42:30.603 INFO:teuthology.orchestra.run.vm07.stdout:/usr/bin/ceph: stderr
2026-03-09T20:42:30.426+0000 7f9b63fff640 1 -- 192.168.123.107:0/3237620851 shutdown_connections
2026-03-09T20:42:30.603 INFO:teuthology.orchestra.run.vm07.stdout:/usr/bin/ceph: stderr
2026-03-09T20:42:30.426+0000 7f9b63fff640 1 --2- 192.168.123.107:0/3237620851 >> [v2:192.168.123.107:3300/0,v1:192.168.123.107:6789/0] conn(0x7f9b64071820 0x7f9b64071c20 unknown :-1 s=CLOSED pgs=24 cs=0 l=1 rev1=1 crypto rx=0 tx=0 comp rx=0 tx=0).stop
2026-03-09T20:42:30.603 INFO:teuthology.orchestra.run.vm07.stdout:/usr/bin/ceph: stderr
2026-03-09T20:42:30.426+0000 7f9b63fff640 1 -- 192.168.123.107:0/3237620851 >> 192.168.123.107:0/3237620851 conn(0x7f9b6406d060 msgr2=0x7f9b6406f480 unknown :-1 s=STATE_NONE l=0).mark_down
2026-03-09T20:42:30.603 INFO:teuthology.orchestra.run.vm07.stdout:/usr/bin/ceph: stderr
2026-03-09T20:42:30.426+0000 7f9b63fff640 1 -- 192.168.123.107:0/3237620851 shutdown_connections
2026-03-09T20:42:30.603 INFO:teuthology.orchestra.run.vm07.stdout:/usr/bin/ceph: stderr
2026-03-09T20:42:30.426+0000 7f9b63fff640 1 -- 192.168.123.107:0/3237620851 wait complete.
2026-03-09T20:42:30.603 INFO:teuthology.orchestra.run.vm07.stdout:/usr/bin/ceph: stderr
2026-03-09T20:42:30.427+0000 7f9b63fff640 1 Processor -- start
2026-03-09T20:42:30.603 INFO:teuthology.orchestra.run.vm07.stdout:/usr/bin/ceph: stderr
2026-03-09T20:42:30.427+0000 7f9b63fff640 1 -- start start
2026-03-09T20:42:30.603 INFO:teuthology.orchestra.run.vm07.stdout:/usr/bin/ceph: stderr
2026-03-09T20:42:30.427+0000 7f9b63fff640 1 --2- >> [v2:192.168.123.107:3300/0,v1:192.168.123.107:6789/0] conn(0x7f9b641a2440 0x7f9b641a2860 unknown :-1 s=NONE pgs=0 cs=0 l=1 rev1=0 crypto rx=0 tx=0 comp rx=0 tx=0).connect
2026-03-09T20:42:30.603 INFO:teuthology.orchestra.run.vm07.stdout:/usr/bin/ceph: stderr
2026-03-09T20:42:30.427+0000 7f9b63fff640 1 -- --> [v2:192.168.123.107:3300/0,v1:192.168.123.107:6789/0] -- mon_getmap magic: 0 v1 -- 0x7f9b5403b720 con 0x7f9b641a2440
2026-03-09T20:42:30.603 INFO:teuthology.orchestra.run.vm07.stdout:/usr/bin/ceph: stderr
2026-03-09T20:42:30.428+0000 7f9b62ffd640 1 --2- >> [v2:192.168.123.107:3300/0,v1:192.168.123.107:6789/0] conn(0x7f9b641a2440 0x7f9b641a2860 unknown :-1 s=BANNER_CONNECTING pgs=0 cs=0 l=1 rev1=0 crypto rx=0 tx=0 comp rx=0 tx=0)._handle_peer_banner_payload supported=3 required=0
2026-03-09T20:42:30.603 INFO:teuthology.orchestra.run.vm07.stdout:/usr/bin/ceph: stderr
2026-03-09T20:42:30.428+0000 7f9b62ffd640 1 --2- >> [v2:192.168.123.107:3300/0,v1:192.168.123.107:6789/0] conn(0x7f9b641a2440 0x7f9b641a2860 unknown :-1 s=HELLO_CONNECTING pgs=0 cs=0 l=1 rev1=1 crypto rx=0 tx=0 comp rx=0 tx=0).handle_hello peer v2:192.168.123.107:3300/0 says I am v2:192.168.123.107:38656/0 (socket says 192.168.123.107:38656)
2026-03-09T20:42:30.603 INFO:teuthology.orchestra.run.vm07.stdout:/usr/bin/ceph: stderr
2026-03-09T20:42:30.428+0000 7f9b62ffd640 1 -- 192.168.123.107:0/3766690660 learned_addr learned my addr 192.168.123.107:0/3766690660 (peer_addr_for_me v2:192.168.123.107:0/0)
2026-03-09T20:42:30.603 INFO:teuthology.orchestra.run.vm07.stdout:/usr/bin/ceph: stderr
2026-03-09T20:42:30.428+0000 7f9b62ffd640 1 -- 192.168.123.107:0/3766690660 --> [v2:192.168.123.107:3300/0,v1:192.168.123.107:6789/0] -- mon_subscribe({config=0+,monmap=0+}) v3 -- 0x7f9b54008650 con 0x7f9b641a2440
2026-03-09T20:42:30.604 INFO:teuthology.orchestra.run.vm07.stdout:/usr/bin/ceph: stderr
2026-03-09T20:42:30.428+0000 7f9b62ffd640 1 --2- 192.168.123.107:0/3766690660 >> [v2:192.168.123.107:3300/0,v1:192.168.123.107:6789/0] conn(0x7f9b641a2440 0x7f9b641a2860 secure :-1 s=READY pgs=25 cs=0 l=1 rev1=1 crypto rx=0x7f9b54008970 tx=0x7f9b54008c70 comp rx=0 tx=0).ready entity=mon.0 client_cookie=0 server_cookie=0 in_seq=0 out_seq=0
2026-03-09T20:42:30.604 INFO:teuthology.orchestra.run.vm07.stdout:/usr/bin/ceph: stderr
2026-03-09T20:42:30.430+0000 7f9b689da640 1 -- 192.168.123.107:0/3766690660 <== mon.0 v2:192.168.123.107:3300/0 1 ==== mon_map magic: 0 v1 ==== 214+0+0 (secure 0 0 0) 0x7f9b5403c480 con 0x7f9b641a2440
2026-03-09T20:42:30.604 INFO:teuthology.orchestra.run.vm07.stdout:/usr/bin/ceph: stderr
2026-03-09T20:42:30.430+0000 7f9b63fff640 1 -- 192.168.123.107:0/3766690660 --> [v2:192.168.123.107:3300/0,v1:192.168.123.107:6789/0] -- mon_subscribe({mgrmap=0+}) v3 -- 0x7f9b641a2da0 con 0x7f9b641a2440
2026-03-09T20:42:30.604 INFO:teuthology.orchestra.run.vm07.stdout:/usr/bin/ceph: stderr
2026-03-09T20:42:30.430+0000 7f9b63fff640 1 -- 192.168.123.107:0/3766690660 --> [v2:192.168.123.107:3300/0,v1:192.168.123.107:6789/0] -- mon_subscribe({osdmap=0}) v3 -- 0x7f9b641a3930 con 0x7f9b641a2440
2026-03-09T20:42:30.604 INFO:teuthology.orchestra.run.vm07.stdout:/usr/bin/ceph: stderr
2026-03-09T20:42:30.430+0000 7f9b689da640 1 -- 192.168.123.107:0/3766690660 <== mon.0 v2:192.168.123.107:3300/0 2 ==== config(27 keys) v1 ==== 1041+0+0 (secure 0 0 0) 0x7f9b54035040 con 0x7f9b641a2440
2026-03-09T20:42:30.604 INFO:teuthology.orchestra.run.vm07.stdout:/usr/bin/ceph: stderr
2026-03-09T20:42:30.430+0000 7f9b689da640 1 -- 192.168.123.107:0/3766690660 <== mon.0 v2:192.168.123.107:3300/0 3 ==== mon_map magic: 0 v1 ==== 214+0+0 (secure 0 0 0) 0x7f9b5400b5c0 con 0x7f9b641a2440
2026-03-09T20:42:30.604 INFO:teuthology.orchestra.run.vm07.stdout:/usr/bin/ceph: stderr
2026-03-09T20:42:30.431+0000 7f9b63fff640 1 -- 192.168.123.107:0/3766690660 --> [v2:192.168.123.107:3300/0,v1:192.168.123.107:6789/0] -- mon_command({"prefix": "get_command_descriptions"} v 0) v1 -- 0x7f9b30005350 con 0x7f9b641a2440
2026-03-09T20:42:30.604 INFO:teuthology.orchestra.run.vm07.stdout:/usr/bin/ceph: stderr
2026-03-09T20:42:30.431+0000 7f9b689da640 1 -- 192.168.123.107:0/3766690660 <== mon.0 v2:192.168.123.107:3300/0 4 ==== mgrmap(e 5) v1 ==== 49370+0+0 (secure 0 0 0) 0x7f9b5400b720 con 0x7f9b641a2440
2026-03-09T20:42:30.604 INFO:teuthology.orchestra.run.vm07.stdout:/usr/bin/ceph: stderr
2026-03-09T20:42:30.431+0000 7f9b689da640 1 --2- 192.168.123.107:0/3766690660 >> [v2:192.168.123.107:6800/1859043218,v1:192.168.123.107:6801/1859043218] conn(0x7f9b4403d260 0x7f9b4403f720 unknown :-1 s=NONE pgs=0 cs=0 l=1 rev1=0 crypto rx=0 tx=0 comp rx=0 tx=0).connect
2026-03-09T20:42:30.604 INFO:teuthology.orchestra.run.vm07.stdout:/usr/bin/ceph: stderr
2026-03-09T20:42:30.432+0000 7f9b627fc640 1 -- 192.168.123.107:0/3766690660 >> [v2:192.168.123.107:6800/1859043218,v1:192.168.123.107:6801/1859043218] conn(0x7f9b4403d260 msgr2=0x7f9b4403f720 unknown :-1 s=STATE_CONNECTING_RE l=1).process reconnect failed to v2:192.168.123.107:6800/1859043218
2026-03-09T20:42:30.604 INFO:teuthology.orchestra.run.vm07.stdout:/usr/bin/ceph: stderr
2026-03-09T20:42:30.432+0000 7f9b627fc640 1 --2- 192.168.123.107:0/3766690660 >> [v2:192.168.123.107:6800/1859043218,v1:192.168.123.107:6801/1859043218] conn(0x7f9b4403d260 0x7f9b4403f720 unknown :-1 s=START_CONNECT pgs=0 cs=0 l=1 rev1=0 crypto rx=0 tx=0 comp rx=0 tx=0)._fault waiting 0.200000
2026-03-09T20:42:30.604 INFO:teuthology.orchestra.run.vm07.stdout:/usr/bin/ceph: stderr
2026-03-09T20:42:30.432+0000 7f9b689da640 1 -- 192.168.123.107:0/3766690660 <== mon.0 v2:192.168.123.107:3300/0 5 ==== osd_map(1..1 src has 1..1) v4 ==== 725+0+0 (secure 0 0 0) 0x7f9b54037070 con 0x7f9b641a2440
2026-03-09T20:42:30.604 INFO:teuthology.orchestra.run.vm07.stdout:/usr/bin/ceph: stderr
2026-03-09T20:42:30.434+0000 7f9b689da640 1 -- 192.168.123.107:0/3766690660 <== mon.0 v2:192.168.123.107:3300/0 6 ==== mon_command_ack([{"prefix": "get_command_descriptions"}]=0 v0) v1 ==== 72+0+186382 (secure 0 0 0) 0x7f9b5403cc60 con 0x7f9b641a2440
2026-03-09T20:42:30.604 INFO:teuthology.orchestra.run.vm07.stdout:/usr/bin/ceph: stderr
2026-03-09T20:42:30.540+0000 7f9b63fff640 1 -- 192.168.123.107:0/3766690660 --> [v2:192.168.123.107:3300/0,v1:192.168.123.107:6789/0] -- mon_command({"prefix": "mgr stat"} v 0) v1 -- 0x7f9b300058d0 con 0x7f9b641a2440
2026-03-09T20:42:30.604 INFO:teuthology.orchestra.run.vm07.stdout:/usr/bin/ceph: stderr
2026-03-09T20:42:30.543+0000 7f9b689da640 1 -- 192.168.123.107:0/3766690660 <== mon.0 v2:192.168.123.107:3300/0 7 ==== mon_command_ack([{"prefix": "mgr stat"}]=0 v5) v1 ==== 56+0+98 (secure 0 0 0) 0x7f9b54042070 con 0x7f9b641a2440
2026-03-09T20:42:30.604 INFO:teuthology.orchestra.run.vm07.stdout:/usr/bin/ceph: stderr
2026-03-09T20:42:30.550+0000 7f9b427fc640 1 -- 192.168.123.107:0/3766690660 >> [v2:192.168.123.107:6800/1859043218,v1:192.168.123.107:6801/1859043218] conn(0x7f9b4403d260 msgr2=0x7f9b4403f720 unknown :-1 s=STATE_CONNECTING l=1).mark_down
2026-03-09T20:42:30.604 INFO:teuthology.orchestra.run.vm07.stdout:/usr/bin/ceph: stderr
2026-03-09T20:42:30.550+0000 7f9b427fc640 1 --2- 192.168.123.107:0/3766690660 >> [v2:192.168.123.107:6800/1859043218,v1:192.168.123.107:6801/1859043218] conn(0x7f9b4403d260 0x7f9b4403f720 unknown :-1 s=START_CONNECT pgs=0 cs=0 l=1 rev1=0 crypto rx=0 tx=0 comp rx=0 tx=0).stop
2026-03-09T20:42:30.604 INFO:teuthology.orchestra.run.vm07.stdout:/usr/bin/ceph: stderr
2026-03-09T20:42:30.550+0000 7f9b427fc640 1 -- 192.168.123.107:0/3766690660 >> [v2:192.168.123.107:3300/0,v1:192.168.123.107:6789/0] conn(0x7f9b641a2440 msgr2=0x7f9b641a2860 secure :-1 s=STATE_CONNECTION_ESTABLISHED l=1).mark_down
2026-03-09T20:42:30.604 INFO:teuthology.orchestra.run.vm07.stdout:/usr/bin/ceph: stderr
2026-03-09T20:42:30.550+0000 7f9b427fc640 1 --2- 192.168.123.107:0/3766690660 >> [v2:192.168.123.107:3300/0,v1:192.168.123.107:6789/0] conn(0x7f9b641a2440 0x7f9b641a2860 secure :-1 s=READY pgs=25 cs=0 l=1 rev1=1 crypto rx=0x7f9b54008970 tx=0x7f9b54008c70 comp rx=0 tx=0).stop
2026-03-09T20:42:30.604 INFO:teuthology.orchestra.run.vm07.stdout:/usr/bin/ceph: stderr
2026-03-09T20:42:30.550+0000 7f9b427fc640 1 -- 192.168.123.107:0/3766690660 shutdown_connections
2026-03-09T20:42:30.604 INFO:teuthology.orchestra.run.vm07.stdout:/usr/bin/ceph: stderr
2026-03-09T20:42:30.550+0000 7f9b427fc640 1 --2- 192.168.123.107:0/3766690660 >> [v2:192.168.123.107:6800/1859043218,v1:192.168.123.107:6801/1859043218] conn(0x7f9b4403d260 0x7f9b4403f720 unknown :-1 s=CLOSED pgs=0 cs=0 l=1 rev1=0 crypto rx=0 tx=0 comp rx=0 tx=0).stop
2026-03-09T20:42:30.604 INFO:teuthology.orchestra.run.vm07.stdout:/usr/bin/ceph: stderr
2026-03-09T20:42:30.550+0000 7f9b427fc640 1 --2- 192.168.123.107:0/3766690660 >> [v2:192.168.123.107:3300/0,v1:192.168.123.107:6789/0] conn(0x7f9b641a2440 0x7f9b641a2860 unknown :-1 s=CLOSED pgs=25 cs=0 l=1 rev1=1 crypto rx=0 tx=0 comp rx=0 tx=0).stop
2026-03-09T20:42:30.604 INFO:teuthology.orchestra.run.vm07.stdout:/usr/bin/ceph: stderr
2026-03-09T20:42:30.550+0000 7f9b427fc640 1 -- 192.168.123.107:0/3766690660 >> 192.168.123.107:0/3766690660 conn(0x7f9b6406d060 msgr2=0x7f9b6406e8f0 unknown :-1 s=STATE_NONE l=0).mark_down
2026-03-09T20:42:30.604 INFO:teuthology.orchestra.run.vm07.stdout:/usr/bin/ceph: stderr
2026-03-09T20:42:30.551+0000 7f9b427fc640 1 -- 192.168.123.107:0/3766690660 shutdown_connections
2026-03-09T20:42:30.604 INFO:teuthology.orchestra.run.vm07.stdout:/usr/bin/ceph: stderr
2026-03-09T20:42:30.551+0000 7f9b427fc640 1 -- 192.168.123.107:0/3766690660 wait complete.
2026-03-09T20:42:30.604 INFO:teuthology.orchestra.run.vm07.stdout:Waiting for the mgr to restart...
2026-03-09T20:42:30.604 INFO:teuthology.orchestra.run.vm07.stdout:Waiting for mgr epoch 5...
2026-03-09T20:42:31.383 INFO:journalctl@ceph.mon.vm07.vm07.stdout:Mar 09 20:42:31 vm07 ceph-mon[49120]: from='client.? 192.168.123.107:0/1105024482' entity='client.admin' cmd='[{"prefix": "mgr module enable", "module": "cephadm"}]': finished
2026-03-09T20:42:31.383 INFO:journalctl@ceph.mon.vm07.vm07.stdout:Mar 09 20:42:31 vm07 ceph-mon[49120]: mgrmap e5: vm07.xjrvch(active, since 3s)
2026-03-09T20:42:31.383 INFO:journalctl@ceph.mon.vm07.vm07.stdout:Mar 09 20:42:31 vm07 ceph-mon[49120]: from='client.? 192.168.123.107:0/3766690660' entity='client.admin' cmd=[{"prefix": "mgr stat"}]: dispatch
2026-03-09T20:42:33.383 INFO:journalctl@ceph.mon.vm07.vm07.stdout:Mar 09 20:42:33 vm07 ceph-mon[49120]: Active manager daemon vm07.xjrvch restarted
2026-03-09T20:42:33.384 INFO:journalctl@ceph.mon.vm07.vm07.stdout:Mar 09 20:42:33 vm07 ceph-mon[49120]: Activating manager daemon vm07.xjrvch
2026-03-09T20:42:33.384 INFO:journalctl@ceph.mon.vm07.vm07.stdout:Mar 09 20:42:33 vm07 ceph-mon[49120]: osdmap e2: 0 total, 0 up, 0 in
2026-03-09T20:42:33.384 INFO:journalctl@ceph.mon.vm07.vm07.stdout:Mar 09 20:42:33 vm07 ceph-mon[49120]: mgrmap e6: vm07.xjrvch(active, starting, since 0.00553565s)
2026-03-09T20:42:33.384 INFO:journalctl@ceph.mon.vm07.vm07.stdout:Mar 09 20:42:33 vm07 ceph-mon[49120]: from='mgr.14118 192.168.123.107:0/1039749675' entity='mgr.vm07.xjrvch' cmd=[{"prefix": "mon metadata", "id": "vm07"}]: dispatch
2026-03-09T20:42:33.384 INFO:journalctl@ceph.mon.vm07.vm07.stdout:Mar 09 20:42:33 vm07 ceph-mon[49120]: from='mgr.14118 192.168.123.107:0/1039749675' entity='mgr.vm07.xjrvch' cmd=[{"prefix": "mgr metadata", "who": "vm07.xjrvch", "id": "vm07.xjrvch"}]: dispatch
2026-03-09T20:42:33.384 INFO:journalctl@ceph.mon.vm07.vm07.stdout:Mar 09 20:42:33 vm07 ceph-mon[49120]: from='mgr.14118 192.168.123.107:0/1039749675' entity='mgr.vm07.xjrvch' cmd=[{"prefix": "mds metadata"}]: dispatch
2026-03-09T20:42:33.384 INFO:journalctl@ceph.mon.vm07.vm07.stdout:Mar 09 20:42:33 vm07 ceph-mon[49120]: from='mgr.14118 192.168.123.107:0/1039749675' entity='mgr.vm07.xjrvch' cmd=[{"prefix": "osd metadata"}]: dispatch
2026-03-09T20:42:33.384 INFO:journalctl@ceph.mon.vm07.vm07.stdout:Mar 09 20:42:33 vm07 ceph-mon[49120]: from='mgr.14118 192.168.123.107:0/1039749675' entity='mgr.vm07.xjrvch' cmd=[{"prefix": "mon metadata"}]: dispatch
2026-03-09T20:42:33.384 INFO:journalctl@ceph.mon.vm07.vm07.stdout:Mar 09 20:42:33 vm07 ceph-mon[49120]: Manager daemon vm07.xjrvch is now available
2026-03-09T20:42:33.384 INFO:journalctl@ceph.mon.vm07.vm07.stdout:Mar 09 20:42:33 vm07 ceph-mon[49120]: from='mgr.14118 192.168.123.107:0/1039749675' entity='mgr.vm07.xjrvch'
2026-03-09T20:42:33.384 INFO:journalctl@ceph.mon.vm07.vm07.stdout:Mar 09 20:42:33 vm07 ceph-mon[49120]: from='mgr.14118 192.168.123.107:0/1039749675' entity='mgr.vm07.xjrvch'
2026-03-09T20:42:33.384 INFO:journalctl@ceph.mon.vm07.vm07.stdout:Mar 09 20:42:33 vm07 ceph-mon[49120]: from='mgr.14118 192.168.123.107:0/1039749675' entity='mgr.vm07.xjrvch' cmd=[{"prefix": "config dump", "format": "json"}]: dispatch
2026-03-09T20:42:33.384 INFO:journalctl@ceph.mon.vm07.vm07.stdout:Mar 09 20:42:33 vm07 ceph-mon[49120]: from='mgr.14118 192.168.123.107:0/1039749675' entity='mgr.vm07.xjrvch' cmd=[{"prefix": "config dump", "format": "json"}]: dispatch
2026-03-09T20:42:33.384 INFO:journalctl@ceph.mon.vm07.vm07.stdout:Mar 09 20:42:33 vm07 ceph-mon[49120]: from='mgr.14118 192.168.123.107:0/1039749675' entity='mgr.vm07.xjrvch' cmd=[{"prefix":"config rm","who":"mgr","name":"mgr/rbd_support/vm07.xjrvch/mirror_snapshot_schedule"}]: dispatch
2026-03-09T20:42:34.224 INFO:teuthology.orchestra.run.vm07.stdout:/usr/bin/ceph: stdout {
2026-03-09T20:42:34.224 INFO:teuthology.orchestra.run.vm07.stdout:/usr/bin/ceph: stdout "mgrmap_epoch": 7,
2026-03-09T20:42:34.224 INFO:teuthology.orchestra.run.vm07.stdout:/usr/bin/ceph: stdout "initialized": true
2026-03-09T20:42:34.224 INFO:teuthology.orchestra.run.vm07.stdout:/usr/bin/ceph: stdout }
2026-03-09T20:42:34.224 INFO:teuthology.orchestra.run.vm07.stdout:/usr/bin/ceph: stderr
2026-03-09T20:42:30.719+0000 7f476ffff640 1 Processor -- start
2026-03-09T20:42:34.224 INFO:teuthology.orchestra.run.vm07.stdout:/usr/bin/ceph: stderr
2026-03-09T20:42:30.719+0000 7f476ffff640 1 -- start start
2026-03-09T20:42:34.224 INFO:teuthology.orchestra.run.vm07.stdout:/usr/bin/ceph: stderr
2026-03-09T20:42:30.719+0000 7f476ffff640 1 --2- >> [v2:192.168.123.107:3300/0,v1:192.168.123.107:6789/0] conn(0x7f47680a48d0 0x7f47680a4cd0 unknown :-1 s=NONE pgs=0 cs=0 l=0 rev1=0 crypto rx=0 tx=0 comp rx=0 tx=0).connect
2026-03-09T20:42:34.224 INFO:teuthology.orchestra.run.vm07.stdout:/usr/bin/ceph: stderr
2026-03-09T20:42:30.719+0000 7f476ffff640 1 -- --> [v2:192.168.123.107:3300/0,v1:192.168.123.107:6789/0] -- mon_getmap magic: 0 v1 -- 0x7f47680a52a0 con 0x7f47680a48d0
2026-03-09T20:42:34.224 INFO:teuthology.orchestra.run.vm07.stdout:/usr/bin/ceph: stderr
2026-03-09T20:42:30.719+0000 7f476effd640 1 --2- >> [v2:192.168.123.107:3300/0,v1:192.168.123.107:6789/0] conn(0x7f47680a48d0 0x7f47680a4cd0 unknown :-1 s=BANNER_CONNECTING pgs=0 cs=0 l=0 rev1=0 crypto rx=0 tx=0 comp rx=0 tx=0)._handle_peer_banner_payload supported=3 required=0
2026-03-09T20:42:34.224 INFO:teuthology.orchestra.run.vm07.stdout:/usr/bin/ceph: stderr
2026-03-09T20:42:30.719+0000 7f476effd640 1 --2- >> [v2:192.168.123.107:3300/0,v1:192.168.123.107:6789/0] conn(0x7f47680a48d0 0x7f47680a4cd0 unknown :-1 s=HELLO_CONNECTING pgs=0 cs=0 l=0 rev1=1 crypto rx=0 tx=0 comp rx=0 tx=0).handle_hello peer v2:192.168.123.107:3300/0 says I am v2:192.168.123.107:38666/0 (socket says 192.168.123.107:38666)
2026-03-09T20:42:34.224 INFO:teuthology.orchestra.run.vm07.stdout:/usr/bin/ceph: stderr
2026-03-09T20:42:30.719+0000 7f476effd640 1 -- 192.168.123.107:0/1991379993 learned_addr learned my addr 192.168.123.107:0/1991379993 (peer_addr_for_me v2:192.168.123.107:0/0)
2026-03-09T20:42:34.224 INFO:teuthology.orchestra.run.vm07.stdout:/usr/bin/ceph: stderr
2026-03-09T20:42:30.720+0000 7f476effd640 1 -- 192.168.123.107:0/1991379993 --> [v2:192.168.123.107:3300/0,v1:192.168.123.107:6789/0] -- mon_subscribe({config=0+,monmap=0+}) v3 -- 0x7f47680a5ad0 con 0x7f47680a48d0
2026-03-09T20:42:34.224 INFO:teuthology.orchestra.run.vm07.stdout:/usr/bin/ceph: stderr
2026-03-09T20:42:30.720+0000 7f476effd640 1 --2- 192.168.123.107:0/1991379993 >> [v2:192.168.123.107:3300/0,v1:192.168.123.107:6789/0] conn(0x7f47680a48d0 0x7f47680a4cd0 secure :-1 s=READY pgs=26 cs=0 l=1 rev1=1 crypto rx=0x7f47600089a0 tx=0x7f4760031440 comp rx=0 tx=0).ready entity=mon.0 client_cookie=4113b7e6e6cf657a server_cookie=0 in_seq=0 out_seq=0
2026-03-09T20:42:34.224 INFO:teuthology.orchestra.run.vm07.stdout:/usr/bin/ceph: stderr
2026-03-09T20:42:30.721+0000 7f476dffb640 1 -- 192.168.123.107:0/1991379993 <== mon.0 v2:192.168.123.107:3300/0 1 ==== mon_map magic: 0 v1 ==== 214+0+0 (secure 0 0 0) 0x7f4760031e50 con 0x7f47680a48d0
2026-03-09T20:42:34.224 INFO:teuthology.orchestra.run.vm07.stdout:/usr/bin/ceph: stderr
2026-03-09T20:42:30.721+0000 7f476dffb640 1 -- 192.168.123.107:0/1991379993 <== mon.0 v2:192.168.123.107:3300/0 2 ==== config(27 keys) v1 ==== 1041+0+0 (secure 0 0 0) 0x7f4760035070 con 0x7f47680a48d0
2026-03-09T20:42:34.224 INFO:teuthology.orchestra.run.vm07.stdout:/usr/bin/ceph: stderr
2026-03-09T20:42:30.721+0000 7f476ffff640 1 -- 192.168.123.107:0/1991379993 >> [v2:192.168.123.107:3300/0,v1:192.168.123.107:6789/0] conn(0x7f47680a48d0 msgr2=0x7f47680a4cd0 secure :-1 s=STATE_CONNECTION_ESTABLISHED l=1).mark_down
2026-03-09T20:42:34.224 INFO:teuthology.orchestra.run.vm07.stdout:/usr/bin/ceph: stderr
2026-03-09T20:42:30.721+0000 7f476ffff640 1 --2- 192.168.123.107:0/1991379993 >> [v2:192.168.123.107:3300/0,v1:192.168.123.107:6789/0] conn(0x7f47680a48d0 0x7f47680a4cd0 secure :-1 s=READY pgs=26 cs=0 l=1 rev1=1 crypto rx=0x7f47600089a0 tx=0x7f4760031440 comp rx=0 tx=0).stop
2026-03-09T20:42:34.224 INFO:teuthology.orchestra.run.vm07.stdout:/usr/bin/ceph: stderr
2026-03-09T20:42:30.721+0000 7f476ffff640 1 -- 192.168.123.107:0/1991379993 shutdown_connections
2026-03-09T20:42:34.224 INFO:teuthology.orchestra.run.vm07.stdout:/usr/bin/ceph: stderr
2026-03-09T20:42:30.721+0000 7f476ffff640 1 --2- 192.168.123.107:0/1991379993 >> [v2:192.168.123.107:3300/0,v1:192.168.123.107:6789/0] conn(0x7f47680a48d0 0x7f47680a4cd0 unknown :-1 s=CLOSED pgs=26 cs=0 l=1 rev1=1 crypto rx=0 tx=0 comp rx=0 tx=0).stop
2026-03-09T20:42:34.224 INFO:teuthology.orchestra.run.vm07.stdout:/usr/bin/ceph: stderr
2026-03-09T20:42:30.721+0000 7f476ffff640 1 -- 192.168.123.107:0/1991379993 >> 192.168.123.107:0/1991379993 conn(0x7f476809fbe0 msgr2=0x7f47680a2040 unknown :-1 s=STATE_NONE l=0).mark_down
2026-03-09T20:42:34.224 INFO:teuthology.orchestra.run.vm07.stdout:/usr/bin/ceph: stderr
2026-03-09T20:42:30.721+0000 7f476ffff640 1 -- 192.168.123.107:0/1991379993 shutdown_connections
2026-03-09T20:42:34.224 INFO:teuthology.orchestra.run.vm07.stdout:/usr/bin/ceph: stderr
2026-03-09T20:42:30.721+0000 7f476ffff640 1 -- 192.168.123.107:0/1991379993 wait complete.
2026-03-09T20:42:34.224 INFO:teuthology.orchestra.run.vm07.stdout:/usr/bin/ceph: stderr
2026-03-09T20:42:30.722+0000 7f476ffff640 1 Processor -- start
2026-03-09T20:42:34.224 INFO:teuthology.orchestra.run.vm07.stdout:/usr/bin/ceph: stderr
2026-03-09T20:42:30.722+0000 7f476ffff640 1 -- start start
2026-03-09T20:42:34.224 INFO:teuthology.orchestra.run.vm07.stdout:/usr/bin/ceph: stderr
2026-03-09T20:42:30.722+0000 7f476ffff640 1 --2- >> [v2:192.168.123.107:3300/0,v1:192.168.123.107:6789/0] conn(0x7f4768142d90 0x7f47681431b0 unknown :-1 s=NONE pgs=0 cs=0 l=1 rev1=0 crypto rx=0 tx=0 comp rx=0 tx=0).connect
2026-03-09T20:42:34.224 INFO:teuthology.orchestra.run.vm07.stdout:/usr/bin/ceph: stderr
2026-03-09T20:42:30.722+0000 7f476ffff640 1 -- --> [v2:192.168.123.107:3300/0,v1:192.168.123.107:6789/0] -- mon_getmap magic: 0 v1 -- 0x7f476003b720 con 0x7f4768142d90
2026-03-09T20:42:34.224 INFO:teuthology.orchestra.run.vm07.stdout:/usr/bin/ceph: stderr
2026-03-09T20:42:30.723+0000 7f476effd640 1 --2- >> [v2:192.168.123.107:3300/0,v1:192.168.123.107:6789/0] conn(0x7f4768142d90 0x7f47681431b0 unknown :-1 s=BANNER_CONNECTING pgs=0 cs=0 l=1 rev1=0 crypto rx=0 tx=0 comp rx=0 tx=0)._handle_peer_banner_payload supported=3 required=0
2026-03-09T20:42:34.224 INFO:teuthology.orchestra.run.vm07.stdout:/usr/bin/ceph: stderr
2026-03-09T20:42:30.723+0000 7f476effd640 1 --2- >> [v2:192.168.123.107:3300/0,v1:192.168.123.107:6789/0] conn(0x7f4768142d90 0x7f47681431b0 unknown :-1 s=HELLO_CONNECTING pgs=0 cs=0 l=1 rev1=1 crypto rx=0 tx=0 comp rx=0 tx=0).handle_hello peer v2:192.168.123.107:3300/0 says I am v2:192.168.123.107:38678/0 (socket says 192.168.123.107:38678)
2026-03-09T20:42:34.224 INFO:teuthology.orchestra.run.vm07.stdout:/usr/bin/ceph: stderr
2026-03-09T20:42:30.723+0000 7f476effd640 1 -- 192.168.123.107:0/3580831911 learned_addr learned my addr 192.168.123.107:0/3580831911 (peer_addr_for_me v2:192.168.123.107:0/0)
2026-03-09T20:42:34.224 INFO:teuthology.orchestra.run.vm07.stdout:/usr/bin/ceph: stderr
2026-03-09T20:42:30.723+0000 7f476effd640 1 -- 192.168.123.107:0/3580831911 --> [v2:192.168.123.107:3300/0,v1:192.168.123.107:6789/0] -- mon_subscribe({config=0+,monmap=0+}) v3 -- 0x7f4760008650 con 0x7f4768142d90
2026-03-09T20:42:34.224 INFO:teuthology.orchestra.run.vm07.stdout:/usr/bin/ceph: stderr
2026-03-09T20:42:30.723+0000 7f476effd640 1 --2- 192.168.123.107:0/3580831911 >> [v2:192.168.123.107:3300/0,v1:192.168.123.107:6789/0] conn(0x7f4768142d90 0x7f47681431b0 secure :-1 s=READY pgs=27 cs=0 l=1 rev1=1 crypto rx=0x7f4760008970 tx=0x7f4760008db0 comp rx=0 tx=0).ready entity=mon.0 client_cookie=0 server_cookie=0 in_seq=0 out_seq=0
2026-03-09T20:42:34.224 INFO:teuthology.orchestra.run.vm07.stdout:/usr/bin/ceph: stderr
2026-03-09T20:42:30.723+0000 7f474ffff640 1 -- 192.168.123.107:0/3580831911 <== mon.0 v2:192.168.123.107:3300/0 1 ==== mon_map magic: 0 v1 ==== 214+0+0 (secure 0 0 0) 0x7f476003c480 con 0x7f4768142d90
2026-03-09T20:42:34.224 INFO:teuthology.orchestra.run.vm07.stdout:/usr/bin/ceph: stderr
2026-03-09T20:42:30.723+0000 7f476ffff640 1 -- 192.168.123.107:0/3580831911 --> [v2:192.168.123.107:3300/0,v1:192.168.123.107:6789/0] -- mon_subscribe({mgrmap=0+}) v3 -- 0x7f47681436f0 con 0x7f4768142d90
2026-03-09T20:42:34.225 INFO:teuthology.orchestra.run.vm07.stdout:/usr/bin/ceph: stderr
2026-03-09T20:42:30.724+0000 7f476ffff640 1 -- 192.168.123.107:0/3580831911 --> [v2:192.168.123.107:3300/0,v1:192.168.123.107:6789/0] -- mon_subscribe({osdmap=0}) v3 -- 0x7f4768146290 con 0x7f4768142d90
2026-03-09T20:42:34.225 INFO:teuthology.orchestra.run.vm07.stdout:/usr/bin/ceph: stderr
2026-03-09T20:42:30.724+0000 7f474ffff640 1 -- 192.168.123.107:0/3580831911 <== mon.0 v2:192.168.123.107:3300/0 2 ==== config(27 keys) v1 ==== 1041+0+0 (secure 0 0 0) 0x7f4760035040 con 0x7f4768142d90
2026-03-09T20:42:34.225 INFO:teuthology.orchestra.run.vm07.stdout:/usr/bin/ceph: stderr
2026-03-09T20:42:30.724+0000 7f474ffff640 1 -- 192.168.123.107:0/3580831911 <== mon.0 v2:192.168.123.107:3300/0 3 ==== mon_map magic: 0 v1 ==== 214+0+0 (secure 0 0 0) 0x7f476000b580 con 0x7f4768142d90
2026-03-09T20:42:34.225 INFO:teuthology.orchestra.run.vm07.stdout:/usr/bin/ceph: stderr
2026-03-09T20:42:30.725+0000 7f474ffff640 1 -- 192.168.123.107:0/3580831911 <== mon.0 v2:192.168.123.107:3300/0 4 ==== mgrmap(e 5) v1 ==== 49370+0+0 (secure 0 0 0) 0x7f476000b6e0 con 0x7f4768142d90
2026-03-09T20:42:34.225 INFO:teuthology.orchestra.run.vm07.stdout:/usr/bin/ceph: stderr
2026-03-09T20:42:30.725+0000 7f474ffff640 1 --2- 192.168.123.107:0/3580831911 >> [v2:192.168.123.107:6800/1859043218,v1:192.168.123.107:6801/1859043218] conn(0x7f473803d230 0x7f473803f6f0 unknown :-1 s=NONE pgs=0 cs=0 l=1 rev1=0 crypto rx=0 tx=0 comp rx=0 tx=0).connect
2026-03-09T20:42:34.225 INFO:teuthology.orchestra.run.vm07.stdout:/usr/bin/ceph: stderr
2026-03-09T20:42:30.725+0000 7f476e7fc640 1 -- 192.168.123.107:0/3580831911 >> [v2:192.168.123.107:6800/1859043218,v1:192.168.123.107:6801/1859043218] conn(0x7f473803d230 msgr2=0x7f473803f6f0 unknown :-1 s=STATE_CONNECTING_RE l=1).process reconnect failed to v2:192.168.123.107:6800/1859043218
2026-03-09T20:42:34.225 INFO:teuthology.orchestra.run.vm07.stdout:/usr/bin/ceph: stderr
2026-03-09T20:42:30.725+0000 7f476e7fc640 1 --2- 192.168.123.107:0/3580831911 >> [v2:192.168.123.107:6800/1859043218,v1:192.168.123.107:6801/1859043218] conn(0x7f473803d230 0x7f473803f6f0 unknown :-1 s=START_CONNECT pgs=0 cs=0 l=1 rev1=0 crypto rx=0 tx=0 comp rx=0 tx=0)._fault waiting 0.200000
2026-03-09T20:42:34.225 INFO:teuthology.orchestra.run.vm07.stdout:/usr/bin/ceph: stderr
2026-03-09T20:42:30.725+0000 7f474ffff640 1 -- 192.168.123.107:0/3580831911 --> [v2:192.168.123.107:6800/1859043218,v1:192.168.123.107:6801/1859043218] -- command(tid 0: {"prefix": "get_command_descriptions"}) v1 -- 0x7f473803fe00 con 0x7f473803d230
2026-03-09T20:42:34.225 INFO:teuthology.orchestra.run.vm07.stdout:/usr/bin/ceph: stderr
2026-03-09T20:42:30.725+0000 7f474ffff640 1 -- 192.168.123.107:0/3580831911 <== mon.0 v2:192.168.123.107:3300/0 5 ==== osd_map(1..1 src has 1..1) v4 ==== 725+0+0 (secure 0 0 0) 0x7f4760037070 con 0x7f4768142d90
2026-03-09T20:42:34.225 INFO:teuthology.orchestra.run.vm07.stdout:/usr/bin/ceph: stderr
2026-03-09T20:42:30.925+0000 7f476e7fc640 1 -- 192.168.123.107:0/3580831911 >> [v2:192.168.123.107:6800/1859043218,v1:192.168.123.107:6801/1859043218] conn(0x7f473803d230 msgr2=0x7f473803f6f0 unknown :-1 s=STATE_CONNECTING_RE l=1).process reconnect failed to v2:192.168.123.107:6800/1859043218
2026-03-09T20:42:34.225 INFO:teuthology.orchestra.run.vm07.stdout:/usr/bin/ceph: stderr
2026-03-09T20:42:30.926+0000 7f476e7fc640 1 --2- 192.168.123.107:0/3580831911 >> [v2:192.168.123.107:6800/1859043218,v1:192.168.123.107:6801/1859043218] conn(0x7f473803d230 0x7f473803f6f0 unknown :-1 s=START_CONNECT pgs=0 cs=0 l=1 rev1=0 crypto rx=0 tx=0 comp rx=0 tx=0)._fault waiting 0.400000
2026-03-09T20:42:34.225 INFO:teuthology.orchestra.run.vm07.stdout:/usr/bin/ceph: stderr
2026-03-09T20:42:31.326+0000 7f476e7fc640 1 -- 192.168.123.107:0/3580831911 >> [v2:192.168.123.107:6800/1859043218,v1:192.168.123.107:6801/1859043218] conn(0x7f473803d230 msgr2=0x7f473803f6f0 unknown :-1 s=STATE_CONNECTING_RE l=1).process reconnect failed to v2:192.168.123.107:6800/1859043218
2026-03-09T20:42:34.225 INFO:teuthology.orchestra.run.vm07.stdout:/usr/bin/ceph: stderr
2026-03-09T20:42:31.326+0000 7f476e7fc640 1 --2- 192.168.123.107:0/3580831911 >> [v2:192.168.123.107:6800/1859043218,v1:192.168.123.107:6801/1859043218] conn(0x7f473803d230 0x7f473803f6f0 unknown :-1 s=START_CONNECT pgs=0 cs=0 l=1 rev1=0 crypto rx=0 tx=0 comp rx=0 tx=0)._fault waiting 0.800000
2026-03-09T20:42:34.225 INFO:teuthology.orchestra.run.vm07.stdout:/usr/bin/ceph: stderr
2026-03-09T20:42:32.127+0000 7f476e7fc640 1 -- 192.168.123.107:0/3580831911 >> [v2:192.168.123.107:6800/1859043218,v1:192.168.123.107:6801/1859043218] conn(0x7f473803d230 msgr2=0x7f473803f6f0 unknown :-1 s=STATE_CONNECTING_RE l=1).process reconnect failed to v2:192.168.123.107:6800/1859043218
2026-03-09T20:42:34.225 INFO:teuthology.orchestra.run.vm07.stdout:/usr/bin/ceph: stderr
2026-03-09T20:42:32.127+0000 7f476e7fc640 1 --2- 192.168.123.107:0/3580831911 >> [v2:192.168.123.107:6800/1859043218,v1:192.168.123.107:6801/1859043218] conn(0x7f473803d230 0x7f473803f6f0 unknown :-1 s=START_CONNECT pgs=0 cs=0 l=1 rev1=0 crypto rx=0 tx=0 comp rx=0 tx=0)._fault waiting 1.600000
2026-03-09T20:42:34.225 INFO:teuthology.orchestra.run.vm07.stdout:/usr/bin/ceph: stderr
2026-03-09T20:42:33.185+0000 7f474ffff640 1 -- 192.168.123.107:0/3580831911 <== mon.0 v2:192.168.123.107:3300/0 6 ==== mgrmap(e 6) v1 ==== 49137+0+0 (secure 0 0 0) 0x7f4760073860 con 0x7f4768142d90
2026-03-09T20:42:34.225 INFO:teuthology.orchestra.run.vm07.stdout:/usr/bin/ceph: stderr
2026-03-09T20:42:33.185+0000 7f474ffff640 1 -- 192.168.123.107:0/3580831911 >> [v2:192.168.123.107:6800/1859043218,v1:192.168.123.107:6801/1859043218] conn(0x7f473803d230 msgr2=0x7f473803f6f0 unknown :-1 s=STATE_CONNECTING l=1).mark_down
2026-03-09T20:42:34.225 INFO:teuthology.orchestra.run.vm07.stdout:/usr/bin/ceph: stderr
2026-03-09T20:42:33.185+0000 7f474ffff640 1 --2- 192.168.123.107:0/3580831911 >> [v2:192.168.123.107:6800/1859043218,v1:192.168.123.107:6801/1859043218] conn(0x7f473803d230 0x7f473803f6f0 unknown :-1 s=START_CONNECT pgs=0 cs=0 l=1 rev1=0 crypto rx=0 tx=0 comp rx=0 tx=0).stop
2026-03-09T20:42:34.225 INFO:teuthology.orchestra.run.vm07.stdout:/usr/bin/ceph: stderr
2026-03-09T20:42:34.187+0000 7f474ffff640 1 -- 192.168.123.107:0/3580831911 <== mon.0 v2:192.168.123.107:3300/0 7 ==== mgrmap(e 7) v1 ==== 49264+0+0 (secure 0 0 0) 0x7f4760043d30 con 0x7f4768142d90
2026-03-09T20:42:34.226 INFO:teuthology.orchestra.run.vm07.stdout:/usr/bin/ceph: stderr
2026-03-09T20:42:34.187+0000 7f474ffff640 1 --2- 192.168.123.107:0/3580831911 >> [v2:192.168.123.107:6800/810998986,v1:192.168.123.107:6801/810998986] conn(0x7f4738040b10 0x7f4738042f00 unknown :-1 s=NONE pgs=0 cs=0 l=1 rev1=0 crypto rx=0 tx=0 comp rx=0 tx=0).connect
2026-03-09T20:42:34.226 INFO:teuthology.orchestra.run.vm07.stdout:/usr/bin/ceph: stderr
2026-03-09T20:42:34.187+0000 7f474ffff640 1 -- 192.168.123.107:0/3580831911 --> [v2:192.168.123.107:6800/810998986,v1:192.168.123.107:6801/810998986] -- command(tid 0: {"prefix": "get_command_descriptions"}) v1 -- 0x7f473803fe00 con 0x7f4738040b10
2026-03-09T20:42:34.226 INFO:teuthology.orchestra.run.vm07.stdout:/usr/bin/ceph: stderr
2026-03-09T20:42:34.190+0000 7f476e7fc640 1 --2- 192.168.123.107:0/3580831911 >> [v2:192.168.123.107:6800/810998986,v1:192.168.123.107:6801/810998986] conn(0x7f4738040b10 0x7f4738042f00 unknown :-1 s=BANNER_CONNECTING pgs=0 cs=0 l=1 rev1=0 crypto rx=0 tx=0 comp rx=0 tx=0)._handle_peer_banner_payload supported=3 required=0
2026-03-09T20:42:34.226 INFO:teuthology.orchestra.run.vm07.stdout:/usr/bin/ceph: stderr
2026-03-09T20:42:34.190+0000 7f476e7fc640 1 --2- 192.168.123.107:0/3580831911 >> [v2:192.168.123.107:6800/810998986,v1:192.168.123.107:6801/810998986] conn(0x7f4738040b10 0x7f4738042f00 secure :-1 s=READY pgs=3 cs=0 l=1 rev1=1 crypto rx=0x7f4770066070 tx=0x7f4770069800 comp rx=0 tx=0).ready entity=mgr.14118 client_cookie=0 server_cookie=0 in_seq=0 out_seq=0
2026-03-09T20:42:34.226 INFO:teuthology.orchestra.run.vm07.stdout:/usr/bin/ceph: stderr
2026-03-09T20:42:34.191+0000 7f474ffff640 1 -- 192.168.123.107:0/3580831911 <== mgr.14118 v2:192.168.123.107:6800/810998986 1 ==== command_reply(tid 0: 0 ) v1 ==== 8+0+7759 (secure 0 0 0) 0x7f473803fe00 con 0x7f4738040b10
2026-03-09T20:42:34.226 INFO:teuthology.orchestra.run.vm07.stdout:/usr/bin/ceph: stderr
2026-03-09T20:42:34.194+0000 7f476ffff640 1 -- 192.168.123.107:0/3580831911 --> [v2:192.168.123.107:6800/810998986,v1:192.168.123.107:6801/810998986] -- command(tid 1: {"prefix": "mgr_status"}) v1 -- 0x7f47680a48d0 con 0x7f4738040b10
2026-03-09T20:42:34.226 INFO:teuthology.orchestra.run.vm07.stdout:/usr/bin/ceph: stderr
2026-03-09T20:42:34.194+0000 7f474ffff640 1 -- 192.168.123.107:0/3580831911 <== mgr.14118 v2:192.168.123.107:6800/810998986 2 ==== command_reply(tid 1: 0 ) v1 ==== 8+0+51 (secure 0 0 0) 0x7f47680a48d0 con 0x7f4738040b10
2026-03-09T20:42:34.226 INFO:teuthology.orchestra.run.vm07.stdout:/usr/bin/ceph: stderr
2026-03-09T20:42:34.194+0000 7f476ffff640 1 -- 192.168.123.107:0/3580831911 >> [v2:192.168.123.107:6800/810998986,v1:192.168.123.107:6801/810998986] conn(0x7f4738040b10 msgr2=0x7f4738042f00 secure :-1 s=STATE_CONNECTION_ESTABLISHED l=1).mark_down
2026-03-09T20:42:34.226 INFO:teuthology.orchestra.run.vm07.stdout:/usr/bin/ceph: stderr
2026-03-09T20:42:34.194+0000 7f476ffff640 1 --2- 192.168.123.107:0/3580831911 >> [v2:192.168.123.107:6800/810998986,v1:192.168.123.107:6801/810998986] conn(0x7f4738040b10 0x7f4738042f00 secure :-1 s=READY pgs=3 cs=0 l=1 rev1=1 crypto rx=0x7f4770066070 tx=0x7f4770069800 comp rx=0 tx=0).stop
2026-03-09T20:42:34.226 INFO:teuthology.orchestra.run.vm07.stdout:/usr/bin/ceph: stderr
2026-03-09T20:42:34.194+0000 7f476ffff640 1 -- 192.168.123.107:0/3580831911 >> [v2:192.168.123.107:3300/0,v1:192.168.123.107:6789/0] conn(0x7f4768142d90 msgr2=0x7f47681431b0 secure :-1 s=STATE_CONNECTION_ESTABLISHED l=1).mark_down
2026-03-09T20:42:34.226 INFO:teuthology.orchestra.run.vm07.stdout:/usr/bin/ceph: stderr
2026-03-09T20:42:34.194+0000 7f476ffff640 1 --2- 192.168.123.107:0/3580831911 >> [v2:192.168.123.107:3300/0,v1:192.168.123.107:6789/0] conn(0x7f4768142d90 0x7f47681431b0 secure :-1 s=READY pgs=27 cs=0 l=1 rev1=1 crypto rx=0x7f4760008970 tx=0x7f4760008db0 comp rx=0 tx=0).stop
2026-03-09T20:42:34.226 INFO:teuthology.orchestra.run.vm07.stdout:/usr/bin/ceph: stderr
2026-03-09T20:42:34.194+0000 7f476ffff640 1 -- 192.168.123.107:0/3580831911 shutdown_connections
2026-03-09T20:42:34.226 INFO:teuthology.orchestra.run.vm07.stdout:/usr/bin/ceph: stderr
2026-03-09T20:42:34.194+0000 7f476ffff640 1 --2- 192.168.123.107:0/3580831911 >> [v2:192.168.123.107:6800/810998986,v1:192.168.123.107:6801/810998986] conn(0x7f4738040b10 0x7f4738042f00 unknown :-1 s=CLOSED pgs=3 cs=0 l=1 rev1=1 crypto rx=0 tx=0 comp rx=0 tx=0).stop
2026-03-09T20:42:34.226 INFO:teuthology.orchestra.run.vm07.stdout:/usr/bin/ceph: stderr
2026-03-09T20:42:34.194+0000 7f476ffff640 1 --2- 192.168.123.107:0/3580831911 >> [v2:192.168.123.107:6800/1859043218,v1:192.168.123.107:6801/1859043218] conn(0x7f473803d230 0x7f473803f6f0 unknown :-1 s=CLOSED pgs=0 cs=0 l=1 rev1=0 crypto rx=0 tx=0 comp rx=0 tx=0).stop
2026-03-09T20:42:34.226 INFO:teuthology.orchestra.run.vm07.stdout:/usr/bin/ceph: stderr
2026-03-09T20:42:34.194+0000 7f476ffff640 1 --2- 192.168.123.107:0/3580831911 >> [v2:192.168.123.107:3300/0,v1:192.168.123.107:6789/0] conn(0x7f4768142d90 0x7f47681431b0 unknown :-1 s=CLOSED pgs=27 cs=0 l=1 rev1=1 crypto rx=0 tx=0 comp rx=0 tx=0).stop
2026-03-09T20:42:34.226 INFO:teuthology.orchestra.run.vm07.stdout:/usr/bin/ceph: stderr
2026-03-09T20:42:34.194+0000 7f476ffff640 1 -- 192.168.123.107:0/3580831911 >> 192.168.123.107:0/3580831911 conn(0x7f476809fbe0 msgr2=0x7f47680a04e0 unknown :-1 s=STATE_NONE l=0).mark_down
2026-03-09T20:42:34.226 INFO:teuthology.orchestra.run.vm07.stdout:/usr/bin/ceph: stderr
2026-03-09T20:42:34.194+0000 7f476ffff640 1 -- 192.168.123.107:0/3580831911 shutdown_connections
2026-03-09T20:42:34.226 INFO:teuthology.orchestra.run.vm07.stdout:/usr/bin/ceph: stderr
2026-03-09T20:42:34.194+0000 7f476ffff640 1 -- 192.168.123.107:0/3580831911 wait complete.
2026-03-09T20:42:34.226 INFO:teuthology.orchestra.run.vm07.stdout:mgr epoch 5 is available
2026-03-09T20:42:34.226 INFO:teuthology.orchestra.run.vm07.stdout:Setting orchestrator backend to cephadm...
2026-03-09T20:42:34.461 INFO:journalctl@ceph.mon.vm07.vm07.stdout:Mar 09 20:42:34 vm07 ceph-mon[49120]: Found migration_current of "None". Setting to last migration.
