2026-03-09T20:42:40.467 INFO:teuthology.orchestra.run.vm07.stdout:/usr/bin/ceph: stderr
2026-03-09T20:42:39.580+0000 7f04efa15640 1 -- 192.168.123.107:0/344573261 >> 192.168.123.107:0/344573261 conn(0x7f04e807b8c0 msgr2=0x7f04e81066a0 unknown :-1 s=STATE_NONE l=0).mark_down
2026-03-09T20:42:40.467 INFO:teuthology.orchestra.run.vm07.stdout:/usr/bin/ceph: stderr
2026-03-09T20:42:39.580+0000 7f04efa15640 1 -- 192.168.123.107:0/344573261 shutdown_connections
2026-03-09T20:42:40.467 INFO:teuthology.orchestra.run.vm07.stdout:/usr/bin/ceph: stderr
2026-03-09T20:42:39.580+0000 7f04efa15640 1 -- 192.168.123.107:0/344573261 wait complete.
2026-03-09T20:42:40.467 INFO:teuthology.orchestra.run.vm07.stdout:/usr/bin/ceph: stderr
2026-03-09T20:42:39.580+0000 7f04efa15640 1 Processor -- start
2026-03-09T20:42:40.467 INFO:teuthology.orchestra.run.vm07.stdout:/usr/bin/ceph: stderr
2026-03-09T20:42:39.580+0000 7f04efa15640 1 -- start start
2026-03-09T20:42:40.467 INFO:teuthology.orchestra.run.vm07.stdout:/usr/bin/ceph: stderr
2026-03-09T20:42:39.581+0000 7f04efa15640 1 --2- >> [v2:192.168.123.107:3300/0,v1:192.168.123.107:6789/0] conn(0x7f04e81082f0 0x7f04e819e3b0 unknown :-1 s=NONE pgs=0 cs=0 l=1 rev1=0 crypto rx=0 tx=0 comp rx=0 tx=0).connect
2026-03-09T20:42:40.467 INFO:teuthology.orchestra.run.vm07.stdout:/usr/bin/ceph: stderr
2026-03-09T20:42:39.581+0000 7f04efa15640 1 -- --> [v2:192.168.123.107:3300/0,v1:192.168.123.107:6789/0] -- mon_getmap magic: 0 v1 -- 0x7f04d00355e0 con 0x7f04e81082f0
2026-03-09T20:42:40.467 INFO:teuthology.orchestra.run.vm07.stdout:/usr/bin/ceph: stderr
2026-03-09T20:42:39.581+0000 7f04ed78a640 1 --2- >> [v2:192.168.123.107:3300/0,v1:192.168.123.107:6789/0] conn(0x7f04e81082f0 0x7f04e819e3b0 unknown :-1 s=BANNER_CONNECTING pgs=0 cs=0 l=1 rev1=0 crypto rx=0 tx=0 comp rx=0 tx=0)._handle_peer_banner_payload supported=3 required=0
2026-03-09T20:42:40.467 INFO:teuthology.orchestra.run.vm07.stdout:/usr/bin/ceph: stderr
2026-03-09T20:42:39.581+0000 7f04ed78a640 1 --2- >> [v2:192.168.123.107:3300/0,v1:192.168.123.107:6789/0] conn(0x7f04e81082f0 0x7f04e819e3b0 unknown :-1 s=HELLO_CONNECTING pgs=0 cs=0 l=1 rev1=1 crypto rx=0 tx=0 comp rx=0 tx=0).handle_hello peer v2:192.168.123.107:3300/0 says I am v2:192.168.123.107:35490/0 (socket says 192.168.123.107:35490)
2026-03-09T20:42:40.467 INFO:teuthology.orchestra.run.vm07.stdout:/usr/bin/ceph: stderr
2026-03-09T20:42:39.581+0000 7f04ed78a640 1 -- 192.168.123.107:0/2833011467 learned_addr learned my addr 192.168.123.107:0/2833011467 (peer_addr_for_me v2:192.168.123.107:0/0)
2026-03-09T20:42:40.467 INFO:teuthology.orchestra.run.vm07.stdout:/usr/bin/ceph: stderr
2026-03-09T20:42:39.581+0000 7f04ed78a640 1 -- 192.168.123.107:0/2833011467 --> [v2:192.168.123.107:3300/0,v1:192.168.123.107:6789/0] -- mon_subscribe({config=0+,monmap=0+}) v3 -- 0x7f04d00095d0 con 0x7f04e81082f0
2026-03-09T20:42:40.467 INFO:teuthology.orchestra.run.vm07.stdout:/usr/bin/ceph: stderr
2026-03-09T20:42:39.582+0000 7f04ed78a640 1 --2- 192.168.123.107:0/2833011467 >> [v2:192.168.123.107:3300/0,v1:192.168.123.107:6789/0] conn(0x7f04e81082f0 0x7f04e819e3b0 secure :-1 s=READY pgs=66 cs=0 l=1 rev1=1 crypto rx=0x7f04d002f6f0 tx=0x7f04d0037440 comp rx=0 tx=0).ready entity=mon.0 client_cookie=0 server_cookie=0 in_seq=0 out_seq=0
2026-03-09T20:42:40.467 INFO:teuthology.orchestra.run.vm07.stdout:/usr/bin/ceph: stderr
2026-03-09T20:42:39.582+0000 7f04de7fc640 1 -- 192.168.123.107:0/2833011467 <== mon.0 v2:192.168.123.107:3300/0 1 ==== mon_map magic: 0 v1 ==== 214+0+0 (secure 0 0 0) 0x7f04d0037900 con 0x7f04e81082f0
2026-03-09T20:42:40.467 INFO:teuthology.orchestra.run.vm07.stdout:/usr/bin/ceph: stderr
2026-03-09T20:42:39.582+0000 7f04de7fc640 1 -- 192.168.123.107:0/2833011467 <== mon.0 v2:192.168.123.107:3300/0 2 ==== config(27 keys) v1 ==== 1108+0+0 (secure 0 0 0) 0x7f04d0040450 con 0x7f04e81082f0
2026-03-09T20:42:40.467 INFO:teuthology.orchestra.run.vm07.stdout:/usr/bin/ceph: stderr
2026-03-09T20:42:39.582+0000 7f04de7fc640 1 -- 192.168.123.107:0/2833011467 <== mon.0 v2:192.168.123.107:3300/0 3 ==== mon_map magic: 0 v1 ==== 214+0+0 (secure 0 0 0) 0x7f04d003f4f0 con 0x7f04e81082f0
2026-03-09T20:42:40.467 INFO:teuthology.orchestra.run.vm07.stdout:/usr/bin/ceph: stderr
2026-03-09T20:42:39.582+0000 7f04efa15640 1 -- 192.168.123.107:0/2833011467 --> [v2:192.168.123.107:3300/0,v1:192.168.123.107:6789/0] -- mon_subscribe({mgrmap=0+}) v3 -- 0x7f04e819e8f0 con 0x7f04e81082f0
2026-03-09T20:42:40.467 INFO:teuthology.orchestra.run.vm07.stdout:/usr/bin/ceph: stderr
2026-03-09T20:42:39.583+0000 7f04efa15640 1 -- 192.168.123.107:0/2833011467 --> [v2:192.168.123.107:3300/0,v1:192.168.123.107:6789/0] -- mon_subscribe({osdmap=0}) v3 -- 0x7f04e819ed90 con 0x7f04e81082f0
2026-03-09T20:42:40.467 INFO:teuthology.orchestra.run.vm07.stdout:/usr/bin/ceph: stderr
2026-03-09T20:42:39.583+0000 7f04c7fff640 1 -- 192.168.123.107:0/2833011467 --> [v2:192.168.123.107:3300/0,v1:192.168.123.107:6789/0] -- mon_command({"prefix": "get_command_descriptions"} v 0) v1 -- 0x7f04e810cde0 con 0x7f04e81082f0
2026-03-09T20:42:40.467 INFO:teuthology.orchestra.run.vm07.stdout:/usr/bin/ceph: stderr
2026-03-09T20:42:39.585+0000 7f04de7fc640 1 -- 192.168.123.107:0/2833011467 <== mon.0 v2:192.168.123.107:3300/0 4 ==== mgrmap(e 8) v1 ==== 49370+0+0 (secure 0 0 0) 0x7f04d003e030 con 0x7f04e81082f0
2026-03-09T20:42:40.468 INFO:teuthology.orchestra.run.vm07.stdout:/usr/bin/ceph: stderr
2026-03-09T20:42:39.585+0000 7f04de7fc640 1 --2- 192.168.123.107:0/2833011467 >> [v2:192.168.123.107:6800/810998986,v1:192.168.123.107:6801/810998986] conn(0x7f04c003ce70 0x7f04c003f330 unknown :-1 s=NONE pgs=0 cs=0 l=1 rev1=0 crypto rx=0 tx=0 comp rx=0 tx=0).connect
2026-03-09T20:42:40.468 INFO:teuthology.orchestra.run.vm07.stdout:/usr/bin/ceph: stderr
2026-03-09T20:42:39.585+0000 7f04de7fc640 1 -- 192.168.123.107:0/2833011467 <== mon.0 v2:192.168.123.107:3300/0 5 ==== osd_map(2..2 src has 1..2) v4 ==== 940+0+0 (secure 0 0 0) 0x7f04d0075a00 con 0x7f04e81082f0
2026-03-09T20:42:40.468 INFO:teuthology.orchestra.run.vm07.stdout:/usr/bin/ceph: stderr
2026-03-09T20:42:39.586+0000 7f04de7fc640 1 -- 192.168.123.107:0/2833011467 <== mon.0 v2:192.168.123.107:3300/0 6 ==== mon_command_ack([{"prefix": "get_command_descriptions"}]=0 v0) v1 ==== 72+0+186382 (secure 0 0 0) 0x7f04d00474f0 con 0x7f04e81082f0
2026-03-09T20:42:40.468 INFO:teuthology.orchestra.run.vm07.stdout:/usr/bin/ceph: stderr
2026-03-09T20:42:39.586+0000 7f04ecf89640 1 --2- 192.168.123.107:0/2833011467 >> [v2:192.168.123.107:6800/810998986,v1:192.168.123.107:6801/810998986] conn(0x7f04c003ce70 0x7f04c003f330 unknown :-1 s=BANNER_CONNECTING pgs=0 cs=0 l=1 rev1=0 crypto rx=0 tx=0 comp rx=0 tx=0)._handle_peer_banner_payload supported=3 required=0
2026-03-09T20:42:40.468 INFO:teuthology.orchestra.run.vm07.stdout:/usr/bin/ceph: stderr
2026-03-09T20:42:39.587+0000 7f04ecf89640 1 --2- 192.168.123.107:0/2833011467 >> [v2:192.168.123.107:6800/810998986,v1:192.168.123.107:6801/810998986] conn(0x7f04c003ce70 0x7f04c003f330 secure :-1 s=READY pgs=22 cs=0 l=1 rev1=1 crypto rx=0x7f04d8009a10 tx=0x7f04d8006eb0 comp rx=0 tx=0).ready entity=mgr.14118 client_cookie=0 server_cookie=0 in_seq=0 out_seq=0
2026-03-09T20:42:40.468 INFO:teuthology.orchestra.run.vm07.stdout:/usr/bin/ceph: stderr
2026-03-09T20:42:39.694+0000 7f04c7fff640 1 -- 192.168.123.107:0/2833011467 --> [v2:192.168.123.107:3300/0,v1:192.168.123.107:6789/0] -- mon_command({"prefix": "mgr module enable", "module": "dashboard"} v 0) v1 -- 0x7f04e810c6c0 con 0x7f04e81082f0
2026-03-09T20:42:40.468 INFO:teuthology.orchestra.run.vm07.stdout:/usr/bin/ceph: stderr
2026-03-09T20:42:40.426+0000 7f04de7fc640 1 -- 192.168.123.107:0/2833011467 <== mon.0 v2:192.168.123.107:3300/0 7 ==== mon_command_ack([{"prefix": "mgr module enable", "module": "dashboard"}]=0 v9) v1 ==== 88+0+0 (secure 0 0 0) 0x7f04d003c020 con 0x7f04e81082f0
2026-03-09T20:42:40.468 INFO:teuthology.orchestra.run.vm07.stdout:/usr/bin/ceph: stderr
2026-03-09T20:42:40.428+0000 7f04de7fc640 1 -- 192.168.123.107:0/2833011467 <== mon.0 v2:192.168.123.107:3300/0 8 ==== mgrmap(e 9) v1 ==== 49383+0+0 (secure 0 0 0) 0x7f04d0074e70 con 0x7f04e81082f0
2026-03-09T20:42:40.468 INFO:teuthology.orchestra.run.vm07.stdout:/usr/bin/ceph: stderr
2026-03-09T20:42:40.430+0000 7f04c7fff640 1 -- 192.168.123.107:0/2833011467 >> [v2:192.168.123.107:6800/810998986,v1:192.168.123.107:6801/810998986] conn(0x7f04c003ce70 msgr2=0x7f04c003f330 secure :-1 s=STATE_CONNECTION_ESTABLISHED l=1).mark_down
2026-03-09T20:42:40.468 INFO:teuthology.orchestra.run.vm07.stdout:/usr/bin/ceph: stderr
2026-03-09T20:42:40.430+0000 7f04c7fff640 1 --2- 192.168.123.107:0/2833011467 >> [v2:192.168.123.107:6800/810998986,v1:192.168.123.107:6801/810998986] conn(0x7f04c003ce70 0x7f04c003f330 secure :-1 s=READY pgs=22 cs=0 l=1 rev1=1 crypto rx=0x7f04d8009a10 tx=0x7f04d8006eb0 comp rx=0 tx=0).stop
2026-03-09T20:42:40.468 INFO:teuthology.orchestra.run.vm07.stdout:/usr/bin/ceph: stderr
2026-03-09T20:42:40.431+0000 7f04c7fff640 1 -- 192.168.123.107:0/2833011467 >> [v2:192.168.123.107:3300/0,v1:192.168.123.107:6789/0] conn(0x7f04e81082f0 msgr2=0x7f04e819e3b0 secure :-1 s=STATE_CONNECTION_ESTABLISHED l=1).mark_down
2026-03-09T20:42:40.468 INFO:teuthology.orchestra.run.vm07.stdout:/usr/bin/ceph: stderr
2026-03-09T20:42:40.431+0000 7f04c7fff640 1 --2- 192.168.123.107:0/2833011467 >> [v2:192.168.123.107:3300/0,v1:192.168.123.107:6789/0] conn(0x7f04e81082f0 0x7f04e819e3b0 secure :-1 s=READY pgs=66 cs=0 l=1 rev1=1 crypto rx=0x7f04d002f6f0 tx=0x7f04d0037440 comp rx=0 tx=0).stop
2026-03-09T20:42:40.468 INFO:teuthology.orchestra.run.vm07.stdout:/usr/bin/ceph: stderr
2026-03-09T20:42:40.431+0000 7f04c7fff640 1 -- 192.168.123.107:0/2833011467 shutdown_connections
2026-03-09T20:42:40.468 INFO:teuthology.orchestra.run.vm07.stdout:/usr/bin/ceph: stderr
2026-03-09T20:42:40.431+0000 7f04c7fff640 1 --2- 192.168.123.107:0/2833011467 >> [v2:192.168.123.107:6800/810998986,v1:192.168.123.107:6801/810998986] conn(0x7f04c003ce70 0x7f04c003f330 unknown :-1 s=CLOSED pgs=22 cs=0 l=1 rev1=1 crypto rx=0 tx=0 comp rx=0 tx=0).stop
2026-03-09T20:42:40.468 INFO:teuthology.orchestra.run.vm07.stdout:/usr/bin/ceph: stderr
2026-03-09T20:42:40.431+0000 7f04c7fff640 1 --2- 192.168.123.107:0/2833011467 >> [v2:192.168.123.107:3300/0,v1:192.168.123.107:6789/0] conn(0x7f04e81082f0 0x7f04e819e3b0 unknown :-1 s=CLOSED pgs=66 cs=0 l=1 rev1=1 crypto rx=0 tx=0 comp rx=0 tx=0).stop
2026-03-09T20:42:40.468 INFO:teuthology.orchestra.run.vm07.stdout:/usr/bin/ceph: stderr
2026-03-09T20:42:40.431+0000 7f04c7fff640 1 -- 192.168.123.107:0/2833011467 >> 192.168.123.107:0/2833011467 conn(0x7f04e807b8c0 msgr2=0x7f04e8105e40 unknown :-1 s=STATE_NONE l=0).mark_down
2026-03-09T20:42:40.468 INFO:teuthology.orchestra.run.vm07.stdout:/usr/bin/ceph: stderr
2026-03-09T20:42:40.431+0000 7f04c7fff640 1 -- 192.168.123.107:0/2833011467 shutdown_connections
2026-03-09T20:42:40.468 INFO:teuthology.orchestra.run.vm07.stdout:/usr/bin/ceph: stderr
2026-03-09T20:42:40.431+0000 7f04c7fff640 1 -- 192.168.123.107:0/2833011467 wait complete.
2026-03-09T20:42:40.581 INFO:journalctl@ceph.mon.vm07.vm07.stdout:Mar 09 20:42:40 vm07 ceph-mon[49120]: from='client.14150 -' entity='client.admin' cmd=[{"prefix": "orch apply", "service_type": "grafana", "target": ["mon-mgr", ""]}]: dispatch
2026-03-09T20:42:40.581 INFO:journalctl@ceph.mon.vm07.vm07.stdout:Mar 09 20:42:40 vm07 ceph-mon[49120]: Saving service grafana spec with placement count:1
2026-03-09T20:42:40.581 INFO:journalctl@ceph.mon.vm07.vm07.stdout:Mar 09 20:42:40 vm07 ceph-mon[49120]: from='client.14152 -' entity='client.admin' cmd=[{"prefix": "orch apply", "service_type": "node-exporter", "target": ["mon-mgr", ""]}]: dispatch
2026-03-09T20:42:40.581 INFO:journalctl@ceph.mon.vm07.vm07.stdout:Mar 09 20:42:40 vm07 ceph-mon[49120]: Saving service node-exporter spec with placement *
2026-03-09T20:42:40.581 INFO:journalctl@ceph.mon.vm07.vm07.stdout:Mar 09 20:42:40 vm07 ceph-mon[49120]: from='client.14154 -' entity='client.admin' cmd=[{"prefix": "orch apply", "service_type": "alertmanager", "target": ["mon-mgr", ""]}]: dispatch
2026-03-09T20:42:40.581 INFO:journalctl@ceph.mon.vm07.vm07.stdout:Mar 09 20:42:40 vm07 ceph-mon[49120]: Saving service alertmanager spec with placement count:1
2026-03-09T20:42:40.581 INFO:journalctl@ceph.mon.vm07.vm07.stdout:Mar 09 20:42:40 vm07 ceph-mon[49120]: from='client.? 192.168.123.107:0/3133894580' entity='client.admin'
2026-03-09T20:42:40.581 INFO:journalctl@ceph.mon.vm07.vm07.stdout:Mar 09 20:42:40 vm07 ceph-mon[49120]: from='client.? 192.168.123.107:0/2833011467' entity='client.admin' cmd=[{"prefix": "mgr module enable", "module": "dashboard"}]: dispatch
2026-03-09T20:42:40.773 INFO:teuthology.orchestra.run.vm07.stdout:/usr/bin/ceph: stdout {
2026-03-09T20:42:40.773 INFO:teuthology.orchestra.run.vm07.stdout:/usr/bin/ceph: stdout "epoch": 9,
2026-03-09T20:42:40.773 INFO:teuthology.orchestra.run.vm07.stdout:/usr/bin/ceph: stdout "available": true,
2026-03-09T20:42:40.773 INFO:teuthology.orchestra.run.vm07.stdout:/usr/bin/ceph: stdout "active_name": "vm07.xjrvch",
2026-03-09T20:42:40.773 INFO:teuthology.orchestra.run.vm07.stdout:/usr/bin/ceph: stdout "num_standby": 0
2026-03-09T20:42:40.773 INFO:teuthology.orchestra.run.vm07.stdout:/usr/bin/ceph: stdout }
2026-03-09T20:42:40.773 INFO:teuthology.orchestra.run.vm07.stdout:/usr/bin/ceph: stderr
2026-03-09T20:42:40.594+0000 7f23ce215640 1 Processor -- start
2026-03-09T20:42:40.773 INFO:teuthology.orchestra.run.vm07.stdout:/usr/bin/ceph: stderr
2026-03-09T20:42:40.594+0000 7f23ce215640 1 -- start start
2026-03-09T20:42:40.773 INFO:teuthology.orchestra.run.vm07.stdout:/usr/bin/ceph: stderr
2026-03-09T20:42:40.595+0000 7f23ce215640 1 --2- >> [v2:192.168.123.107:3300/0,v1:192.168.123.107:6789/0] conn(0x7f23c00975e0 0x7f23c00979e0 unknown :-1 s=NONE pgs=0 cs=0 l=0 rev1=0 crypto rx=0 tx=0 comp rx=0 tx=0).connect
2026-03-09T20:42:40.773 INFO:teuthology.orchestra.run.vm07.stdout:/usr/bin/ceph: stderr
2026-03-09T20:42:40.595+0000 7f23ce215640 1 -- --> [v2:192.168.123.107:3300/0,v1:192.168.123.107:6789/0] -- mon_getmap magic: 0 v1 -- 0x7f23c0097fb0 con 0x7f23c00975e0
2026-03-09T20:42:40.773 INFO:teuthology.orchestra.run.vm07.stdout:/usr/bin/ceph: stderr
2026-03-09T20:42:40.595+0000 7f23c77fe640 1 --2- >> [v2:192.168.123.107:3300/0,v1:192.168.123.107:6789/0] conn(0x7f23c00975e0 0x7f23c00979e0 unknown :-1 s=BANNER_CONNECTING pgs=0 cs=0 l=0 rev1=0 crypto rx=0 tx=0 comp rx=0 tx=0)._handle_peer_banner_payload supported=3 required=0
2026-03-09T20:42:40.773 INFO:teuthology.orchestra.run.vm07.stdout:/usr/bin/ceph: stderr
2026-03-09T20:42:40.595+0000 7f23c77fe640 1 --2- >> [v2:192.168.123.107:3300/0,v1:192.168.123.107:6789/0] conn(0x7f23c00975e0 0x7f23c00979e0 unknown :-1 s=HELLO_CONNECTING pgs=0 cs=0 l=0 rev1=1 crypto rx=0 tx=0 comp rx=0 tx=0).handle_hello peer v2:192.168.123.107:3300/0 says I am v2:192.168.123.107:35522/0 (socket says 192.168.123.107:35522)
2026-03-09T20:42:40.773 INFO:teuthology.orchestra.run.vm07.stdout:/usr/bin/ceph: stderr
2026-03-09T20:42:40.595+0000 7f23c77fe640 1 -- 192.168.123.107:0/3577268469 learned_addr learned my addr 192.168.123.107:0/3577268469 (peer_addr_for_me v2:192.168.123.107:0/0)
2026-03-09T20:42:40.773 INFO:teuthology.orchestra.run.vm07.stdout:/usr/bin/ceph: stderr
2026-03-09T20:42:40.596+0000 7f23c77fe640 1 -- 192.168.123.107:0/3577268469 --> [v2:192.168.123.107:3300/0,v1:192.168.123.107:6789/0] -- mon_subscribe({config=0+,monmap=0+}) v3 -- 0x7f23c00987e0 con 0x7f23c00975e0
2026-03-09T20:42:40.773 INFO:teuthology.orchestra.run.vm07.stdout:/usr/bin/ceph: stderr
2026-03-09T20:42:40.596+0000 7f23c77fe640 1 --2- 192.168.123.107:0/3577268469 >> [v2:192.168.123.107:3300/0,v1:192.168.123.107:6789/0] conn(0x7f23c00975e0 0x7f23c00979e0 secure :-1 s=READY pgs=69 cs=0 l=1 rev1=1 crypto rx=0x7f23b4009920 tx=0x7f23b402ef20 comp rx=0 tx=0).ready entity=mon.0 client_cookie=b976113d06f5fe0f server_cookie=0 in_seq=0 out_seq=0
2026-03-09T20:42:40.773 INFO:teuthology.orchestra.run.vm07.stdout:/usr/bin/ceph: stderr
2026-03-09T20:42:40.597+0000 7f23c67fc640 1 -- 192.168.123.107:0/3577268469 <== mon.0 v2:192.168.123.107:3300/0 1 ==== mon_map magic: 0 v1 ==== 214+0+0 (secure 0 0 0) 0x7f23b402f9b0 con 0x7f23c00975e0
2026-03-09T20:42:40.773 INFO:teuthology.orchestra.run.vm07.stdout:/usr/bin/ceph: stderr
2026-03-09T20:42:40.597+0000 7f23c67fc640 1 -- 192.168.123.107:0/3577268469 <== mon.0 v2:192.168.123.107:3300/0 2 ==== config(27 keys) v1 ==== 1108+0+0 (secure 0 0 0) 0x7f23b4037440 con 0x7f23c00975e0
2026-03-09T20:42:40.773 INFO:teuthology.orchestra.run.vm07.stdout:/usr/bin/ceph: stderr
2026-03-09T20:42:40.597+0000 7f23c67fc640 1 -- 192.168.123.107:0/3577268469 <== mon.0 v2:192.168.123.107:3300/0 3 ==== mon_map magic: 0 v1 ==== 214+0+0 (secure 0 0 0) 0x7f23b4035560 con 0x7f23c00975e0
2026-03-09T20:42:40.773 INFO:teuthology.orchestra.run.vm07.stdout:/usr/bin/ceph: stderr
2026-03-09T20:42:40.597+0000 7f23ce215640 1 -- 192.168.123.107:0/3577268469 >> [v2:192.168.123.107:3300/0,v1:192.168.123.107:6789/0] conn(0x7f23c00975e0 msgr2=0x7f23c00979e0 secure :-1 s=STATE_CONNECTION_ESTABLISHED l=1).mark_down
2026-03-09T20:42:40.773 INFO:teuthology.orchestra.run.vm07.stdout:/usr/bin/ceph: stderr
2026-03-09T20:42:40.597+0000 7f23ce215640 1 --2- 192.168.123.107:0/3577268469 >> [v2:192.168.123.107:3300/0,v1:192.168.123.107:6789/0] conn(0x7f23c00975e0 0x7f23c00979e0 secure :-1 s=READY pgs=69 cs=0 l=1 rev1=1 crypto rx=0x7f23b4009920 tx=0x7f23b402ef20 comp rx=0 tx=0).stop
2026-03-09T20:42:40.773 INFO:teuthology.orchestra.run.vm07.stdout:/usr/bin/ceph: stderr
2026-03-09T20:42:40.597+0000 7f23ce215640 1 -- 192.168.123.107:0/3577268469 shutdown_connections
2026-03-09T20:42:40.773 INFO:teuthology.orchestra.run.vm07.stdout:/usr/bin/ceph: stderr
2026-03-09T20:42:40.597+0000 7f23ce215640 1 --2- 192.168.123.107:0/3577268469 >> [v2:192.168.123.107:3300/0,v1:192.168.123.107:6789/0] conn(0x7f23c00975e0 0x7f23c00979e0 unknown :-1 s=CLOSED pgs=69 cs=0 l=1 rev1=1 crypto rx=0 tx=0 comp rx=0 tx=0).stop
2026-03-09T20:42:40.773 INFO:teuthology.orchestra.run.vm07.stdout:/usr/bin/ceph: stderr
2026-03-09T20:42:40.597+0000 7f23ce215640 1 -- 192.168.123.107:0/3577268469 >> 192.168.123.107:0/3577268469 conn(0x7f23c0092d70 msgr2=0x7f23c00951b0 unknown :-1 s=STATE_NONE l=0).mark_down
2026-03-09T20:42:40.773 INFO:teuthology.orchestra.run.vm07.stdout:/usr/bin/ceph: stderr
2026-03-09T20:42:40.597+0000 7f23ce215640 1 -- 192.168.123.107:0/3577268469 shutdown_connections
2026-03-09T20:42:40.773 INFO:teuthology.orchestra.run.vm07.stdout:/usr/bin/ceph: stderr
2026-03-09T20:42:40.597+0000 7f23ce215640 1 -- 192.168.123.107:0/3577268469 wait complete.
2026-03-09T20:42:40.773 INFO:teuthology.orchestra.run.vm07.stdout:/usr/bin/ceph: stderr
2026-03-09T20:42:40.598+0000 7f23ce215640 1 Processor -- start
2026-03-09T20:42:40.773 INFO:teuthology.orchestra.run.vm07.stdout:/usr/bin/ceph: stderr
2026-03-09T20:42:40.603+0000 7f23ce215640 1 -- start start
2026-03-09T20:42:40.773 INFO:teuthology.orchestra.run.vm07.stdout:/usr/bin/ceph: stderr
2026-03-09T20:42:40.603+0000 7f23ce215640 1 --2- >> [v2:192.168.123.107:3300/0,v1:192.168.123.107:6789/0] conn(0x7f23c00975e0 0x7f23c012d480 unknown :-1 s=NONE pgs=0 cs=0 l=1 rev1=0 crypto rx=0 tx=0 comp rx=0 tx=0).connect
2026-03-09T20:42:40.773 INFO:teuthology.orchestra.run.vm07.stdout:/usr/bin/ceph: stderr
2026-03-09T20:42:40.603+0000 7f23ce215640 1 -- --> [v2:192.168.123.107:3300/0,v1:192.168.123.107:6789/0] -- mon_getmap magic: 0 v1 -- 0x7f23c012d9c0 con 0x7f23c00975e0
2026-03-09T20:42:40.773 INFO:teuthology.orchestra.run.vm07.stdout:/usr/bin/ceph: stderr
2026-03-09T20:42:40.603+0000 7f23c77fe640 1 --2- >> [v2:192.168.123.107:3300/0,v1:192.168.123.107:6789/0] conn(0x7f23c00975e0 0x7f23c012d480 unknown :-1 s=BANNER_CONNECTING pgs=0 cs=0 l=1 rev1=0 crypto rx=0 tx=0 comp rx=0 tx=0)._handle_peer_banner_payload supported=3 required=0
2026-03-09T20:42:40.773 INFO:teuthology.orchestra.run.vm07.stdout:/usr/bin/ceph: stderr
2026-03-09T20:42:40.603+0000 7f23c77fe640 1 --2- >> [v2:192.168.123.107:3300/0,v1:192.168.123.107:6789/0] conn(0x7f23c00975e0 0x7f23c012d480 unknown :-1 s=HELLO_CONNECTING pgs=0 cs=0 l=1 rev1=1 crypto rx=0 tx=0 comp rx=0 tx=0).handle_hello peer v2:192.168.123.107:3300/0 says I am v2:192.168.123.107:35538/0 (socket says 192.168.123.107:35538)
2026-03-09T20:42:40.773 INFO:teuthology.orchestra.run.vm07.stdout:/usr/bin/ceph: stderr
2026-03-09T20:42:40.603+0000 7f23c77fe640 1 -- 192.168.123.107:0/1734395797 learned_addr learned my addr 192.168.123.107:0/1734395797 (peer_addr_for_me v2:192.168.123.107:0/0)
2026-03-09T20:42:40.773 INFO:teuthology.orchestra.run.vm07.stdout:/usr/bin/ceph: stderr
2026-03-09T20:42:40.604+0000 7f23c77fe640 1 -- 192.168.123.107:0/1734395797 --> [v2:192.168.123.107:3300/0,v1:192.168.123.107:6789/0] -- mon_subscribe({config=0+,monmap=0+}) v3 -- 0x7f23b40095d0 con 0x7f23c00975e0
2026-03-09T20:42:40.773 INFO:teuthology.orchestra.run.vm07.stdout:/usr/bin/ceph: stderr
2026-03-09T20:42:40.604+0000 7f23c77fe640 1 --2- 192.168.123.107:0/1734395797 >> [v2:192.168.123.107:3300/0,v1:192.168.123.107:6789/0] conn(0x7f23c00975e0 0x7f23c012d480 secure :-1 s=READY pgs=70 cs=0 l=1 rev1=1 crypto rx=0x7f23b4037d90 tx=0x7f23b4037990 comp rx=0 tx=0).ready entity=mon.0 client_cookie=0 server_cookie=0 in_seq=0 out_seq=0
2026-03-09T20:42:40.773 INFO:teuthology.orchestra.run.vm07.stdout:/usr/bin/ceph: stderr
2026-03-09T20:42:40.604+0000 7f23c4ff9640 1 -- 192.168.123.107:0/1734395797 <== mon.0 v2:192.168.123.107:3300/0 1 ==== mon_map magic: 0 v1 ==== 214+0+0 (secure 0 0 0) 0x7f23b402fe40 con 0x7f23c00975e0
2026-03-09T20:42:40.773 INFO:teuthology.orchestra.run.vm07.stdout:/usr/bin/ceph: stderr
2026-03-09T20:42:40.604+0000 7f23ce215640 1 -- 192.168.123.107:0/1734395797 --> [v2:192.168.123.107:3300/0,v1:192.168.123.107:6789/0] -- mon_subscribe({mgrmap=0+}) v3 -- 0x7f23c012dbc0 con 0x7f23c00975e0
2026-03-09T20:42:40.773 INFO:teuthology.orchestra.run.vm07.stdout:/usr/bin/ceph: stderr
2026-03-09T20:42:40.604+0000 7f23ce215640 1 -- 192.168.123.107:0/1734395797 --> [v2:192.168.123.107:3300/0,v1:192.168.123.107:6789/0] -- mon_subscribe({osdmap=0}) v3 -- 0x7f23c012e060 con 0x7f23c00975e0
2026-03-09T20:42:40.773 INFO:teuthology.orchestra.run.vm07.stdout:/usr/bin/ceph: stderr
2026-03-09T20:42:40.605+0000 7f23c4ff9640 1 -- 192.168.123.107:0/1734395797 <== mon.0 v2:192.168.123.107:3300/0 2 ==== config(27 keys) v1 ==== 1108+0+0 (secure 0 0 0) 0x7f23b4035ce0 con 0x7f23c00975e0
2026-03-09T20:42:40.773 INFO:teuthology.orchestra.run.vm07.stdout:/usr/bin/ceph: stderr
2026-03-09T20:42:40.605+0000 7f23c4ff9640 1 -- 192.168.123.107:0/1734395797 <== mon.0 v2:192.168.123.107:3300/0 3 ==== mon_map magic: 0 v1 ==== 214+0+0 (secure 0 0 0) 0x7f23b4049d00 con 0x7f23c00975e0
2026-03-09T20:42:40.773 INFO:teuthology.orchestra.run.vm07.stdout:/usr/bin/ceph: stderr
2026-03-09T20:42:40.605+0000 7f23c4ff9640 1 -- 192.168.123.107:0/1734395797 <== mon.0 v2:192.168.123.107:3300/0 4 ==== mgrmap(e 9) v1 ==== 49383+0+0 (secure 0 0 0) 0x7f23b403e070 con 0x7f23c00975e0
2026-03-09T20:42:40.773 INFO:teuthology.orchestra.run.vm07.stdout:/usr/bin/ceph: stderr
2026-03-09T20:42:40.606+0000 7f23c4ff9640 1 --2- 192.168.123.107:0/1734395797 >> [v2:192.168.123.107:6800/810998986,v1:192.168.123.107:6801/810998986] conn(0x7f239403d230 0x7f239403f6f0 unknown :-1 s=NONE pgs=0 cs=0 l=1 rev1=0 crypto rx=0 tx=0 comp rx=0 tx=0).connect
2026-03-09T20:42:40.773 INFO:teuthology.orchestra.run.vm07.stdout:/usr/bin/ceph: stderr
2026-03-09T20:42:40.606+0000 7f23c4ff9640 1 -- 192.168.123.107:0/1734395797 <== mon.0 v2:192.168.123.107:3300/0 5 ==== osd_map(2..2 src has 1..2) v4 ==== 940+0+0 (secure 0 0 0) 0x7f23b40765f0 con 0x7f23c00975e0
2026-03-09T20:42:40.773 INFO:teuthology.orchestra.run.vm07.stdout:/usr/bin/ceph: stderr
2026-03-09T20:42:40.606+0000 7f23c6ffd640 1 -- 192.168.123.107:0/1734395797 >> [v2:192.168.123.107:6800/810998986,v1:192.168.123.107:6801/810998986] conn(0x7f239403d230 msgr2=0x7f239403f6f0 unknown :-1 s=STATE_CONNECTING_RE l=1).process reconnect failed to v2:192.168.123.107:6800/810998986
2026-03-09T20:42:40.773 INFO:teuthology.orchestra.run.vm07.stdout:/usr/bin/ceph: stderr
2026-03-09T20:42:40.606+0000 7f23c6ffd640 1 --2- 192.168.123.107:0/1734395797 >> [v2:192.168.123.107:6800/810998986,v1:192.168.123.107:6801/810998986] conn(0x7f239403d230 0x7f239403f6f0 unknown :-1 s=START_CONNECT pgs=0 cs=0 l=1 rev1=0 crypto rx=0 tx=0 comp rx=0 tx=0)._fault waiting 0.200000
2026-03-09T20:42:40.773 INFO:teuthology.orchestra.run.vm07.stdout:/usr/bin/ceph: stderr
2026-03-09T20:42:40.606+0000 7f23ce215640 1 -- 192.168.123.107:0/1734395797 --> [v2:192.168.123.107:3300/0,v1:192.168.123.107:6789/0] -- mon_command({"prefix": "get_command_descriptions"} v 0) v1 -- 0x7f238c005350 con 0x7f23c00975e0
2026-03-09T20:42:40.773 INFO:teuthology.orchestra.run.vm07.stdout:/usr/bin/ceph: stderr
2026-03-09T20:42:40.610+0000 7f23c4ff9640 1 -- 192.168.123.107:0/1734395797 <== mon.0 v2:192.168.123.107:3300/0 6 ==== mon_command_ack([{"prefix": "get_command_descriptions"}]=0 v0) v1 ==== 72+0+186382 (secure 0 0 0) 0x7f23b403c080 con 0x7f23c00975e0
2026-03-09T20:42:40.773 INFO:teuthology.orchestra.run.vm07.stdout:/usr/bin/ceph: stderr
2026-03-09T20:42:40.715+0000 7f23ce215640 1 -- 192.168.123.107:0/1734395797 --> [v2:192.168.123.107:3300/0,v1:192.168.123.107:6789/0] -- mon_command({"prefix": "mgr stat"} v 0) v1 -- 0x7f238c005e10 con 0x7f23c00975e0
2026-03-09T20:42:40.773 INFO:teuthology.orchestra.run.vm07.stdout:/usr/bin/ceph: stderr
2026-03-09T20:42:40.716+0000 7f23c4ff9640 1 -- 192.168.123.107:0/1734395797 <== mon.0 v2:192.168.123.107:3300/0 7 ==== mon_command_ack([{"prefix": "mgr stat"}]=0 v9) v1 ==== 56+0+98 (secure 0 0 0) 0x7f23b40483c0 con 0x7f23c00975e0
2026-03-09T20:42:40.774 INFO:teuthology.orchestra.run.vm07.stdout:/usr/bin/ceph: stderr
2026-03-09T20:42:40.718+0000 7f23a27fc640 1 -- 192.168.123.107:0/1734395797 >> [v2:192.168.123.107:6800/810998986,v1:192.168.123.107:6801/810998986] conn(0x7f239403d230 msgr2=0x7f239403f6f0 unknown :-1 s=STATE_CONNECTING l=1).mark_down
2026-03-09T20:42:40.774 INFO:teuthology.orchestra.run.vm07.stdout:/usr/bin/ceph: stderr
2026-03-09T20:42:40.718+0000 7f23a27fc640 1 --2- 192.168.123.107:0/1734395797 >> [v2:192.168.123.107:6800/810998986,v1:192.168.123.107:6801/810998986] conn(0x7f239403d230 0x7f239403f6f0 unknown :-1 s=START_CONNECT pgs=0 cs=0 l=1 rev1=0 crypto rx=0 tx=0 comp rx=0 tx=0).stop
2026-03-09T20:42:40.774 INFO:teuthology.orchestra.run.vm07.stdout:/usr/bin/ceph: stderr
2026-03-09T20:42:40.718+0000 7f23a27fc640 1 -- 192.168.123.107:0/1734395797 >> [v2:192.168.123.107:3300/0,v1:192.168.123.107:6789/0] conn(0x7f23c00975e0 msgr2=0x7f23c012d480 secure :-1 s=STATE_CONNECTION_ESTABLISHED l=1).mark_down
2026-03-09T20:42:40.774 INFO:teuthology.orchestra.run.vm07.stdout:/usr/bin/ceph: stderr
2026-03-09T20:42:40.718+0000 7f23a27fc640 1 --2- 192.168.123.107:0/1734395797 >> [v2:192.168.123.107:3300/0,v1:192.168.123.107:6789/0] conn(0x7f23c00975e0 0x7f23c012d480 secure :-1 s=READY pgs=70 cs=0 l=1 rev1=1 crypto rx=0x7f23b4037d90 tx=0x7f23b4037990 comp rx=0 tx=0).stop
2026-03-09T20:42:40.774 INFO:teuthology.orchestra.run.vm07.stdout:/usr/bin/ceph: stderr
2026-03-09T20:42:40.718+0000 7f23a27fc640 1 -- 192.168.123.107:0/1734395797 shutdown_connections
2026-03-09T20:42:40.774 INFO:teuthology.orchestra.run.vm07.stdout:/usr/bin/ceph: stderr
2026-03-09T20:42:40.718+0000 7f23a27fc640 1 --2- 192.168.123.107:0/1734395797 >> [v2:192.168.123.107:6800/810998986,v1:192.168.123.107:6801/810998986] conn(0x7f239403d230 0x7f239403f6f0 unknown :-1 s=CLOSED pgs=0 cs=0 l=1 rev1=0 crypto rx=0 tx=0 comp rx=0 tx=0).stop
2026-03-09T20:42:40.774 INFO:teuthology.orchestra.run.vm07.stdout:/usr/bin/ceph: stderr
2026-03-09T20:42:40.718+0000 7f23a27fc640 1 --2- 192.168.123.107:0/1734395797 >> [v2:192.168.123.107:3300/0,v1:192.168.123.107:6789/0] conn(0x7f23c00975e0 0x7f23c012d480 unknown :-1 s=CLOSED pgs=70 cs=0 l=1 rev1=1 crypto rx=0 tx=0 comp rx=0 tx=0).stop
2026-03-09T20:42:40.774 INFO:teuthology.orchestra.run.vm07.stdout:/usr/bin/ceph: stderr
2026-03-09T20:42:40.718+0000 7f23a27fc640 1 -- 192.168.123.107:0/1734395797 >> 192.168.123.107:0/1734395797 conn(0x7f23c0092d70 msgr2=0x7f23c00937e0 unknown :-1 s=STATE_NONE l=0).mark_down
2026-03-09T20:42:40.774 INFO:teuthology.orchestra.run.vm07.stdout:/usr/bin/ceph: stderr
2026-03-09T20:42:40.718+0000 7f23a27fc640 1 -- 192.168.123.107:0/1734395797 shutdown_connections
2026-03-09T20:42:40.774 INFO:teuthology.orchestra.run.vm07.stdout:/usr/bin/ceph: stderr
2026-03-09T20:42:40.718+0000 7f23a27fc640 1 -- 192.168.123.107:0/1734395797 wait complete.
2026-03-09T20:42:40.774 INFO:teuthology.orchestra.run.vm07.stdout:Waiting for the mgr to restart...
2026-03-09T20:42:40.774 INFO:teuthology.orchestra.run.vm07.stdout:Waiting for mgr epoch 9...
2026-03-09T20:42:41.635 INFO:journalctl@ceph.mon.vm07.vm07.stdout:Mar 09 20:42:41 vm07 ceph-mon[49120]: from='client.? 192.168.123.107:0/2833011467' entity='client.admin' cmd='[{"prefix": "mgr module enable", "module": "dashboard"}]': finished
2026-03-09T20:42:41.635 INFO:journalctl@ceph.mon.vm07.vm07.stdout:Mar 09 20:42:41 vm07 ceph-mon[49120]: mgrmap e9: vm07.xjrvch(active, since 7s)
2026-03-09T20:42:41.635 INFO:journalctl@ceph.mon.vm07.vm07.stdout:Mar 09 20:42:41 vm07 ceph-mon[49120]: from='client.? 192.168.123.107:0/1734395797' entity='client.admin' cmd=[{"prefix": "mgr stat"}]: dispatch
2026-03-09T20:42:43.634 INFO:journalctl@ceph.mon.vm07.vm07.stdout:Mar 09 20:42:43 vm07 ceph-mon[49120]: Active manager daemon vm07.xjrvch restarted
2026-03-09T20:42:43.634 INFO:journalctl@ceph.mon.vm07.vm07.stdout:Mar 09 20:42:43 vm07 ceph-mon[49120]: Activating manager daemon vm07.xjrvch
2026-03-09T20:42:43.634 INFO:journalctl@ceph.mon.vm07.vm07.stdout:Mar 09 20:42:43 vm07 ceph-mon[49120]: osdmap e3: 0 total, 0 up, 0 in
2026-03-09T20:42:43.634 INFO:journalctl@ceph.mon.vm07.vm07.stdout:Mar 09 20:42:43 vm07 ceph-mon[49120]: mgrmap e10: vm07.xjrvch(active, starting, since 0.00555562s)
2026-03-09T20:42:43.634 INFO:journalctl@ceph.mon.vm07.vm07.stdout:Mar 09 20:42:43 vm07 ceph-mon[49120]: from='mgr.14162 192.168.123.107:0/3677725133' entity='mgr.vm07.xjrvch' cmd=[{"prefix": "mon metadata", "id": "vm07"}]: dispatch
2026-03-09T20:42:43.634 INFO:journalctl@ceph.mon.vm07.vm07.stdout:Mar 09 20:42:43 vm07 ceph-mon[49120]: from='mgr.14162 192.168.123.107:0/3677725133' entity='mgr.vm07.xjrvch' cmd=[{"prefix": "mgr metadata", "who": "vm07.xjrvch", "id": "vm07.xjrvch"}]: dispatch
2026-03-09T20:42:43.634 INFO:journalctl@ceph.mon.vm07.vm07.stdout:Mar 09 20:42:43 vm07 ceph-mon[49120]: from='mgr.14162 192.168.123.107:0/3677725133' entity='mgr.vm07.xjrvch' cmd=[{"prefix": "mds metadata"}]: dispatch
2026-03-09T20:42:43.634 INFO:journalctl@ceph.mon.vm07.vm07.stdout:Mar 09 20:42:43 vm07 ceph-mon[49120]: from='mgr.14162 192.168.123.107:0/3677725133' entity='mgr.vm07.xjrvch' cmd=[{"prefix": "osd metadata"}]: dispatch
2026-03-09T20:42:43.634 INFO:journalctl@ceph.mon.vm07.vm07.stdout:Mar 09 20:42:43 vm07 ceph-mon[49120]: from='mgr.14162 192.168.123.107:0/3677725133' entity='mgr.vm07.xjrvch' cmd=[{"prefix": "mon metadata"}]: dispatch
2026-03-09T20:42:43.634 INFO:journalctl@ceph.mon.vm07.vm07.stdout:Mar 09 20:42:43 vm07 ceph-mon[49120]: Manager daemon vm07.xjrvch is now available
2026-03-09T20:42:43.634 INFO:journalctl@ceph.mon.vm07.vm07.stdout:Mar 09 20:42:43 vm07 ceph-mon[49120]: from='mgr.14162 192.168.123.107:0/3677725133' entity='mgr.vm07.xjrvch' cmd=[{"prefix": "config dump", "format": "json"}]: dispatch
2026-03-09T20:42:43.634 INFO:journalctl@ceph.mon.vm07.vm07.stdout:Mar 09 20:42:43 vm07 ceph-mon[49120]: from='mgr.14162 192.168.123.107:0/3677725133' entity='mgr.vm07.xjrvch' cmd=[{"prefix":"config rm","who":"mgr","name":"mgr/rbd_support/vm07.xjrvch/mirror_snapshot_schedule"}]: dispatch
2026-03-09T20:42:43.634 INFO:journalctl@ceph.mon.vm07.vm07.stdout:Mar 09 20:42:43 vm07 ceph-mon[49120]: from='mgr.14162 192.168.123.107:0/3677725133' entity='mgr.vm07.xjrvch' cmd=[{"prefix":"config rm","who":"mgr","name":"mgr/rbd_support/vm07.xjrvch/trash_purge_schedule"}]: dispatch
2026-03-09T20:42:44.354 INFO:teuthology.orchestra.run.vm07.stdout:/usr/bin/ceph: stdout {
2026-03-09T20:42:44.354 INFO:teuthology.orchestra.run.vm07.stdout:/usr/bin/ceph: stdout "mgrmap_epoch": 11,
2026-03-09T20:42:44.354 INFO:teuthology.orchestra.run.vm07.stdout:/usr/bin/ceph: stdout "initialized": true
2026-03-09T20:42:44.354 INFO:teuthology.orchestra.run.vm07.stdout:/usr/bin/ceph: stdout }
2026-03-09T20:42:44.354 INFO:teuthology.orchestra.run.vm07.stdout:/usr/bin/ceph: stderr
2026-03-09T20:42:40.882+0000 7fee87577640 1 Processor -- start
2026-03-09T20:42:44.354 INFO:teuthology.orchestra.run.vm07.stdout:/usr/bin/ceph: stderr
2026-03-09T20:42:40.882+0000 7fee87577640 1 -- start start
2026-03-09T20:42:44.354 INFO:teuthology.orchestra.run.vm07.stdout:/usr/bin/ceph: stderr
2026-03-09T20:42:40.882+0000 7fee87577640 1 --2- >> [v2:192.168.123.107:3300/0,v1:192.168.123.107:6789/0] conn(0x7fee88071820 0x7fee88071c20 unknown :-1 s=NONE pgs=0 cs=0 l=0 rev1=0 crypto rx=0 tx=0 comp rx=0 tx=0).connect
2026-03-09T20:42:44.354 INFO:teuthology.orchestra.run.vm07.stdout:/usr/bin/ceph: stderr
2026-03-09T20:42:40.882+0000 7fee87577640 1 -- --> [v2:192.168.123.107:3300/0,v1:192.168.123.107:6789/0] -- mon_getmap magic: 0 v1 -- 0x7fee880721f0 con 0x7fee88071820
2026-03-09T20:42:44.354 INFO:teuthology.orchestra.run.vm07.stdout:/usr/bin/ceph: stderr
2026-03-09T20:42:40.882+0000 7fee86575640 1 --2- >> [v2:192.168.123.107:3300/0,v1:192.168.123.107:6789/0] conn(0x7fee88071820 0x7fee88071c20 unknown :-1 s=BANNER_CONNECTING pgs=0 cs=0 l=0 rev1=0 crypto rx=0 tx=0 comp rx=0 tx=0)._handle_peer_banner_payload supported=3 required=0
2026-03-09T20:42:44.354 INFO:teuthology.orchestra.run.vm07.stdout:/usr/bin/ceph: stderr
2026-03-09T20:42:40.882+0000 7fee86575640 1 --2- >> [v2:192.168.123.107:3300/0,v1:192.168.123.107:6789/0] conn(0x7fee88071820 0x7fee88071c20 unknown :-1 s=HELLO_CONNECTING pgs=0 cs=0 l=0 rev1=1 crypto rx=0 tx=0 comp rx=0 tx=0).handle_hello peer v2:192.168.123.107:3300/0 says I am v2:192.168.123.107:35540/0 (socket says 192.168.123.107:35540)
2026-03-09T20:42:44.354 INFO:teuthology.orchestra.run.vm07.stdout:/usr/bin/ceph: stderr
2026-03-09T20:42:40.882+0000 7fee86575640 1 -- 192.168.123.107:0/3768266513 learned_addr learned my addr 192.168.123.107:0/3768266513 (peer_addr_for_me v2:192.168.123.107:0/0)
2026-03-09T20:42:44.354 INFO:teuthology.orchestra.run.vm07.stdout:/usr/bin/ceph: stderr
2026-03-09T20:42:40.883+0000 7fee86575640 1 -- 192.168.123.107:0/3768266513 --> [v2:192.168.123.107:3300/0,v1:192.168.123.107:6789/0] -- mon_subscribe({config=0+,monmap=0+}) v3 -- 0x7fee88072330 con 0x7fee88071820
2026-03-09T20:42:44.354 INFO:teuthology.orchestra.run.vm07.stdout:/usr/bin/ceph: stderr
2026-03-09T20:42:40.883+0000 7fee86575640 1 --2- 192.168.123.107:0/3768266513 >> [v2:192.168.123.107:3300/0,v1:192.168.123.107:6789/0] conn(0x7fee88071820 0x7fee88071c20 secure :-1 s=READY pgs=71 cs=0 l=1 rev1=1 crypto rx=0x7fee780089a0 tx=0x7fee78031440 comp rx=0 tx=0).ready entity=mon.0 client_cookie=ca8f17044627136b server_cookie=0 in_seq=0 out_seq=0
2026-03-09T20:42:44.354 INFO:teuthology.orchestra.run.vm07.stdout:/usr/bin/ceph: stderr
2026-03-09T20:42:40.884+0000 7fee85573640 1 -- 192.168.123.107:0/3768266513 <== mon.0 v2:192.168.123.107:3300/0 1 ==== mon_map magic: 0 v1 ==== 214+0+0 (secure 0 0 0) 0x7fee78031e50 con 0x7fee88071820
2026-03-09T20:42:44.354 INFO:teuthology.orchestra.run.vm07.stdout:/usr/bin/ceph: stderr
2026-03-09T20:42:40.884+0000 7fee85573640 1 -- 192.168.123.107:0/3768266513 <== mon.0 v2:192.168.123.107:3300/0 2 ==== config(27 keys) v1 ==== 1108+0+0 (secure 0 0 0) 0x7fee78035070 con 0x7fee88071820
2026-03-09T20:42:44.354 INFO:teuthology.orchestra.run.vm07.stdout:/usr/bin/ceph: stderr
2026-03-09T20:42:40.884+0000 7fee87577640 1 -- 192.168.123.107:0/3768266513 >> [v2:192.168.123.107:3300/0,v1:192.168.123.107:6789/0] conn(0x7fee88071820 msgr2=0x7fee88071c20 secure :-1 s=STATE_CONNECTION_ESTABLISHED l=1).mark_down
2026-03-09T20:42:44.354 INFO:teuthology.orchestra.run.vm07.stdout:/usr/bin/ceph: stderr
2026-03-09T20:42:40.884+0000 7fee87577640 1 --2- 192.168.123.107:0/3768266513 >> [v2:192.168.123.107:3300/0,v1:192.168.123.107:6789/0] conn(0x7fee88071820 0x7fee88071c20 secure :-1 s=READY pgs=71 cs=0 l=1 rev1=1 crypto rx=0x7fee780089a0 tx=0x7fee78031440 comp rx=0 tx=0).stop
2026-03-09T20:42:44.354 INFO:teuthology.orchestra.run.vm07.stdout:/usr/bin/ceph: stderr
2026-03-09T20:42:40.884+0000 7fee87577640 1 -- 192.168.123.107:0/3768266513 shutdown_connections
2026-03-09T20:42:44.354 INFO:teuthology.orchestra.run.vm07.stdout:/usr/bin/ceph: stderr
2026-03-09T20:42:40.884+0000 7fee87577640 1 --2- 192.168.123.107:0/3768266513 >> [v2:192.168.123.107:3300/0,v1:192.168.123.107:6789/0] conn(0x7fee88071820 0x7fee88071c20 unknown :-1 s=CLOSED pgs=71 cs=0 l=1 rev1=1 crypto rx=0 tx=0 comp rx=0 tx=0).stop
2026-03-09T20:42:44.354 INFO:teuthology.orchestra.run.vm07.stdout:/usr/bin/ceph: stderr
2026-03-09T20:42:40.884+0000 7fee87577640 1 -- 192.168.123.107:0/3768266513 >> 192.168.123.107:0/3768266513 conn(0x7fee8806d060 msgr2=0x7fee8806f480 unknown :-1 s=STATE_NONE l=0).mark_down
2026-03-09T20:42:44.354 INFO:teuthology.orchestra.run.vm07.stdout:/usr/bin/ceph: stderr
2026-03-09T20:42:40.884+0000 7fee87577640 1 -- 192.168.123.107:0/3768266513 shutdown_connections
2026-03-09T20:42:44.354 INFO:teuthology.orchestra.run.vm07.stdout:/usr/bin/ceph: stderr
2026-03-09T20:42:40.884+0000 7fee87577640 1 -- 192.168.123.107:0/3768266513 wait complete.
2026-03-09T20:42:44.355 INFO:teuthology.orchestra.run.vm07.stdout:/usr/bin/ceph: stderr
2026-03-09T20:42:40.884+0000 7fee87577640 1 Processor -- start
2026-03-09T20:42:44.355 INFO:teuthology.orchestra.run.vm07.stdout:/usr/bin/ceph: stderr
2026-03-09T20:42:40.884+0000 7fee87577640 1 -- start start
2026-03-09T20:42:44.355 INFO:teuthology.orchestra.run.vm07.stdout:/usr/bin/ceph: stderr
2026-03-09T20:42:40.884+0000 7fee87577640 1 --2- >> [v2:192.168.123.107:3300/0,v1:192.168.123.107:6789/0] conn(0x7fee881a24a0 0x7fee881a28c0 unknown :-1 s=NONE pgs=0 cs=0 l=1 rev1=0 crypto rx=0 tx=0 comp rx=0 tx=0).connect
2026-03-09T20:42:44.355 INFO:teuthology.orchestra.run.vm07.stdout:/usr/bin/ceph: stderr
2026-03-09T20:42:40.885+0000 7fee87577640 1 -- --> [v2:192.168.123.107:3300/0,v1:192.168.123.107:6789/0] -- mon_getmap magic: 0 v1 -- 0x7fee7803b7a0 con 0x7fee881a24a0
2026-03-09T20:42:44.355 INFO:teuthology.orchestra.run.vm07.stdout:/usr/bin/ceph: stderr
2026-03-09T20:42:40.885+0000 7fee86575640 1 --2- >> [v2:192.168.123.107:3300/0,v1:192.168.123.107:6789/0] conn(0x7fee881a24a0 0x7fee881a28c0 unknown :-1 s=BANNER_CONNECTING pgs=0 cs=0 l=1 rev1=0 crypto rx=0 tx=0 comp rx=0 tx=0)._handle_peer_banner_payload supported=3 required=0
2026-03-09T20:42:44.355 INFO:teuthology.orchestra.run.vm07.stdout:/usr/bin/ceph: stderr
2026-03-09T20:42:40.885+0000 7fee86575640 1 --2- >> [v2:192.168.123.107:3300/0,v1:192.168.123.107:6789/0] conn(0x7fee881a24a0 0x7fee881a28c0 unknown :-1 s=HELLO_CONNECTING pgs=0 cs=0 l=1 rev1=1 crypto rx=0 tx=0 comp rx=0 tx=0).handle_hello peer v2:192.168.123.107:3300/0 says I am v2:192.168.123.107:35542/0 (socket says 192.168.123.107:35542)
2026-03-09T20:42:44.355 INFO:teuthology.orchestra.run.vm07.stdout:/usr/bin/ceph: stderr
2026-03-09T20:42:40.885+0000 7fee86575640 1 -- 192.168.123.107:0/2873418025 learned_addr learned my addr 192.168.123.107:0/2873418025 (peer_addr_for_me v2:192.168.123.107:0/0)
2026-03-09T20:42:44.355 INFO:teuthology.orchestra.run.vm07.stdout:/usr/bin/ceph: stderr
2026-03-09T20:42:40.885+0000 7fee86575640 1 -- 192.168.123.107:0/2873418025 --> [v2:192.168.123.107:3300/0,v1:192.168.123.107:6789/0] -- mon_subscribe({config=0+,monmap=0+}) v3 -- 0x7fee78008650 con 0x7fee881a24a0
2026-03-09T20:42:44.355 INFO:teuthology.orchestra.run.vm07.stdout:/usr/bin/ceph: stderr
2026-03-09T20:42:40.885+0000 7fee86575640 1 --2- 192.168.123.107:0/2873418025 >> [v2:192.168.123.107:3300/0,v1:192.168.123.107:6789/0] conn(0x7fee881a24a0 0x7fee881a28c0 secure :-1 s=READY pgs=72 cs=0 l=1 rev1=1 crypto rx=0x7fee780319f0 tx=0x7fee78008c70 comp rx=0 tx=0).ready entity=mon.0 client_cookie=0 server_cookie=0 in_seq=0 out_seq=0
2026-03-09T20:42:44.355 INFO:teuthology.orchestra.run.vm07.stdout:/usr/bin/ceph: stderr
2026-03-09T20:42:40.886+0000 7fee777fe640 1 -- 192.168.123.107:0/2873418025 <== mon.0 v2:192.168.123.107:3300/0 1 ==== mon_map magic: 0 v1 ==== 214+0+0 (secure 0 0 0) 0x7fee7803bed0 con 0x7fee881a24a0
2026-03-09T20:42:44.355 INFO:teuthology.orchestra.run.vm07.stdout:/usr/bin/ceph: stderr
2026-03-09T20:42:40.886+0000 7fee87577640 1 -- 192.168.123.107:0/2873418025 --> [v2:192.168.123.107:3300/0,v1:192.168.123.107:6789/0] -- mon_subscribe({mgrmap=0+}) v3 -- 0x7fee881a2e00 con 0x7fee881a24a0
2026-03-09T20:42:44.355 INFO:teuthology.orchestra.run.vm07.stdout:/usr/bin/ceph: stderr
2026-03-09T20:42:40.886+0000 7fee87577640 1 -- 192.168.123.107:0/2873418025 --> [v2:192.168.123.107:3300/0,v1:192.168.123.107:6789/0] -- mon_subscribe({osdmap=0}) v3 -- 0x7fee881a3990 con 0x7fee881a24a0
2026-03-09T20:42:44.355 INFO:teuthology.orchestra.run.vm07.stdout:/usr/bin/ceph: stderr
2026-03-09T20:42:40.886+0000 7fee777fe640 1 -- 192.168.123.107:0/2873418025 <== mon.0 v2:192.168.123.107:3300/0 2 ==== config(27 keys) v1 ==== 1108+0+0 (secure 0 0 0) 0x7fee78035040 con 0x7fee881a24a0
2026-03-09T20:42:44.355 INFO:teuthology.orchestra.run.vm07.stdout:/usr/bin/ceph: stderr
2026-03-09T20:42:40.886+0000 7fee777fe640 1 -- 192.168.123.107:0/2873418025 <== mon.0 v2:192.168.123.107:3300/0 3 ==== mon_map magic: 0 v1 ==== 214+0+0 (secure 0 0 0) 0x7fee7800b630 con 0x7fee881a24a0
2026-03-09T20:42:44.355 INFO:teuthology.orchestra.run.vm07.stdout:/usr/bin/ceph: stderr
2026-03-09T20:42:40.887+0000 7fee777fe640 1 -- 192.168.123.107:0/2873418025 <== mon.0 v2:192.168.123.107:3300/0 4 ==== mgrmap(e 9) v1 ==== 49383+0+0 (secure 0 0 0) 0x7fee7800b790 con 0x7fee881a24a0
2026-03-09T20:42:44.355 INFO:teuthology.orchestra.run.vm07.stdout:/usr/bin/ceph: stderr
2026-03-09T20:42:40.887+0000 7fee777fe640 1 --2- 192.168.123.107:0/2873418025 >> [v2:192.168.123.107:6800/810998986,v1:192.168.123.107:6801/810998986] conn(0x7fee6003d280 0x7fee6003f740 unknown :-1 s=NONE pgs=0 cs=0 l=1 rev1=0 crypto rx=0 tx=0 comp rx=0 tx=0).connect
2026-03-09T20:42:44.355 INFO:teuthology.orchestra.run.vm07.stdout:/usr/bin/ceph: stderr
2026-03-09T20:42:40.887+0000 7fee85d74640 1 -- 192.168.123.107:0/2873418025 >> [v2:192.168.123.107:6800/810998986,v1:192.168.123.107:6801/810998986] conn(0x7fee6003d280 msgr2=0x7fee6003f740 unknown :-1 s=STATE_CONNECTING_RE l=1).process reconnect failed to v2:192.168.123.107:6800/810998986
2026-03-09T20:42:44.355 INFO:teuthology.orchestra.run.vm07.stdout:/usr/bin/ceph: stderr
2026-03-09T20:42:40.887+0000 7fee85d74640 1 --2- 192.168.123.107:0/2873418025 >> [v2:192.168.123.107:6800/810998986,v1:192.168.123.107:6801/810998986] conn(0x7fee6003d280 0x7fee6003f740 unknown :-1 s=START_CONNECT pgs=0 cs=0 l=1 rev1=0 crypto rx=0 tx=0 comp rx=0 tx=0)._fault waiting 0.200000
2026-03-09T20:42:44.355 INFO:teuthology.orchestra.run.vm07.stdout:/usr/bin/ceph: stderr
2026-03-09T20:42:40.887+0000 7fee777fe640 1 -- 192.168.123.107:0/2873418025 --> [v2:192.168.123.107:6800/810998986,v1:192.168.123.107:6801/810998986] -- command(tid 0: {"prefix": "get_command_descriptions"}) v1 -- 0x7fee6003fe50 con 0x7fee6003d280
2026-03-09T20:42:44.355 INFO:teuthology.orchestra.run.vm07.stdout:/usr/bin/ceph: stderr
2026-03-09T20:42:40.887+0000 7fee777fe640 1 -- 192.168.123.107:0/2873418025 <== mon.0 v2:192.168.123.107:3300/0 5 ==== osd_map(2..2 src has 1..2) v4 ==== 940+0+0 (secure 0 0 0) 0x7fee78037070 con 0x7fee881a24a0
2026-03-09T20:42:44.355 INFO:teuthology.orchestra.run.vm07.stdout:/usr/bin/ceph: stderr
2026-03-09T20:42:41.087+0000 7fee85d74640 1 -- 192.168.123.107:0/2873418025 >> [v2:192.168.123.107:6800/810998986,v1:192.168.123.107:6801/810998986] conn(0x7fee6003d280 msgr2=0x7fee6003f740 unknown :-1 s=STATE_CONNECTING_RE l=1).process reconnect failed to v2:192.168.123.107:6800/810998986
2026-03-09T20:42:44.355 INFO:teuthology.orchestra.run.vm07.stdout:/usr/bin/ceph: stderr
2026-03-09T20:42:41.087+0000 7fee85d74640 1 --2- 192.168.123.107:0/2873418025 >> [v2:192.168.123.107:6800/810998986,v1:192.168.123.107:6801/810998986] conn(0x7fee6003d280 0x7fee6003f740 unknown :-1 s=START_CONNECT pgs=0 cs=0 l=1 rev1=0 crypto rx=0 tx=0 comp rx=0 tx=0)._fault waiting 0.400000
2026-03-09T20:42:44.355 INFO:teuthology.orchestra.run.vm07.stdout:/usr/bin/ceph: stderr
2026-03-09T20:42:41.488+0000 7fee85d74640 1 -- 192.168.123.107:0/2873418025 >> [v2:192.168.123.107:6800/810998986,v1:192.168.123.107:6801/810998986] conn(0x7fee6003d280 msgr2=0x7fee6003f740 unknown :-1 s=STATE_CONNECTING_RE l=1).process reconnect failed to v2:192.168.123.107:6800/810998986
2026-03-09T20:42:44.355 INFO:teuthology.orchestra.run.vm07.stdout:/usr/bin/ceph: stderr
2026-03-09T20:42:41.488+0000 7fee85d74640 1 --2- 192.168.123.107:0/2873418025 >> [v2:192.168.123.107:6800/810998986,v1:192.168.123.107:6801/810998986] conn(0x7fee6003d280 0x7fee6003f740 unknown :-1 s=START_CONNECT pgs=0 cs=0 l=1 rev1=0 crypto rx=0 tx=0 comp rx=0 tx=0)._fault waiting 0.800000
2026-03-09T20:42:44.355 INFO:teuthology.orchestra.run.vm07.stdout:/usr/bin/ceph: stderr
2026-03-09T20:42:42.289+0000 7fee85d74640 1 -- 192.168.123.107:0/2873418025 >> [v2:192.168.123.107:6800/810998986,v1:192.168.123.107:6801/810998986] conn(0x7fee6003d280 msgr2=0x7fee6003f740 unknown :-1 s=STATE_CONNECTING_RE l=1).process reconnect failed to v2:192.168.123.107:6800/810998986
2026-03-09T20:42:44.355 INFO:teuthology.orchestra.run.vm07.stdout:/usr/bin/ceph: stderr
2026-03-09T20:42:42.289+0000 7fee85d74640 1 --2- 192.168.123.107:0/2873418025 >> [v2:192.168.123.107:6800/810998986,v1:192.168.123.107:6801/810998986] conn(0x7fee6003d280 0x7fee6003f740 unknown :-1 s=START_CONNECT pgs=0 cs=0 l=1 rev1=0 crypto rx=0 tx=0 comp rx=0 tx=0)._fault waiting 1.600000
2026-03-09T20:42:44.355 INFO:teuthology.orchestra.run.vm07.stdout:/usr/bin/ceph: stderr
2026-03-09T20:42:43.302+0000 7fee777fe640 1 -- 192.168.123.107:0/2873418025 <== mon.0 v2:192.168.123.107:3300/0 6 ==== mgrmap(e 10) v1 ==== 49150+0+0 (secure 0 0 0) 0x7fee78073870 con 0x7fee881a24a0
2026-03-09T20:42:44.355 INFO:teuthology.orchestra.run.vm07.stdout:/usr/bin/ceph: stderr
2026-03-09T20:42:43.302+0000 7fee777fe640 1 -- 192.168.123.107:0/2873418025 >> [v2:192.168.123.107:6800/810998986,v1:192.168.123.107:6801/810998986] conn(0x7fee6003d280 msgr2=0x7fee6003f740 unknown :-1 s=STATE_CONNECTING l=1).mark_down
2026-03-09T20:42:44.355 INFO:teuthology.orchestra.run.vm07.stdout:/usr/bin/ceph: stderr
2026-03-09T20:42:43.302+0000 7fee777fe640 1 --2- 192.168.123.107:0/2873418025 >> [v2:192.168.123.107:6800/810998986,v1:192.168.123.107:6801/810998986] conn(0x7fee6003d280 0x7fee6003f740 unknown :-1 s=START_CONNECT pgs=0 cs=0 l=1 rev1=0 crypto rx=0 tx=0 comp rx=0 tx=0).stop
2026-03-09T20:42:44.355 INFO:teuthology.orchestra.run.vm07.stdout:/usr/bin/ceph: stderr
2026-03-09T20:42:44.306+0000 7fee777fe640 1 -- 192.168.123.107:0/2873418025 <== mon.0 v2:192.168.123.107:3300/0 7 ==== mgrmap(e 11) v1 ==== 49277+0+0 (secure 0 0 0) 0x7fee78039330 con 0x7fee881a24a0
2026-03-09T20:42:44.355 INFO:teuthology.orchestra.run.vm07.stdout:/usr/bin/ceph: stderr
2026-03-09T20:42:44.306+0000 7fee777fe640 1 --2- 192.168.123.107:0/2873418025 >> [v2:192.168.123.107:6800/4166937886,v1:192.168.123.107:6801/4166937886] conn(0x7fee60040d30 0x7fee60043120 unknown :-1 s=NONE pgs=0 cs=0 l=1 rev1=0 crypto rx=0 tx=0 comp rx=0 tx=0).connect
2026-03-09T20:42:44.355 INFO:teuthology.orchestra.run.vm07.stdout:/usr/bin/ceph: stderr
2026-03-09T20:42:44.306+0000 7fee777fe640 1 -- 192.168.123.107:0/2873418025 --> [v2:192.168.123.107:6800/4166937886,v1:192.168.123.107:6801/4166937886] -- command(tid 0: {"prefix": "get_command_descriptions"}) v1 -- 0x7fee6003fe50 con 0x7fee60040d30
2026-03-09T20:42:44.355 INFO:teuthology.orchestra.run.vm07.stdout:/usr/bin/ceph: stderr
2026-03-09T20:42:44.307+0000 7fee85d74640 1 --2- 192.168.123.107:0/2873418025 >> [v2:192.168.123.107:6800/4166937886,v1:192.168.123.107:6801/4166937886] conn(0x7fee60040d30 0x7fee60043120 unknown :-1 s=BANNER_CONNECTING pgs=0 cs=0 l=1 rev1=0 crypto rx=0 tx=0 comp rx=0 tx=0)._handle_peer_banner_payload supported=3 required=0
2026-03-09T20:42:44.355 INFO:teuthology.orchestra.run.vm07.stdout:/usr/bin/ceph: stderr
2026-03-09T20:42:44.308+0000 7fee85d74640 1 --2- 192.168.123.107:0/2873418025 >> [v2:192.168.123.107:6800/4166937886,v1:192.168.123.107:6801/4166937886] conn(0x7fee60040d30 0x7fee60043120 secure :-1 s=READY pgs=6 cs=0 l=1 rev1=1 crypto rx=0x7fee80003e00 tx=0x7fee800073c0 comp rx=0 tx=0).ready entity=mgr.14162 client_cookie=0 server_cookie=0 in_seq=0 out_seq=0
2026-03-09T20:42:44.355 INFO:teuthology.orchestra.run.vm07.stdout:/usr/bin/ceph: stderr
2026-03-09T20:42:44.308+0000 7fee777fe640 1 -- 192.168.123.107:0/2873418025 <== mgr.14162 v2:192.168.123.107:6800/4166937886 1 ==== command_reply(tid 0: 0 ) v1 ==== 8+0+7759 (secure 0 0 0) 0x7fee6003fe50 con 0x7fee60040d30
2026-03-09T20:42:44.355 INFO:teuthology.orchestra.run.vm07.stdout:/usr/bin/ceph: stderr
2026-03-09T20:42:44.311+0000 7fee87577640 1 -- 192.168.123.107:0/2873418025 --> [v2:192.168.123.107:6800/4166937886,v1:192.168.123.107:6801/4166937886] -- command(tid 1: {"prefix": "mgr_status"}) v1 -- 0x7fee88071820 con 0x7fee60040d30
2026-03-09T20:42:44.355 INFO:teuthology.orchestra.run.vm07.stdout:/usr/bin/ceph: stderr
2026-03-09T20:42:44.311+0000 7fee777fe640 1 -- 192.168.123.107:0/2873418025 <== mgr.14162 v2:192.168.123.107:6800/4166937886 2 ==== command_reply(tid 1: 0 ) v1 ==== 8+0+52 (secure 0 0 0) 0x7fee88071820 con 0x7fee60040d30
2026-03-09T20:42:44.355 INFO:teuthology.orchestra.run.vm07.stdout:/usr/bin/ceph: stderr
