2026-03-09T20:42:37.996+0000 7f2c26ffd640 1 -- 192.168.123.107:0/764979876 --> [v2:192.168.123.107:3300/0,v1:192.168.123.107:6789/0] -- mon_subscribe({config=0+,monmap=0+}) v3 -- 0x7f2c28072700 con 0x7f2c28071c80
2026-03-09T20:42:38.156 INFO:teuthology.orchestra.run.vm07.stdout:/usr/bin/ceph: stderr
2026-03-09T20:42:37.997+0000 7f2c26ffd640 1 --2- 192.168.123.107:0/764979876 >> [v2:192.168.123.107:3300/0,v1:192.168.123.107:6789/0] conn(0x7f2c28071c80 0x7f2c28072080 secure :-1 s=READY pgs=53 cs=0 l=1 rev1=1 crypto rx=0x7f2c180089a0 tx=0x7f2c18031440 comp rx=0 tx=0).ready entity=mon.0 client_cookie=f38e8d4f59885372 server_cookie=0 in_seq=0 out_seq=0
2026-03-09T20:42:38.156 INFO:teuthology.orchestra.run.vm07.stdout:/usr/bin/ceph: stderr
2026-03-09T20:42:37.997+0000 7f2c25ffb640 1 -- 192.168.123.107:0/764979876 <== mon.0 v2:192.168.123.107:3300/0 1 ==== mon_map magic: 0 v1 ==== 214+0+0 (secure 0 0 0) 0x7f2c18031e50 con 0x7f2c28071c80
2026-03-09T20:42:38.156 INFO:teuthology.orchestra.run.vm07.stdout:/usr/bin/ceph: stderr
2026-03-09T20:42:37.997+0000 7f2c25ffb640 1 -- 192.168.123.107:0/764979876 <== mon.0 v2:192.168.123.107:3300/0 2 ==== config(27 keys) v1 ==== 1108+0+0 (secure 0 0 0) 0x7f2c18035070 con 0x7f2c28071c80
2026-03-09T20:42:38.156 INFO:teuthology.orchestra.run.vm07.stdout:/usr/bin/ceph: stderr
2026-03-09T20:42:37.998+0000 7f2c2da01640 1 -- 192.168.123.107:0/764979876 >> [v2:192.168.123.107:3300/0,v1:192.168.123.107:6789/0] conn(0x7f2c28071c80 msgr2=0x7f2c28072080 secure :-1 s=STATE_CONNECTION_ESTABLISHED l=1).mark_down
2026-03-09T20:42:38.156 INFO:teuthology.orchestra.run.vm07.stdout:/usr/bin/ceph: stderr
2026-03-09T20:42:37.998+0000 7f2c2da01640 1 --2- 192.168.123.107:0/764979876 >> [v2:192.168.123.107:3300/0,v1:192.168.123.107:6789/0] conn(0x7f2c28071c80 0x7f2c28072080 secure :-1 s=READY pgs=53 cs=0 l=1 rev1=1 crypto rx=0x7f2c180089a0 tx=0x7f2c18031440 comp rx=0 tx=0).stop
2026-03-09T20:42:38.156 INFO:teuthology.orchestra.run.vm07.stdout:/usr/bin/ceph: stderr
2026-03-09T20:42:37.998+0000 7f2c2da01640 1 -- 192.168.123.107:0/764979876 shutdown_connections
2026-03-09T20:42:38.156 INFO:teuthology.orchestra.run.vm07.stdout:/usr/bin/ceph: stderr
2026-03-09T20:42:37.998+0000 7f2c2da01640 1 --2- 192.168.123.107:0/764979876 >> [v2:192.168.123.107:3300/0,v1:192.168.123.107:6789/0] conn(0x7f2c28071c80 0x7f2c28072080 unknown :-1 s=CLOSED pgs=53 cs=0 l=1 rev1=1 crypto rx=0 tx=0 comp rx=0 tx=0).stop
2026-03-09T20:42:38.156 INFO:teuthology.orchestra.run.vm07.stdout:/usr/bin/ceph: stderr
2026-03-09T20:42:37.998+0000 7f2c2da01640 1 -- 192.168.123.107:0/764979876 >> 192.168.123.107:0/764979876 conn(0x7f2c2806d2a0 msgr2=0x7f2c2806f6e0 unknown :-1 s=STATE_NONE l=0).mark_down
2026-03-09T20:42:38.156 INFO:teuthology.orchestra.run.vm07.stdout:/usr/bin/ceph: stderr
2026-03-09T20:42:37.998+0000 7f2c2da01640 1 -- 192.168.123.107:0/764979876 shutdown_connections
2026-03-09T20:42:38.156 INFO:teuthology.orchestra.run.vm07.stdout:/usr/bin/ceph: stderr
2026-03-09T20:42:37.998+0000 7f2c2da01640 1 -- 192.168.123.107:0/764979876 wait complete.
2026-03-09T20:42:38.156 INFO:teuthology.orchestra.run.vm07.stdout:/usr/bin/ceph: stderr
2026-03-09T20:42:37.999+0000 7f2c2da01640 1 Processor -- start
2026-03-09T20:42:38.156 INFO:teuthology.orchestra.run.vm07.stdout:/usr/bin/ceph: stderr
2026-03-09T20:42:37.999+0000 7f2c2da01640 1 -- start start
2026-03-09T20:42:38.156 INFO:teuthology.orchestra.run.vm07.stdout:/usr/bin/ceph: stderr
2026-03-09T20:42:37.999+0000 7f2c2da01640 1 --2- >> [v2:192.168.123.107:3300/0,v1:192.168.123.107:6789/0] conn(0x7f2c281a26d0 0x7f2c281a2af0 unknown :-1 s=NONE pgs=0 cs=0 l=1 rev1=0 crypto rx=0 tx=0 comp rx=0 tx=0).connect
2026-03-09T20:42:38.156 INFO:teuthology.orchestra.run.vm07.stdout:/usr/bin/ceph: stderr
2026-03-09T20:42:37.999+0000 7f2c2da01640 1 -- --> [v2:192.168.123.107:3300/0,v1:192.168.123.107:6789/0] -- mon_getmap magic: 0 v1 -- 0x7f2c1803b7a0 con 0x7f2c281a26d0
2026-03-09T20:42:38.156 INFO:teuthology.orchestra.run.vm07.stdout:/usr/bin/ceph: stderr
2026-03-09T20:42:37.999+0000 7f2c26ffd640 1 --2- >> [v2:192.168.123.107:3300/0,v1:192.168.123.107:6789/0] conn(0x7f2c281a26d0 0x7f2c281a2af0 unknown :-1 s=BANNER_CONNECTING pgs=0 cs=0 l=1 rev1=0 crypto rx=0 tx=0 comp rx=0 tx=0)._handle_peer_banner_payload supported=3 required=0
2026-03-09T20:42:38.156 INFO:teuthology.orchestra.run.vm07.stdout:/usr/bin/ceph: stderr
2026-03-09T20:42:37.999+0000 7f2c26ffd640 1 --2- >> [v2:192.168.123.107:3300/0,v1:192.168.123.107:6789/0] conn(0x7f2c281a26d0 0x7f2c281a2af0 unknown :-1 s=HELLO_CONNECTING pgs=0 cs=0 l=1 rev1=1 crypto rx=0 tx=0 comp rx=0 tx=0).handle_hello peer v2:192.168.123.107:3300/0 says I am v2:192.168.123.107:35402/0 (socket says 192.168.123.107:35402)
2026-03-09T20:42:38.156 INFO:teuthology.orchestra.run.vm07.stdout:/usr/bin/ceph: stderr
2026-03-09T20:42:37.999+0000 7f2c26ffd640 1 -- 192.168.123.107:0/2408710745 learned_addr learned my addr 192.168.123.107:0/2408710745 (peer_addr_for_me v2:192.168.123.107:0/0)
2026-03-09T20:42:38.156 INFO:teuthology.orchestra.run.vm07.stdout:/usr/bin/ceph: stderr
2026-03-09T20:42:38.000+0000 7f2c26ffd640 1 -- 192.168.123.107:0/2408710745 --> [v2:192.168.123.107:3300/0,v1:192.168.123.107:6789/0] -- mon_subscribe({config=0+,monmap=0+}) v3 -- 0x7f2c18008650 con 0x7f2c281a26d0
2026-03-09T20:42:38.156 INFO:teuthology.orchestra.run.vm07.stdout:/usr/bin/ceph: stderr
2026-03-09T20:42:38.000+0000 7f2c26ffd640 1 --2- 192.168.123.107:0/2408710745 >> [v2:192.168.123.107:3300/0,v1:192.168.123.107:6789/0] conn(0x7f2c281a26d0 0x7f2c281a2af0 secure :-1 s=READY pgs=54 cs=0 l=1 rev1=1 crypto rx=0x7f2c180319f0 tx=0x7f2c18008c70 comp rx=0 tx=0).ready entity=mon.0 client_cookie=0 server_cookie=0 in_seq=0 out_seq=0
2026-03-09T20:42:38.156 INFO:teuthology.orchestra.run.vm07.stdout:/usr/bin/ceph: stderr
2026-03-09T20:42:38.001+0000 7f2c2c9ff640 1 -- 192.168.123.107:0/2408710745 <== mon.0 v2:192.168.123.107:3300/0 1 ==== mon_map magic: 0 v1 ==== 214+0+0 (secure 0 0 0) 0x7f2c1803bed0 con 0x7f2c281a26d0
2026-03-09T20:42:38.156 INFO:teuthology.orchestra.run.vm07.stdout:/usr/bin/ceph: stderr
2026-03-09T20:42:38.001+0000 7f2c2da01640 1 -- 192.168.123.107:0/2408710745 --> [v2:192.168.123.107:3300/0,v1:192.168.123.107:6789/0] -- mon_subscribe({mgrmap=0+}) v3 -- 0x7f2c281a3030 con 0x7f2c281a26d0
2026-03-09T20:42:38.156 INFO:teuthology.orchestra.run.vm07.stdout:/usr/bin/ceph: stderr
2026-03-09T20:42:38.001+0000 7f2c2da01640 1 -- 192.168.123.107:0/2408710745 --> [v2:192.168.123.107:3300/0,v1:192.168.123.107:6789/0] -- mon_subscribe({osdmap=0}) v3 -- 0x7f2c281a5bd0 con 0x7f2c281a26d0
2026-03-09T20:42:38.156 INFO:teuthology.orchestra.run.vm07.stdout:/usr/bin/ceph: stderr
2026-03-09T20:42:38.001+0000 7f2c2c9ff640 1 -- 192.168.123.107:0/2408710745 <== mon.0 v2:192.168.123.107:3300/0 2 ==== config(27 keys) v1 ==== 1108+0+0 (secure 0 0 0) 0x7f2c18035040 con 0x7f2c281a26d0
2026-03-09T20:42:38.156 INFO:teuthology.orchestra.run.vm07.stdout:/usr/bin/ceph: stderr
2026-03-09T20:42:38.001+0000 7f2c2c9ff640 1 -- 192.168.123.107:0/2408710745 <== mon.0 v2:192.168.123.107:3300/0 3 ==== mon_map magic: 0 v1 ==== 214+0+0 (secure 0 0 0) 0x7f2c1800b9e0 con 0x7f2c281a26d0
2026-03-09T20:42:38.156 INFO:teuthology.orchestra.run.vm07.stdout:/usr/bin/ceph: stderr
2026-03-09T20:42:38.001+0000 7f2c2da01640 1 -- 192.168.123.107:0/2408710745 --> [v2:192.168.123.107:3300/0,v1:192.168.123.107:6789/0] -- mon_command({"prefix": "get_command_descriptions"} v 0) v1 -- 0x7f2c28071c80 con 0x7f2c281a26d0
2026-03-09T20:42:38.156 INFO:teuthology.orchestra.run.vm07.stdout:/usr/bin/ceph: stderr
2026-03-09T20:42:38.002+0000 7f2c2c9ff640 1 -- 192.168.123.107:0/2408710745 <== mon.0 v2:192.168.123.107:3300/0 4 ==== mgrmap(e 8) v1 ==== 49370+0+0 (secure 0 0 0) 0x7f2c18057400 con 0x7f2c281a26d0
2026-03-09T20:42:38.156 INFO:teuthology.orchestra.run.vm07.stdout:/usr/bin/ceph: stderr
2026-03-09T20:42:38.002+0000 7f2c2c9ff640 1 --2- 192.168.123.107:0/2408710745 >> [v2:192.168.123.107:6800/810998986,v1:192.168.123.107:6801/810998986] conn(0x7f2bfc03d230 0x7f2bfc03f6f0 unknown :-1 s=NONE pgs=0 cs=0 l=1 rev1=0 crypto rx=0 tx=0 comp rx=0 tx=0).connect
2026-03-09T20:42:38.156 INFO:teuthology.orchestra.run.vm07.stdout:/usr/bin/ceph: stderr
2026-03-09T20:42:38.002+0000 7f2c2c9ff640 1 -- 192.168.123.107:0/2408710745 <== mon.0 v2:192.168.123.107:3300/0 5 ==== osd_map(2..2 src has 1..2) v4 ==== 940+0+0 (secure 0 0 0) 0x7f2c18037070 con 0x7f2c281a26d0
2026-03-09T20:42:38.156 INFO:teuthology.orchestra.run.vm07.stdout:/usr/bin/ceph: stderr
2026-03-09T20:42:38.002+0000 7f2c267fc640 1 --2- 192.168.123.107:0/2408710745 >> [v2:192.168.123.107:6800/810998986,v1:192.168.123.107:6801/810998986] conn(0x7f2bfc03d230 0x7f2bfc03f6f0 unknown :-1 s=BANNER_CONNECTING pgs=0 cs=0 l=1 rev1=0 crypto rx=0 tx=0 comp rx=0 tx=0)._handle_peer_banner_payload supported=3 required=0
2026-03-09T20:42:38.156 INFO:teuthology.orchestra.run.vm07.stdout:/usr/bin/ceph: stderr
2026-03-09T20:42:38.005+0000 7f2c2c9ff640 1 -- 192.168.123.107:0/2408710745 <== mon.0 v2:192.168.123.107:3300/0 6 ==== mon_command_ack([{"prefix": "get_command_descriptions"}]=0 v0) v1 ==== 72+0+186382 (secure 0 0 0) 0x7f2c180576e0 con 0x7f2c281a26d0
2026-03-09T20:42:38.156 INFO:teuthology.orchestra.run.vm07.stdout:/usr/bin/ceph: stderr
2026-03-09T20:42:38.005+0000 7f2c267fc640 1 --2- 192.168.123.107:0/2408710745 >> [v2:192.168.123.107:6800/810998986,v1:192.168.123.107:6801/810998986] conn(0x7f2bfc03d230 0x7f2bfc03f6f0 secure :-1 s=READY pgs=16 cs=0 l=1 rev1=1 crypto rx=0x7f2c1c0099c0 tx=0x7f2c1c006eb0 comp rx=0 tx=0).ready entity=mgr.14118 client_cookie=0 server_cookie=0 in_seq=0 out_seq=0
2026-03-09T20:42:38.156 INFO:teuthology.orchestra.run.vm07.stdout:/usr/bin/ceph: stderr
2026-03-09T20:42:38.108+0000 7f2c2da01640 1 -- 192.168.123.107:0/2408710745 --> [v2:192.168.123.107:6800/810998986,v1:192.168.123.107:6801/810998986] -- mgr_command(tid 0: {"prefix": "orch apply", "service_type": "prometheus", "target": ["mon-mgr", ""]}) v1 -- 0x7f2c2806f270 con 0x7f2bfc03d230
2026-03-09T20:42:38.156 INFO:teuthology.orchestra.run.vm07.stdout:/usr/bin/ceph: stderr
2026-03-09T20:42:38.115+0000 7f2c2c9ff640 1 -- 192.168.123.107:0/2408710745 <== mgr.14118 v2:192.168.123.107:6800/810998986 1 ==== mgr_command_reply(tid 0: 0 ) v1 ==== 8+0+31 (secure 0 0 0) 0x7f2c2806f270 con 0x7f2bfc03d230
2026-03-09T20:42:38.156 INFO:teuthology.orchestra.run.vm07.stdout:/usr/bin/ceph: stderr
2026-03-09T20:42:38.117+0000 7f2c2da01640 1 -- 192.168.123.107:0/2408710745 >> [v2:192.168.123.107:6800/810998986,v1:192.168.123.107:6801/810998986] conn(0x7f2bfc03d230 msgr2=0x7f2bfc03f6f0 secure :-1 s=STATE_CONNECTION_ESTABLISHED l=1).mark_down
2026-03-09T20:42:38.156 INFO:teuthology.orchestra.run.vm07.stdout:/usr/bin/ceph: stderr
2026-03-09T20:42:38.117+0000 7f2c2da01640 1 --2- 192.168.123.107:0/2408710745 >> [v2:192.168.123.107:6800/810998986,v1:192.168.123.107:6801/810998986] conn(0x7f2bfc03d230 0x7f2bfc03f6f0 secure :-1 s=READY pgs=16 cs=0 l=1 rev1=1 crypto rx=0x7f2c1c0099c0 tx=0x7f2c1c006eb0 comp rx=0 tx=0).stop
2026-03-09T20:42:38.156 INFO:teuthology.orchestra.run.vm07.stdout:/usr/bin/ceph: stderr
2026-03-09T20:42:38.117+0000 7f2c2da01640 1 -- 192.168.123.107:0/2408710745 >> [v2:192.168.123.107:3300/0,v1:192.168.123.107:6789/0] conn(0x7f2c281a26d0 msgr2=0x7f2c281a2af0 secure :-1 s=STATE_CONNECTION_ESTABLISHED l=1).mark_down
2026-03-09T20:42:38.156 INFO:teuthology.orchestra.run.vm07.stdout:/usr/bin/ceph: stderr
2026-03-09T20:42:38.117+0000 7f2c2da01640 1 --2- 192.168.123.107:0/2408710745 >> [v2:192.168.123.107:3300/0,v1:192.168.123.107:6789/0] conn(0x7f2c281a26d0 0x7f2c281a2af0 secure :-1 s=READY pgs=54 cs=0 l=1 rev1=1 crypto rx=0x7f2c180319f0 tx=0x7f2c18008c70 comp rx=0 tx=0).stop
2026-03-09T20:42:38.156 INFO:teuthology.orchestra.run.vm07.stdout:/usr/bin/ceph: stderr
2026-03-09T20:42:38.118+0000 7f2c2da01640 1 -- 192.168.123.107:0/2408710745 shutdown_connections
2026-03-09T20:42:38.156 INFO:teuthology.orchestra.run.vm07.stdout:/usr/bin/ceph: stderr
2026-03-09T20:42:38.118+0000 7f2c2da01640 1 --2- 192.168.123.107:0/2408710745 >> [v2:192.168.123.107:6800/810998986,v1:192.168.123.107:6801/810998986] conn(0x7f2bfc03d230 0x7f2bfc03f6f0 unknown :-1 s=CLOSED pgs=16 cs=0 l=1 rev1=1 crypto rx=0 tx=0 comp rx=0 tx=0).stop
2026-03-09T20:42:38.156 INFO:teuthology.orchestra.run.vm07.stdout:/usr/bin/ceph: stderr
2026-03-09T20:42:38.118+0000 7f2c2da01640 1 --2- 192.168.123.107:0/2408710745 >> [v2:192.168.123.107:3300/0,v1:192.168.123.107:6789/0] conn(0x7f2c281a26d0 0x7f2c281a2af0 unknown :-1 s=CLOSED pgs=54 cs=0 l=1 rev1=1 crypto rx=0 tx=0 comp rx=0 tx=0).stop
2026-03-09T20:42:38.156 INFO:teuthology.orchestra.run.vm07.stdout:/usr/bin/ceph: stderr
2026-03-09T20:42:38.118+0000 7f2c2da01640 1 -- 192.168.123.107:0/2408710745 >> 192.168.123.107:0/2408710745 conn(0x7f2c2806d2a0 msgr2=0x7f2c2806eb60 unknown :-1 s=STATE_NONE l=0).mark_down
2026-03-09T20:42:38.156 INFO:teuthology.orchestra.run.vm07.stdout:/usr/bin/ceph: stderr
2026-03-09T20:42:38.118+0000 7f2c2da01640 1 -- 192.168.123.107:0/2408710745 shutdown_connections
2026-03-09T20:42:38.157 INFO:teuthology.orchestra.run.vm07.stdout:/usr/bin/ceph: stderr
2026-03-09T20:42:38.118+0000 7f2c2da01640 1 -- 192.168.123.107:0/2408710745 wait complete.
2026-03-09T20:42:38.157 INFO:teuthology.orchestra.run.vm07.stdout:Deploying grafana service with default placement...
2026-03-09T20:42:38.383 INFO:journalctl@ceph.mon.vm07.vm07.stdout:Mar 09 20:42:38 vm07 ceph-mon[49120]: Added host vm07
2026-03-09T20:42:38.384 INFO:journalctl@ceph.mon.vm07.vm07.stdout:Mar 09 20:42:38 vm07 ceph-mon[49120]: from='client.14140 -' entity='client.admin' cmd=[{"prefix": "orch apply", "service_type": "mon", "target": ["mon-mgr", ""]}]: dispatch
2026-03-09T20:42:38.384 INFO:journalctl@ceph.mon.vm07.vm07.stdout:Mar 09 20:42:38 vm07 ceph-mon[49120]: Saving service mon spec with placement count:5
2026-03-09T20:42:38.384 INFO:journalctl@ceph.mon.vm07.vm07.stdout:Mar 09 20:42:38 vm07 ceph-mon[49120]: from='client.14142 -' entity='client.admin' cmd=[{"prefix": "orch apply", "service_type": "mgr", "target": ["mon-mgr", ""]}]: dispatch
2026-03-09T20:42:38.384 INFO:journalctl@ceph.mon.vm07.vm07.stdout:Mar 09 20:42:38 vm07 ceph-mon[49120]: Saving service mgr spec with placement count:2
2026-03-09T20:42:38.384 INFO:journalctl@ceph.mon.vm07.vm07.stdout:Mar 09 20:42:38 vm07 ceph-mon[49120]: from='mgr.14118 192.168.123.107:0/1039749675' entity='mgr.vm07.xjrvch'
2026-03-09T20:42:38.384 INFO:journalctl@ceph.mon.vm07.vm07.stdout:Mar 09 20:42:38 vm07 ceph-mon[49120]: from='mgr.14118 192.168.123.107:0/1039749675' entity='mgr.vm07.xjrvch'
2026-03-09T20:42:38.384 INFO:journalctl@ceph.mon.vm07.vm07.stdout:Mar 09 20:42:38 vm07 ceph-mon[49120]: from='mgr.14118 192.168.123.107:0/1039749675' entity='mgr.vm07.xjrvch'
2026-03-09T20:42:38.384 INFO:journalctl@ceph.mon.vm07.vm07.stdout:Mar 09 20:42:38 vm07 ceph-mon[49120]: from='mgr.14118 192.168.123.107:0/1039749675' entity='mgr.vm07.xjrvch'
2026-03-09T20:42:38.384 INFO:journalctl@ceph.mon.vm07.vm07.stdout:Mar 09 20:42:38 vm07 ceph-mon[49120]: from='mgr.14118 192.168.123.107:0/1039749675' entity='mgr.vm07.xjrvch'
2026-03-09T20:42:38.444 INFO:teuthology.orchestra.run.vm07.stdout:/usr/bin/ceph: stdout Scheduled grafana update...
2026-03-09T20:42:38.444 INFO:teuthology.orchestra.run.vm07.stdout:/usr/bin/ceph: stderr
2026-03-09T20:42:38.293+0000 7f371bfff640 1 Processor -- start
2026-03-09T20:42:38.444 INFO:teuthology.orchestra.run.vm07.stdout:/usr/bin/ceph: stderr
2026-03-09T20:42:38.294+0000 7f371bfff640 1 -- start start
2026-03-09T20:42:38.444 INFO:teuthology.orchestra.run.vm07.stdout:/usr/bin/ceph: stderr
2026-03-09T20:42:38.294+0000 7f371bfff640 1 --2- >> [v2:192.168.123.107:3300/0,v1:192.168.123.107:6789/0] conn(0x7f371c071820 0x7f371c071c20 unknown :-1 s=NONE pgs=0 cs=0 l=0 rev1=0 crypto rx=0 tx=0 comp rx=0 tx=0).connect
2026-03-09T20:42:38.444 INFO:teuthology.orchestra.run.vm07.stdout:/usr/bin/ceph: stderr
2026-03-09T20:42:38.294+0000 7f371bfff640 1 -- --> [v2:192.168.123.107:3300/0,v1:192.168.123.107:6789/0] -- mon_getmap magic: 0 v1 -- 0x7f371c0721f0 con 0x7f371c071820
2026-03-09T20:42:38.444 INFO:teuthology.orchestra.run.vm07.stdout:/usr/bin/ceph: stderr
2026-03-09T20:42:38.294+0000 7f371affd640 1 --2- >> [v2:192.168.123.107:3300/0,v1:192.168.123.107:6789/0] conn(0x7f371c071820 0x7f371c071c20 unknown :-1 s=BANNER_CONNECTING pgs=0 cs=0 l=0 rev1=0 crypto rx=0 tx=0 comp rx=0 tx=0)._handle_peer_banner_payload supported=3 required=0
2026-03-09T20:42:38.444 INFO:teuthology.orchestra.run.vm07.stdout:/usr/bin/ceph: stderr
2026-03-09T20:42:38.294+0000 7f371affd640 1 --2- >> [v2:192.168.123.107:3300/0,v1:192.168.123.107:6789/0] conn(0x7f371c071820 0x7f371c071c20 unknown :-1 s=HELLO_CONNECTING pgs=0 cs=0 l=0 rev1=1 crypto rx=0 tx=0 comp rx=0 tx=0).handle_hello peer v2:192.168.123.107:3300/0 says I am v2:192.168.123.107:35404/0 (socket says 192.168.123.107:35404)
2026-03-09T20:42:38.444 INFO:teuthology.orchestra.run.vm07.stdout:/usr/bin/ceph: stderr
2026-03-09T20:42:38.294+0000 7f371affd640 1 -- 192.168.123.107:0/1387173451 learned_addr learned my addr 192.168.123.107:0/1387173451 (peer_addr_for_me v2:192.168.123.107:0/0)
2026-03-09T20:42:38.444 INFO:teuthology.orchestra.run.vm07.stdout:/usr/bin/ceph: stderr
2026-03-09T20:42:38.295+0000 7f371affd640 1 -- 192.168.123.107:0/1387173451 --> [v2:192.168.123.107:3300/0,v1:192.168.123.107:6789/0] -- mon_subscribe({config=0+,monmap=0+}) v3 -- 0x7f371c072330 con 0x7f371c071820
2026-03-09T20:42:38.444 INFO:teuthology.orchestra.run.vm07.stdout:/usr/bin/ceph: stderr
2026-03-09T20:42:38.295+0000 7f371affd640 1 --2- 192.168.123.107:0/1387173451 >> [v2:192.168.123.107:3300/0,v1:192.168.123.107:6789/0] conn(0x7f371c071820 0x7f371c071c20 secure :-1 s=READY pgs=55 cs=0 l=1 rev1=1 crypto rx=0x7f370400d3e0 tx=0x7f37040316e0 comp rx=0 tx=0).ready entity=mon.0 client_cookie=2b720069652acadc server_cookie=0 in_seq=0 out_seq=0
2026-03-09T20:42:38.444 INFO:teuthology.orchestra.run.vm07.stdout:/usr/bin/ceph: stderr
2026-03-09T20:42:38.296+0000 7f371a7fc640 1 -- 192.168.123.107:0/1387173451 <== mon.0 v2:192.168.123.107:3300/0 1 ==== mon_map magic: 0 v1 ==== 214+0+0 (secure 0 0 0) 0x7f370403b440 con 0x7f371c071820
2026-03-09T20:42:38.444 INFO:teuthology.orchestra.run.vm07.stdout:/usr/bin/ceph: stderr
2026-03-09T20:42:38.296+0000 7f371a7fc640 1 -- 192.168.123.107:0/1387173451 <== mon.0 v2:192.168.123.107:3300/0 2 ==== config(27 keys) v1 ==== 1108+0+0 (secure 0 0 0) 0x7f3704034030 con 0x7f371c071820
2026-03-09T20:42:38.444 INFO:teuthology.orchestra.run.vm07.stdout:/usr/bin/ceph: stderr
2026-03-09T20:42:38.296+0000 7f371a7fc640 1 -- 192.168.123.107:0/1387173451 <== mon.0 v2:192.168.123.107:3300/0 3 ==== mon_map magic: 0 v1 ==== 214+0+0 (secure 0 0 0) 0x7f3704039880 con 0x7f371c071820
2026-03-09T20:42:38.444 INFO:teuthology.orchestra.run.vm07.stdout:/usr/bin/ceph: stderr
2026-03-09T20:42:38.297+0000 7f371bfff640 1 -- 192.168.123.107:0/1387173451 >> [v2:192.168.123.107:3300/0,v1:192.168.123.107:6789/0] conn(0x7f371c071820 msgr2=0x7f371c071c20 secure :-1 s=STATE_CONNECTION_ESTABLISHED l=1).mark_down
2026-03-09T20:42:38.444 INFO:teuthology.orchestra.run.vm07.stdout:/usr/bin/ceph: stderr
2026-03-09T20:42:38.297+0000 7f371bfff640 1 --2- 192.168.123.107:0/1387173451 >> [v2:192.168.123.107:3300/0,v1:192.168.123.107:6789/0] conn(0x7f371c071820 0x7f371c071c20 secure :-1 s=READY pgs=55 cs=0 l=1 rev1=1 crypto rx=0x7f370400d3e0 tx=0x7f37040316e0 comp rx=0 tx=0).stop
2026-03-09T20:42:38.444 INFO:teuthology.orchestra.run.vm07.stdout:/usr/bin/ceph: stderr
2026-03-09T20:42:38.297+0000 7f371bfff640 1 -- 192.168.123.107:0/1387173451 shutdown_connections
2026-03-09T20:42:38.444 INFO:teuthology.orchestra.run.vm07.stdout:/usr/bin/ceph: stderr
2026-03-09T20:42:38.297+0000 7f371bfff640 1 --2- 192.168.123.107:0/1387173451 >> [v2:192.168.123.107:3300/0,v1:192.168.123.107:6789/0] conn(0x7f371c071820 0x7f371c071c20 unknown :-1 s=CLOSED pgs=55 cs=0 l=1 rev1=1 crypto rx=0 tx=0 comp rx=0 tx=0).stop
2026-03-09T20:42:38.444 INFO:teuthology.orchestra.run.vm07.stdout:/usr/bin/ceph: stderr
2026-03-09T20:42:38.297+0000 7f371bfff640 1 -- 192.168.123.107:0/1387173451 >> 192.168.123.107:0/1387173451 conn(0x7f371c06d060 msgr2=0x7f371c06f480 unknown :-1 s=STATE_NONE l=0).mark_down
2026-03-09T20:42:38.444 INFO:teuthology.orchestra.run.vm07.stdout:/usr/bin/ceph: stderr
2026-03-09T20:42:38.297+0000 7f371bfff640 1 -- 192.168.123.107:0/1387173451 shutdown_connections
2026-03-09T20:42:38.444 INFO:teuthology.orchestra.run.vm07.stdout:/usr/bin/ceph: stderr
2026-03-09T20:42:38.297+0000 7f371bfff640 1 -- 192.168.123.107:0/1387173451 wait complete.
2026-03-09T20:42:38.444 INFO:teuthology.orchestra.run.vm07.stdout:/usr/bin/ceph: stderr
2026-03-09T20:42:38.297+0000 7f371bfff640 1 Processor -- start
2026-03-09T20:42:38.444 INFO:teuthology.orchestra.run.vm07.stdout:/usr/bin/ceph: stderr
2026-03-09T20:42:38.298+0000 7f371bfff640 1 -- start start
2026-03-09T20:42:38.444 INFO:teuthology.orchestra.run.vm07.stdout:/usr/bin/ceph: stderr
2026-03-09T20:42:38.298+0000 7f371bfff640 1 --2- >> [v2:192.168.123.107:3300/0,v1:192.168.123.107:6789/0] conn(0x7f371c071820 0x7f371c1aada0 unknown :-1 s=NONE pgs=0 cs=0 l=1 rev1=0 crypto rx=0 tx=0 comp rx=0 tx=0).connect
2026-03-09T20:42:38.444 INFO:teuthology.orchestra.run.vm07.stdout:/usr/bin/ceph: stderr
2026-03-09T20:42:38.298+0000 7f371bfff640 1 -- --> [v2:192.168.123.107:3300/0,v1:192.168.123.107:6789/0] -- mon_getmap magic: 0 v1 -- 0x7f371c1ab2e0 con 0x7f371c071820
2026-03-09T20:42:38.444 INFO:teuthology.orchestra.run.vm07.stdout:/usr/bin/ceph: stderr
2026-03-09T20:42:38.298+0000 7f371affd640 1 --2- >> [v2:192.168.123.107:3300/0,v1:192.168.123.107:6789/0] conn(0x7f371c071820 0x7f371c1aada0 unknown :-1 s=BANNER_CONNECTING pgs=0 cs=0 l=1 rev1=0 crypto rx=0 tx=0 comp rx=0 tx=0)._handle_peer_banner_payload supported=3 required=0
2026-03-09T20:42:38.444 INFO:teuthology.orchestra.run.vm07.stdout:/usr/bin/ceph: stderr
2026-03-09T20:42:38.298+0000 7f371affd640 1 --2- >> [v2:192.168.123.107:3300/0,v1:192.168.123.107:6789/0] conn(0x7f371c071820 0x7f371c1aada0 unknown :-1 s=HELLO_CONNECTING pgs=0 cs=0 l=1 rev1=1 crypto rx=0 tx=0 comp rx=0 tx=0).handle_hello peer v2:192.168.123.107:3300/0 says I am v2:192.168.123.107:35410/0 (socket says 192.168.123.107:35410)
2026-03-09T20:42:38.444 INFO:teuthology.orchestra.run.vm07.stdout:/usr/bin/ceph: stderr
2026-03-09T20:42:38.298+0000 7f371affd640 1 -- 192.168.123.107:0/153743935 learned_addr learned my addr 192.168.123.107:0/153743935 (peer_addr_for_me v2:192.168.123.107:0/0)
2026-03-09T20:42:38.444 INFO:teuthology.orchestra.run.vm07.stdout:/usr/bin/ceph: stderr
2026-03-09T20:42:38.298+0000 7f371affd640 1 -- 192.168.123.107:0/153743935 --> [v2:192.168.123.107:3300/0,v1:192.168.123.107:6789/0] -- mon_subscribe({config=0+,monmap=0+}) v3 -- 0x7f3704008650 con 0x7f371c071820
2026-03-09T20:42:38.445 INFO:teuthology.orchestra.run.vm07.stdout:/usr/bin/ceph: stderr
2026-03-09T20:42:38.298+0000 7f371affd640 1 --2- 192.168.123.107:0/153743935 >> [v2:192.168.123.107:3300/0,v1:192.168.123.107:6789/0] conn(0x7f371c071820 0x7f371c1aada0 secure :-1 s=READY pgs=56 cs=0 l=1 rev1=1 crypto rx=0x7f3704039f00 tx=0x7f3704039f30 comp rx=0 tx=0).ready entity=mon.0 client_cookie=0 server_cookie=0 in_seq=0 out_seq=0
2026-03-09T20:42:38.447 INFO:teuthology.orchestra.run.vm07.stdout:/usr/bin/ceph: stderr
2026-03-09T20:42:38.299+0000 7f3718ff9640 1 -- 192.168.123.107:0/153743935 <== mon.0 v2:192.168.123.107:3300/0 1 ==== mon_map magic: 0 v1 ==== 214+0+0 (secure 0 0 0) 0x7f370404f570 con 0x7f371c071820
2026-03-09T20:42:38.447 INFO:teuthology.orchestra.run.vm07.stdout:/usr/bin/ceph: stderr
2026-03-09T20:42:38.299+0000 7f371bfff640 1 -- 192.168.123.107:0/153743935 --> [v2:192.168.123.107:3300/0,v1:192.168.123.107:6789/0] -- mon_subscribe({mgrmap=0+}) v3 -- 0x7f371c1ab4e0 con 0x7f371c071820
2026-03-09T20:42:38.447 INFO:teuthology.orchestra.run.vm07.stdout:/usr/bin/ceph: stderr
2026-03-09T20:42:38.299+0000 7f371bfff640 1 -- 192.168.123.107:0/153743935 --> [v2:192.168.123.107:3300/0,v1:192.168.123.107:6789/0] -- mon_subscribe({osdmap=0}) v3 -- 0x7f371c1ab980 con 0x7f371c071820
2026-03-09T20:42:38.447 INFO:teuthology.orchestra.run.vm07.stdout:/usr/bin/ceph: stderr
2026-03-09T20:42:38.299+0000 7f3718ff9640 1 -- 192.168.123.107:0/153743935 <== mon.0 v2:192.168.123.107:3300/0 2 ==== config(27 keys) v1 ==== 1108+0+0 (secure 0 0 0) 0x7f3704053070 con 0x7f371c071820
2026-03-09T20:42:38.447 INFO:teuthology.orchestra.run.vm07.stdout:/usr/bin/ceph: stderr
2026-03-09T20:42:38.301+0000 7f3718ff9640 1 -- 192.168.123.107:0/153743935 <== mon.0 v2:192.168.123.107:3300/0 3 ==== mon_map magic: 0 v1 ==== 214+0+0 (secure 0 0 0) 0x7f370403bca0 con 0x7f371c071820
2026-03-09T20:42:38.447 INFO:teuthology.orchestra.run.vm07.stdout:/usr/bin/ceph: stderr
2026-03-09T20:42:38.301+0000 7f3718ff9640 1 -- 192.168.123.107:0/153743935 <== mon.0 v2:192.168.123.107:3300/0 4 ==== mgrmap(e 8) v1 ==== 49370+0+0 (secure 0 0 0) 0x7f370405a480 con 0x7f371c071820
2026-03-09T20:42:38.447 INFO:teuthology.orchestra.run.vm07.stdout:/usr/bin/ceph: stderr
2026-03-09T20:42:38.301+0000 7f3718ff9640 1 --2- 192.168.123.107:0/153743935 >> [v2:192.168.123.107:6800/810998986,v1:192.168.123.107:6801/810998986] conn(0x7f36f003d280 0x7f36f003f740 unknown :-1 s=NONE pgs=0 cs=0 l=1 rev1=0 crypto rx=0 tx=0 comp rx=0 tx=0).connect
2026-03-09T20:42:38.447 INFO:teuthology.orchestra.run.vm07.stdout:/usr/bin/ceph: stderr
2026-03-09T20:42:38.301+0000 7f37125ff640 1 --2- 192.168.123.107:0/153743935 >> [v2:192.168.123.107:6800/810998986,v1:192.168.123.107:6801/810998986] conn(0x7f36f003d280 0x7f36f003f740 unknown :-1 s=BANNER_CONNECTING pgs=0 cs=0 l=1 rev1=0 crypto rx=0 tx=0 comp rx=0 tx=0)._handle_peer_banner_payload supported=3 required=0
2026-03-09T20:42:38.447 INFO:teuthology.orchestra.run.vm07.stdout:/usr/bin/ceph: stderr
2026-03-09T20:42:38.301+0000 7f3718ff9640 1 -- 192.168.123.107:0/153743935 <== mon.0 v2:192.168.123.107:3300/0 5 ==== osd_map(2..2 src has 1..2) v4 ==== 940+0+0 (secure 0 0 0) 0x7f3704055070 con 0x7f371c071820
2026-03-09T20:42:38.447 INFO:teuthology.orchestra.run.vm07.stdout:/usr/bin/ceph: stderr
2026-03-09T20:42:38.302+0000 7f37125ff640 1 --2- 192.168.123.107:0/153743935 >> [v2:192.168.123.107:6800/810998986,v1:192.168.123.107:6801/810998986] conn(0x7f36f003d280 0x7f36f003f740 secure :-1 s=READY pgs=17 cs=0 l=1 rev1=1 crypto rx=0x7f37080099c0 tx=0x7f3708006eb0 comp rx=0 tx=0).ready entity=mgr.14118 client_cookie=0 server_cookie=0 in_seq=0 out_seq=0
2026-03-09T20:42:38.447 INFO:teuthology.orchestra.run.vm07.stdout:/usr/bin/ceph: stderr
2026-03-09T20:42:38.302+0000 7f371bfff640 1 -- 192.168.123.107:0/153743935 --> [v2:192.168.123.107:3300/0,v1:192.168.123.107:6789/0] -- mon_command({"prefix": "get_command_descriptions"} v 0) v1 -- 0x7f36e8005350 con 0x7f371c071820
2026-03-09T20:42:38.447 INFO:teuthology.orchestra.run.vm07.stdout:/usr/bin/ceph: stderr
2026-03-09T20:42:38.306+0000 7f3718ff9640 1 -- 192.168.123.107:0/153743935 <== mon.0 v2:192.168.123.107:3300/0 6 ==== mon_command_ack([{"prefix": "get_command_descriptions"}]=0 v0) v1 ==== 72+0+186382 (secure 0 0 0) 0x7f3704058bb0 con 0x7f371c071820
2026-03-09T20:42:38.447 INFO:teuthology.orchestra.run.vm07.stdout:/usr/bin/ceph: stderr
2026-03-09T20:42:38.406+0000 7f371bfff640 1 -- 192.168.123.107:0/153743935 --> [v2:192.168.123.107:6800/810998986,v1:192.168.123.107:6801/810998986] -- mgr_command(tid 0: {"prefix": "orch apply", "service_type": "grafana", "target": ["mon-mgr", ""]}) v1 -- 0x7f36e8002bf0 con 0x7f36f003d280
2026-03-09T20:42:38.447 INFO:teuthology.orchestra.run.vm07.stdout:/usr/bin/ceph: stderr
2026-03-09T20:42:38.410+0000 7f3718ff9640 1 -- 192.168.123.107:0/153743935 <== mgr.14118 v2:192.168.123.107:6800/810998986 1 ==== mgr_command_reply(tid 0: 0 ) v1 ==== 8+0+28 (secure 0 0 0) 0x7f36e8002bf0 con 0x7f36f003d280
2026-03-09T20:42:38.447 INFO:teuthology.orchestra.run.vm07.stdout:/usr/bin/ceph: stderr
2026-03-09T20:42:38.414+0000 7f371bfff640 1 -- 192.168.123.107:0/153743935 >> [v2:192.168.123.107:6800/810998986,v1:192.168.123.107:6801/810998986] conn(0x7f36f003d280 msgr2=0x7f36f003f740 secure :-1 s=STATE_CONNECTION_ESTABLISHED l=1).mark_down
2026-03-09T20:42:38.447 INFO:teuthology.orchestra.run.vm07.stdout:/usr/bin/ceph: stderr
2026-03-09T20:42:38.414+0000 7f371bfff640 1 --2- 192.168.123.107:0/153743935 >> [v2:192.168.123.107:6800/810998986,v1:192.168.123.107:6801/810998986] conn(0x7f36f003d280 0x7f36f003f740 secure :-1 s=READY pgs=17 cs=0 l=1 rev1=1 crypto rx=0x7f37080099c0 tx=0x7f3708006eb0 comp rx=0 tx=0).stop
2026-03-09T20:42:38.447 INFO:teuthology.orchestra.run.vm07.stdout:/usr/bin/ceph: stderr
2026-03-09T20:42:38.414+0000 7f371bfff640 1 -- 192.168.123.107:0/153743935 >> [v2:192.168.123.107:3300/0,v1:192.168.123.107:6789/0] conn(0x7f371c071820 msgr2=0x7f371c1aada0 secure :-1 s=STATE_CONNECTION_ESTABLISHED l=1).mark_down
2026-03-09T20:42:38.447 INFO:teuthology.orchestra.run.vm07.stdout:/usr/bin/ceph: stderr
2026-03-09T20:42:38.414+0000 7f371bfff640 1 --2- 192.168.123.107:0/153743935 >> [v2:192.168.123.107:3300/0,v1:192.168.123.107:6789/0] conn(0x7f371c071820 0x7f371c1aada0 secure :-1 s=READY pgs=56 cs=0 l=1 rev1=1 crypto rx=0x7f3704039f00 tx=0x7f3704039f30 comp rx=0 tx=0).stop
2026-03-09T20:42:38.447 INFO:teuthology.orchestra.run.vm07.stdout:/usr/bin/ceph: stderr
2026-03-09T20:42:38.415+0000 7f371bfff640 1 -- 192.168.123.107:0/153743935 shutdown_connections
2026-03-09T20:42:38.447 INFO:teuthology.orchestra.run.vm07.stdout:/usr/bin/ceph: stderr
2026-03-09T20:42:38.415+0000 7f371bfff640 1 --2- 192.168.123.107:0/153743935 >> [v2:192.168.123.107:6800/810998986,v1:192.168.123.107:6801/810998986] conn(0x7f36f003d280 0x7f36f003f740 unknown :-1 s=CLOSED pgs=17 cs=0 l=1 rev1=1 crypto rx=0 tx=0 comp rx=0 tx=0).stop
2026-03-09T20:42:38.447 INFO:teuthology.orchestra.run.vm07.stdout:/usr/bin/ceph: stderr
2026-03-09T20:42:38.415+0000 7f371bfff640 1 --2- 192.168.123.107:0/153743935 >> [v2:192.168.123.107:3300/0,v1:192.168.123.107:6789/0] conn(0x7f371c071820 0x7f371c1aada0 unknown :-1 s=CLOSED pgs=56 cs=0 l=1 rev1=1 crypto rx=0 tx=0 comp rx=0 tx=0).stop
2026-03-09T20:42:38.447 INFO:teuthology.orchestra.run.vm07.stdout:/usr/bin/ceph: stderr
2026-03-09T20:42:38.415+0000 7f371bfff640 1 -- 192.168.123.107:0/153743935 >> 192.168.123.107:0/153743935 conn(0x7f371c06d060 msgr2=0x7f371c06eb00 unknown :-1 s=STATE_NONE l=0).mark_down
2026-03-09T20:42:38.447 INFO:teuthology.orchestra.run.vm07.stdout:/usr/bin/ceph: stderr
2026-03-09T20:42:38.415+0000 7f371bfff640 1 -- 192.168.123.107:0/153743935 shutdown_connections
2026-03-09T20:42:38.447 INFO:teuthology.orchestra.run.vm07.stdout:/usr/bin/ceph: stderr
2026-03-09T20:42:38.415+0000 7f371bfff640 1 -- 192.168.123.107:0/153743935 wait complete.
2026-03-09T20:42:38.447 INFO:teuthology.orchestra.run.vm07.stdout:Deploying node-exporter service with default placement...
2026-03-09T20:42:38.708 INFO:teuthology.orchestra.run.vm07.stdout:/usr/bin/ceph: stdout Scheduled node-exporter update...
2026-03-09T20:42:38.708 INFO:teuthology.orchestra.run.vm07.stdout:/usr/bin/ceph: stderr
2026-03-09T20:42:38.555+0000 7f7ce6d8a640 1 Processor -- start
2026-03-09T20:42:38.708 INFO:teuthology.orchestra.run.vm07.stdout:/usr/bin/ceph: stderr
2026-03-09T20:42:38.555+0000 7f7ce6d8a640 1 -- start start
2026-03-09T20:42:38.708 INFO:teuthology.orchestra.run.vm07.stdout:/usr/bin/ceph: stderr
2026-03-09T20:42:38.555+0000 7f7ce6d8a640 1 --2- >> [v2:192.168.123.107:3300/0,v1:192.168.123.107:6789/0] conn(0x7f7cd8095310 0x7f7cd8095710 unknown :-1 s=NONE pgs=0 cs=0 l=0 rev1=0 crypto rx=0 tx=0 comp rx=0 tx=0).connect
2026-03-09T20:42:38.708 INFO:teuthology.orchestra.run.vm07.stdout:/usr/bin/ceph: stderr
2026-03-09T20:42:38.555+0000 7f7ce5d88640 1 --2- >> [v2:192.168.123.107:3300/0,v1:192.168.123.107:6789/0] conn(0x7f7cd8095310 0x7f7cd8095710 unknown :-1 s=BANNER_CONNECTING pgs=0 cs=0 l=0 rev1=0 crypto rx=0 tx=0 comp rx=0 tx=0)._handle_peer_banner_payload supported=3 required=0
2026-03-09T20:42:38.708 INFO:teuthology.orchestra.run.vm07.stdout:/usr/bin/ceph: stderr
2026-03-09T20:42:38.555+0000 7f7ce5d88640 1 --2- >> [v2:192.168.123.107:3300/0,v1:192.168.123.107:6789/0] conn(0x7f7cd8095310 0x7f7cd8095710 unknown :-1 s=HELLO_CONNECTING pgs=0 cs=0 l=0 rev1=1 crypto rx=0 tx=0 comp rx=0 tx=0).handle_hello peer v2:192.168.123.107:3300/0 says I am v2:192.168.123.107:35414/0 (socket says 192.168.123.107:35414)
2026-03-09T20:42:38.708 INFO:teuthology.orchestra.run.vm07.stdout:/usr/bin/ceph: stderr
2026-03-09T20:42:38.555+0000 7f7ce5d88640 1 -- 192.168.123.107:0/1280828808 learned_addr learned my addr 192.168.123.107:0/1280828808 (peer_addr_for_me v2:192.168.123.107:0/0)
2026-03-09T20:42:38.708 INFO:teuthology.orchestra.run.vm07.stdout:/usr/bin/ceph: stderr
2026-03-09T20:42:38.555+0000 7f7ce6d8a640 1 -- 192.168.123.107:0/1280828808 --> [v2:192.168.123.107:3300/0,v1:192.168.123.107:6789/0] -- mon_getmap magic: 0 v1 -- 0x7f7cd8095ce0 con 0x7f7cd8095310
2026-03-09T20:42:38.708 INFO:teuthology.orchestra.run.vm07.stdout:/usr/bin/ceph: stderr
2026-03-09T20:42:38.556+0000 7f7ce5d88640 1 -- 192.168.123.107:0/1280828808 --> [v2:192.168.123.107:3300/0,v1:192.168.123.107:6789/0] -- mon_subscribe({config=0+,monmap=0+}) v3 -- 0x7f7cd8096510 con 0x7f7cd8095310
2026-03-09T20:42:38.708 INFO:teuthology.orchestra.run.vm07.stdout:/usr/bin/ceph: stderr
2026-03-09T20:42:38.556+0000 7f7ce5d88640 1 --2- 192.168.123.107:0/1280828808 >> [v2:192.168.123.107:3300/0,v1:192.168.123.107:6789/0] conn(0x7f7cd8095310 0x7f7cd8095710 secure :-1 s=READY pgs=57 cs=0 l=1 rev1=1 crypto rx=0x7f7cd0009b80 tx=0x7f7cd002f190 comp rx=0 tx=0).ready entity=mon.0 client_cookie=9dcc8ceac93f6a56 server_cookie=0 in_seq=0 out_seq=0
2026-03-09T20:42:38.708 INFO:teuthology.orchestra.run.vm07.stdout:/usr/bin/ceph: stderr
2026-03-09T20:42:38.556+0000 7f7ce4d86640 1 -- 192.168.123.107:0/1280828808 <== mon.0 v2:192.168.123.107:3300/0 1 ==== mon_map magic: 0 v1 ==== 214+0+0 (secure 0 0 0) 0x7f7cd002fa10 con 0x7f7cd8095310
2026-03-09T20:42:38.708 INFO:teuthology.orchestra.run.vm07.stdout:/usr/bin/ceph: stderr
2026-03-09T20:42:38.556+0000 7f7ce4d86640 1 -- 192.168.123.107:0/1280828808 <== mon.0 v2:192.168.123.107:3300/0 2 ==== config(27 keys) v1 ==== 1108+0+0 (secure 0 0 0) 0x7f7cd002fb70 con 0x7f7cd8095310
2026-03-09T20:42:38.708 INFO:teuthology.orchestra.run.vm07.stdout:/usr/bin/ceph: stderr
2026-03-09T20:42:38.556+0000 7f7ce4d86640 1 -- 192.168.123.107:0/1280828808 <== mon.0 v2:192.168.123.107:3300/0 3 ==== mon_map magic: 0 v1 ==== 214+0+0 (secure 0 0 0) 0x7f7cd00355b0 con 0x7f7cd8095310
2026-03-09T20:42:38.708 INFO:teuthology.orchestra.run.vm07.stdout:/usr/bin/ceph: stderr
2026-03-09T20:42:38.557+0000 7f7ce6d8a640 1 -- 192.168.123.107:0/1280828808 >> [v2:192.168.123.107:3300/0,v1:192.168.123.107:6789/0] conn(0x7f7cd8095310 msgr2=0x7f7cd8095710 secure :-1 s=STATE_CONNECTION_ESTABLISHED l=1).mark_down
2026-03-09T20:42:38.708 INFO:teuthology.orchestra.run.vm07.stdout:/usr/bin/ceph: stderr
2026-03-09T20:42:38.557+0000 7f7ce6d8a640 1 --2- 192.168.123.107:0/1280828808 >> [v2:192.168.123.107:3300/0,v1:192.168.123.107:6789/0] conn(0x7f7cd8095310 0x7f7cd8095710 secure :-1 s=READY pgs=57 cs=0 l=1 rev1=1 crypto rx=0x7f7cd0009b80 tx=0x7f7cd002f190 comp rx=0 tx=0).stop
2026-03-09T20:42:38.708 INFO:teuthology.orchestra.run.vm07.stdout:/usr/bin/ceph: stderr
2026-03-09T20:42:38.557+0000 7f7ce6d8a640 1 -- 192.168.123.107:0/1280828808 shutdown_connections
2026-03-09T20:42:38.708 INFO:teuthology.orchestra.run.vm07.stdout:/usr/bin/ceph: stderr
2026-03-09T20:42:38.557+0000 7f7ce6d8a640 1 --2- 192.168.123.107:0/1280828808 >> [v2:192.168.123.107:3300/0,v1:192.168.123.107:6789/0] conn(0x7f7cd8095310 0x7f7cd8095710 unknown :-1 s=CLOSED pgs=57 cs=0 l=1 rev1=1 crypto rx=0 tx=0 comp rx=0 tx=0).stop
2026-03-09T20:42:38.708 INFO:teuthology.orchestra.run.vm07.stdout:/usr/bin/ceph: stderr
2026-03-09T20:42:38.557+0000 7f7ce6d8a640 1 -- 192.168.123.107:0/1280828808 >> 192.168.123.107:0/1280828808 conn(0x7f7cd8090aa0 msgr2=0x7f7cd8092ee0 unknown :-1 s=STATE_NONE l=0).mark_down
2026-03-09T20:42:38.708 INFO:teuthology.orchestra.run.vm07.stdout:/usr/bin/ceph: stderr
2026-03-09T20:42:38.557+0000 7f7ce6d8a640 1 -- 192.168.123.107:0/1280828808 shutdown_connections
2026-03-09T20:42:38.708 INFO:teuthology.orchestra.run.vm07.stdout:/usr/bin/ceph: stderr
2026-03-09T20:42:38.557+0000 7f7ce6d8a640 1 -- 192.168.123.107:0/1280828808 wait complete.
2026-03-09T20:42:38.708 INFO:teuthology.orchestra.run.vm07.stdout:/usr/bin/ceph: stderr
2026-03-09T20:42:38.558+0000 7f7ce6d8a640 1 Processor -- start
2026-03-09T20:42:38.708 INFO:teuthology.orchestra.run.vm07.stdout:/usr/bin/ceph: stderr
2026-03-09T20:42:38.558+0000 7f7ce6d8a640 1 -- start start
2026-03-09T20:42:38.708 INFO:teuthology.orchestra.run.vm07.stdout:/usr/bin/ceph: stderr
2026-03-09T20:42:38.558+0000 7f7ce6d8a640 1 --2- >> [v2:192.168.123.107:3300/0,v1:192.168.123.107:6789/0] conn(0x7f7cd8095310 0x7f7cd8007ba0 unknown :-1 s=NONE pgs=0 cs=0 l=1 rev1=0 crypto rx=0 tx=0 comp rx=0 tx=0).connect
2026-03-09T20:42:38.708 INFO:teuthology.orchestra.run.vm07.stdout:/usr/bin/ceph: stderr
2026-03-09T20:42:38.558+0000 7f7ce6d8a640 1 -- --> [v2:192.168.123.107:3300/0,v1:192.168.123.107:6789/0] -- mon_getmap magic: 0 v1 -- 0x7f7cd80080e0 con 0x7f7cd8095310
2026-03-09T20:42:38.708 INFO:teuthology.orchestra.run.vm07.stdout:/usr/bin/ceph: stderr
2026-03-09T20:42:38.558+0000 7f7ce5d88640 1 --2- >> [v2:192.168.123.107:3300/0,v1:192.168.123.107:6789/0] conn(0x7f7cd8095310 0x7f7cd8007ba0 unknown :-1 s=BANNER_CONNECTING pgs=0 cs=0 l=1 rev1=0 crypto rx=0 tx=0 comp rx=0 tx=0)._handle_peer_banner_payload supported=3 required=0
2026-03-09T20:42:38.708 INFO:teuthology.orchestra.run.vm07.stdout:/usr/bin/ceph: stderr
2026-03-09T20:42:38.558+0000 7f7ce5d88640 1 --2- >> [v2:192.168.123.107:3300/0,v1:192.168.123.107:6789/0] conn(0x7f7cd8095310 0x7f7cd8007ba0 unknown :-1 s=HELLO_CONNECTING pgs=0 cs=0 l=1 rev1=1 crypto rx=0 tx=0 comp rx=0 tx=0).handle_hello peer v2:192.168.123.107:3300/0 says I am v2:192.168.123.107:35418/0 (socket says 192.168.123.107:35418)
2026-03-09T20:42:38.708 INFO:teuthology.orchestra.run.vm07.stdout:/usr/bin/ceph: stderr
2026-03-09T20:42:38.558+0000 7f7ce5d88640 1 -- 192.168.123.107:0/1265871036 learned_addr learned my addr 192.168.123.107:0/1265871036 (peer_addr_for_me v2:192.168.123.107:0/0)
2026-03-09T20:42:38.709 INFO:teuthology.orchestra.run.vm07.stdout:/usr/bin/ceph: stderr
2026-03-09T20:42:38.558+0000 7f7ce5d88640 1 -- 192.168.123.107:0/1265871036 --> [v2:192.168.123.107:3300/0,v1:192.168.123.107:6789/0] -- mon_subscribe({config=0+,monmap=0+}) v3 -- 0x7f7cd00095d0 con 0x7f7cd8095310
2026-03-09T20:42:38.709 INFO:teuthology.orchestra.run.vm07.stdout:/usr/bin/ceph: stderr
2026-03-09T20:42:38.558+0000 7f7ce5d88640 1 --2- 192.168.123.107:0/1265871036 >> [v2:192.168.123.107:3300/0,v1:192.168.123.107:6789/0] conn(0x7f7cd8095310 0x7f7cd8007ba0 secure :-1 s=READY pgs=58 cs=0 l=1 rev1=1 crypto rx=0x7f7cd00357a0 tx=0x7f7cd0035e80 comp rx=0 tx=0).ready entity=mon.0 client_cookie=0 server_cookie=0 in_seq=0 out_seq=0
2026-03-09T20:42:38.709 INFO:teuthology.orchestra.run.vm07.stdout:/usr/bin/ceph: stderr
2026-03-09T20:42:38.559+0000 7f7cceffd640 1 -- 192.168.123.107:0/1265871036 <== mon.0 v2:192.168.123.107:3300/0 1 ==== mon_map magic: 0 v1 ==== 214+0+0 (secure 0 0 0) 0x7f7cd0037500 con 0x7f7cd8095310
2026-03-09T20:42:38.709 INFO:teuthology.orchestra.run.vm07.stdout:/usr/bin/ceph: stderr
2026-03-09T20:42:38.559+0000 7f7cceffd640 1 -- 192.168.123.107:0/1265871036 <== mon.0 v2:192.168.123.107:3300/0 2 ==== config(27 keys) v1 ==== 1108+0+0 (secure 0 0 0) 0x7f7cd0037b20 con 0x7f7cd8095310
2026-03-09T20:42:38.709 INFO:teuthology.orchestra.run.vm07.stdout:/usr/bin/ceph: stderr
2026-03-09T20:42:38.559+0000 7f7cceffd640 1 -- 192.168.123.107:0/1265871036 <== mon.0 v2:192.168.123.107:3300/0 3 ==== mon_map magic: 0 v1 ==== 214+0+0 (secure 0 0 0) 0x7f7cd0041e30 con 0x7f7cd8095310
2026-03-09T20:42:38.709 INFO:teuthology.orchestra.run.vm07.stdout:/usr/bin/ceph: stderr
2026-03-09T20:42:38.559+0000 7f7ce6d8a640 1 -- 192.168.123.107:0/1265871036 --> [v2:192.168.123.107:3300/0,v1:192.168.123.107:6789/0] -- mon_subscribe({mgrmap=0+}) v3 -- 0x7f7cd80062d0 con 0x7f7cd8095310
2026-03-09T20:42:38.709 INFO:teuthology.orchestra.run.vm07.stdout:/usr/bin/ceph: stderr
2026-03-09T20:42:38.559+0000 7f7ce6d8a640 1 -- 192.168.123.107:0/1265871036 --> [v2:192.168.123.107:3300/0,v1:192.168.123.107:6789/0] -- mon_subscribe({osdmap=0}) v3 -- 0x7f7cd8006770 con 0x7f7cd8095310
2026-03-09T20:42:38.709 INFO:teuthology.orchestra.run.vm07.stdout:/usr/bin/ceph: stderr
2026-03-09T20:42:38.560+0000 7f7ce6d8a640 1 -- 192.168.123.107:0/1265871036 --> [v2:192.168.123.107:3300/0,v1:192.168.123.107:6789/0] -- mon_command({"prefix": "get_command_descriptions"} v 0) v1 -- 0x7f7ca8005350 con 0x7f7cd8095310
2026-03-09T20:42:38.709 INFO:teuthology.orchestra.run.vm07.stdout:/usr/bin/ceph: stderr
2026-03-09T20:42:38.562+0000 7f7cceffd640 1 -- 192.168.123.107:0/1265871036 <== mon.0 v2:192.168.123.107:3300/0 4 ==== mgrmap(e 8) v1 ==== 49370+0+0 (secure 0 0 0) 0x7f7cd003e030 con 0x7f7cd8095310
2026-03-09T20:42:38.709 INFO:teuthology.orchestra.run.vm07.stdout:/usr/bin/ceph: stderr
2026-03-09T20:42:38.562+0000 7f7cceffd640 1 --2- 192.168.123.107:0/1265871036 >> [v2:192.168.123.107:6800/810998986,v1:192.168.123.107:6801/810998986] conn(0x7f7cb403cec0 0x7f7cb403f380 unknown :-1 s=NONE pgs=0 cs=0 l=1 rev1=0 crypto rx=0 tx=0 comp rx=0 tx=0).connect
2026-03-09T20:42:38.709 INFO:teuthology.orchestra.run.vm07.stdout:/usr/bin/ceph: stderr
2026-03-09T20:42:38.562+0000 7f7cceffd640 1 -- 192.168.123.107:0/1265871036 <== mon.0 v2:192.168.123.107:3300/0 5 ==== osd_map(2..2 src has 1..2) v4 ==== 940+0+0 (secure 0 0 0) 0x7f7cd00764c0 con 0x7f7cd8095310
2026-03-09T20:42:38.709 INFO:teuthology.orchestra.run.vm07.stdout:/usr/bin/ceph: stderr
2026-03-09T20:42:38.565+0000 7f7ce5587640 1 --2- 192.168.123.107:0/1265871036 >> [v2:192.168.123.107:6800/810998986,v1:192.168.123.107:6801/810998986] conn(0x7f7cb403cec0 0x7f7cb403f380 unknown :-1 s=BANNER_CONNECTING pgs=0 cs=0 l=1 rev1=0 crypto rx=0 tx=0 comp rx=0 tx=0)._handle_peer_banner_payload supported=3 required=0
2026-03-09T20:42:38.709 INFO:teuthology.orchestra.run.vm07.stdout:/usr/bin/ceph: stderr
2026-03-09T20:42:38.565+0000 7f7cceffd640 1 -- 192.168.123.107:0/1265871036 <== mon.0 v2:192.168.123.107:3300/0 6 ==== mon_command_ack([{"prefix": "get_command_descriptions"}]=0 v0) v1 ==== 72+0+186382 (secure 0 0 0) 0x7f7cd003fdd0 con 0x7f7cd8095310
2026-03-09T20:42:38.709 INFO:teuthology.orchestra.run.vm07.stdout:/usr/bin/ceph: stderr
2026-03-09T20:42:38.565+0000 7f7ce5587640 1 --2- 192.168.123.107:0/1265871036 >> [v2:192.168.123.107:6800/810998986,v1:192.168.123.107:6801/810998986] conn(0x7f7cb403cec0 0x7f7cb403f380 secure :-1 s=READY pgs=18 cs=0 l=1 rev1=1 crypto rx=0x7f7cd40099c0 tx=0x7f7cd4006eb0 comp rx=0 tx=0).ready entity=mgr.14118 client_cookie=0 server_cookie=0 in_seq=0 out_seq=0
2026-03-09T20:42:38.709 INFO:teuthology.orchestra.run.vm07.stdout:/usr/bin/ceph: stderr
2026-03-09T20:42:38.666+0000 7f7ce6d8a640 1 -- 192.168.123.107:0/1265871036 --> [v2:192.168.123.107:6800/810998986,v1:192.168.123.107:6801/810998986] -- mgr_command(tid 0: {"prefix": "orch apply", "service_type": "node-exporter", "target": ["mon-mgr", ""]}) v1 -- 0x7f7ca8002bf0 con 0x7f7cb403cec0
2026-03-09T20:42:38.709 INFO:teuthology.orchestra.run.vm07.stdout:/usr/bin/ceph: stderr
2026-03-09T20:42:38.673+0000 7f7cceffd640 1 -- 192.168.123.107:0/1265871036 <== mgr.14118 v2:192.168.123.107:6800/810998986 1 ==== mgr_command_reply(tid 0: 0 ) v1 ==== 8+0+34 (secure 0 0 0) 0x7f7ca8002bf0 con 0x7f7cb403cec0
2026-03-09T20:42:38.709 INFO:teuthology.orchestra.run.vm07.stdout:/usr/bin/ceph: stderr
2026-03-09T20:42:38.676+0000 7f7cccff9640 1 -- 192.168.123.107:0/1265871036 >> [v2:192.168.123.107:6800/810998986,v1:192.168.123.107:6801/810998986] conn(0x7f7cb403cec0 msgr2=0x7f7cb403f380 secure :-1 s=STATE_CONNECTION_ESTABLISHED l=1).mark_down
2026-03-09T20:42:38.709 INFO:teuthology.orchestra.run.vm07.stdout:/usr/bin/ceph: stderr
2026-03-09T20:42:38.676+0000 7f7cccff9640 1 --2- 192.168.123.107:0/1265871036 >> [v2:192.168.123.107:6800/810998986,v1:192.168.123.107:6801/810998986] conn(0x7f7cb403cec0 0x7f7cb403f380 secure :-1 s=READY pgs=18 cs=0 l=1 rev1=1 crypto rx=0x7f7cd40099c0 tx=0x7f7cd4006eb0 comp rx=0 tx=0).stop
2026-03-09T20:42:38.709 INFO:teuthology.orchestra.run.vm07.stdout:/usr/bin/ceph: stderr
2026-03-09T20:42:38.676+0000 7f7cccff9640 1 -- 192.168.123.107:0/1265871036 >> [v2:192.168.123.107:3300/0,v1:192.168.123.107:6789/0] conn(0x7f7cd8095310 msgr2=0x7f7cd8007ba0 secure :-1 s=STATE_CONNECTION_ESTABLISHED l=1).mark_down
2026-03-09T20:42:38.709 INFO:teuthology.orchestra.run.vm07.stdout:/usr/bin/ceph: stderr
2026-03-09T20:42:38.676+0000 7f7cccff9640 1 --2- 192.168.123.107:0/1265871036 >> [v2:192.168.123.107:3300/0,v1:192.168.123.107:6789/0] conn(0x7f7cd8095310 0x7f7cd8007ba0 secure :-1 s=READY pgs=58 cs=0 l=1 rev1=1 crypto rx=0x7f7cd00357a0 tx=0x7f7cd0035e80 comp rx=0 tx=0).stop
2026-03-09T20:42:38.709 INFO:teuthology.orchestra.run.vm07.stdout:/usr/bin/ceph: stderr
2026-03-09T20:42:38.676+0000 7f7cccff9640 1 -- 192.168.123.107:0/1265871036 shutdown_connections
2026-03-09T20:42:38.709 INFO:teuthology.orchestra.run.vm07.stdout:/usr/bin/ceph: stderr
2026-03-09T20:42:38.676+0000 7f7cccff9640 1 --2- 192.168.123.107:0/1265871036 >> [v2:192.168.123.107:6800/810998986,v1:192.168.123.107:6801/810998986] conn(0x7f7cb403cec0 0x7f7cb403f380 unknown :-1 s=CLOSED pgs=18 cs=0 l=1 rev1=1 crypto rx=0 tx=0 comp rx=0 tx=0).stop
2026-03-09T20:42:38.709 INFO:teuthology.orchestra.run.vm07.stdout:/usr/bin/ceph: stderr
2026-03-09T20:42:38.676+0000 7f7cccff9640 1 --2- 192.168.123.107:0/1265871036 >> [v2:192.168.123.107:3300/0,v1:192.168.123.107:6789/0] conn(0x7f7cd8095310 0x7f7cd8007ba0 unknown :-1 s=CLOSED pgs=58 cs=0 l=1 rev1=1 crypto rx=0 tx=0 comp rx=0 tx=0).stop
2026-03-09T20:42:38.709 INFO:teuthology.orchestra.run.vm07.stdout:/usr/bin/ceph: stderr
2026-03-09T20:42:38.676+0000 7f7cccff9640 1 -- 192.168.123.107:0/1265871036 >> 192.168.123.107:0/1265871036 conn(0x7f7cd8090aa0 msgr2=0x7f7cd8091560 unknown :-1 s=STATE_NONE l=0).mark_down
2026-03-09T20:42:38.709 INFO:teuthology.orchestra.run.vm07.stdout:/usr/bin/ceph: stderr
2026-03-09T20:42:38.676+0000 7f7cccff9640 1 -- 192.168.123.107:0/1265871036 shutdown_connections
2026-03-09T20:42:38.709 INFO:teuthology.orchestra.run.vm07.stdout:/usr/bin/ceph: stderr
2026-03-09T20:42:38.676+0000 7f7cccff9640 1 -- 192.168.123.107:0/1265871036 wait complete.
2026-03-09T20:42:38.709 INFO:teuthology.orchestra.run.vm07.stdout:Deploying alertmanager service with default placement...
2026-03-09T20:42:38.967 INFO:teuthology.orchestra.run.vm07.stdout:/usr/bin/ceph: stdout Scheduled alertmanager update...
2026-03-09T20:42:38.967 INFO:teuthology.orchestra.run.vm07.stdout:/usr/bin/ceph: stderr
2026-03-09T20:42:38.830+0000 7f1e1012a640 1 Processor -- start
2026-03-09T20:42:38.967 INFO:teuthology.orchestra.run.vm07.stdout:/usr/bin/ceph: stderr
2026-03-09T20:42:38.831+0000 7f1e1012a640 1 -- start start
2026-03-09T20:42:38.967 INFO:teuthology.orchestra.run.vm07.stdout:/usr/bin/ceph: stderr
2026-03-09T20:42:38.831+0000 7f1e1012a640 1 --2- >> [v2:192.168.123.107:3300/0,v1:192.168.123.107:6789/0] conn(0x7f1e081046c0 0x7f1e08104ac0 unknown :-1 s=NONE pgs=0 cs=0 l=0 rev1=0 crypto rx=0 tx=0 comp rx=0 tx=0).connect
2026-03-09T20:42:38.967 INFO:teuthology.orchestra.run.vm07.stdout:/usr/bin/ceph: stderr
2026-03-09T20:42:38.831+0000 7f1e1012a640 1 -- --> [v2:192.168.123.107:3300/0,v1:192.168.123.107:6789/0] -- mon_getmap magic: 0 v1 -- 0x7f1e08105090 con 0x7f1e081046c0
2026-03-09T20:42:38.967 INFO:teuthology.orchestra.run.vm07.stdout:/usr/bin/ceph: stderr
2026-03-09T20:42:38.831+0000 7f1e0de9f640 1 --2- >> [v2:192.168.123.107:3300/0,v1:192.168.123.107:6789/0] conn(0x7f1e081046c0 0x7f1e08104ac0 unknown :-1 s=BANNER_CONNECTING pgs=0 cs=0 l=0 rev1=0 crypto rx=0 tx=0 comp rx=0 tx=0)._handle_peer_banner_payload supported=3 required=0
2026-03-09T20:42:38.967 INFO:teuthology.orchestra.run.vm07.stdout:/usr/bin/ceph: stderr
2026-03-09T20:42:38.831+0000 7f1e0de9f640 1 --2- >> [v2:192.168.123.107:3300/0,v1:192.168.123.107:6789/0] conn(0x7f1e081046c0 0x7f1e08104ac0 unknown :-1 s=HELLO_CONNECTING pgs=0 cs=0 l=0 rev1=1 crypto rx=0 tx=0 comp rx=0 tx=0).handle_hello peer v2:192.168.123.107:3300/0 says I am v2:192.168.123.107:35420/0 (socket says 192.168.123.107:35420)
2026-03-09T20:42:38.967 INFO:teuthology.orchestra.run.vm07.stdout:/usr/bin/ceph: stderr
2026-03-09T20:42:38.831+0000 7f1e0de9f640 1 -- 192.168.123.107:0/2682881284 learned_addr learned my addr 192.168.123.107:0/2682881284 (peer_addr_for_me v2:192.168.123.107:0/0)
2026-03-09T20:42:38.967 INFO:teuthology.orchestra.run.vm07.stdout:/usr/bin/ceph: stderr
2026-03-09T20:42:38.832+0000 7f1e0de9f640 1 -- 192.168.123.107:0/2682881284 --> [v2:192.168.123.107:3300/0,v1:192.168.123.107:6789/0] -- mon_subscribe({config=0+,monmap=0+}) v3 -- 0x7f1e08105850 con 0x7f1e081046c0
2026-03-09T20:42:38.967 INFO:teuthology.orchestra.run.vm07.stdout:/usr/bin/ceph: stderr
2026-03-09T20:42:38.832+0000 7f1e0de9f640 1 --2- 192.168.123.107:0/2682881284 >> [v2:192.168.123.107:3300/0,v1:192.168.123.107:6789/0] conn(0x7f1e081046c0 0x7f1e08104ac0 secure :-1 s=READY pgs=59 cs=0 l=1 rev1=1 crypto rx=0x7f1dfc009920 tx=0x7f1dfc02ef20 comp rx=0 tx=0).ready entity=mon.0 client_cookie=8f1a54d357071df8 server_cookie=0 in_seq=0 out_seq=0
2026-03-09T20:42:38.967 INFO:teuthology.orchestra.run.vm07.stdout:/usr/bin/ceph: stderr
2026-03-09T20:42:38.833+0000 7f1e0ce9d640 1 -- 192.168.123.107:0/2682881284 <== mon.0 v2:192.168.123.107:3300/0 1 ==== mon_map magic: 0 v1 ==== 214+0+0 (secure 0 0 0) 0x7f1dfc02f9b0 con 0x7f1e081046c0
2026-03-09T20:42:38.967 INFO:teuthology.orchestra.run.vm07.stdout:/usr/bin/ceph: stderr
