2026-03-09T20:42:35.080+0000 7f20d77fe640 1 --2- 192.168.123.107:0/3266642496 >> [v2:192.168.123.107:3300/0,v1:192.168.123.107:6789/0] conn(0x7f20d81082f0 0x7f20d81086f0 secure :-1 s=READY pgs=41 cs=0 l=1 rev1=1 crypto rx=0x7f20c4009b30 tx=0x7f20c402f140 comp rx=0 tx=0).ready entity=mon.0 client_cookie=4382e78c80551ff6 server_cookie=0 in_seq=0 out_seq=0
2026-03-09T20:42:35.202 INFO:teuthology.orchestra.run.vm07.stdout:/usr/bin/ceph: stderr
2026-03-09T20:42:35.081+0000 7f20d67fc640 1 -- 192.168.123.107:0/3266642496 <== mon.0 v2:192.168.123.107:3300/0 1 ==== mon_map magic: 0 v1 ==== 214+0+0 (secure 0 0 0) 0x7f20c402fbd0 con 0x7f20d81082f0
2026-03-09T20:42:35.202 INFO:teuthology.orchestra.run.vm07.stdout:/usr/bin/ceph: stderr
2026-03-09T20:42:35.081+0000 7f20d67fc640 1 -- 192.168.123.107:0/3266642496 <== mon.0 v2:192.168.123.107:3300/0 2 ==== config(27 keys) v1 ==== 1041+0+0 (secure 0 0 0) 0x7f20c402fd30 con 0x7f20d81082f0
2026-03-09T20:42:35.202 INFO:teuthology.orchestra.run.vm07.stdout:/usr/bin/ceph: stderr
2026-03-09T20:42:35.081+0000 7f20ddc1c640 1 -- 192.168.123.107:0/3266642496 >> [v2:192.168.123.107:3300/0,v1:192.168.123.107:6789/0] conn(0x7f20d81082f0 msgr2=0x7f20d81086f0 secure :-1 s=STATE_CONNECTION_ESTABLISHED l=1).mark_down
2026-03-09T20:42:35.202 INFO:teuthology.orchestra.run.vm07.stdout:/usr/bin/ceph: stderr
2026-03-09T20:42:35.081+0000 7f20ddc1c640 1 --2- 192.168.123.107:0/3266642496 >> [v2:192.168.123.107:3300/0,v1:192.168.123.107:6789/0] conn(0x7f20d81082f0 0x7f20d81086f0 secure :-1 s=READY pgs=41 cs=0 l=1 rev1=1 crypto rx=0x7f20c4009b30 tx=0x7f20c402f140 comp rx=0 tx=0).stop
2026-03-09T20:42:35.202 INFO:teuthology.orchestra.run.vm07.stdout:/usr/bin/ceph: stderr
2026-03-09T20:42:35.081+0000 7f20ddc1c640 1 -- 192.168.123.107:0/3266642496 shutdown_connections
2026-03-09T20:42:35.202 INFO:teuthology.orchestra.run.vm07.stdout:/usr/bin/ceph: stderr
2026-03-09T20:42:35.081+0000 7f20ddc1c640 1 --2- 192.168.123.107:0/3266642496 >> [v2:192.168.123.107:3300/0,v1:192.168.123.107:6789/0] conn(0x7f20d81082f0 0x7f20d81086f0 unknown :-1 s=CLOSED pgs=41 cs=0 l=1 rev1=1 crypto rx=0 tx=0 comp rx=0 tx=0).stop
2026-03-09T20:42:35.202 INFO:teuthology.orchestra.run.vm07.stdout:/usr/bin/ceph: stderr
2026-03-09T20:42:35.081+0000 7f20ddc1c640 1 -- 192.168.123.107:0/3266642496 >> 192.168.123.107:0/3266642496 conn(0x7f20d807b8c0 msgr2=0x7f20d81066a0 unknown :-1 s=STATE_NONE l=0).mark_down
2026-03-09T20:42:35.202 INFO:teuthology.orchestra.run.vm07.stdout:/usr/bin/ceph: stderr
2026-03-09T20:42:35.082+0000 7f20ddc1c640 1 -- 192.168.123.107:0/3266642496 shutdown_connections
2026-03-09T20:42:35.202 INFO:teuthology.orchestra.run.vm07.stdout:/usr/bin/ceph: stderr
2026-03-09T20:42:35.082+0000 7f20ddc1c640 1 -- 192.168.123.107:0/3266642496 wait complete.
2026-03-09T20:42:35.202 INFO:teuthology.orchestra.run.vm07.stdout:/usr/bin/ceph: stderr
2026-03-09T20:42:35.082+0000 7f20ddc1c640 1 Processor -- start
2026-03-09T20:42:35.202 INFO:teuthology.orchestra.run.vm07.stdout:/usr/bin/ceph: stderr
2026-03-09T20:42:35.082+0000 7f20ddc1c640 1 -- start start
2026-03-09T20:42:35.202 INFO:teuthology.orchestra.run.vm07.stdout:/usr/bin/ceph: stderr
2026-03-09T20:42:35.082+0000 7f20ddc1c640 1 --2- >> [v2:192.168.123.107:3300/0,v1:192.168.123.107:6789/0] conn(0x7f20d819e100 0x7f20d819e520 unknown :-1 s=NONE pgs=0 cs=0 l=1 rev1=0 crypto rx=0 tx=0 comp rx=0 tx=0).connect
2026-03-09T20:42:35.202 INFO:teuthology.orchestra.run.vm07.stdout:/usr/bin/ceph: stderr
2026-03-09T20:42:35.082+0000 7f20ddc1c640 1 -- --> [v2:192.168.123.107:3300/0,v1:192.168.123.107:6789/0] -- mon_getmap magic: 0 v1 -- 0x7f20c4035560 con 0x7f20d819e100
2026-03-09T20:42:35.202 INFO:teuthology.orchestra.run.vm07.stdout:/usr/bin/ceph: stderr
2026-03-09T20:42:35.083+0000 7f20d77fe640 1 --2- >> [v2:192.168.123.107:3300/0,v1:192.168.123.107:6789/0] conn(0x7f20d819e100 0x7f20d819e520 unknown :-1 s=BANNER_CONNECTING pgs=0 cs=0 l=1 rev1=0 crypto rx=0 tx=0 comp rx=0 tx=0)._handle_peer_banner_payload supported=3 required=0
2026-03-09T20:42:35.202 INFO:teuthology.orchestra.run.vm07.stdout:/usr/bin/ceph: stderr
2026-03-09T20:42:35.083+0000 7f20d77fe640 1 --2- >> [v2:192.168.123.107:3300/0,v1:192.168.123.107:6789/0] conn(0x7f20d819e100 0x7f20d819e520 unknown :-1 s=HELLO_CONNECTING pgs=0 cs=0 l=1 rev1=1 crypto rx=0 tx=0 comp rx=0 tx=0).handle_hello peer v2:192.168.123.107:3300/0 says I am v2:192.168.123.107:38794/0 (socket says 192.168.123.107:38794)
2026-03-09T20:42:35.202 INFO:teuthology.orchestra.run.vm07.stdout:/usr/bin/ceph: stderr
2026-03-09T20:42:35.083+0000 7f20d77fe640 1 -- 192.168.123.107:0/852186552 learned_addr learned my addr 192.168.123.107:0/852186552 (peer_addr_for_me v2:192.168.123.107:0/0)
2026-03-09T20:42:35.202 INFO:teuthology.orchestra.run.vm07.stdout:/usr/bin/ceph: stderr
2026-03-09T20:42:35.083+0000 7f20d77fe640 1 -- 192.168.123.107:0/852186552 --> [v2:192.168.123.107:3300/0,v1:192.168.123.107:6789/0] -- mon_subscribe({config=0+,monmap=0+}) v3 -- 0x7f20c40095d0 con 0x7f20d819e100
2026-03-09T20:42:35.202 INFO:teuthology.orchestra.run.vm07.stdout:/usr/bin/ceph: stderr
2026-03-09T20:42:35.083+0000 7f20d77fe640 1 --2- 192.168.123.107:0/852186552 >> [v2:192.168.123.107:3300/0,v1:192.168.123.107:6789/0] conn(0x7f20d819e100 0x7f20d819e520 secure :-1 s=READY pgs=42 cs=0 l=1 rev1=1 crypto rx=0x7f20c402f670 tx=0x7f20c4035f50 comp rx=0 tx=0).ready entity=mon.0 client_cookie=0 server_cookie=0 in_seq=0 out_seq=0
2026-03-09T20:42:35.202 INFO:teuthology.orchestra.run.vm07.stdout:/usr/bin/ceph: stderr
2026-03-09T20:42:35.083+0000 7f20d4ff9640 1 -- 192.168.123.107:0/852186552 <== mon.0 v2:192.168.123.107:3300/0 1 ==== mon_map magic: 0 v1 ==== 214+0+0 (secure 0 0 0) 0x7f20c4037650 con 0x7f20d819e100
2026-03-09T20:42:35.202 INFO:teuthology.orchestra.run.vm07.stdout:/usr/bin/ceph: stderr
2026-03-09T20:42:35.083+0000 7f20d4ff9640 1 -- 192.168.123.107:0/852186552 <== mon.0 v2:192.168.123.107:3300/0 2 ==== config(27 keys) v1 ==== 1041+0+0 (secure 0 0 0) 0x7f20c4037c30 con 0x7f20d819e100
2026-03-09T20:42:35.202 INFO:teuthology.orchestra.run.vm07.stdout:/usr/bin/ceph: stderr
2026-03-09T20:42:35.084+0000 7f20d4ff9640 1 -- 192.168.123.107:0/852186552 <== mon.0 v2:192.168.123.107:3300/0 3 ==== mon_map magic: 0 v1 ==== 214+0+0 (secure 0 0 0) 0x7f20c4042e10 con 0x7f20d819e100
2026-03-09T20:42:35.202 INFO:teuthology.orchestra.run.vm07.stdout:/usr/bin/ceph: stderr
2026-03-09T20:42:35.084+0000 7f20ddc1c640 1 -- 192.168.123.107:0/852186552 --> [v2:192.168.123.107:3300/0,v1:192.168.123.107:6789/0] -- mon_subscribe({mgrmap=0+}) v3 -- 0x7f20d819ea60 con 0x7f20d819e100
2026-03-09T20:42:35.202 INFO:teuthology.orchestra.run.vm07.stdout:/usr/bin/ceph: stderr
2026-03-09T20:42:35.084+0000 7f20ddc1c640 1 -- 192.168.123.107:0/852186552 --> [v2:192.168.123.107:3300/0,v1:192.168.123.107:6789/0] -- mon_subscribe({osdmap=0}) v3 -- 0x7f20d81a1600 con 0x7f20d819e100
2026-03-09T20:42:35.202 INFO:teuthology.orchestra.run.vm07.stdout:/usr/bin/ceph: stderr
2026-03-09T20:42:35.085+0000 7f20d4ff9640 1 -- 192.168.123.107:0/852186552 <== mon.0 v2:192.168.123.107:3300/0 4 ==== mgrmap(e 7) v1 ==== 49264+0+0 (secure 0 0 0) 0x7f20c40377b0 con 0x7f20d819e100
2026-03-09T20:42:35.202 INFO:teuthology.orchestra.run.vm07.stdout:/usr/bin/ceph: stderr
2026-03-09T20:42:35.085+0000 7f20ddc1c640 1 -- 192.168.123.107:0/852186552 --> [v2:192.168.123.107:3300/0,v1:192.168.123.107:6789/0] -- mon_command({"prefix": "get_command_descriptions"} v 0) v1 -- 0x7f20d81082f0 con 0x7f20d819e100
2026-03-09T20:42:35.202 INFO:teuthology.orchestra.run.vm07.stdout:/usr/bin/ceph: stderr
2026-03-09T20:42:35.085+0000 7f20d4ff9640 1 --2- 192.168.123.107:0/852186552 >> [v2:192.168.123.107:6800/810998986,v1:192.168.123.107:6801/810998986] conn(0x7f20ac03ccb0 0x7f20ac03f170 unknown :-1 s=NONE pgs=0 cs=0 l=1 rev1=0 crypto rx=0 tx=0 comp rx=0 tx=0).connect
2026-03-09T20:42:35.202 INFO:teuthology.orchestra.run.vm07.stdout:/usr/bin/ceph: stderr
2026-03-09T20:42:35.085+0000 7f20d4ff9640 1 -- 192.168.123.107:0/852186552 <== mon.0 v2:192.168.123.107:3300/0 5 ==== osd_map(2..2 src has 1..2) v4 ==== 940+0+0 (secure 0 0 0) 0x7f20c4075480 con 0x7f20d819e100
2026-03-09T20:42:35.202 INFO:teuthology.orchestra.run.vm07.stdout:/usr/bin/ceph: stderr
2026-03-09T20:42:35.085+0000 7f20d6ffd640 1 --2- 192.168.123.107:0/852186552 >> [v2:192.168.123.107:6800/810998986,v1:192.168.123.107:6801/810998986] conn(0x7f20ac03ccb0 0x7f20ac03f170 unknown :-1 s=BANNER_CONNECTING pgs=0 cs=0 l=1 rev1=0 crypto rx=0 tx=0 comp rx=0 tx=0)._handle_peer_banner_payload supported=3 required=0
2026-03-09T20:42:35.202 INFO:teuthology.orchestra.run.vm07.stdout:/usr/bin/ceph: stderr
2026-03-09T20:42:35.086+0000 7f20d6ffd640 1 --2- 192.168.123.107:0/852186552 >> [v2:192.168.123.107:6800/810998986,v1:192.168.123.107:6801/810998986] conn(0x7f20ac03ccb0 0x7f20ac03f170 secure :-1 s=READY pgs=10 cs=0 l=1 rev1=1 crypto rx=0x7f20c8009a10 tx=0x7f20c8006eb0 comp rx=0 tx=0).ready entity=mgr.14118 client_cookie=0 server_cookie=0 in_seq=0 out_seq=0
2026-03-09T20:42:35.202 INFO:teuthology.orchestra.run.vm07.stdout:/usr/bin/ceph: stderr
2026-03-09T20:42:35.088+0000 7f20d4ff9640 1 -- 192.168.123.107:0/852186552 <== mon.0 v2:192.168.123.107:3300/0 6 ==== mon_command_ack([{"prefix": "get_command_descriptions"}]=0 v0) v1 ==== 72+0+186382 (secure 0 0 0) 0x7f20c4040b20 con 0x7f20d819e100
2026-03-09T20:42:35.202 INFO:teuthology.orchestra.run.vm07.stdout:/usr/bin/ceph: stderr
2026-03-09T20:42:35.174+0000 7f20ddc1c640 1 -- 192.168.123.107:0/852186552 --> [v2:192.168.123.107:6800/810998986,v1:192.168.123.107:6801/810998986] -- mgr_command(tid 0: {"prefix": "cephadm get-pub-key", "target": ["mon-mgr", ""]}) v1 -- 0x7f20d81061d0 con 0x7f20ac03ccb0
2026-03-09T20:42:35.202 INFO:teuthology.orchestra.run.vm07.stdout:/usr/bin/ceph: stderr
2026-03-09T20:42:35.175+0000 7f20d4ff9640 1 -- 192.168.123.107:0/852186552 <== mgr.14118 v2:192.168.123.107:6800/810998986 1 ==== mgr_command_reply(tid 0: 0 ) v1 ==== 8+0+123 (secure 0 0 0) 0x7f20d81061d0 con 0x7f20ac03ccb0
2026-03-09T20:42:35.202 INFO:teuthology.orchestra.run.vm07.stdout:/usr/bin/ceph: stderr
2026-03-09T20:42:35.177+0000 7f20ddc1c640 1 -- 192.168.123.107:0/852186552 >> [v2:192.168.123.107:6800/810998986,v1:192.168.123.107:6801/810998986] conn(0x7f20ac03ccb0 msgr2=0x7f20ac03f170 secure :-1 s=STATE_CONNECTION_ESTABLISHED l=1).mark_down
2026-03-09T20:42:35.202 INFO:teuthology.orchestra.run.vm07.stdout:/usr/bin/ceph: stderr
2026-03-09T20:42:35.177+0000 7f20ddc1c640 1 --2- 192.168.123.107:0/852186552 >> [v2:192.168.123.107:6800/810998986,v1:192.168.123.107:6801/810998986] conn(0x7f20ac03ccb0 0x7f20ac03f170 secure :-1 s=READY pgs=10 cs=0 l=1 rev1=1 crypto rx=0x7f20c8009a10 tx=0x7f20c8006eb0 comp rx=0 tx=0).stop
2026-03-09T20:42:35.202 INFO:teuthology.orchestra.run.vm07.stdout:/usr/bin/ceph: stderr
2026-03-09T20:42:35.177+0000 7f20ddc1c640 1 -- 192.168.123.107:0/852186552 >> [v2:192.168.123.107:3300/0,v1:192.168.123.107:6789/0] conn(0x7f20d819e100 msgr2=0x7f20d819e520 secure :-1 s=STATE_CONNECTION_ESTABLISHED l=1).mark_down
2026-03-09T20:42:35.203 INFO:teuthology.orchestra.run.vm07.stdout:/usr/bin/ceph: stderr
2026-03-09T20:42:35.177+0000 7f20ddc1c640 1 --2- 192.168.123.107:0/852186552 >> [v2:192.168.123.107:3300/0,v1:192.168.123.107:6789/0] conn(0x7f20d819e100 0x7f20d819e520 secure :-1 s=READY pgs=42 cs=0 l=1 rev1=1 crypto rx=0x7f20c402f670 tx=0x7f20c4035f50 comp rx=0 tx=0).stop
2026-03-09T20:42:35.203 INFO:teuthology.orchestra.run.vm07.stdout:/usr/bin/ceph: stderr
2026-03-09T20:42:35.177+0000 7f20ddc1c640 1 -- 192.168.123.107:0/852186552 shutdown_connections
2026-03-09T20:42:35.203 INFO:teuthology.orchestra.run.vm07.stdout:/usr/bin/ceph: stderr
2026-03-09T20:42:35.177+0000 7f20ddc1c640 1 --2- 192.168.123.107:0/852186552 >> [v2:192.168.123.107:6800/810998986,v1:192.168.123.107:6801/810998986] conn(0x7f20ac03ccb0 0x7f20ac03f170 unknown :-1 s=CLOSED pgs=10 cs=0 l=1 rev1=1 crypto rx=0 tx=0 comp rx=0 tx=0).stop
2026-03-09T20:42:35.203 INFO:teuthology.orchestra.run.vm07.stdout:/usr/bin/ceph: stderr
2026-03-09T20:42:35.177+0000 7f20ddc1c640 1 --2- 192.168.123.107:0/852186552 >> [v2:192.168.123.107:3300/0,v1:192.168.123.107:6789/0] conn(0x7f20d819e100 0x7f20d819e520 unknown :-1 s=CLOSED pgs=42 cs=0 l=1 rev1=1 crypto rx=0 tx=0 comp rx=0 tx=0).stop
2026-03-09T20:42:35.203 INFO:teuthology.orchestra.run.vm07.stdout:/usr/bin/ceph: stderr
2026-03-09T20:42:35.177+0000 7f20ddc1c640 1 -- 192.168.123.107:0/852186552 >> 192.168.123.107:0/852186552 conn(0x7f20d807b8c0 msgr2=0x7f20d8105ac0 unknown :-1 s=STATE_NONE l=0).mark_down
2026-03-09T20:42:35.203 INFO:teuthology.orchestra.run.vm07.stdout:/usr/bin/ceph: stderr
2026-03-09T20:42:35.178+0000 7f20ddc1c640 1 -- 192.168.123.107:0/852186552 shutdown_connections
2026-03-09T20:42:35.203 INFO:teuthology.orchestra.run.vm07.stdout:/usr/bin/ceph: stderr
2026-03-09T20:42:35.178+0000 7f20ddc1c640 1 -- 192.168.123.107:0/852186552 wait complete.
2026-03-09T20:42:35.203 INFO:teuthology.orchestra.run.vm07.stdout:Wrote public SSH key to /home/ubuntu/cephtest/ceph.pub
2026-03-09T20:42:35.203 INFO:teuthology.orchestra.run.vm07.stdout:Adding key to root@localhost authorized_keys...
2026-03-09T20:42:35.203 INFO:teuthology.orchestra.run.vm07.stdout:Adding host vm07...
2026-03-09T20:42:35.237 INFO:journalctl@ceph.mon.vm07.vm07.stdout:Mar 09 20:42:35 vm07 ceph-mon[49120]: from='client.14122 -' entity='client.admin' cmd=[{"prefix": "get_command_descriptions"}]: dispatch
2026-03-09T20:42:35.237 INFO:journalctl@ceph.mon.vm07.vm07.stdout:Mar 09 20:42:35 vm07 ceph-mon[49120]: from='client.14122 -' entity='client.admin' cmd=[{"prefix": "mgr_status"}]: dispatch
2026-03-09T20:42:35.237 INFO:journalctl@ceph.mon.vm07.vm07.stdout:Mar 09 20:42:35 vm07 ceph-mon[49120]: from='mgr.14118 192.168.123.107:0/1039749675' entity='mgr.vm07.xjrvch'
2026-03-09T20:42:35.512 INFO:journalctl@ceph.mon.vm07.vm07.stdout:Mar 09 20:42:35 vm07 ceph-mon[49120]: from='mgr.14118 192.168.123.107:0/1039749675' entity='mgr.vm07.xjrvch' cmd=[{"prefix": "config dump", "format": "json"}]: dispatch
2026-03-09T20:42:35.512 INFO:journalctl@ceph.mon.vm07.vm07.stdout:Mar 09 20:42:35 vm07 ceph-mon[49120]: from='mgr.14118 192.168.123.107:0/1039749675' entity='mgr.vm07.xjrvch' cmd=[{"prefix": "config dump", "format": "json"}]: dispatch
2026-03-09T20:42:35.512 INFO:journalctl@ceph.mon.vm07.vm07.stdout:Mar 09 20:42:35 vm07 ceph-mon[49120]: from='mgr.14118 192.168.123.107:0/1039749675' entity='mgr.vm07.xjrvch'
2026-03-09T20:42:35.512 INFO:journalctl@ceph.mon.vm07.vm07.stdout:Mar 09 20:42:35 vm07 ceph-mon[49120]: from='mgr.14118 192.168.123.107:0/1039749675' entity='mgr.vm07.xjrvch'
2026-03-09T20:42:36.381 INFO:journalctl@ceph.mon.vm07.vm07.stdout:Mar 09 20:42:36 vm07 ceph-mon[49120]: [09/Mar/2026:20:42:34] ENGINE Bus STARTING
2026-03-09T20:42:36.381 INFO:journalctl@ceph.mon.vm07.vm07.stdout:Mar 09 20:42:36 vm07 ceph-mon[49120]: from='client.14130 -' entity='client.admin' cmd=[{"prefix": "orch set backend", "module_name": "cephadm", "target": ["mon-mgr", ""]}]: dispatch
2026-03-09T20:42:36.381 INFO:journalctl@ceph.mon.vm07.vm07.stdout:Mar 09 20:42:36 vm07 ceph-mon[49120]: [09/Mar/2026:20:42:34] ENGINE Serving on http://192.168.123.107:8765
2026-03-09T20:42:36.381 INFO:journalctl@ceph.mon.vm07.vm07.stdout:Mar 09 20:42:36 vm07 ceph-mon[49120]: [09/Mar/2026:20:42:34] ENGINE Serving on https://192.168.123.107:7150
2026-03-09T20:42:36.381 INFO:journalctl@ceph.mon.vm07.vm07.stdout:Mar 09 20:42:36 vm07 ceph-mon[49120]: [09/Mar/2026:20:42:34] ENGINE Bus STARTED
2026-03-09T20:42:36.381 INFO:journalctl@ceph.mon.vm07.vm07.stdout:Mar 09 20:42:36 vm07 ceph-mon[49120]: [09/Mar/2026:20:42:34] ENGINE Client ('192.168.123.107', 45858) lost — peer dropped the TLS connection suddenly, during handshake: (6, 'TLS/SSL connection has been closed (EOF) (_ssl.c:1147)')
2026-03-09T20:42:36.381 INFO:journalctl@ceph.mon.vm07.vm07.stdout:Mar 09 20:42:36 vm07 ceph-mon[49120]: from='client.14132 -' entity='client.admin' cmd=[{"prefix": "cephadm set-user", "user": "root", "target": ["mon-mgr", ""]}]: dispatch
2026-03-09T20:42:36.382 INFO:journalctl@ceph.mon.vm07.vm07.stdout:Mar 09 20:42:36 vm07 ceph-mon[49120]: from='client.14134 -' entity='client.admin' cmd=[{"prefix": "cephadm generate-key", "target": ["mon-mgr", ""]}]: dispatch
2026-03-09T20:42:36.382 INFO:journalctl@ceph.mon.vm07.vm07.stdout:Mar 09 20:42:36 vm07 ceph-mon[49120]: Generating ssh key...
2026-03-09T20:42:36.382 INFO:journalctl@ceph.mon.vm07.vm07.stdout:Mar 09 20:42:36 vm07 ceph-mon[49120]: from='client.14136 -' entity='client.admin' cmd=[{"prefix": "cephadm get-pub-key", "target": ["mon-mgr", ""]}]: dispatch
2026-03-09T20:42:36.382 INFO:journalctl@ceph.mon.vm07.vm07.stdout:Mar 09 20:42:36 vm07 ceph-mon[49120]: mgrmap e8: vm07.xjrvch(active, since 2s)
2026-03-09T20:42:36.755 INFO:teuthology.orchestra.run.vm07.stdout:/usr/bin/ceph: stdout Added host 'vm07' with addr '192.168.123.107'
2026-03-09T20:42:36.755 INFO:teuthology.orchestra.run.vm07.stdout:/usr/bin/ceph: stderr
2026-03-09T20:42:35.312+0000 7feb62d13640 1 Processor -- start
2026-03-09T20:42:36.755 INFO:teuthology.orchestra.run.vm07.stdout:/usr/bin/ceph: stderr
2026-03-09T20:42:35.313+0000 7feb62d13640 1 -- start start
2026-03-09T20:42:36.755 INFO:teuthology.orchestra.run.vm07.stdout:/usr/bin/ceph: stderr
2026-03-09T20:42:35.313+0000 7feb62d13640 1 --2- >> [v2:192.168.123.107:3300/0,v1:192.168.123.107:6789/0] conn(0x7feb5c105530 0x7feb5c107920 unknown :-1 s=NONE pgs=0 cs=0 l=0 rev1=0 crypto rx=0 tx=0 comp rx=0 tx=0).connect
2026-03-09T20:42:36.755 INFO:teuthology.orchestra.run.vm07.stdout:/usr/bin/ceph: stderr
2026-03-09T20:42:35.313+0000 7feb62d13640 1 -- --> [v2:192.168.123.107:3300/0,v1:192.168.123.107:6789/0] -- mon_getmap magic: 0 v1 -- 0x7feb5c107ef0 con 0x7feb5c105530
2026-03-09T20:42:36.755 INFO:teuthology.orchestra.run.vm07.stdout:/usr/bin/ceph: stderr
2026-03-09T20:42:35.314+0000 7feb61d11640 1 --2- >> [v2:192.168.123.107:3300/0,v1:192.168.123.107:6789/0] conn(0x7feb5c105530 0x7feb5c107920 unknown :-1 s=BANNER_CONNECTING pgs=0 cs=0 l=0 rev1=0 crypto rx=0 tx=0 comp rx=0 tx=0)._handle_peer_banner_payload supported=3 required=0
2026-03-09T20:42:36.755 INFO:teuthology.orchestra.run.vm07.stdout:/usr/bin/ceph: stderr
2026-03-09T20:42:35.314+0000 7feb61d11640 1 --2- >> [v2:192.168.123.107:3300/0,v1:192.168.123.107:6789/0] conn(0x7feb5c105530 0x7feb5c107920 unknown :-1 s=HELLO_CONNECTING pgs=0 cs=0 l=0 rev1=1 crypto rx=0 tx=0 comp rx=0 tx=0).handle_hello peer v2:192.168.123.107:3300/0 says I am v2:192.168.123.107:38808/0 (socket says 192.168.123.107:38808)
2026-03-09T20:42:36.755 INFO:teuthology.orchestra.run.vm07.stdout:/usr/bin/ceph: stderr
2026-03-09T20:42:35.314+0000 7feb61d11640 1 -- 192.168.123.107:0/1838782977 learned_addr learned my addr 192.168.123.107:0/1838782977 (peer_addr_for_me v2:192.168.123.107:0/0)
2026-03-09T20:42:36.755 INFO:teuthology.orchestra.run.vm07.stdout:/usr/bin/ceph: stderr
2026-03-09T20:42:35.314+0000 7feb61d11640 1 -- 192.168.123.107:0/1838782977 --> [v2:192.168.123.107:3300/0,v1:192.168.123.107:6789/0] -- mon_subscribe({config=0+,monmap=0+}) v3 -- 0x7feb5c108030 con 0x7feb5c105530
2026-03-09T20:42:36.755 INFO:teuthology.orchestra.run.vm07.stdout:/usr/bin/ceph: stderr
2026-03-09T20:42:35.314+0000 7feb61d11640 1 --2- 192.168.123.107:0/1838782977 >> [v2:192.168.123.107:3300/0,v1:192.168.123.107:6789/0] conn(0x7feb5c105530 0x7feb5c107920 secure :-1 s=READY pgs=43 cs=0 l=1 rev1=1 crypto rx=0x7feb5000bc40 tx=0x7feb50031760 comp rx=0 tx=0).ready entity=mon.0 client_cookie=5e879e61b94155e4 server_cookie=0 in_seq=0 out_seq=0
2026-03-09T20:42:36.755 INFO:teuthology.orchestra.run.vm07.stdout:/usr/bin/ceph: stderr
2026-03-09T20:42:35.315+0000 7feb60d0f640 1 -- 192.168.123.107:0/1838782977 <== mon.0 v2:192.168.123.107:3300/0 1 ==== mon_map magic: 0 v1 ==== 214+0+0 (secure 0 0 0) 0x7feb50036510 con 0x7feb5c105530
2026-03-09T20:42:36.755 INFO:teuthology.orchestra.run.vm07.stdout:/usr/bin/ceph: stderr
2026-03-09T20:42:35.315+0000 7feb60d0f640 1 -- 192.168.123.107:0/1838782977 <== mon.0 v2:192.168.123.107:3300/0 2 ==== config(27 keys) v1 ==== 1041+0+0 (secure 0 0 0) 0x7feb50034050 con 0x7feb5c105530
2026-03-09T20:42:36.755 INFO:teuthology.orchestra.run.vm07.stdout:/usr/bin/ceph: stderr
2026-03-09T20:42:35.315+0000 7feb60d0f640 1 -- 192.168.123.107:0/1838782977 <== mon.0 v2:192.168.123.107:3300/0 3 ==== mon_map magic: 0 v1 ==== 214+0+0 (secure 0 0 0) 0x7feb50038a00 con 0x7feb5c105530
2026-03-09T20:42:36.755 INFO:teuthology.orchestra.run.vm07.stdout:/usr/bin/ceph: stderr
2026-03-09T20:42:35.315+0000 7feb62d13640 1 -- 192.168.123.107:0/1838782977 >> [v2:192.168.123.107:3300/0,v1:192.168.123.107:6789/0] conn(0x7feb5c105530 msgr2=0x7feb5c107920 secure :-1 s=STATE_CONNECTION_ESTABLISHED l=1).mark_down
2026-03-09T20:42:36.755 INFO:teuthology.orchestra.run.vm07.stdout:/usr/bin/ceph: stderr
2026-03-09T20:42:35.315+0000 7feb62d13640 1 --2- 192.168.123.107:0/1838782977 >> [v2:192.168.123.107:3300/0,v1:192.168.123.107:6789/0] conn(0x7feb5c105530 0x7feb5c107920 secure :-1 s=READY pgs=43 cs=0 l=1 rev1=1 crypto rx=0x7feb5000bc40 tx=0x7feb50031760 comp rx=0 tx=0).stop
2026-03-09T20:42:36.755 INFO:teuthology.orchestra.run.vm07.stdout:/usr/bin/ceph: stderr
2026-03-09T20:42:35.315+0000 7feb62d13640 1 -- 192.168.123.107:0/1838782977 shutdown_connections
2026-03-09T20:42:36.755 INFO:teuthology.orchestra.run.vm07.stdout:/usr/bin/ceph: stderr
2026-03-09T20:42:35.315+0000 7feb62d13640 1 --2- 192.168.123.107:0/1838782977 >> [v2:192.168.123.107:3300/0,v1:192.168.123.107:6789/0] conn(0x7feb5c105530 0x7feb5c107920 unknown :-1 s=CLOSED pgs=43 cs=0 l=1 rev1=1 crypto rx=0 tx=0 comp rx=0 tx=0).stop
2026-03-09T20:42:36.755 INFO:teuthology.orchestra.run.vm07.stdout:/usr/bin/ceph: stderr
2026-03-09T20:42:35.315+0000 7feb62d13640 1 -- 192.168.123.107:0/1838782977 >> 192.168.123.107:0/1838782977 conn(0x7feb5c0ff7c0 msgr2=0x7feb5c101c00 unknown :-1 s=STATE_NONE l=0).mark_down
2026-03-09T20:42:36.755 INFO:teuthology.orchestra.run.vm07.stdout:/usr/bin/ceph: stderr
2026-03-09T20:42:35.316+0000 7feb62d13640 1 -- 192.168.123.107:0/1838782977 shutdown_connections
2026-03-09T20:42:36.755 INFO:teuthology.orchestra.run.vm07.stdout:/usr/bin/ceph: stderr
2026-03-09T20:42:35.316+0000 7feb62d13640 1 -- 192.168.123.107:0/1838782977 wait complete.
2026-03-09T20:42:36.755 INFO:teuthology.orchestra.run.vm07.stdout:/usr/bin/ceph: stderr
2026-03-09T20:42:35.316+0000 7feb62d13640 1 Processor -- start
2026-03-09T20:42:36.755 INFO:teuthology.orchestra.run.vm07.stdout:/usr/bin/ceph: stderr
2026-03-09T20:42:35.316+0000 7feb62d13640 1 -- start start
2026-03-09T20:42:36.755 INFO:teuthology.orchestra.run.vm07.stdout:/usr/bin/ceph: stderr
2026-03-09T20:42:35.316+0000 7feb62d13640 1 --2- >> [v2:192.168.123.107:3300/0,v1:192.168.123.107:6789/0] conn(0x7feb5c105530 0x7feb5c199ac0 unknown :-1 s=NONE pgs=0 cs=0 l=1 rev1=0 crypto rx=0 tx=0 comp rx=0 tx=0).connect
2026-03-09T20:42:36.755 INFO:teuthology.orchestra.run.vm07.stdout:/usr/bin/ceph: stderr
2026-03-09T20:42:35.316+0000 7feb62d13640 1 -- --> [v2:192.168.123.107:3300/0,v1:192.168.123.107:6789/0] -- mon_getmap magic: 0 v1 -- 0x7feb5c19a000 con 0x7feb5c105530
2026-03-09T20:42:36.755 INFO:teuthology.orchestra.run.vm07.stdout:/usr/bin/ceph: stderr
2026-03-09T20:42:35.317+0000 7feb61d11640 1 --2- >> [v2:192.168.123.107:3300/0,v1:192.168.123.107:6789/0] conn(0x7feb5c105530 0x7feb5c199ac0 unknown :-1 s=BANNER_CONNECTING pgs=0 cs=0 l=1 rev1=0 crypto rx=0 tx=0 comp rx=0 tx=0)._handle_peer_banner_payload supported=3 required=0
2026-03-09T20:42:36.755 INFO:teuthology.orchestra.run.vm07.stdout:/usr/bin/ceph: stderr
2026-03-09T20:42:35.317+0000 7feb61d11640 1 --2- >> [v2:192.168.123.107:3300/0,v1:192.168.123.107:6789/0] conn(0x7feb5c105530 0x7feb5c199ac0 unknown :-1 s=HELLO_CONNECTING pgs=0 cs=0 l=1 rev1=1 crypto rx=0 tx=0 comp rx=0 tx=0).handle_hello peer v2:192.168.123.107:3300/0 says I am v2:192.168.123.107:38816/0 (socket says 192.168.123.107:38816)
2026-03-09T20:42:36.755 INFO:teuthology.orchestra.run.vm07.stdout:/usr/bin/ceph: stderr
2026-03-09T20:42:35.317+0000 7feb61d11640 1 -- 192.168.123.107:0/2634477429 learned_addr learned my addr 192.168.123.107:0/2634477429 (peer_addr_for_me v2:192.168.123.107:0/0)
2026-03-09T20:42:36.755 INFO:teuthology.orchestra.run.vm07.stdout:/usr/bin/ceph: stderr
2026-03-09T20:42:35.317+0000 7feb61d11640 1 -- 192.168.123.107:0/2634477429 --> [v2:192.168.123.107:3300/0,v1:192.168.123.107:6789/0] -- mon_subscribe({config=0+,monmap=0+}) v3 -- 0x7feb5000b8f0 con 0x7feb5c105530
2026-03-09T20:42:36.755 INFO:teuthology.orchestra.run.vm07.stdout:/usr/bin/ceph: stderr
2026-03-09T20:42:35.317+0000 7feb61d11640 1 --2- 192.168.123.107:0/2634477429 >> [v2:192.168.123.107:3300/0,v1:192.168.123.107:6789/0] conn(0x7feb5c105530 0x7feb5c199ac0 secure :-1 s=READY pgs=44 cs=0 l=1 rev1=1 crypto rx=0x7feb5000bc10 tx=0x7feb50031f20 comp rx=0 tx=0).ready entity=mon.0 client_cookie=0 server_cookie=0 in_seq=0 out_seq=0
2026-03-09T20:42:36.755 INFO:teuthology.orchestra.run.vm07.stdout:/usr/bin/ceph: stderr
2026-03-09T20:42:35.318+0000 7feb4affd640 1 -- 192.168.123.107:0/2634477429 <== mon.0 v2:192.168.123.107:3300/0 1 ==== mon_map magic: 0 v1 ==== 214+0+0 (secure 0 0 0) 0x7feb50038a30 con 0x7feb5c105530
2026-03-09T20:42:36.755 INFO:teuthology.orchestra.run.vm07.stdout:/usr/bin/ceph: stderr
2026-03-09T20:42:35.318+0000 7feb4affd640 1 -- 192.168.123.107:0/2634477429 <== mon.0 v2:192.168.123.107:3300/0 2 ==== config(27 keys) v1 ==== 1041+0+0 (secure 0 0 0) 0x7feb50041ab0 con 0x7feb5c105530
2026-03-09T20:42:36.755 INFO:teuthology.orchestra.run.vm07.stdout:/usr/bin/ceph: stderr
2026-03-09T20:42:35.318+0000 7feb4affd640 1 -- 192.168.123.107:0/2634477429 <== mon.0 v2:192.168.123.107:3300/0 3 ==== mon_map magic: 0 v1 ==== 214+0+0 (secure 0 0 0) 0x7feb50040910 con 0x7feb5c105530
2026-03-09T20:42:36.755 INFO:teuthology.orchestra.run.vm07.stdout:/usr/bin/ceph: stderr
2026-03-09T20:42:35.318+0000 7feb62d13640 1 -- 192.168.123.107:0/2634477429 --> [v2:192.168.123.107:3300/0,v1:192.168.123.107:6789/0] -- mon_subscribe({mgrmap=0+}) v3 -- 0x7feb5c19a200 con 0x7feb5c105530
2026-03-09T20:42:36.755 INFO:teuthology.orchestra.run.vm07.stdout:/usr/bin/ceph: stderr
2026-03-09T20:42:35.318+0000 7feb62d13640 1 -- 192.168.123.107:0/2634477429 --> [v2:192.168.123.107:3300/0,v1:192.168.123.107:6789/0] -- mon_subscribe({osdmap=0}) v3 -- 0x7feb5c19a640 con 0x7feb5c105530
2026-03-09T20:42:36.755 INFO:teuthology.orchestra.run.vm07.stdout:/usr/bin/ceph: stderr
2026-03-09T20:42:35.319+0000 7feb4affd640 1 -- 192.168.123.107:0/2634477429 <== mon.0 v2:192.168.123.107:3300/0 4 ==== mgrmap(e 7) v1 ==== 49264+0+0 (secure 0 0 0) 0x7feb5003f040 con 0x7feb5c105530
2026-03-09T20:42:36.755 INFO:teuthology.orchestra.run.vm07.stdout:/usr/bin/ceph: stderr
2026-03-09T20:42:35.319+0000 7feb62d13640 1 -- 192.168.123.107:0/2634477429 --> [v2:192.168.123.107:3300/0,v1:192.168.123.107:6789/0] -- mon_command({"prefix": "get_command_descriptions"} v 0) v1 -- 0x7feb5c1086c0 con 0x7feb5c105530
2026-03-09T20:42:36.755 INFO:teuthology.orchestra.run.vm07.stdout:/usr/bin/ceph: stderr
2026-03-09T20:42:35.319+0000 7feb4affd640 1 --2- 192.168.123.107:0/2634477429 >> [v2:192.168.123.107:6800/810998986,v1:192.168.123.107:6801/810998986] conn(0x7feb3803cd00 0x7feb3803f1c0 unknown :-1 s=NONE pgs=0 cs=0 l=1 rev1=0 crypto rx=0 tx=0 comp rx=0 tx=0).connect
2026-03-09T20:42:36.755 INFO:teuthology.orchestra.run.vm07.stdout:/usr/bin/ceph: stderr
2026-03-09T20:42:35.319+0000 7feb4affd640 1 -- 192.168.123.107:0/2634477429 <== mon.0 v2:192.168.123.107:3300/0 5 ==== osd_map(2..2 src has 1..2) v4 ==== 940+0+0 (secure 0 0 0) 0x7feb50076b50 con 0x7feb5c105530
2026-03-09T20:42:36.755 INFO:teuthology.orchestra.run.vm07.stdout:/usr/bin/ceph: stderr
2026-03-09T20:42:35.319+0000 7feb61510640 1 --2- 192.168.123.107:0/2634477429 >> [v2:192.168.123.107:6800/810998986,v1:192.168.123.107:6801/810998986] conn(0x7feb3803cd00 0x7feb3803f1c0 unknown :-1 s=BANNER_CONNECTING pgs=0 cs=0 l=1 rev1=0 crypto rx=0 tx=0 comp rx=0 tx=0)._handle_peer_banner_payload supported=3 required=0
2026-03-09T20:42:36.755 INFO:teuthology.orchestra.run.vm07.stdout:/usr/bin/ceph: stderr
2026-03-09T20:42:35.319+0000 7feb61510640 1 --2- 192.168.123.107:0/2634477429 >> [v2:192.168.123.107:6800/810998986,v1:192.168.123.107:6801/810998986] conn(0x7feb3803cd00 0x7feb3803f1c0 secure :-1 s=READY pgs=11 cs=0 l=1 rev1=1 crypto rx=0x7feb4c0099c0 tx=0x7feb4c006eb0 comp rx=0 tx=0).ready entity=mgr.14118 client_cookie=0 server_cookie=0 in_seq=0 out_seq=0
2026-03-09T20:42:36.755 INFO:teuthology.orchestra.run.vm07.stdout:/usr/bin/ceph: stderr
2026-03-09T20:42:35.322+0000 7feb4affd640 1 -- 192.168.123.107:0/2634477429 <== mon.0 v2:192.168.123.107:3300/0 6 ==== mon_command_ack([{"prefix": "get_command_descriptions"}]=0 v0) v1 ==== 72+0+186382 (secure 0 0 0) 0x7feb5000a510 con 0x7feb5c105530
2026-03-09T20:42:36.755 INFO:teuthology.orchestra.run.vm07.stdout:/usr/bin/ceph: stderr
2026-03-09T20:42:35.406+0000 7feb62d13640 1 -- 192.168.123.107:0/2634477429 --> [v2:192.168.123.107:6800/810998986,v1:192.168.123.107:6801/810998986] -- mgr_command(tid 0: {"prefix": "orch host add", "hostname": "vm07", "addr": "192.168.123.107", "target": ["mon-mgr", ""]}) v1 -- 0x7feb5c1009f0 con 0x7feb3803cd00
2026-03-09T20:42:36.755 INFO:teuthology.orchestra.run.vm07.stdout:/usr/bin/ceph: stderr
2026-03-09T20:42:35.957+0000 7feb4affd640 1 -- 192.168.123.107:0/2634477429 <== mon.0 v2:192.168.123.107:3300/0 7 ==== mgrmap(e 8) v1 ==== 49370+0+0 (secure 0 0 0) 0x7feb5000ace0 con 0x7feb5c105530
2026-03-09T20:42:36.755 INFO:teuthology.orchestra.run.vm07.stdout:/usr/bin/ceph: stderr
2026-03-09T20:42:36.719+0000 7feb4affd640 1 -- 192.168.123.107:0/2634477429 <== mgr.14118 v2:192.168.123.107:6800/810998986 1 ==== mgr_command_reply(tid 0: 0 ) v1 ==== 8+0+46 (secure 0 0 0) 0x7feb5c1009f0 con 0x7feb3803cd00
2026-03-09T20:42:36.755 INFO:teuthology.orchestra.run.vm07.stdout:/usr/bin/ceph: stderr
2026-03-09T20:42:36.721+0000 7feb62d13640 1 -- 192.168.123.107:0/2634477429 >> [v2:192.168.123.107:6800/810998986,v1:192.168.123.107:6801/810998986] conn(0x7feb3803cd00 msgr2=0x7feb3803f1c0 secure :-1 s=STATE_CONNECTION_ESTABLISHED l=1).mark_down
2026-03-09T20:42:36.755 INFO:teuthology.orchestra.run.vm07.stdout:/usr/bin/ceph: stderr
2026-03-09T20:42:36.721+0000 7feb62d13640 1 --2- 192.168.123.107:0/2634477429 >> [v2:192.168.123.107:6800/810998986,v1:192.168.123.107:6801/810998986] conn(0x7feb3803cd00 0x7feb3803f1c0 secure :-1 s=READY pgs=11 cs=0 l=1 rev1=1 crypto rx=0x7feb4c0099c0 tx=0x7feb4c006eb0 comp rx=0 tx=0).stop
2026-03-09T20:42:36.755 INFO:teuthology.orchestra.run.vm07.stdout:/usr/bin/ceph: stderr
2026-03-09T20:42:36.721+0000 7feb62d13640 1 -- 192.168.123.107:0/2634477429 >> [v2:192.168.123.107:3300/0,v1:192.168.123.107:6789/0] conn(0x7feb5c105530 msgr2=0x7feb5c199ac0 secure :-1 s=STATE_CONNECTION_ESTABLISHED l=1).mark_down
2026-03-09T20:42:36.755 INFO:teuthology.orchestra.run.vm07.stdout:/usr/bin/ceph: stderr
2026-03-09T20:42:36.721+0000 7feb62d13640 1 --2- 192.168.123.107:0/2634477429 >> [v2:192.168.123.107:3300/0,v1:192.168.123.107:6789/0] conn(0x7feb5c105530 0x7feb5c199ac0 secure :-1 s=READY pgs=44 cs=0 l=1 rev1=1 crypto rx=0x7feb5000bc10 tx=0x7feb50031f20 comp rx=0 tx=0).stop
2026-03-09T20:42:36.755 INFO:teuthology.orchestra.run.vm07.stdout:/usr/bin/ceph: stderr
2026-03-09T20:42:36.722+0000 7feb62d13640 1 -- 192.168.123.107:0/2634477429 shutdown_connections
2026-03-09T20:42:36.756 INFO:teuthology.orchestra.run.vm07.stdout:/usr/bin/ceph: stderr
2026-03-09T20:42:36.722+0000 7feb62d13640 1 --2- 192.168.123.107:0/2634477429 >> [v2:192.168.123.107:6800/810998986,v1:192.168.123.107:6801/810998986] conn(0x7feb3803cd00 0x7feb3803f1c0 unknown :-1 s=CLOSED pgs=11 cs=0 l=1 rev1=1 crypto rx=0 tx=0 comp rx=0 tx=0).stop
2026-03-09T20:42:36.756 INFO:teuthology.orchestra.run.vm07.stdout:/usr/bin/ceph: stderr
2026-03-09T20:42:36.722+0000 7feb62d13640 1 --2- 192.168.123.107:0/2634477429 >> [v2:192.168.123.107:3300/0,v1:192.168.123.107:6789/0] conn(0x7feb5c105530 0x7feb5c199ac0 unknown :-1 s=CLOSED pgs=44 cs=0 l=1 rev1=1 crypto rx=0 tx=0 comp rx=0 tx=0).stop
2026-03-09T20:42:36.756 INFO:teuthology.orchestra.run.vm07.stdout:/usr/bin/ceph: stderr
2026-03-09T20:42:36.722+0000 7feb62d13640 1 -- 192.168.123.107:0/2634477429 >> 192.168.123.107:0/2634477429 conn(0x7feb5c0ff7c0 msgr2=0x7feb5c1002e0 unknown :-1 s=STATE_NONE l=0).mark_down
2026-03-09T20:42:36.756 INFO:teuthology.orchestra.run.vm07.stdout:/usr/bin/ceph: stderr
2026-03-09T20:42:36.722+0000 7feb62d13640 1 -- 192.168.123.107:0/2634477429 shutdown_connections
2026-03-09T20:42:36.756 INFO:teuthology.orchestra.run.vm07.stdout:/usr/bin/ceph: stderr
2026-03-09T20:42:36.722+0000 7feb62d13640 1 -- 192.168.123.107:0/2634477429 wait complete.
2026-03-09T20:42:36.756 INFO:teuthology.orchestra.run.vm07.stdout:Deploying mon service with default placement...
2026-03-09T20:42:37.029 INFO:teuthology.orchestra.run.vm07.stdout:/usr/bin/ceph: stdout Scheduled mon update...
2026-03-09T20:42:37.030 INFO:teuthology.orchestra.run.vm07.stdout:/usr/bin/ceph: stderr
2026-03-09T20:42:36.875+0000 7fe2671d8640 1 Processor -- start
2026-03-09T20:42:37.030 INFO:teuthology.orchestra.run.vm07.stdout:/usr/bin/ceph: stderr
2026-03-09T20:42:36.875+0000 7fe2671d8640 1 -- start start
2026-03-09T20:42:37.030 INFO:teuthology.orchestra.run.vm07.stdout:/usr/bin/ceph: stderr
2026-03-09T20:42:36.876+0000 7fe2671d8640 1 --2- >> [v2:192.168.123.107:3300/0,v1:192.168.123.107:6789/0] conn(0x7fe26007be10 0x7fe26007a310 unknown :-1 s=NONE pgs=0 cs=0 l=0 rev1=0 crypto rx=0 tx=0 comp rx=0 tx=0).connect
2026-03-09T20:42:37.030 INFO:teuthology.orchestra.run.vm07.stdout:/usr/bin/ceph: stderr
2026-03-09T20:42:36.876+0000 7fe2671d8640 1 -- --> [v2:192.168.123.107:3300/0,v1:192.168.123.107:6789/0] -- mon_getmap magic: 0 v1 -- 0x7fe26007a850 con 0x7fe26007be10
2026-03-09T20:42:37.031 INFO:teuthology.orchestra.run.vm07.stdout:/usr/bin/ceph: stderr
2026-03-09T20:42:36.876+0000 7fe264f4d640 1 --2- >> [v2:192.168.123.107:3300/0,v1:192.168.123.107:6789/0] conn(0x7fe26007be10 0x7fe26007a310 unknown :-1 s=BANNER_CONNECTING pgs=0 cs=0 l=0 rev1=0 crypto rx=0 tx=0 comp rx=0 tx=0)._handle_peer_banner_payload supported=3 required=0
2026-03-09T20:42:37.031 INFO:teuthology.orchestra.run.vm07.stdout:/usr/bin/ceph: stderr
2026-03-09T20:42:36.876+0000 7fe264f4d640 1 --2- >> [v2:192.168.123.107:3300/0,v1:192.168.123.107:6789/0] conn(0x7fe26007be10 0x7fe26007a310 unknown :-1 s=HELLO_CONNECTING pgs=0 cs=0 l=0 rev1=1 crypto rx=0 tx=0 comp rx=0 tx=0).handle_hello peer v2:192.168.123.107:3300/0 says I am v2:192.168.123.107:38820/0 (socket says 192.168.123.107:38820)
2026-03-09T20:42:37.031 INFO:teuthology.orchestra.run.vm07.stdout:/usr/bin/ceph: stderr
2026-03-09T20:42:36.876+0000 7fe264f4d640 1 -- 192.168.123.107:0/3167926175 learned_addr learned my addr 192.168.123.107:0/3167926175 (peer_addr_for_me v2:192.168.123.107:0/0)
2026-03-09T20:42:37.031 INFO:teuthology.orchestra.run.vm07.stdout:/usr/bin/ceph: stderr
2026-03-09T20:42:36.877+0000 7fe264f4d640 1 -- 192.168.123.107:0/3167926175 --> [v2:192.168.123.107:3300/0,v1:192.168.123.107:6789/0] -- mon_subscribe({config=0+,monmap=0+}) v3 -- 0x7fe26007a990 con 0x7fe26007be10
2026-03-09T20:42:37.031 INFO:teuthology.orchestra.run.vm07.stdout:/usr/bin/ceph: stderr
2026-03-09T20:42:36.877+0000 7fe264f4d640 1 --2- 192.168.123.107:0/3167926175 >> [v2:192.168.123.107:3300/0,v1:192.168.123.107:6789/0] conn(0x7fe26007be10 0x7fe26007a310 secure :-1 s=READY pgs=45 cs=0 l=1 rev1=1 crypto rx=0x7fe24c009b80 tx=0x7fe24c02f190 comp rx=0 tx=0).ready entity=mon.0 client_cookie=a9d1ebec026ab19a server_cookie=0 in_seq=0 out_seq=0
2026-03-09T20:42:37.031 INFO:teuthology.orchestra.run.vm07.stdout:/usr/bin/ceph: stderr
2026-03-09T20:42:36.877+0000 7fe25f7fe640 1 -- 192.168.123.107:0/3167926175 <== mon.0 v2:192.168.123.107:3300/0 1 ==== mon_map magic: 0 v1 ==== 214+0+0 (secure 0 0 0) 0x7fe24c02fa10 con 0x7fe26007be10
2026-03-09T20:42:37.031 INFO:teuthology.orchestra.run.vm07.stdout:/usr/bin/ceph: stderr
2026-03-09T20:42:36.877+0000 7fe25f7fe640 1 -- 192.168.123.107:0/3167926175 <== mon.0 v2:192.168.123.107:3300/0 2 ==== config(27 keys) v1 ==== 1041+0+0 (secure 0 0 0) 0x7fe24c037440 con 0x7fe26007be10
2026-03-09T20:42:37.031 INFO:teuthology.orchestra.run.vm07.stdout:/usr/bin/ceph: stderr
2026-03-09T20:42:36.877+0000 7fe25f7fe640 1 -- 192.168.123.107:0/3167926175 <== mon.0 v2:192.168.123.107:3300/0 3 ==== mon_map magic: 0 v1 ==== 214+0+0 (secure 0 0 0) 0x7fe24c035540 con 0x7fe26007be10
2026-03-09T20:42:37.031 INFO:teuthology.orchestra.run.vm07.stdout:/usr/bin/ceph: stderr
2026-03-09T20:42:36.878+0000 7fe2671d8640 1 -- 192.168.123.107:0/3167926175 >> [v2:192.168.123.107:3300/0,v1:192.168.123.107:6789/0] conn(0x7fe26007be10 msgr2=0x7fe26007a310 secure :-1 s=STATE_CONNECTION_ESTABLISHED l=1).mark_down
2026-03-09T20:42:37.031 INFO:teuthology.orchestra.run.vm07.stdout:/usr/bin/ceph: stderr
2026-03-09T20:42:36.878+0000 7fe2671d8640 1 --2- 192.168.123.107:0/3167926175 >> [v2:192.168.123.107:3300/0,v1:192.168.123.107:6789/0] conn(0x7fe26007be10 0x7fe26007a310 secure :-1 s=READY pgs=45 cs=0 l=1 rev1=1 crypto rx=0x7fe24c009b80 tx=0x7fe24c02f190 comp rx=0 tx=0).stop
2026-03-09T20:42:37.031 INFO:teuthology.orchestra.run.vm07.stdout:/usr/bin/ceph: stderr
2026-03-09T20:42:36.878+0000 7fe2671d8640 1 -- 192.168.123.107:0/3167926175 shutdown_connections
2026-03-09T20:42:37.031 INFO:teuthology.orchestra.run.vm07.stdout:/usr/bin/ceph: stderr
2026-03-09T20:42:36.878+0000 7fe2671d8640 1 --2- 192.168.123.107:0/3167926175 >> [v2:192.168.123.107:3300/0,v1:192.168.123.107:6789/0] conn(0x7fe26007be10 0x7fe26007a310 unknown :-1 s=CLOSED pgs=45 cs=0 l=1 rev1=1 crypto rx=0 tx=0 comp rx=0 tx=0).stop
2026-03-09T20:42:37.031 INFO:teuthology.orchestra.run.vm07.stdout:/usr/bin/ceph: stderr
2026-03-09T20:42:36.878+0000 7fe2671d8640 1 -- 192.168.123.107:0/3167926175 >> 192.168.123.107:0/3167926175 conn(0x7fe2601018b0 msgr2=0x7fe260103cd0 unknown :-1 s=STATE_NONE l=0).mark_down
2026-03-09T20:42:37.031 INFO:teuthology.orchestra.run.vm07.stdout:/usr/bin/ceph: stderr
2026-03-09T20:42:36.878+0000 7fe2671d8640 1 -- 192.168.123.107:0/3167926175 shutdown_connections
2026-03-09T20:42:37.031 INFO:teuthology.orchestra.run.vm07.stdout:/usr/bin/ceph: stderr
2026-03-09T20:42:36.878+0000 7fe2671d8640 1 -- 192.168.123.107:0/3167926175 wait complete.
2026-03-09T20:42:37.031 INFO:teuthology.orchestra.run.vm07.stdout:/usr/bin/ceph: stderr
2026-03-09T20:42:36.879+0000 7fe2671d8640 1 Processor -- start
2026-03-09T20:42:37.031 INFO:teuthology.orchestra.run.vm07.stdout:/usr/bin/ceph: stderr
2026-03-09T20:42:36.879+0000 7fe2671d8640 1 -- start start
2026-03-09T20:42:37.031 INFO:teuthology.orchestra.run.vm07.stdout:/usr/bin/ceph: stderr
2026-03-09T20:42:36.879+0000 7fe2671d8640 1 --2- >> [v2:192.168.123.107:3300/0,v1:192.168.123.107:6789/0] conn(0x7fe26007be10 0x7fe26019e0b0 unknown :-1 s=NONE pgs=0 cs=0 l=1 rev1=0 crypto rx=0 tx=0 comp rx=0 tx=0).connect
2026-03-09T20:42:37.031 INFO:teuthology.orchestra.run.vm07.stdout:/usr/bin/ceph: stderr
2026-03-09T20:42:36.879+0000 7fe2671d8640 1 -- --> [v2:192.168.123.107:3300/0,v1:192.168.123.107:6789/0] -- mon_getmap magic: 0 v1 -- 0x7fe26019e5f0 con 0x7fe26007be10
2026-03-09T20:42:37.031 INFO:teuthology.orchestra.run.vm07.stdout:/usr/bin/ceph: stderr
2026-03-09T20:42:36.879+0000 7fe264f4d640 1 --2- >> [v2:192.168.123.107:3300/0,v1:192.168.123.107:6789/0] conn(0x7fe26007be10 0x7fe26019e0b0 unknown :-1 s=BANNER_CONNECTING pgs=0 cs=0 l=1 rev1=0 crypto rx=0 tx=0 comp rx=0 tx=0)._handle_peer_banner_payload supported=3 required=0
2026-03-09T20:42:37.031 INFO:teuthology.orchestra.run.vm07.stdout:/usr/bin/ceph: stderr
2026-03-09T20:42:36.879+0000 7fe264f4d640 1 --2- >> [v2:192.168.123.107:3300/0,v1:192.168.123.107:6789/0] conn(0x7fe26007be10 0x7fe26019e0b0 unknown :-1 s=HELLO_CONNECTING pgs=0 cs=0 l=1 rev1=1 crypto rx=0 tx=0 comp rx=0 tx=0).handle_hello peer v2:192.168.123.107:3300/0 says I am v2:192.168.123.107:38832/0 (socket says 192.168.123.107:38832)
2026-03-09T20:42:37.031 INFO:teuthology.orchestra.run.vm07.stdout:/usr/bin/ceph: stderr
2026-03-09T20:42:36.879+0000 7fe264f4d640 1 -- 192.168.123.107:0/2423506016 learned_addr learned my addr 192.168.123.107:0/2423506016 (peer_addr_for_me v2:192.168.123.107:0/0)
2026-03-09T20:42:37.031 INFO:teuthology.orchestra.run.vm07.stdout:/usr/bin/ceph: stderr
2026-03-09T20:42:36.880+0000 7fe264f4d640 1 -- 192.168.123.107:0/2423506016 --> [v2:192.168.123.107:3300/0,v1:192.168.123.107:6789/0] -- mon_subscribe({config=0+,monmap=0+}) v3 -- 0x7fe24c0095d0 con 0x7fe26007be10
2026-03-09T20:42:37.031 INFO:teuthology.orchestra.run.vm07.stdout:/usr/bin/ceph: stderr
2026-03-09T20:42:36.880+0000 7fe264f4d640 1 --2- 192.168.123.107:0/2423506016 >> [v2:192.168.123.107:3300/0,v1:192.168.123.107:6789/0] conn(0x7fe26007be10 0x7fe26019e0b0 secure :-1 s=READY pgs=46 cs=0 l=1 rev1=1 crypto rx=0x7fe24c037870 tx=0x7fe24c0378a0 comp rx=0 tx=0).ready entity=mon.0 client_cookie=0 server_cookie=0 in_seq=0 out_seq=0
2026-03-09T20:42:37.031 INFO:teuthology.orchestra.run.vm07.stdout:/usr/bin/ceph: stderr
2026-03-09T20:42:36.880+0000 7fe25dffb640 1 -- 192.168.123.107:0/2423506016 <== mon.0 v2:192.168.123.107:3300/0 1 ==== mon_map magic: 0 v1 ==== 214+0+0 (secure 0 0 0) 0x7fe24c037b50 con 0x7fe26007be10
2026-03-09T20:42:37.031 INFO:teuthology.orchestra.run.vm07.stdout:/usr/bin/ceph: stderr
2026-03-09T20:42:36.880+0000 7fe2671d8640 1 -- 192.168.123.107:0/2423506016 --> [v2:192.168.123.107:3300/0,v1:192.168.123.107:6789/0] -- mon_subscribe({mgrmap=0+}) v3 -- 0x7fe26019e7f0 con 0x7fe26007be10
2026-03-09T20:42:37.031 INFO:teuthology.orchestra.run.vm07.stdout:/usr/bin/ceph: stderr
2026-03-09T20:42:36.880+0000 7fe25dffb640 1 -- 192.168.123.107:0/2423506016 <== mon.0 v2:192.168.123.107:3300/0 2 ==== config(27 keys) v1 ==== 1041+0+0 (secure 0 0 0) 0x7fe24c035c80 con 0x7fe26007be10
2026-03-09T20:42:37.031 INFO:teuthology.orchestra.run.vm07.stdout:/usr/bin/ceph: stderr
2026-03-09T20:42:36.880+0000 7fe25dffb640 1 -- 192.168.123.107:0/2423506016 <== mon.0 v2:192.168.123.107:3300/0 3 ==== mon_map magic: 0 v1 ==== 214+0+0 (secure 0 0 0) 0x7fe24c041de0 con 0x7fe26007be10
2026-03-09T20:42:37.031 INFO:teuthology.orchestra.run.vm07.stdout:/usr/bin/ceph: stderr
2026-03-09T20:42:36.880+0000 7fe2671d8640 1 -- 192.168.123.107:0/2423506016 --> [v2:192.168.123.107:3300/0,v1:192.168.123.107:6789/0] -- mon_subscribe({osdmap=0}) v3 -- 0x7fe26019ec90 con 0x7fe26007be10
2026-03-09T20:42:37.031 INFO:teuthology.orchestra.run.vm07.stdout:/usr/bin/ceph: stderr
2026-03-09T20:42:36.881+0000 7fe2671d8640 1 -- 192.168.123.107:0/2423506016 --> [v2:192.168.123.107:3300/0,v1:192.168.123.107:6789/0] -- mon_command({"prefix": "get_command_descriptions"} v 0) v1 -- 0x7fe228005350 con 0x7fe26007be10
2026-03-09T20:42:37.031 INFO:teuthology.orchestra.run.vm07.stdout:/usr/bin/ceph: stderr
2026-03-09T20:42:36.882+0000 7fe25dffb640 1 -- 192.168.123.107:0/2423506016 <== mon.0 v2:192.168.123.107:3300/0 4 ==== mgrmap(e 8) v1 ==== 49370+0+0 (secure 0 0 0) 0x7fe24c03e030 con 0x7fe26007be10
2026-03-09T20:42:37.031 INFO:teuthology.orchestra.run.vm07.stdout:/usr/bin/ceph: stderr
2026-03-09T20:42:36.882+0000 7fe25dffb640 1 --2- 192.168.123.107:0/2423506016 >> [v2:192.168.123.107:6800/810998986,v1:192.168.123.107:6801/810998986] conn(0x7fe23803d190 0x7fe23803f650 unknown :-1 s=NONE pgs=0 cs=0 l=1 rev1=0 crypto rx=0 tx=0 comp rx=0 tx=0).connect
2026-03-09T20:42:37.031 INFO:teuthology.orchestra.run.vm07.stdout:/usr/bin/ceph: stderr
2026-03-09T20:42:36.882+0000 7fe25dffb640 1 -- 192.168.123.107:0/2423506016 <== mon.0 v2:192.168.123.107:3300/0 5 ==== osd_map(2..2 src has 1..2) v4 ==== 940+0+0 (secure 0 0 0) 0x7fe24c075760 con 0x7fe26007be10
2026-03-09T20:42:37.031 INFO:teuthology.orchestra.run.vm07.stdout:/usr/bin/ceph: stderr
2026-03-09T20:42:36.885+0000 7fe25ffff640 1 --2- 192.168.123.107:0/2423506016 >> [v2:192.168.123.107:6800/810998986,v1:192.168.123.107:6801/810998986] conn(0x7fe23803d190 0x7fe23803f650 unknown :-1 s=BANNER_CONNECTING pgs=0 cs=0 l=1 rev1=0 crypto rx=0 tx=0 comp rx=0 tx=0)._handle_peer_banner_payload supported=3 required=0
2026-03-09T20:42:37.031 INFO:teuthology.orchestra.run.vm07.stdout:/usr/bin/ceph: stderr
2026-03-09T20:42:36.885+0000 7fe25ffff640 1 --2- 192.168.123.107:0/2423506016 >> [v2:192.168.123.107:6800/810998986,v1:192.168.123.107:6801/810998986] conn(0x7fe23803d190 0x7fe23803f650 secure :-1 s=READY pgs=12 cs=0 l=1 rev1=1 crypto rx=0x7fe2500099c0 tx=0x7fe250006eb0 comp rx=0 tx=0).ready entity=mgr.14118 client_cookie=0 server_cookie=0 in_seq=0 out_seq=0
2026-03-09T20:42:37.031 INFO:teuthology.orchestra.run.vm07.stdout:/usr/bin/ceph: stderr
2026-03-09T20:42:36.885+0000 7fe25dffb640 1 -- 192.168.123.107:0/2423506016 <== mon.0 v2:192.168.123.107:3300/0 6 ==== mon_command_ack([{"prefix": "get_command_descriptions"}]=0 v0) v1 ==== 72+0+186382 (secure 0 0 0) 0x7fe24c048ad0 con 0x7fe26007be10
2026-03-09T20:42:37.031 INFO:teuthology.orchestra.run.vm07.stdout:/usr/bin/ceph: stderr
2026-03-09T20:42:36.980+0000 7fe2671d8640 1 -- 192.168.123.107:0/2423506016 --> [v2:192.168.123.107:6800/810998986,v1:192.168.123.107:6801/810998986] -- mgr_command(tid 0: {"prefix": "orch apply", "service_type": "mon", "target": ["mon-mgr", ""]}) v1 -- 0x7fe228002bf0 con 0x7fe23803d190
2026-03-09T20:42:37.031 INFO:teuthology.orchestra.run.vm07.stdout:/usr/bin/ceph: stderr
2026-03-09T20:42:36.988+0000 7fe25dffb640 1 -- 192.168.123.107:0/2423506016 <== mgr.14118 v2:192.168.123.107:6800/810998986 1 ==== mgr_command_reply(tid 0: 0 ) v1 ==== 8+0+24 (secure 0 0 0) 0x7fe228002bf0 con 0x7fe23803d190
2026-03-09T20:42:37.031 INFO:teuthology.orchestra.run.vm07.stdout:/usr/bin/ceph: stderr
2026-03-09T20:42:36.990+0000 7fe2671d8640 1 -- 192.168.123.107:0/2423506016 >> [v2:192.168.123.107:6800/810998986,v1:192.168.123.107:6801/810998986] conn(0x7fe23803d190 msgr2=0x7fe23803f650 secure :-1 s=STATE_CONNECTION_ESTABLISHED l=1).mark_down
2026-03-09T20:42:37.031 INFO:teuthology.orchestra.run.vm07.stdout:/usr/bin/ceph: stderr
2026-03-09T20:42:36.990+0000 7fe2671d8640 1 --2- 192.168.123.107:0/2423506016 >> [v2:192.168.123.107:6800/810998986,v1:192.168.123.107:6801/810998986] conn(0x7fe23803d190 0x7fe23803f650 secure :-1 s=READY pgs=12 cs=0 l=1 rev1=1 crypto rx=0x7fe2500099c0 tx=0x7fe250006eb0 comp rx=0 tx=0).stop
2026-03-09T20:42:37.031 INFO:teuthology.orchestra.run.vm07.stdout:/usr/bin/ceph: stderr
2026-03-09T20:42:36.990+0000 7fe2671d8640 1 -- 192.168.123.107:0/2423506016 >> [v2:192.168.123.107:3300/0,v1:192.168.123.107:6789/0] conn(0x7fe26007be10 msgr2=0x7fe26019e0b0 secure :-1 s=STATE_CONNECTION_ESTABLISHED l=1).mark_down
2026-03-09T20:42:37.031 INFO:teuthology.orchestra.run.vm07.stdout:/usr/bin/ceph: stderr
2026-03-09T20:42:36.990+0000 7fe2671d8640 1 --2- 192.168.123.107:0/2423506016 >> [v2:192.168.123.107:3300/0,v1:192.168.123.107:6789/0] conn(0x7fe26007be10 0x7fe26019e0b0 secure :-1 s=READY pgs=46 cs=0 l=1 rev1=1 crypto rx=0x7fe24c037870 tx=0x7fe24c0378a0 comp rx=0 tx=0).stop
2026-03-09T20:42:37.031 INFO:teuthology.orchestra.run.vm07.stdout:/usr/bin/ceph: stderr
2026-03-09T20:42:36.991+0000 7fe2671d8640 1 -- 192.168.123.107:0/2423506016 shutdown_connections
2026-03-09T20:42:37.031 INFO:teuthology.orchestra.run.vm07.stdout:/usr/bin/ceph: stderr
2026-03-09T20:42:36.991+0000 7fe2671d8640 1 --2- 192.168.123.107:0/2423506016 >> [v2:192.168.123.107:6800/810998986,v1:192.168.123.107:6801/810998986] conn(0x7fe23803d190 0x7fe23803f650 unknown :-1 s=CLOSED pgs=12 cs=0 l=1 rev1=1 crypto rx=0 tx=0 comp rx=0 tx=0).stop
2026-03-09T20:42:37.031 INFO:teuthology.orchestra.run.vm07.stdout:/usr/bin/ceph: stderr
2026-03-09T20:42:36.991+0000 7fe2671d8640 1 --2- 192.168.123.107:0/2423506016 >> [v2:192.168.123.107:3300/0,v1:192.168.123.107:6789/0] conn(0x7fe26007be10 0x7fe26019e0b0 unknown :-1 s=CLOSED pgs=46 cs=0 l=1 rev1=1 crypto rx=0 tx=0 comp rx=0 tx=0).stop
2026-03-09T20:42:37.031 INFO:teuthology.orchestra.run.vm07.stdout:/usr/bin/ceph: stderr
2026-03-09T20:42:36.991+0000 7fe2671d8640 1 -- 192.168.123.107:0/2423506016 >> 192.168.123.107:0/2423506016 conn(0x7fe2601018b0 msgr2=0x7fe260102340 unknown :-1 s=STATE_NONE l=0).mark_down
2026-03-09T20:42:37.031 INFO:teuthology.orchestra.run.vm07.stdout:/usr/bin/ceph: stderr
2026-03-09T20:42:36.991+0000 7fe2671d8640 1 -- 192.168.123.107:0/2423506016 shutdown_connections
2026-03-09T20:42:37.032 INFO:teuthology.orchestra.run.vm07.stdout:/usr/bin/ceph: stderr
2026-03-09T20:42:36.991+0000 7fe2671d8640 1 -- 192.168.123.107:0/2423506016 wait complete.
2026-03-09T20:42:37.032 INFO:teuthology.orchestra.run.vm07.stdout:Deploying mgr service with default placement...
2026-03-09T20:42:37.303 INFO:teuthology.orchestra.run.vm07.stdout:/usr/bin/ceph: stdout Scheduled mgr update...
2026-03-09T20:42:37.303 INFO:teuthology.orchestra.run.vm07.stdout:/usr/bin/ceph: stderr
2026-03-09T20:42:37.144+0000 7f0d92c3b640 1 Processor -- start
2026-03-09T20:42:37.303 INFO:teuthology.orchestra.run.vm07.stdout:/usr/bin/ceph: stderr
2026-03-09T20:42:37.144+0000 7f0d92c3b640 1 -- start start
2026-03-09T20:42:37.303 INFO:teuthology.orchestra.run.vm07.stdout:/usr/bin/ceph: stderr
2026-03-09T20:42:37.144+0000 7f0d92c3b640 1 --2- >> [v2:192.168.123.107:3300/0,v1:192.168.123.107:6789/0] conn(0x7f0d8c072f30 0x7f0d8c071440 unknown :-1 s=NONE pgs=0 cs=0 l=0 rev1=0 crypto rx=0 tx=0 comp rx=0 tx=0).connect
2026-03-09T20:42:37.303 INFO:teuthology.orchestra.run.vm07.stdout:/usr/bin/ceph: stderr
2026-03-09T20:42:37.144+0000 7f0d92c3b640 1 -- --> [v2:192.168.123.107:3300/0,v1:192.168.123.107:6789/0] -- mon_getmap magic: 0 v1 -- 0x7f0d8c071a10 con 0x7f0d8c072f30
2026-03-09T20:42:37.303 INFO:teuthology.orchestra.run.vm07.stdout:/usr/bin/ceph: stderr
