2026-03-09T20:42:26.214+0000 7fe7877fe640 1 -- 192.168.123.107:0/2488516462 shutdown_connections
2026-03-09T20:42:26.247 INFO:teuthology.orchestra.run.vm07.stdout:/usr/bin/ceph: stderr
2026-03-09T20:42:26.214+0000 7fe7877fe640 1 -- 192.168.123.107:0/2488516462 wait complete.
2026-03-09T20:42:26.247 INFO:teuthology.orchestra.run.vm07.stdout:mgr not available, waiting (2/15)...
2026-03-09T20:42:26.366 INFO:journalctl@ceph.mon.vm07.vm07.stdout:Mar 09 20:42:26 vm07 ceph-mon[49120]: from='client.? 192.168.123.107:0/2488516462' entity='client.admin' cmd=[{"prefix": "status", "format": "json-pretty"}]: dispatch
2026-03-09T20:42:27.633 INFO:journalctl@ceph.mon.vm07.vm07.stdout:Mar 09 20:42:27 vm07 ceph-mon[49120]: Activating manager daemon vm07.xjrvch
2026-03-09T20:42:27.633 INFO:journalctl@ceph.mon.vm07.vm07.stdout:Mar 09 20:42:27 vm07 ceph-mon[49120]: mgrmap e2: vm07.xjrvch(active, starting, since 0.00538328s)
2026-03-09T20:42:27.634 INFO:journalctl@ceph.mon.vm07.vm07.stdout:Mar 09 20:42:27 vm07 ceph-mon[49120]: from='mgr.14100 192.168.123.107:0/1770297841' entity='mgr.vm07.xjrvch' cmd=[{"prefix": "mds metadata"}]: dispatch
2026-03-09T20:42:27.634 INFO:journalctl@ceph.mon.vm07.vm07.stdout:Mar 09 20:42:27 vm07 ceph-mon[49120]: from='mgr.14100 192.168.123.107:0/1770297841' entity='mgr.vm07.xjrvch' cmd=[{"prefix": "osd metadata"}]: dispatch
2026-03-09T20:42:27.634 INFO:journalctl@ceph.mon.vm07.vm07.stdout:Mar 09 20:42:27 vm07 ceph-mon[49120]: from='mgr.14100 192.168.123.107:0/1770297841' entity='mgr.vm07.xjrvch' cmd=[{"prefix": "mon metadata"}]: dispatch
2026-03-09T20:42:27.634 INFO:journalctl@ceph.mon.vm07.vm07.stdout:Mar 09 20:42:27 vm07 ceph-mon[49120]: from='mgr.14100 192.168.123.107:0/1770297841' entity='mgr.vm07.xjrvch' cmd=[{"prefix": "mon metadata", "id": "vm07"}]: dispatch
2026-03-09T20:42:27.634 INFO:journalctl@ceph.mon.vm07.vm07.stdout:Mar 09 20:42:27 vm07 ceph-mon[49120]: from='mgr.14100 192.168.123.107:0/1770297841' entity='mgr.vm07.xjrvch' cmd=[{"prefix": "mgr metadata", "who": "vm07.xjrvch", "id": "vm07.xjrvch"}]: dispatch
2026-03-09T20:42:27.634 INFO:journalctl@ceph.mon.vm07.vm07.stdout:Mar 09 20:42:27 vm07 ceph-mon[49120]: Manager daemon vm07.xjrvch is now available
2026-03-09T20:42:27.634 INFO:journalctl@ceph.mon.vm07.vm07.stdout:Mar 09 20:42:27 vm07 ceph-mon[49120]: from='mgr.14100 192.168.123.107:0/1770297841' entity='mgr.vm07.xjrvch' cmd=[{"prefix":"config rm","who":"mgr","name":"mgr/rbd_support/vm07.xjrvch/mirror_snapshot_schedule"}]: dispatch
2026-03-09T20:42:27.634 INFO:journalctl@ceph.mon.vm07.vm07.stdout:Mar 09 20:42:27 vm07 ceph-mon[49120]: from='mgr.14100 192.168.123.107:0/1770297841' entity='mgr.vm07.xjrvch' cmd=[{"prefix":"config rm","who":"mgr","name":"mgr/rbd_support/vm07.xjrvch/trash_purge_schedule"}]: dispatch
2026-03-09T20:42:27.634 INFO:journalctl@ceph.mon.vm07.vm07.stdout:Mar 09 20:42:27 vm07 ceph-mon[49120]: from='mgr.14100 192.168.123.107:0/1770297841' entity='mgr.vm07.xjrvch'
2026-03-09T20:42:27.634 INFO:journalctl@ceph.mon.vm07.vm07.stdout:Mar 09 20:42:27 vm07 ceph-mon[49120]: from='mgr.14100 192.168.123.107:0/1770297841' entity='mgr.vm07.xjrvch'
2026-03-09T20:42:27.634 INFO:journalctl@ceph.mon.vm07.vm07.stdout:Mar 09 20:42:27 vm07 ceph-mon[49120]: from='mgr.14100 192.168.123.107:0/1770297841' entity='mgr.vm07.xjrvch'
2026-03-09T20:42:29.282 INFO:teuthology.orchestra.run.vm07.stdout:/usr/bin/ceph: stdout
2026-03-09T20:42:29.282 INFO:teuthology.orchestra.run.vm07.stdout:/usr/bin/ceph: stdout {
2026-03-09T20:42:29.282 INFO:teuthology.orchestra.run.vm07.stdout:/usr/bin/ceph: stdout "fsid": "589eab88-1bf8-11f1-9e50-71f3ab1833c4",
2026-03-09T20:42:29.282 INFO:teuthology.orchestra.run.vm07.stdout:/usr/bin/ceph: stdout "health": {
2026-03-09T20:42:29.282 INFO:teuthology.orchestra.run.vm07.stdout:/usr/bin/ceph: stdout "status": "HEALTH_OK",
2026-03-09T20:42:29.282 INFO:teuthology.orchestra.run.vm07.stdout:/usr/bin/ceph: stdout "checks": {},
2026-03-09T20:42:29.282 INFO:teuthology.orchestra.run.vm07.stdout:/usr/bin/ceph: stdout "mutes": []
2026-03-09T20:42:29.282 INFO:teuthology.orchestra.run.vm07.stdout:/usr/bin/ceph: stdout },
2026-03-09T20:42:29.282 INFO:teuthology.orchestra.run.vm07.stdout:/usr/bin/ceph: stdout "election_epoch": 5,
2026-03-09T20:42:29.282 INFO:teuthology.orchestra.run.vm07.stdout:/usr/bin/ceph: stdout "quorum": [
2026-03-09T20:42:29.282 INFO:teuthology.orchestra.run.vm07.stdout:/usr/bin/ceph: stdout 0
2026-03-09T20:42:29.282 INFO:teuthology.orchestra.run.vm07.stdout:/usr/bin/ceph: stdout ],
2026-03-09T20:42:29.282 INFO:teuthology.orchestra.run.vm07.stdout:/usr/bin/ceph: stdout "quorum_names": [
2026-03-09T20:42:29.282 INFO:teuthology.orchestra.run.vm07.stdout:/usr/bin/ceph: stdout "vm07"
2026-03-09T20:42:29.282 INFO:teuthology.orchestra.run.vm07.stdout:/usr/bin/ceph: stdout ],
2026-03-09T20:42:29.282 INFO:teuthology.orchestra.run.vm07.stdout:/usr/bin/ceph: stdout "quorum_age": 5,
2026-03-09T20:42:29.282 INFO:teuthology.orchestra.run.vm07.stdout:/usr/bin/ceph: stdout "monmap": {
2026-03-09T20:42:29.282 INFO:teuthology.orchestra.run.vm07.stdout:/usr/bin/ceph: stdout "epoch": 1,
2026-03-09T20:42:29.282 INFO:teuthology.orchestra.run.vm07.stdout:/usr/bin/ceph: stdout "min_mon_release_name": "reef",
2026-03-09T20:42:29.282 INFO:teuthology.orchestra.run.vm07.stdout:/usr/bin/ceph: stdout "num_mons": 1
2026-03-09T20:42:29.282 INFO:teuthology.orchestra.run.vm07.stdout:/usr/bin/ceph: stdout },
2026-03-09T20:42:29.282 INFO:teuthology.orchestra.run.vm07.stdout:/usr/bin/ceph: stdout "osdmap": {
2026-03-09T20:42:29.282 INFO:teuthology.orchestra.run.vm07.stdout:/usr/bin/ceph: stdout "epoch": 1,
2026-03-09T20:42:29.282 INFO:teuthology.orchestra.run.vm07.stdout:/usr/bin/ceph: stdout "num_osds": 0,
2026-03-09T20:42:29.282 INFO:teuthology.orchestra.run.vm07.stdout:/usr/bin/ceph: stdout "num_up_osds": 0,
2026-03-09T20:42:29.282 INFO:teuthology.orchestra.run.vm07.stdout:/usr/bin/ceph: stdout "osd_up_since": 0,
2026-03-09T20:42:29.282 INFO:teuthology.orchestra.run.vm07.stdout:/usr/bin/ceph: stdout "num_in_osds": 0,
2026-03-09T20:42:29.282 INFO:teuthology.orchestra.run.vm07.stdout:/usr/bin/ceph: stdout "osd_in_since": 0,
2026-03-09T20:42:29.282 INFO:teuthology.orchestra.run.vm07.stdout:/usr/bin/ceph: stdout "num_remapped_pgs": 0
2026-03-09T20:42:29.282 INFO:teuthology.orchestra.run.vm07.stdout:/usr/bin/ceph: stdout },
2026-03-09T20:42:29.282 INFO:teuthology.orchestra.run.vm07.stdout:/usr/bin/ceph: stdout "pgmap": {
2026-03-09T20:42:29.282 INFO:teuthology.orchestra.run.vm07.stdout:/usr/bin/ceph: stdout "pgs_by_state": [],
2026-03-09T20:42:29.282 INFO:teuthology.orchestra.run.vm07.stdout:/usr/bin/ceph: stdout "num_pgs": 0,
2026-03-09T20:42:29.282 INFO:teuthology.orchestra.run.vm07.stdout:/usr/bin/ceph: stdout "num_pools": 0,
2026-03-09T20:42:29.282 INFO:teuthology.orchestra.run.vm07.stdout:/usr/bin/ceph: stdout "num_objects": 0,
2026-03-09T20:42:29.282 INFO:teuthology.orchestra.run.vm07.stdout:/usr/bin/ceph: stdout "data_bytes": 0,
2026-03-09T20:42:29.282 INFO:teuthology.orchestra.run.vm07.stdout:/usr/bin/ceph: stdout "bytes_used": 0,
2026-03-09T20:42:29.282 INFO:teuthology.orchestra.run.vm07.stdout:/usr/bin/ceph: stdout "bytes_avail": 0,
2026-03-09T20:42:29.282 INFO:teuthology.orchestra.run.vm07.stdout:/usr/bin/ceph: stdout "bytes_total": 0
2026-03-09T20:42:29.282 INFO:teuthology.orchestra.run.vm07.stdout:/usr/bin/ceph: stdout },
2026-03-09T20:42:29.282 INFO:teuthology.orchestra.run.vm07.stdout:/usr/bin/ceph: stdout "fsmap": {
2026-03-09T20:42:29.282 INFO:teuthology.orchestra.run.vm07.stdout:/usr/bin/ceph: stdout "epoch": 1,
2026-03-09T20:42:29.284 INFO:teuthology.orchestra.run.vm07.stdout:/usr/bin/ceph: stdout "by_rank": [],
2026-03-09T20:42:29.284 INFO:teuthology.orchestra.run.vm07.stdout:/usr/bin/ceph: stdout "up:standby": 0
2026-03-09T20:42:29.284 INFO:teuthology.orchestra.run.vm07.stdout:/usr/bin/ceph: stdout },
2026-03-09T20:42:29.284 INFO:teuthology.orchestra.run.vm07.stdout:/usr/bin/ceph: stdout "mgrmap": {
2026-03-09T20:42:29.284 INFO:teuthology.orchestra.run.vm07.stdout:/usr/bin/ceph: stdout "available": true,
2026-03-09T20:42:29.284 INFO:teuthology.orchestra.run.vm07.stdout:/usr/bin/ceph: stdout "num_standbys": 0,
2026-03-09T20:42:29.284 INFO:teuthology.orchestra.run.vm07.stdout:/usr/bin/ceph: stdout "modules": [
2026-03-09T20:42:29.284 INFO:teuthology.orchestra.run.vm07.stdout:/usr/bin/ceph: stdout "iostat",
2026-03-09T20:42:29.284 INFO:teuthology.orchestra.run.vm07.stdout:/usr/bin/ceph: stdout "nfs",
2026-03-09T20:42:29.284 INFO:teuthology.orchestra.run.vm07.stdout:/usr/bin/ceph: stdout "restful"
2026-03-09T20:42:29.284 INFO:teuthology.orchestra.run.vm07.stdout:/usr/bin/ceph: stdout ],
2026-03-09T20:42:29.284 INFO:teuthology.orchestra.run.vm07.stdout:/usr/bin/ceph: stdout "services": {}
2026-03-09T20:42:29.284 INFO:teuthology.orchestra.run.vm07.stdout:/usr/bin/ceph: stdout },
2026-03-09T20:42:29.284 INFO:teuthology.orchestra.run.vm07.stdout:/usr/bin/ceph: stdout "servicemap": {
2026-03-09T20:42:29.284 INFO:teuthology.orchestra.run.vm07.stdout:/usr/bin/ceph: stdout "epoch": 1,
2026-03-09T20:42:29.284 INFO:teuthology.orchestra.run.vm07.stdout:/usr/bin/ceph: stdout "modified": "2026-03-09T20:42:21.623033+0000",
2026-03-09T20:42:29.284 INFO:teuthology.orchestra.run.vm07.stdout:/usr/bin/ceph: stdout "services": {}
2026-03-09T20:42:29.284 INFO:teuthology.orchestra.run.vm07.stdout:/usr/bin/ceph: stdout },
2026-03-09T20:42:29.284 INFO:teuthology.orchestra.run.vm07.stdout:/usr/bin/ceph: stdout "progress_events": {}
2026-03-09T20:42:29.284 INFO:teuthology.orchestra.run.vm07.stdout:/usr/bin/ceph: stdout }
2026-03-09T20:42:29.284 INFO:teuthology.orchestra.run.vm07.stdout:/usr/bin/ceph: stderr
2026-03-09T20:42:28.362+0000 7f09b5fd4640 1 Processor -- start
2026-03-09T20:42:29.284 INFO:teuthology.orchestra.run.vm07.stdout:/usr/bin/ceph: stderr
2026-03-09T20:42:28.362+0000 7f09b5fd4640 1 -- start start
2026-03-09T20:42:29.284 INFO:teuthology.orchestra.run.vm07.stdout:/usr/bin/ceph: stderr
2026-03-09T20:42:28.363+0000 7f09b5fd4640 1 --2- >> [v2:192.168.123.107:3300/0,v1:192.168.123.107:6789/0] conn(0x7f09b01082f0 0x7f09b01086f0 unknown :-1 s=NONE pgs=0 cs=0 l=0 rev1=0 crypto rx=0 tx=0 comp rx=0 tx=0).connect
2026-03-09T20:42:29.284 INFO:teuthology.orchestra.run.vm07.stdout:/usr/bin/ceph: stderr
2026-03-09T20:42:28.363+0000 7f09b5fd4640 1 -- --> [v2:192.168.123.107:3300/0,v1:192.168.123.107:6789/0] -- mon_getmap magic: 0 v1 -- 0x7f09b0108cc0 con 0x7f09b01082f0
2026-03-09T20:42:29.284 INFO:teuthology.orchestra.run.vm07.stdout:/usr/bin/ceph: stderr
2026-03-09T20:42:28.363+0000 7f09af7fe640 1 --2- >> [v2:192.168.123.107:3300/0,v1:192.168.123.107:6789/0] conn(0x7f09b01082f0 0x7f09b01086f0 unknown :-1 s=BANNER_CONNECTING pgs=0 cs=0 l=0 rev1=0 crypto rx=0 tx=0 comp rx=0 tx=0)._handle_peer_banner_payload supported=3 required=0
2026-03-09T20:42:29.284 INFO:teuthology.orchestra.run.vm07.stdout:/usr/bin/ceph: stderr
2026-03-09T20:42:28.363+0000 7f09af7fe640 1 --2- >> [v2:192.168.123.107:3300/0,v1:192.168.123.107:6789/0] conn(0x7f09b01082f0 0x7f09b01086f0 unknown :-1 s=HELLO_CONNECTING pgs=0 cs=0 l=0 rev1=1 crypto rx=0 tx=0 comp rx=0 tx=0).handle_hello peer v2:192.168.123.107:3300/0 says I am v2:192.168.123.107:38572/0 (socket says 192.168.123.107:38572)
2026-03-09T20:42:29.284 INFO:teuthology.orchestra.run.vm07.stdout:/usr/bin/ceph: stderr
2026-03-09T20:42:28.363+0000 7f09af7fe640 1 -- 192.168.123.107:0/3644541824 learned_addr learned my addr 192.168.123.107:0/3644541824 (peer_addr_for_me v2:192.168.123.107:0/0)
2026-03-09T20:42:29.284 INFO:teuthology.orchestra.run.vm07.stdout:/usr/bin/ceph: stderr
2026-03-09T20:42:28.364+0000 7f09af7fe640 1 -- 192.168.123.107:0/3644541824 --> [v2:192.168.123.107:3300/0,v1:192.168.123.107:6789/0] -- mon_subscribe({config=0+,monmap=0+}) v3 -- 0x7f09b01094a0 con 0x7f09b01082f0
2026-03-09T20:42:29.284 INFO:teuthology.orchestra.run.vm07.stdout:/usr/bin/ceph: stderr
2026-03-09T20:42:28.364+0000 7f09af7fe640 1 --2- 192.168.123.107:0/3644541824 >> [v2:192.168.123.107:3300/0,v1:192.168.123.107:6789/0] conn(0x7f09b01082f0 0x7f09b01086f0 secure :-1 s=READY pgs=16 cs=0 l=1 rev1=1 crypto rx=0x7f09a0009b80 tx=0x7f09a002f190 comp rx=0 tx=0).ready entity=mon.0 client_cookie=ccfae50ea3c00470 server_cookie=0 in_seq=0 out_seq=0
2026-03-09T20:42:29.284 INFO:teuthology.orchestra.run.vm07.stdout:/usr/bin/ceph: stderr
2026-03-09T20:42:28.364+0000 7f09ae7fc640 1 -- 192.168.123.107:0/3644541824 <== mon.0 v2:192.168.123.107:3300/0 1 ==== mon_map magic: 0 v1 ==== 214+0+0 (secure 0 0 0) 0x7f09a002fa10 con 0x7f09b01082f0
2026-03-09T20:42:29.284 INFO:teuthology.orchestra.run.vm07.stdout:/usr/bin/ceph: stderr
2026-03-09T20:42:28.364+0000 7f09ae7fc640 1 -- 192.168.123.107:0/3644541824 <== mon.0 v2:192.168.123.107:3300/0 2 ==== config(27 keys) v1 ==== 1041+0+0 (secure 0 0 0) 0x7f09a0037440 con 0x7f09b01082f0
2026-03-09T20:42:29.284 INFO:teuthology.orchestra.run.vm07.stdout:/usr/bin/ceph: stderr
2026-03-09T20:42:28.364+0000 7f09ae7fc640 1 -- 192.168.123.107:0/3644541824 <== mon.0 v2:192.168.123.107:3300/0 3 ==== mon_map magic: 0 v1 ==== 214+0+0 (secure 0 0 0) 0x7f09a0035540 con 0x7f09b01082f0
2026-03-09T20:42:29.284 INFO:teuthology.orchestra.run.vm07.stdout:/usr/bin/ceph: stderr
2026-03-09T20:42:28.365+0000 7f09b5fd4640 1 -- 192.168.123.107:0/3644541824 >> [v2:192.168.123.107:3300/0,v1:192.168.123.107:6789/0] conn(0x7f09b01082f0 msgr2=0x7f09b01086f0 secure :-1 s=STATE_CONNECTION_ESTABLISHED l=1).mark_down
2026-03-09T20:42:29.284 INFO:teuthology.orchestra.run.vm07.stdout:/usr/bin/ceph: stderr
2026-03-09T20:42:28.365+0000 7f09b5fd4640 1 --2- 192.168.123.107:0/3644541824 >> [v2:192.168.123.107:3300/0,v1:192.168.123.107:6789/0] conn(0x7f09b01082f0 0x7f09b01086f0 secure :-1 s=READY pgs=16 cs=0 l=1 rev1=1 crypto rx=0x7f09a0009b80 tx=0x7f09a002f190 comp rx=0 tx=0).stop
2026-03-09T20:42:29.284 INFO:teuthology.orchestra.run.vm07.stdout:/usr/bin/ceph: stderr
2026-03-09T20:42:28.365+0000 7f09b5fd4640 1 -- 192.168.123.107:0/3644541824 shutdown_connections
2026-03-09T20:42:29.284 INFO:teuthology.orchestra.run.vm07.stdout:/usr/bin/ceph: stderr
2026-03-09T20:42:28.365+0000 7f09b5fd4640 1 --2- 192.168.123.107:0/3644541824 >> [v2:192.168.123.107:3300/0,v1:192.168.123.107:6789/0] conn(0x7f09b01082f0 0x7f09b01086f0 unknown :-1 s=CLOSED pgs=16 cs=0 l=1 rev1=1 crypto rx=0 tx=0 comp rx=0 tx=0).stop
2026-03-09T20:42:29.284 INFO:teuthology.orchestra.run.vm07.stdout:/usr/bin/ceph: stderr
2026-03-09T20:42:28.365+0000 7f09b5fd4640 1 -- 192.168.123.107:0/3644541824 >> 192.168.123.107:0/3644541824 conn(0x7f09b007ba00 msgr2=0x7f09b01066a0 unknown :-1 s=STATE_NONE l=0).mark_down
2026-03-09T20:42:29.284 INFO:teuthology.orchestra.run.vm07.stdout:/usr/bin/ceph: stderr
2026-03-09T20:42:28.365+0000 7f09b5fd4640 1 -- 192.168.123.107:0/3644541824 shutdown_connections
2026-03-09T20:42:29.285 INFO:teuthology.orchestra.run.vm07.stdout:/usr/bin/ceph: stderr
2026-03-09T20:42:28.365+0000 7f09b5fd4640 1 -- 192.168.123.107:0/3644541824 wait complete.
2026-03-09T20:42:29.285 INFO:teuthology.orchestra.run.vm07.stdout:/usr/bin/ceph: stderr
2026-03-09T20:42:28.366+0000 7f09b5fd4640 1 Processor -- start
2026-03-09T20:42:29.285 INFO:teuthology.orchestra.run.vm07.stdout:/usr/bin/ceph: stderr
2026-03-09T20:42:28.366+0000 7f09b5fd4640 1 -- start start
2026-03-09T20:42:29.285 INFO:teuthology.orchestra.run.vm07.stdout:/usr/bin/ceph: stderr
2026-03-09T20:42:28.366+0000 7f09b5fd4640 1 --2- >> [v2:192.168.123.107:3300/0,v1:192.168.123.107:6789/0] conn(0x7f09b01082f0 0x7f09b019e140 unknown :-1 s=NONE pgs=0 cs=0 l=1 rev1=0 crypto rx=0 tx=0 comp rx=0 tx=0).connect
2026-03-09T20:42:29.285 INFO:teuthology.orchestra.run.vm07.stdout:/usr/bin/ceph: stderr
2026-03-09T20:42:28.366+0000 7f09b5fd4640 1 -- --> [v2:192.168.123.107:3300/0,v1:192.168.123.107:6789/0] -- mon_getmap magic: 0 v1 -- 0x7f09b019e680 con 0x7f09b01082f0
2026-03-09T20:42:29.285 INFO:teuthology.orchestra.run.vm07.stdout:/usr/bin/ceph: stderr
2026-03-09T20:42:28.367+0000 7f09af7fe640 1 --2- >> [v2:192.168.123.107:3300/0,v1:192.168.123.107:6789/0] conn(0x7f09b01082f0 0x7f09b019e140 unknown :-1 s=BANNER_CONNECTING pgs=0 cs=0 l=1 rev1=0 crypto rx=0 tx=0 comp rx=0 tx=0)._handle_peer_banner_payload supported=3 required=0
2026-03-09T20:42:29.285 INFO:teuthology.orchestra.run.vm07.stdout:/usr/bin/ceph: stderr
2026-03-09T20:42:28.367+0000 7f09af7fe640 1 --2- >> [v2:192.168.123.107:3300/0,v1:192.168.123.107:6789/0] conn(0x7f09b01082f0 0x7f09b019e140 unknown :-1 s=HELLO_CONNECTING pgs=0 cs=0 l=1 rev1=1 crypto rx=0 tx=0 comp rx=0 tx=0).handle_hello peer v2:192.168.123.107:3300/0 says I am v2:192.168.123.107:38574/0 (socket says 192.168.123.107:38574)
2026-03-09T20:42:29.285 INFO:teuthology.orchestra.run.vm07.stdout:/usr/bin/ceph: stderr
2026-03-09T20:42:28.367+0000 7f09af7fe640 1 -- 192.168.123.107:0/2382698007 learned_addr learned my addr 192.168.123.107:0/2382698007 (peer_addr_for_me v2:192.168.123.107:0/0)
2026-03-09T20:42:29.285 INFO:teuthology.orchestra.run.vm07.stdout:/usr/bin/ceph: stderr
2026-03-09T20:42:28.367+0000 7f09af7fe640 1 -- 192.168.123.107:0/2382698007 --> [v2:192.168.123.107:3300/0,v1:192.168.123.107:6789/0] -- mon_subscribe({config=0+,monmap=0+}) v3 -- 0x7f09a00095d0 con 0x7f09b01082f0
2026-03-09T20:42:29.285 INFO:teuthology.orchestra.run.vm07.stdout:/usr/bin/ceph: stderr
2026-03-09T20:42:28.367+0000 7f09af7fe640 1 --2- 192.168.123.107:0/2382698007 >> [v2:192.168.123.107:3300/0,v1:192.168.123.107:6789/0] conn(0x7f09b01082f0 0x7f09b019e140 secure :-1 s=READY pgs=17 cs=0 l=1 rev1=1 crypto rx=0x7f09a0009cb0 tx=0x7f09a0037870 comp rx=0 tx=0).ready entity=mon.0 client_cookie=0 server_cookie=0 in_seq=0 out_seq=0
2026-03-09T20:42:29.285 INFO:teuthology.orchestra.run.vm07.stdout:/usr/bin/ceph: stderr
2026-03-09T20:42:28.367+0000 7f09acff9640 1 -- 192.168.123.107:0/2382698007 <== mon.0 v2:192.168.123.107:3300/0 1 ==== mon_map magic: 0 v1 ==== 214+0+0 (secure 0 0 0) 0x7f09a0037b20 con 0x7f09b01082f0
2026-03-09T20:42:29.285 INFO:teuthology.orchestra.run.vm07.stdout:/usr/bin/ceph: stderr
2026-03-09T20:42:28.367+0000 7f09acff9640 1 -- 192.168.123.107:0/2382698007 <== mon.0 v2:192.168.123.107:3300/0 2 ==== config(27 keys) v1 ==== 1041+0+0 (secure 0 0 0) 0x7f09a0035c80 con 0x7f09b01082f0
2026-03-09T20:42:29.285 INFO:teuthology.orchestra.run.vm07.stdout:/usr/bin/ceph: stderr
2026-03-09T20:42:28.367+0000 7f09acff9640 1 -- 192.168.123.107:0/2382698007 <== mon.0 v2:192.168.123.107:3300/0 3 ==== mon_map magic: 0 v1 ==== 214+0+0 (secure 0 0 0) 0x7f09a0041da0 con 0x7f09b01082f0
2026-03-09T20:42:29.285 INFO:teuthology.orchestra.run.vm07.stdout:/usr/bin/ceph: stderr
2026-03-09T20:42:28.367+0000 7f09b5fd4640 1 -- 192.168.123.107:0/2382698007 --> [v2:192.168.123.107:3300/0,v1:192.168.123.107:6789/0] -- mon_subscribe({mgrmap=0+}) v3 -- 0x7f09b019e880 con 0x7f09b01082f0
2026-03-09T20:42:29.285 INFO:teuthology.orchestra.run.vm07.stdout:/usr/bin/ceph: stderr
2026-03-09T20:42:28.368+0000 7f09b5fd4640 1 -- 192.168.123.107:0/2382698007 --> [v2:192.168.123.107:3300/0,v1:192.168.123.107:6789/0] -- mon_subscribe({osdmap=0}) v3 -- 0x7f09b019ed20 con 0x7f09b01082f0
2026-03-09T20:42:29.285 INFO:teuthology.orchestra.run.vm07.stdout:/usr/bin/ceph: stderr
2026-03-09T20:42:28.368+0000 7f09b5fd4640 1 -- 192.168.123.107:0/2382698007 --> [v2:192.168.123.107:3300/0,v1:192.168.123.107:6789/0] -- mon_command({"prefix": "get_command_descriptions"} v 0) v1 -- 0x7f0974005350 con 0x7f09b01082f0
2026-03-09T20:42:29.285 INFO:teuthology.orchestra.run.vm07.stdout:/usr/bin/ceph: stderr
2026-03-09T20:42:28.369+0000 7f09acff9640 1 -- 192.168.123.107:0/2382698007 <== mon.0 v2:192.168.123.107:3300/0 4 ==== mgrmap(e 3) v1 ==== 49253+0+0 (secure 0 0 0) 0x7f09a003e030 con 0x7f09b01082f0
2026-03-09T20:42:29.285 INFO:teuthology.orchestra.run.vm07.stdout:/usr/bin/ceph: stderr
2026-03-09T20:42:28.370+0000 7f09acff9640 1 --2- 192.168.123.107:0/2382698007 >> [v2:192.168.123.107:6800/1859043218,v1:192.168.123.107:6801/1859043218] conn(0x7f098403d020 0x7f098403f4e0 unknown :-1 s=NONE pgs=0 cs=0 l=1 rev1=0 crypto rx=0 tx=0 comp rx=0 tx=0).connect
2026-03-09T20:42:29.285 INFO:teuthology.orchestra.run.vm07.stdout:/usr/bin/ceph: stderr
2026-03-09T20:42:28.370+0000 7f09acff9640 1 -- 192.168.123.107:0/2382698007 <== mon.0 v2:192.168.123.107:3300/0 5 ==== osd_map(1..1 src has 1..1) v4 ==== 725+0+0 (secure 0 0 0) 0x7f09a0075470 con 0x7f09b01082f0
2026-03-09T20:42:29.285 INFO:teuthology.orchestra.run.vm07.stdout:/usr/bin/ceph: stderr
2026-03-09T20:42:28.371+0000 7f09aeffd640 1 --2- 192.168.123.107:0/2382698007 >> [v2:192.168.123.107:6800/1859043218,v1:192.168.123.107:6801/1859043218] conn(0x7f098403d020 0x7f098403f4e0 unknown :-1 s=BANNER_CONNECTING pgs=0 cs=0 l=1 rev1=0 crypto rx=0 tx=0 comp rx=0 tx=0)._handle_peer_banner_payload supported=3 required=0
2026-03-09T20:42:29.285 INFO:teuthology.orchestra.run.vm07.stdout:/usr/bin/ceph: stderr
2026-03-09T20:42:28.371+0000 7f09aeffd640 1 --2- 192.168.123.107:0/2382698007 >> [v2:192.168.123.107:6800/1859043218,v1:192.168.123.107:6801/1859043218] conn(0x7f098403d020 0x7f098403f4e0 secure :-1 s=READY pgs=6 cs=0 l=1 rev1=1 crypto rx=0x7f099c0099c0 tx=0x7f099c006eb0 comp rx=0 tx=0).ready entity=mgr.14100 client_cookie=0 server_cookie=0 in_seq=0 out_seq=0
2026-03-09T20:42:29.285 INFO:teuthology.orchestra.run.vm07.stdout:/usr/bin/ceph: stderr
2026-03-09T20:42:28.372+0000 7f09acff9640 1 -- 192.168.123.107:0/2382698007 <== mon.0 v2:192.168.123.107:3300/0 6 ==== mon_command_ack([{"prefix": "get_command_descriptions"}]=0 v0) v1 ==== 72+0+186382 (secure 0 0 0) 0x7f09a0036580 con 0x7f09b01082f0
2026-03-09T20:42:29.285 INFO:teuthology.orchestra.run.vm07.stdout:/usr/bin/ceph: stderr
2026-03-09T20:42:28.487+0000 7f09b5fd4640 1 -- 192.168.123.107:0/2382698007 --> [v2:192.168.123.107:3300/0,v1:192.168.123.107:6789/0] -- mon_command({"prefix": "status", "format": "json-pretty"} v 0) v1 -- 0x7f09740051c0 con 0x7f09b01082f0
2026-03-09T20:42:29.285 INFO:teuthology.orchestra.run.vm07.stdout:/usr/bin/ceph: stderr
2026-03-09T20:42:28.488+0000 7f09acff9640 1 -- 192.168.123.107:0/2382698007 <== mon.0 v2:192.168.123.107:3300/0 7 ==== mon_command_ack([{"prefix": "status", "format": "json-pretty"}]=0 v0) v1 ==== 79+0+1240 (secure 0 0 0) 0x7f09a003c030 con 0x7f09b01082f0
2026-03-09T20:42:29.285 INFO:teuthology.orchestra.run.vm07.stdout:/usr/bin/ceph: stderr
2026-03-09T20:42:28.491+0000 7f09b5fd4640 1 -- 192.168.123.107:0/2382698007 >> [v2:192.168.123.107:6800/1859043218,v1:192.168.123.107:6801/1859043218] conn(0x7f098403d020 msgr2=0x7f098403f4e0 secure :-1 s=STATE_CONNECTION_ESTABLISHED l=1).mark_down
2026-03-09T20:42:29.285 INFO:teuthology.orchestra.run.vm07.stdout:/usr/bin/ceph: stderr
2026-03-09T20:42:28.492+0000 7f09b5fd4640 1 --2- 192.168.123.107:0/2382698007 >> [v2:192.168.123.107:6800/1859043218,v1:192.168.123.107:6801/1859043218] conn(0x7f098403d020 0x7f098403f4e0 secure :-1 s=READY pgs=6 cs=0 l=1 rev1=1 crypto rx=0x7f099c0099c0 tx=0x7f099c006eb0 comp rx=0 tx=0).stop
2026-03-09T20:42:29.285 INFO:teuthology.orchestra.run.vm07.stdout:/usr/bin/ceph: stderr
2026-03-09T20:42:28.492+0000 7f09b5fd4640 1 -- 192.168.123.107:0/2382698007 >> [v2:192.168.123.107:3300/0,v1:192.168.123.107:6789/0] conn(0x7f09b01082f0 msgr2=0x7f09b019e140 secure :-1 s=STATE_CONNECTION_ESTABLISHED l=1).mark_down
2026-03-09T20:42:29.285 INFO:teuthology.orchestra.run.vm07.stdout:/usr/bin/ceph: stderr
2026-03-09T20:42:28.492+0000 7f09b5fd4640 1 --2- 192.168.123.107:0/2382698007 >> [v2:192.168.123.107:3300/0,v1:192.168.123.107:6789/0] conn(0x7f09b01082f0 0x7f09b019e140 secure :-1 s=READY pgs=17 cs=0 l=1 rev1=1 crypto rx=0x7f09a0009cb0 tx=0x7f09a0037870 comp rx=0 tx=0).stop
2026-03-09T20:42:29.285 INFO:teuthology.orchestra.run.vm07.stdout:/usr/bin/ceph: stderr
2026-03-09T20:42:28.492+0000 7f09b5fd4640 1 -- 192.168.123.107:0/2382698007 shutdown_connections
2026-03-09T20:42:29.285 INFO:teuthology.orchestra.run.vm07.stdout:/usr/bin/ceph: stderr
2026-03-09T20:42:28.492+0000 7f09b5fd4640 1 --2- 192.168.123.107:0/2382698007 >> [v2:192.168.123.107:6800/1859043218,v1:192.168.123.107:6801/1859043218] conn(0x7f098403d020 0x7f098403f4e0 unknown :-1 s=CLOSED pgs=6 cs=0 l=1 rev1=1 crypto rx=0 tx=0 comp rx=0 tx=0).stop
2026-03-09T20:42:29.285 INFO:teuthology.orchestra.run.vm07.stdout:/usr/bin/ceph: stderr
2026-03-09T20:42:28.492+0000 7f09b5fd4640 1 --2- 192.168.123.107:0/2382698007 >> [v2:192.168.123.107:3300/0,v1:192.168.123.107:6789/0] conn(0x7f09b01082f0 0x7f09b019e140 unknown :-1 s=CLOSED pgs=17 cs=0 l=1 rev1=1 crypto rx=0 tx=0 comp rx=0 tx=0).stop
2026-03-09T20:42:29.285 INFO:teuthology.orchestra.run.vm07.stdout:/usr/bin/ceph: stderr
2026-03-09T20:42:28.492+0000 7f09b5fd4640 1 -- 192.168.123.107:0/2382698007 >> 192.168.123.107:0/2382698007 conn(0x7f09b007ba00 msgr2=0x7f09b0105d20 unknown :-1 s=STATE_NONE l=0).mark_down
2026-03-09T20:42:29.285 INFO:teuthology.orchestra.run.vm07.stdout:/usr/bin/ceph: stderr
2026-03-09T20:42:28.492+0000 7f09b5fd4640 1 -- 192.168.123.107:0/2382698007 shutdown_connections
2026-03-09T20:42:29.285 INFO:teuthology.orchestra.run.vm07.stdout:/usr/bin/ceph: stderr
2026-03-09T20:42:28.492+0000 7f09b5fd4640 1 -- 192.168.123.107:0/2382698007 wait complete.
2026-03-09T20:42:29.285 INFO:teuthology.orchestra.run.vm07.stdout:mgr is available
2026-03-09T20:42:29.525 INFO:journalctl@ceph.mon.vm07.vm07.stdout:Mar 09 20:42:29 vm07 ceph-mon[49120]: mgrmap e3: vm07.xjrvch(active, since 1.0094s)
2026-03-09T20:42:29.525 INFO:journalctl@ceph.mon.vm07.vm07.stdout:Mar 09 20:42:29 vm07 ceph-mon[49120]: from='client.? 192.168.123.107:0/2382698007' entity='client.admin' cmd=[{"prefix": "status", "format": "json-pretty"}]: dispatch
2026-03-09T20:42:29.537 INFO:teuthology.orchestra.run.vm07.stdout:/usr/bin/ceph: stdout
2026-03-09T20:42:29.537 INFO:teuthology.orchestra.run.vm07.stdout:/usr/bin/ceph: stdout [global]
2026-03-09T20:42:29.537 INFO:teuthology.orchestra.run.vm07.stdout:/usr/bin/ceph: stdout fsid = 589eab88-1bf8-11f1-9e50-71f3ab1833c4
2026-03-09T20:42:29.537 INFO:teuthology.orchestra.run.vm07.stdout:/usr/bin/ceph: stdout mon_cluster_log_file_level = debug
2026-03-09T20:42:29.537 INFO:teuthology.orchestra.run.vm07.stdout:/usr/bin/ceph: stdout mon_osd_allow_pg_remap = true
2026-03-09T20:42:29.537 INFO:teuthology.orchestra.run.vm07.stdout:/usr/bin/ceph: stdout mon_osd_allow_primary_affinity = true
2026-03-09T20:42:29.537 INFO:teuthology.orchestra.run.vm07.stdout:/usr/bin/ceph: stdout mon_warn_on_no_sortbitwise = false
2026-03-09T20:42:29.537 INFO:teuthology.orchestra.run.vm07.stdout:/usr/bin/ceph: stdout osd_crush_chooseleaf_type = 0
2026-03-09T20:42:29.537 INFO:teuthology.orchestra.run.vm07.stdout:/usr/bin/ceph: stdout
2026-03-09T20:42:29.537 INFO:teuthology.orchestra.run.vm07.stdout:/usr/bin/ceph: stdout [mgr]
2026-03-09T20:42:29.537 INFO:teuthology.orchestra.run.vm07.stdout:/usr/bin/ceph: stdout mgr/telemetry/nag = false
2026-03-09T20:42:29.537 INFO:teuthology.orchestra.run.vm07.stdout:/usr/bin/ceph: stdout
2026-03-09T20:42:29.537 INFO:teuthology.orchestra.run.vm07.stdout:/usr/bin/ceph: stdout [osd]
2026-03-09T20:42:29.538 INFO:teuthology.orchestra.run.vm07.stdout:/usr/bin/ceph: stdout mon_osd_backfillfull_ratio = 0.85
2026-03-09T20:42:29.538 INFO:teuthology.orchestra.run.vm07.stdout:/usr/bin/ceph: stdout mon_osd_full_ratio = 0.9
2026-03-09T20:42:29.538 INFO:teuthology.orchestra.run.vm07.stdout:/usr/bin/ceph: stdout mon_osd_nearfull_ratio = 0.8
2026-03-09T20:42:29.538 INFO:teuthology.orchestra.run.vm07.stdout:/usr/bin/ceph: stdout osd_map_max_advance = 10
2026-03-09T20:42:29.538 INFO:teuthology.orchestra.run.vm07.stdout:/usr/bin/ceph: stdout osd_sloppy_crc = true
2026-03-09T20:42:29.538 INFO:teuthology.orchestra.run.vm07.stdout:/usr/bin/ceph: stderr
2026-03-09T20:42:29.396+0000 7fb77109e640 1 Processor -- start
2026-03-09T20:42:29.538 INFO:teuthology.orchestra.run.vm07.stdout:/usr/bin/ceph: stderr
2026-03-09T20:42:29.396+0000 7fb77109e640 1 -- start start
2026-03-09T20:42:29.538 INFO:teuthology.orchestra.run.vm07.stdout:/usr/bin/ceph: stderr
2026-03-09T20:42:29.396+0000 7fb77109e640 1 --2- >> [v2:192.168.123.107:3300/0,v1:192.168.123.107:6789/0] conn(0x7fb76c1082f0 0x7fb76c1086f0 unknown :-1 s=NONE pgs=0 cs=0 l=0 rev1=0 crypto rx=0 tx=0 comp rx=0 tx=0).connect
2026-03-09T20:42:29.538 INFO:teuthology.orchestra.run.vm07.stdout:/usr/bin/ceph: stderr
2026-03-09T20:42:29.396+0000 7fb77109e640 1 -- --> [v2:192.168.123.107:3300/0,v1:192.168.123.107:6789/0] -- mon_getmap magic: 0 v1 -- 0x7fb76c108cc0 con 0x7fb76c1082f0
2026-03-09T20:42:29.538 INFO:teuthology.orchestra.run.vm07.stdout:/usr/bin/ceph: stderr
2026-03-09T20:42:29.397+0000 7fb76ad76640 1 --2- >> [v2:192.168.123.107:3300/0,v1:192.168.123.107:6789/0] conn(0x7fb76c1082f0 0x7fb76c1086f0 unknown :-1 s=BANNER_CONNECTING pgs=0 cs=0 l=0 rev1=0 crypto rx=0 tx=0 comp rx=0 tx=0)._handle_peer_banner_payload supported=3 required=0
2026-03-09T20:42:29.538 INFO:teuthology.orchestra.run.vm07.stdout:/usr/bin/ceph: stderr
2026-03-09T20:42:29.397+0000 7fb76ad76640 1 --2- >> [v2:192.168.123.107:3300/0,v1:192.168.123.107:6789/0] conn(0x7fb76c1082f0 0x7fb76c1086f0 unknown :-1 s=HELLO_CONNECTING pgs=0 cs=0 l=0 rev1=1 crypto rx=0 tx=0 comp rx=0 tx=0).handle_hello peer v2:192.168.123.107:3300/0 says I am v2:192.168.123.107:38588/0 (socket says 192.168.123.107:38588)
2026-03-09T20:42:29.538 INFO:teuthology.orchestra.run.vm07.stdout:/usr/bin/ceph: stderr
2026-03-09T20:42:29.397+0000 7fb76ad76640 1 -- 192.168.123.107:0/1410878765 learned_addr learned my addr 192.168.123.107:0/1410878765 (peer_addr_for_me v2:192.168.123.107:0/0)
2026-03-09T20:42:29.538 INFO:teuthology.orchestra.run.vm07.stdout:/usr/bin/ceph: stderr
2026-03-09T20:42:29.397+0000 7fb76ad76640 1 -- 192.168.123.107:0/1410878765 --> [v2:192.168.123.107:3300/0,v1:192.168.123.107:6789/0] -- mon_subscribe({config=0+,monmap=0+}) v3 -- 0x7fb76c109490 con 0x7fb76c1082f0
2026-03-09T20:42:29.538 INFO:teuthology.orchestra.run.vm07.stdout:/usr/bin/ceph: stderr
2026-03-09T20:42:29.397+0000 7fb76ad76640 1 --2- 192.168.123.107:0/1410878765 >> [v2:192.168.123.107:3300/0,v1:192.168.123.107:6789/0] conn(0x7fb76c1082f0 0x7fb76c1086f0 secure :-1 s=READY pgs=18 cs=0 l=1 rev1=1 crypto rx=0x7fb760009b30 tx=0x7fb76002f140 comp rx=0 tx=0).ready entity=mon.0 client_cookie=e7092f357bd3c516 server_cookie=0 in_seq=0 out_seq=0
2026-03-09T20:42:29.538 INFO:teuthology.orchestra.run.vm07.stdout:/usr/bin/ceph: stderr
2026-03-09T20:42:29.398+0000 7fb769d74640 1 -- 192.168.123.107:0/1410878765 <== mon.0 v2:192.168.123.107:3300/0 1 ==== mon_map magic: 0 v1 ==== 214+0+0 (secure 0 0 0) 0x7fb76002fbd0 con 0x7fb76c1082f0
2026-03-09T20:42:29.538 INFO:teuthology.orchestra.run.vm07.stdout:/usr/bin/ceph: stderr
2026-03-09T20:42:29.398+0000 7fb769d74640 1 -- 192.168.123.107:0/1410878765 <== mon.0 v2:192.168.123.107:3300/0 2 ==== config(27 keys) v1 ==== 1041+0+0 (secure 0 0 0) 0x7fb76002fd30 con 0x7fb76c1082f0
2026-03-09T20:42:29.538 INFO:teuthology.orchestra.run.vm07.stdout:/usr/bin/ceph: stderr
2026-03-09T20:42:29.398+0000 7fb769d74640 1 -- 192.168.123.107:0/1410878765 <== mon.0 v2:192.168.123.107:3300/0 3 ==== mon_map magic: 0 v1 ==== 214+0+0 (secure 0 0 0) 0x7fb760035700 con 0x7fb76c1082f0
2026-03-09T20:42:29.538 INFO:teuthology.orchestra.run.vm07.stdout:/usr/bin/ceph: stderr
2026-03-09T20:42:29.398+0000 7fb77109e640 1 -- 192.168.123.107:0/1410878765 >> [v2:192.168.123.107:3300/0,v1:192.168.123.107:6789/0] conn(0x7fb76c1082f0 msgr2=0x7fb76c1086f0 secure :-1 s=STATE_CONNECTION_ESTABLISHED l=1).mark_down
2026-03-09T20:42:29.538 INFO:teuthology.orchestra.run.vm07.stdout:/usr/bin/ceph: stderr
2026-03-09T20:42:29.398+0000 7fb77109e640 1 --2- 192.168.123.107:0/1410878765 >> [v2:192.168.123.107:3300/0,v1:192.168.123.107:6789/0] conn(0x7fb76c1082f0 0x7fb76c1086f0 secure :-1 s=READY pgs=18 cs=0 l=1 rev1=1 crypto rx=0x7fb760009b30 tx=0x7fb76002f140 comp rx=0 tx=0).stop
2026-03-09T20:42:29.538 INFO:teuthology.orchestra.run.vm07.stdout:/usr/bin/ceph: stderr
2026-03-09T20:42:29.398+0000 7fb77109e640 1 -- 192.168.123.107:0/1410878765 shutdown_connections
2026-03-09T20:42:29.538 INFO:teuthology.orchestra.run.vm07.stdout:/usr/bin/ceph: stderr
2026-03-09T20:42:29.398+0000 7fb77109e640 1 --2- 192.168.123.107:0/1410878765 >> [v2:192.168.123.107:3300/0,v1:192.168.123.107:6789/0] conn(0x7fb76c1082f0 0x7fb76c1086f0 secure :-1 s=CLOSED pgs=18 cs=0 l=1 rev1=1 crypto rx=0x7fb760009b30 tx=0x7fb76002f140 comp rx=0 tx=0).stop
2026-03-09T20:42:29.538 INFO:teuthology.orchestra.run.vm07.stdout:/usr/bin/ceph: stderr
2026-03-09T20:42:29.398+0000 7fb77109e640 1 -- 192.168.123.107:0/1410878765 >> 192.168.123.107:0/1410878765 conn(0x7fb76c07b8c0 msgr2=0x7fb76c1066a0 unknown :-1 s=STATE_NONE l=0).mark_down
2026-03-09T20:42:29.538 INFO:teuthology.orchestra.run.vm07.stdout:/usr/bin/ceph: stderr
2026-03-09T20:42:29.398+0000 7fb77109e640 1 -- 192.168.123.107:0/1410878765 shutdown_connections
2026-03-09T20:42:29.538 INFO:teuthology.orchestra.run.vm07.stdout:/usr/bin/ceph: stderr
2026-03-09T20:42:29.398+0000 7fb77109e640 1 -- 192.168.123.107:0/1410878765 wait complete.
2026-03-09T20:42:29.538 INFO:teuthology.orchestra.run.vm07.stdout:/usr/bin/ceph: stderr
2026-03-09T20:42:29.399+0000 7fb77109e640 1 Processor -- start
2026-03-09T20:42:29.538 INFO:teuthology.orchestra.run.vm07.stdout:/usr/bin/ceph: stderr
2026-03-09T20:42:29.399+0000 7fb77109e640 1 -- start start
2026-03-09T20:42:29.538 INFO:teuthology.orchestra.run.vm07.stdout:/usr/bin/ceph: stderr
2026-03-09T20:42:29.399+0000 7fb77109e640 1 --2- >> [v2:192.168.123.107:3300/0,v1:192.168.123.107:6789/0] conn(0x7fb76c19e320 0x7fb76c19e740 unknown :-1 s=NONE pgs=0 cs=0 l=1 rev1=0 crypto rx=0 tx=0 comp rx=0 tx=0).connect
2026-03-09T20:42:29.538 INFO:teuthology.orchestra.run.vm07.stdout:/usr/bin/ceph: stderr
2026-03-09T20:42:29.399+0000 7fb77109e640 1 -- --> [v2:192.168.123.107:3300/0,v1:192.168.123.107:6789/0] -- mon_getmap magic: 0 v1 -- 0x7fb76c19ec80 con 0x7fb76c19e320
2026-03-09T20:42:29.538 INFO:teuthology.orchestra.run.vm07.stdout:/usr/bin/ceph: stderr
2026-03-09T20:42:29.399+0000 7fb76ad76640 1 --2- >> [v2:192.168.123.107:3300/0,v1:192.168.123.107:6789/0] conn(0x7fb76c19e320 0x7fb76c19e740 unknown :-1 s=BANNER_CONNECTING pgs=0 cs=0 l=1 rev1=0 crypto rx=0 tx=0 comp rx=0 tx=0)._handle_peer_banner_payload supported=3 required=0
2026-03-09T20:42:29.538 INFO:teuthology.orchestra.run.vm07.stdout:/usr/bin/ceph: stderr
2026-03-09T20:42:29.399+0000 7fb76ad76640 1 --2- >> [v2:192.168.123.107:3300/0,v1:192.168.123.107:6789/0] conn(0x7fb76c19e320 0x7fb76c19e740 unknown :-1 s=HELLO_CONNECTING pgs=0 cs=0 l=1 rev1=1 crypto rx=0 tx=0 comp rx=0 tx=0).handle_hello peer v2:192.168.123.107:3300/0 says I am v2:192.168.123.107:38590/0 (socket says 192.168.123.107:38590)
2026-03-09T20:42:29.538 INFO:teuthology.orchestra.run.vm07.stdout:/usr/bin/ceph: stderr
2026-03-09T20:42:29.399+0000 7fb76ad76640 1 -- 192.168.123.107:0/59976990 learned_addr learned my addr 192.168.123.107:0/59976990 (peer_addr_for_me v2:192.168.123.107:0/0)
2026-03-09T20:42:29.538 INFO:teuthology.orchestra.run.vm07.stdout:/usr/bin/ceph: stderr
2026-03-09T20:42:29.400+0000 7fb76ad76640 1 -- 192.168.123.107:0/59976990 --> [v2:192.168.123.107:3300/0,v1:192.168.123.107:6789/0] -- mon_subscribe({config=0+,monmap=0+}) v3 -- 0x7fb7600095d0 con 0x7fb76c19e320
2026-03-09T20:42:29.538 INFO:teuthology.orchestra.run.vm07.stdout:/usr/bin/ceph: stderr
2026-03-09T20:42:29.400+0000 7fb76ad76640 1 --2- 192.168.123.107:0/59976990 >> [v2:192.168.123.107:3300/0,v1:192.168.123.107:6789/0] conn(0x7fb76c19e320 0x7fb76c19e740 secure :-1 s=READY pgs=19 cs=0 l=1 rev1=1 crypto rx=0x7fb760009b00 tx=0x7fb760035710 comp rx=0 tx=0).ready entity=mon.0 client_cookie=0 server_cookie=0 in_seq=0 out_seq=0
2026-03-09T20:42:29.538 INFO:teuthology.orchestra.run.vm07.stdout:/usr/bin/ceph: stderr
2026-03-09T20:42:29.400+0000 7fb74bfff640 1 -- 192.168.123.107:0/59976990 <== mon.0 v2:192.168.123.107:3300/0 1 ==== mon_map magic: 0 v1 ==== 214+0+0 (secure 0 0 0) 0x7fb760045070 con 0x7fb76c19e320
2026-03-09T20:42:29.538 INFO:teuthology.orchestra.run.vm07.stdout:/usr/bin/ceph: stderr
2026-03-09T20:42:29.400+0000 7fb74bfff640 1 -- 192.168.123.107:0/59976990 <== mon.0 v2:192.168.123.107:3300/0 2 ==== config(27 keys) v1 ==== 1041+0+0 (secure 0 0 0) 0x7fb760035e90 con 0x7fb76c19e320
2026-03-09T20:42:29.538 INFO:teuthology.orchestra.run.vm07.stdout:/usr/bin/ceph: stderr
2026-03-09T20:42:29.400+0000 7fb77109e640 1 -- 192.168.123.107:0/59976990 --> [v2:192.168.123.107:3300/0,v1:192.168.123.107:6789/0] -- mon_subscribe({mgrmap=0+}) v3 -- 0x7fb76c19ee80 con 0x7fb76c19e320
2026-03-09T20:42:29.538 INFO:teuthology.orchestra.run.vm07.stdout:/usr/bin/ceph: stderr
2026-03-09T20:42:29.400+0000 7fb77109e640 1 -- 192.168.123.107:0/59976990 --> [v2:192.168.123.107:3300/0,v1:192.168.123.107:6789/0] -- mon_subscribe({osdmap=0}) v3 -- 0x7fb76c1a19f0 con 0x7fb76c19e320
2026-03-09T20:42:29.538 INFO:teuthology.orchestra.run.vm07.stdout:/usr/bin/ceph: stderr
2026-03-09T20:42:29.401+0000 7fb74bfff640 1 -- 192.168.123.107:0/59976990 <== mon.0 v2:192.168.123.107:3300/0 3 ==== mon_map magic: 0 v1 ==== 214+0+0 (secure 0 0 0) 0x7fb760035b50 con 0x7fb76c19e320
2026-03-09T20:42:29.538 INFO:teuthology.orchestra.run.vm07.stdout:/usr/bin/ceph: stderr
2026-03-09T20:42:29.401+0000 7fb77109e640 1 -- 192.168.123.107:0/59976990 --> [v2:192.168.123.107:3300/0,v1:192.168.123.107:6789/0] -- mon_command({"prefix": "get_command_descriptions"} v 0) v1 -- 0x7fb730005350 con 0x7fb76c19e320
2026-03-09T20:42:29.538 INFO:teuthology.orchestra.run.vm07.stdout:/usr/bin/ceph: stderr
2026-03-09T20:42:29.401+0000 7fb74bfff640 1 -- 192.168.123.107:0/59976990 <== mon.0 v2:192.168.123.107:3300/0 4 ==== mgrmap(e 4) v1 ==== 49359+0+0 (secure 0 0 0) 0x7fb76003e030 con 0x7fb76c19e320
2026-03-09T20:42:29.538 INFO:teuthology.orchestra.run.vm07.stdout:/usr/bin/ceph: stderr
2026-03-09T20:42:29.401+0000 7fb74bfff640 1 --2- 192.168.123.107:0/59976990 >> [v2:192.168.123.107:6800/1859043218,v1:192.168.123.107:6801/1859043218] conn(0x7fb74003d140 0x7fb74003f600 unknown :-1 s=NONE pgs=0 cs=0 l=1 rev1=0 crypto rx=0 tx=0 comp rx=0 tx=0).connect
2026-03-09T20:42:29.538 INFO:teuthology.orchestra.run.vm07.stdout:/usr/bin/ceph: stderr
2026-03-09T20:42:29.401+0000 7fb74bfff640 1 -- 192.168.123.107:0/59976990 <== mon.0 v2:192.168.123.107:3300/0 5 ==== osd_map(1..1 src has 1..1) v4 ==== 725+0+0 (secure 0 0 0) 0x7fb760075de0 con 0x7fb76c19e320
2026-03-09T20:42:29.538 INFO:teuthology.orchestra.run.vm07.stdout:/usr/bin/ceph: stderr
2026-03-09T20:42:29.404+0000 7fb76a575640 1 --2- 192.168.123.107:0/59976990 >> [v2:192.168.123.107:6800/1859043218,v1:192.168.123.107:6801/1859043218] conn(0x7fb74003d140 0x7fb74003f600 unknown :-1 s=BANNER_CONNECTING pgs=0 cs=0 l=1 rev1=0 crypto rx=0 tx=0 comp rx=0 tx=0)._handle_peer_banner_payload supported=3 required=0
2026-03-09T20:42:29.538 INFO:teuthology.orchestra.run.vm07.stdout:/usr/bin/ceph: stderr
2026-03-09T20:42:29.404+0000 7fb76a575640 1 --2- 192.168.123.107:0/59976990 >> [v2:192.168.123.107:6800/1859043218,v1:192.168.123.107:6801/1859043218] conn(0x7fb74003d140 0x7fb74003f600 secure :-1 s=READY pgs=7 cs=0 l=1 rev1=1 crypto rx=0x7fb7540099c0 tx=0x7fb754006eb0 comp rx=0 tx=0).ready entity=mgr.14100 client_cookie=0 server_cookie=0 in_seq=0 out_seq=0
2026-03-09T20:42:29.538 INFO:teuthology.orchestra.run.vm07.stdout:/usr/bin/ceph: stderr
2026-03-09T20:42:29.404+0000 7fb74bfff640 1 -- 192.168.123.107:0/59976990 <== mon.0 v2:192.168.123.107:3300/0 6 ==== mon_command_ack([{"prefix": "get_command_descriptions"}]=0 v0) v1 ==== 72+0+186382 (secure 0 0 0) 0x7fb760036df0 con 0x7fb76c19e320
2026-03-09T20:42:29.538 INFO:teuthology.orchestra.run.vm07.stdout:/usr/bin/ceph: stderr
2026-03-09T20:42:29.486+0000 7fb77109e640 1 -- 192.168.123.107:0/59976990 --> [v2:192.168.123.107:3300/0,v1:192.168.123.107:6789/0] -- mon_command({"prefix": "config assimilate-conf"} v 0) v1 -- 0x7fb730005b80 con 0x7fb76c19e320
2026-03-09T20:42:29.538 INFO:teuthology.orchestra.run.vm07.stdout:/usr/bin/ceph: stderr
2026-03-09T20:42:29.488+0000 7fb74bfff640 1 -- 192.168.123.107:0/59976990 <== mon.0 v2:192.168.123.107:3300/0 7 ==== mon_command_ack([{"prefix": "config assimilate-conf"}]=0 v3) v1 ==== 70+0+409 (secure 0 0 0) 0x7fb76003c030 con 0x7fb76c19e320
2026-03-09T20:42:29.538 INFO:teuthology.orchestra.run.vm07.stdout:/usr/bin/ceph: stderr
2026-03-09T20:42:29.490+0000 7fb77109e640 1 -- 192.168.123.107:0/59976990 >> [v2:192.168.123.107:6800/1859043218,v1:192.168.123.107:6801/1859043218] conn(0x7fb74003d140 msgr2=0x7fb74003f600 secure :-1 s=STATE_CONNECTION_ESTABLISHED l=1).mark_down
2026-03-09T20:42:29.538 INFO:teuthology.orchestra.run.vm07.stdout:/usr/bin/ceph: stderr
2026-03-09T20:42:29.490+0000 7fb77109e640 1 --2- 192.168.123.107:0/59976990 >> [v2:192.168.123.107:6800/1859043218,v1:192.168.123.107:6801/1859043218] conn(0x7fb74003d140 0x7fb74003f600 secure :-1 s=READY pgs=7 cs=0 l=1 rev1=1 crypto rx=0x7fb7540099c0 tx=0x7fb754006eb0 comp rx=0 tx=0).stop
2026-03-09T20:42:29.538 INFO:teuthology.orchestra.run.vm07.stdout:/usr/bin/ceph: stderr
2026-03-09T20:42:29.490+0000 7fb77109e640 1 -- 192.168.123.107:0/59976990 >> [v2:192.168.123.107:3300/0,v1:192.168.123.107:6789/0] conn(0x7fb76c19e320 msgr2=0x7fb76c19e740 secure :-1 s=STATE_CONNECTION_ESTABLISHED l=1).mark_down
2026-03-09T20:42:29.538 INFO:teuthology.orchestra.run.vm07.stdout:/usr/bin/ceph: stderr
2026-03-09T20:42:29.490+0000 7fb77109e640 1 --2- 192.168.123.107:0/59976990 >> [v2:192.168.123.107:3300/0,v1:192.168.123.107:6789/0] conn(0x7fb76c19e320 0x7fb76c19e740 secure :-1 s=READY pgs=19 cs=0 l=1 rev1=1 crypto rx=0x7fb760009b00 tx=0x7fb760035710 comp rx=0 tx=0).stop
2026-03-09T20:42:29.538 INFO:teuthology.orchestra.run.vm07.stdout:/usr/bin/ceph: stderr
2026-03-09T20:42:29.490+0000 7fb77109e640 1 -- 192.168.123.107:0/59976990 shutdown_connections
2026-03-09T20:42:29.538 INFO:teuthology.orchestra.run.vm07.stdout:/usr/bin/ceph: stderr
2026-03-09T20:42:29.490+0000 7fb77109e640 1 --2- 192.168.123.107:0/59976990 >> [v2:192.168.123.107:6800/1859043218,v1:192.168.123.107:6801/1859043218] conn(0x7fb74003d140 0x7fb74003f600 unknown :-1 s=CLOSED pgs=7 cs=0 l=1 rev1=1 crypto rx=0 tx=0 comp rx=0 tx=0).stop
2026-03-09T20:42:29.538 INFO:teuthology.orchestra.run.vm07.stdout:/usr/bin/ceph: stderr
2026-03-09T20:42:29.490+0000 7fb77109e640 1 --2- 192.168.123.107:0/59976990 >> [v2:192.168.123.107:3300/0,v1:192.168.123.107:6789/0] conn(0x7fb76c19e320 0x7fb76c19e740 unknown :-1 s=CLOSED pgs=19 cs=0 l=1 rev1=1 crypto rx=0 tx=0 comp rx=0 tx=0).stop
2026-03-09T20:42:29.538 INFO:teuthology.orchestra.run.vm07.stdout:/usr/bin/ceph: stderr
2026-03-09T20:42:29.490+0000 7fb77109e640 1 -- 192.168.123.107:0/59976990 >> 192.168.123.107:0/59976990 conn(0x7fb76c07b8c0 msgr2=0x7fb76c105db0 unknown :-1 s=STATE_NONE l=0).mark_down
2026-03-09T20:42:29.538 INFO:teuthology.orchestra.run.vm07.stdout:/usr/bin/ceph: stderr
2026-03-09T20:42:29.491+0000 7fb77109e640 1 -- 192.168.123.107:0/59976990 shutdown_connections
2026-03-09T20:42:29.538 INFO:teuthology.orchestra.run.vm07.stdout:/usr/bin/ceph: stderr
2026-03-09T20:42:29.491+0000 7fb77109e640 1 -- 192.168.123.107:0/59976990 wait complete.
2026-03-09T20:42:29.538 INFO:teuthology.orchestra.run.vm07.stdout:Enabling cephadm module...
2026-03-09T20:42:30.307 INFO:teuthology.orchestra.run.vm07.stdout:/usr/bin/ceph: stderr
2026-03-09T20:42:29.646+0000 7fa8f263f640 1 Processor -- start
2026-03-09T20:42:30.307 INFO:teuthology.orchestra.run.vm07.stdout:/usr/bin/ceph: stderr
2026-03-09T20:42:29.646+0000 7fa8f263f640 1 -- start start
2026-03-09T20:42:30.307 INFO:teuthology.orchestra.run.vm07.stdout:/usr/bin/ceph: stderr
2026-03-09T20:42:29.646+0000 7fa8f263f640 1 --2- >> [v2:192.168.123.107:3300/0,v1:192.168.123.107:6789/0] conn(0x7fa8ec108240 0x7fa8ec108640 unknown :-1 s=NONE pgs=0 cs=0 l=0 rev1=0 crypto rx=0 tx=0 comp rx=0 tx=0).connect
2026-03-09T20:42:30.307 INFO:teuthology.orchestra.run.vm07.stdout:/usr/bin/ceph: stderr
2026-03-09T20:42:29.646+0000 7fa8f263f640 1 -- --> [v2:192.168.123.107:3300/0,v1:192.168.123.107:6789/0] -- mon_getmap magic: 0 v1 -- 0x7fa8ec108c10 con 0x7fa8ec108240
2026-03-09T20:42:30.307 INFO:teuthology.orchestra.run.vm07.stdout:/usr/bin/ceph: stderr
2026-03-09T20:42:29.647+0000 7fa8ebfff640 1 --2- >> [v2:192.168.123.107:3300/0,v1:192.168.123.107:6789/0] conn(0x7fa8ec108240 0x7fa8ec108640 unknown :-1 s=BANNER_CONNECTING pgs=0 cs=0 l=0 rev1=0 crypto rx=0 tx=0 comp rx=0 tx=0)._handle_peer_banner_payload supported=3 required=0
2026-03-09T20:42:30.307 INFO:teuthology.orchestra.run.vm07.stdout:/usr/bin/ceph: stderr
2026-03-09T20:42:29.647+0000 7fa8ebfff640 1 --2- >> [v2:192.168.123.107:3300/0,v1:192.168.123.107:6789/0] conn(0x7fa8ec108240 0x7fa8ec108640 unknown :-1 s=HELLO_CONNECTING pgs=0 cs=0 l=0 rev1=1 crypto rx=0 tx=0 comp rx=0 tx=0).handle_hello peer v2:192.168.123.107:3300/0 says I am v2:192.168.123.107:38600/0 (socket says 192.168.123.107:38600)
2026-03-09T20:42:30.307 INFO:teuthology.orchestra.run.vm07.stdout:/usr/bin/ceph: stderr
2026-03-09T20:42:29.647+0000 7fa8ebfff640 1 -- 192.168.123.107:0/2030509078 learned_addr learned my addr 192.168.123.107:0/2030509078 (peer_addr_for_me v2:192.168.123.107:0/0)
2026-03-09T20:42:30.307 INFO:teuthology.orchestra.run.vm07.stdout:/usr/bin/ceph: stderr
2026-03-09T20:42:29.647+0000 7fa8ebfff640 1 -- 192.168.123.107:0/2030509078 --> [v2:192.168.123.107:3300/0,v1:192.168.123.107:6789/0] -- mon_subscribe({config=0+,monmap=0+}) v3 -- 0x7fa8ec1093f0 con 0x7fa8ec108240
2026-03-09T20:42:30.307 INFO:teuthology.orchestra.run.vm07.stdout:/usr/bin/ceph: stderr
2026-03-09T20:42:29.648+0000 7fa8ebfff640 1 --2- 192.168.123.107:0/2030509078 >> [v2:192.168.123.107:3300/0,v1:192.168.123.107:6789/0] conn(0x7fa8ec108240 0x7fa8ec108640 secure :-1 s=READY pgs=20 cs=0 l=1 rev1=1 crypto rx=0x7fa8dc009920 tx=0x7fa8dc02ef20 comp rx=0 tx=0).ready entity=mon.0 client_cookie=49f673847e5b8444 server_cookie=0 in_seq=0 out_seq=0
2026-03-09T20:42:30.307 INFO:teuthology.orchestra.run.vm07.stdout:/usr/bin/ceph: stderr
2026-03-09T20:42:29.648+0000 7fa8eaffd640 1 -- 192.168.123.107:0/2030509078 <== mon.0 v2:192.168.123.107:3300/0 1 ==== mon_map magic: 0 v1 ==== 214+0+0 (secure 0 0 0) 0x7fa8dc02f9b0 con 0x7fa8ec108240
2026-03-09T20:42:30.307 INFO:teuthology.orchestra.run.vm07.stdout:/usr/bin/ceph: stderr
2026-03-09T20:42:29.648+0000 7fa8eaffd640 1 -- 192.168.123.107:0/2030509078 <== mon.0 v2:192.168.123.107:3300/0 2 ==== config(27 keys) v1 ==== 1041+0+0 (secure 0 0 0) 0x7fa8dc037440 con 0x7fa8ec108240
2026-03-09T20:42:30.307 INFO:teuthology.orchestra.run.vm07.stdout:/usr/bin/ceph: stderr
2026-03-09T20:42:29.648+0000 7fa8f263f640 1 -- 192.168.123.107:0/2030509078 >> [v2:192.168.123.107:3300/0,v1:192.168.123.107:6789/0] conn(0x7fa8ec108240 msgr2=0x7fa8ec108640 secure :-1 s=STATE_CONNECTION_ESTABLISHED l=1).mark_down
2026-03-09T20:42:30.307 INFO:teuthology.orchestra.run.vm07.stdout:/usr/bin/ceph: stderr
2026-03-09T20:42:29.648+0000 7fa8f263f640 1 --2- 192.168.123.107:0/2030509078 >> [v2:192.168.123.107:3300/0,v1:192.168.123.107:6789/0] conn(0x7fa8ec108240 0x7fa8ec108640 secure :-1 s=READY pgs=20 cs=0 l=1 rev1=1 crypto rx=0x7fa8dc009920 tx=0x7fa8dc02ef20 comp rx=0 tx=0).stop
2026-03-09T20:42:30.307 INFO:teuthology.orchestra.run.vm07.stdout:/usr/bin/ceph: stderr
2026-03-09T20:42:29.649+0000 7fa8f263f640 1 -- 192.168.123.107:0/2030509078 shutdown_connections
2026-03-09T20:42:30.307 INFO:teuthology.orchestra.run.vm07.stdout:/usr/bin/ceph: stderr
2026-03-09T20:42:29.649+0000 7fa8f263f640 1 --2- 192.168.123.107:0/2030509078 >> [v2:192.168.123.107:3300/0,v1:192.168.123.107:6789/0] conn(0x7fa8ec108240 0x7fa8ec108640 unknown :-1 s=CLOSED pgs=20 cs=0 l=1 rev1=1 crypto rx=0 tx=0 comp rx=0 tx=0).stop
2026-03-09T20:42:30.307 INFO:teuthology.orchestra.run.vm07.stdout:/usr/bin/ceph: stderr
2026-03-09T20:42:29.649+0000 7fa8f263f640 1 -- 192.168.123.107:0/2030509078 >> 192.168.123.107:0/2030509078 conn(0x7fa8ec07b8b0 msgr2=0x7fa8ec1066a0 unknown :-1 s=STATE_NONE l=0).mark_down
2026-03-09T20:42:30.307 INFO:teuthology.orchestra.run.vm07.stdout:/usr/bin/ceph: stderr
2026-03-09T20:42:29.649+0000 7fa8f263f640 1 -- 192.168.123.107:0/2030509078 shutdown_connections
2026-03-09T20:42:30.307 INFO:teuthology.orchestra.run.vm07.stdout:/usr/bin/ceph: stderr
2026-03-09T20:42:29.649+0000 7fa8f263f640 1 -- 192.168.123.107:0/2030509078 wait complete.
2026-03-09T20:42:30.307 INFO:teuthology.orchestra.run.vm07.stdout:/usr/bin/ceph: stderr
2026-03-09T20:42:29.649+0000 7fa8f263f640 1 Processor -- start
2026-03-09T20:42:30.307 INFO:teuthology.orchestra.run.vm07.stdout:/usr/bin/ceph: stderr
2026-03-09T20:42:29.649+0000 7fa8f263f640 1 -- start start
2026-03-09T20:42:30.308 INFO:teuthology.orchestra.run.vm07.stdout:/usr/bin/ceph: stderr
2026-03-09T20:42:29.650+0000 7fa8f263f640 1 --2- >> [v2:192.168.123.107:3300/0,v1:192.168.123.107:6789/0] conn(0x7fa8ec19e0b0 0x7fa8ec19e4d0 unknown :-1 s=NONE pgs=0 cs=0 l=1 rev1=0 crypto rx=0 tx=0 comp rx=0 tx=0).connect
2026-03-09T20:42:30.308 INFO:teuthology.orchestra.run.vm07.stdout:/usr/bin/ceph: stderr
2026-03-09T20:42:29.650+0000 7fa8f263f640 1 -- --> [v2:192.168.123.107:3300/0,v1:192.168.123.107:6789/0] -- mon_getmap magic: 0 v1 -- 0x7fa8dc035340 con 0x7fa8ec19e0b0
2026-03-09T20:42:30.308 INFO:teuthology.orchestra.run.vm07.stdout:/usr/bin/ceph: stderr
2026-03-09T20:42:29.650+0000 7fa8ebfff640 1 --2- >> [v2:192.168.123.107:3300/0,v1:192.168.123.107:6789/0] conn(0x7fa8ec19e0b0 0x7fa8ec19e4d0 unknown :-1 s=BANNER_CONNECTING pgs=0 cs=0 l=1 rev1=0 crypto rx=0 tx=0 comp rx=0 tx=0)._handle_peer_banner_payload supported=3 required=0
2026-03-09T20:42:30.308 INFO:teuthology.orchestra.run.vm07.stdout:/usr/bin/ceph: stderr
2026-03-09T20:42:29.650+0000 7fa8ebfff640 1 --2- >> [v2:192.168.123.107:3300/0,v1:192.168.123.107:6789/0] conn(0x7fa8ec19e0b0 0x7fa8ec19e4d0 unknown :-1 s=HELLO_CONNECTING pgs=0 cs=0 l=1 rev1=1 crypto rx=0 tx=0 comp rx=0 tx=0).handle_hello peer v2:192.168.123.107:3300/0 says I am v2:192.168.123.107:38602/0 (socket says 192.168.123.107:38602)
