2026-03-09T20:42:37.144+0000 7f0d91c39640 1 --2- >> [v2:192.168.123.107:3300/0,v1:192.168.123.107:6789/0] conn(0x7f0d8c072f30 0x7f0d8c071440 unknown :-1 s=BANNER_CONNECTING pgs=0 cs=0 l=0 rev1=0 crypto rx=0 tx=0 comp rx=0 tx=0)._handle_peer_banner_payload supported=3 required=0
2026-03-09T20:42:37.303 INFO:teuthology.orchestra.run.vm07.stdout:/usr/bin/ceph: stderr
2026-03-09T20:42:37.144+0000 7f0d91c39640 1 --2- >> [v2:192.168.123.107:3300/0,v1:192.168.123.107:6789/0] conn(0x7f0d8c072f30 0x7f0d8c071440 unknown :-1 s=HELLO_CONNECTING pgs=0 cs=0 l=0 rev1=1 crypto rx=0 tx=0 comp rx=0 tx=0).handle_hello peer v2:192.168.123.107:3300/0 says I am v2:192.168.123.107:38846/0 (socket says 192.168.123.107:38846)
2026-03-09T20:42:37.303 INFO:teuthology.orchestra.run.vm07.stdout:/usr/bin/ceph: stderr
2026-03-09T20:42:37.144+0000 7f0d91c39640 1 -- 192.168.123.107:0/509416143 learned_addr learned my addr 192.168.123.107:0/509416143 (peer_addr_for_me v2:192.168.123.107:0/0)
2026-03-09T20:42:37.303 INFO:teuthology.orchestra.run.vm07.stdout:/usr/bin/ceph: stderr
2026-03-09T20:42:37.144+0000 7f0d91c39640 1 -- 192.168.123.107:0/509416143 --> [v2:192.168.123.107:3300/0,v1:192.168.123.107:6789/0] -- mon_subscribe({config=0+,monmap=0+}) v3 -- 0x7f0d8c071b50 con 0x7f0d8c072f30
2026-03-09T20:42:37.303 INFO:teuthology.orchestra.run.vm07.stdout:/usr/bin/ceph: stderr
2026-03-09T20:42:37.146+0000 7f0d91c39640 1 --2- 192.168.123.107:0/509416143 >> [v2:192.168.123.107:3300/0,v1:192.168.123.107:6789/0] conn(0x7f0d8c072f30 0x7f0d8c071440 secure :-1 s=READY pgs=47 cs=0 l=1 rev1=1 crypto rx=0x7f0d7c009b80 tx=0x7f0d7c02f190 comp rx=0 tx=0).ready entity=mon.0 client_cookie=3aa7530213d8c40a server_cookie=0 in_seq=0 out_seq=0
2026-03-09T20:42:37.303 INFO:teuthology.orchestra.run.vm07.stdout:/usr/bin/ceph: stderr
2026-03-09T20:42:37.146+0000 7f0d90c37640 1 -- 192.168.123.107:0/509416143 <== mon.0 v2:192.168.123.107:3300/0 1 ==== mon_map magic: 0 v1 ==== 214+0+0 (secure 0 0 0) 0x7f0d7c02fa10 con 0x7f0d8c072f30
2026-03-09T20:42:37.303 INFO:teuthology.orchestra.run.vm07.stdout:/usr/bin/ceph: stderr
2026-03-09T20:42:37.146+0000 7f0d90c37640 1 -- 192.168.123.107:0/509416143 <== mon.0 v2:192.168.123.107:3300/0 2 ==== config(27 keys) v1 ==== 1041+0+0 (secure 0 0 0) 0x7f0d7c037440 con 0x7f0d8c072f30
2026-03-09T20:42:37.303 INFO:teuthology.orchestra.run.vm07.stdout:/usr/bin/ceph: stderr
2026-03-09T20:42:37.146+0000 7f0d90c37640 1 -- 192.168.123.107:0/509416143 <== mon.0 v2:192.168.123.107:3300/0 3 ==== mon_map magic: 0 v1 ==== 214+0+0 (secure 0 0 0) 0x7f0d7c035540 con 0x7f0d8c072f30
2026-03-09T20:42:37.303 INFO:teuthology.orchestra.run.vm07.stdout:/usr/bin/ceph: stderr
2026-03-09T20:42:37.147+0000 7f0d92c3b640 1 -- 192.168.123.107:0/509416143 >> [v2:192.168.123.107:3300/0,v1:192.168.123.107:6789/0] conn(0x7f0d8c072f30 msgr2=0x7f0d8c071440 secure :-1 s=STATE_CONNECTION_ESTABLISHED l=1).mark_down
2026-03-09T20:42:37.303 INFO:teuthology.orchestra.run.vm07.stdout:/usr/bin/ceph: stderr
2026-03-09T20:42:37.147+0000 7f0d92c3b640 1 --2- 192.168.123.107:0/509416143 >> [v2:192.168.123.107:3300/0,v1:192.168.123.107:6789/0] conn(0x7f0d8c072f30 0x7f0d8c071440 secure :-1 s=READY pgs=47 cs=0 l=1 rev1=1 crypto rx=0x7f0d7c009b80 tx=0x7f0d7c02f190 comp rx=0 tx=0).stop
2026-03-09T20:42:37.303 INFO:teuthology.orchestra.run.vm07.stdout:/usr/bin/ceph: stderr
2026-03-09T20:42:37.147+0000 7f0d92c3b640 1 -- 192.168.123.107:0/509416143 shutdown_connections
2026-03-09T20:42:37.303 INFO:teuthology.orchestra.run.vm07.stdout:/usr/bin/ceph: stderr
2026-03-09T20:42:37.147+0000 7f0d92c3b640 1 --2- 192.168.123.107:0/509416143 >> [v2:192.168.123.107:3300/0,v1:192.168.123.107:6789/0] conn(0x7f0d8c072f30 0x7f0d8c071440 unknown :-1 s=CLOSED pgs=47 cs=0 l=1 rev1=1 crypto rx=0 tx=0 comp rx=0 tx=0).stop
2026-03-09T20:42:37.303 INFO:teuthology.orchestra.run.vm07.stdout:/usr/bin/ceph: stderr
2026-03-09T20:42:37.147+0000 7f0d92c3b640 1 -- 192.168.123.107:0/509416143 >> 192.168.123.107:0/509416143 conn(0x7f0d8c06d060 msgr2=0x7f0d8c06f480 unknown :-1 s=STATE_NONE l=0).mark_down
2026-03-09T20:42:37.303 INFO:teuthology.orchestra.run.vm07.stdout:/usr/bin/ceph: stderr
2026-03-09T20:42:37.147+0000 7f0d92c3b640 1 -- 192.168.123.107:0/509416143 shutdown_connections
2026-03-09T20:42:37.303 INFO:teuthology.orchestra.run.vm07.stdout:/usr/bin/ceph: stderr
2026-03-09T20:42:37.147+0000 7f0d92c3b640 1 -- 192.168.123.107:0/509416143 wait complete.
2026-03-09T20:42:37.303 INFO:teuthology.orchestra.run.vm07.stdout:/usr/bin/ceph: stderr
2026-03-09T20:42:37.148+0000 7f0d92c3b640 1 Processor -- start
2026-03-09T20:42:37.303 INFO:teuthology.orchestra.run.vm07.stdout:/usr/bin/ceph: stderr
2026-03-09T20:42:37.148+0000 7f0d92c3b640 1 -- start start
2026-03-09T20:42:37.303 INFO:teuthology.orchestra.run.vm07.stdout:/usr/bin/ceph: stderr
2026-03-09T20:42:37.148+0000 7f0d92c3b640 1 --2- >> [v2:192.168.123.107:3300/0,v1:192.168.123.107:6789/0] conn(0x7f0d8c072f30 0x7f0d8c11b610 unknown :-1 s=NONE pgs=0 cs=0 l=1 rev1=0 crypto rx=0 tx=0 comp rx=0 tx=0).connect
2026-03-09T20:42:37.303 INFO:teuthology.orchestra.run.vm07.stdout:/usr/bin/ceph: stderr
2026-03-09T20:42:37.148+0000 7f0d92c3b640 1 -- --> [v2:192.168.123.107:3300/0,v1:192.168.123.107:6789/0] -- mon_getmap magic: 0 v1 -- 0x7f0d8c11ce50 con 0x7f0d8c072f30
2026-03-09T20:42:37.303 INFO:teuthology.orchestra.run.vm07.stdout:/usr/bin/ceph: stderr
2026-03-09T20:42:37.148+0000 7f0d91c39640 1 --2- >> [v2:192.168.123.107:3300/0,v1:192.168.123.107:6789/0] conn(0x7f0d8c072f30 0x7f0d8c11b610 unknown :-1 s=BANNER_CONNECTING pgs=0 cs=0 l=1 rev1=0 crypto rx=0 tx=0 comp rx=0 tx=0)._handle_peer_banner_payload supported=3 required=0
2026-03-09T20:42:37.304 INFO:teuthology.orchestra.run.vm07.stdout:/usr/bin/ceph: stderr
2026-03-09T20:42:37.148+0000 7f0d91c39640 1 --2- >> [v2:192.168.123.107:3300/0,v1:192.168.123.107:6789/0] conn(0x7f0d8c072f30 0x7f0d8c11b610 unknown :-1 s=HELLO_CONNECTING pgs=0 cs=0 l=1 rev1=1 crypto rx=0 tx=0 comp rx=0 tx=0).handle_hello peer v2:192.168.123.107:3300/0 says I am v2:192.168.123.107:38850/0 (socket says 192.168.123.107:38850)
2026-03-09T20:42:37.304 INFO:teuthology.orchestra.run.vm07.stdout:/usr/bin/ceph: stderr
2026-03-09T20:42:37.148+0000 7f0d91c39640 1 -- 192.168.123.107:0/2233376418 learned_addr learned my addr 192.168.123.107:0/2233376418 (peer_addr_for_me v2:192.168.123.107:0/0)
2026-03-09T20:42:37.304 INFO:teuthology.orchestra.run.vm07.stdout:/usr/bin/ceph: stderr
2026-03-09T20:42:37.148+0000 7f0d91c39640 1 -- 192.168.123.107:0/2233376418 --> [v2:192.168.123.107:3300/0,v1:192.168.123.107:6789/0] -- mon_subscribe({config=0+,monmap=0+}) v3 -- 0x7f0d7c0095d0 con 0x7f0d8c072f30
2026-03-09T20:42:37.304 INFO:teuthology.orchestra.run.vm07.stdout:/usr/bin/ceph: stderr
2026-03-09T20:42:37.150+0000 7f0d91c39640 1 --2- 192.168.123.107:0/2233376418 >> [v2:192.168.123.107:3300/0,v1:192.168.123.107:6789/0] conn(0x7f0d8c072f30 0x7f0d8c11b610 secure :-1 s=READY pgs=48 cs=0 l=1 rev1=1 crypto rx=0x7f0d7c002410 tx=0x7f0d7c035da0 comp rx=0 tx=0).ready entity=mon.0 client_cookie=0 server_cookie=0 in_seq=0 out_seq=0
2026-03-09T20:42:37.304 INFO:teuthology.orchestra.run.vm07.stdout:/usr/bin/ceph: stderr
2026-03-09T20:42:37.151+0000 7f0d7affd640 1 -- 192.168.123.107:0/2233376418 <== mon.0 v2:192.168.123.107:3300/0 1 ==== mon_map magic: 0 v1 ==== 214+0+0 (secure 0 0 0) 0x7f0d7c035e60 con 0x7f0d8c072f30
2026-03-09T20:42:37.304 INFO:teuthology.orchestra.run.vm07.stdout:/usr/bin/ceph: stderr
2026-03-09T20:42:37.151+0000 7f0d92c3b640 1 -- 192.168.123.107:0/2233376418 --> [v2:192.168.123.107:3300/0,v1:192.168.123.107:6789/0] -- mon_subscribe({mgrmap=0+}) v3 -- 0x7f0d8c11d050 con 0x7f0d8c072f30
2026-03-09T20:42:37.304 INFO:teuthology.orchestra.run.vm07.stdout:/usr/bin/ceph: stderr
2026-03-09T20:42:37.151+0000 7f0d92c3b640 1 -- 192.168.123.107:0/2233376418 --> [v2:192.168.123.107:3300/0,v1:192.168.123.107:6789/0] -- mon_subscribe({osdmap=0}) v3 -- 0x7f0d8c11bda0 con 0x7f0d8c072f30
2026-03-09T20:42:37.304 INFO:teuthology.orchestra.run.vm07.stdout:/usr/bin/ceph: stderr
2026-03-09T20:42:37.151+0000 7f0d7affd640 1 -- 192.168.123.107:0/2233376418 <== mon.0 v2:192.168.123.107:3300/0 2 ==== config(27 keys) v1 ==== 1041+0+0 (secure 0 0 0) 0x7f0d7c02fe90 con 0x7f0d8c072f30
2026-03-09T20:42:37.304 INFO:teuthology.orchestra.run.vm07.stdout:/usr/bin/ceph: stderr
2026-03-09T20:42:37.151+0000 7f0d7affd640 1 -- 192.168.123.107:0/2233376418 <== mon.0 v2:192.168.123.107:3300/0 3 ==== mon_map magic: 0 v1 ==== 214+0+0 (secure 0 0 0) 0x7f0d7c040e30 con 0x7f0d8c072f30
2026-03-09T20:42:37.304 INFO:teuthology.orchestra.run.vm07.stdout:/usr/bin/ceph: stderr
2026-03-09T20:42:37.153+0000 7f0d7affd640 1 -- 192.168.123.107:0/2233376418 <== mon.0 v2:192.168.123.107:3300/0 4 ==== config(27 keys) v1 ==== 1108+0+0 (secure 0 0 0) 0x7f0d7c04a920 con 0x7f0d8c072f30
2026-03-09T20:42:37.304 INFO:teuthology.orchestra.run.vm07.stdout:/usr/bin/ceph: stderr
2026-03-09T20:42:37.153+0000 7f0d7affd640 1 -- 192.168.123.107:0/2233376418 <== mon.0 v2:192.168.123.107:3300/0 5 ==== mgrmap(e 8) v1 ==== 49370+0+0 (secure 0 0 0) 0x7f0d7c049b00 con 0x7f0d8c072f30
2026-03-09T20:42:37.304 INFO:teuthology.orchestra.run.vm07.stdout:/usr/bin/ceph: stderr
2026-03-09T20:42:37.153+0000 7f0d7affd640 1 --2- 192.168.123.107:0/2233376418 >> [v2:192.168.123.107:6800/810998986,v1:192.168.123.107:6801/810998986] conn(0x7f0d7403d2f0 0x7f0d7403f7b0 unknown :-1 s=NONE pgs=0 cs=0 l=1 rev1=0 crypto rx=0 tx=0 comp rx=0 tx=0).connect
2026-03-09T20:42:37.304 INFO:teuthology.orchestra.run.vm07.stdout:/usr/bin/ceph: stderr
2026-03-09T20:42:37.153+0000 7f0d7affd640 1 -- 192.168.123.107:0/2233376418 <== mon.0 v2:192.168.123.107:3300/0 6 ==== osd_map(2..2 src has 1..2) v4 ==== 940+0+0 (secure 0 0 0) 0x7f0d7c078180 con 0x7f0d8c072f30
2026-03-09T20:42:37.304 INFO:teuthology.orchestra.run.vm07.stdout:/usr/bin/ceph: stderr
2026-03-09T20:42:37.154+0000 7f0d91438640 1 --2- 192.168.123.107:0/2233376418 >> [v2:192.168.123.107:6800/810998986,v1:192.168.123.107:6801/810998986] conn(0x7f0d7403d2f0 0x7f0d7403f7b0 unknown :-1 s=BANNER_CONNECTING pgs=0 cs=0 l=1 rev1=0 crypto rx=0 tx=0 comp rx=0 tx=0)._handle_peer_banner_payload supported=3 required=0
2026-03-09T20:42:37.304 INFO:teuthology.orchestra.run.vm07.stdout:/usr/bin/ceph: stderr
2026-03-09T20:42:37.155+0000 7f0d92c3b640 1 -- 192.168.123.107:0/2233376418 --> [v2:192.168.123.107:3300/0,v1:192.168.123.107:6789/0] -- mon_command({"prefix": "get_command_descriptions"} v 0) v1 -- 0x7f0d54005350 con 0x7f0d8c072f30
2026-03-09T20:42:37.304 INFO:teuthology.orchestra.run.vm07.stdout:/usr/bin/ceph: stderr
2026-03-09T20:42:37.157+0000 7f0d91438640 1 --2- 192.168.123.107:0/2233376418 >> [v2:192.168.123.107:6800/810998986,v1:192.168.123.107:6801/810998986] conn(0x7f0d7403d2f0 0x7f0d7403f7b0 secure :-1 s=READY pgs=13 cs=0 l=1 rev1=1 crypto rx=0x7f0d80009a10 tx=0x7f0d80006eb0 comp rx=0 tx=0).ready entity=mgr.14118 client_cookie=0 server_cookie=0 in_seq=0 out_seq=0
2026-03-09T20:42:37.304 INFO:teuthology.orchestra.run.vm07.stdout:/usr/bin/ceph: stderr
2026-03-09T20:42:37.160+0000 7f0d7affd640 1 -- 192.168.123.107:0/2233376418 <== mon.0 v2:192.168.123.107:3300/0 7 ==== mon_command_ack([{"prefix": "get_command_descriptions"}]=0 v0) v1 ==== 72+0+186382 (secure 0 0 0) 0x7f0d7c03c030 con 0x7f0d8c072f30
2026-03-09T20:42:37.304 INFO:teuthology.orchestra.run.vm07.stdout:/usr/bin/ceph: stderr
2026-03-09T20:42:37.262+0000 7f0d92c3b640 1 -- 192.168.123.107:0/2233376418 --> [v2:192.168.123.107:6800/810998986,v1:192.168.123.107:6801/810998986] -- mgr_command(tid 0: {"prefix": "orch apply", "service_type": "mgr", "target": ["mon-mgr", ""]}) v1 -- 0x7f0d54002bf0 con 0x7f0d7403d2f0
2026-03-09T20:42:37.304 INFO:teuthology.orchestra.run.vm07.stdout:/usr/bin/ceph: stderr
2026-03-09T20:42:37.269+0000 7f0d7affd640 1 -- 192.168.123.107:0/2233376418 <== mgr.14118 v2:192.168.123.107:6800/810998986 1 ==== mgr_command_reply(tid 0: 0 ) v1 ==== 8+0+24 (secure 0 0 0) 0x7f0d54002bf0 con 0x7f0d7403d2f0
2026-03-09T20:42:37.304 INFO:teuthology.orchestra.run.vm07.stdout:/usr/bin/ceph: stderr
2026-03-09T20:42:37.271+0000 7f0d92c3b640 1 -- 192.168.123.107:0/2233376418 >> [v2:192.168.123.107:6800/810998986,v1:192.168.123.107:6801/810998986] conn(0x7f0d7403d2f0 msgr2=0x7f0d7403f7b0 secure :-1 s=STATE_CONNECTION_ESTABLISHED l=1).mark_down
2026-03-09T20:42:37.304 INFO:teuthology.orchestra.run.vm07.stdout:/usr/bin/ceph: stderr
2026-03-09T20:42:37.271+0000 7f0d92c3b640 1 --2- 192.168.123.107:0/2233376418 >> [v2:192.168.123.107:6800/810998986,v1:192.168.123.107:6801/810998986] conn(0x7f0d7403d2f0 0x7f0d7403f7b0 secure :-1 s=READY pgs=13 cs=0 l=1 rev1=1 crypto rx=0x7f0d80009a10 tx=0x7f0d80006eb0 comp rx=0 tx=0).stop
2026-03-09T20:42:37.304 INFO:teuthology.orchestra.run.vm07.stdout:/usr/bin/ceph: stderr
2026-03-09T20:42:37.271+0000 7f0d92c3b640 1 -- 192.168.123.107:0/2233376418 >> [v2:192.168.123.107:3300/0,v1:192.168.123.107:6789/0] conn(0x7f0d8c072f30 msgr2=0x7f0d8c11b610 secure :-1 s=STATE_CONNECTION_ESTABLISHED l=1).mark_down
2026-03-09T20:42:37.304 INFO:teuthology.orchestra.run.vm07.stdout:/usr/bin/ceph: stderr
2026-03-09T20:42:37.271+0000 7f0d92c3b640 1 --2- 192.168.123.107:0/2233376418 >> [v2:192.168.123.107:3300/0,v1:192.168.123.107:6789/0] conn(0x7f0d8c072f30 0x7f0d8c11b610 secure :-1 s=READY pgs=48 cs=0 l=1 rev1=1 crypto rx=0x7f0d7c002410 tx=0x7f0d7c035da0 comp rx=0 tx=0).stop
2026-03-09T20:42:37.304 INFO:teuthology.orchestra.run.vm07.stdout:/usr/bin/ceph: stderr
2026-03-09T20:42:37.271+0000 7f0d92c3b640 1 -- 192.168.123.107:0/2233376418 shutdown_connections
2026-03-09T20:42:37.304 INFO:teuthology.orchestra.run.vm07.stdout:/usr/bin/ceph: stderr
2026-03-09T20:42:37.271+0000 7f0d92c3b640 1 --2- 192.168.123.107:0/2233376418 >> [v2:192.168.123.107:6800/810998986,v1:192.168.123.107:6801/810998986] conn(0x7f0d7403d2f0 0x7f0d7403f7b0 unknown :-1 s=CLOSED pgs=13 cs=0 l=1 rev1=1 crypto rx=0 tx=0 comp rx=0 tx=0).stop
2026-03-09T20:42:37.304 INFO:teuthology.orchestra.run.vm07.stdout:/usr/bin/ceph: stderr
2026-03-09T20:42:37.271+0000 7f0d92c3b640 1 --2- 192.168.123.107:0/2233376418 >> [v2:192.168.123.107:3300/0,v1:192.168.123.107:6789/0] conn(0x7f0d8c072f30 0x7f0d8c11b610 unknown :-1 s=CLOSED pgs=48 cs=0 l=1 rev1=1 crypto rx=0 tx=0 comp rx=0 tx=0).stop
2026-03-09T20:42:37.304 INFO:teuthology.orchestra.run.vm07.stdout:/usr/bin/ceph: stderr
2026-03-09T20:42:37.271+0000 7f0d92c3b640 1 -- 192.168.123.107:0/2233376418 >> 192.168.123.107:0/2233376418 conn(0x7f0d8c06d060 msgr2=0x7f0d8c112a50 unknown :-1 s=STATE_NONE l=0).mark_down
2026-03-09T20:42:37.304 INFO:teuthology.orchestra.run.vm07.stdout:/usr/bin/ceph: stderr
2026-03-09T20:42:37.271+0000 7f0d92c3b640 1 -- 192.168.123.107:0/2233376418 shutdown_connections
2026-03-09T20:42:37.304 INFO:teuthology.orchestra.run.vm07.stdout:/usr/bin/ceph: stderr
2026-03-09T20:42:37.271+0000 7f0d92c3b640 1 -- 192.168.123.107:0/2233376418 wait complete.
2026-03-09T20:42:37.304 INFO:teuthology.orchestra.run.vm07.stdout:Deploying crash service with default placement...
2026-03-09T20:42:37.530 INFO:journalctl@ceph.mon.vm07.vm07.stdout:Mar 09 20:42:37 vm07 ceph-mon[49120]: from='client.14138 -' entity='client.admin' cmd=[{"prefix": "orch host add", "hostname": "vm07", "addr": "192.168.123.107", "target": ["mon-mgr", ""]}]: dispatch
2026-03-09T20:42:37.530 INFO:journalctl@ceph.mon.vm07.vm07.stdout:Mar 09 20:42:37 vm07 ceph-mon[49120]: Deploying cephadm binary to vm07
2026-03-09T20:42:37.530 INFO:journalctl@ceph.mon.vm07.vm07.stdout:Mar 09 20:42:37 vm07 ceph-mon[49120]: from='mgr.14118 192.168.123.107:0/1039749675' entity='mgr.vm07.xjrvch'
2026-03-09T20:42:37.530 INFO:journalctl@ceph.mon.vm07.vm07.stdout:Mar 09 20:42:37 vm07 ceph-mon[49120]: from='mgr.14118 192.168.123.107:0/1039749675' entity='mgr.vm07.xjrvch' cmd=[{"prefix": "config dump", "format": "json"}]: dispatch
2026-03-09T20:42:37.530 INFO:journalctl@ceph.mon.vm07.vm07.stdout:Mar 09 20:42:37 vm07 ceph-mon[49120]: from='mgr.14118 192.168.123.107:0/1039749675' entity='mgr.vm07.xjrvch'
2026-03-09T20:42:37.530 INFO:journalctl@ceph.mon.vm07.vm07.stdout:Mar 09 20:42:37 vm07 ceph-mon[49120]: from='mgr.14118 192.168.123.107:0/1039749675' entity='mgr.vm07.xjrvch'
2026-03-09T20:42:37.530 INFO:journalctl@ceph.mon.vm07.vm07.stdout:Mar 09 20:42:37 vm07 ceph-mon[49120]: from='mgr.14118 192.168.123.107:0/1039749675' entity='mgr.vm07.xjrvch'
2026-03-09T20:42:37.574 INFO:teuthology.orchestra.run.vm07.stdout:/usr/bin/ceph: stdout Scheduled crash update...
2026-03-09T20:42:37.574 INFO:teuthology.orchestra.run.vm07.stdout:/usr/bin/ceph: stderr
2026-03-09T20:42:37.418+0000 7f1f12b2d640 1 Processor -- start
2026-03-09T20:42:37.574 INFO:teuthology.orchestra.run.vm07.stdout:/usr/bin/ceph: stderr
2026-03-09T20:42:37.418+0000 7f1f12b2d640 1 -- start start
2026-03-09T20:42:37.574 INFO:teuthology.orchestra.run.vm07.stdout:/usr/bin/ceph: stderr
2026-03-09T20:42:37.419+0000 7f1f12b2d640 1 --2- >> [v2:192.168.123.107:3300/0,v1:192.168.123.107:6789/0] conn(0x7f1f0c071820 0x7f1f0c071c20 unknown :-1 s=NONE pgs=0 cs=0 l=0 rev1=0 crypto rx=0 tx=0 comp rx=0 tx=0).connect
2026-03-09T20:42:37.574 INFO:teuthology.orchestra.run.vm07.stdout:/usr/bin/ceph: stderr
2026-03-09T20:42:37.419+0000 7f1f12b2d640 1 -- --> [v2:192.168.123.107:3300/0,v1:192.168.123.107:6789/0] -- mon_getmap magic: 0 v1 -- 0x7f1f0c0721f0 con 0x7f1f0c071820
2026-03-09T20:42:37.574 INFO:teuthology.orchestra.run.vm07.stdout:/usr/bin/ceph: stderr
2026-03-09T20:42:37.419+0000 7f1f11b2b640 1 --2- >> [v2:192.168.123.107:3300/0,v1:192.168.123.107:6789/0] conn(0x7f1f0c071820 0x7f1f0c071c20 unknown :-1 s=BANNER_CONNECTING pgs=0 cs=0 l=0 rev1=0 crypto rx=0 tx=0 comp rx=0 tx=0)._handle_peer_banner_payload supported=3 required=0
2026-03-09T20:42:37.574 INFO:teuthology.orchestra.run.vm07.stdout:/usr/bin/ceph: stderr
2026-03-09T20:42:37.419+0000 7f1f11b2b640 1 --2- >> [v2:192.168.123.107:3300/0,v1:192.168.123.107:6789/0] conn(0x7f1f0c071820 0x7f1f0c071c20 unknown :-1 s=HELLO_CONNECTING pgs=0 cs=0 l=0 rev1=1 crypto rx=0 tx=0 comp rx=0 tx=0).handle_hello peer v2:192.168.123.107:3300/0 says I am v2:192.168.123.107:38858/0 (socket says 192.168.123.107:38858)
2026-03-09T20:42:37.574 INFO:teuthology.orchestra.run.vm07.stdout:/usr/bin/ceph: stderr
2026-03-09T20:42:37.419+0000 7f1f11b2b640 1 -- 192.168.123.107:0/2070219715 learned_addr learned my addr 192.168.123.107:0/2070219715 (peer_addr_for_me v2:192.168.123.107:0/0)
2026-03-09T20:42:37.574 INFO:teuthology.orchestra.run.vm07.stdout:/usr/bin/ceph: stderr
2026-03-09T20:42:37.419+0000 7f1f11b2b640 1 -- 192.168.123.107:0/2070219715 --> [v2:192.168.123.107:3300/0,v1:192.168.123.107:6789/0] -- mon_subscribe({config=0+,monmap=0+}) v3 -- 0x7f1f0c072330 con 0x7f1f0c071820
2026-03-09T20:42:37.574 INFO:teuthology.orchestra.run.vm07.stdout:/usr/bin/ceph: stderr
2026-03-09T20:42:37.420+0000 7f1f11b2b640 1 --2- 192.168.123.107:0/2070219715 >> [v2:192.168.123.107:3300/0,v1:192.168.123.107:6789/0] conn(0x7f1f0c071820 0x7f1f0c071c20 secure :-1 s=READY pgs=49 cs=0 l=1 rev1=1 crypto rx=0x7f1f080089a0 tx=0x7f1f08031440 comp rx=0 tx=0).ready entity=mon.0 client_cookie=c934746f00c1d3f6 server_cookie=0 in_seq=0 out_seq=0
2026-03-09T20:42:37.574 INFO:teuthology.orchestra.run.vm07.stdout:/usr/bin/ceph: stderr
2026-03-09T20:42:37.420+0000 7f1f10b29640 1 -- 192.168.123.107:0/2070219715 <== mon.0 v2:192.168.123.107:3300/0 1 ==== mon_map magic: 0 v1 ==== 214+0+0 (secure 0 0 0) 0x7f1f08031e50 con 0x7f1f0c071820
2026-03-09T20:42:37.574 INFO:teuthology.orchestra.run.vm07.stdout:/usr/bin/ceph: stderr
2026-03-09T20:42:37.420+0000 7f1f10b29640 1 -- 192.168.123.107:0/2070219715 <== mon.0 v2:192.168.123.107:3300/0 2 ==== config(27 keys) v1 ==== 1108+0+0 (secure 0 0 0) 0x7f1f08035070 con 0x7f1f0c071820
2026-03-09T20:42:37.574 INFO:teuthology.orchestra.run.vm07.stdout:/usr/bin/ceph: stderr
2026-03-09T20:42:37.420+0000 7f1f10b29640 1 -- 192.168.123.107:0/2070219715 <== mon.0 v2:192.168.123.107:3300/0 3 ==== mon_map magic: 0 v1 ==== 214+0+0 (secure 0 0 0) 0x7f1f0803b940 con 0x7f1f0c071820
2026-03-09T20:42:37.574 INFO:teuthology.orchestra.run.vm07.stdout:/usr/bin/ceph: stderr
2026-03-09T20:42:37.422+0000 7f1f12b2d640 1 -- 192.168.123.107:0/2070219715 >> [v2:192.168.123.107:3300/0,v1:192.168.123.107:6789/0] conn(0x7f1f0c071820 msgr2=0x7f1f0c071c20 secure :-1 s=STATE_CONNECTION_ESTABLISHED l=1).mark_down
2026-03-09T20:42:37.574 INFO:teuthology.orchestra.run.vm07.stdout:/usr/bin/ceph: stderr
2026-03-09T20:42:37.422+0000 7f1f12b2d640 1 --2- 192.168.123.107:0/2070219715 >> [v2:192.168.123.107:3300/0,v1:192.168.123.107:6789/0] conn(0x7f1f0c071820 0x7f1f0c071c20 secure :-1 s=READY pgs=49 cs=0 l=1 rev1=1 crypto rx=0x7f1f080089a0 tx=0x7f1f08031440 comp rx=0 tx=0).stop
2026-03-09T20:42:37.575 INFO:teuthology.orchestra.run.vm07.stdout:/usr/bin/ceph: stderr
2026-03-09T20:42:37.422+0000 7f1f12b2d640 1 -- 192.168.123.107:0/2070219715 shutdown_connections
2026-03-09T20:42:37.575 INFO:teuthology.orchestra.run.vm07.stdout:/usr/bin/ceph: stderr
2026-03-09T20:42:37.422+0000 7f1f12b2d640 1 --2- 192.168.123.107:0/2070219715 >> [v2:192.168.123.107:3300/0,v1:192.168.123.107:6789/0] conn(0x7f1f0c071820 0x7f1f0c071c20 unknown :-1 s=CLOSED pgs=49 cs=0 l=1 rev1=1 crypto rx=0 tx=0 comp rx=0 tx=0).stop
2026-03-09T20:42:37.575 INFO:teuthology.orchestra.run.vm07.stdout:/usr/bin/ceph: stderr
2026-03-09T20:42:37.422+0000 7f1f12b2d640 1 -- 192.168.123.107:0/2070219715 >> 192.168.123.107:0/2070219715 conn(0x7f1f0c06d060 msgr2=0x7f1f0c06f480 unknown :-1 s=STATE_NONE l=0).mark_down
2026-03-09T20:42:37.575 INFO:teuthology.orchestra.run.vm07.stdout:/usr/bin/ceph: stderr
2026-03-09T20:42:37.422+0000 7f1f12b2d640 1 -- 192.168.123.107:0/2070219715 shutdown_connections
2026-03-09T20:42:37.575 INFO:teuthology.orchestra.run.vm07.stdout:/usr/bin/ceph: stderr
2026-03-09T20:42:37.422+0000 7f1f12b2d640 1 -- 192.168.123.107:0/2070219715 wait complete.
2026-03-09T20:42:37.575 INFO:teuthology.orchestra.run.vm07.stdout:/usr/bin/ceph: stderr
2026-03-09T20:42:37.423+0000 7f1f12b2d640 1 Processor -- start
2026-03-09T20:42:37.575 INFO:teuthology.orchestra.run.vm07.stdout:/usr/bin/ceph: stderr
2026-03-09T20:42:37.424+0000 7f1f12b2d640 1 -- start start
2026-03-09T20:42:37.575 INFO:teuthology.orchestra.run.vm07.stdout:/usr/bin/ceph: stderr
2026-03-09T20:42:37.424+0000 7f1f12b2d640 1 --2- >> [v2:192.168.123.107:3300/0,v1:192.168.123.107:6789/0] conn(0x7f1f0c071820 0x7f1f0c1a23e0 unknown :-1 s=NONE pgs=0 cs=0 l=1 rev1=0 crypto rx=0 tx=0 comp rx=0 tx=0).connect
2026-03-09T20:42:37.575 INFO:teuthology.orchestra.run.vm07.stdout:/usr/bin/ceph: stderr
2026-03-09T20:42:37.424+0000 7f1f12b2d640 1 -- --> [v2:192.168.123.107:3300/0,v1:192.168.123.107:6789/0] -- mon_getmap magic: 0 v1 -- 0x7f1f0c1a2920 con 0x7f1f0c071820
2026-03-09T20:42:37.575 INFO:teuthology.orchestra.run.vm07.stdout:/usr/bin/ceph: stderr
2026-03-09T20:42:37.424+0000 7f1f11b2b640 1 --2- >> [v2:192.168.123.107:3300/0,v1:192.168.123.107:6789/0] conn(0x7f1f0c071820 0x7f1f0c1a23e0 unknown :-1 s=BANNER_CONNECTING pgs=0 cs=0 l=1 rev1=0 crypto rx=0 tx=0 comp rx=0 tx=0)._handle_peer_banner_payload supported=3 required=0
2026-03-09T20:42:37.575 INFO:teuthology.orchestra.run.vm07.stdout:/usr/bin/ceph: stderr
2026-03-09T20:42:37.424+0000 7f1f11b2b640 1 --2- >> [v2:192.168.123.107:3300/0,v1:192.168.123.107:6789/0] conn(0x7f1f0c071820 0x7f1f0c1a23e0 unknown :-1 s=HELLO_CONNECTING pgs=0 cs=0 l=1 rev1=1 crypto rx=0 tx=0 comp rx=0 tx=0).handle_hello peer v2:192.168.123.107:3300/0 says I am v2:192.168.123.107:38874/0 (socket says 192.168.123.107:38874)
2026-03-09T20:42:37.575 INFO:teuthology.orchestra.run.vm07.stdout:/usr/bin/ceph: stderr
2026-03-09T20:42:37.424+0000 7f1f11b2b640 1 -- 192.168.123.107:0/1026169931 learned_addr learned my addr 192.168.123.107:0/1026169931 (peer_addr_for_me v2:192.168.123.107:0/0)
2026-03-09T20:42:37.575 INFO:teuthology.orchestra.run.vm07.stdout:/usr/bin/ceph: stderr
2026-03-09T20:42:37.424+0000 7f1f11b2b640 1 -- 192.168.123.107:0/1026169931 --> [v2:192.168.123.107:3300/0,v1:192.168.123.107:6789/0] -- mon_subscribe({config=0+,monmap=0+}) v3 -- 0x7f1f08008650 con 0x7f1f0c071820
2026-03-09T20:42:37.575 INFO:teuthology.orchestra.run.vm07.stdout:/usr/bin/ceph: stderr
2026-03-09T20:42:37.425+0000 7f1f11b2b640 1 --2- 192.168.123.107:0/1026169931 >> [v2:192.168.123.107:3300/0,v1:192.168.123.107:6789/0] conn(0x7f1f0c071820 0x7f1f0c1a23e0 secure :-1 s=READY pgs=50 cs=0 l=1 rev1=1 crypto rx=0x7f1f0803c6b0 tx=0x7f1f0803c6e0 comp rx=0 tx=0).ready entity=mon.0 client_cookie=0 server_cookie=0 in_seq=0 out_seq=0
2026-03-09T20:42:37.575 INFO:teuthology.orchestra.run.vm07.stdout:/usr/bin/ceph: stderr
2026-03-09T20:42:37.425+0000 7f1efaffd640 1 -- 192.168.123.107:0/1026169931 <== mon.0 v2:192.168.123.107:3300/0 1 ==== mon_map magic: 0 v1 ==== 214+0+0 (secure 0 0 0) 0x7f1f0803bec0 con 0x7f1f0c071820
2026-03-09T20:42:37.575 INFO:teuthology.orchestra.run.vm07.stdout:/usr/bin/ceph: stderr
2026-03-09T20:42:37.425+0000 7f1f12b2d640 1 -- 192.168.123.107:0/1026169931 --> [v2:192.168.123.107:3300/0,v1:192.168.123.107:6789/0] -- mon_subscribe({mgrmap=0+}) v3 -- 0x7f1f0c1a2b20 con 0x7f1f0c071820
2026-03-09T20:42:37.575 INFO:teuthology.orchestra.run.vm07.stdout:/usr/bin/ceph: stderr
2026-03-09T20:42:37.425+0000 7f1f12b2d640 1 -- 192.168.123.107:0/1026169931 --> [v2:192.168.123.107:3300/0,v1:192.168.123.107:6789/0] -- mon_subscribe({osdmap=0}) v3 -- 0x7f1f0c1a2fc0 con 0x7f1f0c071820
2026-03-09T20:42:37.575 INFO:teuthology.orchestra.run.vm07.stdout:/usr/bin/ceph: stderr
2026-03-09T20:42:37.425+0000 7f1f12b2d640 1 -- 192.168.123.107:0/1026169931 --> [v2:192.168.123.107:3300/0,v1:192.168.123.107:6789/0] -- mon_command({"prefix": "get_command_descriptions"} v 0) v1 -- 0x7f1ed4005350 con 0x7f1f0c071820
2026-03-09T20:42:37.575 INFO:teuthology.orchestra.run.vm07.stdout:/usr/bin/ceph: stderr
2026-03-09T20:42:37.427+0000 7f1efaffd640 1 -- 192.168.123.107:0/1026169931 <== mon.0 v2:192.168.123.107:3300/0 2 ==== config(27 keys) v1 ==== 1108+0+0 (secure 0 0 0) 0x7f1f08047470 con 0x7f1f0c071820
2026-03-09T20:42:37.575 INFO:teuthology.orchestra.run.vm07.stdout:/usr/bin/ceph: stderr
2026-03-09T20:42:37.427+0000 7f1efaffd640 1 -- 192.168.123.107:0/1026169931 <== mon.0 v2:192.168.123.107:3300/0 3 ==== mon_map magic: 0 v1 ==== 214+0+0 (secure 0 0 0) 0x7f1f08046550 con 0x7f1f0c071820
2026-03-09T20:42:37.575 INFO:teuthology.orchestra.run.vm07.stdout:/usr/bin/ceph: stderr
2026-03-09T20:42:37.429+0000 7f1efaffd640 1 -- 192.168.123.107:0/1026169931 <== mon.0 v2:192.168.123.107:3300/0 4 ==== mgrmap(e 8) v1 ==== 49370+0+0 (secure 0 0 0) 0x7f1f080466b0 con 0x7f1f0c071820
2026-03-09T20:42:37.575 INFO:teuthology.orchestra.run.vm07.stdout:/usr/bin/ceph: stderr
2026-03-09T20:42:37.429+0000 7f1efaffd640 1 --2- 192.168.123.107:0/1026169931 >> [v2:192.168.123.107:6800/810998986,v1:192.168.123.107:6801/810998986] conn(0x7f1edc03d230 0x7f1edc03f6f0 unknown :-1 s=NONE pgs=0 cs=0 l=1 rev1=0 crypto rx=0 tx=0 comp rx=0 tx=0).connect
2026-03-09T20:42:37.575 INFO:teuthology.orchestra.run.vm07.stdout:/usr/bin/ceph: stderr
2026-03-09T20:42:37.429+0000 7f1efaffd640 1 -- 192.168.123.107:0/1026169931 <== mon.0 v2:192.168.123.107:3300/0 5 ==== osd_map(2..2 src has 1..2) v4 ==== 940+0+0 (secure 0 0 0) 0x7f1f08037070 con 0x7f1f0c071820
2026-03-09T20:42:37.575 INFO:teuthology.orchestra.run.vm07.stdout:/usr/bin/ceph: stderr
2026-03-09T20:42:37.429+0000 7f1efaffd640 1 -- 192.168.123.107:0/1026169931 <== mon.0 v2:192.168.123.107:3300/0 6 ==== mon_command_ack([{"prefix": "get_command_descriptions"}]=0 v0) v1 ==== 72+0+186382 (secure 0 0 0) 0x7f1f08079850 con 0x7f1f0c071820
2026-03-09T20:42:37.575 INFO:teuthology.orchestra.run.vm07.stdout:/usr/bin/ceph: stderr
2026-03-09T20:42:37.430+0000 7f1f1132a640 1 --2- 192.168.123.107:0/1026169931 >> [v2:192.168.123.107:6800/810998986,v1:192.168.123.107:6801/810998986] conn(0x7f1edc03d230 0x7f1edc03f6f0 unknown :-1 s=BANNER_CONNECTING pgs=0 cs=0 l=1 rev1=0 crypto rx=0 tx=0 comp rx=0 tx=0)._handle_peer_banner_payload supported=3 required=0
2026-03-09T20:42:37.575 INFO:teuthology.orchestra.run.vm07.stdout:/usr/bin/ceph: stderr
2026-03-09T20:42:37.432+0000 7f1f1132a640 1 --2- 192.168.123.107:0/1026169931 >> [v2:192.168.123.107:6800/810998986,v1:192.168.123.107:6801/810998986] conn(0x7f1edc03d230 0x7f1edc03f6f0 secure :-1 s=READY pgs=14 cs=0 l=1 rev1=1 crypto rx=0x7f1f0400ad30 tx=0x7f1f040093f0 comp rx=0 tx=0).ready entity=mgr.14118 client_cookie=0 server_cookie=0 in_seq=0 out_seq=0
2026-03-09T20:42:37.575 INFO:teuthology.orchestra.run.vm07.stdout:/usr/bin/ceph: stderr
2026-03-09T20:42:37.529+0000 7f1f12b2d640 1 -- 192.168.123.107:0/1026169931 --> [v2:192.168.123.107:6800/810998986,v1:192.168.123.107:6801/810998986] -- mgr_command(tid 0: {"prefix": "orch apply", "service_type": "crash", "target": ["mon-mgr", ""]}) v1 -- 0x7f1ed4002bf0 con 0x7f1edc03d230
2026-03-09T20:42:37.575 INFO:teuthology.orchestra.run.vm07.stdout:/usr/bin/ceph: stderr
2026-03-09T20:42:37.537+0000 7f1efaffd640 1 -- 192.168.123.107:0/1026169931 <== mgr.14118 v2:192.168.123.107:6800/810998986 1 ==== mgr_command_reply(tid 0: 0 ) v1 ==== 8+0+26 (secure 0 0 0) 0x7f1ed4002bf0 con 0x7f1edc03d230
2026-03-09T20:42:37.575 INFO:teuthology.orchestra.run.vm07.stdout:/usr/bin/ceph: stderr
2026-03-09T20:42:37.540+0000 7f1f12b2d640 1 -- 192.168.123.107:0/1026169931 >> [v2:192.168.123.107:6800/810998986,v1:192.168.123.107:6801/810998986] conn(0x7f1edc03d230 msgr2=0x7f1edc03f6f0 secure :-1 s=STATE_CONNECTION_ESTABLISHED l=1).mark_down
2026-03-09T20:42:37.575 INFO:teuthology.orchestra.run.vm07.stdout:/usr/bin/ceph: stderr
2026-03-09T20:42:37.540+0000 7f1f12b2d640 1 --2- 192.168.123.107:0/1026169931 >> [v2:192.168.123.107:6800/810998986,v1:192.168.123.107:6801/810998986] conn(0x7f1edc03d230 0x7f1edc03f6f0 secure :-1 s=READY pgs=14 cs=0 l=1 rev1=1 crypto rx=0x7f1f0400ad30 tx=0x7f1f040093f0 comp rx=0 tx=0).stop
2026-03-09T20:42:37.575 INFO:teuthology.orchestra.run.vm07.stdout:/usr/bin/ceph: stderr
2026-03-09T20:42:37.540+0000 7f1f12b2d640 1 -- 192.168.123.107:0/1026169931 >> [v2:192.168.123.107:3300/0,v1:192.168.123.107:6789/0] conn(0x7f1f0c071820 msgr2=0x7f1f0c1a23e0 secure :-1 s=STATE_CONNECTION_ESTABLISHED l=1).mark_down
2026-03-09T20:42:37.575 INFO:teuthology.orchestra.run.vm07.stdout:/usr/bin/ceph: stderr
2026-03-09T20:42:37.540+0000 7f1f12b2d640 1 --2- 192.168.123.107:0/1026169931 >> [v2:192.168.123.107:3300/0,v1:192.168.123.107:6789/0] conn(0x7f1f0c071820 0x7f1f0c1a23e0 secure :-1 s=READY pgs=50 cs=0 l=1 rev1=1 crypto rx=0x7f1f0803c6b0 tx=0x7f1f0803c6e0 comp rx=0 tx=0).stop
2026-03-09T20:42:37.575 INFO:teuthology.orchestra.run.vm07.stdout:/usr/bin/ceph: stderr
2026-03-09T20:42:37.540+0000 7f1f12b2d640 1 -- 192.168.123.107:0/1026169931 shutdown_connections
2026-03-09T20:42:37.575 INFO:teuthology.orchestra.run.vm07.stdout:/usr/bin/ceph: stderr
2026-03-09T20:42:37.540+0000 7f1f12b2d640 1 --2- 192.168.123.107:0/1026169931 >> [v2:192.168.123.107:6800/810998986,v1:192.168.123.107:6801/810998986] conn(0x7f1edc03d230 0x7f1edc03f6f0 unknown :-1 s=CLOSED pgs=14 cs=0 l=1 rev1=1 crypto rx=0 tx=0 comp rx=0 tx=0).stop
2026-03-09T20:42:37.575 INFO:teuthology.orchestra.run.vm07.stdout:/usr/bin/ceph: stderr
2026-03-09T20:42:37.540+0000 7f1f12b2d640 1 --2- 192.168.123.107:0/1026169931 >> [v2:192.168.123.107:3300/0,v1:192.168.123.107:6789/0] conn(0x7f1f0c071820 0x7f1f0c1a23e0 unknown :-1 s=CLOSED pgs=50 cs=0 l=1 rev1=1 crypto rx=0 tx=0 comp rx=0 tx=0).stop
2026-03-09T20:42:37.576 INFO:teuthology.orchestra.run.vm07.stdout:/usr/bin/ceph: stderr
2026-03-09T20:42:37.540+0000 7f1f12b2d640 1 -- 192.168.123.107:0/1026169931 >> 192.168.123.107:0/1026169931 conn(0x7f1f0c06d060 msgr2=0x7f1f0c06eb90 unknown :-1 s=STATE_NONE l=0).mark_down
2026-03-09T20:42:37.576 INFO:teuthology.orchestra.run.vm07.stdout:/usr/bin/ceph: stderr
2026-03-09T20:42:37.540+0000 7f1f12b2d640 1 -- 192.168.123.107:0/1026169931 shutdown_connections
2026-03-09T20:42:37.576 INFO:teuthology.orchestra.run.vm07.stdout:/usr/bin/ceph: stderr
2026-03-09T20:42:37.540+0000 7f1f12b2d640 1 -- 192.168.123.107:0/1026169931 wait complete.
2026-03-09T20:42:37.576 INFO:teuthology.orchestra.run.vm07.stdout:Deploying ceph-exporter service with default placement...
2026-03-09T20:42:37.855 INFO:teuthology.orchestra.run.vm07.stdout:/usr/bin/ceph: stdout Scheduled ceph-exporter update...
2026-03-09T20:42:37.855 INFO:teuthology.orchestra.run.vm07.stdout:/usr/bin/ceph: stderr
2026-03-09T20:42:37.697+0000 7f2de9689640 1 Processor -- start
2026-03-09T20:42:37.855 INFO:teuthology.orchestra.run.vm07.stdout:/usr/bin/ceph: stderr
2026-03-09T20:42:37.697+0000 7f2de9689640 1 -- start start
2026-03-09T20:42:37.855 INFO:teuthology.orchestra.run.vm07.stdout:/usr/bin/ceph: stderr
2026-03-09T20:42:37.697+0000 7f2de9689640 1 --2- >> [v2:192.168.123.107:3300/0,v1:192.168.123.107:6789/0] conn(0x7f2de4072f30 0x7f2de40713e0 unknown :-1 s=NONE pgs=0 cs=0 l=0 rev1=0 crypto rx=0 tx=0 comp rx=0 tx=0).connect
2026-03-09T20:42:37.855 INFO:teuthology.orchestra.run.vm07.stdout:/usr/bin/ceph: stderr
2026-03-09T20:42:37.697+0000 7f2de9689640 1 -- --> [v2:192.168.123.107:3300/0,v1:192.168.123.107:6789/0] -- mon_getmap magic: 0 v1 -- 0x7f2de40719b0 con 0x7f2de4072f30
2026-03-09T20:42:37.855 INFO:teuthology.orchestra.run.vm07.stdout:/usr/bin/ceph: stderr
2026-03-09T20:42:37.698+0000 7f2de3fff640 1 --2- >> [v2:192.168.123.107:3300/0,v1:192.168.123.107:6789/0] conn(0x7f2de4072f30 0x7f2de40713e0 unknown :-1 s=BANNER_CONNECTING pgs=0 cs=0 l=0 rev1=0 crypto rx=0 tx=0 comp rx=0 tx=0)._handle_peer_banner_payload supported=3 required=0
2026-03-09T20:42:37.855 INFO:teuthology.orchestra.run.vm07.stdout:/usr/bin/ceph: stderr
2026-03-09T20:42:37.698+0000 7f2de3fff640 1 --2- >> [v2:192.168.123.107:3300/0,v1:192.168.123.107:6789/0] conn(0x7f2de4072f30 0x7f2de40713e0 unknown :-1 s=HELLO_CONNECTING pgs=0 cs=0 l=0 rev1=1 crypto rx=0 tx=0 comp rx=0 tx=0).handle_hello peer v2:192.168.123.107:3300/0 says I am v2:192.168.123.107:35374/0 (socket says 192.168.123.107:35374)
2026-03-09T20:42:37.855 INFO:teuthology.orchestra.run.vm07.stdout:/usr/bin/ceph: stderr
2026-03-09T20:42:37.698+0000 7f2de3fff640 1 -- 192.168.123.107:0/635306913 learned_addr learned my addr 192.168.123.107:0/635306913 (peer_addr_for_me v2:192.168.123.107:0/0)
2026-03-09T20:42:37.855 INFO:teuthology.orchestra.run.vm07.stdout:/usr/bin/ceph: stderr
2026-03-09T20:42:37.698+0000 7f2de3fff640 1 -- 192.168.123.107:0/635306913 --> [v2:192.168.123.107:3300/0,v1:192.168.123.107:6789/0] -- mon_subscribe({config=0+,monmap=0+}) v3 -- 0x7f2de4071af0 con 0x7f2de4072f30
2026-03-09T20:42:37.855 INFO:teuthology.orchestra.run.vm07.stdout:/usr/bin/ceph: stderr
2026-03-09T20:42:37.698+0000 7f2de3fff640 1 --2- 192.168.123.107:0/635306913 >> [v2:192.168.123.107:3300/0,v1:192.168.123.107:6789/0] conn(0x7f2de4072f30 0x7f2de40713e0 secure :-1 s=READY pgs=51 cs=0 l=1 rev1=1 crypto rx=0x7f2ddc00cbd0 tx=0x7f2ddc0317f0 comp rx=0 tx=0).ready entity=mon.0 client_cookie=b57cfdaeebf4a8f0 server_cookie=0 in_seq=0 out_seq=0
2026-03-09T20:42:37.855 INFO:teuthology.orchestra.run.vm07.stdout:/usr/bin/ceph: stderr
2026-03-09T20:42:37.700+0000 7f2de2ffd640 1 -- 192.168.123.107:0/635306913 <== mon.0 v2:192.168.123.107:3300/0 1 ==== mon_map magic: 0 v1 ==== 214+0+0 (secure 0 0 0) 0x7f2ddc037480 con 0x7f2de4072f30
2026-03-09T20:42:37.855 INFO:teuthology.orchestra.run.vm07.stdout:/usr/bin/ceph: stderr
2026-03-09T20:42:37.700+0000 7f2de2ffd640 1 -- 192.168.123.107:0/635306913 <== mon.0 v2:192.168.123.107:3300/0 2 ==== config(27 keys) v1 ==== 1108+0+0 (secure 0 0 0) 0x7f2ddc034030 con 0x7f2de4072f30
2026-03-09T20:42:37.855 INFO:teuthology.orchestra.run.vm07.stdout:/usr/bin/ceph: stderr
2026-03-09T20:42:37.700+0000 7f2de9689640 1 -- 192.168.123.107:0/635306913 >> [v2:192.168.123.107:3300/0,v1:192.168.123.107:6789/0] conn(0x7f2de4072f30 msgr2=0x7f2de40713e0 secure :-1 s=STATE_CONNECTION_ESTABLISHED l=1).mark_down
2026-03-09T20:42:37.855 INFO:teuthology.orchestra.run.vm07.stdout:/usr/bin/ceph: stderr
2026-03-09T20:42:37.700+0000 7f2de9689640 1 --2- 192.168.123.107:0/635306913 >> [v2:192.168.123.107:3300/0,v1:192.168.123.107:6789/0] conn(0x7f2de4072f30 0x7f2de40713e0 secure :-1 s=READY pgs=51 cs=0 l=1 rev1=1 crypto rx=0x7f2ddc00cbd0 tx=0x7f2ddc0317f0 comp rx=0 tx=0).stop
2026-03-09T20:42:37.855 INFO:teuthology.orchestra.run.vm07.stdout:/usr/bin/ceph: stderr
2026-03-09T20:42:37.700+0000 7f2de9689640 1 -- 192.168.123.107:0/635306913 shutdown_connections
2026-03-09T20:42:37.855 INFO:teuthology.orchestra.run.vm07.stdout:/usr/bin/ceph: stderr
2026-03-09T20:42:37.700+0000 7f2de9689640 1 --2- 192.168.123.107:0/635306913 >> [v2:192.168.123.107:3300/0,v1:192.168.123.107:6789/0] conn(0x7f2de4072f30 0x7f2de40713e0 unknown :-1 s=CLOSED pgs=51 cs=0 l=1 rev1=1 crypto rx=0 tx=0 comp rx=0 tx=0).stop
2026-03-09T20:42:37.855 INFO:teuthology.orchestra.run.vm07.stdout:/usr/bin/ceph: stderr
2026-03-09T20:42:37.700+0000 7f2de9689640 1 -- 192.168.123.107:0/635306913 >> 192.168.123.107:0/635306913 conn(0x7f2de406d080 msgr2=0x7f2de406f4a0 unknown :-1 s=STATE_NONE l=0).mark_down
2026-03-09T20:42:37.855 INFO:teuthology.orchestra.run.vm07.stdout:/usr/bin/ceph: stderr
2026-03-09T20:42:37.700+0000 7f2de9689640 1 -- 192.168.123.107:0/635306913 shutdown_connections
2026-03-09T20:42:37.855 INFO:teuthology.orchestra.run.vm07.stdout:/usr/bin/ceph: stderr
2026-03-09T20:42:37.700+0000 7f2de9689640 1 -- 192.168.123.107:0/635306913 wait complete.
2026-03-09T20:42:37.855 INFO:teuthology.orchestra.run.vm07.stdout:/usr/bin/ceph: stderr
2026-03-09T20:42:37.700+0000 7f2de9689640 1 Processor -- start
2026-03-09T20:42:37.855 INFO:teuthology.orchestra.run.vm07.stdout:/usr/bin/ceph: stderr
2026-03-09T20:42:37.700+0000 7f2de9689640 1 -- start start
2026-03-09T20:42:37.855 INFO:teuthology.orchestra.run.vm07.stdout:/usr/bin/ceph: stderr
2026-03-09T20:42:37.700+0000 7f2de9689640 1 --2- >> [v2:192.168.123.107:3300/0,v1:192.168.123.107:6789/0] conn(0x7f2de4085290 0x7f2de4088790 unknown :-1 s=NONE pgs=0 cs=0 l=1 rev1=0 crypto rx=0 tx=0 comp rx=0 tx=0).connect
2026-03-09T20:42:37.855 INFO:teuthology.orchestra.run.vm07.stdout:/usr/bin/ceph: stderr
2026-03-09T20:42:37.700+0000 7f2de9689640 1 -- --> [v2:192.168.123.107:3300/0,v1:192.168.123.107:6789/0] -- mon_getmap magic: 0 v1 -- 0x7f2ddc03a970 con 0x7f2de4085290
2026-03-09T20:42:37.855 INFO:teuthology.orchestra.run.vm07.stdout:/usr/bin/ceph: stderr
2026-03-09T20:42:37.700+0000 7f2de3fff640 1 --2- >> [v2:192.168.123.107:3300/0,v1:192.168.123.107:6789/0] conn(0x7f2de4085290 0x7f2de4088790 unknown :-1 s=BANNER_CONNECTING pgs=0 cs=0 l=1 rev1=0 crypto rx=0 tx=0 comp rx=0 tx=0)._handle_peer_banner_payload supported=3 required=0
2026-03-09T20:42:37.855 INFO:teuthology.orchestra.run.vm07.stdout:/usr/bin/ceph: stderr
2026-03-09T20:42:37.700+0000 7f2de3fff640 1 --2- >> [v2:192.168.123.107:3300/0,v1:192.168.123.107:6789/0] conn(0x7f2de4085290 0x7f2de4088790 unknown :-1 s=HELLO_CONNECTING pgs=0 cs=0 l=1 rev1=1 crypto rx=0 tx=0 comp rx=0 tx=0).handle_hello peer v2:192.168.123.107:3300/0 says I am v2:192.168.123.107:35384/0 (socket says 192.168.123.107:35384)
2026-03-09T20:42:37.855 INFO:teuthology.orchestra.run.vm07.stdout:/usr/bin/ceph: stderr
2026-03-09T20:42:37.700+0000 7f2de3fff640 1 -- 192.168.123.107:0/4057990423 learned_addr learned my addr 192.168.123.107:0/4057990423 (peer_addr_for_me v2:192.168.123.107:0/0)
2026-03-09T20:42:37.855 INFO:teuthology.orchestra.run.vm07.stdout:/usr/bin/ceph: stderr
2026-03-09T20:42:37.701+0000 7f2de3fff640 1 -- 192.168.123.107:0/4057990423 --> [v2:192.168.123.107:3300/0,v1:192.168.123.107:6789/0] -- mon_subscribe({config=0+,monmap=0+}) v3 -- 0x7f2ddc00c880 con 0x7f2de4085290
2026-03-09T20:42:37.856 INFO:teuthology.orchestra.run.vm07.stdout:/usr/bin/ceph: stderr
2026-03-09T20:42:37.702+0000 7f2de3fff640 1 --2- 192.168.123.107:0/4057990423 >> [v2:192.168.123.107:3300/0,v1:192.168.123.107:6789/0] conn(0x7f2de4085290 0x7f2de4088790 secure :-1 s=READY pgs=52 cs=0 l=1 rev1=1 crypto rx=0x7f2ddc007270 tx=0x7f2ddc009c10 comp rx=0 tx=0).ready entity=mon.0 client_cookie=0 server_cookie=0 in_seq=0 out_seq=0
2026-03-09T20:42:37.856 INFO:teuthology.orchestra.run.vm07.stdout:/usr/bin/ceph: stderr
2026-03-09T20:42:37.702+0000 7f2de17fa640 1 -- 192.168.123.107:0/4057990423 <== mon.0 v2:192.168.123.107:3300/0 1 ==== mon_map magic: 0 v1 ==== 214+0+0 (secure 0 0 0) 0x7f2ddc00c360 con 0x7f2de4085290
2026-03-09T20:42:37.856 INFO:teuthology.orchestra.run.vm07.stdout:/usr/bin/ceph: stderr
2026-03-09T20:42:37.702+0000 7f2de17fa640 1 -- 192.168.123.107:0/4057990423 <== mon.0 v2:192.168.123.107:3300/0 2 ==== config(27 keys) v1 ==== 1108+0+0 (secure 0 0 0) 0x7f2ddc034070 con 0x7f2de4085290
2026-03-09T20:42:37.856 INFO:teuthology.orchestra.run.vm07.stdout:/usr/bin/ceph: stderr
2026-03-09T20:42:37.702+0000 7f2de9689640 1 -- 192.168.123.107:0/4057990423 --> [v2:192.168.123.107:3300/0,v1:192.168.123.107:6789/0] -- mon_subscribe({mgrmap=0+}) v3 -- 0x7f2de4088cd0 con 0x7f2de4085290
2026-03-09T20:42:37.856 INFO:teuthology.orchestra.run.vm07.stdout:/usr/bin/ceph: stderr
2026-03-09T20:42:37.702+0000 7f2de17fa640 1 -- 192.168.123.107:0/4057990423 <== mon.0 v2:192.168.123.107:3300/0 3 ==== mon_map magic: 0 v1 ==== 214+0+0 (secure 0 0 0) 0x7f2ddc043630 con 0x7f2de4085290
2026-03-09T20:42:37.856 INFO:teuthology.orchestra.run.vm07.stdout:/usr/bin/ceph: stderr
2026-03-09T20:42:37.702+0000 7f2de9689640 1 -- 192.168.123.107:0/4057990423 --> [v2:192.168.123.107:3300/0,v1:192.168.123.107:6789/0] -- mon_subscribe({osdmap=0}) v3 -- 0x7f2de4085900 con 0x7f2de4085290
2026-03-09T20:42:37.856 INFO:teuthology.orchestra.run.vm07.stdout:/usr/bin/ceph: stderr
2026-03-09T20:42:37.703+0000 7f2dc2ffd640 1 -- 192.168.123.107:0/4057990423 --> [v2:192.168.123.107:3300/0,v1:192.168.123.107:6789/0] -- mon_command({"prefix": "get_command_descriptions"} v 0) v1 -- 0x7f2de407bed0 con 0x7f2de4085290
2026-03-09T20:42:37.856 INFO:teuthology.orchestra.run.vm07.stdout:/usr/bin/ceph: stderr
2026-03-09T20:42:37.703+0000 7f2de17fa640 1 -- 192.168.123.107:0/4057990423 <== mon.0 v2:192.168.123.107:3300/0 4 ==== mgrmap(e 8) v1 ==== 49370+0+0 (secure 0 0 0) 0x7f2ddc04a020 con 0x7f2de4085290
2026-03-09T20:42:37.856 INFO:teuthology.orchestra.run.vm07.stdout:/usr/bin/ceph: stderr
2026-03-09T20:42:37.703+0000 7f2de17fa640 1 --2- 192.168.123.107:0/4057990423 >> [v2:192.168.123.107:6800/810998986,v1:192.168.123.107:6801/810998986] conn(0x7f2dc403d1e0 0x7f2dc403f6a0 unknown :-1 s=NONE pgs=0 cs=0 l=1 rev1=0 crypto rx=0 tx=0 comp rx=0 tx=0).connect
2026-03-09T20:42:37.857 INFO:teuthology.orchestra.run.vm07.stdout:/usr/bin/ceph: stderr
2026-03-09T20:42:37.703+0000 7f2de17fa640 1 -- 192.168.123.107:0/4057990423 <== mon.0 v2:192.168.123.107:3300/0 5 ==== osd_map(2..2 src has 1..2) v4 ==== 940+0+0 (secure 0 0 0) 0x7f2ddc076100 con 0x7f2de4085290
2026-03-09T20:42:37.857 INFO:teuthology.orchestra.run.vm07.stdout:/usr/bin/ceph: stderr
2026-03-09T20:42:37.705+0000 7f2de37fe640 1 --2- 192.168.123.107:0/4057990423 >> [v2:192.168.123.107:6800/810998986,v1:192.168.123.107:6801/810998986] conn(0x7f2dc403d1e0 0x7f2dc403f6a0 unknown :-1 s=BANNER_CONNECTING pgs=0 cs=0 l=1 rev1=0 crypto rx=0 tx=0 comp rx=0 tx=0)._handle_peer_banner_payload supported=3 required=0
2026-03-09T20:42:37.857 INFO:teuthology.orchestra.run.vm07.stdout:/usr/bin/ceph: stderr
2026-03-09T20:42:37.706+0000 7f2de17fa640 1 -- 192.168.123.107:0/4057990423 <== mon.0 v2:192.168.123.107:3300/0 6 ==== mon_command_ack([{"prefix": "get_command_descriptions"}]=0 v0) v1 ==== 72+0+186382 (secure 0 0 0) 0x7f2ddc0aa820 con 0x7f2de4085290
2026-03-09T20:42:37.857 INFO:teuthology.orchestra.run.vm07.stdout:/usr/bin/ceph: stderr
2026-03-09T20:42:37.707+0000 7f2de37fe640 1 --2- 192.168.123.107:0/4057990423 >> [v2:192.168.123.107:6800/810998986,v1:192.168.123.107:6801/810998986] conn(0x7f2dc403d1e0 0x7f2dc403f6a0 secure :-1 s=READY pgs=15 cs=0 l=1 rev1=1 crypto rx=0x7f2dd40099c0 tx=0x7f2dd4006eb0 comp rx=0 tx=0).ready entity=mgr.14118 client_cookie=0 server_cookie=0 in_seq=0 out_seq=0
2026-03-09T20:42:37.857 INFO:teuthology.orchestra.run.vm07.stdout:/usr/bin/ceph: stderr
2026-03-09T20:42:37.799+0000 7f2dc2ffd640 1 -- 192.168.123.107:0/4057990423 --> [v2:192.168.123.107:6800/810998986,v1:192.168.123.107:6801/810998986] -- mgr_command(tid 0: {"prefix": "orch apply", "service_type": "ceph-exporter", "target": ["mon-mgr", ""]}) v1 -- 0x7f2de4072f30 con 0x7f2dc403d1e0
2026-03-09T20:42:37.857 INFO:teuthology.orchestra.run.vm07.stdout:/usr/bin/ceph: stderr
2026-03-09T20:42:37.806+0000 7f2de17fa640 1 -- 192.168.123.107:0/4057990423 <== mgr.14118 v2:192.168.123.107:6800/810998986 1 ==== mgr_command_reply(tid 0: 0 ) v1 ==== 8+0+34 (secure 0 0 0) 0x7f2de4072f30 con 0x7f2dc403d1e0
2026-03-09T20:42:37.857 INFO:teuthology.orchestra.run.vm07.stdout:/usr/bin/ceph: stderr
2026-03-09T20:42:37.808+0000 7f2dc2ffd640 1 -- 192.168.123.107:0/4057990423 >> [v2:192.168.123.107:6800/810998986,v1:192.168.123.107:6801/810998986] conn(0x7f2dc403d1e0 msgr2=0x7f2dc403f6a0 secure :-1 s=STATE_CONNECTION_ESTABLISHED l=1).mark_down
2026-03-09T20:42:37.857 INFO:teuthology.orchestra.run.vm07.stdout:/usr/bin/ceph: stderr
2026-03-09T20:42:37.808+0000 7f2dc2ffd640 1 --2- 192.168.123.107:0/4057990423 >> [v2:192.168.123.107:6800/810998986,v1:192.168.123.107:6801/810998986] conn(0x7f2dc403d1e0 0x7f2dc403f6a0 secure :-1 s=READY pgs=15 cs=0 l=1 rev1=1 crypto rx=0x7f2dd40099c0 tx=0x7f2dd4006eb0 comp rx=0 tx=0).stop
2026-03-09T20:42:37.857 INFO:teuthology.orchestra.run.vm07.stdout:/usr/bin/ceph: stderr
2026-03-09T20:42:37.808+0000 7f2dc2ffd640 1 -- 192.168.123.107:0/4057990423 >> [v2:192.168.123.107:3300/0,v1:192.168.123.107:6789/0] conn(0x7f2de4085290 msgr2=0x7f2de4088790 secure :-1 s=STATE_CONNECTION_ESTABLISHED l=1).mark_down
2026-03-09T20:42:37.857 INFO:teuthology.orchestra.run.vm07.stdout:/usr/bin/ceph: stderr
2026-03-09T20:42:37.808+0000 7f2dc2ffd640 1 --2- 192.168.123.107:0/4057990423 >> [v2:192.168.123.107:3300/0,v1:192.168.123.107:6789/0] conn(0x7f2de4085290 0x7f2de4088790 secure :-1 s=READY pgs=52 cs=0 l=1 rev1=1 crypto rx=0x7f2ddc007270 tx=0x7f2ddc009c10 comp rx=0 tx=0).stop
2026-03-09T20:42:37.857 INFO:teuthology.orchestra.run.vm07.stdout:/usr/bin/ceph: stderr
2026-03-09T20:42:37.808+0000 7f2dc2ffd640 1 -- 192.168.123.107:0/4057990423 shutdown_connections
2026-03-09T20:42:37.857 INFO:teuthology.orchestra.run.vm07.stdout:/usr/bin/ceph: stderr
2026-03-09T20:42:37.808+0000 7f2dc2ffd640 1 --2- 192.168.123.107:0/4057990423 >> [v2:192.168.123.107:6800/810998986,v1:192.168.123.107:6801/810998986] conn(0x7f2dc403d1e0 0x7f2dc403f6a0 unknown :-1 s=CLOSED pgs=15 cs=0 l=1 rev1=1 crypto rx=0 tx=0 comp rx=0 tx=0).stop
2026-03-09T20:42:37.857 INFO:teuthology.orchestra.run.vm07.stdout:/usr/bin/ceph: stderr
2026-03-09T20:42:37.808+0000 7f2dc2ffd640 1 --2- 192.168.123.107:0/4057990423 >> [v2:192.168.123.107:3300/0,v1:192.168.123.107:6789/0] conn(0x7f2de4085290 0x7f2de4088790 unknown :-1 s=CLOSED pgs=52 cs=0 l=1 rev1=1 crypto rx=0 tx=0 comp rx=0 tx=0).stop
2026-03-09T20:42:37.857 INFO:teuthology.orchestra.run.vm07.stdout:/usr/bin/ceph: stderr
2026-03-09T20:42:37.809+0000 7f2dc2ffd640 1 -- 192.168.123.107:0/4057990423 >> 192.168.123.107:0/4057990423 conn(0x7f2de406d080 msgr2=0x7f2de407c0e0 unknown :-1 s=STATE_NONE l=0).mark_down
2026-03-09T20:42:37.857 INFO:teuthology.orchestra.run.vm07.stdout:/usr/bin/ceph: stderr
2026-03-09T20:42:37.809+0000 7f2dc2ffd640 1 -- 192.168.123.107:0/4057990423 shutdown_connections
2026-03-09T20:42:37.857 INFO:teuthology.orchestra.run.vm07.stdout:/usr/bin/ceph: stderr
2026-03-09T20:42:37.809+0000 7f2dc2ffd640 1 -- 192.168.123.107:0/4057990423 wait complete.
2026-03-09T20:42:37.857 INFO:teuthology.orchestra.run.vm07.stdout:Deploying prometheus service with default placement...
2026-03-09T20:42:38.154 INFO:teuthology.orchestra.run.vm07.stdout:/usr/bin/ceph: stdout Scheduled prometheus update...
2026-03-09T20:42:38.156 INFO:teuthology.orchestra.run.vm07.stdout:/usr/bin/ceph: stderr
2026-03-09T20:42:37.994+0000 7f2c2da01640 1 Processor -- start
2026-03-09T20:42:38.156 INFO:teuthology.orchestra.run.vm07.stdout:/usr/bin/ceph: stderr
2026-03-09T20:42:37.994+0000 7f2c2da01640 1 -- start start
2026-03-09T20:42:38.156 INFO:teuthology.orchestra.run.vm07.stdout:/usr/bin/ceph: stderr
2026-03-09T20:42:37.994+0000 7f2c2da01640 1 --2- >> [v2:192.168.123.107:3300/0,v1:192.168.123.107:6789/0] conn(0x7f2c28071c80 0x7f2c28072080 unknown :-1 s=NONE pgs=0 cs=0 l=0 rev1=0 crypto rx=0 tx=0 comp rx=0 tx=0).connect
2026-03-09T20:42:38.156 INFO:teuthology.orchestra.run.vm07.stdout:/usr/bin/ceph: stderr
2026-03-09T20:42:37.994+0000 7f2c2da01640 1 -- --> [v2:192.168.123.107:3300/0,v1:192.168.123.107:6789/0] -- mon_getmap magic: 0 v1 -- 0x7f2c280725c0 con 0x7f2c28071c80
2026-03-09T20:42:38.156 INFO:teuthology.orchestra.run.vm07.stdout:/usr/bin/ceph: stderr
2026-03-09T20:42:37.996+0000 7f2c26ffd640 1 --2- >> [v2:192.168.123.107:3300/0,v1:192.168.123.107:6789/0] conn(0x7f2c28071c80 0x7f2c28072080 unknown :-1 s=BANNER_CONNECTING pgs=0 cs=0 l=0 rev1=0 crypto rx=0 tx=0 comp rx=0 tx=0)._handle_peer_banner_payload supported=3 required=0
2026-03-09T20:42:38.156 INFO:teuthology.orchestra.run.vm07.stdout:/usr/bin/ceph: stderr
2026-03-09T20:42:37.996+0000 7f2c26ffd640 1 --2- >> [v2:192.168.123.107:3300/0,v1:192.168.123.107:6789/0] conn(0x7f2c28071c80 0x7f2c28072080 unknown :-1 s=HELLO_CONNECTING pgs=0 cs=0 l=0 rev1=1 crypto rx=0 tx=0 comp rx=0 tx=0).handle_hello peer v2:192.168.123.107:3300/0 says I am v2:192.168.123.107:35398/0 (socket says 192.168.123.107:35398)
2026-03-09T20:42:38.156 INFO:teuthology.orchestra.run.vm07.stdout:/usr/bin/ceph: stderr
2026-03-09T20:42:37.996+0000 7f2c26ffd640 1 -- 192.168.123.107:0/764979876 learned_addr learned my addr 192.168.123.107:0/764979876 (peer_addr_for_me v2:192.168.123.107:0/0)
2026-03-09T20:42:38.156 INFO:teuthology.orchestra.run.vm07.stdout:/usr/bin/ceph: stderr
