2026-03-09T20:42:44.312+0000 7fee87577640 1 -- 192.168.123.107:0/2873418025 >> [v2:192.168.123.107:6800/4166937886,v1:192.168.123.107:6801/4166937886] conn(0x7fee60040d30 msgr2=0x7fee60043120 secure :-1 s=STATE_CONNECTION_ESTABLISHED l=1).mark_down
2026-03-09T20:42:44.355 INFO:teuthology.orchestra.run.vm07.stdout:/usr/bin/ceph: stderr
2026-03-09T20:42:44.312+0000 7fee87577640 1 --2- 192.168.123.107:0/2873418025 >> [v2:192.168.123.107:6800/4166937886,v1:192.168.123.107:6801/4166937886] conn(0x7fee60040d30 0x7fee60043120 secure :-1 s=READY pgs=6 cs=0 l=1 rev1=1 crypto rx=0x7fee80003e00 tx=0x7fee800073c0 comp rx=0 tx=0).stop
2026-03-09T20:42:44.355 INFO:teuthology.orchestra.run.vm07.stdout:/usr/bin/ceph: stderr
2026-03-09T20:42:44.312+0000 7fee87577640 1 -- 192.168.123.107:0/2873418025 >> [v2:192.168.123.107:3300/0,v1:192.168.123.107:6789/0] conn(0x7fee881a24a0 msgr2=0x7fee881a28c0 secure :-1 s=STATE_CONNECTION_ESTABLISHED l=1).mark_down
2026-03-09T20:42:44.355 INFO:teuthology.orchestra.run.vm07.stdout:/usr/bin/ceph: stderr
2026-03-09T20:42:44.312+0000 7fee87577640 1 --2- 192.168.123.107:0/2873418025 >> [v2:192.168.123.107:3300/0,v1:192.168.123.107:6789/0] conn(0x7fee881a24a0 0x7fee881a28c0 secure :-1 s=READY pgs=72 cs=0 l=1 rev1=1 crypto rx=0x7fee780319f0 tx=0x7fee78008c70 comp rx=0 tx=0).stop
2026-03-09T20:42:44.355 INFO:teuthology.orchestra.run.vm07.stdout:/usr/bin/ceph: stderr
2026-03-09T20:42:44.312+0000 7fee87577640 1 -- 192.168.123.107:0/2873418025 shutdown_connections
2026-03-09T20:42:44.355 INFO:teuthology.orchestra.run.vm07.stdout:/usr/bin/ceph: stderr
2026-03-09T20:42:44.312+0000 7fee87577640 1 --2- 192.168.123.107:0/2873418025 >> [v2:192.168.123.107:6800/4166937886,v1:192.168.123.107:6801/4166937886] conn(0x7fee60040d30 0x7fee60043120 unknown :-1 s=CLOSED pgs=6 cs=0 l=1 rev1=1 crypto rx=0 tx=0 comp rx=0 tx=0).stop
2026-03-09T20:42:44.355 INFO:teuthology.orchestra.run.vm07.stdout:/usr/bin/ceph: stderr
2026-03-09T20:42:44.312+0000 7fee87577640 1 --2- 192.168.123.107:0/2873418025 >> [v2:192.168.123.107:6800/810998986,v1:192.168.123.107:6801/810998986] conn(0x7fee6003d280 0x7fee6003f740 unknown :-1 s=CLOSED pgs=0 cs=0 l=1 rev1=0 crypto rx=0 tx=0 comp rx=0 tx=0).stop
2026-03-09T20:42:44.355 INFO:teuthology.orchestra.run.vm07.stdout:/usr/bin/ceph: stderr
2026-03-09T20:42:44.312+0000 7fee87577640 1 --2- 192.168.123.107:0/2873418025 >> [v2:192.168.123.107:3300/0,v1:192.168.123.107:6789/0] conn(0x7fee881a24a0 0x7fee881a28c0 unknown :-1 s=CLOSED pgs=72 cs=0 l=1 rev1=1 crypto rx=0 tx=0 comp rx=0 tx=0).stop
2026-03-09T20:42:44.355 INFO:teuthology.orchestra.run.vm07.stdout:/usr/bin/ceph: stderr
2026-03-09T20:42:44.312+0000 7fee87577640 1 -- 192.168.123.107:0/2873418025 >> 192.168.123.107:0/2873418025 conn(0x7fee8806d060 msgr2=0x7fee8806e900 unknown :-1 s=STATE_NONE l=0).mark_down
2026-03-09T20:42:44.355 INFO:teuthology.orchestra.run.vm07.stdout:/usr/bin/ceph: stderr
2026-03-09T20:42:44.312+0000 7fee87577640 1 -- 192.168.123.107:0/2873418025 shutdown_connections
2026-03-09T20:42:44.355 INFO:teuthology.orchestra.run.vm07.stdout:/usr/bin/ceph: stderr
2026-03-09T20:42:44.312+0000 7fee87577640 1 -- 192.168.123.107:0/2873418025 wait complete.
2026-03-09T20:42:44.355 INFO:teuthology.orchestra.run.vm07.stdout:mgr epoch 9 is available
2026-03-09T20:42:44.355 INFO:teuthology.orchestra.run.vm07.stdout:Generating a dashboard self-signed certificate...
2026-03-09T20:42:44.656 INFO:teuthology.orchestra.run.vm07.stdout:/usr/bin/ceph: stdout Self-signed certificate created
2026-03-09T20:42:44.656 INFO:teuthology.orchestra.run.vm07.stdout:/usr/bin/ceph: stderr
2026-03-09T20:42:44.476+0000 7fcc0cdbd640 1 Processor -- start
2026-03-09T20:42:44.656 INFO:teuthology.orchestra.run.vm07.stdout:/usr/bin/ceph: stderr
2026-03-09T20:42:44.476+0000 7fcc0cdbd640 1 -- start start
2026-03-09T20:42:44.656 INFO:teuthology.orchestra.run.vm07.stdout:/usr/bin/ceph: stderr
2026-03-09T20:42:44.476+0000 7fcc0cdbd640 1 --2- >> [v2:192.168.123.107:3300/0,v1:192.168.123.107:6789/0] conn(0x7fcc081082f0 0x7fcc081086f0 unknown :-1 s=NONE pgs=0 cs=0 l=0 rev1=0 crypto rx=0 tx=0 comp rx=0 tx=0).connect
2026-03-09T20:42:44.656 INFO:teuthology.orchestra.run.vm07.stdout:/usr/bin/ceph: stderr
2026-03-09T20:42:44.476+0000 7fcc0cdbd640 1 -- --> [v2:192.168.123.107:3300/0,v1:192.168.123.107:6789/0] -- mon_getmap magic: 0 v1 -- 0x7fcc08108cc0 con 0x7fcc081082f0
2026-03-09T20:42:44.657 INFO:teuthology.orchestra.run.vm07.stdout:/usr/bin/ceph: stderr
2026-03-09T20:42:44.477+0000 7fcc06575640 1 --2- >> [v2:192.168.123.107:3300/0,v1:192.168.123.107:6789/0] conn(0x7fcc081082f0 0x7fcc081086f0 unknown :-1 s=BANNER_CONNECTING pgs=0 cs=0 l=0 rev1=0 crypto rx=0 tx=0 comp rx=0 tx=0)._handle_peer_banner_payload supported=3 required=0
2026-03-09T20:42:44.657 INFO:teuthology.orchestra.run.vm07.stdout:/usr/bin/ceph: stderr
2026-03-09T20:42:44.477+0000 7fcc06575640 1 --2- >> [v2:192.168.123.107:3300/0,v1:192.168.123.107:6789/0] conn(0x7fcc081082f0 0x7fcc081086f0 unknown :-1 s=HELLO_CONNECTING pgs=0 cs=0 l=0 rev1=1 crypto rx=0 tx=0 comp rx=0 tx=0).handle_hello peer v2:192.168.123.107:3300/0 says I am v2:192.168.123.107:35600/0 (socket says 192.168.123.107:35600)
2026-03-09T20:42:44.657 INFO:teuthology.orchestra.run.vm07.stdout:/usr/bin/ceph: stderr
2026-03-09T20:42:44.477+0000 7fcc06575640 1 -- 192.168.123.107:0/1181255038 learned_addr learned my addr 192.168.123.107:0/1181255038 (peer_addr_for_me v2:192.168.123.107:0/0)
2026-03-09T20:42:44.657 INFO:teuthology.orchestra.run.vm07.stdout:/usr/bin/ceph: stderr
2026-03-09T20:42:44.477+0000 7fcc06575640 1 -- 192.168.123.107:0/1181255038 --> [v2:192.168.123.107:3300/0,v1:192.168.123.107:6789/0] -- mon_subscribe({config=0+,monmap=0+}) v3 -- 0x7fcc08109490 con 0x7fcc081082f0
2026-03-09T20:42:44.657 INFO:teuthology.orchestra.run.vm07.stdout:/usr/bin/ceph: stderr
2026-03-09T20:42:44.478+0000 7fcc06575640 1 --2- 192.168.123.107:0/1181255038 >> [v2:192.168.123.107:3300/0,v1:192.168.123.107:6789/0] conn(0x7fcc081082f0 0x7fcc081086f0 secure :-1 s=READY pgs=80 cs=0 l=1 rev1=1 crypto rx=0x7fcbf0009b80 tx=0x7fcbf002f190 comp rx=0 tx=0).ready entity=mon.0 client_cookie=f97866be39650099 server_cookie=0 in_seq=0 out_seq=0
2026-03-09T20:42:44.657 INFO:teuthology.orchestra.run.vm07.stdout:/usr/bin/ceph: stderr
2026-03-09T20:42:44.478+0000 7fcc05573640 1 -- 192.168.123.107:0/1181255038 <== mon.0 v2:192.168.123.107:3300/0 1 ==== mon_map magic: 0 v1 ==== 214+0+0 (secure 0 0 0) 0x7fcbf002fc20 con 0x7fcc081082f0
2026-03-09T20:42:44.657 INFO:teuthology.orchestra.run.vm07.stdout:/usr/bin/ceph: stderr
2026-03-09T20:42:44.478+0000 7fcc05573640 1 -- 192.168.123.107:0/1181255038 <== mon.0 v2:192.168.123.107:3300/0 2 ==== config(27 keys) v1 ==== 1108+0+0 (secure 0 0 0) 0x7fcbf002fd80 con 0x7fcc081082f0
2026-03-09T20:42:44.657 INFO:teuthology.orchestra.run.vm07.stdout:/usr/bin/ceph: stderr
2026-03-09T20:42:44.478+0000 7fcc05573640 1 -- 192.168.123.107:0/1181255038 <== mon.0 v2:192.168.123.107:3300/0 3 ==== mon_map magic: 0 v1 ==== 214+0+0 (secure 0 0 0) 0x7fcbf00357c0 con 0x7fcc081082f0
2026-03-09T20:42:44.657 INFO:teuthology.orchestra.run.vm07.stdout:/usr/bin/ceph: stderr
2026-03-09T20:42:44.478+0000 7fcc0cdbd640 1 -- 192.168.123.107:0/1181255038 >> [v2:192.168.123.107:3300/0,v1:192.168.123.107:6789/0] conn(0x7fcc081082f0 msgr2=0x7fcc081086f0 secure :-1 s=STATE_CONNECTION_ESTABLISHED l=1).mark_down
2026-03-09T20:42:44.657 INFO:teuthology.orchestra.run.vm07.stdout:/usr/bin/ceph: stderr
2026-03-09T20:42:44.478+0000 7fcc0cdbd640 1 --2- 192.168.123.107:0/1181255038 >> [v2:192.168.123.107:3300/0,v1:192.168.123.107:6789/0] conn(0x7fcc081082f0 0x7fcc081086f0 secure :-1 s=READY pgs=80 cs=0 l=1 rev1=1 crypto rx=0x7fcbf0009b80 tx=0x7fcbf002f190 comp rx=0 tx=0).stop
2026-03-09T20:42:44.657 INFO:teuthology.orchestra.run.vm07.stdout:/usr/bin/ceph: stderr
2026-03-09T20:42:44.478+0000 7fcc0cdbd640 1 -- 192.168.123.107:0/1181255038 shutdown_connections
2026-03-09T20:42:44.657 INFO:teuthology.orchestra.run.vm07.stdout:/usr/bin/ceph: stderr
2026-03-09T20:42:44.478+0000 7fcc0cdbd640 1 --2- 192.168.123.107:0/1181255038 >> [v2:192.168.123.107:3300/0,v1:192.168.123.107:6789/0] conn(0x7fcc081082f0 0x7fcc081086f0 unknown :-1 s=CLOSED pgs=80 cs=0 l=1 rev1=1 crypto rx=0 tx=0 comp rx=0 tx=0).stop
2026-03-09T20:42:44.657 INFO:teuthology.orchestra.run.vm07.stdout:/usr/bin/ceph: stderr
2026-03-09T20:42:44.478+0000 7fcc0cdbd640 1 -- 192.168.123.107:0/1181255038 >> 192.168.123.107:0/1181255038 conn(0x7fcc0807b8c0 msgr2=0x7fcc081066a0 unknown :-1 s=STATE_NONE l=0).mark_down
2026-03-09T20:42:44.657 INFO:teuthology.orchestra.run.vm07.stdout:/usr/bin/ceph: stderr
2026-03-09T20:42:44.479+0000 7fcc0cdbd640 1 -- 192.168.123.107:0/1181255038 shutdown_connections
2026-03-09T20:42:44.657 INFO:teuthology.orchestra.run.vm07.stdout:/usr/bin/ceph: stderr
2026-03-09T20:42:44.479+0000 7fcc0cdbd640 1 -- 192.168.123.107:0/1181255038 wait complete.
2026-03-09T20:42:44.657 INFO:teuthology.orchestra.run.vm07.stdout:/usr/bin/ceph: stderr
2026-03-09T20:42:44.479+0000 7fcc0cdbd640 1 Processor -- start
2026-03-09T20:42:44.657 INFO:teuthology.orchestra.run.vm07.stdout:/usr/bin/ceph: stderr
2026-03-09T20:42:44.479+0000 7fcc0cdbd640 1 -- start start
2026-03-09T20:42:44.657 INFO:teuthology.orchestra.run.vm07.stdout:/usr/bin/ceph: stderr
2026-03-09T20:42:44.479+0000 7fcc0cdbd640 1 --2- >> [v2:192.168.123.107:3300/0,v1:192.168.123.107:6789/0] conn(0x7fcc081082f0 0x7fcc0819e170 unknown :-1 s=NONE pgs=0 cs=0 l=1 rev1=0 crypto rx=0 tx=0 comp rx=0 tx=0).connect
2026-03-09T20:42:44.657 INFO:teuthology.orchestra.run.vm07.stdout:/usr/bin/ceph: stderr
2026-03-09T20:42:44.479+0000 7fcc0cdbd640 1 -- --> [v2:192.168.123.107:3300/0,v1:192.168.123.107:6789/0] -- mon_getmap magic: 0 v1 -- 0x7fcc0819e6b0 con 0x7fcc081082f0
2026-03-09T20:42:44.657 INFO:teuthology.orchestra.run.vm07.stdout:/usr/bin/ceph: stderr
2026-03-09T20:42:44.479+0000 7fcc06575640 1 --2- >> [v2:192.168.123.107:3300/0,v1:192.168.123.107:6789/0] conn(0x7fcc081082f0 0x7fcc0819e170 unknown :-1 s=BANNER_CONNECTING pgs=0 cs=0 l=1 rev1=0 crypto rx=0 tx=0 comp rx=0 tx=0)._handle_peer_banner_payload supported=3 required=0
2026-03-09T20:42:44.657 INFO:teuthology.orchestra.run.vm07.stdout:/usr/bin/ceph: stderr
2026-03-09T20:42:44.480+0000 7fcc06575640 1 --2- >> [v2:192.168.123.107:3300/0,v1:192.168.123.107:6789/0] conn(0x7fcc081082f0 0x7fcc0819e170 unknown :-1 s=HELLO_CONNECTING pgs=0 cs=0 l=1 rev1=1 crypto rx=0 tx=0 comp rx=0 tx=0).handle_hello peer v2:192.168.123.107:3300/0 says I am v2:192.168.123.107:35616/0 (socket says 192.168.123.107:35616)
2026-03-09T20:42:44.657 INFO:teuthology.orchestra.run.vm07.stdout:/usr/bin/ceph: stderr
2026-03-09T20:42:44.480+0000 7fcc06575640 1 -- 192.168.123.107:0/3923218339 learned_addr learned my addr 192.168.123.107:0/3923218339 (peer_addr_for_me v2:192.168.123.107:0/0)
2026-03-09T20:42:44.657 INFO:teuthology.orchestra.run.vm07.stdout:/usr/bin/ceph: stderr
2026-03-09T20:42:44.480+0000 7fcc06575640 1 -- 192.168.123.107:0/3923218339 --> [v2:192.168.123.107:3300/0,v1:192.168.123.107:6789/0] -- mon_subscribe({config=0+,monmap=0+}) v3 -- 0x7fcbf00095d0 con 0x7fcc081082f0
2026-03-09T20:42:44.657 INFO:teuthology.orchestra.run.vm07.stdout:/usr/bin/ceph: stderr
2026-03-09T20:42:44.480+0000 7fcc06575640 1 --2- 192.168.123.107:0/3923218339 >> [v2:192.168.123.107:3300/0,v1:192.168.123.107:6789/0] conn(0x7fcc081082f0 0x7fcc0819e170 secure :-1 s=READY pgs=81 cs=0 l=1 rev1=1 crypto rx=0x7fcbf00379e0 tx=0x7fcbf0037a10 comp rx=0 tx=0).ready entity=mon.0 client_cookie=0 server_cookie=0 in_seq=0 out_seq=0
2026-03-09T20:42:44.657 INFO:teuthology.orchestra.run.vm07.stdout:/usr/bin/ceph: stderr
2026-03-09T20:42:44.480+0000 7fcbf77fe640 1 -- 192.168.123.107:0/3923218339 <== mon.0 v2:192.168.123.107:3300/0 1 ==== mon_map magic: 0 v1 ==== 214+0+0 (secure 0 0 0) 0x7fcbf0037c00 con 0x7fcc081082f0
2026-03-09T20:42:44.657 INFO:teuthology.orchestra.run.vm07.stdout:/usr/bin/ceph: stderr
2026-03-09T20:42:44.480+0000 7fcbf77fe640 1 -- 192.168.123.107:0/3923218339 <== mon.0 v2:192.168.123.107:3300/0 2 ==== config(27 keys) v1 ==== 1108+0+0 (secure 0 0 0) 0x7fcbf0037d60 con 0x7fcc081082f0
2026-03-09T20:42:44.657 INFO:teuthology.orchestra.run.vm07.stdout:/usr/bin/ceph: stderr
2026-03-09T20:42:44.480+0000 7fcbf77fe640 1 -- 192.168.123.107:0/3923218339 <== mon.0 v2:192.168.123.107:3300/0 3 ==== mon_map magic: 0 v1 ==== 214+0+0 (secure 0 0 0) 0x7fcbf003f5e0 con 0x7fcc081082f0
2026-03-09T20:42:44.657 INFO:teuthology.orchestra.run.vm07.stdout:/usr/bin/ceph: stderr
2026-03-09T20:42:44.480+0000 7fcc0cdbd640 1 -- 192.168.123.107:0/3923218339 --> [v2:192.168.123.107:3300/0,v1:192.168.123.107:6789/0] -- mon_subscribe({mgrmap=0+}) v3 -- 0x7fcc0819e8b0 con 0x7fcc081082f0
2026-03-09T20:42:44.657 INFO:teuthology.orchestra.run.vm07.stdout:/usr/bin/ceph: stderr
2026-03-09T20:42:44.480+0000 7fcc0cdbd640 1 -- 192.168.123.107:0/3923218339 --> [v2:192.168.123.107:3300/0,v1:192.168.123.107:6789/0] -- mon_subscribe({osdmap=0}) v3 -- 0x7fcc0819ed50 con 0x7fcc081082f0
2026-03-09T20:42:44.657 INFO:teuthology.orchestra.run.vm07.stdout:/usr/bin/ceph: stderr
2026-03-09T20:42:44.481+0000 7fcbf77fe640 1 -- 192.168.123.107:0/3923218339 <== mon.0 v2:192.168.123.107:3300/0 4 ==== mgrmap(e 11) v1 ==== 49277+0+0 (secure 0 0 0) 0x7fcbf003e030 con 0x7fcc081082f0
2026-03-09T20:42:44.657 INFO:teuthology.orchestra.run.vm07.stdout:/usr/bin/ceph: stderr
2026-03-09T20:42:44.481+0000 7fcc0cdbd640 1 -- 192.168.123.107:0/3923218339 --> [v2:192.168.123.107:3300/0,v1:192.168.123.107:6789/0] -- mon_command({"prefix": "get_command_descriptions"} v 0) v1 -- 0x7fcbcc005350 con 0x7fcc081082f0
2026-03-09T20:42:44.657 INFO:teuthology.orchestra.run.vm07.stdout:/usr/bin/ceph: stderr
2026-03-09T20:42:44.484+0000 7fcbf77fe640 1 --2- 192.168.123.107:0/3923218339 >> [v2:192.168.123.107:6800/4166937886,v1:192.168.123.107:6801/4166937886] conn(0x7fcbe003d0c0 0x7fcbe003f580 unknown :-1 s=NONE pgs=0 cs=0 l=1 rev1=0 crypto rx=0 tx=0 comp rx=0 tx=0).connect
2026-03-09T20:42:44.657 INFO:teuthology.orchestra.run.vm07.stdout:/usr/bin/ceph: stderr
2026-03-09T20:42:44.484+0000 7fcbf77fe640 1 -- 192.168.123.107:0/3923218339 <== mon.0 v2:192.168.123.107:3300/0 5 ==== osd_map(3..3 src has 1..3) v4 ==== 1155+0+0 (secure 0 0 0) 0x7fcbf0075ec0 con 0x7fcc081082f0
2026-03-09T20:42:44.657 INFO:teuthology.orchestra.run.vm07.stdout:/usr/bin/ceph: stderr
2026-03-09T20:42:44.484+0000 7fcbf77fe640 1 -- 192.168.123.107:0/3923218339 <== mon.0 v2:192.168.123.107:3300/0 6 ==== mon_command_ack([{"prefix": "get_command_descriptions"}]=0 v0) v1 ==== 72+0+186382 (secure 0 0 0) 0x7fcbf003eaf0 con 0x7fcc081082f0
2026-03-09T20:42:44.657 INFO:teuthology.orchestra.run.vm07.stdout:/usr/bin/ceph: stderr
2026-03-09T20:42:44.484+0000 7fcc05d74640 1 --2- 192.168.123.107:0/3923218339 >> [v2:192.168.123.107:6800/4166937886,v1:192.168.123.107:6801/4166937886] conn(0x7fcbe003d0c0 0x7fcbe003f580 unknown :-1 s=BANNER_CONNECTING pgs=0 cs=0 l=1 rev1=0 crypto rx=0 tx=0 comp rx=0 tx=0)._handle_peer_banner_payload supported=3 required=0
2026-03-09T20:42:44.657 INFO:teuthology.orchestra.run.vm07.stdout:/usr/bin/ceph: stderr
2026-03-09T20:42:44.484+0000 7fcc05d74640 1 --2- 192.168.123.107:0/3923218339 >> [v2:192.168.123.107:6800/4166937886,v1:192.168.123.107:6801/4166937886] conn(0x7fcbe003d0c0 0x7fcbe003f580 secure :-1 s=READY pgs=7 cs=0 l=1 rev1=1 crypto rx=0x7fcbfc009a10 tx=0x7fcbfc006eb0 comp rx=0 tx=0).ready entity=mgr.14162 client_cookie=0 server_cookie=0 in_seq=0 out_seq=0
2026-03-09T20:42:44.657 INFO:teuthology.orchestra.run.vm07.stdout:/usr/bin/ceph: stderr
2026-03-09T20:42:44.570+0000 7fcc0cdbd640 1 -- 192.168.123.107:0/3923218339 --> [v2:192.168.123.107:6800/4166937886,v1:192.168.123.107:6801/4166937886] -- mgr_command(tid 0: {"prefix": "dashboard create-self-signed-cert", "target": ["mon-mgr", ""]}) v1 -- 0x7fcbcc002bf0 con 0x7fcbe003d0c0
2026-03-09T20:42:44.657 INFO:teuthology.orchestra.run.vm07.stdout:/usr/bin/ceph: stderr
2026-03-09T20:42:44.612+0000 7fcbf77fe640 1 -- 192.168.123.107:0/3923218339 <== mgr.14162 v2:192.168.123.107:6800/4166937886 1 ==== mgr_command_reply(tid 0: 0 ) v1 ==== 8+0+32 (secure 0 0 0) 0x7fcbcc002bf0 con 0x7fcbe003d0c0
2026-03-09T20:42:44.657 INFO:teuthology.orchestra.run.vm07.stdout:/usr/bin/ceph: stderr
2026-03-09T20:42:44.614+0000 7fcc0cdbd640 1 -- 192.168.123.107:0/3923218339 >> [v2:192.168.123.107:6800/4166937886,v1:192.168.123.107:6801/4166937886] conn(0x7fcbe003d0c0 msgr2=0x7fcbe003f580 secure :-1 s=STATE_CONNECTION_ESTABLISHED l=1).mark_down
2026-03-09T20:42:44.657 INFO:teuthology.orchestra.run.vm07.stdout:/usr/bin/ceph: stderr
2026-03-09T20:42:44.614+0000 7fcc0cdbd640 1 --2- 192.168.123.107:0/3923218339 >> [v2:192.168.123.107:6800/4166937886,v1:192.168.123.107:6801/4166937886] conn(0x7fcbe003d0c0 0x7fcbe003f580 secure :-1 s=READY pgs=7 cs=0 l=1 rev1=1 crypto rx=0x7fcbfc009a10 tx=0x7fcbfc006eb0 comp rx=0 tx=0).stop
2026-03-09T20:42:44.657 INFO:teuthology.orchestra.run.vm07.stdout:/usr/bin/ceph: stderr
2026-03-09T20:42:44.614+0000 7fcc0cdbd640 1 -- 192.168.123.107:0/3923218339 >> [v2:192.168.123.107:3300/0,v1:192.168.123.107:6789/0] conn(0x7fcc081082f0 msgr2=0x7fcc0819e170 secure :-1 s=STATE_CONNECTION_ESTABLISHED l=1).mark_down
2026-03-09T20:42:44.657 INFO:teuthology.orchestra.run.vm07.stdout:/usr/bin/ceph: stderr
2026-03-09T20:42:44.614+0000 7fcc0cdbd640 1 --2- 192.168.123.107:0/3923218339 >> [v2:192.168.123.107:3300/0,v1:192.168.123.107:6789/0] conn(0x7fcc081082f0 0x7fcc0819e170 secure :-1 s=READY pgs=81 cs=0 l=1 rev1=1 crypto rx=0x7fcbf00379e0 tx=0x7fcbf0037a10 comp rx=0 tx=0).stop
2026-03-09T20:42:44.657 INFO:teuthology.orchestra.run.vm07.stdout:/usr/bin/ceph: stderr
2026-03-09T20:42:44.615+0000 7fcc0cdbd640 1 -- 192.168.123.107:0/3923218339 shutdown_connections
2026-03-09T20:42:44.657 INFO:teuthology.orchestra.run.vm07.stdout:/usr/bin/ceph: stderr
2026-03-09T20:42:44.615+0000 7fcc0cdbd640 1 --2- 192.168.123.107:0/3923218339 >> [v2:192.168.123.107:6800/4166937886,v1:192.168.123.107:6801/4166937886] conn(0x7fcbe003d0c0 0x7fcbe003f580 unknown :-1 s=CLOSED pgs=7 cs=0 l=1 rev1=1 crypto rx=0 tx=0 comp rx=0 tx=0).stop
2026-03-09T20:42:44.657 INFO:teuthology.orchestra.run.vm07.stdout:/usr/bin/ceph: stderr
2026-03-09T20:42:44.615+0000 7fcc0cdbd640 1 --2- 192.168.123.107:0/3923218339 >> [v2:192.168.123.107:3300/0,v1:192.168.123.107:6789/0] conn(0x7fcc081082f0 0x7fcc0819e170 unknown :-1 s=CLOSED pgs=81 cs=0 l=1 rev1=1 crypto rx=0 tx=0 comp rx=0 tx=0).stop
2026-03-09T20:42:44.657 INFO:teuthology.orchestra.run.vm07.stdout:/usr/bin/ceph: stderr
2026-03-09T20:42:44.615+0000 7fcc0cdbd640 1 -- 192.168.123.107:0/3923218339 >> 192.168.123.107:0/3923218339 conn(0x7fcc0807b8c0 msgr2=0x7fcc08105d70 unknown :-1 s=STATE_NONE l=0).mark_down
2026-03-09T20:42:44.657 INFO:teuthology.orchestra.run.vm07.stdout:/usr/bin/ceph: stderr
2026-03-09T20:42:44.615+0000 7fcc0cdbd640 1 -- 192.168.123.107:0/3923218339 shutdown_connections
2026-03-09T20:42:44.657 INFO:teuthology.orchestra.run.vm07.stdout:/usr/bin/ceph: stderr
2026-03-09T20:42:44.615+0000 7fcc0cdbd640 1 -- 192.168.123.107:0/3923218339 wait complete.
2026-03-09T20:42:44.657 INFO:teuthology.orchestra.run.vm07.stdout:Creating initial admin user...
2026-03-09T20:42:44.841 INFO:journalctl@ceph.mon.vm07.vm07.stdout:Mar 09 20:42:44 vm07 ceph-mon[49120]: from='mgr.14162 192.168.123.107:0/3677725133' entity='mgr.vm07.xjrvch'
2026-03-09T20:42:44.841 INFO:journalctl@ceph.mon.vm07.vm07.stdout:Mar 09 20:42:44 vm07 ceph-mon[49120]: [09/Mar/2026:20:42:44] ENGINE Bus STARTING
2026-03-09T20:42:44.841 INFO:journalctl@ceph.mon.vm07.vm07.stdout:Mar 09 20:42:44 vm07 ceph-mon[49120]: [09/Mar/2026:20:42:44] ENGINE Serving on https://192.168.123.107:7150
2026-03-09T20:42:44.841 INFO:journalctl@ceph.mon.vm07.vm07.stdout:Mar 09 20:42:44 vm07 ceph-mon[49120]: [09/Mar/2026:20:42:44] ENGINE Client ('192.168.123.107', 45228) lost — peer dropped the TLS connection suddenly, during handshake: (6, 'TLS/SSL connection has been closed (EOF) (_ssl.c:1147)')
2026-03-09T20:42:44.841 INFO:journalctl@ceph.mon.vm07.vm07.stdout:Mar 09 20:42:44 vm07 ceph-mon[49120]: from='mgr.14162 192.168.123.107:0/3677725133' entity='mgr.vm07.xjrvch'
2026-03-09T20:42:44.841 INFO:journalctl@ceph.mon.vm07.vm07.stdout:Mar 09 20:42:44 vm07 ceph-mon[49120]: [09/Mar/2026:20:42:44] ENGINE Serving on http://192.168.123.107:8765
2026-03-09T20:42:44.841 INFO:journalctl@ceph.mon.vm07.vm07.stdout:Mar 09 20:42:44 vm07 ceph-mon[49120]: [09/Mar/2026:20:42:44] ENGINE Bus STARTED
2026-03-09T20:42:44.841 INFO:journalctl@ceph.mon.vm07.vm07.stdout:Mar 09 20:42:44 vm07 ceph-mon[49120]: mgrmap e11: vm07.xjrvch(active, since 1.00723s)
2026-03-09T20:42:44.841 INFO:journalctl@ceph.mon.vm07.vm07.stdout:Mar 09 20:42:44 vm07 ceph-mon[49120]: from='client.14166 -' entity='client.admin' cmd=[{"prefix": "get_command_descriptions"}]: dispatch
2026-03-09T20:42:44.841 INFO:journalctl@ceph.mon.vm07.vm07.stdout:Mar 09 20:42:44 vm07 ceph-mon[49120]: from='client.14166 -' entity='client.admin' cmd=[{"prefix": "mgr_status"}]: dispatch
2026-03-09T20:42:44.841 INFO:journalctl@ceph.mon.vm07.vm07.stdout:Mar 09 20:42:44 vm07 ceph-mon[49120]: from='mgr.14162 192.168.123.107:0/3677725133' entity='mgr.vm07.xjrvch'
2026-03-09T20:42:44.841 INFO:journalctl@ceph.mon.vm07.vm07.stdout:Mar 09 20:42:44 vm07 ceph-mon[49120]: from='mgr.14162 192.168.123.107:0/3677725133' entity='mgr.vm07.xjrvch'
2026-03-09T20:42:45.053 INFO:teuthology.orchestra.run.vm07.stdout:/usr/bin/ceph: stdout {"username": "admin", "password": "$2b$12$O52hHOw5Ax2s6QVc.4reD.pyBySX9HijoafTm5A..hiI6nT9G/MKe", "roles": ["administrator"], "name": null, "email": null, "lastUpdate": 1773088965, "enabled": true, "pwdExpirationDate": null, "pwdUpdateRequired": true}
2026-03-09T20:42:45.054 INFO:teuthology.orchestra.run.vm07.stdout:/usr/bin/ceph: stderr
2026-03-09T20:42:44.761+0000 7fde3ef75640 1 Processor -- start
2026-03-09T20:42:45.054 INFO:teuthology.orchestra.run.vm07.stdout:/usr/bin/ceph: stderr
2026-03-09T20:42:44.762+0000 7fde3ef75640 1 -- start start
2026-03-09T20:42:45.054 INFO:teuthology.orchestra.run.vm07.stdout:/usr/bin/ceph: stderr
2026-03-09T20:42:44.762+0000 7fde3ef75640 1 --2- >> [v2:192.168.123.107:3300/0,v1:192.168.123.107:6789/0] conn(0x7fde381082f0 0x7fde381086f0 unknown :-1 s=NONE pgs=0 cs=0 l=0 rev1=0 crypto rx=0 tx=0 comp rx=0 tx=0).connect
2026-03-09T20:42:45.054 INFO:teuthology.orchestra.run.vm07.stdout:/usr/bin/ceph: stderr
2026-03-09T20:42:44.762+0000 7fde3ef75640 1 -- --> [v2:192.168.123.107:3300/0,v1:192.168.123.107:6789/0] -- mon_getmap magic: 0 v1 -- 0x7fde38108cc0 con 0x7fde381082f0
2026-03-09T20:42:45.054 INFO:teuthology.orchestra.run.vm07.stdout:/usr/bin/ceph: stderr
2026-03-09T20:42:44.762+0000 7fde3ccea640 1 --2- >> [v2:192.168.123.107:3300/0,v1:192.168.123.107:6789/0] conn(0x7fde381082f0 0x7fde381086f0 unknown :-1 s=BANNER_CONNECTING pgs=0 cs=0 l=0 rev1=0 crypto rx=0 tx=0 comp rx=0 tx=0)._handle_peer_banner_payload supported=3 required=0
2026-03-09T20:42:45.054 INFO:teuthology.orchestra.run.vm07.stdout:/usr/bin/ceph: stderr
2026-03-09T20:42:44.762+0000 7fde3ccea640 1 --2- >> [v2:192.168.123.107:3300/0,v1:192.168.123.107:6789/0] conn(0x7fde381082f0 0x7fde381086f0 unknown :-1 s=HELLO_CONNECTING pgs=0 cs=0 l=0 rev1=1 crypto rx=0 tx=0 comp rx=0 tx=0).handle_hello peer v2:192.168.123.107:3300/0 says I am v2:192.168.123.107:35630/0 (socket says 192.168.123.107:35630)
2026-03-09T20:42:45.054 INFO:teuthology.orchestra.run.vm07.stdout:/usr/bin/ceph: stderr
2026-03-09T20:42:44.762+0000 7fde3ccea640 1 -- 192.168.123.107:0/165490995 learned_addr learned my addr 192.168.123.107:0/165490995 (peer_addr_for_me v2:192.168.123.107:0/0)
2026-03-09T20:42:45.054 INFO:teuthology.orchestra.run.vm07.stdout:/usr/bin/ceph: stderr
2026-03-09T20:42:44.762+0000 7fde3ccea640 1 -- 192.168.123.107:0/165490995 --> [v2:192.168.123.107:3300/0,v1:192.168.123.107:6789/0] -- mon_subscribe({config=0+,monmap=0+}) v3 -- 0x7fde38109490 con 0x7fde381082f0
2026-03-09T20:42:45.054 INFO:teuthology.orchestra.run.vm07.stdout:/usr/bin/ceph: stderr
2026-03-09T20:42:44.763+0000 7fde3ccea640 1 --2- 192.168.123.107:0/165490995 >> [v2:192.168.123.107:3300/0,v1:192.168.123.107:6789/0] conn(0x7fde381082f0 0x7fde381086f0 secure :-1 s=READY pgs=82 cs=0 l=1 rev1=1 crypto rx=0x7fde20009b30 tx=0x7fde2002f140 comp rx=0 tx=0).ready entity=mon.0 client_cookie=c86f9f8d0eeca3d8 server_cookie=0 in_seq=0 out_seq=0
2026-03-09T20:42:45.054 INFO:teuthology.orchestra.run.vm07.stdout:/usr/bin/ceph: stderr
2026-03-09T20:42:44.763+0000 7fde2f7fe640 1 -- 192.168.123.107:0/165490995 <== mon.0 v2:192.168.123.107:3300/0 1 ==== mon_map magic: 0 v1 ==== 214+0+0 (secure 0 0 0) 0x7fde2002fbd0 con 0x7fde381082f0
2026-03-09T20:42:45.054 INFO:teuthology.orchestra.run.vm07.stdout:/usr/bin/ceph: stderr
2026-03-09T20:42:44.763+0000 7fde2f7fe640 1 -- 192.168.123.107:0/165490995 <== mon.0 v2:192.168.123.107:3300/0 2 ==== config(27 keys) v1 ==== 1108+0+0 (secure 0 0 0) 0x7fde2002fd30 con 0x7fde381082f0
2026-03-09T20:42:45.054 INFO:teuthology.orchestra.run.vm07.stdout:/usr/bin/ceph: stderr
2026-03-09T20:42:44.764+0000 7fde2f7fe640 1 -- 192.168.123.107:0/165490995 <== mon.0 v2:192.168.123.107:3300/0 3 ==== mon_map magic: 0 v1 ==== 214+0+0 (secure 0 0 0) 0x7fde20035780 con 0x7fde381082f0
2026-03-09T20:42:45.054 INFO:teuthology.orchestra.run.vm07.stdout:/usr/bin/ceph: stderr
2026-03-09T20:42:44.764+0000 7fde3ef75640 1 -- 192.168.123.107:0/165490995 >> [v2:192.168.123.107:3300/0,v1:192.168.123.107:6789/0] conn(0x7fde381082f0 msgr2=0x7fde381086f0 secure :-1 s=STATE_CONNECTION_ESTABLISHED l=1).mark_down
2026-03-09T20:42:45.054 INFO:teuthology.orchestra.run.vm07.stdout:/usr/bin/ceph: stderr
2026-03-09T20:42:44.764+0000 7fde3ef75640 1 --2- 192.168.123.107:0/165490995 >> [v2:192.168.123.107:3300/0,v1:192.168.123.107:6789/0] conn(0x7fde381082f0 0x7fde381086f0 secure :-1 s=READY pgs=82 cs=0 l=1 rev1=1 crypto rx=0x7fde20009b30 tx=0x7fde2002f140 comp rx=0 tx=0).stop
2026-03-09T20:42:45.054 INFO:teuthology.orchestra.run.vm07.stdout:/usr/bin/ceph: stderr
2026-03-09T20:42:44.764+0000 7fde3ef75640 1 -- 192.168.123.107:0/165490995 shutdown_connections
2026-03-09T20:42:45.054 INFO:teuthology.orchestra.run.vm07.stdout:/usr/bin/ceph: stderr
2026-03-09T20:42:44.764+0000 7fde3ef75640 1 --2- 192.168.123.107:0/165490995 >> [v2:192.168.123.107:3300/0,v1:192.168.123.107:6789/0] conn(0x7fde381082f0 0x7fde381086f0 unknown :-1 s=CLOSED pgs=82 cs=0 l=1 rev1=1 crypto rx=0 tx=0 comp rx=0 tx=0).stop
2026-03-09T20:42:45.054 INFO:teuthology.orchestra.run.vm07.stdout:/usr/bin/ceph: stderr
2026-03-09T20:42:44.764+0000 7fde3ef75640 1 -- 192.168.123.107:0/165490995 >> 192.168.123.107:0/165490995 conn(0x7fde3807b8c0 msgr2=0x7fde381066a0 unknown :-1 s=STATE_NONE l=0).mark_down
2026-03-09T20:42:45.054 INFO:teuthology.orchestra.run.vm07.stdout:/usr/bin/ceph: stderr
2026-03-09T20:42:44.764+0000 7fde3ef75640 1 -- 192.168.123.107:0/165490995 shutdown_connections
2026-03-09T20:42:45.054 INFO:teuthology.orchestra.run.vm07.stdout:/usr/bin/ceph: stderr
2026-03-09T20:42:44.764+0000 7fde3ef75640 1 -- 192.168.123.107:0/165490995 wait complete.
2026-03-09T20:42:45.054 INFO:teuthology.orchestra.run.vm07.stdout:/usr/bin/ceph: stderr
2026-03-09T20:42:44.765+0000 7fde3ef75640 1 Processor -- start
2026-03-09T20:42:45.054 INFO:teuthology.orchestra.run.vm07.stdout:/usr/bin/ceph: stderr
2026-03-09T20:42:44.765+0000 7fde3ef75640 1 -- start start
2026-03-09T20:42:45.054 INFO:teuthology.orchestra.run.vm07.stdout:/usr/bin/ceph: stderr
2026-03-09T20:42:44.765+0000 7fde3ef75640 1 --2- >> [v2:192.168.123.107:3300/0,v1:192.168.123.107:6789/0] conn(0x7fde381082f0 0x7fde3819e150 unknown :-1 s=NONE pgs=0 cs=0 l=1 rev1=0 crypto rx=0 tx=0 comp rx=0 tx=0).connect
2026-03-09T20:42:45.054 INFO:teuthology.orchestra.run.vm07.stdout:/usr/bin/ceph: stderr
2026-03-09T20:42:44.765+0000 7fde3ef75640 1 -- --> [v2:192.168.123.107:3300/0,v1:192.168.123.107:6789/0] -- mon_getmap magic: 0 v1 -- 0x7fde3819e690 con 0x7fde381082f0
2026-03-09T20:42:45.054 INFO:teuthology.orchestra.run.vm07.stdout:/usr/bin/ceph: stderr
2026-03-09T20:42:44.765+0000 7fde3ccea640 1 --2- >> [v2:192.168.123.107:3300/0,v1:192.168.123.107:6789/0] conn(0x7fde381082f0 0x7fde3819e150 unknown :-1 s=BANNER_CONNECTING pgs=0 cs=0 l=1 rev1=0 crypto rx=0 tx=0 comp rx=0 tx=0)._handle_peer_banner_payload supported=3 required=0
2026-03-09T20:42:45.054 INFO:teuthology.orchestra.run.vm07.stdout:/usr/bin/ceph: stderr
2026-03-09T20:42:44.766+0000 7fde3ccea640 1 --2- >> [v2:192.168.123.107:3300/0,v1:192.168.123.107:6789/0] conn(0x7fde381082f0 0x7fde3819e150 unknown :-1 s=HELLO_CONNECTING pgs=0 cs=0 l=1 rev1=1 crypto rx=0 tx=0 comp rx=0 tx=0).handle_hello peer v2:192.168.123.107:3300/0 says I am v2:192.168.123.107:35640/0 (socket says 192.168.123.107:35640)
2026-03-09T20:42:45.054 INFO:teuthology.orchestra.run.vm07.stdout:/usr/bin/ceph: stderr
2026-03-09T20:42:44.766+0000 7fde3ccea640 1 -- 192.168.123.107:0/2236171312 learned_addr learned my addr 192.168.123.107:0/2236171312 (peer_addr_for_me v2:192.168.123.107:0/0)
2026-03-09T20:42:45.054 INFO:teuthology.orchestra.run.vm07.stdout:/usr/bin/ceph: stderr
2026-03-09T20:42:44.766+0000 7fde3ccea640 1 -- 192.168.123.107:0/2236171312 --> [v2:192.168.123.107:3300/0,v1:192.168.123.107:6789/0] -- mon_subscribe({config=0+,monmap=0+}) v3 -- 0x7fde200095d0 con 0x7fde381082f0
2026-03-09T20:42:45.054 INFO:teuthology.orchestra.run.vm07.stdout:/usr/bin/ceph: stderr
2026-03-09T20:42:44.766+0000 7fde3ccea640 1 --2- 192.168.123.107:0/2236171312 >> [v2:192.168.123.107:3300/0,v1:192.168.123.107:6789/0] conn(0x7fde381082f0 0x7fde3819e150 secure :-1 s=READY pgs=83 cs=0 l=1 rev1=1 crypto rx=0x7fde20009c60 tx=0x7fde20037670 comp rx=0 tx=0).ready entity=mon.0 client_cookie=0 server_cookie=0 in_seq=0 out_seq=0
2026-03-09T20:42:45.054 INFO:teuthology.orchestra.run.vm07.stdout:/usr/bin/ceph: stderr
2026-03-09T20:42:44.766+0000 7fde2dffb640 1 -- 192.168.123.107:0/2236171312 <== mon.0 v2:192.168.123.107:3300/0 1 ==== mon_map magic: 0 v1 ==== 214+0+0 (secure 0 0 0) 0x7fde20037ad0 con 0x7fde381082f0
2026-03-09T20:42:45.054 INFO:teuthology.orchestra.run.vm07.stdout:/usr/bin/ceph: stderr
2026-03-09T20:42:44.766+0000 7fde2dffb640 1 -- 192.168.123.107:0/2236171312 <== mon.0 v2:192.168.123.107:3300/0 2 ==== config(27 keys) v1 ==== 1108+0+0 (secure 0 0 0) 0x7fde20037c30 con 0x7fde381082f0
2026-03-09T20:42:45.054 INFO:teuthology.orchestra.run.vm07.stdout:/usr/bin/ceph: stderr
2026-03-09T20:42:44.766+0000 7fde2dffb640 1 -- 192.168.123.107:0/2236171312 <== mon.0 v2:192.168.123.107:3300/0 3 ==== mon_map magic: 0 v1 ==== 214+0+0 (secure 0 0 0) 0x7fde20036680 con 0x7fde381082f0
2026-03-09T20:42:45.054 INFO:teuthology.orchestra.run.vm07.stdout:/usr/bin/ceph: stderr
2026-03-09T20:42:44.766+0000 7fde3ef75640 1 -- 192.168.123.107:0/2236171312 --> [v2:192.168.123.107:3300/0,v1:192.168.123.107:6789/0] -- mon_subscribe({mgrmap=0+}) v3 -- 0x7fde3819e890 con 0x7fde381082f0
2026-03-09T20:42:45.054 INFO:teuthology.orchestra.run.vm07.stdout:/usr/bin/ceph: stderr
2026-03-09T20:42:44.767+0000 7fde3ef75640 1 -- 192.168.123.107:0/2236171312 --> [v2:192.168.123.107:3300/0,v1:192.168.123.107:6789/0] -- mon_subscribe({osdmap=0}) v3 -- 0x7fde3819ed30 con 0x7fde381082f0
2026-03-09T20:42:45.054 INFO:teuthology.orchestra.run.vm07.stdout:/usr/bin/ceph: stderr
2026-03-09T20:42:44.768+0000 7fde2dffb640 1 -- 192.168.123.107:0/2236171312 <== mon.0 v2:192.168.123.107:3300/0 4 ==== mgrmap(e 11) v1 ==== 49277+0+0 (secure 0 0 0) 0x7fde2003e070 con 0x7fde381082f0
2026-03-09T20:42:45.054 INFO:teuthology.orchestra.run.vm07.stdout:/usr/bin/ceph: stderr
2026-03-09T20:42:44.768+0000 7fde2dffb640 1 --2- 192.168.123.107:0/2236171312 >> [v2:192.168.123.107:6800/4166937886,v1:192.168.123.107:6801/4166937886] conn(0x7fde0803d160 0x7fde0803f620 unknown :-1 s=NONE pgs=0 cs=0 l=1 rev1=0 crypto rx=0 tx=0 comp rx=0 tx=0).connect
2026-03-09T20:42:45.054 INFO:teuthology.orchestra.run.vm07.stdout:/usr/bin/ceph: stderr
2026-03-09T20:42:44.768+0000 7fde2dffb640 1 -- 192.168.123.107:0/2236171312 <== mon.0 v2:192.168.123.107:3300/0 5 ==== osd_map(3..3 src has 1..3) v4 ==== 1155+0+0 (secure 0 0 0) 0x7fde20076940 con 0x7fde381082f0
2026-03-09T20:42:45.054 INFO:teuthology.orchestra.run.vm07.stdout:/usr/bin/ceph: stderr
2026-03-09T20:42:44.768+0000 7fde2ffff640 1 --2- 192.168.123.107:0/2236171312 >> [v2:192.168.123.107:6800/4166937886,v1:192.168.123.107:6801/4166937886] conn(0x7fde0803d160 0x7fde0803f620 unknown :-1 s=BANNER_CONNECTING pgs=0 cs=0 l=1 rev1=0 crypto rx=0 tx=0 comp rx=0 tx=0)._handle_peer_banner_payload supported=3 required=0
2026-03-09T20:42:45.054 INFO:teuthology.orchestra.run.vm07.stdout:/usr/bin/ceph: stderr
2026-03-09T20:42:44.768+0000 7fde2ffff640 1 --2- 192.168.123.107:0/2236171312 >> [v2:192.168.123.107:6800/4166937886,v1:192.168.123.107:6801/4166937886] conn(0x7fde0803d160 0x7fde0803f620 secure :-1 s=READY pgs=8 cs=0 l=1 rev1=1 crypto rx=0x7fde280099c0 tx=0x7fde28006eb0 comp rx=0 tx=0).ready entity=mgr.14162 client_cookie=0 server_cookie=0 in_seq=0 out_seq=0
2026-03-09T20:42:45.054 INFO:teuthology.orchestra.run.vm07.stdout:/usr/bin/ceph: stderr
2026-03-09T20:42:44.769+0000 7fde3ef75640 1 -- 192.168.123.107:0/2236171312 --> [v2:192.168.123.107:3300/0,v1:192.168.123.107:6789/0] -- mon_command({"prefix": "get_command_descriptions"} v 0) v1 -- 0x7fde04005350 con 0x7fde381082f0
2026-03-09T20:42:45.054 INFO:teuthology.orchestra.run.vm07.stdout:/usr/bin/ceph: stderr
2026-03-09T20:42:44.771+0000 7fde2dffb640 1 -- 192.168.123.107:0/2236171312 <== mon.0 v2:192.168.123.107:3300/0 6 ==== mon_command_ack([{"prefix": "get_command_descriptions"}]=0 v0) v1 ==== 72+0+186382 (secure 0 0 0) 0x7fde2003c030 con 0x7fde381082f0
2026-03-09T20:42:45.054 INFO:teuthology.orchestra.run.vm07.stdout:/usr/bin/ceph: stderr
2026-03-09T20:42:44.867+0000 7fde3ef75640 1 -- 192.168.123.107:0/2236171312 --> [v2:192.168.123.107:6800/4166937886,v1:192.168.123.107:6801/4166937886] -- mgr_command(tid 0: {"prefix": "dashboard ac-user-create", "username": "admin", "rolename": "administrator", "force_password": true, "pwd_update_required": true, "target": ["mon-mgr", ""]}) v1 -- 0x7fde04003c00 con 0x7fde0803d160
2026-03-09T20:42:45.054 INFO:teuthology.orchestra.run.vm07.stdout:/usr/bin/ceph: stderr
2026-03-09T20:42:45.020+0000 7fde2dffb640 1 -- 192.168.123.107:0/2236171312 <== mgr.14162 v2:192.168.123.107:6800/4166937886 1 ==== mgr_command_reply(tid 0: 0 ) v1 ==== 8+0+252 (secure 0 0 0) 0x7fde04003c00 con 0x7fde0803d160
2026-03-09T20:42:45.054 INFO:teuthology.orchestra.run.vm07.stdout:/usr/bin/ceph: stderr
2026-03-09T20:42:45.022+0000 7fde3ef75640 1 -- 192.168.123.107:0/2236171312 >> [v2:192.168.123.107:6800/4166937886,v1:192.168.123.107:6801/4166937886] conn(0x7fde0803d160 msgr2=0x7fde0803f620 secure :-1 s=STATE_CONNECTION_ESTABLISHED l=1).mark_down
2026-03-09T20:42:45.054 INFO:teuthology.orchestra.run.vm07.stdout:/usr/bin/ceph: stderr
2026-03-09T20:42:45.022+0000 7fde3ef75640 1 --2- 192.168.123.107:0/2236171312 >> [v2:192.168.123.107:6800/4166937886,v1:192.168.123.107:6801/4166937886] conn(0x7fde0803d160 0x7fde0803f620 secure :-1 s=READY pgs=8 cs=0 l=1 rev1=1 crypto rx=0x7fde280099c0 tx=0x7fde28006eb0 comp rx=0 tx=0).stop
2026-03-09T20:42:45.054 INFO:teuthology.orchestra.run.vm07.stdout:/usr/bin/ceph: stderr
2026-03-09T20:42:45.022+0000 7fde3ef75640 1 -- 192.168.123.107:0/2236171312 >> [v2:192.168.123.107:3300/0,v1:192.168.123.107:6789/0] conn(0x7fde381082f0 msgr2=0x7fde3819e150 secure :-1 s=STATE_CONNECTION_ESTABLISHED l=1).mark_down
2026-03-09T20:42:45.054 INFO:teuthology.orchestra.run.vm07.stdout:/usr/bin/ceph: stderr
2026-03-09T20:42:45.022+0000 7fde3ef75640 1 --2- 192.168.123.107:0/2236171312 >> [v2:192.168.123.107:3300/0,v1:192.168.123.107:6789/0] conn(0x7fde381082f0 0x7fde3819e150 secure :-1 s=READY pgs=83 cs=0 l=1 rev1=1 crypto rx=0x7fde20009c60 tx=0x7fde20037670 comp rx=0 tx=0).stop
2026-03-09T20:42:45.054 INFO:teuthology.orchestra.run.vm07.stdout:/usr/bin/ceph: stderr
2026-03-09T20:42:45.022+0000 7fde3ef75640 1 -- 192.168.123.107:0/2236171312 shutdown_connections
2026-03-09T20:42:45.054 INFO:teuthology.orchestra.run.vm07.stdout:/usr/bin/ceph: stderr
2026-03-09T20:42:45.022+0000 7fde3ef75640 1 --2- 192.168.123.107:0/2236171312 >> [v2:192.168.123.107:6800/4166937886,v1:192.168.123.107:6801/4166937886] conn(0x7fde0803d160 0x7fde0803f620 unknown :-1 s=CLOSED pgs=8 cs=0 l=1 rev1=1 crypto rx=0 tx=0 comp rx=0 tx=0).stop
2026-03-09T20:42:45.054 INFO:teuthology.orchestra.run.vm07.stdout:/usr/bin/ceph: stderr
2026-03-09T20:42:45.022+0000 7fde3ef75640 1 --2- 192.168.123.107:0/2236171312 >> [v2:192.168.123.107:3300/0,v1:192.168.123.107:6789/0] conn(0x7fde381082f0 0x7fde3819e150 unknown :-1 s=CLOSED pgs=83 cs=0 l=1 rev1=1 crypto rx=0 tx=0 comp rx=0 tx=0).stop
2026-03-09T20:42:45.054 INFO:teuthology.orchestra.run.vm07.stdout:/usr/bin/ceph: stderr
2026-03-09T20:42:45.022+0000 7fde3ef75640 1 -- 192.168.123.107:0/2236171312 >> 192.168.123.107:0/2236171312 conn(0x7fde3807b8c0 msgr2=0x7fde38105ca0 unknown :-1 s=STATE_NONE l=0).mark_down
2026-03-09T20:42:45.054 INFO:teuthology.orchestra.run.vm07.stdout:/usr/bin/ceph: stderr
2026-03-09T20:42:45.022+0000 7fde3ef75640 1 -- 192.168.123.107:0/2236171312 shutdown_connections
2026-03-09T20:42:45.054 INFO:teuthology.orchestra.run.vm07.stdout:/usr/bin/ceph: stderr
2026-03-09T20:42:45.022+0000 7fde3ef75640 1 -- 192.168.123.107:0/2236171312 wait complete.
2026-03-09T20:42:45.054 INFO:teuthology.orchestra.run.vm07.stdout:Fetching dashboard port number...
2026-03-09T20:42:45.293 INFO:teuthology.orchestra.run.vm07.stdout:/usr/bin/ceph: stdout 8443
2026-03-09T20:42:45.293 INFO:teuthology.orchestra.run.vm07.stdout:/usr/bin/ceph: stderr
2026-03-09T20:42:45.151+0000 7fedd72e3640 1 Processor -- start
2026-03-09T20:42:45.293 INFO:teuthology.orchestra.run.vm07.stdout:/usr/bin/ceph: stderr
2026-03-09T20:42:45.151+0000 7fedd72e3640 1 -- start start
2026-03-09T20:42:45.293 INFO:teuthology.orchestra.run.vm07.stdout:/usr/bin/ceph: stderr
2026-03-09T20:42:45.152+0000 7fedd72e3640 1 --2- >> [v2:192.168.123.107:3300/0,v1:192.168.123.107:6789/0] conn(0x7fedd01082f0 0x7fedd01086f0 unknown :-1 s=NONE pgs=0 cs=0 l=0 rev1=0 crypto rx=0 tx=0 comp rx=0 tx=0).connect
2026-03-09T20:42:45.293 INFO:teuthology.orchestra.run.vm07.stdout:/usr/bin/ceph: stderr
2026-03-09T20:42:45.152+0000 7fedd72e3640 1 -- --> [v2:192.168.123.107:3300/0,v1:192.168.123.107:6789/0] -- mon_getmap magic: 0 v1 -- 0x7fedd0108cc0 con 0x7fedd01082f0
2026-03-09T20:42:45.293 INFO:teuthology.orchestra.run.vm07.stdout:/usr/bin/ceph: stderr
2026-03-09T20:42:45.152+0000 7fedd5058640 1 --2- >> [v2:192.168.123.107:3300/0,v1:192.168.123.107:6789/0] conn(0x7fedd01082f0 0x7fedd01086f0 unknown :-1 s=BANNER_CONNECTING pgs=0 cs=0 l=0 rev1=0 crypto rx=0 tx=0 comp rx=0 tx=0)._handle_peer_banner_payload supported=3 required=0
2026-03-09T20:42:45.293 INFO:teuthology.orchestra.run.vm07.stdout:/usr/bin/ceph: stderr
2026-03-09T20:42:45.152+0000 7fedd5058640 1 --2- >> [v2:192.168.123.107:3300/0,v1:192.168.123.107:6789/0] conn(0x7fedd01082f0 0x7fedd01086f0 unknown :-1 s=HELLO_CONNECTING pgs=0 cs=0 l=0 rev1=1 crypto rx=0 tx=0 comp rx=0 tx=0).handle_hello peer v2:192.168.123.107:3300/0 says I am v2:192.168.123.107:35654/0 (socket says 192.168.123.107:35654)
2026-03-09T20:42:45.293 INFO:teuthology.orchestra.run.vm07.stdout:/usr/bin/ceph: stderr
2026-03-09T20:42:45.152+0000 7fedd5058640 1 -- 192.168.123.107:0/2314418633 learned_addr learned my addr 192.168.123.107:0/2314418633 (peer_addr_for_me v2:192.168.123.107:0/0)
2026-03-09T20:42:45.293 INFO:teuthology.orchestra.run.vm07.stdout:/usr/bin/ceph: stderr
2026-03-09T20:42:45.152+0000 7fedd5058640 1 -- 192.168.123.107:0/2314418633 --> [v2:192.168.123.107:3300/0,v1:192.168.123.107:6789/0] -- mon_subscribe({config=0+,monmap=0+}) v3 -- 0x7fedd01094a0 con 0x7fedd01082f0
2026-03-09T20:42:45.293 INFO:teuthology.orchestra.run.vm07.stdout:/usr/bin/ceph: stderr
2026-03-09T20:42:45.153+0000 7fedd5058640 1 --2- 192.168.123.107:0/2314418633 >> [v2:192.168.123.107:3300/0,v1:192.168.123.107:6789/0] conn(0x7fedd01082f0 0x7fedd01086f0 secure :-1 s=READY pgs=84 cs=0 l=1 rev1=1 crypto rx=0x7fedb8009b80 tx=0x7fedb802f190 comp rx=0 tx=0).ready entity=mon.0 client_cookie=adf23df9bdbf563c server_cookie=0 in_seq=0 out_seq=0
2026-03-09T20:42:45.293 INFO:teuthology.orchestra.run.vm07.stdout:/usr/bin/ceph: stderr
2026-03-09T20:42:45.153+0000 7fedc7fff640 1 -- 192.168.123.107:0/2314418633 <== mon.0 v2:192.168.123.107:3300/0 1 ==== mon_map magic: 0 v1 ==== 214+0+0 (secure 0 0 0) 0x7fedb802fa10 con 0x7fedd01082f0
2026-03-09T20:42:45.293 INFO:teuthology.orchestra.run.vm07.stdout:/usr/bin/ceph: stderr
2026-03-09T20:42:45.153+0000 7fedc7fff640 1 -- 192.168.123.107:0/2314418633 <== mon.0 v2:192.168.123.107:3300/0 2 ==== config(27 keys) v1 ==== 1108+0+0 (secure 0 0 0) 0x7fedb802fb70 con 0x7fedd01082f0
2026-03-09T20:42:45.293 INFO:teuthology.orchestra.run.vm07.stdout:/usr/bin/ceph: stderr
2026-03-09T20:42:45.153+0000 7fedc7fff640 1 -- 192.168.123.107:0/2314418633 <== mon.0 v2:192.168.123.107:3300/0 3 ==== mon_map magic: 0 v1 ==== 214+0+0 (secure 0 0 0) 0x7fedb80355b0 con 0x7fedd01082f0
2026-03-09T20:42:45.293 INFO:teuthology.orchestra.run.vm07.stdout:/usr/bin/ceph: stderr
2026-03-09T20:42:45.154+0000 7fedd72e3640 1 -- 192.168.123.107:0/2314418633 >> [v2:192.168.123.107:3300/0,v1:192.168.123.107:6789/0] conn(0x7fedd01082f0 msgr2=0x7fedd01086f0 secure :-1 s=STATE_CONNECTION_ESTABLISHED l=1).mark_down
2026-03-09T20:42:45.293 INFO:teuthology.orchestra.run.vm07.stdout:/usr/bin/ceph: stderr
2026-03-09T20:42:45.154+0000 7fedd72e3640 1 --2- 192.168.123.107:0/2314418633 >> [v2:192.168.123.107:3300/0,v1:192.168.123.107:6789/0] conn(0x7fedd01082f0 0x7fedd01086f0 secure :-1 s=READY pgs=84 cs=0 l=1 rev1=1 crypto rx=0x7fedb8009b80 tx=0x7fedb802f190 comp rx=0 tx=0).stop
2026-03-09T20:42:45.293 INFO:teuthology.orchestra.run.vm07.stdout:/usr/bin/ceph: stderr
2026-03-09T20:42:45.154+0000 7fedd72e3640 1 -- 192.168.123.107:0/2314418633 shutdown_connections
2026-03-09T20:42:45.294 INFO:teuthology.orchestra.run.vm07.stdout:/usr/bin/ceph: stderr
2026-03-09T20:42:45.154+0000 7fedd72e3640 1 --2- 192.168.123.107:0/2314418633 >> [v2:192.168.123.107:3300/0,v1:192.168.123.107:6789/0] conn(0x7fedd01082f0 0x7fedd01086f0 unknown :-1 s=CLOSED pgs=84 cs=0 l=1 rev1=1 crypto rx=0 tx=0 comp rx=0 tx=0).stop
2026-03-09T20:42:45.294 INFO:teuthology.orchestra.run.vm07.stdout:/usr/bin/ceph: stderr
2026-03-09T20:42:45.154+0000 7fedd72e3640 1 -- 192.168.123.107:0/2314418633 >> 192.168.123.107:0/2314418633 conn(0x7fedd007ba00 msgr2=0x7fedd01066a0 unknown :-1 s=STATE_NONE l=0).mark_down
2026-03-09T20:42:45.294 INFO:teuthology.orchestra.run.vm07.stdout:/usr/bin/ceph: stderr
2026-03-09T20:42:45.154+0000 7fedd72e3640 1 -- 192.168.123.107:0/2314418633 shutdown_connections
2026-03-09T20:42:45.294 INFO:teuthology.orchestra.run.vm07.stdout:/usr/bin/ceph: stderr
2026-03-09T20:42:45.154+0000 7fedd72e3640 1 -- 192.168.123.107:0/2314418633 wait complete.
2026-03-09T20:42:45.294 INFO:teuthology.orchestra.run.vm07.stdout:/usr/bin/ceph: stderr
2026-03-09T20:42:45.155+0000 7fedd72e3640 1 Processor -- start
2026-03-09T20:42:45.294 INFO:teuthology.orchestra.run.vm07.stdout:/usr/bin/ceph: stderr
2026-03-09T20:42:45.155+0000 7fedd72e3640 1 -- start start
2026-03-09T20:42:45.294 INFO:teuthology.orchestra.run.vm07.stdout:/usr/bin/ceph: stderr
2026-03-09T20:42:45.155+0000 7fedd72e3640 1 --2- >> [v2:192.168.123.107:3300/0,v1:192.168.123.107:6789/0] conn(0x7fedd01082f0 0x7fedd019e130 unknown :-1 s=NONE pgs=0 cs=0 l=1 rev1=0 crypto rx=0 tx=0 comp rx=0 tx=0).connect
2026-03-09T20:42:45.294 INFO:teuthology.orchestra.run.vm07.stdout:/usr/bin/ceph: stderr
2026-03-09T20:42:45.155+0000 7fedd72e3640 1 -- --> [v2:192.168.123.107:3300/0,v1:192.168.123.107:6789/0] -- mon_getmap magic: 0 v1 -- 0x7fedd019e670 con 0x7fedd01082f0
2026-03-09T20:42:45.294 INFO:teuthology.orchestra.run.vm07.stdout:/usr/bin/ceph: stderr
2026-03-09T20:42:45.155+0000 7fedd5058640 1 --2- >> [v2:192.168.123.107:3300/0,v1:192.168.123.107:6789/0] conn(0x7fedd01082f0 0x7fedd019e130 unknown :-1 s=BANNER_CONNECTING pgs=0 cs=0 l=1 rev1=0 crypto rx=0 tx=0 comp rx=0 tx=0)._handle_peer_banner_payload supported=3 required=0
2026-03-09T20:42:45.294 INFO:teuthology.orchestra.run.vm07.stdout:/usr/bin/ceph: stderr
2026-03-09T20:42:45.156+0000 7fedd5058640 1 --2- >> [v2:192.168.123.107:3300/0,v1:192.168.123.107:6789/0] conn(0x7fedd01082f0 0x7fedd019e130 unknown :-1 s=HELLO_CONNECTING pgs=0 cs=0 l=1 rev1=1 crypto rx=0 tx=0 comp rx=0 tx=0).handle_hello peer v2:192.168.123.107:3300/0 says I am v2:192.168.123.107:35670/0 (socket says 192.168.123.107:35670)
2026-03-09T20:42:45.294 INFO:teuthology.orchestra.run.vm07.stdout:/usr/bin/ceph: stderr
2026-03-09T20:42:45.156+0000 7fedd5058640 1 -- 192.168.123.107:0/3468910642 learned_addr learned my addr 192.168.123.107:0/3468910642 (peer_addr_for_me v2:192.168.123.107:0/0)
2026-03-09T20:42:45.294 INFO:teuthology.orchestra.run.vm07.stdout:/usr/bin/ceph: stderr
2026-03-09T20:42:45.156+0000 7fedd5058640 1 -- 192.168.123.107:0/3468910642 --> [v2:192.168.123.107:3300/0,v1:192.168.123.107:6789/0] -- mon_subscribe({config=0+,monmap=0+}) v3 -- 0x7fedb80095d0 con 0x7fedd01082f0
2026-03-09T20:42:45.294 INFO:teuthology.orchestra.run.vm07.stdout:/usr/bin/ceph: stderr
2026-03-09T20:42:45.156+0000 7fedd5058640 1 --2- 192.168.123.107:0/3468910642 >> [v2:192.168.123.107:3300/0,v1:192.168.123.107:6789/0] conn(0x7fedd01082f0 0x7fedd019e130 secure :-1 s=READY pgs=85 cs=0 l=1 rev1=1 crypto rx=0x7fedb8037670 tx=0x7fedb80376a0 comp rx=0 tx=0).ready entity=mon.0 client_cookie=0 server_cookie=0 in_seq=0 out_seq=0
2026-03-09T20:42:45.294 INFO:teuthology.orchestra.run.vm07.stdout:/usr/bin/ceph: stderr
2026-03-09T20:42:45.156+0000 7fedc67fc640 1 -- 192.168.123.107:0/3468910642 <== mon.0 v2:192.168.123.107:3300/0 1 ==== mon_map magic: 0 v1 ==== 214+0+0 (secure 0 0 0) 0x7fedb802fe20 con 0x7fedd01082f0
2026-03-09T20:42:45.294 INFO:teuthology.orchestra.run.vm07.stdout:/usr/bin/ceph: stderr
2026-03-09T20:42:45.157+0000 7fedc67fc640 1 -- 192.168.123.107:0/3468910642 <== mon.0 v2:192.168.123.107:3300/0 2 ==== config(27 keys) v1 ==== 1108+0+0 (secure 0 0 0) 0x7fedb8041400 con 0x7fedd01082f0
2026-03-09T20:42:45.294 INFO:teuthology.orchestra.run.vm07.stdout:/usr/bin/ceph: stderr
2026-03-09T20:42:45.157+0000 7fedd72e3640 1 -- 192.168.123.107:0/3468910642 --> [v2:192.168.123.107:3300/0,v1:192.168.123.107:6789/0] -- mon_subscribe({mgrmap=0+}) v3 -- 0x7fedd019e870 con 0x7fedd01082f0
2026-03-09T20:42:45.294 INFO:teuthology.orchestra.run.vm07.stdout:/usr/bin/ceph: stderr
2026-03-09T20:42:45.157+0000 7fedc67fc640 1 -- 192.168.123.107:0/3468910642 <== mon.0 v2:192.168.123.107:3300/0 3 ==== mon_map magic: 0 v1 ==== 214+0+0 (secure 0 0 0) 0x7fedb803f530 con 0x7fedd01082f0
2026-03-09T20:42:45.294 INFO:teuthology.orchestra.run.vm07.stdout:/usr/bin/ceph: stderr
2026-03-09T20:42:45.157+0000 7fedd72e3640 1 -- 192.168.123.107:0/3468910642 --> [v2:192.168.123.107:3300/0,v1:192.168.123.107:6789/0] -- mon_subscribe({osdmap=0}) v3 -- 0x7fedd019ed10 con 0x7fedd01082f0
2026-03-09T20:42:45.294 INFO:teuthology.orchestra.run.vm07.stdout:/usr/bin/ceph: stderr
2026-03-09T20:42:45.158+0000 7fedc67fc640 1 -- 192.168.123.107:0/3468910642 <== mon.0 v2:192.168.123.107:3300/0 4 ==== mgrmap(e 11) v1 ==== 49277+0+0 (secure 0 0 0) 0x7fedb803e030 con 0x7fedd01082f0
2026-03-09T20:42:45.294 INFO:teuthology.orchestra.run.vm07.stdout:/usr/bin/ceph: stderr
2026-03-09T20:42:45.158+0000 7fedd72e3640 1 -- 192.168.123.107:0/3468910642 --> [v2:192.168.123.107:3300/0,v1:192.168.123.107:6789/0] -- mon_command({"prefix": "get_command_descriptions"} v 0) v1 -- 0x7fed98005350 con 0x7fedd01082f0
2026-03-09T20:42:45.294 INFO:teuthology.orchestra.run.vm07.stdout:/usr/bin/ceph: stderr
2026-03-09T20:42:45.161+0000 7fedc67fc640 1 --2- 192.168.123.107:0/3468910642 >> [v2:192.168.123.107:6800/4166937886,v1:192.168.123.107:6801/4166937886] conn(0x7feda403cd50 0x7feda403f210 unknown :-1 s=NONE pgs=0 cs=0 l=1 rev1=0 crypto rx=0 tx=0 comp rx=0 tx=0).connect
2026-03-09T20:42:45.294 INFO:teuthology.orchestra.run.vm07.stdout:/usr/bin/ceph: stderr
2026-03-09T20:42:45.161+0000 7fedc67fc640 1 -- 192.168.123.107:0/3468910642 <== mon.0 v2:192.168.123.107:3300/0 5 ==== osd_map(3..3 src has 1..3) v4 ==== 1155+0+0 (secure 0 0 0) 0x7fedb80756e0 con 0x7fedd01082f0
2026-03-09T20:42:45.294 INFO:teuthology.orchestra.run.vm07.stdout:/usr/bin/ceph: stderr
2026-03-09T20:42:45.161+0000 7fedd4857640 1 --2- 192.168.123.107:0/3468910642 >> [v2:192.168.123.107:6800/4166937886,v1:192.168.123.107:6801/4166937886] conn(0x7feda403cd50 0x7feda403f210 unknown :-1 s=BANNER_CONNECTING pgs=0 cs=0 l=1 rev1=0 crypto rx=0 tx=0 comp rx=0 tx=0)._handle_peer_banner_payload supported=3 required=0
2026-03-09T20:42:45.294 INFO:teuthology.orchestra.run.vm07.stdout:/usr/bin/ceph: stderr
2026-03-09T20:42:45.162+0000 7fedd4857640 1 --2- 192.168.123.107:0/3468910642 >> [v2:192.168.123.107:6800/4166937886,v1:192.168.123.107:6801/4166937886] conn(0x7feda403cd50 0x7feda403f210 secure :-1 s=READY pgs=9 cs=0 l=1 rev1=1 crypto rx=0x7fedc00099c0 tx=0x7fedc0006eb0 comp rx=0 tx=0).ready entity=mgr.14162 client_cookie=0 server_cookie=0 in_seq=0 out_seq=0
2026-03-09T20:42:45.294 INFO:teuthology.orchestra.run.vm07.stdout:/usr/bin/ceph: stderr
2026-03-09T20:42:45.161+0000 7fedc67fc640 1 -- 192.168.123.107:0/3468910642 <== mon.0 v2:192.168.123.107:3300/0 6 ==== mon_command_ack([{"prefix": "get_command_descriptions"}]=0 v0) v1 ==== 72+0+186382 (secure 0 0 0) 0x7fedb80363a0 con 0x7fedd01082f0
2026-03-09T20:42:45.294 INFO:teuthology.orchestra.run.vm07.stdout:/usr/bin/ceph: stderr
2026-03-09T20:42:45.245+0000 7fedd72e3640 1 -- 192.168.123.107:0/3468910642 --> [v2:192.168.123.107:3300/0,v1:192.168.123.107:6789/0] -- mon_command({"prefix": "config get", "who": "mgr", "key": "mgr/dashboard/ssl_server_port"} v 0) v1 -- 0x7fed98005b80 con 0x7fedd01082f0
2026-03-09T20:42:45.294 INFO:teuthology.orchestra.run.vm07.stdout:/usr/bin/ceph: stderr
