2026-03-09T20:42:45.245+0000 7fedc67fc640 1 -- 192.168.123.107:0/3468910642 <== mon.0 v2:192.168.123.107:3300/0 7 ==== mon_command_ack([{"prefix": "config get", "who": "mgr", "key": "mgr/dashboard/ssl_server_port"}]=0 v8) v1 ==== 112+0+5 (secure 0 0 0) 0x7fedb8036af0 con 0x7fedd01082f0
2026-03-09T20:42:45.294 INFO:teuthology.orchestra.run.vm07.stdout:/usr/bin/ceph: stderr
2026-03-09T20:42:45.247+0000 7fedd72e3640 1 -- 192.168.123.107:0/3468910642 >> [v2:192.168.123.107:6800/4166937886,v1:192.168.123.107:6801/4166937886] conn(0x7feda403cd50 msgr2=0x7feda403f210 secure :-1 s=STATE_CONNECTION_ESTABLISHED l=1).mark_down
2026-03-09T20:42:45.294 INFO:teuthology.orchestra.run.vm07.stdout:/usr/bin/ceph: stderr
2026-03-09T20:42:45.247+0000 7fedd72e3640 1 --2- 192.168.123.107:0/3468910642 >> [v2:192.168.123.107:6800/4166937886,v1:192.168.123.107:6801/4166937886] conn(0x7feda403cd50 0x7feda403f210 secure :-1 s=READY pgs=9 cs=0 l=1 rev1=1 crypto rx=0x7fedc00099c0 tx=0x7fedc0006eb0 comp rx=0 tx=0).stop
2026-03-09T20:42:45.294 INFO:teuthology.orchestra.run.vm07.stdout:/usr/bin/ceph: stderr
2026-03-09T20:42:45.247+0000 7fedd72e3640 1 -- 192.168.123.107:0/3468910642 >> [v2:192.168.123.107:3300/0,v1:192.168.123.107:6789/0] conn(0x7fedd01082f0 msgr2=0x7fedd019e130 secure :-1 s=STATE_CONNECTION_ESTABLISHED l=1).mark_down
2026-03-09T20:42:45.294 INFO:teuthology.orchestra.run.vm07.stdout:/usr/bin/ceph: stderr
2026-03-09T20:42:45.247+0000 7fedd72e3640 1 --2- 192.168.123.107:0/3468910642 >> [v2:192.168.123.107:3300/0,v1:192.168.123.107:6789/0] conn(0x7fedd01082f0 0x7fedd019e130 secure :-1 s=READY pgs=85 cs=0 l=1 rev1=1 crypto rx=0x7fedb8037670 tx=0x7fedb80376a0 comp rx=0 tx=0).stop
2026-03-09T20:42:45.294 INFO:teuthology.orchestra.run.vm07.stdout:/usr/bin/ceph: stderr
2026-03-09T20:42:45.248+0000 7fedd72e3640 1 -- 192.168.123.107:0/3468910642 shutdown_connections
2026-03-09T20:42:45.294 INFO:teuthology.orchestra.run.vm07.stdout:/usr/bin/ceph: stderr
2026-03-09T20:42:45.248+0000 7fedd72e3640 1 --2- 192.168.123.107:0/3468910642 >> [v2:192.168.123.107:6800/4166937886,v1:192.168.123.107:6801/4166937886] conn(0x7feda403cd50 0x7feda403f210 unknown :-1 s=CLOSED pgs=9 cs=0 l=1 rev1=1 crypto rx=0 tx=0 comp rx=0 tx=0).stop
2026-03-09T20:42:45.294 INFO:teuthology.orchestra.run.vm07.stdout:/usr/bin/ceph: stderr
2026-03-09T20:42:45.248+0000 7fedd72e3640 1 --2- 192.168.123.107:0/3468910642 >> [v2:192.168.123.107:3300/0,v1:192.168.123.107:6789/0] conn(0x7fedd01082f0 0x7fedd019e130 unknown :-1 s=CLOSED pgs=85 cs=0 l=1 rev1=1 crypto rx=0 tx=0 comp rx=0 tx=0).stop
2026-03-09T20:42:45.294 INFO:teuthology.orchestra.run.vm07.stdout:/usr/bin/ceph: stderr
2026-03-09T20:42:45.248+0000 7fedd72e3640 1 -- 192.168.123.107:0/3468910642 >> 192.168.123.107:0/3468910642 conn(0x7fedd007ba00 msgr2=0x7fedd0105d80 unknown :-1 s=STATE_NONE l=0).mark_down
2026-03-09T20:42:45.294 INFO:teuthology.orchestra.run.vm07.stdout:/usr/bin/ceph: stderr
2026-03-09T20:42:45.248+0000 7fedd72e3640 1 -- 192.168.123.107:0/3468910642 shutdown_connections
2026-03-09T20:42:45.294 INFO:teuthology.orchestra.run.vm07.stdout:/usr/bin/ceph: stderr
2026-03-09T20:42:45.248+0000 7fedd72e3640 1 -- 192.168.123.107:0/3468910642 wait complete.
2026-03-09T20:42:45.294 INFO:teuthology.orchestra.run.vm07.stdout:firewalld does not appear to be present
2026-03-09T20:42:45.294 INFO:teuthology.orchestra.run.vm07.stdout:Not possible to open ports <[8443]>. firewalld.service is not available
2026-03-09T20:42:45.295 INFO:teuthology.orchestra.run.vm07.stdout:Ceph Dashboard is now available at:
2026-03-09T20:42:45.295 INFO:teuthology.orchestra.run.vm07.stdout:
2026-03-09T20:42:45.295 INFO:teuthology.orchestra.run.vm07.stdout: URL: https://vm07.local:8443/
2026-03-09T20:42:45.295 INFO:teuthology.orchestra.run.vm07.stdout: User: admin
2026-03-09T20:42:45.295 INFO:teuthology.orchestra.run.vm07.stdout: Password: 6lzh4f9bau
2026-03-09T20:42:45.295 INFO:teuthology.orchestra.run.vm07.stdout:
2026-03-09T20:42:45.295 INFO:teuthology.orchestra.run.vm07.stdout:Saving cluster configuration to /var/lib/ceph/589eab88-1bf8-11f1-9e50-71f3ab1833c4/config directory
2026-03-09T20:42:45.295 INFO:teuthology.orchestra.run.vm07.stdout:Enabling autotune for osd_memory_target
2026-03-09T20:42:45.523 INFO:teuthology.orchestra.run.vm07.stdout:/usr/bin/ceph: stderr
2026-03-09T20:42:45.403+0000 7f794f065640 1 Processor -- start
2026-03-09T20:42:45.523 INFO:teuthology.orchestra.run.vm07.stdout:/usr/bin/ceph: stderr
2026-03-09T20:42:45.403+0000 7f794f065640 1 -- start start
2026-03-09T20:42:45.523 INFO:teuthology.orchestra.run.vm07.stdout:/usr/bin/ceph: stderr
2026-03-09T20:42:45.403+0000 7f794f065640 1 --2- >> [v2:192.168.123.107:3300/0,v1:192.168.123.107:6789/0] conn(0x7f7948103c60 0x7f7948104060 unknown :-1 s=NONE pgs=0 cs=0 l=0 rev1=0 crypto rx=0 tx=0 comp rx=0 tx=0).connect
2026-03-09T20:42:45.523 INFO:teuthology.orchestra.run.vm07.stdout:/usr/bin/ceph: stderr
2026-03-09T20:42:45.403+0000 7f794f065640 1 -- --> [v2:192.168.123.107:3300/0,v1:192.168.123.107:6789/0] -- mon_getmap magic: 0 v1 -- 0x7f7948104630 con 0x7f7948103c60
2026-03-09T20:42:45.523 INFO:teuthology.orchestra.run.vm07.stdout:/usr/bin/ceph: stderr
2026-03-09T20:42:45.403+0000 7f794e063640 1 --2- >> [v2:192.168.123.107:3300/0,v1:192.168.123.107:6789/0] conn(0x7f7948103c60 0x7f7948104060 unknown :-1 s=BANNER_CONNECTING pgs=0 cs=0 l=0 rev1=0 crypto rx=0 tx=0 comp rx=0 tx=0)._handle_peer_banner_payload supported=3 required=0
2026-03-09T20:42:45.523 INFO:teuthology.orchestra.run.vm07.stdout:/usr/bin/ceph: stderr
2026-03-09T20:42:45.403+0000 7f794e063640 1 --2- >> [v2:192.168.123.107:3300/0,v1:192.168.123.107:6789/0] conn(0x7f7948103c60 0x7f7948104060 unknown :-1 s=HELLO_CONNECTING pgs=0 cs=0 l=0 rev1=1 crypto rx=0 tx=0 comp rx=0 tx=0).handle_hello peer v2:192.168.123.107:3300/0 says I am v2:192.168.123.107:35682/0 (socket says 192.168.123.107:35682)
2026-03-09T20:42:45.523 INFO:teuthology.orchestra.run.vm07.stdout:/usr/bin/ceph: stderr
2026-03-09T20:42:45.403+0000 7f794e063640 1 -- 192.168.123.107:0/2491368901 learned_addr learned my addr 192.168.123.107:0/2491368901 (peer_addr_for_me v2:192.168.123.107:0/0)
2026-03-09T20:42:45.523 INFO:teuthology.orchestra.run.vm07.stdout:/usr/bin/ceph: stderr
2026-03-09T20:42:45.404+0000 7f794e063640 1 -- 192.168.123.107:0/2491368901 --> [v2:192.168.123.107:3300/0,v1:192.168.123.107:6789/0] -- mon_subscribe({config=0+,monmap=0+}) v3 -- 0x7f7948104df0 con 0x7f7948103c60
2026-03-09T20:42:45.523 INFO:teuthology.orchestra.run.vm07.stdout:/usr/bin/ceph: stderr
2026-03-09T20:42:45.404+0000 7f794e063640 1 --2- 192.168.123.107:0/2491368901 >> [v2:192.168.123.107:3300/0,v1:192.168.123.107:6789/0] conn(0x7f7948103c60 0x7f7948104060 secure :-1 s=READY pgs=86 cs=0 l=1 rev1=1 crypto rx=0x7f7938009920 tx=0x7f793802ef20 comp rx=0 tx=0).ready entity=mon.0 client_cookie=db13b06566f85f0c server_cookie=0 in_seq=0 out_seq=0
2026-03-09T20:42:45.523 INFO:teuthology.orchestra.run.vm07.stdout:/usr/bin/ceph: stderr
2026-03-09T20:42:45.404+0000 7f794d061640 1 -- 192.168.123.107:0/2491368901 <== mon.0 v2:192.168.123.107:3300/0 1 ==== mon_map magic: 0 v1 ==== 214+0+0 (secure 0 0 0) 0x7f793802f9b0 con 0x7f7948103c60
2026-03-09T20:42:45.523 INFO:teuthology.orchestra.run.vm07.stdout:/usr/bin/ceph: stderr
2026-03-09T20:42:45.405+0000 7f794d061640 1 -- 192.168.123.107:0/2491368901 <== mon.0 v2:192.168.123.107:3300/0 2 ==== config(27 keys) v1 ==== 1108+0+0 (secure 0 0 0) 0x7f7938037440 con 0x7f7948103c60
2026-03-09T20:42:45.523 INFO:teuthology.orchestra.run.vm07.stdout:/usr/bin/ceph: stderr
2026-03-09T20:42:45.405+0000 7f794f065640 1 -- 192.168.123.107:0/2491368901 >> [v2:192.168.123.107:3300/0,v1:192.168.123.107:6789/0] conn(0x7f7948103c60 msgr2=0x7f7948104060 secure :-1 s=STATE_CONNECTION_ESTABLISHED l=1).mark_down
2026-03-09T20:42:45.523 INFO:teuthology.orchestra.run.vm07.stdout:/usr/bin/ceph: stderr
2026-03-09T20:42:45.405+0000 7f794f065640 1 --2- 192.168.123.107:0/2491368901 >> [v2:192.168.123.107:3300/0,v1:192.168.123.107:6789/0] conn(0x7f7948103c60 0x7f7948104060 secure :-1 s=READY pgs=86 cs=0 l=1 rev1=1 crypto rx=0x7f7938009920 tx=0x7f793802ef20 comp rx=0 tx=0).stop
2026-03-09T20:42:45.523 INFO:teuthology.orchestra.run.vm07.stdout:/usr/bin/ceph: stderr
2026-03-09T20:42:45.405+0000 7f794f065640 1 -- 192.168.123.107:0/2491368901 shutdown_connections
2026-03-09T20:42:45.523 INFO:teuthology.orchestra.run.vm07.stdout:/usr/bin/ceph: stderr
2026-03-09T20:42:45.405+0000 7f794f065640 1 --2- 192.168.123.107:0/2491368901 >> [v2:192.168.123.107:3300/0,v1:192.168.123.107:6789/0] conn(0x7f7948103c60 0x7f7948104060 unknown :-1 s=CLOSED pgs=86 cs=0 l=1 rev1=1 crypto rx=0 tx=0 comp rx=0 tx=0).stop
2026-03-09T20:42:45.523 INFO:teuthology.orchestra.run.vm07.stdout:/usr/bin/ceph: stderr
2026-03-09T20:42:45.405+0000 7f794f065640 1 -- 192.168.123.107:0/2491368901 >> 192.168.123.107:0/2491368901 conn(0x7f79480ff7c0 msgr2=0x7f7948101c00 unknown :-1 s=STATE_NONE l=0).mark_down
2026-03-09T20:42:45.523 INFO:teuthology.orchestra.run.vm07.stdout:/usr/bin/ceph: stderr
2026-03-09T20:42:45.405+0000 7f794f065640 1 -- 192.168.123.107:0/2491368901 shutdown_connections
2026-03-09T20:42:45.523 INFO:teuthology.orchestra.run.vm07.stdout:/usr/bin/ceph: stderr
2026-03-09T20:42:45.405+0000 7f794f065640 1 -- 192.168.123.107:0/2491368901 wait complete.
2026-03-09T20:42:45.523 INFO:teuthology.orchestra.run.vm07.stdout:/usr/bin/ceph: stderr
2026-03-09T20:42:45.406+0000 7f794f065640 1 Processor -- start
2026-03-09T20:42:45.523 INFO:teuthology.orchestra.run.vm07.stdout:/usr/bin/ceph: stderr
2026-03-09T20:42:45.406+0000 7f794f065640 1 -- start start
2026-03-09T20:42:45.523 INFO:teuthology.orchestra.run.vm07.stdout:/usr/bin/ceph: stderr
2026-03-09T20:42:45.406+0000 7f794f065640 1 --2- >> [v2:192.168.123.107:3300/0,v1:192.168.123.107:6789/0] conn(0x7f79481a24e0 0x7f79481a2900 unknown :-1 s=NONE pgs=0 cs=0 l=1 rev1=0 crypto rx=0 tx=0 comp rx=0 tx=0).connect
2026-03-09T20:42:45.523 INFO:teuthology.orchestra.run.vm07.stdout:/usr/bin/ceph: stderr
2026-03-09T20:42:45.406+0000 7f794f065640 1 -- --> [v2:192.168.123.107:3300/0,v1:192.168.123.107:6789/0] -- mon_getmap magic: 0 v1 -- 0x7f79380353c0 con 0x7f79481a24e0
2026-03-09T20:42:45.523 INFO:teuthology.orchestra.run.vm07.stdout:/usr/bin/ceph: stderr
2026-03-09T20:42:45.406+0000 7f794e063640 1 --2- >> [v2:192.168.123.107:3300/0,v1:192.168.123.107:6789/0] conn(0x7f79481a24e0 0x7f79481a2900 unknown :-1 s=BANNER_CONNECTING pgs=0 cs=0 l=1 rev1=0 crypto rx=0 tx=0 comp rx=0 tx=0)._handle_peer_banner_payload supported=3 required=0
2026-03-09T20:42:45.524 INFO:teuthology.orchestra.run.vm07.stdout:/usr/bin/ceph: stderr
2026-03-09T20:42:45.406+0000 7f794e063640 1 --2- >> [v2:192.168.123.107:3300/0,v1:192.168.123.107:6789/0] conn(0x7f79481a24e0 0x7f79481a2900 unknown :-1 s=HELLO_CONNECTING pgs=0 cs=0 l=1 rev1=1 crypto rx=0 tx=0 comp rx=0 tx=0).handle_hello peer v2:192.168.123.107:3300/0 says I am v2:192.168.123.107:35696/0 (socket says 192.168.123.107:35696)
2026-03-09T20:42:45.524 INFO:teuthology.orchestra.run.vm07.stdout:/usr/bin/ceph: stderr
2026-03-09T20:42:45.406+0000 7f794e063640 1 -- 192.168.123.107:0/2414565232 learned_addr learned my addr 192.168.123.107:0/2414565232 (peer_addr_for_me v2:192.168.123.107:0/0)
2026-03-09T20:42:45.524 INFO:teuthology.orchestra.run.vm07.stdout:/usr/bin/ceph: stderr
2026-03-09T20:42:45.406+0000 7f794e063640 1 -- 192.168.123.107:0/2414565232 --> [v2:192.168.123.107:3300/0,v1:192.168.123.107:6789/0] -- mon_subscribe({config=0+,monmap=0+}) v3 -- 0x7f79380095d0 con 0x7f79481a24e0
2026-03-09T20:42:45.524 INFO:teuthology.orchestra.run.vm07.stdout:/usr/bin/ceph: stderr
2026-03-09T20:42:45.407+0000 7f794e063640 1 --2- 192.168.123.107:0/2414565232 >> [v2:192.168.123.107:3300/0,v1:192.168.123.107:6789/0] conn(0x7f79481a24e0 0x7f79481a2900 secure :-1 s=READY pgs=87 cs=0 l=1 rev1=1 crypto rx=0x7f793802f450 tx=0x7f79380377b0 comp rx=0 tx=0).ready entity=mon.0 client_cookie=0 server_cookie=0 in_seq=0 out_seq=0
2026-03-09T20:42:45.524 INFO:teuthology.orchestra.run.vm07.stdout:/usr/bin/ceph: stderr
2026-03-09T20:42:45.407+0000 7f79377fe640 1 -- 192.168.123.107:0/2414565232 <== mon.0 v2:192.168.123.107:3300/0 1 ==== mon_map magic: 0 v1 ==== 214+0+0 (secure 0 0 0) 0x7f7938037ad0 con 0x7f79481a24e0
2026-03-09T20:42:45.524 INFO:teuthology.orchestra.run.vm07.stdout:/usr/bin/ceph: stderr
2026-03-09T20:42:45.407+0000 7f79377fe640 1 -- 192.168.123.107:0/2414565232 <== mon.0 v2:192.168.123.107:3300/0 2 ==== config(27 keys) v1 ==== 1108+0+0 (secure 0 0 0) 0x7f793802fe70 con 0x7f79481a24e0
2026-03-09T20:42:45.524 INFO:teuthology.orchestra.run.vm07.stdout:/usr/bin/ceph: stderr
2026-03-09T20:42:45.407+0000 7f79377fe640 1 -- 192.168.123.107:0/2414565232 <== mon.0 v2:192.168.123.107:3300/0 3 ==== mon_map magic: 0 v1 ==== 214+0+0 (secure 0 0 0) 0x7f7938042da0 con 0x7f79481a24e0
2026-03-09T20:42:45.524 INFO:teuthology.orchestra.run.vm07.stdout:/usr/bin/ceph: stderr
2026-03-09T20:42:45.407+0000 7f794f065640 1 -- 192.168.123.107:0/2414565232 --> [v2:192.168.123.107:3300/0,v1:192.168.123.107:6789/0] -- mon_subscribe({mgrmap=0+}) v3 -- 0x7f79481a2e40 con 0x7f79481a24e0
2026-03-09T20:42:45.524 INFO:teuthology.orchestra.run.vm07.stdout:/usr/bin/ceph: stderr
2026-03-09T20:42:45.407+0000 7f794f065640 1 -- 192.168.123.107:0/2414565232 --> [v2:192.168.123.107:3300/0,v1:192.168.123.107:6789/0] -- mon_subscribe({osdmap=0}) v3 -- 0x7f79481a59e0 con 0x7f79481a24e0
2026-03-09T20:42:45.524 INFO:teuthology.orchestra.run.vm07.stdout:/usr/bin/ceph: stderr
2026-03-09T20:42:45.408+0000 7f794f065640 1 -- 192.168.123.107:0/2414565232 --> [v2:192.168.123.107:3300/0,v1:192.168.123.107:6789/0] -- mon_command({"prefix": "get_command_descriptions"} v 0) v1 -- 0x7f7910005350 con 0x7f79481a24e0
2026-03-09T20:42:45.524 INFO:teuthology.orchestra.run.vm07.stdout:/usr/bin/ceph: stderr
2026-03-09T20:42:45.411+0000 7f79377fe640 1 -- 192.168.123.107:0/2414565232 <== mon.0 v2:192.168.123.107:3300/0 4 ==== mgrmap(e 11) v1 ==== 49277+0+0 (secure 0 0 0) 0x7f79380425d0 con 0x7f79481a24e0
2026-03-09T20:42:45.524 INFO:teuthology.orchestra.run.vm07.stdout:/usr/bin/ceph: stderr
2026-03-09T20:42:45.411+0000 7f79377fe640 1 --2- 192.168.123.107:0/2414565232 >> [v2:192.168.123.107:6800/4166937886,v1:192.168.123.107:6801/4166937886] conn(0x7f792003d110 0x7f792003f5d0 unknown :-1 s=NONE pgs=0 cs=0 l=1 rev1=0 crypto rx=0 tx=0 comp rx=0 tx=0).connect
2026-03-09T20:42:45.524 INFO:teuthology.orchestra.run.vm07.stdout:/usr/bin/ceph: stderr
2026-03-09T20:42:45.411+0000 7f79377fe640 1 -- 192.168.123.107:0/2414565232 <== mon.0 v2:192.168.123.107:3300/0 5 ==== osd_map(3..3 src has 1..3) v4 ==== 1155+0+0 (secure 0 0 0) 0x7f7938075ea0 con 0x7f79481a24e0
2026-03-09T20:42:45.524 INFO:teuthology.orchestra.run.vm07.stdout:/usr/bin/ceph: stderr
2026-03-09T20:42:45.411+0000 7f794d862640 1 --2- 192.168.123.107:0/2414565232 >> [v2:192.168.123.107:6800/4166937886,v1:192.168.123.107:6801/4166937886] conn(0x7f792003d110 0x7f792003f5d0 unknown :-1 s=BANNER_CONNECTING pgs=0 cs=0 l=1 rev1=0 crypto rx=0 tx=0 comp rx=0 tx=0)._handle_peer_banner_payload supported=3 required=0
2026-03-09T20:42:45.524 INFO:teuthology.orchestra.run.vm07.stdout:/usr/bin/ceph: stderr
2026-03-09T20:42:45.411+0000 7f794d862640 1 --2- 192.168.123.107:0/2414565232 >> [v2:192.168.123.107:6800/4166937886,v1:192.168.123.107:6801/4166937886] conn(0x7f792003d110 0x7f792003f5d0 secure :-1 s=READY pgs=10 cs=0 l=1 rev1=1 crypto rx=0x7f793c0099c0 tx=0x7f793c006eb0 comp rx=0 tx=0).ready entity=mgr.14162 client_cookie=0 server_cookie=0 in_seq=0 out_seq=0
2026-03-09T20:42:45.524 INFO:teuthology.orchestra.run.vm07.stdout:/usr/bin/ceph: stderr
2026-03-09T20:42:45.412+0000 7f79377fe640 1 -- 192.168.123.107:0/2414565232 <== mon.0 v2:192.168.123.107:3300/0 6 ==== mon_command_ack([{"prefix": "get_command_descriptions"}]=0 v0) v1 ==== 72+0+186382 (secure 0 0 0) 0x7f7938040b20 con 0x7f79481a24e0
2026-03-09T20:42:45.524 INFO:teuthology.orchestra.run.vm07.stdout:/usr/bin/ceph: stderr
2026-03-09T20:42:45.492+0000 7f794f065640 1 -- 192.168.123.107:0/2414565232 --> [v2:192.168.123.107:3300/0,v1:192.168.123.107:6789/0] -- mon_command([{prefix=config set, name=osd_memory_target_autotune}] v 0) v1 -- 0x7f79100058d0 con 0x7f79481a24e0
2026-03-09T20:42:45.524 INFO:teuthology.orchestra.run.vm07.stdout:/usr/bin/ceph: stderr
2026-03-09T20:42:45.493+0000 7f79377fe640 1 -- 192.168.123.107:0/2414565232 <== mon.0 v2:192.168.123.107:3300/0 7 ==== mon_command_ack([{prefix=config set, name=osd_memory_target_autotune}]=0 v8)=0 v8) v1 ==== 127+0+0 (secure 0 0 0) 0x7f7938047030 con 0x7f79481a24e0
2026-03-09T20:42:45.524 INFO:teuthology.orchestra.run.vm07.stdout:/usr/bin/ceph: stderr
2026-03-09T20:42:45.494+0000 7f794f065640 1 -- 192.168.123.107:0/2414565232 >> [v2:192.168.123.107:6800/4166937886,v1:192.168.123.107:6801/4166937886] conn(0x7f792003d110 msgr2=0x7f792003f5d0 secure :-1 s=STATE_CONNECTION_ESTABLISHED l=1).mark_down
2026-03-09T20:42:45.524 INFO:teuthology.orchestra.run.vm07.stdout:/usr/bin/ceph: stderr
2026-03-09T20:42:45.494+0000 7f794f065640 1 --2- 192.168.123.107:0/2414565232 >> [v2:192.168.123.107:6800/4166937886,v1:192.168.123.107:6801/4166937886] conn(0x7f792003d110 0x7f792003f5d0 secure :-1 s=READY pgs=10 cs=0 l=1 rev1=1 crypto rx=0x7f793c0099c0 tx=0x7f793c006eb0 comp rx=0 tx=0).stop
2026-03-09T20:42:45.524 INFO:teuthology.orchestra.run.vm07.stdout:/usr/bin/ceph: stderr
2026-03-09T20:42:45.494+0000 7f794f065640 1 -- 192.168.123.107:0/2414565232 >> [v2:192.168.123.107:3300/0,v1:192.168.123.107:6789/0] conn(0x7f79481a24e0 msgr2=0x7f79481a2900 secure :-1 s=STATE_CONNECTION_ESTABLISHED l=1).mark_down
2026-03-09T20:42:45.524 INFO:teuthology.orchestra.run.vm07.stdout:/usr/bin/ceph: stderr
2026-03-09T20:42:45.494+0000 7f794f065640 1 --2- 192.168.123.107:0/2414565232 >> [v2:192.168.123.107:3300/0,v1:192.168.123.107:6789/0] conn(0x7f79481a24e0 0x7f79481a2900 secure :-1 s=READY pgs=87 cs=0 l=1 rev1=1 crypto rx=0x7f793802f450 tx=0x7f79380377b0 comp rx=0 tx=0).stop
2026-03-09T20:42:45.524 INFO:teuthology.orchestra.run.vm07.stdout:/usr/bin/ceph: stderr
2026-03-09T20:42:45.494+0000 7f794f065640 1 -- 192.168.123.107:0/2414565232 shutdown_connections
2026-03-09T20:42:45.524 INFO:teuthology.orchestra.run.vm07.stdout:/usr/bin/ceph: stderr
2026-03-09T20:42:45.494+0000 7f794f065640 1 --2- 192.168.123.107:0/2414565232 >> [v2:192.168.123.107:6800/4166937886,v1:192.168.123.107:6801/4166937886] conn(0x7f792003d110 0x7f792003f5d0 unknown :-1 s=CLOSED pgs=10 cs=0 l=1 rev1=1 crypto rx=0 tx=0 comp rx=0 tx=0).stop
2026-03-09T20:42:45.524 INFO:teuthology.orchestra.run.vm07.stdout:/usr/bin/ceph: stderr
2026-03-09T20:42:45.494+0000 7f794f065640 1 --2- 192.168.123.107:0/2414565232 >> [v2:192.168.123.107:3300/0,v1:192.168.123.107:6789/0] conn(0x7f79481a24e0 0x7f79481a2900 unknown :-1 s=CLOSED pgs=87 cs=0 l=1 rev1=1 crypto rx=0 tx=0 comp rx=0 tx=0).stop
2026-03-09T20:42:45.524 INFO:teuthology.orchestra.run.vm07.stdout:/usr/bin/ceph: stderr
2026-03-09T20:42:45.494+0000 7f794f065640 1 -- 192.168.123.107:0/2414565232 >> 192.168.123.107:0/2414565232 conn(0x7f79480ff7c0 msgr2=0x7f794810aa90 unknown :-1 s=STATE_NONE l=0).mark_down
2026-03-09T20:42:45.524 INFO:teuthology.orchestra.run.vm07.stdout:/usr/bin/ceph: stderr
2026-03-09T20:42:45.494+0000 7f794f065640 1 -- 192.168.123.107:0/2414565232 shutdown_connections
2026-03-09T20:42:45.524 INFO:teuthology.orchestra.run.vm07.stdout:/usr/bin/ceph: stderr
2026-03-09T20:42:45.494+0000 7f794f065640 1 -- 192.168.123.107:0/2414565232 wait complete.
2026-03-09T20:42:45.812 INFO:teuthology.orchestra.run.vm07.stdout:/usr/bin/ceph: stderr
2026-03-09T20:42:45.627+0000 7f9d4e043640 1 Processor -- start
2026-03-09T20:42:45.812 INFO:teuthology.orchestra.run.vm07.stdout:/usr/bin/ceph: stderr
2026-03-09T20:42:45.628+0000 7f9d4e043640 1 -- start start
2026-03-09T20:42:45.812 INFO:teuthology.orchestra.run.vm07.stdout:/usr/bin/ceph: stderr
2026-03-09T20:42:45.628+0000 7f9d4e043640 1 --2- >> [v2:192.168.123.107:3300/0,v1:192.168.123.107:6789/0] conn(0x7f9d481082f0 0x7f9d481086f0 unknown :-1 s=NONE pgs=0 cs=0 l=0 rev1=0 crypto rx=0 tx=0 comp rx=0 tx=0).connect
2026-03-09T20:42:45.812 INFO:teuthology.orchestra.run.vm07.stdout:/usr/bin/ceph: stderr
2026-03-09T20:42:45.628+0000 7f9d4e043640 1 -- --> [v2:192.168.123.107:3300/0,v1:192.168.123.107:6789/0] -- mon_getmap magic: 0 v1 -- 0x7f9d48108cc0 con 0x7f9d481082f0
2026-03-09T20:42:45.812 INFO:teuthology.orchestra.run.vm07.stdout:/usr/bin/ceph: stderr
2026-03-09T20:42:45.628+0000 7f9d477fe640 1 --2- >> [v2:192.168.123.107:3300/0,v1:192.168.123.107:6789/0] conn(0x7f9d481082f0 0x7f9d481086f0 unknown :-1 s=BANNER_CONNECTING pgs=0 cs=0 l=0 rev1=0 crypto rx=0 tx=0 comp rx=0 tx=0)._handle_peer_banner_payload supported=3 required=0
2026-03-09T20:42:45.812 INFO:teuthology.orchestra.run.vm07.stdout:/usr/bin/ceph: stderr
2026-03-09T20:42:45.628+0000 7f9d477fe640 1 --2- >> [v2:192.168.123.107:3300/0,v1:192.168.123.107:6789/0] conn(0x7f9d481082f0 0x7f9d481086f0 unknown :-1 s=HELLO_CONNECTING pgs=0 cs=0 l=0 rev1=1 crypto rx=0 tx=0 comp rx=0 tx=0).handle_hello peer v2:192.168.123.107:3300/0 says I am v2:192.168.123.107:35708/0 (socket says 192.168.123.107:35708)
2026-03-09T20:42:45.812 INFO:teuthology.orchestra.run.vm07.stdout:/usr/bin/ceph: stderr
2026-03-09T20:42:45.628+0000 7f9d477fe640 1 -- 192.168.123.107:0/4010005622 learned_addr learned my addr 192.168.123.107:0/4010005622 (peer_addr_for_me v2:192.168.123.107:0/0)
2026-03-09T20:42:45.812 INFO:teuthology.orchestra.run.vm07.stdout:/usr/bin/ceph: stderr
2026-03-09T20:42:45.628+0000 7f9d477fe640 1 -- 192.168.123.107:0/4010005622 --> [v2:192.168.123.107:3300/0,v1:192.168.123.107:6789/0] -- mon_subscribe({config=0+,monmap=0+}) v3 -- 0x7f9d481094a0 con 0x7f9d481082f0
2026-03-09T20:42:45.812 INFO:teuthology.orchestra.run.vm07.stdout:/usr/bin/ceph: stderr
2026-03-09T20:42:45.629+0000 7f9d477fe640 1 --2- 192.168.123.107:0/4010005622 >> [v2:192.168.123.107:3300/0,v1:192.168.123.107:6789/0] conn(0x7f9d481082f0 0x7f9d481086f0 secure :-1 s=READY pgs=88 cs=0 l=1 rev1=1 crypto rx=0x7f9d3801c080 tx=0x7f9d38040520 comp rx=0 tx=0).ready entity=mon.0 client_cookie=6b01490616bee3bd server_cookie=0 in_seq=0 out_seq=0
2026-03-09T20:42:45.812 INFO:teuthology.orchestra.run.vm07.stdout:/usr/bin/ceph: stderr
2026-03-09T20:42:45.630+0000 7f9d467fc640 1 -- 192.168.123.107:0/4010005622 <== mon.0 v2:192.168.123.107:3300/0 1 ==== mon_map magic: 0 v1 ==== 214+0+0 (secure 0 0 0) 0x7f9d3801a0d0 con 0x7f9d481082f0
2026-03-09T20:42:45.812 INFO:teuthology.orchestra.run.vm07.stdout:/usr/bin/ceph: stderr
2026-03-09T20:42:45.630+0000 7f9d467fc640 1 -- 192.168.123.107:0/4010005622 <== mon.0 v2:192.168.123.107:3300/0 2 ==== config(27 keys) v1 ==== 1108+0+0 (secure 0 0 0) 0x7f9d38043050 con 0x7f9d481082f0
2026-03-09T20:42:45.812 INFO:teuthology.orchestra.run.vm07.stdout:/usr/bin/ceph: stderr
2026-03-09T20:42:45.630+0000 7f9d4e043640 1 -- 192.168.123.107:0/4010005622 >> [v2:192.168.123.107:3300/0,v1:192.168.123.107:6789/0] conn(0x7f9d481082f0 msgr2=0x7f9d481086f0 secure :-1 s=STATE_CONNECTION_ESTABLISHED l=1).mark_down
2026-03-09T20:42:45.812 INFO:teuthology.orchestra.run.vm07.stdout:/usr/bin/ceph: stderr
2026-03-09T20:42:45.630+0000 7f9d4e043640 1 --2- 192.168.123.107:0/4010005622 >> [v2:192.168.123.107:3300/0,v1:192.168.123.107:6789/0] conn(0x7f9d481082f0 0x7f9d481086f0 secure :-1 s=READY pgs=88 cs=0 l=1 rev1=1 crypto rx=0x7f9d3801c080 tx=0x7f9d38040520 comp rx=0 tx=0).stop
2026-03-09T20:42:45.812 INFO:teuthology.orchestra.run.vm07.stdout:/usr/bin/ceph: stderr
2026-03-09T20:42:45.631+0000 7f9d4e043640 1 -- 192.168.123.107:0/4010005622 shutdown_connections
2026-03-09T20:42:45.812 INFO:teuthology.orchestra.run.vm07.stdout:/usr/bin/ceph: stderr
2026-03-09T20:42:45.631+0000 7f9d4e043640 1 --2- 192.168.123.107:0/4010005622 >> [v2:192.168.123.107:3300/0,v1:192.168.123.107:6789/0] conn(0x7f9d481082f0 0x7f9d481086f0 unknown :-1 s=CLOSED pgs=88 cs=0 l=1 rev1=1 crypto rx=0 tx=0 comp rx=0 tx=0).stop
2026-03-09T20:42:45.812 INFO:teuthology.orchestra.run.vm07.stdout:/usr/bin/ceph: stderr
2026-03-09T20:42:45.631+0000 7f9d4e043640 1 -- 192.168.123.107:0/4010005622 >> 192.168.123.107:0/4010005622 conn(0x7f9d4807ba00 msgr2=0x7f9d481066a0 unknown :-1 s=STATE_NONE l=0).mark_down
2026-03-09T20:42:45.812 INFO:teuthology.orchestra.run.vm07.stdout:/usr/bin/ceph: stderr
2026-03-09T20:42:45.631+0000 7f9d4e043640 1 -- 192.168.123.107:0/4010005622 shutdown_connections
2026-03-09T20:42:45.812 INFO:teuthology.orchestra.run.vm07.stdout:/usr/bin/ceph: stderr
2026-03-09T20:42:45.631+0000 7f9d4e043640 1 -- 192.168.123.107:0/4010005622 wait complete.
2026-03-09T20:42:45.812 INFO:teuthology.orchestra.run.vm07.stdout:/usr/bin/ceph: stderr
2026-03-09T20:42:45.631+0000 7f9d4e043640 1 Processor -- start
2026-03-09T20:42:45.812 INFO:teuthology.orchestra.run.vm07.stdout:/usr/bin/ceph: stderr
2026-03-09T20:42:45.632+0000 7f9d4e043640 1 -- start start
2026-03-09T20:42:45.812 INFO:teuthology.orchestra.run.vm07.stdout:/usr/bin/ceph: stderr
2026-03-09T20:42:45.632+0000 7f9d4e043640 1 --2- >> [v2:192.168.123.107:3300/0,v1:192.168.123.107:6789/0] conn(0x7f9d481082f0 0x7f9d4807fc50 unknown :-1 s=NONE pgs=0 cs=0 l=1 rev1=0 crypto rx=0 tx=0 comp rx=0 tx=0).connect
2026-03-09T20:42:45.812 INFO:teuthology.orchestra.run.vm07.stdout:/usr/bin/ceph: stderr
2026-03-09T20:42:45.632+0000 7f9d4e043640 1 -- --> [v2:192.168.123.107:3300/0,v1:192.168.123.107:6789/0] -- mon_getmap magic: 0 v1 -- 0x7f9d380475a0 con 0x7f9d481082f0
2026-03-09T20:42:45.812 INFO:teuthology.orchestra.run.vm07.stdout:/usr/bin/ceph: stderr
2026-03-09T20:42:45.632+0000 7f9d477fe640 1 --2- >> [v2:192.168.123.107:3300/0,v1:192.168.123.107:6789/0] conn(0x7f9d481082f0 0x7f9d4807fc50 unknown :-1 s=BANNER_CONNECTING pgs=0 cs=0 l=1 rev1=0 crypto rx=0 tx=0 comp rx=0 tx=0)._handle_peer_banner_payload supported=3 required=0
2026-03-09T20:42:45.812 INFO:teuthology.orchestra.run.vm07.stdout:/usr/bin/ceph: stderr
2026-03-09T20:42:45.632+0000 7f9d477fe640 1 --2- >> [v2:192.168.123.107:3300/0,v1:192.168.123.107:6789/0] conn(0x7f9d481082f0 0x7f9d4807fc50 unknown :-1 s=HELLO_CONNECTING pgs=0 cs=0 l=1 rev1=1 crypto rx=0 tx=0 comp rx=0 tx=0).handle_hello peer v2:192.168.123.107:3300/0 says I am v2:192.168.123.107:35718/0 (socket says 192.168.123.107:35718)
2026-03-09T20:42:45.812 INFO:teuthology.orchestra.run.vm07.stdout:/usr/bin/ceph: stderr
2026-03-09T20:42:45.632+0000 7f9d477fe640 1 -- 192.168.123.107:0/2131985982 learned_addr learned my addr 192.168.123.107:0/2131985982 (peer_addr_for_me v2:192.168.123.107:0/0)
2026-03-09T20:42:45.812 INFO:teuthology.orchestra.run.vm07.stdout:/usr/bin/ceph: stderr
2026-03-09T20:42:45.633+0000 7f9d477fe640 1 -- 192.168.123.107:0/2131985982 --> [v2:192.168.123.107:3300/0,v1:192.168.123.107:6789/0] -- mon_subscribe({config=0+,monmap=0+}) v3 -- 0x7f9d3801aa70 con 0x7f9d481082f0
2026-03-09T20:42:45.812 INFO:teuthology.orchestra.run.vm07.stdout:/usr/bin/ceph: stderr
2026-03-09T20:42:45.633+0000 7f9d477fe640 1 --2- 192.168.123.107:0/2131985982 >> [v2:192.168.123.107:3300/0,v1:192.168.123.107:6789/0] conn(0x7f9d481082f0 0x7f9d4807fc50 secure :-1 s=READY pgs=89 cs=0 l=1 rev1=1 crypto rx=0x7f9d38040a50 tx=0x7f9d38004270 comp rx=0 tx=0).ready entity=mon.0 client_cookie=0 server_cookie=0 in_seq=0 out_seq=0
2026-03-09T20:42:45.812 INFO:teuthology.orchestra.run.vm07.stdout:/usr/bin/ceph: stderr
2026-03-09T20:42:45.634+0000 7f9d44ff9640 1 -- 192.168.123.107:0/2131985982 <== mon.0 v2:192.168.123.107:3300/0 1 ==== mon_map magic: 0 v1 ==== 214+0+0 (secure 0 0 0) 0x7f9d38004450 con 0x7f9d481082f0
2026-03-09T20:42:45.812 INFO:teuthology.orchestra.run.vm07.stdout:/usr/bin/ceph: stderr
2026-03-09T20:42:45.634+0000 7f9d44ff9640 1 -- 192.168.123.107:0/2131985982 <== mon.0 v2:192.168.123.107:3300/0 2 ==== config(27 keys) v1 ==== 1108+0+0 (secure 0 0 0) 0x7f9d380045b0 con 0x7f9d481082f0
2026-03-09T20:42:45.812 INFO:teuthology.orchestra.run.vm07.stdout:/usr/bin/ceph: stderr
2026-03-09T20:42:45.634+0000 7f9d44ff9640 1 -- 192.168.123.107:0/2131985982 <== mon.0 v2:192.168.123.107:3300/0 3 ==== mon_map magic: 0 v1 ==== 214+0+0 (secure 0 0 0) 0x7f9d38018c20 con 0x7f9d481082f0
2026-03-09T20:42:45.812 INFO:teuthology.orchestra.run.vm07.stdout:/usr/bin/ceph: stderr
2026-03-09T20:42:45.634+0000 7f9d4e043640 1 -- 192.168.123.107:0/2131985982 --> [v2:192.168.123.107:3300/0,v1:192.168.123.107:6789/0] -- mon_subscribe({mgrmap=0+}) v3 -- 0x7f9d48080190 con 0x7f9d481082f0
2026-03-09T20:42:45.812 INFO:teuthology.orchestra.run.vm07.stdout:/usr/bin/ceph: stderr
2026-03-09T20:42:45.634+0000 7f9d4e043640 1 -- 192.168.123.107:0/2131985982 --> [v2:192.168.123.107:3300/0,v1:192.168.123.107:6789/0] -- mon_subscribe({osdmap=0}) v3 -- 0x7f9d48080690 con 0x7f9d481082f0
2026-03-09T20:42:45.812 INFO:teuthology.orchestra.run.vm07.stdout:/usr/bin/ceph: stderr
2026-03-09T20:42:45.635+0000 7f9d44ff9640 1 -- 192.168.123.107:0/2131985982 <== mon.0 v2:192.168.123.107:3300/0 4 ==== mgrmap(e 11) v1 ==== 49277+0+0 (secure 0 0 0) 0x7f9d38003710 con 0x7f9d481082f0
2026-03-09T20:42:45.812 INFO:teuthology.orchestra.run.vm07.stdout:/usr/bin/ceph: stderr
2026-03-09T20:42:45.635+0000 7f9d44ff9640 1 --2- 192.168.123.107:0/2131985982 >> [v2:192.168.123.107:6800/4166937886,v1:192.168.123.107:6801/4166937886] conn(0x7f9d1c03cda0 0x7f9d1c03f260 unknown :-1 s=NONE pgs=0 cs=0 l=1 rev1=0 crypto rx=0 tx=0 comp rx=0 tx=0).connect
2026-03-09T20:42:45.812 INFO:teuthology.orchestra.run.vm07.stdout:/usr/bin/ceph: stderr
2026-03-09T20:42:45.635+0000 7f9d46ffd640 1 --2- 192.168.123.107:0/2131985982 >> [v2:192.168.123.107:6800/4166937886,v1:192.168.123.107:6801/4166937886] conn(0x7f9d1c03cda0 0x7f9d1c03f260 unknown :-1 s=BANNER_CONNECTING pgs=0 cs=0 l=1 rev1=0 crypto rx=0 tx=0 comp rx=0 tx=0)._handle_peer_banner_payload supported=3 required=0
2026-03-09T20:42:45.812 INFO:teuthology.orchestra.run.vm07.stdout:/usr/bin/ceph: stderr
2026-03-09T20:42:45.635+0000 7f9d44ff9640 1 -- 192.168.123.107:0/2131985982 <== mon.0 v2:192.168.123.107:3300/0 5 ==== osd_map(3..3 src has 1..3) v4 ==== 1155+0+0 (secure 0 0 0) 0x7f9d380457a0 con 0x7f9d481082f0
2026-03-09T20:42:45.812 INFO:teuthology.orchestra.run.vm07.stdout:/usr/bin/ceph: stderr
2026-03-09T20:42:45.635+0000 7f9d4e043640 1 -- 192.168.123.107:0/2131985982 --> [v2:192.168.123.107:3300/0,v1:192.168.123.107:6789/0] -- mon_command({"prefix": "get_command_descriptions"} v 0) v1 -- 0x7f9d481086f0 con 0x7f9d481082f0
2026-03-09T20:42:45.812 INFO:teuthology.orchestra.run.vm07.stdout:/usr/bin/ceph: stderr
2026-03-09T20:42:45.637+0000 7f9d46ffd640 1 --2- 192.168.123.107:0/2131985982 >> [v2:192.168.123.107:6800/4166937886,v1:192.168.123.107:6801/4166937886] conn(0x7f9d1c03cda0 0x7f9d1c03f260 secure :-1 s=READY pgs=11 cs=0 l=1 rev1=1 crypto rx=0x7f9d340099c0 tx=0x7f9d34006eb0 comp rx=0 tx=0).ready entity=mgr.14162 client_cookie=0 server_cookie=0 in_seq=0 out_seq=0
2026-03-09T20:42:45.812 INFO:teuthology.orchestra.run.vm07.stdout:/usr/bin/ceph: stderr
2026-03-09T20:42:45.638+0000 7f9d44ff9640 1 -- 192.168.123.107:0/2131985982 <== mon.0 v2:192.168.123.107:3300/0 6 ==== mon_command_ack([{"prefix": "get_command_descriptions"}]=0 v0) v1 ==== 72+0+186382 (secure 0 0 0) 0x7f9d3804c080 con 0x7f9d481082f0
2026-03-09T20:42:45.812 INFO:teuthology.orchestra.run.vm07.stdout:/usr/bin/ceph: stderr
2026-03-09T20:42:45.763+0000 7f9d4e043640 1 -- 192.168.123.107:0/2131985982 --> [v2:192.168.123.107:3300/0,v1:192.168.123.107:6789/0] -- mon_command([{prefix=config-key set, key=mgr/dashboard/cluster/status}] v 0) v1 -- 0x7f9d4806a990 con 0x7f9d481082f0
2026-03-09T20:42:45.812 INFO:teuthology.orchestra.run.vm07.stdout:/usr/bin/ceph: stderr
2026-03-09T20:42:45.765+0000 7f9d44ff9640 1 -- 192.168.123.107:0/2131985982 <== mon.0 v2:192.168.123.107:3300/0 7 ==== mon_command_ack([{prefix=config-key set, key=mgr/dashboard/cluster/status}]=0 set mgr/dashboard/cluster/status v34)=0 set mgr/dashboard/cluster/status v34) v1 ==== 153+0+0 (secure 0 0 0) 0x7f9d38057030 con 0x7f9d481082f0
2026-03-09T20:42:45.812 INFO:teuthology.orchestra.run.vm07.stdout:/usr/bin/ceph: stderr set mgr/dashboard/cluster/status
2026-03-09T20:42:45.812 INFO:teuthology.orchestra.run.vm07.stdout:/usr/bin/ceph: stderr
2026-03-09T20:42:45.767+0000 7f9d4e043640 1 -- 192.168.123.107:0/2131985982 >> [v2:192.168.123.107:6800/4166937886,v1:192.168.123.107:6801/4166937886] conn(0x7f9d1c03cda0 msgr2=0x7f9d1c03f260 secure :-1 s=STATE_CONNECTION_ESTABLISHED l=1).mark_down
2026-03-09T20:42:45.812 INFO:teuthology.orchestra.run.vm07.stdout:/usr/bin/ceph: stderr
2026-03-09T20:42:45.767+0000 7f9d4e043640 1 --2- 192.168.123.107:0/2131985982 >> [v2:192.168.123.107:6800/4166937886,v1:192.168.123.107:6801/4166937886] conn(0x7f9d1c03cda0 0x7f9d1c03f260 secure :-1 s=READY pgs=11 cs=0 l=1 rev1=1 crypto rx=0x7f9d340099c0 tx=0x7f9d34006eb0 comp rx=0 tx=0).stop
2026-03-09T20:42:45.812 INFO:teuthology.orchestra.run.vm07.stdout:/usr/bin/ceph: stderr
2026-03-09T20:42:45.767+0000 7f9d4e043640 1 -- 192.168.123.107:0/2131985982 >> [v2:192.168.123.107:3300/0,v1:192.168.123.107:6789/0] conn(0x7f9d481082f0 msgr2=0x7f9d4807fc50 secure :-1 s=STATE_CONNECTION_ESTABLISHED l=1).mark_down
2026-03-09T20:42:45.812 INFO:teuthology.orchestra.run.vm07.stdout:/usr/bin/ceph: stderr
2026-03-09T20:42:45.767+0000 7f9d4e043640 1 --2- 192.168.123.107:0/2131985982 >> [v2:192.168.123.107:3300/0,v1:192.168.123.107:6789/0] conn(0x7f9d481082f0 0x7f9d4807fc50 secure :-1 s=READY pgs=89 cs=0 l=1 rev1=1 crypto rx=0x7f9d38040a50 tx=0x7f9d38004270 comp rx=0 tx=0).stop
2026-03-09T20:42:45.812 INFO:teuthology.orchestra.run.vm07.stdout:/usr/bin/ceph: stderr
2026-03-09T20:42:45.768+0000 7f9d4e043640 1 -- 192.168.123.107:0/2131985982 shutdown_connections
2026-03-09T20:42:45.812 INFO:teuthology.orchestra.run.vm07.stdout:/usr/bin/ceph: stderr
2026-03-09T20:42:45.768+0000 7f9d4e043640 1 --2- 192.168.123.107:0/2131985982 >> [v2:192.168.123.107:6800/4166937886,v1:192.168.123.107:6801/4166937886] conn(0x7f9d1c03cda0 0x7f9d1c03f260 unknown :-1 s=CLOSED pgs=11 cs=0 l=1 rev1=1 crypto rx=0 tx=0 comp rx=0 tx=0).stop
2026-03-09T20:42:45.812 INFO:teuthology.orchestra.run.vm07.stdout:/usr/bin/ceph: stderr
2026-03-09T20:42:45.768+0000 7f9d4e043640 1 --2- 192.168.123.107:0/2131985982 >> [v2:192.168.123.107:3300/0,v1:192.168.123.107:6789/0] conn(0x7f9d481082f0 0x7f9d4807fc50 unknown :-1 s=CLOSED pgs=89 cs=0 l=1 rev1=1 crypto rx=0 tx=0 comp rx=0 tx=0).stop
2026-03-09T20:42:45.812 INFO:teuthology.orchestra.run.vm07.stdout:/usr/bin/ceph: stderr
2026-03-09T20:42:45.768+0000 7f9d4e043640 1 -- 192.168.123.107:0/2131985982 >> 192.168.123.107:0/2131985982 conn(0x7f9d4807ba00 msgr2=0x7f9d4806bb90 unknown :-1 s=STATE_NONE l=0).mark_down
2026-03-09T20:42:45.812 INFO:teuthology.orchestra.run.vm07.stdout:/usr/bin/ceph: stderr
2026-03-09T20:42:45.768+0000 7f9d4e043640 1 -- 192.168.123.107:0/2131985982 shutdown_connections
2026-03-09T20:42:45.813 INFO:teuthology.orchestra.run.vm07.stdout:/usr/bin/ceph: stderr
2026-03-09T20:42:45.768+0000 7f9d4e043640 1 -- 192.168.123.107:0/2131985982 wait complete.
2026-03-09T20:42:45.813 INFO:teuthology.orchestra.run.vm07.stdout:You can access the Ceph CLI as following in case of multi-cluster or non-default config:
2026-03-09T20:42:45.813 INFO:teuthology.orchestra.run.vm07.stdout:
2026-03-09T20:42:45.813 INFO:teuthology.orchestra.run.vm07.stdout: sudo /home/ubuntu/cephtest/cephadm shell --fsid 589eab88-1bf8-11f1-9e50-71f3ab1833c4 -c /etc/ceph/ceph.conf -k /etc/ceph/ceph.client.admin.keyring
2026-03-09T20:42:45.813 INFO:teuthology.orchestra.run.vm07.stdout:
2026-03-09T20:42:45.813 INFO:teuthology.orchestra.run.vm07.stdout:Or, if you are only running a single cluster on this host:
2026-03-09T20:42:45.813 INFO:teuthology.orchestra.run.vm07.stdout:
2026-03-09T20:42:45.813 INFO:teuthology.orchestra.run.vm07.stdout: sudo /home/ubuntu/cephtest/cephadm shell
2026-03-09T20:42:45.813 INFO:teuthology.orchestra.run.vm07.stdout:
2026-03-09T20:42:45.813 INFO:teuthology.orchestra.run.vm07.stdout:Please consider enabling telemetry to help improve Ceph:
2026-03-09T20:42:45.813 INFO:teuthology.orchestra.run.vm07.stdout:
2026-03-09T20:42:45.813 INFO:teuthology.orchestra.run.vm07.stdout: ceph telemetry on
2026-03-09T20:42:45.813 INFO:teuthology.orchestra.run.vm07.stdout:
2026-03-09T20:42:45.813 INFO:teuthology.orchestra.run.vm07.stdout:For more information see:
2026-03-09T20:42:45.813 INFO:teuthology.orchestra.run.vm07.stdout:
2026-03-09T20:42:45.813 INFO:teuthology.orchestra.run.vm07.stdout: https://docs.ceph.com/en/latest/mgr/telemetry/
2026-03-09T20:42:45.813 INFO:teuthology.orchestra.run.vm07.stdout:
2026-03-09T20:42:45.813 INFO:teuthology.orchestra.run.vm07.stdout:Bootstrap complete.
2026-03-09T20:42:45.835 INFO:tasks.cephadm:Fetching config...
2026-03-09T20:42:45.835 DEBUG:teuthology.orchestra.run.vm07:> set -ex
2026-03-09T20:42:45.835 DEBUG:teuthology.orchestra.run.vm07:> dd if=/etc/ceph/ceph.conf of=/dev/stdout
2026-03-09T20:42:45.901 INFO:tasks.cephadm:Fetching client.admin keyring...
2026-03-09T20:42:45.902 DEBUG:teuthology.orchestra.run.vm07:> set -ex
2026-03-09T20:42:45.902 DEBUG:teuthology.orchestra.run.vm07:> dd if=/etc/ceph/ceph.client.admin.keyring of=/dev/stdout
2026-03-09T20:42:45.960 INFO:tasks.cephadm:Fetching mon keyring...
2026-03-09T20:42:45.960 DEBUG:teuthology.orchestra.run.vm07:> set -ex
2026-03-09T20:42:45.960 DEBUG:teuthology.orchestra.run.vm07:> sudo dd if=/var/lib/ceph/589eab88-1bf8-11f1-9e50-71f3ab1833c4/mon.vm07/keyring of=/dev/stdout
2026-03-09T20:42:46.031 INFO:tasks.cephadm:Fetching pub ssh key...
2026-03-09T20:42:46.031 DEBUG:teuthology.orchestra.run.vm07:> set -ex
2026-03-09T20:42:46.031 DEBUG:teuthology.orchestra.run.vm07:> dd if=/home/ubuntu/cephtest/ceph.pub of=/dev/stdout
2026-03-09T20:42:46.088 INFO:tasks.cephadm:Installing pub ssh key for root users...
2026-03-09T20:42:46.088 DEBUG:teuthology.orchestra.run.vm07:> sudo install -d -m 0700 /root/.ssh && echo 'ssh-ed25519 AAAAC3NzaC1lZDI1NTE5AAAAIGfYmEKNabqXZiYSz8H+ttKMu4TpiT6S79bXNujHfYYB ceph-589eab88-1bf8-11f1-9e50-71f3ab1833c4' | sudo tee -a /root/.ssh/authorized_keys && sudo chmod 0600 /root/.ssh/authorized_keys
2026-03-09T20:42:46.154 INFO:journalctl@ceph.mon.vm07.vm07.stdout:Mar 09 20:42:46 vm07 ceph-mon[49120]: from='client.14174 -' entity='client.admin' cmd=[{"prefix": "dashboard create-self-signed-cert", "target": ["mon-mgr", ""]}]: dispatch
2026-03-09T20:42:46.155 INFO:journalctl@ceph.mon.vm07.vm07.stdout:Mar 09 20:42:46 vm07 ceph-mon[49120]: from='client.14176 -' entity='client.admin' cmd=[{"prefix": "dashboard ac-user-create", "username": "admin", "rolename": "administrator", "force_password": true, "pwd_update_required": true, "target": ["mon-mgr", ""]}]: dispatch
2026-03-09T20:42:46.155 INFO:journalctl@ceph.mon.vm07.vm07.stdout:Mar 09 20:42:46 vm07 ceph-mon[49120]: from='mgr.14162 192.168.123.107:0/3677725133' entity='mgr.vm07.xjrvch'
2026-03-09T20:42:46.155 INFO:journalctl@ceph.mon.vm07.vm07.stdout:Mar 09 20:42:46 vm07 ceph-mon[49120]: from='client.? 192.168.123.107:0/3468910642' entity='client.admin' cmd=[{"prefix": "config get", "who": "mgr", "key": "mgr/dashboard/ssl_server_port"}]: dispatch
2026-03-09T20:42:46.155 INFO:journalctl@ceph.mon.vm07.vm07.stdout:Mar 09 20:42:46 vm07 ceph-mon[49120]: from='client.? 192.168.123.107:0/2131985982' entity='client.admin'
2026-03-09T20:42:46.166 INFO:teuthology.orchestra.run.vm07.stdout:ssh-ed25519 AAAAC3NzaC1lZDI1NTE5AAAAIGfYmEKNabqXZiYSz8H+ttKMu4TpiT6S79bXNujHfYYB ceph-589eab88-1bf8-11f1-9e50-71f3ab1833c4
2026-03-09T20:42:46.181 DEBUG:teuthology.orchestra.run.vm10:> sudo install -d -m 0700 /root/.ssh && echo 'ssh-ed25519 AAAAC3NzaC1lZDI1NTE5AAAAIGfYmEKNabqXZiYSz8H+ttKMu4TpiT6S79bXNujHfYYB ceph-589eab88-1bf8-11f1-9e50-71f3ab1833c4' | sudo tee -a /root/.ssh/authorized_keys && sudo chmod 0600 /root/.ssh/authorized_keys
2026-03-09T20:42:46.220 INFO:teuthology.orchestra.run.vm10.stdout:ssh-ed25519 AAAAC3NzaC1lZDI1NTE5AAAAIGfYmEKNabqXZiYSz8H+ttKMu4TpiT6S79bXNujHfYYB ceph-589eab88-1bf8-11f1-9e50-71f3ab1833c4
2026-03-09T20:42:46.231 DEBUG:teuthology.orchestra.run.vm07:> sudo /home/ubuntu/cephtest/cephadm --image quay.ceph.io/ceph-ci/ceph:reef shell -c /etc/ceph/ceph.conf -k /etc/ceph/ceph.client.admin.keyring --fsid 589eab88-1bf8-11f1-9e50-71f3ab1833c4 -- ceph config set mgr mgr/cephadm/allow_ptrace true
2026-03-09T20:42:46.435 INFO:teuthology.orchestra.run.vm07.stderr:Inferring config /var/lib/ceph/589eab88-1bf8-11f1-9e50-71f3ab1833c4/mon.vm07/config
2026-03-09T20:42:46.887 INFO:teuthology.orchestra.run.vm07.stderr:2026-03-09T20:42:46.886+0000 7faa990ee640 1 -- 192.168.123.107:0/2388308783 >> [v2:192.168.123.107:3300/0,v1:192.168.123.107:6789/0] conn(0x7faa9410ae60 msgr2=0x7faa9410b260 secure :-1 s=STATE_CONNECTION_ESTABLISHED l=1).mark_down
2026-03-09T20:42:46.887 INFO:teuthology.orchestra.run.vm07.stderr:2026-03-09T20:42:46.886+0000 7faa990ee640 1 --2- 192.168.123.107:0/2388308783 >> [v2:192.168.123.107:3300/0,v1:192.168.123.107:6789/0] conn(0x7faa9410ae60 0x7faa9410b260 secure :-1 s=READY pgs=90 cs=0 l=1 rev1=1 crypto rx=0x7faa80009a00 tx=0x7faa8002f310 comp rx=0 tx=0).stop
2026-03-09T20:42:46.887 INFO:teuthology.orchestra.run.vm07.stderr:2026-03-09T20:42:46.887+0000 7faa990ee640 1 -- 192.168.123.107:0/2388308783 shutdown_connections
2026-03-09T20:42:46.887 INFO:teuthology.orchestra.run.vm07.stderr:2026-03-09T20:42:46.887+0000 7faa990ee640 1 --2- 192.168.123.107:0/2388308783 >> [v2:192.168.123.107:3300/0,v1:192.168.123.107:6789/0] conn(0x7faa9410ae60 0x7faa9410b260 unknown :-1 s=CLOSED pgs=90 cs=0 l=1 rev1=1 crypto rx=0 tx=0 comp rx=0 tx=0).stop
2026-03-09T20:42:46.887 INFO:teuthology.orchestra.run.vm07.stderr:2026-03-09T20:42:46.887+0000 7faa990ee640 1 -- 192.168.123.107:0/2388308783 >> 192.168.123.107:0/2388308783 conn(0x7faa94069cd0 msgr2=0x7faa9406a0e0 unknown :-1 s=STATE_NONE l=0).mark_down
2026-03-09T20:42:46.887 INFO:teuthology.orchestra.run.vm07.stderr:2026-03-09T20:42:46.888+0000 7faa990ee640 1 -- 192.168.123.107:0/2388308783 shutdown_connections
2026-03-09T20:42:46.888 INFO:teuthology.orchestra.run.vm07.stderr:2026-03-09T20:42:46.888+0000 7faa990ee640 1 -- 192.168.123.107:0/2388308783 wait complete.
2026-03-09T20:42:46.888 INFO:teuthology.orchestra.run.vm07.stderr:2026-03-09T20:42:46.888+0000 7faa990ee640 1 Processor -- start
2026-03-09T20:42:46.888 INFO:teuthology.orchestra.run.vm07.stderr:2026-03-09T20:42:46.888+0000 7faa990ee640 1 -- start start
2026-03-09T20:42:46.888 INFO:teuthology.orchestra.run.vm07.stderr:2026-03-09T20:42:46.888+0000 7faa990ee640 1 --2- >> [v2:192.168.123.107:3300/0,v1:192.168.123.107:6789/0] conn(0x7faa9410ae60 0x7faa941a66a0 unknown :-1 s=NONE pgs=0 cs=0 l=1 rev1=0 crypto rx=0 tx=0 comp rx=0 tx=0).connect
2026-03-09T20:42:46.888 INFO:teuthology.orchestra.run.vm07.stderr:2026-03-09T20:42:46.888+0000 7faa990ee640 1 -- --> [v2:192.168.123.107:3300/0,v1:192.168.123.107:6789/0] -- mon_getmap magic: 0 v1 -- 0x7faa941a6be0 con 0x7faa9410ae60
2026-03-09T20:42:46.888 INFO:teuthology.orchestra.run.vm07.stderr:2026-03-09T20:42:46.888+0000 7faa93fff640 1 --2- >> [v2:192.168.123.107:3300/0,v1:192.168.123.107:6789/0] conn(0x7faa9410ae60 0x7faa941a66a0 unknown :-1 s=BANNER_CONNECTING pgs=0 cs=0 l=1 rev1=0 crypto rx=0 tx=0 comp rx=0 tx=0)._handle_peer_banner_payload supported=3 required=0
2026-03-09T20:42:46.889 INFO:teuthology.orchestra.run.vm07.stderr:2026-03-09T20:42:46.889+0000 7faa93fff640 1 --2- >> [v2:192.168.123.107:3300/0,v1:192.168.123.107:6789/0] conn(0x7faa9410ae60 0x7faa941a66a0 unknown :-1 s=HELLO_CONNECTING pgs=0 cs=0 l=1 rev1=1 crypto rx=0 tx=0 comp rx=0 tx=0).handle_hello peer v2:192.168.123.107:3300/0 says I am v2:192.168.123.107:35738/0 (socket says 192.168.123.107:35738)
2026-03-09T20:42:46.889 INFO:teuthology.orchestra.run.vm07.stderr:2026-03-09T20:42:46.889+0000 7faa93fff640 1 -- 192.168.123.107:0/457686174 learned_addr learned my addr 192.168.123.107:0/457686174 (peer_addr_for_me v2:192.168.123.107:0/0)
2026-03-09T20:42:46.889 INFO:teuthology.orchestra.run.vm07.stderr:2026-03-09T20:42:46.889+0000 7faa93fff640 1 -- 192.168.123.107:0/457686174 --> [v2:192.168.123.107:3300/0,v1:192.168.123.107:6789/0] -- mon_subscribe({config=0+,monmap=0+}) v3 -- 0x7faa80009660 con 0x7faa9410ae60
2026-03-09T20:42:46.889 INFO:teuthology.orchestra.run.vm07.stderr:2026-03-09T20:42:46.889+0000 7faa93fff640 1 --2- 192.168.123.107:0/457686174 >> [v2:192.168.123.107:3300/0,v1:192.168.123.107:6789/0] conn(0x7faa9410ae60 0x7faa941a66a0 secure :-1 s=READY pgs=91 cs=0 l=1 rev1=1 crypto rx=0x7faa80002cf0 tx=0x7faa80004290 comp rx=0 tx=0).ready entity=mon.0 client_cookie=0 server_cookie=0 in_seq=0 out_seq=0
2026-03-09T20:42:46.889 INFO:teuthology.orchestra.run.vm07.stderr:2026-03-09T20:42:46.890+0000 7faa917fa640 1 -- 192.168.123.107:0/457686174 <== mon.0 v2:192.168.123.107:3300/0 1 ==== mon_map magic: 0 v1 ==== 214+0+0 (secure 0 0 0) 0x7faa80004330 con 0x7faa9410ae60
2026-03-09T20:42:46.890 INFO:teuthology.orchestra.run.vm07.stderr:2026-03-09T20:42:46.890+0000 7faa917fa640 1 -- 192.168.123.107:0/457686174 <== mon.0 v2:192.168.123.107:3300/0 2 ==== config(27 keys) v1 ==== 1108+0+0 (secure 0 0 0) 0x7faa80038bf0 con 0x7faa9410ae60
2026-03-09T20:42:46.890 INFO:teuthology.orchestra.run.vm07.stderr:2026-03-09T20:42:46.890+0000 7faa990ee640 1 -- 192.168.123.107:0/457686174 --> [v2:192.168.123.107:3300/0,v1:192.168.123.107:6789/0] -- mon_subscribe({mgrmap=0+}) v3 -- 0x7faa941a6de0 con 0x7faa9410ae60
2026-03-09T20:42:46.890 INFO:teuthology.orchestra.run.vm07.stderr:2026-03-09T20:42:46.890+0000 7faa990ee640 1 -- 192.168.123.107:0/457686174 --> [v2:192.168.123.107:3300/0,v1:192.168.123.107:6789/0] -- mon_subscribe({osdmap=0}) v3 -- 0x7faa941a72e0 con 0x7faa9410ae60
2026-03-09T20:42:46.893 INFO:teuthology.orchestra.run.vm07.stderr:2026-03-09T20:42:46.890+0000 7faa990ee640 1 -- 192.168.123.107:0/457686174 --> [v2:192.168.123.107:3300/0,v1:192.168.123.107:6789/0] -- mon_command({"prefix": "get_command_descriptions"} v 0) v1 -- 0x7faa9410b2e0 con 0x7faa9410ae60
2026-03-09T20:42:46.893 INFO:teuthology.orchestra.run.vm07.stderr:2026-03-09T20:42:46.891+0000 7faa917fa640 1 -- 192.168.123.107:0/457686174 <== mon.0 v2:192.168.123.107:3300/0 3 ==== mon_map magic: 0 v1 ==== 214+0+0 (secure 0 0 0) 0x7faa80040a50 con 0x7faa9410ae60
2026-03-09T20:42:46.893 INFO:teuthology.orchestra.run.vm07.stderr:2026-03-09T20:42:46.891+0000 7faa917fa640 1 -- 192.168.123.107:0/457686174 <== mon.0 v2:192.168.123.107:3300/0 4 ==== mgrmap(e 12) v1 ==== 49383+0+0 (secure 0 0 0) 0x7faa8003f070 con 0x7faa9410ae60
2026-03-09T20:42:46.893 INFO:teuthology.orchestra.run.vm07.stderr:2026-03-09T20:42:46.891+0000 7faa917fa640 1 --2- 192.168.123.107:0/457686174 >> [v2:192.168.123.107:6800/4166937886,v1:192.168.123.107:6801/4166937886] conn(0x7faa6003cf60 0x7faa6003f420 unknown :-1 s=NONE pgs=0 cs=0 l=1 rev1=0 crypto rx=0 tx=0 comp rx=0 tx=0).connect
2026-03-09T20:42:46.893 INFO:teuthology.orchestra.run.vm07.stderr:2026-03-09T20:42:46.891+0000 7faa917fa640 1 -- 192.168.123.107:0/457686174 <== mon.0 v2:192.168.123.107:3300/0 5 ==== osd_map(3..3 src has 1..3) v4 ==== 1155+0+0 (secure 0 0 0) 0x7faa80077660 con 0x7faa9410ae60
2026-03-09T20:42:46.893 INFO:teuthology.orchestra.run.vm07.stderr:2026-03-09T20:42:46.891+0000 7faa937fe640 1 --2- 192.168.123.107:0/457686174 >> [v2:192.168.123.107:6800/4166937886,v1:192.168.123.107:6801/4166937886] conn(0x7faa6003cf60 0x7faa6003f420 unknown :-1 s=BANNER_CONNECTING pgs=0 cs=0 l=1 rev1=0 crypto rx=0 tx=0 comp rx=0 tx=0)._handle_peer_banner_payload supported=3 required=0
2026-03-09T20:42:46.893 INFO:teuthology.orchestra.run.vm07.stderr:2026-03-09T20:42:46.892+0000 7faa937fe640 1 --2- 192.168.123.107:0/457686174 >> [v2:192.168.123.107:6800/4166937886,v1:192.168.123.107:6801/4166937886] conn(0x7faa6003cf60 0x7faa6003f420 secure :-1 s=READY pgs=12 cs=0 l=1 rev1=1 crypto rx=0x7faa840099c0 tx=0x7faa84006eb0 comp rx=0 tx=0).ready entity=mgr.14162 client_cookie=0 server_cookie=0 in_seq=0 out_seq=0
2026-03-09T20:42:46.894 INFO:teuthology.orchestra.run.vm07.stderr:2026-03-09T20:42:46.894+0000 7faa917fa640 1 -- 192.168.123.107:0/457686174 <== mon.0 v2:192.168.123.107:3300/0 6 ==== mon_command_ack([{"prefix": "get_command_descriptions"}]=0 v0) v1 ==== 72+0+186382 (secure 0 0 0) 0x7faa80048590 con 0x7faa9410ae60
2026-03-09T20:42:46.994 INFO:teuthology.orchestra.run.vm07.stderr:2026-03-09T20:42:46.993+0000 7faa990ee640 1 -- 192.168.123.107:0/457686174 --> [v2:192.168.123.107:3300/0,v1:192.168.123.107:6789/0] -- mon_command([{prefix=config set, name=mgr/cephadm/allow_ptrace}] v 0) v1 -- 0x7faa94110c50 con 0x7faa9410ae60
2026-03-09T20:42:46.996 INFO:teuthology.orchestra.run.vm07.stderr:2026-03-09T20:42:46.996+0000 7faa917fa640 1 -- 192.168.123.107:0/457686174 <== mon.0 v2:192.168.123.107:3300/0 7 ==== mon_command_ack([{prefix=config set, name=mgr/cephadm/allow_ptrace}]=0 v9)=0 v9) v1 ==== 125+0+0 (secure 0 0 0) 0x7faa8003d030 con 0x7faa9410ae60
2026-03-09T20:42:47.001 INFO:teuthology.orchestra.run.vm07.stderr:2026-03-09T20:42:47.001+0000 7faa990ee640 1 -- 192.168.123.107:0/457686174 >> [v2:192.168.123.107:6800/4166937886,v1:192.168.123.107:6801/4166937886] conn(0x7faa6003cf60 msgr2=0x7faa6003f420 secure :-1 s=STATE_CONNECTION_ESTABLISHED l=1).mark_down
2026-03-09T20:42:47.001 INFO:teuthology.orchestra.run.vm07.stderr:2026-03-09T20:42:47.001+0000 7faa990ee640 1 --2- 192.168.123.107:0/457686174 >> [v2:192.168.123.107:6800/4166937886,v1:192.168.123.107:6801/4166937886] conn(0x7faa6003cf60 0x7faa6003f420 secure :-1 s=READY pgs=12 cs=0 l=1 rev1=1 crypto rx=0x7faa840099c0 tx=0x7faa84006eb0 comp rx=0 tx=0).stop
2026-03-09T20:42:47.001 INFO:teuthology.orchestra.run.vm07.stderr:2026-03-09T20:42:47.001+0000 7faa990ee640 1 -- 192.168.123.107:0/457686174 >> [v2:192.168.123.107:3300/0,v1:192.168.123.107:6789/0] conn(0x7faa9410ae60 msgr2=0x7faa941a66a0 secure :-1 s=STATE_CONNECTION_ESTABLISHED l=1).mark_down
