2026-03-09T20:42:38.833+0000 7f1e0ce9d640 1 -- 192.168.123.107:0/2682881284 <== mon.0 v2:192.168.123.107:3300/0 2 ==== config(27 keys) v1 ==== 1108+0+0 (secure 0 0 0) 0x7f1dfc037440 con 0x7f1e081046c0
2026-03-09T20:42:38.967 INFO:teuthology.orchestra.run.vm07.stdout:/usr/bin/ceph: stderr
2026-03-09T20:42:38.833+0000 7f1e0ce9d640 1 -- 192.168.123.107:0/2682881284 <== mon.0 v2:192.168.123.107:3300/0 3 ==== mon_map magic: 0 v1 ==== 214+0+0 (secure 0 0 0) 0x7f1dfc035560 con 0x7f1e081046c0
2026-03-09T20:42:38.967 INFO:teuthology.orchestra.run.vm07.stdout:/usr/bin/ceph: stderr
2026-03-09T20:42:38.833+0000 7f1e1012a640 1 -- 192.168.123.107:0/2682881284 >> [v2:192.168.123.107:3300/0,v1:192.168.123.107:6789/0] conn(0x7f1e081046c0 msgr2=0x7f1e08104ac0 secure :-1 s=STATE_CONNECTION_ESTABLISHED l=1).mark_down
2026-03-09T20:42:38.967 INFO:teuthology.orchestra.run.vm07.stdout:/usr/bin/ceph: stderr
2026-03-09T20:42:38.833+0000 7f1e1012a640 1 --2- 192.168.123.107:0/2682881284 >> [v2:192.168.123.107:3300/0,v1:192.168.123.107:6789/0] conn(0x7f1e081046c0 0x7f1e08104ac0 secure :-1 s=READY pgs=59 cs=0 l=1 rev1=1 crypto rx=0x7f1dfc009920 tx=0x7f1dfc02ef20 comp rx=0 tx=0).stop
2026-03-09T20:42:38.967 INFO:teuthology.orchestra.run.vm07.stdout:/usr/bin/ceph: stderr
2026-03-09T20:42:38.833+0000 7f1e1012a640 1 -- 192.168.123.107:0/2682881284 shutdown_connections
2026-03-09T20:42:38.967 INFO:teuthology.orchestra.run.vm07.stdout:/usr/bin/ceph: stderr
2026-03-09T20:42:38.833+0000 7f1e1012a640 1 --2- 192.168.123.107:0/2682881284 >> [v2:192.168.123.107:3300/0,v1:192.168.123.107:6789/0] conn(0x7f1e081046c0 0x7f1e08104ac0 unknown :-1 s=CLOSED pgs=59 cs=0 l=1 rev1=1 crypto rx=0 tx=0 comp rx=0 tx=0).stop
2026-03-09T20:42:38.967 INFO:teuthology.orchestra.run.vm07.stdout:/usr/bin/ceph: stderr
2026-03-09T20:42:38.833+0000 7f1e1012a640 1 -- 192.168.123.107:0/2682881284 >> 192.168.123.107:0/2682881284 conn(0x7f1e080ff950 msgr2=0x7f1e08101db0 unknown :-1 s=STATE_NONE l=0).mark_down
2026-03-09T20:42:38.967 INFO:teuthology.orchestra.run.vm07.stdout:/usr/bin/ceph: stderr
2026-03-09T20:42:38.834+0000 7f1e1012a640 1 -- 192.168.123.107:0/2682881284 shutdown_connections
2026-03-09T20:42:38.967 INFO:teuthology.orchestra.run.vm07.stdout:/usr/bin/ceph: stderr
2026-03-09T20:42:38.834+0000 7f1e1012a640 1 -- 192.168.123.107:0/2682881284 wait complete.
2026-03-09T20:42:38.967 INFO:teuthology.orchestra.run.vm07.stdout:/usr/bin/ceph: stderr
2026-03-09T20:42:38.834+0000 7f1e1012a640 1 Processor -- start
2026-03-09T20:42:38.967 INFO:teuthology.orchestra.run.vm07.stdout:/usr/bin/ceph: stderr
2026-03-09T20:42:38.834+0000 7f1e1012a640 1 -- start start
2026-03-09T20:42:38.967 INFO:teuthology.orchestra.run.vm07.stdout:/usr/bin/ceph: stderr
2026-03-09T20:42:38.834+0000 7f1e1012a640 1 --2- >> [v2:192.168.123.107:3300/0,v1:192.168.123.107:6789/0] conn(0x7f1e081046c0 0x7f1e08101bc0 unknown :-1 s=NONE pgs=0 cs=0 l=1 rev1=0 crypto rx=0 tx=0 comp rx=0 tx=0).connect
2026-03-09T20:42:38.967 INFO:teuthology.orchestra.run.vm07.stdout:/usr/bin/ceph: stderr
2026-03-09T20:42:38.834+0000 7f1e1012a640 1 -- --> [v2:192.168.123.107:3300/0,v1:192.168.123.107:6789/0] -- mon_getmap magic: 0 v1 -- 0x7f1e08102100 con 0x7f1e081046c0
2026-03-09T20:42:38.967 INFO:teuthology.orchestra.run.vm07.stdout:/usr/bin/ceph: stderr
2026-03-09T20:42:38.835+0000 7f1e0de9f640 1 --2- >> [v2:192.168.123.107:3300/0,v1:192.168.123.107:6789/0] conn(0x7f1e081046c0 0x7f1e08101bc0 unknown :-1 s=BANNER_CONNECTING pgs=0 cs=0 l=1 rev1=0 crypto rx=0 tx=0 comp rx=0 tx=0)._handle_peer_banner_payload supported=3 required=0
2026-03-09T20:42:38.967 INFO:teuthology.orchestra.run.vm07.stdout:/usr/bin/ceph: stderr
2026-03-09T20:42:38.835+0000 7f1e0de9f640 1 --2- >> [v2:192.168.123.107:3300/0,v1:192.168.123.107:6789/0] conn(0x7f1e081046c0 0x7f1e08101bc0 unknown :-1 s=HELLO_CONNECTING pgs=0 cs=0 l=1 rev1=1 crypto rx=0 tx=0 comp rx=0 tx=0).handle_hello peer v2:192.168.123.107:3300/0 says I am v2:192.168.123.107:35424/0 (socket says 192.168.123.107:35424)
2026-03-09T20:42:38.967 INFO:teuthology.orchestra.run.vm07.stdout:/usr/bin/ceph: stderr
2026-03-09T20:42:38.835+0000 7f1e0de9f640 1 -- 192.168.123.107:0/1591346550 learned_addr learned my addr 192.168.123.107:0/1591346550 (peer_addr_for_me v2:192.168.123.107:0/0)
2026-03-09T20:42:38.967 INFO:teuthology.orchestra.run.vm07.stdout:/usr/bin/ceph: stderr
2026-03-09T20:42:38.835+0000 7f1e0de9f640 1 -- 192.168.123.107:0/1591346550 --> [v2:192.168.123.107:3300/0,v1:192.168.123.107:6789/0] -- mon_subscribe({config=0+,monmap=0+}) v3 -- 0x7f1dfc0095d0 con 0x7f1e081046c0
2026-03-09T20:42:38.967 INFO:teuthology.orchestra.run.vm07.stdout:/usr/bin/ceph: stderr
2026-03-09T20:42:38.835+0000 7f1e0de9f640 1 --2- 192.168.123.107:0/1591346550 >> [v2:192.168.123.107:3300/0,v1:192.168.123.107:6789/0] conn(0x7f1e081046c0 0x7f1e08101bc0 secure :-1 s=READY pgs=60 cs=0 l=1 rev1=1 crypto rx=0x7f1dfc006fd0 tx=0x7f1dfc02fbc0 comp rx=0 tx=0).ready entity=mon.0 client_cookie=0 server_cookie=0 in_seq=0 out_seq=0
2026-03-09T20:42:38.967 INFO:teuthology.orchestra.run.vm07.stdout:/usr/bin/ceph: stderr
2026-03-09T20:42:38.836+0000 7f1df6ffd640 1 -- 192.168.123.107:0/1591346550 <== mon.0 v2:192.168.123.107:3300/0 1 ==== mon_map magic: 0 v1 ==== 214+0+0 (secure 0 0 0) 0x7f1dfc02fdd0 con 0x7f1e081046c0
2026-03-09T20:42:38.967 INFO:teuthology.orchestra.run.vm07.stdout:/usr/bin/ceph: stderr
2026-03-09T20:42:38.836+0000 7f1df6ffd640 1 -- 192.168.123.107:0/1591346550 <== mon.0 v2:192.168.123.107:3300/0 2 ==== config(27 keys) v1 ==== 1108+0+0 (secure 0 0 0) 0x7f1dfc03f3f0 con 0x7f1e081046c0
2026-03-09T20:42:38.967 INFO:teuthology.orchestra.run.vm07.stdout:/usr/bin/ceph: stderr
2026-03-09T20:42:38.836+0000 7f1df6ffd640 1 -- 192.168.123.107:0/1591346550 <== mon.0 v2:192.168.123.107:3300/0 3 ==== mon_map magic: 0 v1 ==== 214+0+0 (secure 0 0 0) 0x7f1dfc0363a0 con 0x7f1e081046c0
2026-03-09T20:42:38.967 INFO:teuthology.orchestra.run.vm07.stdout:/usr/bin/ceph: stderr
2026-03-09T20:42:38.836+0000 7f1e1012a640 1 -- 192.168.123.107:0/1591346550 --> [v2:192.168.123.107:3300/0,v1:192.168.123.107:6789/0] -- mon_subscribe({mgrmap=0+}) v3 -- 0x7f1e081002f0 con 0x7f1e081046c0
2026-03-09T20:42:38.967 INFO:teuthology.orchestra.run.vm07.stdout:/usr/bin/ceph: stderr
2026-03-09T20:42:38.836+0000 7f1e1012a640 1 -- 192.168.123.107:0/1591346550 --> [v2:192.168.123.107:3300/0,v1:192.168.123.107:6789/0] -- mon_subscribe({osdmap=0}) v3 -- 0x7f1e08100790 con 0x7f1e081046c0
2026-03-09T20:42:38.967 INFO:teuthology.orchestra.run.vm07.stdout:/usr/bin/ceph: stderr
2026-03-09T20:42:38.837+0000 7f1df6ffd640 1 -- 192.168.123.107:0/1591346550 <== mon.0 v2:192.168.123.107:3300/0 4 ==== mgrmap(e 8) v1 ==== 49370+0+0 (secure 0 0 0) 0x7f1dfc03e070 con 0x7f1e081046c0
2026-03-09T20:42:38.967 INFO:teuthology.orchestra.run.vm07.stdout:/usr/bin/ceph: stderr
2026-03-09T20:42:38.837+0000 7f1df6ffd640 1 --2- 192.168.123.107:0/1591346550 >> [v2:192.168.123.107:6800/810998986,v1:192.168.123.107:6801/810998986] conn(0x7f1de403d1e0 0x7f1de403f6a0 unknown :-1 s=NONE pgs=0 cs=0 l=1 rev1=0 crypto rx=0 tx=0 comp rx=0 tx=0).connect
2026-03-09T20:42:38.967 INFO:teuthology.orchestra.run.vm07.stdout:/usr/bin/ceph: stderr
2026-03-09T20:42:38.837+0000 7f1df6ffd640 1 -- 192.168.123.107:0/1591346550 <== mon.0 v2:192.168.123.107:3300/0 5 ==== osd_map(2..2 src has 1..2) v4 ==== 940+0+0 (secure 0 0 0) 0x7f1dfc0766f0 con 0x7f1e081046c0
2026-03-09T20:42:38.967 INFO:teuthology.orchestra.run.vm07.stdout:/usr/bin/ceph: stderr
2026-03-09T20:42:38.837+0000 7f1e0d69e640 1 --2- 192.168.123.107:0/1591346550 >> [v2:192.168.123.107:6800/810998986,v1:192.168.123.107:6801/810998986] conn(0x7f1de403d1e0 0x7f1de403f6a0 unknown :-1 s=BANNER_CONNECTING pgs=0 cs=0 l=1 rev1=0 crypto rx=0 tx=0 comp rx=0 tx=0)._handle_peer_banner_payload supported=3 required=0
2026-03-09T20:42:38.968 INFO:teuthology.orchestra.run.vm07.stdout:/usr/bin/ceph: stderr
2026-03-09T20:42:38.837+0000 7f1e1012a640 1 -- 192.168.123.107:0/1591346550 --> [v2:192.168.123.107:3300/0,v1:192.168.123.107:6789/0] -- mon_command({"prefix": "get_command_descriptions"} v 0) v1 -- 0x7f1dd0005350 con 0x7f1e081046c0
2026-03-09T20:42:38.968 INFO:teuthology.orchestra.run.vm07.stdout:/usr/bin/ceph: stderr
2026-03-09T20:42:38.838+0000 7f1e0d69e640 1 --2- 192.168.123.107:0/1591346550 >> [v2:192.168.123.107:6800/810998986,v1:192.168.123.107:6801/810998986] conn(0x7f1de403d1e0 0x7f1de403f6a0 secure :-1 s=READY pgs=19 cs=0 l=1 rev1=1 crypto rx=0x7f1df8009a10 tx=0x7f1df8006eb0 comp rx=0 tx=0).ready entity=mgr.14118 client_cookie=0 server_cookie=0 in_seq=0 out_seq=0
2026-03-09T20:42:38.968 INFO:teuthology.orchestra.run.vm07.stdout:/usr/bin/ceph: stderr
2026-03-09T20:42:38.840+0000 7f1df6ffd640 1 -- 192.168.123.107:0/1591346550 <== mon.0 v2:192.168.123.107:3300/0 6 ==== mon_command_ack([{"prefix": "get_command_descriptions"}]=0 v0) v1 ==== 72+0+186382 (secure 0 0 0) 0x7f1dfc03c030 con 0x7f1e081046c0
2026-03-09T20:42:38.968 INFO:teuthology.orchestra.run.vm07.stdout:/usr/bin/ceph: stderr
2026-03-09T20:42:38.931+0000 7f1e1012a640 1 -- 192.168.123.107:0/1591346550 --> [v2:192.168.123.107:6800/810998986,v1:192.168.123.107:6801/810998986] -- mgr_command(tid 0: {"prefix": "orch apply", "service_type": "alertmanager", "target": ["mon-mgr", ""]}) v1 -- 0x7f1dd0002bf0 con 0x7f1de403d1e0
2026-03-09T20:42:38.968 INFO:teuthology.orchestra.run.vm07.stdout:/usr/bin/ceph: stderr
2026-03-09T20:42:38.937+0000 7f1df6ffd640 1 -- 192.168.123.107:0/1591346550 <== mgr.14118 v2:192.168.123.107:6800/810998986 1 ==== mgr_command_reply(tid 0: 0 ) v1 ==== 8+0+33 (secure 0 0 0) 0x7f1dd0002bf0 con 0x7f1de403d1e0
2026-03-09T20:42:38.968 INFO:teuthology.orchestra.run.vm07.stdout:/usr/bin/ceph: stderr
2026-03-09T20:42:38.940+0000 7f1e1012a640 1 -- 192.168.123.107:0/1591346550 >> [v2:192.168.123.107:6800/810998986,v1:192.168.123.107:6801/810998986] conn(0x7f1de403d1e0 msgr2=0x7f1de403f6a0 secure :-1 s=STATE_CONNECTION_ESTABLISHED l=1).mark_down
2026-03-09T20:42:38.968 INFO:teuthology.orchestra.run.vm07.stdout:/usr/bin/ceph: stderr
2026-03-09T20:42:38.940+0000 7f1e1012a640 1 --2- 192.168.123.107:0/1591346550 >> [v2:192.168.123.107:6800/810998986,v1:192.168.123.107:6801/810998986] conn(0x7f1de403d1e0 0x7f1de403f6a0 secure :-1 s=READY pgs=19 cs=0 l=1 rev1=1 crypto rx=0x7f1df8009a10 tx=0x7f1df8006eb0 comp rx=0 tx=0).stop
2026-03-09T20:42:38.968 INFO:teuthology.orchestra.run.vm07.stdout:/usr/bin/ceph: stderr
2026-03-09T20:42:38.940+0000 7f1e1012a640 1 -- 192.168.123.107:0/1591346550 >> [v2:192.168.123.107:3300/0,v1:192.168.123.107:6789/0] conn(0x7f1e081046c0 msgr2=0x7f1e08101bc0 secure :-1 s=STATE_CONNECTION_ESTABLISHED l=1).mark_down
2026-03-09T20:42:38.968 INFO:teuthology.orchestra.run.vm07.stdout:/usr/bin/ceph: stderr
2026-03-09T20:42:38.940+0000 7f1e1012a640 1 --2- 192.168.123.107:0/1591346550 >> [v2:192.168.123.107:3300/0,v1:192.168.123.107:6789/0] conn(0x7f1e081046c0 0x7f1e08101bc0 secure :-1 s=READY pgs=60 cs=0 l=1 rev1=1 crypto rx=0x7f1dfc006fd0 tx=0x7f1dfc02fbc0 comp rx=0 tx=0).stop
2026-03-09T20:42:38.968 INFO:teuthology.orchestra.run.vm07.stdout:/usr/bin/ceph: stderr
2026-03-09T20:42:38.940+0000 7f1e1012a640 1 -- 192.168.123.107:0/1591346550 shutdown_connections
2026-03-09T20:42:38.968 INFO:teuthology.orchestra.run.vm07.stdout:/usr/bin/ceph: stderr
2026-03-09T20:42:38.940+0000 7f1e1012a640 1 --2- 192.168.123.107:0/1591346550 >> [v2:192.168.123.107:6800/810998986,v1:192.168.123.107:6801/810998986] conn(0x7f1de403d1e0 0x7f1de403f6a0 unknown :-1 s=CLOSED pgs=19 cs=0 l=1 rev1=1 crypto rx=0 tx=0 comp rx=0 tx=0).stop
2026-03-09T20:42:38.968 INFO:teuthology.orchestra.run.vm07.stdout:/usr/bin/ceph: stderr
2026-03-09T20:42:38.940+0000 7f1e1012a640 1 --2- 192.168.123.107:0/1591346550 >> [v2:192.168.123.107:3300/0,v1:192.168.123.107:6789/0] conn(0x7f1e081046c0 0x7f1e08101bc0 unknown :-1 s=CLOSED pgs=60 cs=0 l=1 rev1=1 crypto rx=0 tx=0 comp rx=0 tx=0).stop
2026-03-09T20:42:38.968 INFO:teuthology.orchestra.run.vm07.stdout:/usr/bin/ceph: stderr
2026-03-09T20:42:38.940+0000 7f1e1012a640 1 -- 192.168.123.107:0/1591346550 >> 192.168.123.107:0/1591346550 conn(0x7f1e080ff950 msgr2=0x7f1e08192d50 unknown :-1 s=STATE_NONE l=0).mark_down
2026-03-09T20:42:38.968 INFO:teuthology.orchestra.run.vm07.stdout:/usr/bin/ceph: stderr
2026-03-09T20:42:38.940+0000 7f1e1012a640 1 -- 192.168.123.107:0/1591346550 shutdown_connections
2026-03-09T20:42:38.968 INFO:teuthology.orchestra.run.vm07.stdout:/usr/bin/ceph: stderr
2026-03-09T20:42:38.940+0000 7f1e1012a640 1 -- 192.168.123.107:0/1591346550 wait complete.
2026-03-09T20:42:39.220 INFO:teuthology.orchestra.run.vm07.stdout:/usr/bin/ceph: stderr
2026-03-09T20:42:39.072+0000 7fd1228f9640 1 Processor -- start
2026-03-09T20:42:39.220 INFO:teuthology.orchestra.run.vm07.stdout:/usr/bin/ceph: stderr
2026-03-09T20:42:39.072+0000 7fd1228f9640 1 -- start start
2026-03-09T20:42:39.220 INFO:teuthology.orchestra.run.vm07.stdout:/usr/bin/ceph: stderr
2026-03-09T20:42:39.072+0000 7fd1228f9640 1 --2- >> [v2:192.168.123.107:3300/0,v1:192.168.123.107:6789/0] conn(0x7fd11c1082f0 0x7fd11c1086f0 unknown :-1 s=NONE pgs=0 cs=0 l=0 rev1=0 crypto rx=0 tx=0 comp rx=0 tx=0).connect
2026-03-09T20:42:39.220 INFO:teuthology.orchestra.run.vm07.stdout:/usr/bin/ceph: stderr
2026-03-09T20:42:39.072+0000 7fd1228f9640 1 -- --> [v2:192.168.123.107:3300/0,v1:192.168.123.107:6789/0] -- mon_getmap magic: 0 v1 -- 0x7fd11c108cc0 con 0x7fd11c1082f0
2026-03-09T20:42:39.221 INFO:teuthology.orchestra.run.vm07.stdout:/usr/bin/ceph: stderr
2026-03-09T20:42:39.072+0000 7fd11bfff640 1 --2- >> [v2:192.168.123.107:3300/0,v1:192.168.123.107:6789/0] conn(0x7fd11c1082f0 0x7fd11c1086f0 unknown :-1 s=BANNER_CONNECTING pgs=0 cs=0 l=0 rev1=0 crypto rx=0 tx=0 comp rx=0 tx=0)._handle_peer_banner_payload supported=3 required=0
2026-03-09T20:42:39.221 INFO:teuthology.orchestra.run.vm07.stdout:/usr/bin/ceph: stderr
2026-03-09T20:42:39.072+0000 7fd11bfff640 1 --2- >> [v2:192.168.123.107:3300/0,v1:192.168.123.107:6789/0] conn(0x7fd11c1082f0 0x7fd11c1086f0 unknown :-1 s=HELLO_CONNECTING pgs=0 cs=0 l=0 rev1=1 crypto rx=0 tx=0 comp rx=0 tx=0).handle_hello peer v2:192.168.123.107:3300/0 says I am v2:192.168.123.107:35436/0 (socket says 192.168.123.107:35436)
2026-03-09T20:42:39.221 INFO:teuthology.orchestra.run.vm07.stdout:/usr/bin/ceph: stderr
2026-03-09T20:42:39.072+0000 7fd11bfff640 1 -- 192.168.123.107:0/2904725025 learned_addr learned my addr 192.168.123.107:0/2904725025 (peer_addr_for_me v2:192.168.123.107:0/0)
2026-03-09T20:42:39.221 INFO:teuthology.orchestra.run.vm07.stdout:/usr/bin/ceph: stderr
2026-03-09T20:42:39.073+0000 7fd11bfff640 1 -- 192.168.123.107:0/2904725025 --> [v2:192.168.123.107:3300/0,v1:192.168.123.107:6789/0] -- mon_subscribe({config=0+,monmap=0+}) v3 -- 0x7fd11c109490 con 0x7fd11c1082f0
2026-03-09T20:42:39.221 INFO:teuthology.orchestra.run.vm07.stdout:/usr/bin/ceph: stderr
2026-03-09T20:42:39.073+0000 7fd11bfff640 1 --2- 192.168.123.107:0/2904725025 >> [v2:192.168.123.107:3300/0,v1:192.168.123.107:6789/0] conn(0x7fd11c1082f0 0x7fd11c1086f0 secure :-1 s=READY pgs=61 cs=0 l=1 rev1=1 crypto rx=0x7fd10c009b80 tx=0x7fd10c02f190 comp rx=0 tx=0).ready entity=mon.0 client_cookie=340544213b638ed8 server_cookie=0 in_seq=0 out_seq=0
2026-03-09T20:42:39.221 INFO:teuthology.orchestra.run.vm07.stdout:/usr/bin/ceph: stderr
2026-03-09T20:42:39.073+0000 7fd11affd640 1 -- 192.168.123.107:0/2904725025 <== mon.0 v2:192.168.123.107:3300/0 1 ==== mon_map magic: 0 v1 ==== 214+0+0 (secure 0 0 0) 0x7fd10c02fc20 con 0x7fd11c1082f0
2026-03-09T20:42:39.221 INFO:teuthology.orchestra.run.vm07.stdout:/usr/bin/ceph: stderr
2026-03-09T20:42:39.073+0000 7fd11affd640 1 -- 192.168.123.107:0/2904725025 <== mon.0 v2:192.168.123.107:3300/0 2 ==== config(27 keys) v1 ==== 1108+0+0 (secure 0 0 0) 0x7fd10c02fd80 con 0x7fd11c1082f0
2026-03-09T20:42:39.221 INFO:teuthology.orchestra.run.vm07.stdout:/usr/bin/ceph: stderr
2026-03-09T20:42:39.074+0000 7fd1228f9640 1 -- 192.168.123.107:0/2904725025 >> [v2:192.168.123.107:3300/0,v1:192.168.123.107:6789/0] conn(0x7fd11c1082f0 msgr2=0x7fd11c1086f0 secure :-1 s=STATE_CONNECTION_ESTABLISHED l=1).mark_down
2026-03-09T20:42:39.221 INFO:teuthology.orchestra.run.vm07.stdout:/usr/bin/ceph: stderr
2026-03-09T20:42:39.074+0000 7fd1228f9640 1 --2- 192.168.123.107:0/2904725025 >> [v2:192.168.123.107:3300/0,v1:192.168.123.107:6789/0] conn(0x7fd11c1082f0 0x7fd11c1086f0 secure :-1 s=READY pgs=61 cs=0 l=1 rev1=1 crypto rx=0x7fd10c009b80 tx=0x7fd10c02f190 comp rx=0 tx=0).stop
2026-03-09T20:42:39.221 INFO:teuthology.orchestra.run.vm07.stdout:/usr/bin/ceph: stderr
2026-03-09T20:42:39.074+0000 7fd1228f9640 1 -- 192.168.123.107:0/2904725025 shutdown_connections
2026-03-09T20:42:39.221 INFO:teuthology.orchestra.run.vm07.stdout:/usr/bin/ceph: stderr
2026-03-09T20:42:39.074+0000 7fd1228f9640 1 --2- 192.168.123.107:0/2904725025 >> [v2:192.168.123.107:3300/0,v1:192.168.123.107:6789/0] conn(0x7fd11c1082f0 0x7fd11c1086f0 unknown :-1 s=CLOSED pgs=61 cs=0 l=1 rev1=1 crypto rx=0 tx=0 comp rx=0 tx=0).stop
2026-03-09T20:42:39.221 INFO:teuthology.orchestra.run.vm07.stdout:/usr/bin/ceph: stderr
2026-03-09T20:42:39.074+0000 7fd1228f9640 1 -- 192.168.123.107:0/2904725025 >> 192.168.123.107:0/2904725025 conn(0x7fd11c07b8c0 msgr2=0x7fd11c1066a0 unknown :-1 s=STATE_NONE l=0).mark_down
2026-03-09T20:42:39.221 INFO:teuthology.orchestra.run.vm07.stdout:/usr/bin/ceph: stderr
2026-03-09T20:42:39.074+0000 7fd1228f9640 1 -- 192.168.123.107:0/2904725025 shutdown_connections
2026-03-09T20:42:39.221 INFO:teuthology.orchestra.run.vm07.stdout:/usr/bin/ceph: stderr
2026-03-09T20:42:39.074+0000 7fd1228f9640 1 -- 192.168.123.107:0/2904725025 wait complete.
2026-03-09T20:42:39.221 INFO:teuthology.orchestra.run.vm07.stdout:/usr/bin/ceph: stderr
2026-03-09T20:42:39.074+0000 7fd1228f9640 1 Processor -- start
2026-03-09T20:42:39.221 INFO:teuthology.orchestra.run.vm07.stdout:/usr/bin/ceph: stderr
2026-03-09T20:42:39.075+0000 7fd1228f9640 1 -- start start
2026-03-09T20:42:39.221 INFO:teuthology.orchestra.run.vm07.stdout:/usr/bin/ceph: stderr
2026-03-09T20:42:39.075+0000 7fd1228f9640 1 --2- >> [v2:192.168.123.107:3300/0,v1:192.168.123.107:6789/0] conn(0x7fd11c1082f0 0x7fd11c19e0e0 unknown :-1 s=NONE pgs=0 cs=0 l=1 rev1=0 crypto rx=0 tx=0 comp rx=0 tx=0).connect
2026-03-09T20:42:39.221 INFO:teuthology.orchestra.run.vm07.stdout:/usr/bin/ceph: stderr
2026-03-09T20:42:39.075+0000 7fd1228f9640 1 -- --> [v2:192.168.123.107:3300/0,v1:192.168.123.107:6789/0] -- mon_getmap magic: 0 v1 -- 0x7fd10c035620 con 0x7fd11c1082f0
2026-03-09T20:42:39.221 INFO:teuthology.orchestra.run.vm07.stdout:/usr/bin/ceph: stderr
2026-03-09T20:42:39.075+0000 7fd11bfff640 1 --2- >> [v2:192.168.123.107:3300/0,v1:192.168.123.107:6789/0] conn(0x7fd11c1082f0 0x7fd11c19e0e0 unknown :-1 s=BANNER_CONNECTING pgs=0 cs=0 l=1 rev1=0 crypto rx=0 tx=0 comp rx=0 tx=0)._handle_peer_banner_payload supported=3 required=0
2026-03-09T20:42:39.221 INFO:teuthology.orchestra.run.vm07.stdout:/usr/bin/ceph: stderr
2026-03-09T20:42:39.075+0000 7fd11bfff640 1 --2- >> [v2:192.168.123.107:3300/0,v1:192.168.123.107:6789/0] conn(0x7fd11c1082f0 0x7fd11c19e0e0 unknown :-1 s=HELLO_CONNECTING pgs=0 cs=0 l=1 rev1=1 crypto rx=0 tx=0 comp rx=0 tx=0).handle_hello peer v2:192.168.123.107:3300/0 says I am v2:192.168.123.107:35450/0 (socket says 192.168.123.107:35450)
2026-03-09T20:42:39.221 INFO:teuthology.orchestra.run.vm07.stdout:/usr/bin/ceph: stderr
2026-03-09T20:42:39.075+0000 7fd11bfff640 1 -- 192.168.123.107:0/292669769 learned_addr learned my addr 192.168.123.107:0/292669769 (peer_addr_for_me v2:192.168.123.107:0/0)
2026-03-09T20:42:39.221 INFO:teuthology.orchestra.run.vm07.stdout:/usr/bin/ceph: stderr
2026-03-09T20:42:39.075+0000 7fd11bfff640 1 -- 192.168.123.107:0/292669769 --> [v2:192.168.123.107:3300/0,v1:192.168.123.107:6789/0] -- mon_subscribe({config=0+,monmap=0+}) v3 -- 0x7fd10c0095d0 con 0x7fd11c1082f0
2026-03-09T20:42:39.221 INFO:teuthology.orchestra.run.vm07.stdout:/usr/bin/ceph: stderr
2026-03-09T20:42:39.075+0000 7fd11bfff640 1 --2- 192.168.123.107:0/292669769 >> [v2:192.168.123.107:3300/0,v1:192.168.123.107:6789/0] conn(0x7fd11c1082f0 0x7fd11c19e0e0 secure :-1 s=READY pgs=62 cs=0 l=1 rev1=1 crypto rx=0x7fd10c02f6c0 tx=0x7fd10c003940 comp rx=0 tx=0).ready entity=mon.0 client_cookie=0 server_cookie=0 in_seq=0 out_seq=0
2026-03-09T20:42:39.221 INFO:teuthology.orchestra.run.vm07.stdout:/usr/bin/ceph: stderr
2026-03-09T20:42:39.076+0000 7fd1197fa640 1 -- 192.168.123.107:0/292669769 <== mon.0 v2:192.168.123.107:3300/0 1 ==== mon_map magic: 0 v1 ==== 214+0+0 (secure 0 0 0) 0x7fd10c035ec0 con 0x7fd11c1082f0
2026-03-09T20:42:39.221 INFO:teuthology.orchestra.run.vm07.stdout:/usr/bin/ceph: stderr
2026-03-09T20:42:39.076+0000 7fd1228f9640 1 -- 192.168.123.107:0/292669769 --> [v2:192.168.123.107:3300/0,v1:192.168.123.107:6789/0] -- mon_subscribe({mgrmap=0+}) v3 -- 0x7fd11c19e620 con 0x7fd11c1082f0
2026-03-09T20:42:39.221 INFO:teuthology.orchestra.run.vm07.stdout:/usr/bin/ceph: stderr
2026-03-09T20:42:39.076+0000 7fd1228f9640 1 -- 192.168.123.107:0/292669769 --> [v2:192.168.123.107:3300/0,v1:192.168.123.107:6789/0] -- mon_subscribe({osdmap=0}) v3 -- 0x7fd11c19eac0 con 0x7fd11c1082f0
2026-03-09T20:42:39.221 INFO:teuthology.orchestra.run.vm07.stdout:/usr/bin/ceph: stderr
2026-03-09T20:42:39.076+0000 7fd1197fa640 1 -- 192.168.123.107:0/292669769 <== mon.0 v2:192.168.123.107:3300/0 2 ==== config(27 keys) v1 ==== 1108+0+0 (secure 0 0 0) 0x7fd10c037440 con 0x7fd11c1082f0
2026-03-09T20:42:39.221 INFO:teuthology.orchestra.run.vm07.stdout:/usr/bin/ceph: stderr
2026-03-09T20:42:39.076+0000 7fd1197fa640 1 -- 192.168.123.107:0/292669769 <== mon.0 v2:192.168.123.107:3300/0 3 ==== mon_map magic: 0 v1 ==== 214+0+0 (secure 0 0 0) 0x7fd10c0405c0 con 0x7fd11c1082f0
2026-03-09T20:42:39.221 INFO:teuthology.orchestra.run.vm07.stdout:/usr/bin/ceph: stderr
2026-03-09T20:42:39.076+0000 7fd1197fa640 1 -- 192.168.123.107:0/292669769 <== mon.0 v2:192.168.123.107:3300/0 4 ==== mgrmap(e 8) v1 ==== 49370+0+0 (secure 0 0 0) 0x7fd10c047020 con 0x7fd11c1082f0
2026-03-09T20:42:39.221 INFO:teuthology.orchestra.run.vm07.stdout:/usr/bin/ceph: stderr
2026-03-09T20:42:39.077+0000 7fd1197fa640 1 --2- 192.168.123.107:0/292669769 >> [v2:192.168.123.107:6800/810998986,v1:192.168.123.107:6801/810998986] conn(0x7fd0e003d280 0x7fd0e003f740 unknown :-1 s=NONE pgs=0 cs=0 l=1 rev1=0 crypto rx=0 tx=0 comp rx=0 tx=0).connect
2026-03-09T20:42:39.221 INFO:teuthology.orchestra.run.vm07.stdout:/usr/bin/ceph: stderr
2026-03-09T20:42:39.077+0000 7fd11b7fe640 1 --2- 192.168.123.107:0/292669769 >> [v2:192.168.123.107:6800/810998986,v1:192.168.123.107:6801/810998986] conn(0x7fd0e003d280 0x7fd0e003f740 unknown :-1 s=BANNER_CONNECTING pgs=0 cs=0 l=1 rev1=0 crypto rx=0 tx=0 comp rx=0 tx=0)._handle_peer_banner_payload supported=3 required=0
2026-03-09T20:42:39.221 INFO:teuthology.orchestra.run.vm07.stdout:/usr/bin/ceph: stderr
2026-03-09T20:42:39.077+0000 7fd1197fa640 1 -- 192.168.123.107:0/292669769 <== mon.0 v2:192.168.123.107:3300/0 5 ==== osd_map(2..2 src has 1..2) v4 ==== 940+0+0 (secure 0 0 0) 0x7fd10c076bf0 con 0x7fd11c1082f0
2026-03-09T20:42:39.221 INFO:teuthology.orchestra.run.vm07.stdout:/usr/bin/ceph: stderr
2026-03-09T20:42:39.077+0000 7fd11b7fe640 1 --2- 192.168.123.107:0/292669769 >> [v2:192.168.123.107:6800/810998986,v1:192.168.123.107:6801/810998986] conn(0x7fd0e003d280 0x7fd0e003f740 secure :-1 s=READY pgs=20 cs=0 l=1 rev1=1 crypto rx=0x7fd108009a10 tx=0x7fd108006eb0 comp rx=0 tx=0).ready entity=mgr.14118 client_cookie=0 server_cookie=0 in_seq=0 out_seq=0
2026-03-09T20:42:39.221 INFO:teuthology.orchestra.run.vm07.stdout:/usr/bin/ceph: stderr
2026-03-09T20:42:39.077+0000 7fd1228f9640 1 -- 192.168.123.107:0/292669769 --> [v2:192.168.123.107:3300/0,v1:192.168.123.107:6789/0] -- mon_command({"prefix": "get_command_descriptions"} v 0) v1 -- 0x7fd0e4005350 con 0x7fd11c1082f0
2026-03-09T20:42:39.221 INFO:teuthology.orchestra.run.vm07.stdout:/usr/bin/ceph: stderr
2026-03-09T20:42:39.080+0000 7fd1197fa640 1 -- 192.168.123.107:0/292669769 <== mon.0 v2:192.168.123.107:3300/0 6 ==== mon_command_ack([{"prefix": "get_command_descriptions"}]=0 v0) v1 ==== 72+0+186382 (secure 0 0 0) 0x7fd10c03c030 con 0x7fd11c1082f0
2026-03-09T20:42:39.221 INFO:teuthology.orchestra.run.vm07.stdout:/usr/bin/ceph: stderr
2026-03-09T20:42:39.163+0000 7fd1228f9640 1 -- 192.168.123.107:0/292669769 --> [v2:192.168.123.107:3300/0,v1:192.168.123.107:6789/0] -- mon_command([{prefix=config set, name=mgr/cephadm/container_init}] v 0) v1 -- 0x7fd0e40051c0 con 0x7fd11c1082f0
2026-03-09T20:42:39.221 INFO:teuthology.orchestra.run.vm07.stdout:/usr/bin/ceph: stderr
2026-03-09T20:42:39.165+0000 7fd1197fa640 1 -- 192.168.123.107:0/292669769 <== mon.0 v2:192.168.123.107:3300/0 7 ==== mon_command_ack([{prefix=config set, name=mgr/cephadm/container_init}]=0 v7)=0 v7) v1 ==== 142+0+0 (secure 0 0 0) 0x7fd10c03eac0 con 0x7fd11c1082f0
2026-03-09T20:42:39.221 INFO:teuthology.orchestra.run.vm07.stdout:/usr/bin/ceph: stderr
2026-03-09T20:42:39.172+0000 7fd1228f9640 1 -- 192.168.123.107:0/292669769 >> [v2:192.168.123.107:6800/810998986,v1:192.168.123.107:6801/810998986] conn(0x7fd0e003d280 msgr2=0x7fd0e003f740 secure :-1 s=STATE_CONNECTION_ESTABLISHED l=1).mark_down
2026-03-09T20:42:39.221 INFO:teuthology.orchestra.run.vm07.stdout:/usr/bin/ceph: stderr
2026-03-09T20:42:39.172+0000 7fd1228f9640 1 --2- 192.168.123.107:0/292669769 >> [v2:192.168.123.107:6800/810998986,v1:192.168.123.107:6801/810998986] conn(0x7fd0e003d280 0x7fd0e003f740 secure :-1 s=READY pgs=20 cs=0 l=1 rev1=1 crypto rx=0x7fd108009a10 tx=0x7fd108006eb0 comp rx=0 tx=0).stop
2026-03-09T20:42:39.221 INFO:teuthology.orchestra.run.vm07.stdout:/usr/bin/ceph: stderr
2026-03-09T20:42:39.172+0000 7fd1228f9640 1 -- 192.168.123.107:0/292669769 >> [v2:192.168.123.107:3300/0,v1:192.168.123.107:6789/0] conn(0x7fd11c1082f0 msgr2=0x7fd11c19e0e0 secure :-1 s=STATE_CONNECTION_ESTABLISHED l=1).mark_down
2026-03-09T20:42:39.221 INFO:teuthology.orchestra.run.vm07.stdout:/usr/bin/ceph: stderr
2026-03-09T20:42:39.172+0000 7fd1228f9640 1 --2- 192.168.123.107:0/292669769 >> [v2:192.168.123.107:3300/0,v1:192.168.123.107:6789/0] conn(0x7fd11c1082f0 0x7fd11c19e0e0 secure :-1 s=READY pgs=62 cs=0 l=1 rev1=1 crypto rx=0x7fd10c02f6c0 tx=0x7fd10c003940 comp rx=0 tx=0).stop
2026-03-09T20:42:39.221 INFO:teuthology.orchestra.run.vm07.stdout:/usr/bin/ceph: stderr
2026-03-09T20:42:39.172+0000 7fd1228f9640 1 -- 192.168.123.107:0/292669769 shutdown_connections
2026-03-09T20:42:39.221 INFO:teuthology.orchestra.run.vm07.stdout:/usr/bin/ceph: stderr
2026-03-09T20:42:39.172+0000 7fd1228f9640 1 --2- 192.168.123.107:0/292669769 >> [v2:192.168.123.107:6800/810998986,v1:192.168.123.107:6801/810998986] conn(0x7fd0e003d280 0x7fd0e003f740 unknown :-1 s=CLOSED pgs=20 cs=0 l=1 rev1=1 crypto rx=0 tx=0 comp rx=0 tx=0).stop
2026-03-09T20:42:39.221 INFO:teuthology.orchestra.run.vm07.stdout:/usr/bin/ceph: stderr
2026-03-09T20:42:39.172+0000 7fd1228f9640 1 --2- 192.168.123.107:0/292669769 >> [v2:192.168.123.107:3300/0,v1:192.168.123.107:6789/0] conn(0x7fd11c1082f0 0x7fd11c19e0e0 unknown :-1 s=CLOSED pgs=62 cs=0 l=1 rev1=1 crypto rx=0 tx=0 comp rx=0 tx=0).stop
2026-03-09T20:42:39.221 INFO:teuthology.orchestra.run.vm07.stdout:/usr/bin/ceph: stderr
2026-03-09T20:42:39.172+0000 7fd1228f9640 1 -- 192.168.123.107:0/292669769 >> 192.168.123.107:0/292669769 conn(0x7fd11c07b8c0 msgr2=0x7fd11c105c70 unknown :-1 s=STATE_NONE l=0).mark_down
2026-03-09T20:42:39.221 INFO:teuthology.orchestra.run.vm07.stdout:/usr/bin/ceph: stderr
2026-03-09T20:42:39.173+0000 7fd1228f9640 1 -- 192.168.123.107:0/292669769 shutdown_connections
2026-03-09T20:42:39.221 INFO:teuthology.orchestra.run.vm07.stdout:/usr/bin/ceph: stderr
2026-03-09T20:42:39.173+0000 7fd1228f9640 1 -- 192.168.123.107:0/292669769 wait complete.
2026-03-09T20:42:39.456 INFO:journalctl@ceph.mon.vm07.vm07.stdout:Mar 09 20:42:39 vm07 ceph-mon[49120]: from='client.14144 -' entity='client.admin' cmd=[{"prefix": "orch apply", "service_type": "crash", "target": ["mon-mgr", ""]}]: dispatch
2026-03-09T20:42:39.456 INFO:journalctl@ceph.mon.vm07.vm07.stdout:Mar 09 20:42:39 vm07 ceph-mon[49120]: Saving service crash spec with placement *
2026-03-09T20:42:39.456 INFO:journalctl@ceph.mon.vm07.vm07.stdout:Mar 09 20:42:39 vm07 ceph-mon[49120]: from='client.14146 -' entity='client.admin' cmd=[{"prefix": "orch apply", "service_type": "ceph-exporter", "target": ["mon-mgr", ""]}]: dispatch
2026-03-09T20:42:39.456 INFO:journalctl@ceph.mon.vm07.vm07.stdout:Mar 09 20:42:39 vm07 ceph-mon[49120]: Saving service ceph-exporter spec with placement *
2026-03-09T20:42:39.456 INFO:journalctl@ceph.mon.vm07.vm07.stdout:Mar 09 20:42:39 vm07 ceph-mon[49120]: from='client.14148 -' entity='client.admin' cmd=[{"prefix": "orch apply", "service_type": "prometheus", "target": ["mon-mgr", ""]}]: dispatch
2026-03-09T20:42:39.456 INFO:journalctl@ceph.mon.vm07.vm07.stdout:Mar 09 20:42:39 vm07 ceph-mon[49120]: Saving service prometheus spec with placement count:1
2026-03-09T20:42:39.456 INFO:journalctl@ceph.mon.vm07.vm07.stdout:Mar 09 20:42:39 vm07 ceph-mon[49120]: from='mgr.14118 192.168.123.107:0/1039749675' entity='mgr.vm07.xjrvch'
2026-03-09T20:42:39.456 INFO:journalctl@ceph.mon.vm07.vm07.stdout:Mar 09 20:42:39 vm07 ceph-mon[49120]: from='mgr.14118 192.168.123.107:0/1039749675' entity='mgr.vm07.xjrvch'
2026-03-09T20:42:39.456 INFO:journalctl@ceph.mon.vm07.vm07.stdout:Mar 09 20:42:39 vm07 ceph-mon[49120]: from='mgr.14118 192.168.123.107:0/1039749675' entity='mgr.vm07.xjrvch'
2026-03-09T20:42:39.456 INFO:journalctl@ceph.mon.vm07.vm07.stdout:Mar 09 20:42:39 vm07 ceph-mon[49120]: from='mgr.14118 192.168.123.107:0/1039749675' entity='mgr.vm07.xjrvch'
2026-03-09T20:42:39.456 INFO:journalctl@ceph.mon.vm07.vm07.stdout:Mar 09 20:42:39 vm07 ceph-mon[49120]: from='client.? 192.168.123.107:0/292669769' entity='client.admin'
2026-03-09T20:42:39.474 INFO:teuthology.orchestra.run.vm07.stdout:/usr/bin/ceph: stderr
2026-03-09T20:42:39.327+0000 7f2615fa3640 1 Processor -- start
2026-03-09T20:42:39.474 INFO:teuthology.orchestra.run.vm07.stdout:/usr/bin/ceph: stderr
2026-03-09T20:42:39.327+0000 7f2615fa3640 1 -- start start
2026-03-09T20:42:39.475 INFO:teuthology.orchestra.run.vm07.stdout:/usr/bin/ceph: stderr
2026-03-09T20:42:39.327+0000 7f2615fa3640 1 --2- >> [v2:192.168.123.107:3300/0,v1:192.168.123.107:6789/0] conn(0x7f26101082f0 0x7f26101086f0 unknown :-1 s=NONE pgs=0 cs=0 l=0 rev1=0 crypto rx=0 tx=0 comp rx=0 tx=0).connect
2026-03-09T20:42:39.475 INFO:teuthology.orchestra.run.vm07.stdout:/usr/bin/ceph: stderr
2026-03-09T20:42:39.327+0000 7f2615fa3640 1 -- --> [v2:192.168.123.107:3300/0,v1:192.168.123.107:6789/0] -- mon_getmap magic: 0 v1 -- 0x7f2610108cc0 con 0x7f26101082f0
2026-03-09T20:42:39.475 INFO:teuthology.orchestra.run.vm07.stdout:/usr/bin/ceph: stderr
2026-03-09T20:42:39.328+0000 7f260f7fe640 1 --2- >> [v2:192.168.123.107:3300/0,v1:192.168.123.107:6789/0] conn(0x7f26101082f0 0x7f26101086f0 unknown :-1 s=BANNER_CONNECTING pgs=0 cs=0 l=0 rev1=0 crypto rx=0 tx=0 comp rx=0 tx=0)._handle_peer_banner_payload supported=3 required=0
2026-03-09T20:42:39.475 INFO:teuthology.orchestra.run.vm07.stdout:/usr/bin/ceph: stderr
2026-03-09T20:42:39.328+0000 7f260f7fe640 1 --2- >> [v2:192.168.123.107:3300/0,v1:192.168.123.107:6789/0] conn(0x7f26101082f0 0x7f26101086f0 unknown :-1 s=HELLO_CONNECTING pgs=0 cs=0 l=0 rev1=1 crypto rx=0 tx=0 comp rx=0 tx=0).handle_hello peer v2:192.168.123.107:3300/0 says I am v2:192.168.123.107:35452/0 (socket says 192.168.123.107:35452)
2026-03-09T20:42:39.475 INFO:teuthology.orchestra.run.vm07.stdout:/usr/bin/ceph: stderr
2026-03-09T20:42:39.328+0000 7f260f7fe640 1 -- 192.168.123.107:0/3364688411 learned_addr learned my addr 192.168.123.107:0/3364688411 (peer_addr_for_me v2:192.168.123.107:0/0)
2026-03-09T20:42:39.475 INFO:teuthology.orchestra.run.vm07.stdout:/usr/bin/ceph: stderr
2026-03-09T20:42:39.328+0000 7f260f7fe640 1 -- 192.168.123.107:0/3364688411 --> [v2:192.168.123.107:3300/0,v1:192.168.123.107:6789/0] -- mon_subscribe({config=0+,monmap=0+}) v3 -- 0x7f2610109490 con 0x7f26101082f0
2026-03-09T20:42:39.475 INFO:teuthology.orchestra.run.vm07.stdout:/usr/bin/ceph: stderr
2026-03-09T20:42:39.329+0000 7f260f7fe640 1 --2- 192.168.123.107:0/3364688411 >> [v2:192.168.123.107:3300/0,v1:192.168.123.107:6789/0] conn(0x7f26101082f0 0x7f26101086f0 secure :-1 s=READY pgs=63 cs=0 l=1 rev1=1 crypto rx=0x7f260001c080 tx=0x7f2600040520 comp rx=0 tx=0).ready entity=mon.0 client_cookie=6d38fb5f3b1bfebd server_cookie=0 in_seq=0 out_seq=0
2026-03-09T20:42:39.475 INFO:teuthology.orchestra.run.vm07.stdout:/usr/bin/ceph: stderr
2026-03-09T20:42:39.329+0000 7f260e7fc640 1 -- 192.168.123.107:0/3364688411 <== mon.0 v2:192.168.123.107:3300/0 1 ==== mon_map magic: 0 v1 ==== 214+0+0 (secure 0 0 0) 0x7f260001a2e0 con 0x7f26101082f0
2026-03-09T20:42:39.475 INFO:teuthology.orchestra.run.vm07.stdout:/usr/bin/ceph: stderr
2026-03-09T20:42:39.329+0000 7f260e7fc640 1 -- 192.168.123.107:0/3364688411 <== mon.0 v2:192.168.123.107:3300/0 2 ==== config(27 keys) v1 ==== 1108+0+0 (secure 0 0 0) 0x7f2600043050 con 0x7f26101082f0
2026-03-09T20:42:39.475 INFO:teuthology.orchestra.run.vm07.stdout:/usr/bin/ceph: stderr
2026-03-09T20:42:39.329+0000 7f260e7fc640 1 -- 192.168.123.107:0/3364688411 <== mon.0 v2:192.168.123.107:3300/0 3 ==== mon_map magic: 0 v1 ==== 214+0+0 (secure 0 0 0) 0x7f2600047940 con 0x7f26101082f0
2026-03-09T20:42:39.475 INFO:teuthology.orchestra.run.vm07.stdout:/usr/bin/ceph: stderr
2026-03-09T20:42:39.330+0000 7f2615fa3640 1 -- 192.168.123.107:0/3364688411 >> [v2:192.168.123.107:3300/0,v1:192.168.123.107:6789/0] conn(0x7f26101082f0 msgr2=0x7f26101086f0 secure :-1 s=STATE_CONNECTION_ESTABLISHED l=1).mark_down
2026-03-09T20:42:39.475 INFO:teuthology.orchestra.run.vm07.stdout:/usr/bin/ceph: stderr
2026-03-09T20:42:39.330+0000 7f2615fa3640 1 --2- 192.168.123.107:0/3364688411 >> [v2:192.168.123.107:3300/0,v1:192.168.123.107:6789/0] conn(0x7f26101082f0 0x7f26101086f0 secure :-1 s=READY pgs=63 cs=0 l=1 rev1=1 crypto rx=0x7f260001c080 tx=0x7f2600040520 comp rx=0 tx=0).stop
2026-03-09T20:42:39.475 INFO:teuthology.orchestra.run.vm07.stdout:/usr/bin/ceph: stderr
2026-03-09T20:42:39.330+0000 7f2615fa3640 1 -- 192.168.123.107:0/3364688411 shutdown_connections
2026-03-09T20:42:39.475 INFO:teuthology.orchestra.run.vm07.stdout:/usr/bin/ceph: stderr
2026-03-09T20:42:39.330+0000 7f2615fa3640 1 --2- 192.168.123.107:0/3364688411 >> [v2:192.168.123.107:3300/0,v1:192.168.123.107:6789/0] conn(0x7f26101082f0 0x7f26101086f0 unknown :-1 s=CLOSED pgs=63 cs=0 l=1 rev1=1 crypto rx=0 tx=0 comp rx=0 tx=0).stop
2026-03-09T20:42:39.475 INFO:teuthology.orchestra.run.vm07.stdout:/usr/bin/ceph: stderr
2026-03-09T20:42:39.330+0000 7f2615fa3640 1 -- 192.168.123.107:0/3364688411 >> 192.168.123.107:0/3364688411 conn(0x7f261007b8c0 msgr2=0x7f26101066a0 unknown :-1 s=STATE_NONE l=0).mark_down
2026-03-09T20:42:39.475 INFO:teuthology.orchestra.run.vm07.stdout:/usr/bin/ceph: stderr
2026-03-09T20:42:39.330+0000 7f2615fa3640 1 -- 192.168.123.107:0/3364688411 shutdown_connections
2026-03-09T20:42:39.475 INFO:teuthology.orchestra.run.vm07.stdout:/usr/bin/ceph: stderr
2026-03-09T20:42:39.330+0000 7f2615fa3640 1 -- 192.168.123.107:0/3364688411 wait complete.
2026-03-09T20:42:39.475 INFO:teuthology.orchestra.run.vm07.stdout:/usr/bin/ceph: stderr
2026-03-09T20:42:39.330+0000 7f2615fa3640 1 Processor -- start
2026-03-09T20:42:39.475 INFO:teuthology.orchestra.run.vm07.stdout:/usr/bin/ceph: stderr
2026-03-09T20:42:39.330+0000 7f2615fa3640 1 -- start start
2026-03-09T20:42:39.475 INFO:teuthology.orchestra.run.vm07.stdout:/usr/bin/ceph: stderr
2026-03-09T20:42:39.331+0000 7f2615fa3640 1 --2- >> [v2:192.168.123.107:3300/0,v1:192.168.123.107:6789/0] conn(0x7f26101082f0 0x7f26101956f0 unknown :-1 s=NONE pgs=0 cs=0 l=1 rev1=0 crypto rx=0 tx=0 comp rx=0 tx=0).connect
2026-03-09T20:42:39.475 INFO:teuthology.orchestra.run.vm07.stdout:/usr/bin/ceph: stderr
2026-03-09T20:42:39.331+0000 7f2615fa3640 1 -- --> [v2:192.168.123.107:3300/0,v1:192.168.123.107:6789/0] -- mon_getmap magic: 0 v1 -- 0x7f2610195c30 con 0x7f26101082f0
2026-03-09T20:42:39.475 INFO:teuthology.orchestra.run.vm07.stdout:/usr/bin/ceph: stderr
2026-03-09T20:42:39.331+0000 7f260f7fe640 1 --2- >> [v2:192.168.123.107:3300/0,v1:192.168.123.107:6789/0] conn(0x7f26101082f0 0x7f26101956f0 unknown :-1 s=BANNER_CONNECTING pgs=0 cs=0 l=1 rev1=0 crypto rx=0 tx=0 comp rx=0 tx=0)._handle_peer_banner_payload supported=3 required=0
2026-03-09T20:42:39.475 INFO:teuthology.orchestra.run.vm07.stdout:/usr/bin/ceph: stderr
2026-03-09T20:42:39.331+0000 7f260f7fe640 1 --2- >> [v2:192.168.123.107:3300/0,v1:192.168.123.107:6789/0] conn(0x7f26101082f0 0x7f26101956f0 unknown :-1 s=HELLO_CONNECTING pgs=0 cs=0 l=1 rev1=1 crypto rx=0 tx=0 comp rx=0 tx=0).handle_hello peer v2:192.168.123.107:3300/0 says I am v2:192.168.123.107:35460/0 (socket says 192.168.123.107:35460)
2026-03-09T20:42:39.475 INFO:teuthology.orchestra.run.vm07.stdout:/usr/bin/ceph: stderr
2026-03-09T20:42:39.331+0000 7f260f7fe640 1 -- 192.168.123.107:0/3133894580 learned_addr learned my addr 192.168.123.107:0/3133894580 (peer_addr_for_me v2:192.168.123.107:0/0)
2026-03-09T20:42:39.475 INFO:teuthology.orchestra.run.vm07.stdout:/usr/bin/ceph: stderr
2026-03-09T20:42:39.331+0000 7f260f7fe640 1 -- 192.168.123.107:0/3133894580 --> [v2:192.168.123.107:3300/0,v1:192.168.123.107:6789/0] -- mon_subscribe({config=0+,monmap=0+}) v3 -- 0x7f260001aa70 con 0x7f26101082f0
2026-03-09T20:42:39.475 INFO:teuthology.orchestra.run.vm07.stdout:/usr/bin/ceph: stderr
2026-03-09T20:42:39.331+0000 7f260f7fe640 1 --2- 192.168.123.107:0/3133894580 >> [v2:192.168.123.107:3300/0,v1:192.168.123.107:6789/0] conn(0x7f26101082f0 0x7f26101956f0 secure :-1 s=READY pgs=64 cs=0 l=1 rev1=1 crypto rx=0x7f2600002410 tx=0x7f26000189f0 comp rx=0 tx=0).ready entity=mon.0 client_cookie=0 server_cookie=0 in_seq=0 out_seq=0
2026-03-09T20:42:39.475 INFO:teuthology.orchestra.run.vm07.stdout:/usr/bin/ceph: stderr
2026-03-09T20:42:39.332+0000 7f260cff9640 1 -- 192.168.123.107:0/3133894580 <== mon.0 v2:192.168.123.107:3300/0 1 ==== mon_map magic: 0 v1 ==== 214+0+0 (secure 0 0 0) 0x7f260001a2e0 con 0x7f26101082f0
2026-03-09T20:42:39.475 INFO:teuthology.orchestra.run.vm07.stdout:/usr/bin/ceph: stderr
2026-03-09T20:42:39.332+0000 7f260cff9640 1 -- 192.168.123.107:0/3133894580 <== mon.0 v2:192.168.123.107:3300/0 2 ==== config(27 keys) v1 ==== 1108+0+0 (secure 0 0 0) 0x7f2600018c00 con 0x7f26101082f0
2026-03-09T20:42:39.475 INFO:teuthology.orchestra.run.vm07.stdout:/usr/bin/ceph: stderr
2026-03-09T20:42:39.332+0000 7f260cff9640 1 -- 192.168.123.107:0/3133894580 <== mon.0 v2:192.168.123.107:3300/0 3 ==== mon_map magic: 0 v1 ==== 214+0+0 (secure 0 0 0) 0x7f260004f590 con 0x7f26101082f0
2026-03-09T20:42:39.475 INFO:teuthology.orchestra.run.vm07.stdout:/usr/bin/ceph: stderr
2026-03-09T20:42:39.332+0000 7f2615fa3640 1 -- 192.168.123.107:0/3133894580 --> [v2:192.168.123.107:3300/0,v1:192.168.123.107:6789/0] -- mon_subscribe({mgrmap=0+}) v3 -- 0x7f2610195e30 con 0x7f26101082f0
2026-03-09T20:42:39.475 INFO:teuthology.orchestra.run.vm07.stdout:/usr/bin/ceph: stderr
2026-03-09T20:42:39.332+0000 7f2615fa3640 1 -- 192.168.123.107:0/3133894580 --> [v2:192.168.123.107:3300/0,v1:192.168.123.107:6789/0] -- mon_subscribe({osdmap=0}) v3 -- 0x7f2610196270 con 0x7f26101082f0
2026-03-09T20:42:39.475 INFO:teuthology.orchestra.run.vm07.stdout:/usr/bin/ceph: stderr
2026-03-09T20:42:39.332+0000 7f260cff9640 1 -- 192.168.123.107:0/3133894580 <== mon.0 v2:192.168.123.107:3300/0 4 ==== mgrmap(e 8) v1 ==== 49370+0+0 (secure 0 0 0) 0x7f260004f6f0 con 0x7f26101082f0
2026-03-09T20:42:39.475 INFO:teuthology.orchestra.run.vm07.stdout:/usr/bin/ceph: stderr
2026-03-09T20:42:39.333+0000 7f260cff9640 1 --2- 192.168.123.107:0/3133894580 >> [v2:192.168.123.107:6800/810998986,v1:192.168.123.107:6801/810998986] conn(0x7f25f003d1e0 0x7f25f003f6a0 unknown :-1 s=NONE pgs=0 cs=0 l=1 rev1=0 crypto rx=0 tx=0 comp rx=0 tx=0).connect
2026-03-09T20:42:39.475 INFO:teuthology.orchestra.run.vm07.stdout:/usr/bin/ceph: stderr
2026-03-09T20:42:39.333+0000 7f260cff9640 1 -- 192.168.123.107:0/3133894580 <== mon.0 v2:192.168.123.107:3300/0 5 ==== osd_map(2..2 src has 1..2) v4 ==== 940+0+0 (secure 0 0 0) 0x7f26000889c0 con 0x7f26101082f0
2026-03-09T20:42:39.475 INFO:teuthology.orchestra.run.vm07.stdout:/usr/bin/ceph: stderr
2026-03-09T20:42:39.333+0000 7f2615fa3640 1 -- 192.168.123.107:0/3133894580 --> [v2:192.168.123.107:3300/0,v1:192.168.123.107:6789/0] -- mon_command({"prefix": "get_command_descriptions"} v 0) v1 -- 0x7f26101086f0 con 0x7f26101082f0
2026-03-09T20:42:39.475 INFO:teuthology.orchestra.run.vm07.stdout:/usr/bin/ceph: stderr
2026-03-09T20:42:39.336+0000 7f260effd640 1 --2- 192.168.123.107:0/3133894580 >> [v2:192.168.123.107:6800/810998986,v1:192.168.123.107:6801/810998986] conn(0x7f25f003d1e0 0x7f25f003f6a0 unknown :-1 s=BANNER_CONNECTING pgs=0 cs=0 l=1 rev1=0 crypto rx=0 tx=0 comp rx=0 tx=0)._handle_peer_banner_payload supported=3 required=0
2026-03-09T20:42:39.475 INFO:teuthology.orchestra.run.vm07.stdout:/usr/bin/ceph: stderr
2026-03-09T20:42:39.336+0000 7f260cff9640 1 -- 192.168.123.107:0/3133894580 <== mon.0 v2:192.168.123.107:3300/0 6 ==== mon_command_ack([{"prefix": "get_command_descriptions"}]=0 v0) v1 ==== 72+0+186382 (secure 0 0 0) 0x7f260004c020 con 0x7f26101082f0
2026-03-09T20:42:39.475 INFO:teuthology.orchestra.run.vm07.stdout:/usr/bin/ceph: stderr
2026-03-09T20:42:39.336+0000 7f260effd640 1 --2- 192.168.123.107:0/3133894580 >> [v2:192.168.123.107:6800/810998986,v1:192.168.123.107:6801/810998986] conn(0x7f25f003d1e0 0x7f25f003f6a0 secure :-1 s=READY pgs=21 cs=0 l=1 rev1=1 crypto rx=0x7f25fc0099c0 tx=0x7f25fc006eb0 comp rx=0 tx=0).ready entity=mgr.14118 client_cookie=0 server_cookie=0 in_seq=0 out_seq=0
2026-03-09T20:42:39.475 INFO:teuthology.orchestra.run.vm07.stdout:/usr/bin/ceph: stderr
2026-03-09T20:42:39.423+0000 7f2615fa3640 1 -- 192.168.123.107:0/3133894580 --> [v2:192.168.123.107:3300/0,v1:192.168.123.107:6789/0] -- mon_command([{prefix=config set, name=mgr/dashboard/ssl_server_port}] v 0) v1 -- 0x7f261006a990 con 0x7f26101082f0
2026-03-09T20:42:39.475 INFO:teuthology.orchestra.run.vm07.stdout:/usr/bin/ceph: stderr
2026-03-09T20:42:39.429+0000 7f260cff9640 1 -- 192.168.123.107:0/3133894580 <== mon.0 v2:192.168.123.107:3300/0 7 ==== mon_command_ack([{prefix=config set, name=mgr/dashboard/ssl_server_port}]=0 v8)=0 v8) v1 ==== 130+0+0 (secure 0 0 0) 0x7f2600057070 con 0x7f26101082f0
2026-03-09T20:42:39.475 INFO:teuthology.orchestra.run.vm07.stdout:/usr/bin/ceph: stderr
2026-03-09T20:42:39.432+0000 7f2615fa3640 1 -- 192.168.123.107:0/3133894580 >> [v2:192.168.123.107:6800/810998986,v1:192.168.123.107:6801/810998986] conn(0x7f25f003d1e0 msgr2=0x7f25f003f6a0 secure :-1 s=STATE_CONNECTION_ESTABLISHED l=1).mark_down
2026-03-09T20:42:39.475 INFO:teuthology.orchestra.run.vm07.stdout:/usr/bin/ceph: stderr
2026-03-09T20:42:39.432+0000 7f2615fa3640 1 --2- 192.168.123.107:0/3133894580 >> [v2:192.168.123.107:6800/810998986,v1:192.168.123.107:6801/810998986] conn(0x7f25f003d1e0 0x7f25f003f6a0 secure :-1 s=READY pgs=21 cs=0 l=1 rev1=1 crypto rx=0x7f25fc0099c0 tx=0x7f25fc006eb0 comp rx=0 tx=0).stop
2026-03-09T20:42:39.476 INFO:teuthology.orchestra.run.vm07.stdout:/usr/bin/ceph: stderr
2026-03-09T20:42:39.432+0000 7f2615fa3640 1 -- 192.168.123.107:0/3133894580 >> [v2:192.168.123.107:3300/0,v1:192.168.123.107:6789/0] conn(0x7f26101082f0 msgr2=0x7f26101956f0 secure :-1 s=STATE_CONNECTION_ESTABLISHED l=1).mark_down
2026-03-09T20:42:39.476 INFO:teuthology.orchestra.run.vm07.stdout:/usr/bin/ceph: stderr
2026-03-09T20:42:39.432+0000 7f2615fa3640 1 --2- 192.168.123.107:0/3133894580 >> [v2:192.168.123.107:3300/0,v1:192.168.123.107:6789/0] conn(0x7f26101082f0 0x7f26101956f0 secure :-1 s=READY pgs=64 cs=0 l=1 rev1=1 crypto rx=0x7f2600002410 tx=0x7f26000189f0 comp rx=0 tx=0).stop
2026-03-09T20:42:39.476 INFO:teuthology.orchestra.run.vm07.stdout:/usr/bin/ceph: stderr
2026-03-09T20:42:39.433+0000 7f2615fa3640 1 -- 192.168.123.107:0/3133894580 shutdown_connections
2026-03-09T20:42:39.476 INFO:teuthology.orchestra.run.vm07.stdout:/usr/bin/ceph: stderr
2026-03-09T20:42:39.433+0000 7f2615fa3640 1 --2- 192.168.123.107:0/3133894580 >> [v2:192.168.123.107:6800/810998986,v1:192.168.123.107:6801/810998986] conn(0x7f25f003d1e0 0x7f25f003f6a0 unknown :-1 s=CLOSED pgs=21 cs=0 l=1 rev1=1 crypto rx=0 tx=0 comp rx=0 tx=0).stop
2026-03-09T20:42:39.476 INFO:teuthology.orchestra.run.vm07.stdout:/usr/bin/ceph: stderr
2026-03-09T20:42:39.433+0000 7f2615fa3640 1 --2- 192.168.123.107:0/3133894580 >> [v2:192.168.123.107:3300/0,v1:192.168.123.107:6789/0] conn(0x7f26101082f0 0x7f26101956f0 unknown :-1 s=CLOSED pgs=64 cs=0 l=1 rev1=1 crypto rx=0 tx=0 comp rx=0 tx=0).stop
2026-03-09T20:42:39.476 INFO:teuthology.orchestra.run.vm07.stdout:/usr/bin/ceph: stderr
2026-03-09T20:42:39.433+0000 7f2615fa3640 1 -- 192.168.123.107:0/3133894580 >> 192.168.123.107:0/3133894580 conn(0x7f261007b8c0 msgr2=0x7f261006bca0 unknown :-1 s=STATE_NONE l=0).mark_down
2026-03-09T20:42:39.476 INFO:teuthology.orchestra.run.vm07.stdout:/usr/bin/ceph: stderr
2026-03-09T20:42:39.433+0000 7f2615fa3640 1 -- 192.168.123.107:0/3133894580 shutdown_connections
2026-03-09T20:42:39.476 INFO:teuthology.orchestra.run.vm07.stdout:/usr/bin/ceph: stderr
2026-03-09T20:42:39.433+0000 7f2615fa3640 1 -- 192.168.123.107:0/3133894580 wait complete.
2026-03-09T20:42:39.476 INFO:teuthology.orchestra.run.vm07.stdout:Enabling the dashboard module...
2026-03-09T20:42:40.467 INFO:teuthology.orchestra.run.vm07.stdout:/usr/bin/ceph: stderr
2026-03-09T20:42:39.577+0000 7f04efa15640 1 Processor -- start
2026-03-09T20:42:40.467 INFO:teuthology.orchestra.run.vm07.stdout:/usr/bin/ceph: stderr
2026-03-09T20:42:39.577+0000 7f04efa15640 1 -- start start
2026-03-09T20:42:40.467 INFO:teuthology.orchestra.run.vm07.stdout:/usr/bin/ceph: stderr
2026-03-09T20:42:39.577+0000 7f04efa15640 1 --2- >> [v2:192.168.123.107:3300/0,v1:192.168.123.107:6789/0] conn(0x7f04e81082f0 0x7f04e81086f0 unknown :-1 s=NONE pgs=0 cs=0 l=0 rev1=0 crypto rx=0 tx=0 comp rx=0 tx=0).connect
2026-03-09T20:42:40.467 INFO:teuthology.orchestra.run.vm07.stdout:/usr/bin/ceph: stderr
2026-03-09T20:42:39.577+0000 7f04efa15640 1 -- --> [v2:192.168.123.107:3300/0,v1:192.168.123.107:6789/0] -- mon_getmap magic: 0 v1 -- 0x7f04e8108cc0 con 0x7f04e81082f0
2026-03-09T20:42:40.467 INFO:teuthology.orchestra.run.vm07.stdout:/usr/bin/ceph: stderr
2026-03-09T20:42:39.578+0000 7f04ed78a640 1 --2- >> [v2:192.168.123.107:3300/0,v1:192.168.123.107:6789/0] conn(0x7f04e81082f0 0x7f04e81086f0 unknown :-1 s=BANNER_CONNECTING pgs=0 cs=0 l=0 rev1=0 crypto rx=0 tx=0 comp rx=0 tx=0)._handle_peer_banner_payload supported=3 required=0
2026-03-09T20:42:40.467 INFO:teuthology.orchestra.run.vm07.stdout:/usr/bin/ceph: stderr
2026-03-09T20:42:39.578+0000 7f04ed78a640 1 --2- >> [v2:192.168.123.107:3300/0,v1:192.168.123.107:6789/0] conn(0x7f04e81082f0 0x7f04e81086f0 unknown :-1 s=HELLO_CONNECTING pgs=0 cs=0 l=0 rev1=1 crypto rx=0 tx=0 comp rx=0 tx=0).handle_hello peer v2:192.168.123.107:3300/0 says I am v2:192.168.123.107:35476/0 (socket says 192.168.123.107:35476)
2026-03-09T20:42:40.467 INFO:teuthology.orchestra.run.vm07.stdout:/usr/bin/ceph: stderr
2026-03-09T20:42:39.578+0000 7f04ed78a640 1 -- 192.168.123.107:0/344573261 learned_addr learned my addr 192.168.123.107:0/344573261 (peer_addr_for_me v2:192.168.123.107:0/0)
2026-03-09T20:42:40.467 INFO:teuthology.orchestra.run.vm07.stdout:/usr/bin/ceph: stderr
2026-03-09T20:42:39.578+0000 7f04ed78a640 1 -- 192.168.123.107:0/344573261 --> [v2:192.168.123.107:3300/0,v1:192.168.123.107:6789/0] -- mon_subscribe({config=0+,monmap=0+}) v3 -- 0x7f04e8109490 con 0x7f04e81082f0
2026-03-09T20:42:40.467 INFO:teuthology.orchestra.run.vm07.stdout:/usr/bin/ceph: stderr
2026-03-09T20:42:39.579+0000 7f04ed78a640 1 --2- 192.168.123.107:0/344573261 >> [v2:192.168.123.107:3300/0,v1:192.168.123.107:6789/0] conn(0x7f04e81082f0 0x7f04e81086f0 secure :-1 s=READY pgs=65 cs=0 l=1 rev1=1 crypto rx=0x7f04d0009b30 tx=0x7f04d002f140 comp rx=0 tx=0).ready entity=mon.0 client_cookie=7ddd27ce8d4e3830 server_cookie=0 in_seq=0 out_seq=0
2026-03-09T20:42:40.467 INFO:teuthology.orchestra.run.vm07.stdout:/usr/bin/ceph: stderr
2026-03-09T20:42:39.579+0000 7f04dffff640 1 -- 192.168.123.107:0/344573261 <== mon.0 v2:192.168.123.107:3300/0 1 ==== mon_map magic: 0 v1 ==== 214+0+0 (secure 0 0 0) 0x7f04d002fbd0 con 0x7f04e81082f0
2026-03-09T20:42:40.467 INFO:teuthology.orchestra.run.vm07.stdout:/usr/bin/ceph: stderr
2026-03-09T20:42:39.579+0000 7f04dffff640 1 -- 192.168.123.107:0/344573261 <== mon.0 v2:192.168.123.107:3300/0 2 ==== config(27 keys) v1 ==== 1108+0+0 (secure 0 0 0) 0x7f04d002fd30 con 0x7f04e81082f0
2026-03-09T20:42:40.467 INFO:teuthology.orchestra.run.vm07.stdout:/usr/bin/ceph: stderr
2026-03-09T20:42:39.579+0000 7f04efa15640 1 -- 192.168.123.107:0/344573261 >> [v2:192.168.123.107:3300/0,v1:192.168.123.107:6789/0] conn(0x7f04e81082f0 msgr2=0x7f04e81086f0 secure :-1 s=STATE_CONNECTION_ESTABLISHED l=1).mark_down
2026-03-09T20:42:40.467 INFO:teuthology.orchestra.run.vm07.stdout:/usr/bin/ceph: stderr
2026-03-09T20:42:39.579+0000 7f04efa15640 1 --2- 192.168.123.107:0/344573261 >> [v2:192.168.123.107:3300/0,v1:192.168.123.107:6789/0] conn(0x7f04e81082f0 0x7f04e81086f0 secure :-1 s=READY pgs=65 cs=0 l=1 rev1=1 crypto rx=0x7f04d0009b30 tx=0x7f04d002f140 comp rx=0 tx=0).stop
2026-03-09T20:42:40.467 INFO:teuthology.orchestra.run.vm07.stdout:/usr/bin/ceph: stderr
2026-03-09T20:42:39.580+0000 7f04efa15640 1 -- 192.168.123.107:0/344573261 shutdown_connections
2026-03-09T20:42:40.467 INFO:teuthology.orchestra.run.vm07.stdout:/usr/bin/ceph: stderr
2026-03-09T20:42:39.580+0000 7f04efa15640 1 --2- 192.168.123.107:0/344573261 >> [v2:192.168.123.107:3300/0,v1:192.168.123.107:6789/0] conn(0x7f04e81082f0 0x7f04e81086f0 unknown :-1 s=CLOSED pgs=65 cs=0 l=1 rev1=1 crypto rx=0 tx=0 comp rx=0 tx=0).stop
