2026-03-10T13:35:42.233+0000 7f739455d640 1 -- 192.168.123.105:0/3028328979 --> v1:192.168.123.105:6789/0 -- mon_command({"prefix": "get_command_descriptions"} v 0) -- 0x7f7350005180 con 0x7f738c1066f0
2026-03-10T13:35:43.499 INFO:teuthology.orchestra.run.vm05.stdout:/usr/bin/ceph: stderr
2026-03-10T13:35:42.234+0000 7f737b7fe640 1 -- 192.168.123.105:0/3028328979 <== mon.0 v1:192.168.123.105:6789/0 6 ==== mon_map magic: 0 ==== 170+0+0 (unknown 4183727868 0 0) 0x7f737c006120 con 0x7f738c1066f0
2026-03-10T13:35:43.499 INFO:teuthology.orchestra.run.vm05.stdout:/usr/bin/ceph: stderr
2026-03-10T13:35:42.234+0000 7f737b7fe640 1 -- 192.168.123.105:0/3028328979 <== mon.0 v1:192.168.123.105:6789/0 7 ==== mgrmap(e 8) ==== 50212+0+0 (unknown 2179938244 0 0) 0x7f737c0127b0 con 0x7f738c1066f0
2026-03-10T13:35:43.499 INFO:teuthology.orchestra.run.vm05.stdout:/usr/bin/ceph: stderr
2026-03-10T13:35:42.234+0000 7f737b7fe640 1 -- 192.168.123.105:0/3028328979 <== mon.0 v1:192.168.123.105:6789/0 8 ==== osd_map(2..2 src has 1..2) ==== 897+0+0 (unknown 1497606905 0 0) 0x7f737c04e100 con 0x7f738c1066f0
2026-03-10T13:35:43.499 INFO:teuthology.orchestra.run.vm05.stdout:/usr/bin/ceph: stderr
2026-03-10T13:35:42.237+0000 7f737b7fe640 1 -- 192.168.123.105:0/3028328979 <== mon.0 v1:192.168.123.105:6789/0 9 ==== mon_command_ack([{"prefix": "get_command_descriptions"}]=0 v0) ==== 72+0+195034 (unknown 1092875540 0 2568732696) 0x7f737c018850 con 0x7f738c1066f0
2026-03-10T13:35:43.499 INFO:teuthology.orchestra.run.vm05.stdout:/usr/bin/ceph: stderr
2026-03-10T13:35:42.337+0000 7f737b7fe640 1 -- 192.168.123.105:0/3028328979 <== mon.0 v1:192.168.123.105:6789/0 10 ==== config(24 keys) ==== 1004+0+0 (unknown 1815091123 0 0) 0x7f737c018150 con 0x7f738c1066f0
2026-03-10T13:35:43.499 INFO:teuthology.orchestra.run.vm05.stdout:/usr/bin/ceph: stderr
2026-03-10T13:35:42.367+0000 7f739455d640 1 -- 192.168.123.105:0/3028328979 --> v1:192.168.123.105:6789/0 -- mon_command({"prefix": "mgr module enable", "module": "dashboard"} v 0) -- 0x7f7350005740 con 0x7f738c1066f0
2026-03-10T13:35:43.499 INFO:teuthology.orchestra.run.vm05.stdout:/usr/bin/ceph: stderr
2026-03-10T13:35:43.339+0000 7f737b7fe640 1 -- 192.168.123.105:0/3028328979 <== mon.0 v1:192.168.123.105:6789/0 11 ==== mon_command_ack([{"prefix": "mgr module enable", "module": "dashboard"}]=0 v9) ==== 88+0+0 (unknown 1498667528 0 0) 0x7f737c005b30 con 0x7f738c1066f0
2026-03-10T13:35:43.499 INFO:teuthology.orchestra.run.vm05.stdout:/usr/bin/ceph: stderr
2026-03-10T13:35:43.343+0000 7f737b7fe640 1 -- 192.168.123.105:0/3028328979 <== mon.0 v1:192.168.123.105:6789/0 12 ==== mgrmap(e 9) ==== 50225+0+0 (unknown 573055355 0 0) 0x7f737c04ce40 con 0x7f738c1066f0
2026-03-10T13:35:43.499 INFO:teuthology.orchestra.run.vm05.stdout:/usr/bin/ceph: stderr
2026-03-10T13:35:43.343+0000 7f739455d640 1 -- 192.168.123.105:0/3028328979 >> v1:192.168.123.105:6800/3334108074 conn(0x7f736003ec30 legacy=0x7f73600410f0 unknown :-1 s=STATE_CONNECTION_ESTABLISHED l=1).mark_down
2026-03-10T13:35:43.499 INFO:teuthology.orchestra.run.vm05.stdout:/usr/bin/ceph: stderr
2026-03-10T13:35:43.344+0000 7f739455d640 1 -- 192.168.123.105:0/3028328979 >> v1:192.168.123.105:6789/0 conn(0x7f738c1066f0 legacy=0x7f738c19e490 unknown :-1 s=STATE_CONNECTION_ESTABLISHED l=1).mark_down
2026-03-10T13:35:43.499 INFO:teuthology.orchestra.run.vm05.stdout:/usr/bin/ceph: stderr
2026-03-10T13:35:43.344+0000 7f739455d640 1 -- 192.168.123.105:0/3028328979 shutdown_connections
2026-03-10T13:35:43.499 INFO:teuthology.orchestra.run.vm05.stdout:/usr/bin/ceph: stderr
2026-03-10T13:35:43.344+0000 7f739455d640 1 -- 192.168.123.105:0/3028328979 >> 192.168.123.105:0/3028328979 conn(0x7f738c101e60 msgr2=0x7f738c1022b0 unknown :-1 s=STATE_NONE l=0).mark_down
2026-03-10T13:35:43.499 INFO:teuthology.orchestra.run.vm05.stdout:/usr/bin/ceph: stderr
2026-03-10T13:35:43.347+0000 7f739455d640 1 -- 192.168.123.105:0/3028328979 shutdown_connections
2026-03-10T13:35:43.499 INFO:teuthology.orchestra.run.vm05.stdout:/usr/bin/ceph: stderr
2026-03-10T13:35:43.347+0000 7f739455d640 1 -- 192.168.123.105:0/3028328979 wait complete.
2026-03-10T13:35:43.602 INFO:journalctl@ceph.mon.a.vm05.stdout:Mar 10 13:35:43 vm05 ceph-mon[51512]: from='mgr.14118 v1:192.168.123.105:0/3540588486' entity='mgr.y'
2026-03-10T13:35:43.603 INFO:journalctl@ceph.mon.a.vm05.stdout:Mar 10 13:35:43 vm05 ceph-mon[51512]: from='mgr.14118 v1:192.168.123.105:0/3540588486' entity='mgr.y'
2026-03-10T13:35:43.603 INFO:journalctl@ceph.mon.a.vm05.stdout:Mar 10 13:35:43 vm05 ceph-mon[51512]: from='mgr.14118 v1:192.168.123.105:0/3540588486' entity='mgr.y'
2026-03-10T13:35:43.603 INFO:journalctl@ceph.mon.a.vm05.stdout:Mar 10 13:35:43 vm05 ceph-mon[51512]: from='client.? v1:192.168.123.105:0/3028328979' entity='client.admin' cmd='[{"prefix": "mgr module enable", "module": "dashboard"}]': finished
2026-03-10T13:35:43.603 INFO:journalctl@ceph.mon.a.vm05.stdout:Mar 10 13:35:43 vm05 ceph-mon[51512]: mgrmap e9: y(active, since 7s)
2026-03-10T13:35:43.603 INFO:journalctl@ceph.mgr.y.vm05.stdout:Mar 10 13:35:43 vm05 ceph-e063dc72-1c85-11f1-a098-09993c5c5b66-mgr-y[51744]: ignoring --setuser ceph since I am not root
2026-03-10T13:35:43.603 INFO:journalctl@ceph.mgr.y.vm05.stdout:Mar 10 13:35:43 vm05 ceph-e063dc72-1c85-11f1-a098-09993c5c5b66-mgr-y[51744]: ignoring --setgroup ceph since I am not root
2026-03-10T13:35:43.603 INFO:journalctl@ceph.mgr.y.vm05.stdout:Mar 10 13:35:43 vm05 ceph-e063dc72-1c85-11f1-a098-09993c5c5b66-mgr-y[51744]:
2026-03-10T13:35:43.518+0000 7ff804f4a140 -1 mgr[py] Module alerts has missing NOTIFY_TYPES member
2026-03-10T13:35:43.603 INFO:journalctl@ceph.mgr.y.vm05.stdout:Mar 10 13:35:43 vm05 ceph-e063dc72-1c85-11f1-a098-09993c5c5b66-mgr-y[51744]:
2026-03-10T13:35:43.573+0000 7ff804f4a140 -1 mgr[py] Module balancer has missing NOTIFY_TYPES member
2026-03-10T13:35:43.918 INFO:teuthology.orchestra.run.vm05.stdout:/usr/bin/ceph: stdout {
2026-03-10T13:35:43.918 INFO:teuthology.orchestra.run.vm05.stdout:/usr/bin/ceph: stdout "epoch": 9,
2026-03-10T13:35:43.918 INFO:teuthology.orchestra.run.vm05.stdout:/usr/bin/ceph: stdout "available": true,
2026-03-10T13:35:43.918 INFO:teuthology.orchestra.run.vm05.stdout:/usr/bin/ceph: stdout "active_name": "y",
2026-03-10T13:35:43.918 INFO:teuthology.orchestra.run.vm05.stdout:/usr/bin/ceph: stdout "num_standby": 0
2026-03-10T13:35:43.918 INFO:teuthology.orchestra.run.vm05.stdout:/usr/bin/ceph: stdout }
2026-03-10T13:35:43.918 INFO:teuthology.orchestra.run.vm05.stdout:/usr/bin/ceph: stderr
2026-03-10T13:35:43.657+0000 7f8e4a420640 1 Processor -- start
2026-03-10T13:35:43.918 INFO:teuthology.orchestra.run.vm05.stdout:/usr/bin/ceph: stderr
2026-03-10T13:35:43.657+0000 7f8e4a420640 1 -- start start
2026-03-10T13:35:43.918 INFO:teuthology.orchestra.run.vm05.stdout:/usr/bin/ceph: stderr
2026-03-10T13:35:43.657+0000 7f8e4a420640 1 -- --> v1:192.168.123.105:6789/0 -- auth(proto 0 34 bytes epoch 0) -- 0x7f8e44074770 con 0x7f8e44073bd0
2026-03-10T13:35:43.918 INFO:teuthology.orchestra.run.vm05.stdout:/usr/bin/ceph: stderr
2026-03-10T13:35:43.658+0000 7f8e4941e640 1 --1- >> v1:192.168.123.105:6789/0 conn(0x7f8e44073bd0 0x7f8e44073fd0 :-1 s=CONNECTING_WAIT_BANNER_AND_IDENTIFY pgs=0 cs=0 l=0).handle_server_banner_and_identify peer v1:192.168.123.105:6789/0 says I am v1:192.168.123.105:36898/0 (socket says 192.168.123.105:36898)
2026-03-10T13:35:43.918 INFO:teuthology.orchestra.run.vm05.stdout:/usr/bin/ceph: stderr
2026-03-10T13:35:43.658+0000 7f8e4941e640 1 -- 192.168.123.105:0/3236615019 learned_addr learned my addr 192.168.123.105:0/3236615019 (peer_addr_for_me v1:192.168.123.105:0/0)
2026-03-10T13:35:43.918 INFO:teuthology.orchestra.run.vm05.stdout:/usr/bin/ceph: stderr
2026-03-10T13:35:43.659+0000 7f8e33fff640 1 -- 192.168.123.105:0/3236615019 <== mon.0 v1:192.168.123.105:6789/0 1 ==== auth_reply(proto 2 0 (0) Success) ==== 33+0+0 (unknown 4088808981 0 0) 0x7f8e44074770 con 0x7f8e44073bd0
2026-03-10T13:35:43.918 INFO:teuthology.orchestra.run.vm05.stdout:/usr/bin/ceph: stderr
2026-03-10T13:35:43.659+0000 7f8e33fff640 1 -- 192.168.123.105:0/3236615019 --> v1:192.168.123.105:6789/0 -- auth(proto 2 36 bytes epoch 0) -- 0x7f8e2c003600 con 0x7f8e44073bd0
2026-03-10T13:35:43.918 INFO:teuthology.orchestra.run.vm05.stdout:/usr/bin/ceph: stderr
2026-03-10T13:35:43.660+0000 7f8e33fff640 1 -- 192.168.123.105:0/3236615019 <== mon.0 v1:192.168.123.105:6789/0 2 ==== auth_reply(proto 2 0 (0) Success) ==== 214+0+0 (unknown 2404221884 0 0) 0x7f8e2c003600 con 0x7f8e44073bd0
2026-03-10T13:35:43.918 INFO:teuthology.orchestra.run.vm05.stdout:/usr/bin/ceph: stderr
2026-03-10T13:35:43.660+0000 7f8e33fff640 1 -- 192.168.123.105:0/3236615019 --> v1:192.168.123.105:6789/0 -- mon_subscribe({config=0+,monmap=0+}) -- 0x7f8e4407d060 con 0x7f8e44073bd0
2026-03-10T13:35:43.918 INFO:teuthology.orchestra.run.vm05.stdout:/usr/bin/ceph: stderr
2026-03-10T13:35:43.660+0000 7f8e33fff640 1 -- 192.168.123.105:0/3236615019 <== mon.0 v1:192.168.123.105:6789/0 3 ==== mon_map magic: 0 ==== 170+0+0 (unknown 4183727868 0 0) 0x7f8e34002e10 con 0x7f8e44073bd0
2026-03-10T13:35:43.918 INFO:teuthology.orchestra.run.vm05.stdout:/usr/bin/ceph: stderr
2026-03-10T13:35:43.660+0000 7f8e33fff640 1 -- 192.168.123.105:0/3236615019 <== mon.0 v1:192.168.123.105:6789/0 4 ==== config(24 keys) ==== 1004+0+0 (unknown 1815091123 0 0) 0x7f8e34003400 con 0x7f8e44073bd0
2026-03-10T13:35:43.918 INFO:teuthology.orchestra.run.vm05.stdout:/usr/bin/ceph: stderr
2026-03-10T13:35:43.660+0000 7f8e33fff640 1 -- 192.168.123.105:0/3236615019 <== mon.0 v1:192.168.123.105:6789/0 5 ==== mon_map magic: 0 ==== 170+0+0 (unknown 4183727868 0 0) 0x7f8e340059d0 con 0x7f8e44073bd0
2026-03-10T13:35:43.918 INFO:teuthology.orchestra.run.vm05.stdout:/usr/bin/ceph: stderr
2026-03-10T13:35:43.660+0000 7f8e4a420640 1 -- 192.168.123.105:0/3236615019 >> v1:192.168.123.105:6789/0 conn(0x7f8e44073bd0 legacy=0x7f8e44073fd0 unknown :-1 s=STATE_CONNECTION_ESTABLISHED l=1).mark_down
2026-03-10T13:35:43.918 INFO:teuthology.orchestra.run.vm05.stdout:/usr/bin/ceph: stderr
2026-03-10T13:35:43.661+0000 7f8e4a420640 1 -- 192.168.123.105:0/3236615019 shutdown_connections
2026-03-10T13:35:43.918 INFO:teuthology.orchestra.run.vm05.stdout:/usr/bin/ceph: stderr
2026-03-10T13:35:43.661+0000 7f8e4a420640 1 -- 192.168.123.105:0/3236615019 >> 192.168.123.105:0/3236615019 conn(0x7f8e4406f4e0 msgr2=0x7f8e44071920 unknown :-1 s=STATE_NONE l=0).mark_down
2026-03-10T13:35:43.918 INFO:teuthology.orchestra.run.vm05.stdout:/usr/bin/ceph: stderr
2026-03-10T13:35:43.661+0000 7f8e4a420640 1 -- 192.168.123.105:0/3236615019 shutdown_connections
2026-03-10T13:35:43.918 INFO:teuthology.orchestra.run.vm05.stdout:/usr/bin/ceph: stderr
2026-03-10T13:35:43.661+0000 7f8e4a420640 1 -- 192.168.123.105:0/3236615019 wait complete.
2026-03-10T13:35:43.918 INFO:teuthology.orchestra.run.vm05.stdout:/usr/bin/ceph: stderr
2026-03-10T13:35:43.661+0000 7f8e4a420640 1 Processor -- start
2026-03-10T13:35:43.918 INFO:teuthology.orchestra.run.vm05.stdout:/usr/bin/ceph: stderr
2026-03-10T13:35:43.662+0000 7f8e4a420640 1 -- start start
2026-03-10T13:35:43.918 INFO:teuthology.orchestra.run.vm05.stdout:/usr/bin/ceph: stderr
2026-03-10T13:35:43.662+0000 7f8e4a420640 1 -- --> v1:192.168.123.105:6789/0 -- auth(proto 0 34 bytes epoch 0) -- 0x7f8e44081520 con 0x7f8e44073bd0
2026-03-10T13:35:43.918 INFO:teuthology.orchestra.run.vm05.stdout:/usr/bin/ceph: stderr
2026-03-10T13:35:43.662+0000 7f8e4941e640 1 --1- >> v1:192.168.123.105:6789/0 conn(0x7f8e44073bd0 0x7f8e44080e10 :-1 s=CONNECTING_WAIT_BANNER_AND_IDENTIFY pgs=0 cs=0 l=1).handle_server_banner_and_identify peer v1:192.168.123.105:6789/0 says I am v1:192.168.123.105:36900/0 (socket says 192.168.123.105:36900)
2026-03-10T13:35:43.918 INFO:teuthology.orchestra.run.vm05.stdout:/usr/bin/ceph: stderr
2026-03-10T13:35:43.662+0000 7f8e4941e640 1 -- 192.168.123.105:0/1095205776 learned_addr learned my addr 192.168.123.105:0/1095205776 (peer_addr_for_me v1:192.168.123.105:0/0)
2026-03-10T13:35:43.918 INFO:teuthology.orchestra.run.vm05.stdout:/usr/bin/ceph: stderr
2026-03-10T13:35:43.662+0000 7f8e327fc640 1 -- 192.168.123.105:0/1095205776 <== mon.0 v1:192.168.123.105:6789/0 1 ==== auth_reply(proto 2 0 (0) Success) ==== 33+0+0 (unknown 1448777281 0 0) 0x7f8e44081520 con 0x7f8e44073bd0
2026-03-10T13:35:43.918 INFO:teuthology.orchestra.run.vm05.stdout:/usr/bin/ceph: stderr
2026-03-10T13:35:43.662+0000 7f8e327fc640 1 -- 192.168.123.105:0/1095205776 --> v1:192.168.123.105:6789/0 -- auth(proto 2 36 bytes epoch 0) -- 0x7f8e24003650 con 0x7f8e44073bd0
2026-03-10T13:35:43.918 INFO:teuthology.orchestra.run.vm05.stdout:/usr/bin/ceph: stderr
2026-03-10T13:35:43.663+0000 7f8e327fc640 1 -- 192.168.123.105:0/1095205776 <== mon.0 v1:192.168.123.105:6789/0 2 ==== auth_reply(proto 2 0 (0) Success) ==== 764+0+0 (unknown 3279841213 0 0) 0x7f8e24003650 con 0x7f8e44073bd0
2026-03-10T13:35:43.918 INFO:teuthology.orchestra.run.vm05.stdout:/usr/bin/ceph: stderr
2026-03-10T13:35:43.663+0000 7f8e327fc640 1 -- 192.168.123.105:0/1095205776 --> v1:192.168.123.105:6789/0 -- auth(proto 2 165 bytes epoch 0) -- 0x7f8e44081520 con 0x7f8e44073bd0
2026-03-10T13:35:43.918 INFO:teuthology.orchestra.run.vm05.stdout:/usr/bin/ceph: stderr
2026-03-10T13:35:43.663+0000 7f8e327fc640 1 -- 192.168.123.105:0/1095205776 <== mon.0 v1:192.168.123.105:6789/0 3 ==== mon_map magic: 0 ==== 170+0+0 (unknown 4183727868 0 0) 0x7f8e34002890 con 0x7f8e44073bd0
2026-03-10T13:35:43.918 INFO:teuthology.orchestra.run.vm05.stdout:/usr/bin/ceph: stderr
2026-03-10T13:35:43.663+0000 7f8e327fc640 1 -- 192.168.123.105:0/1095205776 <== mon.0 v1:192.168.123.105:6789/0 4 ==== auth_reply(proto 2 0 (0) Success) ==== 580+0+0 (unknown 2445684816 0 0) 0x7f8e44081520 con 0x7f8e44073bd0
2026-03-10T13:35:43.918 INFO:teuthology.orchestra.run.vm05.stdout:/usr/bin/ceph: stderr
2026-03-10T13:35:43.663+0000 7f8e327fc640 1 -- 192.168.123.105:0/1095205776 --> v1:192.168.123.105:6789/0 -- mon_subscribe({config=0+,monmap=0+}) -- 0x7f8e440816f0 con 0x7f8e44073bd0
2026-03-10T13:35:43.918 INFO:teuthology.orchestra.run.vm05.stdout:/usr/bin/ceph: stderr
2026-03-10T13:35:43.663+0000 7f8e4a420640 1 -- 192.168.123.105:0/1095205776 --> v1:192.168.123.105:6789/0 -- mon_subscribe({mgrmap=0+}) -- 0x7f8e4407d950 con 0x7f8e44073bd0
2026-03-10T13:35:43.918 INFO:teuthology.orchestra.run.vm05.stdout:/usr/bin/ceph: stderr
2026-03-10T13:35:43.663+0000 7f8e4a420640 1 -- 192.168.123.105:0/1095205776 --> v1:192.168.123.105:6789/0 -- mon_subscribe({osdmap=0}) -- 0x7f8e4407de90 con 0x7f8e44073bd0
2026-03-10T13:35:43.918 INFO:teuthology.orchestra.run.vm05.stdout:/usr/bin/ceph: stderr
2026-03-10T13:35:43.664+0000 7f8e4a420640 1 -- 192.168.123.105:0/1095205776 --> v1:192.168.123.105:6789/0 -- mon_command({"prefix": "get_command_descriptions"} v 0) -- 0x7f8e1c005180 con 0x7f8e44073bd0
2026-03-10T13:35:43.918 INFO:teuthology.orchestra.run.vm05.stdout:/usr/bin/ceph: stderr
2026-03-10T13:35:43.664+0000 7f8e327fc640 1 -- 192.168.123.105:0/1095205776 <== mon.0 v1:192.168.123.105:6789/0 5 ==== config(24 keys) ==== 1004+0+0 (unknown 1815091123 0 0) 0x7f8e340055f0 con 0x7f8e44073bd0
2026-03-10T13:35:43.919 INFO:teuthology.orchestra.run.vm05.stdout:/usr/bin/ceph: stderr
2026-03-10T13:35:43.664+0000 7f8e327fc640 1 -- 192.168.123.105:0/1095205776 <== mon.0 v1:192.168.123.105:6789/0 6 ==== mon_map magic: 0 ==== 170+0+0 (unknown 4183727868 0 0) 0x7f8e34005ec0 con 0x7f8e44073bd0
2026-03-10T13:35:43.919 INFO:teuthology.orchestra.run.vm05.stdout:/usr/bin/ceph: stderr
2026-03-10T13:35:43.665+0000 7f8e327fc640 1 -- 192.168.123.105:0/1095205776 <== mon.0 v1:192.168.123.105:6789/0 7 ==== mgrmap(e 9) ==== 50225+0+0 (unknown 573055355 0 0) 0x7f8e340125a0 con 0x7f8e44073bd0
2026-03-10T13:35:43.919 INFO:teuthology.orchestra.run.vm05.stdout:/usr/bin/ceph: stderr
2026-03-10T13:35:43.665+0000 7f8e327fc640 1 -- 192.168.123.105:0/1095205776 <== mon.0 v1:192.168.123.105:6789/0 8 ==== osd_map(2..2 src has 1..2) ==== 897+0+0 (unknown 1497606905 0 0) 0x7f8e3404e260 con 0x7f8e44073bd0
2026-03-10T13:35:43.919 INFO:teuthology.orchestra.run.vm05.stdout:/usr/bin/ceph: stderr
2026-03-10T13:35:43.667+0000 7f8e48c1d640 1 -- 192.168.123.105:0/1095205776 >> v1:192.168.123.105:6800/3334108074 conn(0x7f8e2403ec90 legacy=0x7f8e24041150 unknown :-1 s=STATE_CONNECTING_RE l=1).process reconnect failed to v1:192.168.123.105:6800/3334108074
2026-03-10T13:35:43.919 INFO:teuthology.orchestra.run.vm05.stdout:/usr/bin/ceph: stderr
2026-03-10T13:35:43.668+0000 7f8e327fc640 1 -- 192.168.123.105:0/1095205776 <== mon.0 v1:192.168.123.105:6789/0 9 ==== mon_command_ack([{"prefix": "get_command_descriptions"}]=0 v0) ==== 72+0+195034 (unknown 1092875540 0 2568732696) 0x7f8e34018930 con 0x7f8e44073bd0
2026-03-10T13:35:43.919 INFO:teuthology.orchestra.run.vm05.stdout:/usr/bin/ceph: stderr
2026-03-10T13:35:43.783+0000 7f8e4a420640 1 -- 192.168.123.105:0/1095205776 --> v1:192.168.123.105:6789/0 -- mon_command({"prefix": "mgr stat"} v 0) -- 0x7f8e1c005d40 con 0x7f8e44073bd0
2026-03-10T13:35:43.919 INFO:teuthology.orchestra.run.vm05.stdout:/usr/bin/ceph: stderr
2026-03-10T13:35:43.785+0000 7f8e327fc640 1 -- 192.168.123.105:0/1095205776 <== mon.0 v1:192.168.123.105:6789/0 10 ==== mon_command_ack([{"prefix": "mgr stat"}]=0 v9) ==== 56+0+88 (unknown 2005831594 0 1748205903) 0x7f8e34018230 con 0x7f8e44073bd0
2026-03-10T13:35:43.919 INFO:teuthology.orchestra.run.vm05.stdout:/usr/bin/ceph: stderr
2026-03-10T13:35:43.788+0000 7f8e13fff640 1 -- 192.168.123.105:0/1095205776 >> v1:192.168.123.105:6800/3334108074 conn(0x7f8e2403ec90 legacy=0x7f8e24041150 unknown :-1 s=STATE_CONNECTING l=1).mark_down
2026-03-10T13:35:43.919 INFO:teuthology.orchestra.run.vm05.stdout:/usr/bin/ceph: stderr
2026-03-10T13:35:43.788+0000 7f8e13fff640 1 -- 192.168.123.105:0/1095205776 >> v1:192.168.123.105:6789/0 conn(0x7f8e44073bd0 legacy=0x7f8e44080e10 unknown :-1 s=STATE_CONNECTION_ESTABLISHED l=1).mark_down
2026-03-10T13:35:43.919 INFO:teuthology.orchestra.run.vm05.stdout:/usr/bin/ceph: stderr
2026-03-10T13:35:43.788+0000 7f8e13fff640 1 -- 192.168.123.105:0/1095205776 shutdown_connections
2026-03-10T13:35:43.919 INFO:teuthology.orchestra.run.vm05.stdout:/usr/bin/ceph: stderr
2026-03-10T13:35:43.788+0000 7f8e13fff640 1 -- 192.168.123.105:0/1095205776 >> 192.168.123.105:0/1095205776 conn(0x7f8e4406f4e0 msgr2=0x7f8e44079830 unknown :-1 s=STATE_NONE l=0).mark_down
2026-03-10T13:35:43.919 INFO:teuthology.orchestra.run.vm05.stdout:/usr/bin/ceph: stderr
2026-03-10T13:35:43.788+0000 7f8e13fff640 1 -- 192.168.123.105:0/1095205776 shutdown_connections
2026-03-10T13:35:43.919 INFO:teuthology.orchestra.run.vm05.stdout:/usr/bin/ceph: stderr
2026-03-10T13:35:43.788+0000 7f8e13fff640 1 -- 192.168.123.105:0/1095205776 wait complete.
2026-03-10T13:35:43.919 INFO:teuthology.orchestra.run.vm05.stdout:Waiting for the mgr to restart...
2026-03-10T13:35:43.919 INFO:teuthology.orchestra.run.vm05.stdout:Waiting for mgr epoch 9...
2026-03-10T13:35:44.265 INFO:journalctl@ceph.mgr.y.vm05.stdout:Mar 10 13:35:44 vm05 ceph-e063dc72-1c85-11f1-a098-09993c5c5b66-mgr-y[51744]:
2026-03-10T13:35:44.028+0000 7ff804f4a140 -1 mgr[py] Module crash has missing NOTIFY_TYPES member
2026-03-10T13:35:44.552 INFO:journalctl@ceph.mon.a.vm05.stdout:Mar 10 13:35:44 vm05 ceph-mon[51512]: from='client.? v1:192.168.123.105:0/1095205776' entity='client.admin' cmd=[{"prefix": "mgr stat"}]: dispatch
2026-03-10T13:35:44.552 INFO:journalctl@ceph.mgr.y.vm05.stdout:Mar 10 13:35:44 vm05 ceph-e063dc72-1c85-11f1-a098-09993c5c5b66-mgr-y[51744]:
2026-03-10T13:35:44.357+0000 7ff804f4a140 -1 mgr[py] Module devicehealth has missing NOTIFY_TYPES member
2026-03-10T13:35:44.552 INFO:journalctl@ceph.mgr.y.vm05.stdout:Mar 10 13:35:44 vm05 ceph-e063dc72-1c85-11f1-a098-09993c5c5b66-mgr-y[51744]: /lib64/python3.9/site-packages/scipy/__init__.py:73: UserWarning: NumPy was imported from a Python sub-interpreter but NumPy does not properly support sub-interpreters. This will likely work for most users but might cause hard to track down issues or subtle bugs. A common user of the rare sub-interpreter feature is wsgi which also allows single-interpreter mode.
2026-03-10T13:35:44.552 INFO:journalctl@ceph.mgr.y.vm05.stdout:Mar 10 13:35:44 vm05 ceph-e063dc72-1c85-11f1-a098-09993c5c5b66-mgr-y[51744]: Improvements in the case of bugs are welcome, but is not on the NumPy roadmap, and full support may require significant effort to achieve.
2026-03-10T13:35:44.552 INFO:journalctl@ceph.mgr.y.vm05.stdout:Mar 10 13:35:44 vm05 ceph-e063dc72-1c85-11f1-a098-09993c5c5b66-mgr-y[51744]: from numpy import show_config as show_numpy_config
2026-03-10T13:35:44.552 INFO:journalctl@ceph.mgr.y.vm05.stdout:Mar 10 13:35:44 vm05 ceph-e063dc72-1c85-11f1-a098-09993c5c5b66-mgr-y[51744]:
2026-03-10T13:35:44.441+0000 7ff804f4a140 -1 mgr[py] Module diskprediction_local has missing NOTIFY_TYPES member
2026-03-10T13:35:44.552 INFO:journalctl@ceph.mgr.y.vm05.stdout:Mar 10 13:35:44 vm05 ceph-e063dc72-1c85-11f1-a098-09993c5c5b66-mgr-y[51744]:
2026-03-10T13:35:44.478+0000 7ff804f4a140 -1 mgr[py] Module influx has missing NOTIFY_TYPES member
2026-03-10T13:35:44.552 INFO:journalctl@ceph.mgr.y.vm05.stdout:Mar 10 13:35:44 vm05 ceph-e063dc72-1c85-11f1-a098-09993c5c5b66-mgr-y[51744]:
2026-03-10T13:35:44.551+0000 7ff804f4a140 -1 mgr[py] Module iostat has missing NOTIFY_TYPES member
2026-03-10T13:35:45.296 INFO:journalctl@ceph.mgr.y.vm05.stdout:Mar 10 13:35:45 vm05 ceph-e063dc72-1c85-11f1-a098-09993c5c5b66-mgr-y[51744]:
2026-03-10T13:35:45.040+0000 7ff804f4a140 -1 mgr[py] Module nfs has missing NOTIFY_TYPES member
2026-03-10T13:35:45.316 INFO:journalctl@ceph.mgr.y.vm05.stdout:Mar 10 13:35:45 vm05 ceph-e063dc72-1c85-11f1-a098-09993c5c5b66-mgr-y[51744]:
2026-03-10T13:35:45.148+0000 7ff804f4a140 -1 mgr[py] Module orchestrator has missing NOTIFY_TYPES member
2026-03-10T13:35:45.316 INFO:journalctl@ceph.mgr.y.vm05.stdout:Mar 10 13:35:45 vm05 ceph-e063dc72-1c85-11f1-a098-09993c5c5b66-mgr-y[51744]:
2026-03-10T13:35:45.188+0000 7ff804f4a140 -1 mgr[py] Module osd_perf_query has missing NOTIFY_TYPES member
2026-03-10T13:35:45.316 INFO:journalctl@ceph.mgr.y.vm05.stdout:Mar 10 13:35:45 vm05 ceph-e063dc72-1c85-11f1-a098-09993c5c5b66-mgr-y[51744]:
2026-03-10T13:35:45.222+0000 7ff804f4a140 -1 mgr[py] Module osd_support has missing NOTIFY_TYPES member
2026-03-10T13:35:45.317 INFO:journalctl@ceph.mgr.y.vm05.stdout:Mar 10 13:35:45 vm05 ceph-e063dc72-1c85-11f1-a098-09993c5c5b66-mgr-y[51744]:
2026-03-10T13:35:45.261+0000 7ff804f4a140 -1 mgr[py] Module pg_autoscaler has missing NOTIFY_TYPES member
2026-03-10T13:35:45.317 INFO:journalctl@ceph.mgr.y.vm05.stdout:Mar 10 13:35:45 vm05 ceph-e063dc72-1c85-11f1-a098-09993c5c5b66-mgr-y[51744]:
2026-03-10T13:35:45.295+0000 7ff804f4a140 -1 mgr[py] Module progress has missing NOTIFY_TYPES member
2026-03-10T13:35:45.581 INFO:journalctl@ceph.mgr.y.vm05.stdout:Mar 10 13:35:45 vm05 ceph-e063dc72-1c85-11f1-a098-09993c5c5b66-mgr-y[51744]:
2026-03-10T13:35:45.453+0000 7ff804f4a140 -1 mgr[py] Module prometheus has missing NOTIFY_TYPES member
2026-03-10T13:35:45.581 INFO:journalctl@ceph.mgr.y.vm05.stdout:Mar 10 13:35:45 vm05 ceph-e063dc72-1c85-11f1-a098-09993c5c5b66-mgr-y[51744]:
2026-03-10T13:35:45.502+0000 7ff804f4a140 -1 mgr[py] Module rbd_support has missing NOTIFY_TYPES member
2026-03-10T13:35:45.999 INFO:journalctl@ceph.mgr.y.vm05.stdout:Mar 10 13:35:45 vm05 ceph-e063dc72-1c85-11f1-a098-09993c5c5b66-mgr-y[51744]:
2026-03-10T13:35:45.729+0000 7ff804f4a140 -1 mgr[py] Module rgw has missing NOTIFY_TYPES member
2026-03-10T13:35:45.999 INFO:journalctl@ceph.mgr.y.vm05.stdout:Mar 10 13:35:46 vm05 ceph-e063dc72-1c85-11f1-a098-09993c5c5b66-mgr-y[51744]:
2026-03-10T13:35:45.999+0000 7ff804f4a140 -1 mgr[py] Module rook has missing NOTIFY_TYPES member
2026-03-10T13:35:46.257 INFO:journalctl@ceph.mgr.y.vm05.stdout:Mar 10 13:35:46 vm05 ceph-e063dc72-1c85-11f1-a098-09993c5c5b66-mgr-y[51744]:
2026-03-10T13:35:46.033+0000 7ff804f4a140 -1 mgr[py] Module selftest has missing NOTIFY_TYPES member
2026-03-10T13:35:46.257 INFO:journalctl@ceph.mgr.y.vm05.stdout:Mar 10 13:35:46 vm05 ceph-e063dc72-1c85-11f1-a098-09993c5c5b66-mgr-y[51744]:
2026-03-10T13:35:46.072+0000 7ff804f4a140 -1 mgr[py] Module snap_schedule has missing NOTIFY_TYPES member
2026-03-10T13:35:46.257 INFO:journalctl@ceph.mgr.y.vm05.stdout:Mar 10 13:35:46 vm05 ceph-e063dc72-1c85-11f1-a098-09993c5c5b66-mgr-y[51744]:
2026-03-10T13:35:46.144+0000 7ff804f4a140 -1 mgr[py] Module status has missing NOTIFY_TYPES member
2026-03-10T13:35:46.257 INFO:journalctl@ceph.mgr.y.vm05.stdout:Mar 10 13:35:46 vm05 ceph-e063dc72-1c85-11f1-a098-09993c5c5b66-mgr-y[51744]:
2026-03-10T13:35:46.178+0000 7ff804f4a140 -1 mgr[py] Module telegraf has missing NOTIFY_TYPES member
2026-03-10T13:35:46.257 INFO:journalctl@ceph.mgr.y.vm05.stdout:Mar 10 13:35:46 vm05 ceph-e063dc72-1c85-11f1-a098-09993c5c5b66-mgr-y[51744]:
2026-03-10T13:35:46.256+0000 7ff804f4a140 -1 mgr[py] Module telemetry has missing NOTIFY_TYPES member
2026-03-10T13:35:46.529 INFO:journalctl@ceph.mgr.y.vm05.stdout:Mar 10 13:35:46 vm05 ceph-e063dc72-1c85-11f1-a098-09993c5c5b66-mgr-y[51744]:
2026-03-10T13:35:46.363+0000 7ff804f4a140 -1 mgr[py] Module test_orchestrator has missing NOTIFY_TYPES member
2026-03-10T13:35:46.529 INFO:journalctl@ceph.mgr.y.vm05.stdout:Mar 10 13:35:46 vm05 ceph-e063dc72-1c85-11f1-a098-09993c5c5b66-mgr-y[51744]:
2026-03-10T13:35:46.493+0000 7ff804f4a140 -1 mgr[py] Module volumes has missing NOTIFY_TYPES member
2026-03-10T13:35:46.831 INFO:journalctl@ceph.mgr.y.vm05.stdout:Mar 10 13:35:46 vm05 ceph-e063dc72-1c85-11f1-a098-09993c5c5b66-mgr-y[51744]:
2026-03-10T13:35:46.528+0000 7ff804f4a140 -1 mgr[py] Module zabbix has missing NOTIFY_TYPES member
2026-03-10T13:35:46.831 INFO:journalctl@ceph.mon.a.vm05.stdout:Mar 10 13:35:46 vm05 ceph-mon[51512]: Active manager daemon y restarted
2026-03-10T13:35:46.831 INFO:journalctl@ceph.mon.a.vm05.stdout:Mar 10 13:35:46 vm05 ceph-mon[51512]: Activating manager daemon y
2026-03-10T13:35:46.831 INFO:journalctl@ceph.mon.a.vm05.stdout:Mar 10 13:35:46 vm05 ceph-mon[51512]: osdmap e3: 0 total, 0 up, 0 in
2026-03-10T13:35:46.831 INFO:journalctl@ceph.mon.a.vm05.stdout:Mar 10 13:35:46 vm05 ceph-mon[51512]: mgrmap e10: y(active, starting, since 0.00717009s)
2026-03-10T13:35:46.831 INFO:journalctl@ceph.mon.a.vm05.stdout:Mar 10 13:35:46 vm05 ceph-mon[51512]: from='mgr.14150 v1:192.168.123.105:0/791039324' entity='mgr.y' cmd=[{"prefix": "mon metadata", "id": "a"}]: dispatch
2026-03-10T13:35:46.831 INFO:journalctl@ceph.mon.a.vm05.stdout:Mar 10 13:35:46 vm05 ceph-mon[51512]: from='mgr.14150 v1:192.168.123.105:0/791039324' entity='mgr.y' cmd=[{"prefix": "mgr metadata", "who": "y", "id": "y"}]: dispatch
2026-03-10T13:35:46.831 INFO:journalctl@ceph.mon.a.vm05.stdout:Mar 10 13:35:46 vm05 ceph-mon[51512]: from='mgr.14150 v1:192.168.123.105:0/791039324' entity='mgr.y' cmd=[{"prefix": "mds metadata"}]: dispatch
2026-03-10T13:35:46.831 INFO:journalctl@ceph.mon.a.vm05.stdout:Mar 10 13:35:46 vm05 ceph-mon[51512]: from='mgr.14150 v1:192.168.123.105:0/791039324' entity='mgr.y' cmd=[{"prefix": "osd metadata"}]: dispatch
2026-03-10T13:35:46.831 INFO:journalctl@ceph.mon.a.vm05.stdout:Mar 10 13:35:46 vm05 ceph-mon[51512]: from='mgr.14150 v1:192.168.123.105:0/791039324' entity='mgr.y' cmd=[{"prefix": "mon metadata"}]: dispatch
2026-03-10T13:35:46.831 INFO:journalctl@ceph.mon.a.vm05.stdout:Mar 10 13:35:46 vm05 ceph-mon[51512]: Manager daemon y is now available
2026-03-10T13:35:46.831 INFO:journalctl@ceph.mon.a.vm05.stdout:Mar 10 13:35:46 vm05 ceph-mon[51512]: from='mgr.14150 v1:192.168.123.105:0/791039324' entity='mgr.y' cmd=[{"prefix": "config dump", "format": "json"}]: dispatch
2026-03-10T13:35:47.702 INFO:teuthology.orchestra.run.vm05.stdout:/usr/bin/ceph: stdout {
2026-03-10T13:35:47.702 INFO:teuthology.orchestra.run.vm05.stdout:/usr/bin/ceph: stdout "mgrmap_epoch": 11,
2026-03-10T13:35:47.702 INFO:teuthology.orchestra.run.vm05.stdout:/usr/bin/ceph: stdout "initialized": true
2026-03-10T13:35:47.702 INFO:teuthology.orchestra.run.vm05.stdout:/usr/bin/ceph: stdout }
2026-03-10T13:35:47.702 INFO:teuthology.orchestra.run.vm05.stdout:/usr/bin/ceph: stderr
2026-03-10T13:35:44.057+0000 7f98858aa640 1 Processor -- start
2026-03-10T13:35:47.702 INFO:teuthology.orchestra.run.vm05.stdout:/usr/bin/ceph: stderr
2026-03-10T13:35:44.057+0000 7f98858aa640 1 -- start start
2026-03-10T13:35:47.702 INFO:teuthology.orchestra.run.vm05.stdout:/usr/bin/ceph: stderr
2026-03-10T13:35:44.057+0000 7f98858aa640 1 -- --> v1:192.168.123.105:6789/0 -- auth(proto 0 34 bytes epoch 0) -- 0x7f9878009900 con 0x7f9878005460
2026-03-10T13:35:47.702 INFO:teuthology.orchestra.run.vm05.stdout:/usr/bin/ceph: stderr
2026-03-10T13:35:44.057+0000 7f98848a8640 1 --1- >> v1:192.168.123.105:6789/0 conn(0x7f9878005460 0x7f9878005860 :-1 s=CONNECTING_WAIT_BANNER_AND_IDENTIFY pgs=0 cs=0 l=0).handle_server_banner_and_identify peer v1:192.168.123.105:6789/0 says I am v1:192.168.123.105:36912/0 (socket says 192.168.123.105:36912)
2026-03-10T13:35:47.702 INFO:teuthology.orchestra.run.vm05.stdout:/usr/bin/ceph: stderr
2026-03-10T13:35:44.057+0000 7f98848a8640 1 -- 192.168.123.105:0/2530233261 learned_addr learned my addr 192.168.123.105:0/2530233261 (peer_addr_for_me v1:192.168.123.105:0/0)
2026-03-10T13:35:47.702 INFO:teuthology.orchestra.run.vm05.stdout:/usr/bin/ceph: stderr
2026-03-10T13:35:44.058+0000 7f987f7fe640 1 -- 192.168.123.105:0/2530233261 <== mon.0 v1:192.168.123.105:6789/0 1 ==== auth_reply(proto 2 0 (0) Success) ==== 33+0+0 (unknown 227885971 0 0) 0x7f9878009900 con 0x7f9878005460
2026-03-10T13:35:47.702 INFO:teuthology.orchestra.run.vm05.stdout:/usr/bin/ceph: stderr
2026-03-10T13:35:44.058+0000 7f987f7fe640 1 -- 192.168.123.105:0/2530233261 --> v1:192.168.123.105:6789/0 -- auth(proto 2 36 bytes epoch 0) -- 0x7f986c003620 con 0x7f9878005460
2026-03-10T13:35:47.702 INFO:teuthology.orchestra.run.vm05.stdout:/usr/bin/ceph: stderr
2026-03-10T13:35:44.058+0000 7f987f7fe640 1 -- 192.168.123.105:0/2530233261 <== mon.0 v1:192.168.123.105:6789/0 2 ==== auth_reply(proto 2 0 (0) Success) ==== 214+0+0 (unknown 2056586074 0 0) 0x7f986c003620 con 0x7f9878005460
2026-03-10T13:35:47.702 INFO:teuthology.orchestra.run.vm05.stdout:/usr/bin/ceph: stderr
2026-03-10T13:35:44.058+0000 7f987f7fe640 1 -- 192.168.123.105:0/2530233261 --> v1:192.168.123.105:6789/0 -- mon_subscribe({config=0+,monmap=0+}) -- 0x7f987800aae0 con 0x7f9878005460
2026-03-10T13:35:47.702 INFO:teuthology.orchestra.run.vm05.stdout:/usr/bin/ceph: stderr
2026-03-10T13:35:44.059+0000 7f987f7fe640 1 -- 192.168.123.105:0/2530233261 <== mon.0 v1:192.168.123.105:6789/0 3 ==== mon_map magic: 0 ==== 170+0+0 (unknown 4183727868 0 0) 0x7f9874002a70 con 0x7f9878005460
2026-03-10T13:35:47.702 INFO:teuthology.orchestra.run.vm05.stdout:/usr/bin/ceph: stderr
2026-03-10T13:35:44.059+0000 7f987f7fe640 1 -- 192.168.123.105:0/2530233261 <== mon.0 v1:192.168.123.105:6789/0 4 ==== config(24 keys) ==== 1004+0+0 (unknown 1815091123 0 0) 0x7f9874003060 con 0x7f9878005460
2026-03-10T13:35:47.702 INFO:teuthology.orchestra.run.vm05.stdout:/usr/bin/ceph: stderr
2026-03-10T13:35:44.059+0000 7f98858aa640 1 -- 192.168.123.105:0/2530233261 >> v1:192.168.123.105:6789/0 conn(0x7f9878005460 legacy=0x7f9878005860 unknown :-1 s=STATE_CONNECTION_ESTABLISHED l=1).mark_down
2026-03-10T13:35:47.702 INFO:teuthology.orchestra.run.vm05.stdout:/usr/bin/ceph: stderr
2026-03-10T13:35:44.059+0000 7f98858aa640 1 -- 192.168.123.105:0/2530233261 shutdown_connections
2026-03-10T13:35:47.702 INFO:teuthology.orchestra.run.vm05.stdout:/usr/bin/ceph: stderr
2026-03-10T13:35:44.059+0000 7f98858aa640 1 -- 192.168.123.105:0/2530233261 >> 192.168.123.105:0/2530233261 conn(0x7f987809fbb0 msgr2=0x7f98780a2010 unknown :-1 s=STATE_NONE l=0).mark_down
2026-03-10T13:35:47.702 INFO:teuthology.orchestra.run.vm05.stdout:/usr/bin/ceph: stderr
2026-03-10T13:35:44.060+0000 7f98858aa640 1 -- 192.168.123.105:0/2530233261 shutdown_connections
2026-03-10T13:35:47.702 INFO:teuthology.orchestra.run.vm05.stdout:/usr/bin/ceph: stderr
2026-03-10T13:35:44.060+0000 7f98858aa640 1 -- 192.168.123.105:0/2530233261 wait complete.
2026-03-10T13:35:47.702 INFO:teuthology.orchestra.run.vm05.stdout:/usr/bin/ceph: stderr
2026-03-10T13:35:44.060+0000 7f98858aa640 1 Processor -- start
2026-03-10T13:35:47.702 INFO:teuthology.orchestra.run.vm05.stdout:/usr/bin/ceph: stderr
2026-03-10T13:35:44.060+0000 7f98858aa640 1 -- start start
2026-03-10T13:35:47.702 INFO:teuthology.orchestra.run.vm05.stdout:/usr/bin/ceph: stderr
2026-03-10T13:35:44.060+0000 7f98858aa640 1 -- --> v1:192.168.123.105:6789/0 -- auth(proto 0 34 bytes epoch 0) -- 0x7f987814f2f0 con 0x7f9878005460
2026-03-10T13:35:47.703 INFO:teuthology.orchestra.run.vm05.stdout:/usr/bin/ceph: stderr
2026-03-10T13:35:44.060+0000 7f98848a8640 1 --1- >> v1:192.168.123.105:6789/0 conn(0x7f9878005460 0x7f9878015a40 :-1 s=CONNECTING_WAIT_BANNER_AND_IDENTIFY pgs=0 cs=0 l=1).handle_server_banner_and_identify peer v1:192.168.123.105:6789/0 says I am v1:192.168.123.105:36916/0 (socket says 192.168.123.105:36916)
2026-03-10T13:35:47.703 INFO:teuthology.orchestra.run.vm05.stdout:/usr/bin/ceph: stderr
2026-03-10T13:35:44.060+0000 7f98848a8640 1 -- 192.168.123.105:0/3925643261 learned_addr learned my addr 192.168.123.105:0/3925643261 (peer_addr_for_me v1:192.168.123.105:0/0)
2026-03-10T13:35:47.703 INFO:teuthology.orchestra.run.vm05.stdout:/usr/bin/ceph: stderr
2026-03-10T13:35:44.061+0000 7f987dffb640 1 -- 192.168.123.105:0/3925643261 <== mon.0 v1:192.168.123.105:6789/0 1 ==== auth_reply(proto 2 0 (0) Success) ==== 33+0+0 (unknown 2365341201 0 0) 0x7f987814f2f0 con 0x7f9878005460
2026-03-10T13:35:47.703 INFO:teuthology.orchestra.run.vm05.stdout:/usr/bin/ceph: stderr
2026-03-10T13:35:44.061+0000 7f987dffb640 1 -- 192.168.123.105:0/3925643261 --> v1:192.168.123.105:6789/0 -- auth(proto 2 36 bytes epoch 0) -- 0x7f9858003620 con 0x7f9878005460
2026-03-10T13:35:47.703 INFO:teuthology.orchestra.run.vm05.stdout:/usr/bin/ceph: stderr
2026-03-10T13:35:44.061+0000 7f987dffb640 1 -- 192.168.123.105:0/3925643261 <== mon.0 v1:192.168.123.105:6789/0 2 ==== auth_reply(proto 2 0 (0) Success) ==== 764+0+0 (unknown 3267154008 0 0) 0x7f9858003620 con 0x7f9878005460
2026-03-10T13:35:47.703 INFO:teuthology.orchestra.run.vm05.stdout:/usr/bin/ceph: stderr
2026-03-10T13:35:44.061+0000 7f987dffb640 1 -- 192.168.123.105:0/3925643261 --> v1:192.168.123.105:6789/0 -- auth(proto 2 165 bytes epoch 0) -- 0x7f987814f2f0 con 0x7f9878005460
2026-03-10T13:35:47.703 INFO:teuthology.orchestra.run.vm05.stdout:/usr/bin/ceph: stderr
2026-03-10T13:35:44.062+0000 7f987dffb640 1 -- 192.168.123.105:0/3925643261 <== mon.0 v1:192.168.123.105:6789/0 3 ==== mon_map magic: 0 ==== 170+0+0 (unknown 4183727868 0 0) 0x7f9874004e50 con 0x7f9878005460
2026-03-10T13:35:47.703 INFO:teuthology.orchestra.run.vm05.stdout:/usr/bin/ceph: stderr
2026-03-10T13:35:44.062+0000 7f987dffb640 1 -- 192.168.123.105:0/3925643261 <== mon.0 v1:192.168.123.105:6789/0 4 ==== auth_reply(proto 2 0 (0) Success) ==== 580+0+0 (unknown 1765219138 0 0) 0x7f987814f2f0 con 0x7f9878005460
2026-03-10T13:35:47.703 INFO:teuthology.orchestra.run.vm05.stdout:/usr/bin/ceph: stderr
2026-03-10T13:35:44.062+0000 7f987dffb640 1 -- 192.168.123.105:0/3925643261 --> v1:192.168.123.105:6789/0 -- mon_subscribe({config=0+,monmap=0+}) -- 0x7f98781504d0 con 0x7f9878005460
2026-03-10T13:35:47.703 INFO:teuthology.orchestra.run.vm05.stdout:/usr/bin/ceph: stderr
2026-03-10T13:35:44.062+0000 7f98858aa640 1 -- 192.168.123.105:0/3925643261 --> v1:192.168.123.105:6789/0 -- mon_subscribe({mgrmap=0+}) -- 0x7f987814f4c0 con 0x7f9878005460
2026-03-10T13:35:47.703 INFO:teuthology.orchestra.run.vm05.stdout:/usr/bin/ceph: stderr
2026-03-10T13:35:44.063+0000 7f987dffb640 1 -- 192.168.123.105:0/3925643261 <== mon.0 v1:192.168.123.105:6789/0 5 ==== config(24 keys) ==== 1004+0+0 (unknown 1815091123 0 0) 0x7f9874002c70 con 0x7f9878005460
2026-03-10T13:35:47.703 INFO:teuthology.orchestra.run.vm05.stdout:/usr/bin/ceph: stderr
2026-03-10T13:35:44.063+0000 7f987dffb640 1 -- 192.168.123.105:0/3925643261 <== mon.0 v1:192.168.123.105:6789/0 6 ==== mon_map magic: 0 ==== 170+0+0 (unknown 4183727868 0 0) 0x7f9874006600 con 0x7f9878005460
2026-03-10T13:35:47.703 INFO:teuthology.orchestra.run.vm05.stdout:/usr/bin/ceph: stderr
2026-03-10T13:35:44.063+0000 7f98858aa640 1 -- 192.168.123.105:0/3925643261 --> v1:192.168.123.105:6789/0 -- mon_subscribe({osdmap=0}) -- 0x7f987814f980 con 0x7f9878005460
2026-03-10T13:35:47.703 INFO:teuthology.orchestra.run.vm05.stdout:/usr/bin/ceph: stderr
2026-03-10T13:35:44.064+0000 7f987dffb640 1 -- 192.168.123.105:0/3925643261 <== mon.0 v1:192.168.123.105:6789/0 7 ==== mgrmap(e 9) ==== 50225+0+0 (unknown 573055355 0 0) 0x7f9874006860 con 0x7f9878005460
2026-03-10T13:35:47.703 INFO:teuthology.orchestra.run.vm05.stdout:/usr/bin/ceph: stderr
2026-03-10T13:35:44.064+0000 7f987ffff640 1 -- 192.168.123.105:0/3925643261 >> v1:192.168.123.105:6800/3334108074 conn(0x7f985803ec10 legacy=0x7f98580410d0 unknown :-1 s=STATE_CONNECTING_RE l=1).process reconnect failed to v1:192.168.123.105:6800/3334108074
2026-03-10T13:35:47.703 INFO:teuthology.orchestra.run.vm05.stdout:/usr/bin/ceph: stderr
2026-03-10T13:35:44.064+0000 7f987dffb640 1 -- 192.168.123.105:0/3925643261 <== mon.0 v1:192.168.123.105:6789/0 8 ==== osd_map(2..2 src has 1..2) ==== 897+0+0 (unknown 1497606905 0 0) 0x7f987404e8d0 con 0x7f9878005460
2026-03-10T13:35:47.703 INFO:teuthology.orchestra.run.vm05.stdout:/usr/bin/ceph: stderr
2026-03-10T13:35:44.065+0000 7f98858aa640 1 -- 192.168.123.105:0/3925643261 --> v1:192.168.123.105:6800/3334108074 -- command(tid 0: {"prefix": "get_command_descriptions"}) -- 0x7f984c000d10 con 0x7f985803ec10
2026-03-10T13:35:47.703 INFO:teuthology.orchestra.run.vm05.stdout:/usr/bin/ceph: stderr
2026-03-10T13:35:44.264+0000 7f987ffff640 1 -- 192.168.123.105:0/3925643261 >> v1:192.168.123.105:6800/3334108074 conn(0x7f985803ec10 legacy=0x7f98580410d0 unknown :-1 s=STATE_CONNECTING_RE l=1).process reconnect failed to v1:192.168.123.105:6800/3334108074
2026-03-10T13:35:47.703 INFO:teuthology.orchestra.run.vm05.stdout:/usr/bin/ceph: stderr
2026-03-10T13:35:44.664+0000 7f987ffff640 1 -- 192.168.123.105:0/3925643261 >> v1:192.168.123.105:6800/3334108074 conn(0x7f985803ec10 legacy=0x7f98580410d0 unknown :-1 s=STATE_CONNECTING_RE l=1).process reconnect failed to v1:192.168.123.105:6800/3334108074
2026-03-10T13:35:47.703 INFO:teuthology.orchestra.run.vm05.stdout:/usr/bin/ceph: stderr
2026-03-10T13:35:45.465+0000 7f987ffff640 1 -- 192.168.123.105:0/3925643261 >> v1:192.168.123.105:6800/3334108074 conn(0x7f985803ec10 legacy=0x7f98580410d0 unknown :-1 s=STATE_CONNECTING_RE l=1).process reconnect failed to v1:192.168.123.105:6800/3334108074
2026-03-10T13:35:47.703 INFO:teuthology.orchestra.run.vm05.stdout:/usr/bin/ceph: stderr
2026-03-10T13:35:46.534+0000 7f987dffb640 1 -- 192.168.123.105:0/3925643261 <== mon.0 v1:192.168.123.105:6789/0 9 ==== mgrmap(e 10) ==== 50027+0+0 (unknown 4048559269 0 0) 0x7f9874008000 con 0x7f9878005460
2026-03-10T13:35:47.703 INFO:teuthology.orchestra.run.vm05.stdout:/usr/bin/ceph: stderr
2026-03-10T13:35:46.535+0000 7f987dffb640 1 -- 192.168.123.105:0/3925643261 >> v1:192.168.123.105:6800/3334108074 conn(0x7f985803ec10 legacy=0x7f98580410d0 unknown :-1 s=STATE_CONNECTING l=1).mark_down
2026-03-10T13:35:47.703 INFO:teuthology.orchestra.run.vm05.stdout:/usr/bin/ceph: stderr
2026-03-10T13:35:47.538+0000 7f987dffb640 1 -- 192.168.123.105:0/3925643261 <== mon.0 v1:192.168.123.105:6789/0 10 ==== mgrmap(e 11) ==== 50119+0+0 (unknown 2320845000 0 0) 0x7f9874021180 con 0x7f9878005460
2026-03-10T13:35:47.703 INFO:teuthology.orchestra.run.vm05.stdout:/usr/bin/ceph: stderr
2026-03-10T13:35:47.539+0000 7f987dffb640 1 -- 192.168.123.105:0/3925643261 --> v1:192.168.123.105:6800/3845654103 -- command(tid 0: {"prefix": "get_command_descriptions"}) -- 0x7f9874017170 con 0x7f9858043540
2026-03-10T13:35:47.703 INFO:teuthology.orchestra.run.vm05.stdout:/usr/bin/ceph: stderr
2026-03-10T13:35:47.542+0000 7f987dffb640 1 -- 192.168.123.105:0/3925643261 <== mgr.14150 v1:192.168.123.105:6800/3845654103 1 ==== command_reply(tid 0: 0 ) ==== 8+0+8901 (unknown 0 0 3832181493) 0x7f9874017170 con 0x7f9858043540
2026-03-10T13:35:47.703 INFO:teuthology.orchestra.run.vm05.stdout:/usr/bin/ceph: stderr
2026-03-10T13:35:47.545+0000 7f98577fe640 1 -- 192.168.123.105:0/3925643261 --> v1:192.168.123.105:6800/3845654103 -- command(tid 1: {"prefix": "mgr_status"}) -- 0x7f9840000d10 con 0x7f9858043540
2026-03-10T13:35:47.703 INFO:teuthology.orchestra.run.vm05.stdout:/usr/bin/ceph: stderr
2026-03-10T13:35:47.546+0000 7f987dffb640 1 -- 192.168.123.105:0/3925643261 <== mgr.14150 v1:192.168.123.105:6800/3845654103 2 ==== command_reply(tid 1: 0 ) ==== 8+0+52 (unknown 0 0 3086460295) 0x7f9840000d10 con 0x7f9858043540
2026-03-10T13:35:47.703 INFO:teuthology.orchestra.run.vm05.stdout:/usr/bin/ceph: stderr
2026-03-10T13:35:47.546+0000 7f98858aa640 1 -- 192.168.123.105:0/3925643261 >> v1:192.168.123.105:6800/3845654103 conn(0x7f9858043540 legacy=0x7f9858045930 unknown :-1 s=STATE_CONNECTION_ESTABLISHED l=1).mark_down
2026-03-10T13:35:47.703 INFO:teuthology.orchestra.run.vm05.stdout:/usr/bin/ceph: stderr
2026-03-10T13:35:47.546+0000 7f98858aa640 1 -- 192.168.123.105:0/3925643261 >> v1:192.168.123.105:6789/0 conn(0x7f9878005460 legacy=0x7f9878015a40 unknown :-1 s=STATE_CONNECTION_ESTABLISHED l=1).mark_down
2026-03-10T13:35:47.703 INFO:teuthology.orchestra.run.vm05.stdout:/usr/bin/ceph: stderr
2026-03-10T13:35:47.547+0000 7f98858aa640 1 -- 192.168.123.105:0/3925643261 shutdown_connections
2026-03-10T13:35:47.703 INFO:teuthology.orchestra.run.vm05.stdout:/usr/bin/ceph: stderr
2026-03-10T13:35:47.547+0000 7f98858aa640 1 -- 192.168.123.105:0/3925643261 >> 192.168.123.105:0/3925643261 conn(0x7f987809fbb0 msgr2=0x7f98780a1ff0 unknown :-1 s=STATE_NONE l=0).mark_down
2026-03-10T13:35:47.703 INFO:teuthology.orchestra.run.vm05.stdout:/usr/bin/ceph: stderr
2026-03-10T13:35:47.547+0000 7f98858aa640 1 -- 192.168.123.105:0/3925643261 shutdown_connections
2026-03-10T13:35:47.703 INFO:teuthology.orchestra.run.vm05.stdout:/usr/bin/ceph: stderr
2026-03-10T13:35:47.547+0000 7f98858aa640 1 -- 192.168.123.105:0/3925643261 wait complete.
2026-03-10T13:35:47.703 INFO:teuthology.orchestra.run.vm05.stdout:mgr epoch 9 is available
2026-03-10T13:35:47.703 INFO:teuthology.orchestra.run.vm05.stdout:Generating a dashboard self-signed certificate...
2026-03-10T13:35:47.790 INFO:journalctl@ceph.mon.a.vm05.stdout:Mar 10 13:35:47 vm05 ceph-mon[51512]: from='mgr.14150 v1:192.168.123.105:0/791039324' entity='mgr.y' cmd=[{"prefix":"config rm","who":"mgr","name":"mgr/rbd_support/y/mirror_snapshot_schedule"}]: dispatch
2026-03-10T13:35:47.790 INFO:journalctl@ceph.mon.a.vm05.stdout:Mar 10 13:35:47 vm05 ceph-mon[51512]: from='mgr.14150 v1:192.168.123.105:0/791039324' entity='mgr.y' cmd=[{"prefix":"config rm","who":"mgr","name":"mgr/rbd_support/y/trash_purge_schedule"}]: dispatch
2026-03-10T13:35:47.791 INFO:journalctl@ceph.mon.a.vm05.stdout:Mar 10 13:35:47 vm05 ceph-mon[51512]: from='mgr.14150 v1:192.168.123.105:0/791039324' entity='mgr.y'
2026-03-10T13:35:47.791 INFO:journalctl@ceph.mon.a.vm05.stdout:Mar 10 13:35:47 vm05 ceph-mon[51512]: [10/Mar/2026:13:35:47] ENGINE Bus STARTING
2026-03-10T13:35:47.791 INFO:journalctl@ceph.mon.a.vm05.stdout:Mar 10 13:35:47 vm05 ceph-mon[51512]: [10/Mar/2026:13:35:47] ENGINE Serving on http://192.168.123.105:8765
2026-03-10T13:35:47.791 INFO:journalctl@ceph.mon.a.vm05.stdout:Mar 10 13:35:47 vm05 ceph-mon[51512]: [10/Mar/2026:13:35:47] ENGINE Serving on https://192.168.123.105:7150
2026-03-10T13:35:47.791 INFO:journalctl@ceph.mon.a.vm05.stdout:Mar 10 13:35:47 vm05 ceph-mon[51512]: [10/Mar/2026:13:35:47] ENGINE Bus STARTED
2026-03-10T13:35:47.791 INFO:journalctl@ceph.mon.a.vm05.stdout:Mar 10 13:35:47 vm05 ceph-mon[51512]: [10/Mar/2026:13:35:47] ENGINE Client ('192.168.123.105', 35700) lost — peer dropped the TLS connection suddenly, during handshake: (6, 'TLS/SSL connection has been closed (EOF) (_ssl.c:1147)')
2026-03-10T13:35:47.791 INFO:journalctl@ceph.mon.a.vm05.stdout:Mar 10 13:35:47 vm05 ceph-mon[51512]: from='mgr.14150 v1:192.168.123.105:0/791039324' entity='mgr.y'
2026-03-10T13:35:47.791 INFO:journalctl@ceph.mon.a.vm05.stdout:Mar 10 13:35:47 vm05 ceph-mon[51512]: mgrmap e11: y(active, since 1.0106s)
2026-03-10T13:35:48.147 INFO:teuthology.orchestra.run.vm05.stdout:/usr/bin/ceph: stdout Self-signed certificate created
2026-03-10T13:35:48.149 INFO:teuthology.orchestra.run.vm05.stdout:/usr/bin/ceph: stderr
2026-03-10T13:35:47.864+0000 7fbd498f9640 1 Processor -- start
2026-03-10T13:35:48.149 INFO:teuthology.orchestra.run.vm05.stdout:/usr/bin/ceph: stderr
2026-03-10T13:35:47.864+0000 7fbd498f9640 1 -- start start
2026-03-10T13:35:48.149 INFO:teuthology.orchestra.run.vm05.stdout:/usr/bin/ceph: stderr
2026-03-10T13:35:47.864+0000 7fbd498f9640 1 -- --> v1:192.168.123.105:6789/0 -- auth(proto 0 34 bytes epoch 0) -- 0x7fbd4410cd80 con 0x7fbd44108950
2026-03-10T13:35:48.149 INFO:teuthology.orchestra.run.vm05.stdout:/usr/bin/ceph: stderr
2026-03-10T13:35:47.865+0000 7fbd42ffd640 1 --1- >> v1:192.168.123.105:6789/0 conn(0x7fbd44108950 0x7fbd44108d50 :-1 s=CONNECTING_WAIT_BANNER_AND_IDENTIFY pgs=0 cs=0 l=0).handle_server_banner_and_identify peer v1:192.168.123.105:6789/0 says I am v1:192.168.123.105:34256/0 (socket says 192.168.123.105:34256)
2026-03-10T13:35:48.149 INFO:teuthology.orchestra.run.vm05.stdout:/usr/bin/ceph: stderr
2026-03-10T13:35:47.865+0000 7fbd42ffd640 1 -- 192.168.123.105:0/2735432375 learned_addr learned my addr 192.168.123.105:0/2735432375 (peer_addr_for_me v1:192.168.123.105:0/0)
2026-03-10T13:35:48.149 INFO:teuthology.orchestra.run.vm05.stdout:/usr/bin/ceph: stderr
2026-03-10T13:35:47.865+0000 7fbd41ffb640 1 -- 192.168.123.105:0/2735432375 <== mon.0 v1:192.168.123.105:6789/0 1 ==== auth_reply(proto 2 0 (0) Success) ==== 33+0+0 (unknown 2842529708 0 0) 0x7fbd4410cd80 con 0x7fbd44108950
2026-03-10T13:35:48.149 INFO:teuthology.orchestra.run.vm05.stdout:/usr/bin/ceph: stderr
2026-03-10T13:35:47.865+0000 7fbd41ffb640 1 -- 192.168.123.105:0/2735432375 --> v1:192.168.123.105:6789/0 -- auth(proto 2 36 bytes epoch 0) -- 0x7fbd28003620 con 0x7fbd44108950
2026-03-10T13:35:48.149 INFO:teuthology.orchestra.run.vm05.stdout:/usr/bin/ceph: stderr
2026-03-10T13:35:47.865+0000 7fbd41ffb640 1 -- 192.168.123.105:0/2735432375 <== mon.0 v1:192.168.123.105:6789/0 2 ==== auth_reply(proto 2 0 (0) Success) ==== 214+0+0 (unknown 2668502691 0 0) 0x7fbd28003620 con 0x7fbd44108950
2026-03-10T13:35:48.149 INFO:teuthology.orchestra.run.vm05.stdout:/usr/bin/ceph: stderr
2026-03-10T13:35:47.865+0000 7fbd41ffb640 1 -- 192.168.123.105:0/2735432375 --> v1:192.168.123.105:6789/0 -- mon_subscribe({config=0+,monmap=0+}) -- 0x7fbd4410df60 con 0x7fbd44108950
2026-03-10T13:35:48.149 INFO:teuthology.orchestra.run.vm05.stdout:/usr/bin/ceph: stderr
2026-03-10T13:35:47.865+0000 7fbd41ffb640 1 -- 192.168.123.105:0/2735432375 <== mon.0 v1:192.168.123.105:6789/0 3 ==== mon_map magic: 0 ==== 170+0+0 (unknown 4183727868 0 0) 0x7fbd2c002e10 con 0x7fbd44108950
2026-03-10T13:35:48.149 INFO:teuthology.orchestra.run.vm05.stdout:/usr/bin/ceph: stderr
2026-03-10T13:35:47.865+0000 7fbd41ffb640 1 -- 192.168.123.105:0/2735432375 <== mon.0 v1:192.168.123.105:6789/0 4 ==== config(24 keys) ==== 1004+0+0 (unknown 1815091123 0 0) 0x7fbd2c003400 con 0x7fbd44108950
2026-03-10T13:35:48.149 INFO:teuthology.orchestra.run.vm05.stdout:/usr/bin/ceph: stderr
2026-03-10T13:35:47.866+0000 7fbd498f9640 1 -- 192.168.123.105:0/2735432375 >> v1:192.168.123.105:6789/0 conn(0x7fbd44108950 legacy=0x7fbd44108d50 unknown :-1 s=STATE_CONNECTION_ESTABLISHED l=1).mark_down
2026-03-10T13:35:48.149 INFO:teuthology.orchestra.run.vm05.stdout:/usr/bin/ceph: stderr
2026-03-10T13:35:47.866+0000 7fbd498f9640 1 -- 192.168.123.105:0/2735432375 shutdown_connections
2026-03-10T13:35:48.149 INFO:teuthology.orchestra.run.vm05.stdout:/usr/bin/ceph: stderr
2026-03-10T13:35:47.866+0000 7fbd498f9640 1 -- 192.168.123.105:0/2735432375 >> 192.168.123.105:0/2735432375 conn(0x7fbd4407bdf0 msgr2=0x7fbd4407c240 unknown :-1 s=STATE_NONE l=0).mark_down
2026-03-10T13:35:48.149 INFO:teuthology.orchestra.run.vm05.stdout:/usr/bin/ceph: stderr
2026-03-10T13:35:47.866+0000 7fbd498f9640 1 -- 192.168.123.105:0/2735432375 shutdown_connections
2026-03-10T13:35:48.149 INFO:teuthology.orchestra.run.vm05.stdout:/usr/bin/ceph: stderr
2026-03-10T13:35:47.866+0000 7fbd498f9640 1 -- 192.168.123.105:0/2735432375 wait complete.
2026-03-10T13:35:48.149 INFO:teuthology.orchestra.run.vm05.stdout:/usr/bin/ceph: stderr
2026-03-10T13:35:47.867+0000 7fbd498f9640 1 Processor -- start
2026-03-10T13:35:48.149 INFO:teuthology.orchestra.run.vm05.stdout:/usr/bin/ceph: stderr
2026-03-10T13:35:47.867+0000 7fbd498f9640 1 -- start start
2026-03-10T13:35:48.149 INFO:teuthology.orchestra.run.vm05.stdout:/usr/bin/ceph: stderr
2026-03-10T13:35:47.867+0000 7fbd498f9640 1 -- --> v1:192.168.123.105:6789/0 -- auth(proto 0 34 bytes epoch 0) -- 0x7fbd4419ecd0 con 0x7fbd44108950
2026-03-10T13:35:48.149 INFO:teuthology.orchestra.run.vm05.stdout:/usr/bin/ceph: stderr
2026-03-10T13:35:47.867+0000 7fbd42ffd640 1 --1- >> v1:192.168.123.105:6789/0 conn(0x7fbd44108950 0x7fbd4419e5c0 :-1 s=CONNECTING_WAIT_BANNER_AND_IDENTIFY pgs=0 cs=0 l=1).handle_server_banner_and_identify peer v1:192.168.123.105:6789/0 says I am v1:192.168.123.105:34272/0 (socket says 192.168.123.105:34272)
2026-03-10T13:35:48.149 INFO:teuthology.orchestra.run.vm05.stdout:/usr/bin/ceph: stderr
2026-03-10T13:35:47.867+0000 7fbd42ffd640 1 -- 192.168.123.105:0/1595454539 learned_addr learned my addr 192.168.123.105:0/1595454539 (peer_addr_for_me v1:192.168.123.105:0/0)
2026-03-10T13:35:48.149 INFO:teuthology.orchestra.run.vm05.stdout:/usr/bin/ceph: stderr
