2026-03-10T13:35:33.761 INFO:journalctl@ceph.mgr.y.vm05.stdout:Mar 10 13:35:33 vm05 ceph-e063dc72-1c85-11f1-a098-09993c5c5b66-mgr-y[51744]: /lib64/python3.9/site-packages/scipy/__init__.py:73: UserWarning: NumPy was imported from a Python sub-interpreter but NumPy does not properly support sub-interpreters. This will likely work for most users but might cause hard to track down issues or subtle bugs. A common user of the rare sub-interpreter feature is wsgi which also allows single-interpreter mode.
2026-03-10T13:35:33.761 INFO:journalctl@ceph.mgr.y.vm05.stdout:Mar 10 13:35:33 vm05 ceph-e063dc72-1c85-11f1-a098-09993c5c5b66-mgr-y[51744]: Improvements in the case of bugs are welcome, but is not on the NumPy roadmap, and full support may require significant effort to achieve.
2026-03-10T13:35:33.761 INFO:journalctl@ceph.mgr.y.vm05.stdout:Mar 10 13:35:33 vm05 ceph-e063dc72-1c85-11f1-a098-09993c5c5b66-mgr-y[51744]: from numpy import show_config as show_numpy_config
2026-03-10T13:35:33.762 INFO:journalctl@ceph.mgr.y.vm05.stdout:Mar 10 13:35:33 vm05 ceph-e063dc72-1c85-11f1-a098-09993c5c5b66-mgr-y[51744]:
2026-03-10T13:35:33.465+0000 7fa2f97e1140 -1 mgr[py] Module diskprediction_local has missing NOTIFY_TYPES member
2026-03-10T13:35:33.762 INFO:journalctl@ceph.mgr.y.vm05.stdout:Mar 10 13:35:33 vm05 ceph-e063dc72-1c85-11f1-a098-09993c5c5b66-mgr-y[51744]:
2026-03-10T13:35:33.501+0000 7fa2f97e1140 -1 mgr[py] Module influx has missing NOTIFY_TYPES member
2026-03-10T13:35:33.762 INFO:journalctl@ceph.mgr.y.vm05.stdout:Mar 10 13:35:33 vm05 ceph-e063dc72-1c85-11f1-a098-09993c5c5b66-mgr-y[51744]:
2026-03-10T13:35:33.574+0000 7fa2f97e1140 -1 mgr[py] Module iostat has missing NOTIFY_TYPES member
2026-03-10T13:35:34.331 INFO:journalctl@ceph.mgr.y.vm05.stdout:Mar 10 13:35:34 vm05 ceph-e063dc72-1c85-11f1-a098-09993c5c5b66-mgr-y[51744]:
2026-03-10T13:35:34.069+0000 7fa2f97e1140 -1 mgr[py] Module nfs has missing NOTIFY_TYPES member
2026-03-10T13:35:34.332 INFO:journalctl@ceph.mgr.y.vm05.stdout:Mar 10 13:35:34 vm05 ceph-e063dc72-1c85-11f1-a098-09993c5c5b66-mgr-y[51744]:
2026-03-10T13:35:34.180+0000 7fa2f97e1140 -1 mgr[py] Module orchestrator has missing NOTIFY_TYPES member
2026-03-10T13:35:34.332 INFO:journalctl@ceph.mgr.y.vm05.stdout:Mar 10 13:35:34 vm05 ceph-e063dc72-1c85-11f1-a098-09993c5c5b66-mgr-y[51744]:
2026-03-10T13:35:34.221+0000 7fa2f97e1140 -1 mgr[py] Module osd_perf_query has missing NOTIFY_TYPES member
2026-03-10T13:35:34.332 INFO:journalctl@ceph.mgr.y.vm05.stdout:Mar 10 13:35:34 vm05 ceph-e063dc72-1c85-11f1-a098-09993c5c5b66-mgr-y[51744]:
2026-03-10T13:35:34.257+0000 7fa2f97e1140 -1 mgr[py] Module osd_support has missing NOTIFY_TYPES member
2026-03-10T13:35:34.332 INFO:journalctl@ceph.mgr.y.vm05.stdout:Mar 10 13:35:34 vm05 ceph-e063dc72-1c85-11f1-a098-09993c5c5b66-mgr-y[51744]:
2026-03-10T13:35:34.299+0000 7fa2f97e1140 -1 mgr[py] Module pg_autoscaler has missing NOTIFY_TYPES member
2026-03-10T13:35:34.778 INFO:journalctl@ceph.mgr.y.vm05.stdout:Mar 10 13:35:34 vm05 ceph-e063dc72-1c85-11f1-a098-09993c5c5b66-mgr-y[51744]:
2026-03-10T13:35:34.336+0000 7fa2f97e1140 -1 mgr[py] Module progress has missing NOTIFY_TYPES member
2026-03-10T13:35:34.778 INFO:journalctl@ceph.mgr.y.vm05.stdout:Mar 10 13:35:34 vm05 ceph-e063dc72-1c85-11f1-a098-09993c5c5b66-mgr-y[51744]:
2026-03-10T13:35:34.506+0000 7fa2f97e1140 -1 mgr[py] Module prometheus has missing NOTIFY_TYPES member
2026-03-10T13:35:34.778 INFO:journalctl@ceph.mgr.y.vm05.stdout:Mar 10 13:35:34 vm05 ceph-e063dc72-1c85-11f1-a098-09993c5c5b66-mgr-y[51744]:
2026-03-10T13:35:34.555+0000 7fa2f97e1140 -1 mgr[py] Module rbd_support has missing NOTIFY_TYPES member
2026-03-10T13:35:35.055 INFO:journalctl@ceph.mgr.y.vm05.stdout:Mar 10 13:35:34 vm05 ceph-e063dc72-1c85-11f1-a098-09993c5c5b66-mgr-y[51744]:
2026-03-10T13:35:34.777+0000 7fa2f97e1140 -1 mgr[py] Module rgw has missing NOTIFY_TYPES member
2026-03-10T13:35:35.326 INFO:journalctl@ceph.mgr.y.vm05.stdout:Mar 10 13:35:35 vm05 ceph-e063dc72-1c85-11f1-a098-09993c5c5b66-mgr-y[51744]:
2026-03-10T13:35:35.054+0000 7fa2f97e1140 -1 mgr[py] Module rook has missing NOTIFY_TYPES member
2026-03-10T13:35:35.326 INFO:journalctl@ceph.mgr.y.vm05.stdout:Mar 10 13:35:35 vm05 ceph-e063dc72-1c85-11f1-a098-09993c5c5b66-mgr-y[51744]:
2026-03-10T13:35:35.092+0000 7fa2f97e1140 -1 mgr[py] Module selftest has missing NOTIFY_TYPES member
2026-03-10T13:35:35.326 INFO:journalctl@ceph.mgr.y.vm05.stdout:Mar 10 13:35:35 vm05 ceph-e063dc72-1c85-11f1-a098-09993c5c5b66-mgr-y[51744]:
2026-03-10T13:35:35.132+0000 7fa2f97e1140 -1 mgr[py] Module snap_schedule has missing NOTIFY_TYPES member
2026-03-10T13:35:35.326 INFO:journalctl@ceph.mgr.y.vm05.stdout:Mar 10 13:35:35 vm05 ceph-e063dc72-1c85-11f1-a098-09993c5c5b66-mgr-y[51744]:
2026-03-10T13:35:35.210+0000 7fa2f97e1140 -1 mgr[py] Module status has missing NOTIFY_TYPES member
2026-03-10T13:35:35.326 INFO:journalctl@ceph.mgr.y.vm05.stdout:Mar 10 13:35:35 vm05 ceph-e063dc72-1c85-11f1-a098-09993c5c5b66-mgr-y[51744]:
2026-03-10T13:35:35.247+0000 7fa2f97e1140 -1 mgr[py] Module telegraf has missing NOTIFY_TYPES member
2026-03-10T13:35:35.581 INFO:journalctl@ceph.mgr.y.vm05.stdout:Mar 10 13:35:35 vm05 ceph-e063dc72-1c85-11f1-a098-09993c5c5b66-mgr-y[51744]:
2026-03-10T13:35:35.325+0000 7fa2f97e1140 -1 mgr[py] Module telemetry has missing NOTIFY_TYPES member
2026-03-10T13:35:35.581 INFO:journalctl@ceph.mgr.y.vm05.stdout:Mar 10 13:35:35 vm05 ceph-e063dc72-1c85-11f1-a098-09993c5c5b66-mgr-y[51744]:
2026-03-10T13:35:35.434+0000 7fa2f97e1140 -1 mgr[py] Module test_orchestrator has missing NOTIFY_TYPES member
2026-03-10T13:35:35.581 INFO:journalctl@ceph.mgr.y.vm05.stdout:Mar 10 13:35:35 vm05 ceph-e063dc72-1c85-11f1-a098-09993c5c5b66-mgr-y[51744]:
2026-03-10T13:35:35.574+0000 7fa2f97e1140 -1 mgr[py] Module volumes has missing NOTIFY_TYPES member
2026-03-10T13:35:36.081 INFO:journalctl@ceph.mon.a.vm05.stdout:Mar 10 13:35:35 vm05 ceph-mon[51512]: Active manager daemon y restarted
2026-03-10T13:35:36.081 INFO:journalctl@ceph.mon.a.vm05.stdout:Mar 10 13:35:35 vm05 ceph-mon[51512]: Activating manager daemon y
2026-03-10T13:35:36.081 INFO:journalctl@ceph.mon.a.vm05.stdout:Mar 10 13:35:35 vm05 ceph-mon[51512]: osdmap e2: 0 total, 0 up, 0 in
2026-03-10T13:35:36.081 INFO:journalctl@ceph.mon.a.vm05.stdout:Mar 10 13:35:35 vm05 ceph-mon[51512]: mgrmap e6: y(active, starting, since 0.00762872s)
2026-03-10T13:35:36.081 INFO:journalctl@ceph.mon.a.vm05.stdout:Mar 10 13:35:35 vm05 ceph-mon[51512]: from='mgr.14118 v1:192.168.123.105:0/3540588486' entity='mgr.y' cmd=[{"prefix": "mon metadata", "id": "a"}]: dispatch
2026-03-10T13:35:36.081 INFO:journalctl@ceph.mon.a.vm05.stdout:Mar 10 13:35:35 vm05 ceph-mon[51512]: from='mgr.14118 v1:192.168.123.105:0/3540588486' entity='mgr.y' cmd=[{"prefix": "mgr metadata", "who": "y", "id": "y"}]: dispatch
2026-03-10T13:35:36.081 INFO:journalctl@ceph.mon.a.vm05.stdout:Mar 10 13:35:35 vm05 ceph-mon[51512]: from='mgr.14118 v1:192.168.123.105:0/3540588486' entity='mgr.y' cmd=[{"prefix": "mds metadata"}]: dispatch
2026-03-10T13:35:36.081 INFO:journalctl@ceph.mon.a.vm05.stdout:Mar 10 13:35:35 vm05 ceph-mon[51512]: from='mgr.14118 v1:192.168.123.105:0/3540588486' entity='mgr.y' cmd=[{"prefix": "osd metadata"}]: dispatch
2026-03-10T13:35:36.081 INFO:journalctl@ceph.mon.a.vm05.stdout:Mar 10 13:35:35 vm05 ceph-mon[51512]: from='mgr.14118 v1:192.168.123.105:0/3540588486' entity='mgr.y' cmd=[{"prefix": "mon metadata"}]: dispatch
2026-03-10T13:35:36.081 INFO:journalctl@ceph.mon.a.vm05.stdout:Mar 10 13:35:35 vm05 ceph-mon[51512]: Manager daemon y is now available
2026-03-10T13:35:36.081 INFO:journalctl@ceph.mon.a.vm05.stdout:Mar 10 13:35:35 vm05 ceph-mon[51512]: from='mgr.14118 v1:192.168.123.105:0/3540588486' entity='mgr.y'
2026-03-10T13:35:36.081 INFO:journalctl@ceph.mon.a.vm05.stdout:Mar 10 13:35:35 vm05 ceph-mon[51512]: from='mgr.14118 v1:192.168.123.105:0/3540588486' entity='mgr.y'
2026-03-10T13:35:36.081 INFO:journalctl@ceph.mon.a.vm05.stdout:Mar 10 13:35:35 vm05 ceph-mon[51512]: from='mgr.14118 v1:192.168.123.105:0/3540588486' entity='mgr.y' cmd=[{"prefix": "config dump", "format": "json"}]: dispatch
2026-03-10T13:35:36.081 INFO:journalctl@ceph.mon.a.vm05.stdout:Mar 10 13:35:35 vm05 ceph-mon[51512]: from='mgr.14118 v1:192.168.123.105:0/3540588486' entity='mgr.y' cmd=[{"prefix": "config dump", "format": "json"}]: dispatch
2026-03-10T13:35:36.081 INFO:journalctl@ceph.mon.a.vm05.stdout:Mar 10 13:35:35 vm05 ceph-mon[51512]: from='mgr.14118 v1:192.168.123.105:0/3540588486' entity='mgr.y' cmd=[{"prefix":"config rm","who":"mgr","name":"mgr/rbd_support/y/mirror_snapshot_schedule"}]: dispatch
2026-03-10T13:35:36.081 INFO:journalctl@ceph.mgr.y.vm05.stdout:Mar 10 13:35:35 vm05 ceph-e063dc72-1c85-11f1-a098-09993c5c5b66-mgr-y[51744]:
2026-03-10T13:35:35.613+0000 7fa2f97e1140 -1 mgr[py] Module zabbix has missing NOTIFY_TYPES member
2026-03-10T13:35:36.791 INFO:teuthology.orchestra.run.vm05.stdout:/usr/bin/ceph: stdout {
2026-03-10T13:35:36.791 INFO:teuthology.orchestra.run.vm05.stdout:/usr/bin/ceph: stdout "mgrmap_epoch": 7,
2026-03-10T13:35:36.791 INFO:teuthology.orchestra.run.vm05.stdout:/usr/bin/ceph: stdout "initialized": true
2026-03-10T13:35:36.791 INFO:teuthology.orchestra.run.vm05.stdout:/usr/bin/ceph: stdout }
2026-03-10T13:35:36.791 INFO:teuthology.orchestra.run.vm05.stdout:/usr/bin/ceph: stderr
2026-03-10T13:35:33.153+0000 7f9afaafd640 1 Processor -- start
2026-03-10T13:35:36.791 INFO:teuthology.orchestra.run.vm05.stdout:/usr/bin/ceph: stderr
2026-03-10T13:35:33.153+0000 7f9afaafd640 1 -- start start
2026-03-10T13:35:36.791 INFO:teuthology.orchestra.run.vm05.stdout:/usr/bin/ceph: stderr
2026-03-10T13:35:33.153+0000 7f9afaafd640 1 -- --> v1:192.168.123.105:6789/0 -- auth(proto 0 34 bytes epoch 0) -- 0x7f9af4111530 con 0x7f9af4074160
2026-03-10T13:35:36.791 INFO:teuthology.orchestra.run.vm05.stdout:/usr/bin/ceph: stderr
2026-03-10T13:35:33.153+0000 7f9af9afb640 1 --1- >> v1:192.168.123.105:6789/0 conn(0x7f9af4074160 0x7f9af4074560 :-1 s=CONNECTING_WAIT_BANNER_AND_IDENTIFY pgs=0 cs=0 l=0).handle_server_banner_and_identify peer v1:192.168.123.105:6789/0 says I am v1:192.168.123.105:56170/0 (socket says 192.168.123.105:56170)
2026-03-10T13:35:36.791 INFO:teuthology.orchestra.run.vm05.stdout:/usr/bin/ceph: stderr
2026-03-10T13:35:33.153+0000 7f9af9afb640 1 -- 192.168.123.105:0/4228722895 learned_addr learned my addr 192.168.123.105:0/4228722895 (peer_addr_for_me v1:192.168.123.105:0/0)
2026-03-10T13:35:36.791 INFO:teuthology.orchestra.run.vm05.stdout:/usr/bin/ceph: stderr
2026-03-10T13:35:33.154+0000 7f9af8af9640 1 -- 192.168.123.105:0/4228722895 <== mon.0 v1:192.168.123.105:6789/0 1 ==== auth_reply(proto 2 0 (0) Success) ==== 33+0+0 (unknown 3238511265 0 0) 0x7f9af4111530 con 0x7f9af4074160
2026-03-10T13:35:36.791 INFO:teuthology.orchestra.run.vm05.stdout:/usr/bin/ceph: stderr
2026-03-10T13:35:33.154+0000 7f9af8af9640 1 -- 192.168.123.105:0/4228722895 --> v1:192.168.123.105:6789/0 -- auth(proto 2 36 bytes epoch 0) -- 0x7f9ad8003620 con 0x7f9af4074160
2026-03-10T13:35:36.791 INFO:teuthology.orchestra.run.vm05.stdout:/usr/bin/ceph: stderr
2026-03-10T13:35:33.154+0000 7f9af8af9640 1 -- 192.168.123.105:0/4228722895 <== mon.0 v1:192.168.123.105:6789/0 2 ==== auth_reply(proto 2 0 (0) Success) ==== 214+0+0 (unknown 2810354380 0 0) 0x7f9ad8003620 con 0x7f9af4074160
2026-03-10T13:35:36.791 INFO:teuthology.orchestra.run.vm05.stdout:/usr/bin/ceph: stderr
2026-03-10T13:35:33.154+0000 7f9af8af9640 1 -- 192.168.123.105:0/4228722895 --> v1:192.168.123.105:6789/0 -- mon_subscribe({config=0+,monmap=0+}) -- 0x7f9af4112710 con 0x7f9af4074160
2026-03-10T13:35:36.791 INFO:teuthology.orchestra.run.vm05.stdout:/usr/bin/ceph: stderr
2026-03-10T13:35:33.154+0000 7f9af8af9640 1 -- 192.168.123.105:0/4228722895 <== mon.0 v1:192.168.123.105:6789/0 3 ==== mon_map magic: 0 ==== 170+0+0 (unknown 4183727868 0 0) 0x7f9af0002e10 con 0x7f9af4074160
2026-03-10T13:35:36.791 INFO:teuthology.orchestra.run.vm05.stdout:/usr/bin/ceph: stderr
2026-03-10T13:35:33.155+0000 7f9af8af9640 1 -- 192.168.123.105:0/4228722895 <== mon.0 v1:192.168.123.105:6789/0 4 ==== config(24 keys) ==== 973+0+0 (unknown 630610420 0 0) 0x7f9af00033e0 con 0x7f9af4074160
2026-03-10T13:35:36.791 INFO:teuthology.orchestra.run.vm05.stdout:/usr/bin/ceph: stderr
2026-03-10T13:35:33.155+0000 7f9afaafd640 1 -- 192.168.123.105:0/4228722895 >> v1:192.168.123.105:6789/0 conn(0x7f9af4074160 legacy=0x7f9af4074560 unknown :-1 s=STATE_CONNECTION_ESTABLISHED l=1).mark_down
2026-03-10T13:35:36.791 INFO:teuthology.orchestra.run.vm05.stdout:/usr/bin/ceph: stderr
2026-03-10T13:35:33.155+0000 7f9afaafd640 1 -- 192.168.123.105:0/4228722895 shutdown_connections
2026-03-10T13:35:36.791 INFO:teuthology.orchestra.run.vm05.stdout:/usr/bin/ceph: stderr
2026-03-10T13:35:33.155+0000 7f9afaafd640 1 -- 192.168.123.105:0/4228722895 >> 192.168.123.105:0/4228722895 conn(0x7f9af406f4e0 msgr2=0x7f9af4071920 unknown :-1 s=STATE_NONE l=0).mark_down
2026-03-10T13:35:36.791 INFO:teuthology.orchestra.run.vm05.stdout:/usr/bin/ceph: stderr
2026-03-10T13:35:33.155+0000 7f9afaafd640 1 -- 192.168.123.105:0/4228722895 shutdown_connections
2026-03-10T13:35:36.791 INFO:teuthology.orchestra.run.vm05.stdout:/usr/bin/ceph: stderr
2026-03-10T13:35:33.155+0000 7f9afaafd640 1 -- 192.168.123.105:0/4228722895 wait complete.
2026-03-10T13:35:36.792 INFO:teuthology.orchestra.run.vm05.stdout:/usr/bin/ceph: stderr
2026-03-10T13:35:33.156+0000 7f9afaafd640 1 Processor -- start
2026-03-10T13:35:36.792 INFO:teuthology.orchestra.run.vm05.stdout:/usr/bin/ceph: stderr
2026-03-10T13:35:33.156+0000 7f9afaafd640 1 -- start start
2026-03-10T13:35:36.792 INFO:teuthology.orchestra.run.vm05.stdout:/usr/bin/ceph: stderr
2026-03-10T13:35:33.156+0000 7f9afaafd640 1 -- --> v1:192.168.123.105:6789/0 -- auth(proto 0 34 bytes epoch 0) -- 0x7f9af41a4150 con 0x7f9af41a3620
2026-03-10T13:35:36.792 INFO:teuthology.orchestra.run.vm05.stdout:/usr/bin/ceph: stderr
2026-03-10T13:35:33.156+0000 7f9af9afb640 1 --1- >> v1:192.168.123.105:6789/0 conn(0x7f9af41a3620 0x7f9af41a3a40 :-1 s=CONNECTING_WAIT_BANNER_AND_IDENTIFY pgs=0 cs=0 l=1).handle_server_banner_and_identify peer v1:192.168.123.105:6789/0 says I am v1:192.168.123.105:56182/0 (socket says 192.168.123.105:56182)
2026-03-10T13:35:36.792 INFO:teuthology.orchestra.run.vm05.stdout:/usr/bin/ceph: stderr
2026-03-10T13:35:33.156+0000 7f9af9afb640 1 -- 192.168.123.105:0/2045346811 learned_addr learned my addr 192.168.123.105:0/2045346811 (peer_addr_for_me v1:192.168.123.105:0/0)
2026-03-10T13:35:36.792 INFO:teuthology.orchestra.run.vm05.stdout:/usr/bin/ceph: stderr
2026-03-10T13:35:33.156+0000 7f9ae2ffd640 1 -- 192.168.123.105:0/2045346811 <== mon.0 v1:192.168.123.105:6789/0 1 ==== auth_reply(proto 2 0 (0) Success) ==== 33+0+0 (unknown 1548735463 0 0) 0x7f9af41a4150 con 0x7f9af41a3620
2026-03-10T13:35:36.792 INFO:teuthology.orchestra.run.vm05.stdout:/usr/bin/ceph: stderr
2026-03-10T13:35:33.157+0000 7f9ae2ffd640 1 -- 192.168.123.105:0/2045346811 --> v1:192.168.123.105:6789/0 -- auth(proto 2 36 bytes epoch 0) -- 0x7f9ac8003620 con 0x7f9af41a3620
2026-03-10T13:35:36.792 INFO:teuthology.orchestra.run.vm05.stdout:/usr/bin/ceph: stderr
2026-03-10T13:35:33.157+0000 7f9ae2ffd640 1 -- 192.168.123.105:0/2045346811 <== mon.0 v1:192.168.123.105:6789/0 2 ==== auth_reply(proto 2 0 (0) Success) ==== 764+0+0 (unknown 1708819029 0 0) 0x7f9ac8003620 con 0x7f9af41a3620
2026-03-10T13:35:36.792 INFO:teuthology.orchestra.run.vm05.stdout:/usr/bin/ceph: stderr
2026-03-10T13:35:33.157+0000 7f9ae2ffd640 1 -- 192.168.123.105:0/2045346811 --> v1:192.168.123.105:6789/0 -- auth(proto 2 165 bytes epoch 0) -- 0x7f9af41a4150 con 0x7f9af41a3620
2026-03-10T13:35:36.792 INFO:teuthology.orchestra.run.vm05.stdout:/usr/bin/ceph: stderr
2026-03-10T13:35:33.157+0000 7f9ae2ffd640 1 -- 192.168.123.105:0/2045346811 <== mon.0 v1:192.168.123.105:6789/0 3 ==== mon_map magic: 0 ==== 170+0+0 (unknown 4183727868 0 0) 0x7f9af0003170 con 0x7f9af41a3620
2026-03-10T13:35:36.792 INFO:teuthology.orchestra.run.vm05.stdout:/usr/bin/ceph: stderr
2026-03-10T13:35:33.157+0000 7f9ae2ffd640 1 -- 192.168.123.105:0/2045346811 <== mon.0 v1:192.168.123.105:6789/0 4 ==== auth_reply(proto 2 0 (0) Success) ==== 580+0+0 (unknown 1566829576 0 0) 0x7f9af41a4150 con 0x7f9af41a3620
2026-03-10T13:35:36.792 INFO:teuthology.orchestra.run.vm05.stdout:/usr/bin/ceph: stderr
2026-03-10T13:35:33.157+0000 7f9ae2ffd640 1 -- 192.168.123.105:0/2045346811 --> v1:192.168.123.105:6789/0 -- mon_subscribe({config=0+,monmap=0+}) -- 0x7f9af41a8b40 con 0x7f9af41a3620
2026-03-10T13:35:36.792 INFO:teuthology.orchestra.run.vm05.stdout:/usr/bin/ceph: stderr
2026-03-10T13:35:33.157+0000 7f9afaafd640 1 -- 192.168.123.105:0/2045346811 --> v1:192.168.123.105:6789/0 -- mon_subscribe({mgrmap=0+}) -- 0x7f9af41a7b30 con 0x7f9af41a3620
2026-03-10T13:35:36.792 INFO:teuthology.orchestra.run.vm05.stdout:/usr/bin/ceph: stderr
2026-03-10T13:35:33.158+0000 7f9afaafd640 1 -- 192.168.123.105:0/2045346811 --> v1:192.168.123.105:6789/0 -- mon_subscribe({osdmap=0}) -- 0x7f9af41a8070 con 0x7f9af41a3620
2026-03-10T13:35:36.792 INFO:teuthology.orchestra.run.vm05.stdout:/usr/bin/ceph: stderr
2026-03-10T13:35:33.158+0000 7f9ae2ffd640 1 -- 192.168.123.105:0/2045346811 <== mon.0 v1:192.168.123.105:6789/0 5 ==== config(24 keys) ==== 973+0+0 (unknown 630610420 0 0) 0x7f9af00034b0 con 0x7f9af41a3620
2026-03-10T13:35:36.792 INFO:teuthology.orchestra.run.vm05.stdout:/usr/bin/ceph: stderr
2026-03-10T13:35:33.159+0000 7f9ae2ffd640 1 -- 192.168.123.105:0/2045346811 <== mon.0 v1:192.168.123.105:6789/0 6 ==== mon_map magic: 0 ==== 170+0+0 (unknown 4183727868 0 0) 0x7f9af0005c50 con 0x7f9af41a3620
2026-03-10T13:35:36.792 INFO:teuthology.orchestra.run.vm05.stdout:/usr/bin/ceph: stderr
2026-03-10T13:35:33.159+0000 7f9ae2ffd640 1 -- 192.168.123.105:0/2045346811 <== mon.0 v1:192.168.123.105:6789/0 7 ==== mgrmap(e 5) ==== 50212+0+0 (unknown 2512580191 0 0) 0x7f9af0007370 con 0x7f9af41a3620
2026-03-10T13:35:36.792 INFO:teuthology.orchestra.run.vm05.stdout:/usr/bin/ceph: stderr
2026-03-10T13:35:33.159+0000 7f9af92fa640 1 -- 192.168.123.105:0/2045346811 >> v1:192.168.123.105:6800/1920070151 conn(0x7f9ac803ec60 legacy=0x7f9ac8041100 unknown :-1 s=STATE_CONNECTING_RE l=1).process reconnect failed to v1:192.168.123.105:6800/1920070151
2026-03-10T13:35:36.792 INFO:teuthology.orchestra.run.vm05.stdout:/usr/bin/ceph: stderr
2026-03-10T13:35:33.159+0000 7f9ae2ffd640 1 -- 192.168.123.105:0/2045346811 <== mon.0 v1:192.168.123.105:6789/0 8 ==== osd_map(1..1 src has 1..1) ==== 725+0+0 (unknown 4001592299 0 0) 0x7f9af004dc60 con 0x7f9af41a3620
2026-03-10T13:35:36.792 INFO:teuthology.orchestra.run.vm05.stdout:/usr/bin/ceph: stderr
2026-03-10T13:35:33.159+0000 7f9afaafd640 1 -- 192.168.123.105:0/2045346811 --> v1:192.168.123.105:6800/1920070151 -- command(tid 0: {"prefix": "get_command_descriptions"}) -- 0x7f9af4111d90 con 0x7f9ac803ec60
2026-03-10T13:35:36.792 INFO:teuthology.orchestra.run.vm05.stdout:/usr/bin/ceph: stderr
2026-03-10T13:35:33.360+0000 7f9af92fa640 1 -- 192.168.123.105:0/2045346811 >> v1:192.168.123.105:6800/1920070151 conn(0x7f9ac803ec60 legacy=0x7f9ac8041100 unknown :-1 s=STATE_CONNECTING_RE l=1).process reconnect failed to v1:192.168.123.105:6800/1920070151
2026-03-10T13:35:36.792 INFO:teuthology.orchestra.run.vm05.stdout:/usr/bin/ceph: stderr
2026-03-10T13:35:33.760+0000 7f9af92fa640 1 -- 192.168.123.105:0/2045346811 >> v1:192.168.123.105:6800/1920070151 conn(0x7f9ac803ec60 legacy=0x7f9ac8041100 unknown :-1 s=STATE_CONNECTING_RE l=1).process reconnect failed to v1:192.168.123.105:6800/1920070151
2026-03-10T13:35:36.792 INFO:teuthology.orchestra.run.vm05.stdout:/usr/bin/ceph: stderr
2026-03-10T13:35:34.561+0000 7f9af92fa640 1 -- 192.168.123.105:0/2045346811 >> v1:192.168.123.105:6800/1920070151 conn(0x7f9ac803ec60 legacy=0x7f9ac8041100 unknown :-1 s=STATE_CONNECTING_RE l=1).process reconnect failed to v1:192.168.123.105:6800/1920070151
2026-03-10T13:35:36.792 INFO:teuthology.orchestra.run.vm05.stdout:/usr/bin/ceph: stderr
2026-03-10T13:35:35.620+0000 7f9ae2ffd640 1 -- 192.168.123.105:0/2045346811 <== mon.0 v1:192.168.123.105:6789/0 9 ==== mgrmap(e 6) ==== 50014+0+0 (unknown 1361211852 0 0) 0x7f9af004ca30 con 0x7f9af41a3620
2026-03-10T13:35:36.792 INFO:teuthology.orchestra.run.vm05.stdout:/usr/bin/ceph: stderr
2026-03-10T13:35:35.620+0000 7f9ae2ffd640 1 -- 192.168.123.105:0/2045346811 >> v1:192.168.123.105:6800/1920070151 conn(0x7f9ac803ec60 legacy=0x7f9ac8041100 unknown :-1 s=STATE_CONNECTING l=1).mark_down
2026-03-10T13:35:36.792 INFO:teuthology.orchestra.run.vm05.stdout:/usr/bin/ceph: stderr
2026-03-10T13:35:36.622+0000 7f9ae2ffd640 1 -- 192.168.123.105:0/2045346811 <== mon.0 v1:192.168.123.105:6789/0 10 ==== mgrmap(e 7) ==== 50106+0+0 (unknown 1734976888 0 0) 0x7f9af004d4b0 con 0x7f9af41a3620
2026-03-10T13:35:36.792 INFO:teuthology.orchestra.run.vm05.stdout:/usr/bin/ceph: stderr
2026-03-10T13:35:36.622+0000 7f9ae2ffd640 1 -- 192.168.123.105:0/2045346811 --> v1:192.168.123.105:6800/3334108074 -- command(tid 0: {"prefix": "get_command_descriptions"}) -- 0x7f9af4111d90 con 0x7f9ac8043400
2026-03-10T13:35:36.792 INFO:teuthology.orchestra.run.vm05.stdout:/usr/bin/ceph: stderr
2026-03-10T13:35:36.626+0000 7f9ae2ffd640 1 -- 192.168.123.105:0/2045346811 <== mgr.14118 v1:192.168.123.105:6800/3334108074 1 ==== command_reply(tid 0: 0 ) ==== 8+0+8901 (unknown 0 0 3832181493) 0x7f9af4111d90 con 0x7f9ac8043400
2026-03-10T13:35:36.792 INFO:teuthology.orchestra.run.vm05.stdout:/usr/bin/ceph: stderr
2026-03-10T13:35:36.630+0000 7f9afaafd640 1 -- 192.168.123.105:0/2045346811 --> v1:192.168.123.105:6800/3334108074 -- command(tid 1: {"prefix": "mgr_status"}) -- 0x7f9af4111f40 con 0x7f9ac8043400
2026-03-10T13:35:36.792 INFO:teuthology.orchestra.run.vm05.stdout:/usr/bin/ceph: stderr
2026-03-10T13:35:36.631+0000 7f9ae2ffd640 1 -- 192.168.123.105:0/2045346811 <== mgr.14118 v1:192.168.123.105:6800/3334108074 2 ==== command_reply(tid 1: 0 ) ==== 8+0+51 (unknown 0 0 96372106) 0x7f9af4111f40 con 0x7f9ac8043400
2026-03-10T13:35:36.792 INFO:teuthology.orchestra.run.vm05.stdout:/usr/bin/ceph: stderr
2026-03-10T13:35:36.634+0000 7f9ae0ff9640 1 -- 192.168.123.105:0/2045346811 >> v1:192.168.123.105:6800/3334108074 conn(0x7f9ac8043400 legacy=0x7f9ac80457f0 unknown :-1 s=STATE_CONNECTION_ESTABLISHED l=1).mark_down
2026-03-10T13:35:36.792 INFO:teuthology.orchestra.run.vm05.stdout:/usr/bin/ceph: stderr
2026-03-10T13:35:36.634+0000 7f9ae0ff9640 1 -- 192.168.123.105:0/2045346811 >> v1:192.168.123.105:6789/0 conn(0x7f9af41a3620 legacy=0x7f9af41a3a40 unknown :-1 s=STATE_CONNECTION_ESTABLISHED l=1).mark_down
2026-03-10T13:35:36.792 INFO:teuthology.orchestra.run.vm05.stdout:/usr/bin/ceph: stderr
2026-03-10T13:35:36.634+0000 7f9ae0ff9640 1 -- 192.168.123.105:0/2045346811 shutdown_connections
2026-03-10T13:35:36.792 INFO:teuthology.orchestra.run.vm05.stdout:/usr/bin/ceph: stderr
2026-03-10T13:35:36.634+0000 7f9ae0ff9640 1 -- 192.168.123.105:0/2045346811 >> 192.168.123.105:0/2045346811 conn(0x7f9af406f4e0 msgr2=0x7f9af4110d70 unknown :-1 s=STATE_NONE l=0).mark_down
2026-03-10T13:35:36.792 INFO:teuthology.orchestra.run.vm05.stdout:/usr/bin/ceph: stderr
2026-03-10T13:35:36.634+0000 7f9ae0ff9640 1 -- 192.168.123.105:0/2045346811 shutdown_connections
2026-03-10T13:35:36.792 INFO:teuthology.orchestra.run.vm05.stdout:/usr/bin/ceph: stderr
2026-03-10T13:35:36.634+0000 7f9ae0ff9640 1 -- 192.168.123.105:0/2045346811 wait complete.
2026-03-10T13:35:36.792 INFO:teuthology.orchestra.run.vm05.stdout:mgr epoch 5 is available
2026-03-10T13:35:36.792 INFO:teuthology.orchestra.run.vm05.stdout:Setting orchestrator backend to cephadm...
2026-03-10T13:35:36.886 INFO:journalctl@ceph.mon.a.vm05.stdout:Mar 10 13:35:36 vm05 ceph-mon[51512]: Found migration_current of "None". Setting to last migration.
2026-03-10T13:35:36.886 INFO:journalctl@ceph.mon.a.vm05.stdout:Mar 10 13:35:36 vm05 ceph-mon[51512]: from='mgr.14118 v1:192.168.123.105:0/3540588486' entity='mgr.y' cmd=[{"prefix":"config rm","who":"mgr","name":"mgr/rbd_support/y/trash_purge_schedule"}]: dispatch
2026-03-10T13:35:36.886 INFO:journalctl@ceph.mon.a.vm05.stdout:Mar 10 13:35:36 vm05 ceph-mon[51512]: from='mgr.14118 v1:192.168.123.105:0/3540588486' entity='mgr.y'
2026-03-10T13:35:36.886 INFO:journalctl@ceph.mon.a.vm05.stdout:Mar 10 13:35:36 vm05 ceph-mon[51512]: from='mgr.14118 v1:192.168.123.105:0/3540588486' entity='mgr.y'
2026-03-10T13:35:36.886 INFO:journalctl@ceph.mon.a.vm05.stdout:Mar 10 13:35:36 vm05 ceph-mon[51512]: mgrmap e7: y(active, since 1.01006s)
2026-03-10T13:35:37.234 INFO:teuthology.orchestra.run.vm05.stdout:/usr/bin/ceph: stderr
2026-03-10T13:35:36.966+0000 7f555ef9b640 1 Processor -- start
2026-03-10T13:35:37.234 INFO:teuthology.orchestra.run.vm05.stdout:/usr/bin/ceph: stderr
2026-03-10T13:35:36.967+0000 7f555ef9b640 1 -- start start
2026-03-10T13:35:37.234 INFO:teuthology.orchestra.run.vm05.stdout:/usr/bin/ceph: stderr
2026-03-10T13:35:36.967+0000 7f555ef9b640 1 -- --> v1:192.168.123.105:6789/0 -- auth(proto 0 34 bytes epoch 0) -- 0x7f55500a8cd0 con 0x7f55500a48a0
2026-03-10T13:35:37.234 INFO:teuthology.orchestra.run.vm05.stdout:/usr/bin/ceph: stderr
2026-03-10T13:35:36.967+0000 7f555df99640 1 --1- >> v1:192.168.123.105:6789/0 conn(0x7f55500a48a0 0x7f55500a4ca0 :-1 s=CONNECTING_WAIT_BANNER_AND_IDENTIFY pgs=0 cs=0 l=0).handle_server_banner_and_identify peer v1:192.168.123.105:6789/0 says I am v1:192.168.123.105:36686/0 (socket says 192.168.123.105:36686)
2026-03-10T13:35:37.234 INFO:teuthology.orchestra.run.vm05.stdout:/usr/bin/ceph: stderr
2026-03-10T13:35:36.967+0000 7f555df99640 1 -- 192.168.123.105:0/217822253 learned_addr learned my addr 192.168.123.105:0/217822253 (peer_addr_for_me v1:192.168.123.105:0/0)
2026-03-10T13:35:37.234 INFO:teuthology.orchestra.run.vm05.stdout:/usr/bin/ceph: stderr
2026-03-10T13:35:36.968+0000 7f555cf97640 1 -- 192.168.123.105:0/217822253 <== mon.0 v1:192.168.123.105:6789/0 1 ==== auth_reply(proto 2 0 (0) Success) ==== 33+0+0 (unknown 4249902594 0 0) 0x7f55500a8cd0 con 0x7f55500a48a0
2026-03-10T13:35:37.234 INFO:teuthology.orchestra.run.vm05.stdout:/usr/bin/ceph: stderr
2026-03-10T13:35:36.968+0000 7f555cf97640 1 -- 192.168.123.105:0/217822253 --> v1:192.168.123.105:6789/0 -- auth(proto 2 36 bytes epoch 0) -- 0x7f553c003620 con 0x7f55500a48a0
2026-03-10T13:35:37.234 INFO:teuthology.orchestra.run.vm05.stdout:/usr/bin/ceph: stderr
2026-03-10T13:35:36.968+0000 7f555cf97640 1 -- 192.168.123.105:0/217822253 <== mon.0 v1:192.168.123.105:6789/0 2 ==== auth_reply(proto 2 0 (0) Success) ==== 214+0+0 (unknown 3839736887 0 0) 0x7f553c003620 con 0x7f55500a48a0
2026-03-10T13:35:37.234 INFO:teuthology.orchestra.run.vm05.stdout:/usr/bin/ceph: stderr
2026-03-10T13:35:36.968+0000 7f555cf97640 1 -- 192.168.123.105:0/217822253 --> v1:192.168.123.105:6789/0 -- mon_subscribe({config=0+,monmap=0+}) -- 0x7f55500a9eb0 con 0x7f55500a48a0
2026-03-10T13:35:37.234 INFO:teuthology.orchestra.run.vm05.stdout:/usr/bin/ceph: stderr
2026-03-10T13:35:36.968+0000 7f555cf97640 1 -- 192.168.123.105:0/217822253 <== mon.0 v1:192.168.123.105:6789/0 3 ==== mon_map magic: 0 ==== 170+0+0 (unknown 4183727868 0 0) 0x7f5554002e10 con 0x7f55500a48a0
2026-03-10T13:35:37.234 INFO:teuthology.orchestra.run.vm05.stdout:/usr/bin/ceph: stderr
2026-03-10T13:35:36.968+0000 7f555cf97640 1 -- 192.168.123.105:0/217822253 <== mon.0 v1:192.168.123.105:6789/0 4 ==== config(24 keys) ==== 973+0+0 (unknown 630610420 0 0) 0x7f55540033e0 con 0x7f55500a48a0
2026-03-10T13:35:37.234 INFO:teuthology.orchestra.run.vm05.stdout:/usr/bin/ceph: stderr
2026-03-10T13:35:36.969+0000 7f555ef9b640 1 -- 192.168.123.105:0/217822253 >> v1:192.168.123.105:6789/0 conn(0x7f55500a48a0 legacy=0x7f55500a4ca0 unknown :-1 s=STATE_CONNECTION_ESTABLISHED l=1).mark_down
2026-03-10T13:35:37.234 INFO:teuthology.orchestra.run.vm05.stdout:/usr/bin/ceph: stderr
2026-03-10T13:35:36.970+0000 7f555ef9b640 1 -- 192.168.123.105:0/217822253 shutdown_connections
2026-03-10T13:35:37.234 INFO:teuthology.orchestra.run.vm05.stdout:/usr/bin/ceph: stderr
2026-03-10T13:35:36.970+0000 7f555ef9b640 1 -- 192.168.123.105:0/217822253 >> 192.168.123.105:0/217822253 conn(0x7f555009fbb0 msgr2=0x7f55500a2010 unknown :-1 s=STATE_NONE l=0).mark_down
2026-03-10T13:35:37.234 INFO:teuthology.orchestra.run.vm05.stdout:/usr/bin/ceph: stderr
2026-03-10T13:35:36.970+0000 7f555ef9b640 1 -- 192.168.123.105:0/217822253 shutdown_connections
2026-03-10T13:35:37.234 INFO:teuthology.orchestra.run.vm05.stdout:/usr/bin/ceph: stderr
2026-03-10T13:35:36.972+0000 7f555ef9b640 1 -- 192.168.123.105:0/217822253 wait complete.
2026-03-10T13:35:37.234 INFO:teuthology.orchestra.run.vm05.stdout:/usr/bin/ceph: stderr
2026-03-10T13:35:36.973+0000 7f555ef9b640 1 Processor -- start
2026-03-10T13:35:37.234 INFO:teuthology.orchestra.run.vm05.stdout:/usr/bin/ceph: stderr
2026-03-10T13:35:36.973+0000 7f555ef9b640 1 -- start start
2026-03-10T13:35:37.234 INFO:teuthology.orchestra.run.vm05.stdout:/usr/bin/ceph: stderr
2026-03-10T13:35:36.973+0000 7f555ef9b640 1 -- --> v1:192.168.123.105:6789/0 -- auth(proto 0 34 bytes epoch 0) -- 0x7f555013a650 con 0x7f55500a48a0
2026-03-10T13:35:37.234 INFO:teuthology.orchestra.run.vm05.stdout:/usr/bin/ceph: stderr
2026-03-10T13:35:36.974+0000 7f555df99640 1 --1- >> v1:192.168.123.105:6789/0 conn(0x7f55500a48a0 0x7f5550139f40 :-1 s=CONNECTING_WAIT_BANNER_AND_IDENTIFY pgs=0 cs=0 l=1).handle_server_banner_and_identify peer v1:192.168.123.105:6789/0 says I am v1:192.168.123.105:36694/0 (socket says 192.168.123.105:36694)
2026-03-10T13:35:37.234 INFO:teuthology.orchestra.run.vm05.stdout:/usr/bin/ceph: stderr
2026-03-10T13:35:36.974+0000 7f555df99640 1 -- 192.168.123.105:0/1844398852 learned_addr learned my addr 192.168.123.105:0/1844398852 (peer_addr_for_me v1:192.168.123.105:0/0)
2026-03-10T13:35:37.234 INFO:teuthology.orchestra.run.vm05.stdout:/usr/bin/ceph: stderr
2026-03-10T13:35:36.974+0000 7f5546ffd640 1 -- 192.168.123.105:0/1844398852 <== mon.0 v1:192.168.123.105:6789/0 1 ==== auth_reply(proto 2 0 (0) Success) ==== 33+0+0 (unknown 3488253946 0 0) 0x7f555013a650 con 0x7f55500a48a0
2026-03-10T13:35:37.234 INFO:teuthology.orchestra.run.vm05.stdout:/usr/bin/ceph: stderr
2026-03-10T13:35:36.974+0000 7f5546ffd640 1 -- 192.168.123.105:0/1844398852 --> v1:192.168.123.105:6789/0 -- auth(proto 2 36 bytes epoch 0) -- 0x7f5534003620 con 0x7f55500a48a0
2026-03-10T13:35:37.234 INFO:teuthology.orchestra.run.vm05.stdout:/usr/bin/ceph: stderr
2026-03-10T13:35:36.974+0000 7f5546ffd640 1 -- 192.168.123.105:0/1844398852 <== mon.0 v1:192.168.123.105:6789/0 2 ==== auth_reply(proto 2 0 (0) Success) ==== 764+0+0 (unknown 697112271 0 0) 0x7f5534003620 con 0x7f55500a48a0
2026-03-10T13:35:37.234 INFO:teuthology.orchestra.run.vm05.stdout:/usr/bin/ceph: stderr
2026-03-10T13:35:36.974+0000 7f5546ffd640 1 -- 192.168.123.105:0/1844398852 --> v1:192.168.123.105:6789/0 -- auth(proto 2 165 bytes epoch 0) -- 0x7f555013a650 con 0x7f55500a48a0
2026-03-10T13:35:37.234 INFO:teuthology.orchestra.run.vm05.stdout:/usr/bin/ceph: stderr
2026-03-10T13:35:36.974+0000 7f5546ffd640 1 -- 192.168.123.105:0/1844398852 <== mon.0 v1:192.168.123.105:6789/0 3 ==== mon_map magic: 0 ==== 170+0+0 (unknown 4183727868 0 0) 0x7f5554002cd0 con 0x7f55500a48a0
2026-03-10T13:35:37.234 INFO:teuthology.orchestra.run.vm05.stdout:/usr/bin/ceph: stderr
2026-03-10T13:35:36.975+0000 7f5546ffd640 1 -- 192.168.123.105:0/1844398852 <== mon.0 v1:192.168.123.105:6789/0 4 ==== auth_reply(proto 2 0 (0) Success) ==== 580+0+0 (unknown 1751330407 0 0) 0x7f555013a650 con 0x7f55500a48a0
2026-03-10T13:35:37.234 INFO:teuthology.orchestra.run.vm05.stdout:/usr/bin/ceph: stderr
2026-03-10T13:35:36.975+0000 7f5546ffd640 1 -- 192.168.123.105:0/1844398852 --> v1:192.168.123.105:6789/0 -- mon_subscribe({config=0+,monmap=0+}) -- 0x7f555013a820 con 0x7f55500a48a0
2026-03-10T13:35:37.234 INFO:teuthology.orchestra.run.vm05.stdout:/usr/bin/ceph: stderr
2026-03-10T13:35:36.975+0000 7f555ef9b640 1 -- 192.168.123.105:0/1844398852 --> v1:192.168.123.105:6789/0 -- mon_subscribe({mgrmap=0+}) -- 0x7f555013ab30 con 0x7f55500a48a0
2026-03-10T13:35:37.234 INFO:teuthology.orchestra.run.vm05.stdout:/usr/bin/ceph: stderr
2026-03-10T13:35:36.975+0000 7f555ef9b640 1 -- 192.168.123.105:0/1844398852 --> v1:192.168.123.105:6789/0 -- mon_subscribe({osdmap=0}) -- 0x7f555013e6c0 con 0x7f55500a48a0
2026-03-10T13:35:37.234 INFO:teuthology.orchestra.run.vm05.stdout:/usr/bin/ceph: stderr
2026-03-10T13:35:36.976+0000 7f555ef9b640 1 -- 192.168.123.105:0/1844398852 --> v1:192.168.123.105:6789/0 -- mon_command({"prefix": "get_command_descriptions"} v 0) -- 0x7f555013e9b0 con 0x7f55500a48a0
2026-03-10T13:35:37.234 INFO:teuthology.orchestra.run.vm05.stdout:/usr/bin/ceph: stderr
2026-03-10T13:35:36.979+0000 7f5546ffd640 1 -- 192.168.123.105:0/1844398852 <== mon.0 v1:192.168.123.105:6789/0 5 ==== config(24 keys) ==== 973+0+0 (unknown 630610420 0 0) 0x7f5554003200 con 0x7f55500a48a0
2026-03-10T13:35:37.234 INFO:teuthology.orchestra.run.vm05.stdout:/usr/bin/ceph: stderr
2026-03-10T13:35:36.979+0000 7f5546ffd640 1 -- 192.168.123.105:0/1844398852 <== mon.0 v1:192.168.123.105:6789/0 6 ==== mon_map magic: 0 ==== 170+0+0 (unknown 4183727868 0 0) 0x7f55540055d0 con 0x7f55500a48a0
2026-03-10T13:35:37.234 INFO:teuthology.orchestra.run.vm05.stdout:/usr/bin/ceph: stderr
2026-03-10T13:35:36.979+0000 7f5546ffd640 1 -- 192.168.123.105:0/1844398852 <== mon.0 v1:192.168.123.105:6789/0 7 ==== mgrmap(e 7) ==== 50106+0+0 (unknown 1734976888 0 0) 0x7f55540126d0 con 0x7f55500a48a0
2026-03-10T13:35:37.234 INFO:teuthology.orchestra.run.vm05.stdout:/usr/bin/ceph: stderr
2026-03-10T13:35:36.979+0000 7f5546ffd640 1 -- 192.168.123.105:0/1844398852 <== mon.0 v1:192.168.123.105:6789/0 8 ==== osd_map(2..2 src has 1..2) ==== 897+0+0 (unknown 1497606905 0 0) 0x7f555404df50 con 0x7f55500a48a0
2026-03-10T13:35:37.234 INFO:teuthology.orchestra.run.vm05.stdout:/usr/bin/ceph: stderr
2026-03-10T13:35:36.980+0000 7f5546ffd640 1 -- 192.168.123.105:0/1844398852 <== mon.0 v1:192.168.123.105:6789/0 9 ==== mon_command_ack([{"prefix": "get_command_descriptions"}]=0 v0) ==== 72+0+195034 (unknown 1092875540 0 2568732696) 0x7f5554014220 con 0x7f55500a48a0
2026-03-10T13:35:37.234 INFO:teuthology.orchestra.run.vm05.stdout:/usr/bin/ceph: stderr
2026-03-10T13:35:37.080+0000 7f555ef9b640 1 -- 192.168.123.105:0/1844398852 --> v1:192.168.123.105:6800/3334108074 -- mgr_command(tid 0: {"prefix": "orch set backend", "module_name": "cephadm", "target": ["mon-mgr", ""]}) -- 0x7f5550003140 con 0x7f553403eb10
2026-03-10T13:35:37.234 INFO:teuthology.orchestra.run.vm05.stdout:/usr/bin/ceph: stderr
2026-03-10T13:35:37.089+0000 7f5546ffd640 1 -- 192.168.123.105:0/1844398852 <== mgr.14118 v1:192.168.123.105:6800/3334108074 1 ==== mgr_command_reply(tid 0: 0 ) ==== 8+0+0 (unknown 0 0 0) 0x7f5550003140 con 0x7f553403eb10
2026-03-10T13:35:37.234 INFO:teuthology.orchestra.run.vm05.stdout:/usr/bin/ceph: stderr
2026-03-10T13:35:37.092+0000 7f5544ff9640 1 -- 192.168.123.105:0/1844398852 >> v1:192.168.123.105:6800/3334108074 conn(0x7f553403eb10 legacy=0x7f5534040fd0 unknown :-1 s=STATE_CONNECTION_ESTABLISHED l=1).mark_down
2026-03-10T13:35:37.234 INFO:teuthology.orchestra.run.vm05.stdout:/usr/bin/ceph: stderr
2026-03-10T13:35:37.092+0000 7f5544ff9640 1 -- 192.168.123.105:0/1844398852 >> v1:192.168.123.105:6789/0 conn(0x7f55500a48a0 legacy=0x7f5550139f40 unknown :-1 s=STATE_CONNECTION_ESTABLISHED l=1).mark_down
2026-03-10T13:35:37.234 INFO:teuthology.orchestra.run.vm05.stdout:/usr/bin/ceph: stderr
2026-03-10T13:35:37.092+0000 7f5544ff9640 1 -- 192.168.123.105:0/1844398852 shutdown_connections
2026-03-10T13:35:37.234 INFO:teuthology.orchestra.run.vm05.stdout:/usr/bin/ceph: stderr
2026-03-10T13:35:37.092+0000 7f5544ff9640 1 -- 192.168.123.105:0/1844398852 >> 192.168.123.105:0/1844398852 conn(0x7f555009fbb0 msgr2=0x7f55500a2010 unknown :-1 s=STATE_NONE l=0).mark_down
2026-03-10T13:35:37.234 INFO:teuthology.orchestra.run.vm05.stdout:/usr/bin/ceph: stderr
2026-03-10T13:35:37.092+0000 7f5544ff9640 1 -- 192.168.123.105:0/1844398852 shutdown_connections
2026-03-10T13:35:37.234 INFO:teuthology.orchestra.run.vm05.stdout:/usr/bin/ceph: stderr
2026-03-10T13:35:37.092+0000 7f5544ff9640 1 -- 192.168.123.105:0/1844398852 wait complete.
2026-03-10T13:35:37.630 INFO:teuthology.orchestra.run.vm05.stdout:/usr/bin/ceph: stdout value unchanged
2026-03-10T13:35:37.630 INFO:teuthology.orchestra.run.vm05.stdout:/usr/bin/ceph: stderr
2026-03-10T13:35:37.368+0000 7fca65c54640 1 Processor -- start
2026-03-10T13:35:37.630 INFO:teuthology.orchestra.run.vm05.stdout:/usr/bin/ceph: stderr
2026-03-10T13:35:37.369+0000 7fca65c54640 1 -- start start
2026-03-10T13:35:37.630 INFO:teuthology.orchestra.run.vm05.stdout:/usr/bin/ceph: stderr
2026-03-10T13:35:37.369+0000 7fca65c54640 1 -- --> v1:192.168.123.105:6789/0 -- auth(proto 0 34 bytes epoch 0) -- 0x7fca6010ab30 con 0x7fca60106700
2026-03-10T13:35:37.630 INFO:teuthology.orchestra.run.vm05.stdout:/usr/bin/ceph: stderr
2026-03-10T13:35:37.369+0000 7fca5f7fe640 1 --1- >> v1:192.168.123.105:6789/0 conn(0x7fca60106700 0x7fca60106b00 :-1 s=CONNECTING_WAIT_BANNER_AND_IDENTIFY pgs=0 cs=0 l=0).handle_server_banner_and_identify peer v1:192.168.123.105:6789/0 says I am v1:192.168.123.105:36710/0 (socket says 192.168.123.105:36710)
2026-03-10T13:35:37.630 INFO:teuthology.orchestra.run.vm05.stdout:/usr/bin/ceph: stderr
2026-03-10T13:35:37.369+0000 7fca5f7fe640 1 -- 192.168.123.105:0/1224937846 learned_addr learned my addr 192.168.123.105:0/1224937846 (peer_addr_for_me v1:192.168.123.105:0/0)
2026-03-10T13:35:37.630 INFO:teuthology.orchestra.run.vm05.stdout:/usr/bin/ceph: stderr
2026-03-10T13:35:37.369+0000 7fca5e7fc640 1 -- 192.168.123.105:0/1224937846 <== mon.0 v1:192.168.123.105:6789/0 1 ==== auth_reply(proto 2 0 (0) Success) ==== 33+0+0 (unknown 3994501445 0 0) 0x7fca6010ab30 con 0x7fca60106700
2026-03-10T13:35:37.630 INFO:teuthology.orchestra.run.vm05.stdout:/usr/bin/ceph: stderr
2026-03-10T13:35:37.369+0000 7fca5e7fc640 1 -- 192.168.123.105:0/1224937846 --> v1:192.168.123.105:6789/0 -- auth(proto 2 36 bytes epoch 0) -- 0x7fca3c003620 con 0x7fca60106700
2026-03-10T13:35:37.630 INFO:teuthology.orchestra.run.vm05.stdout:/usr/bin/ceph: stderr
2026-03-10T13:35:37.370+0000 7fca5e7fc640 1 -- 192.168.123.105:0/1224937846 <== mon.0 v1:192.168.123.105:6789/0 2 ==== auth_reply(proto 2 0 (0) Success) ==== 214+0+0 (unknown 788646378 0 0) 0x7fca3c003620 con 0x7fca60106700
2026-03-10T13:35:37.630 INFO:teuthology.orchestra.run.vm05.stdout:/usr/bin/ceph: stderr
2026-03-10T13:35:37.370+0000 7fca5e7fc640 1 -- 192.168.123.105:0/1224937846 --> v1:192.168.123.105:6789/0 -- mon_subscribe({config=0+,monmap=0+}) -- 0x7fca6010bd10 con 0x7fca60106700
2026-03-10T13:35:37.630 INFO:teuthology.orchestra.run.vm05.stdout:/usr/bin/ceph: stderr
2026-03-10T13:35:37.370+0000 7fca5e7fc640 1 -- 192.168.123.105:0/1224937846 <== mon.0 v1:192.168.123.105:6789/0 3 ==== mon_map magic: 0 ==== 170+0+0 (unknown 4183727868 0 0) 0x7fca50002e10 con 0x7fca60106700
2026-03-10T13:35:37.630 INFO:teuthology.orchestra.run.vm05.stdout:/usr/bin/ceph: stderr
2026-03-10T13:35:37.370+0000 7fca5e7fc640 1 -- 192.168.123.105:0/1224937846 <== mon.0 v1:192.168.123.105:6789/0 4 ==== config(24 keys) ==== 973+0+0 (unknown 630610420 0 0) 0x7fca500034a0 con 0x7fca60106700
2026-03-10T13:35:37.630 INFO:teuthology.orchestra.run.vm05.stdout:/usr/bin/ceph: stderr
2026-03-10T13:35:37.370+0000 7fca65c54640 1 -- 192.168.123.105:0/1224937846 >> v1:192.168.123.105:6789/0 conn(0x7fca60106700 legacy=0x7fca60106b00 unknown :-1 s=STATE_CONNECTION_ESTABLISHED l=1).mark_down
2026-03-10T13:35:37.630 INFO:teuthology.orchestra.run.vm05.stdout:/usr/bin/ceph: stderr
2026-03-10T13:35:37.370+0000 7fca65c54640 1 -- 192.168.123.105:0/1224937846 shutdown_connections
2026-03-10T13:35:37.630 INFO:teuthology.orchestra.run.vm05.stdout:/usr/bin/ceph: stderr
2026-03-10T13:35:37.370+0000 7fca65c54640 1 -- 192.168.123.105:0/1224937846 >> 192.168.123.105:0/1224937846 conn(0x7fca60101e90 msgr2=0x7fca601042d0 unknown :-1 s=STATE_NONE l=0).mark_down
2026-03-10T13:35:37.630 INFO:teuthology.orchestra.run.vm05.stdout:/usr/bin/ceph: stderr
2026-03-10T13:35:37.370+0000 7fca65c54640 1 -- 192.168.123.105:0/1224937846 shutdown_connections
2026-03-10T13:35:37.630 INFO:teuthology.orchestra.run.vm05.stdout:/usr/bin/ceph: stderr
2026-03-10T13:35:37.370+0000 7fca65c54640 1 -- 192.168.123.105:0/1224937846 wait complete.
2026-03-10T13:35:37.630 INFO:teuthology.orchestra.run.vm05.stdout:/usr/bin/ceph: stderr
2026-03-10T13:35:37.371+0000 7fca65c54640 1 Processor -- start
2026-03-10T13:35:37.630 INFO:teuthology.orchestra.run.vm05.stdout:/usr/bin/ceph: stderr
2026-03-10T13:35:37.371+0000 7fca65c54640 1 -- start start
2026-03-10T13:35:37.630 INFO:teuthology.orchestra.run.vm05.stdout:/usr/bin/ceph: stderr
2026-03-10T13:35:37.371+0000 7fca65c54640 1 -- --> v1:192.168.123.105:6789/0 -- auth(proto 0 34 bytes epoch 0) -- 0x7fca601a2420 con 0x7fca60106700
2026-03-10T13:35:37.630 INFO:teuthology.orchestra.run.vm05.stdout:/usr/bin/ceph: stderr
2026-03-10T13:35:37.371+0000 7fca5f7fe640 1 --1- >> v1:192.168.123.105:6789/0 conn(0x7fca60106700 0x7fca6007c480 :-1 s=CONNECTING_WAIT_BANNER_AND_IDENTIFY pgs=0 cs=0 l=1).handle_server_banner_and_identify peer v1:192.168.123.105:6789/0 says I am v1:192.168.123.105:36724/0 (socket says 192.168.123.105:36724)
2026-03-10T13:35:37.630 INFO:teuthology.orchestra.run.vm05.stdout:/usr/bin/ceph: stderr
2026-03-10T13:35:37.371+0000 7fca5f7fe640 1 -- 192.168.123.105:0/466531122 learned_addr learned my addr 192.168.123.105:0/466531122 (peer_addr_for_me v1:192.168.123.105:0/0)
2026-03-10T13:35:37.630 INFO:teuthology.orchestra.run.vm05.stdout:/usr/bin/ceph: stderr
2026-03-10T13:35:37.372+0000 7fca5cff9640 1 -- 192.168.123.105:0/466531122 <== mon.0 v1:192.168.123.105:6789/0 1 ==== auth_reply(proto 2 0 (0) Success) ==== 33+0+0 (unknown 2310482583 0 0) 0x7fca601a2420 con 0x7fca60106700
2026-03-10T13:35:37.630 INFO:teuthology.orchestra.run.vm05.stdout:/usr/bin/ceph: stderr
2026-03-10T13:35:37.372+0000 7fca5cff9640 1 -- 192.168.123.105:0/466531122 --> v1:192.168.123.105:6789/0 -- auth(proto 2 36 bytes epoch 0) -- 0x7fca34003620 con 0x7fca60106700
2026-03-10T13:35:37.630 INFO:teuthology.orchestra.run.vm05.stdout:/usr/bin/ceph: stderr
2026-03-10T13:35:37.372+0000 7fca5cff9640 1 -- 192.168.123.105:0/466531122 <== mon.0 v1:192.168.123.105:6789/0 2 ==== auth_reply(proto 2 0 (0) Success) ==== 764+0+0 (unknown 3167002706 0 0) 0x7fca34003620 con 0x7fca60106700
2026-03-10T13:35:37.630 INFO:teuthology.orchestra.run.vm05.stdout:/usr/bin/ceph: stderr
2026-03-10T13:35:37.372+0000 7fca5cff9640 1 -- 192.168.123.105:0/466531122 --> v1:192.168.123.105:6789/0 -- auth(proto 2 165 bytes epoch 0) -- 0x7fca601a2420 con 0x7fca60106700
2026-03-10T13:35:37.630 INFO:teuthology.orchestra.run.vm05.stdout:/usr/bin/ceph: stderr
2026-03-10T13:35:37.372+0000 7fca5cff9640 1 -- 192.168.123.105:0/466531122 <== mon.0 v1:192.168.123.105:6789/0 3 ==== mon_map magic: 0 ==== 170+0+0 (unknown 4183727868 0 0) 0x7fca50003270 con 0x7fca60106700
2026-03-10T13:35:37.630 INFO:teuthology.orchestra.run.vm05.stdout:/usr/bin/ceph: stderr
2026-03-10T13:35:37.372+0000 7fca5cff9640 1 -- 192.168.123.105:0/466531122 <== mon.0 v1:192.168.123.105:6789/0 4 ==== auth_reply(proto 2 0 (0) Success) ==== 580+0+0 (unknown 620940340 0 0) 0x7fca601a2420 con 0x7fca60106700
2026-03-10T13:35:37.630 INFO:teuthology.orchestra.run.vm05.stdout:/usr/bin/ceph: stderr
2026-03-10T13:35:37.372+0000 7fca5cff9640 1 -- 192.168.123.105:0/466531122 --> v1:192.168.123.105:6789/0 -- mon_subscribe({config=0+,monmap=0+}) -- 0x7fca601a3600 con 0x7fca60106700
2026-03-10T13:35:37.630 INFO:teuthology.orchestra.run.vm05.stdout:/usr/bin/ceph: stderr
2026-03-10T13:35:37.372+0000 7fca65c54640 1 -- 192.168.123.105:0/466531122 --> v1:192.168.123.105:6789/0 -- mon_subscribe({mgrmap=0+}) -- 0x7fca601a25f0 con 0x7fca60106700
2026-03-10T13:35:37.630 INFO:teuthology.orchestra.run.vm05.stdout:/usr/bin/ceph: stderr
2026-03-10T13:35:37.372+0000 7fca5cff9640 1 -- 192.168.123.105:0/466531122 <== mon.0 v1:192.168.123.105:6789/0 5 ==== config(24 keys) ==== 973+0+0 (unknown 630610420 0 0) 0x7fca500034d0 con 0x7fca60106700
2026-03-10T13:35:37.630 INFO:teuthology.orchestra.run.vm05.stdout:/usr/bin/ceph: stderr
2026-03-10T13:35:37.373+0000 7fca5cff9640 1 -- 192.168.123.105:0/466531122 <== mon.0 v1:192.168.123.105:6789/0 6 ==== mon_map magic: 0 ==== 170+0+0 (unknown 4183727868 0 0) 0x7fca50006160 con 0x7fca60106700
2026-03-10T13:35:37.630 INFO:teuthology.orchestra.run.vm05.stdout:/usr/bin/ceph: stderr
2026-03-10T13:35:37.373+0000 7fca65c54640 1 -- 192.168.123.105:0/466531122 --> v1:192.168.123.105:6789/0 -- mon_subscribe({osdmap=0}) -- 0x7fca601a2ab0 con 0x7fca60106700
2026-03-10T13:35:37.630 INFO:teuthology.orchestra.run.vm05.stdout:/usr/bin/ceph: stderr
2026-03-10T13:35:37.374+0000 7fca5cff9640 1 -- 192.168.123.105:0/466531122 <== mon.0 v1:192.168.123.105:6789/0 7 ==== mgrmap(e 7) ==== 50106+0+0 (unknown 1734976888 0 0) 0x7fca500127b0 con 0x7fca60106700
2026-03-10T13:35:37.630 INFO:teuthology.orchestra.run.vm05.stdout:/usr/bin/ceph: stderr
2026-03-10T13:35:37.374+0000 7fca65c54640 1 -- 192.168.123.105:0/466531122 --> v1:192.168.123.105:6789/0 -- mon_command({"prefix": "get_command_descriptions"} v 0) -- 0x7fca6010b8d0 con 0x7fca60106700
2026-03-10T13:35:37.630 INFO:teuthology.orchestra.run.vm05.stdout:/usr/bin/ceph: stderr
2026-03-10T13:35:37.375+0000 7fca5cff9640 1 -- 192.168.123.105:0/466531122 <== mon.0 v1:192.168.123.105:6789/0 8 ==== osd_map(2..2 src has 1..2) ==== 897+0+0 (unknown 1497606905 0 0) 0x7fca5004d4c0 con 0x7fca60106700
2026-03-10T13:35:37.630 INFO:teuthology.orchestra.run.vm05.stdout:/usr/bin/ceph: stderr
2026-03-10T13:35:37.377+0000 7fca5cff9640 1 -- 192.168.123.105:0/466531122 <== mon.0 v1:192.168.123.105:6789/0 9 ==== mon_command_ack([{"prefix": "get_command_descriptions"}]=0 v0) ==== 72+0+195034 (unknown 1092875540 0 2568732696) 0x7fca50018b80 con 0x7fca60106700
2026-03-10T13:35:37.630 INFO:teuthology.orchestra.run.vm05.stdout:/usr/bin/ceph: stderr
2026-03-10T13:35:37.468+0000 7fca65c54640 1 -- 192.168.123.105:0/466531122 --> v1:192.168.123.105:6800/3334108074 -- mgr_command(tid 0: {"prefix": "cephadm set-user", "user": "root", "target": ["mon-mgr", ""]}) -- 0x7fca601a2df0 con 0x7fca3403e790
2026-03-10T13:35:37.630 INFO:teuthology.orchestra.run.vm05.stdout:/usr/bin/ceph: stderr
2026-03-10T13:35:37.469+0000 7fca5cff9640 1 -- 192.168.123.105:0/466531122 <== mgr.14118 v1:192.168.123.105:6800/3334108074 1 ==== mgr_command_reply(tid 0: 0 ) ==== 8+0+16 (unknown 0 0 2070689548) 0x7fca601a2df0 con 0x7fca3403e790
2026-03-10T13:35:37.630 INFO:teuthology.orchestra.run.vm05.stdout:/usr/bin/ceph: stderr
2026-03-10T13:35:37.474+0000 7fca65c54640 1 -- 192.168.123.105:0/466531122 >> v1:192.168.123.105:6800/3334108074 conn(0x7fca3403e790 legacy=0x7fca34040c50 unknown :-1 s=STATE_CONNECTION_ESTABLISHED l=1).mark_down
2026-03-10T13:35:37.630 INFO:teuthology.orchestra.run.vm05.stdout:/usr/bin/ceph: stderr
2026-03-10T13:35:37.474+0000 7fca65c54640 1 -- 192.168.123.105:0/466531122 >> v1:192.168.123.105:6789/0 conn(0x7fca60106700 legacy=0x7fca6007c480 unknown :-1 s=STATE_CONNECTION_ESTABLISHED l=1).mark_down
2026-03-10T13:35:37.630 INFO:teuthology.orchestra.run.vm05.stdout:/usr/bin/ceph: stderr
2026-03-10T13:35:37.474+0000 7fca65c54640 1 -- 192.168.123.105:0/466531122 shutdown_connections
2026-03-10T13:35:37.630 INFO:teuthology.orchestra.run.vm05.stdout:/usr/bin/ceph: stderr
2026-03-10T13:35:37.474+0000 7fca65c54640 1 -- 192.168.123.105:0/466531122 >> 192.168.123.105:0/466531122 conn(0x7fca60101e90 msgr2=0x7fca60192eb0 unknown :-1 s=STATE_NONE l=0).mark_down
2026-03-10T13:35:37.631 INFO:teuthology.orchestra.run.vm05.stdout:/usr/bin/ceph: stderr
2026-03-10T13:35:37.474+0000 7fca65c54640 1 -- 192.168.123.105:0/466531122 shutdown_connections
2026-03-10T13:35:37.631 INFO:teuthology.orchestra.run.vm05.stdout:/usr/bin/ceph: stderr
2026-03-10T13:35:37.474+0000 7fca65c54640 1 -- 192.168.123.105:0/466531122 wait complete.
2026-03-10T13:35:37.631 INFO:teuthology.orchestra.run.vm05.stdout:Generating ssh key...
2026-03-10T13:35:38.064 INFO:journalctl@ceph.mgr.y.vm05.stdout:Mar 10 13:35:37 vm05 ceph-e063dc72-1c85-11f1-a098-09993c5c5b66-mgr-y[51744]: Generating public/private ed25519 key pair.
2026-03-10T13:35:38.064 INFO:journalctl@ceph.mgr.y.vm05.stdout:Mar 10 13:35:37 vm05 ceph-e063dc72-1c85-11f1-a098-09993c5c5b66-mgr-y[51744]: Your identification has been saved in /tmp/tmpblwhrdbh/key
2026-03-10T13:35:38.064 INFO:journalctl@ceph.mgr.y.vm05.stdout:Mar 10 13:35:37 vm05 ceph-e063dc72-1c85-11f1-a098-09993c5c5b66-mgr-y[51744]: Your public key has been saved in /tmp/tmpblwhrdbh/key.pub
2026-03-10T13:35:38.064 INFO:journalctl@ceph.mgr.y.vm05.stdout:Mar 10 13:35:37 vm05 ceph-e063dc72-1c85-11f1-a098-09993c5c5b66-mgr-y[51744]: The key fingerprint is:
2026-03-10T13:35:38.064 INFO:journalctl@ceph.mgr.y.vm05.stdout:Mar 10 13:35:37 vm05 ceph-e063dc72-1c85-11f1-a098-09993c5c5b66-mgr-y[51744]: SHA256:J0S2b+A+wyNKikF7wOJEyCiOxpwiS7qIrvOKXeIEGqI ceph-e063dc72-1c85-11f1-a098-09993c5c5b66
2026-03-10T13:35:38.064 INFO:journalctl@ceph.mgr.y.vm05.stdout:Mar 10 13:35:37 vm05 ceph-e063dc72-1c85-11f1-a098-09993c5c5b66-mgr-y[51744]: The key's randomart image is:
2026-03-10T13:35:38.064 INFO:journalctl@ceph.mgr.y.vm05.stdout:Mar 10 13:35:37 vm05 ceph-e063dc72-1c85-11f1-a098-09993c5c5b66-mgr-y[51744]: +--[ED25519 256]--+
2026-03-10T13:35:38.064 INFO:journalctl@ceph.mgr.y.vm05.stdout:Mar 10 13:35:37 vm05 ceph-e063dc72-1c85-11f1-a098-09993c5c5b66-mgr-y[51744]: | o |
2026-03-10T13:35:38.064 INFO:journalctl@ceph.mgr.y.vm05.stdout:Mar 10 13:35:37 vm05 ceph-e063dc72-1c85-11f1-a098-09993c5c5b66-mgr-y[51744]: |+ o . |
2026-03-10T13:35:38.064 INFO:journalctl@ceph.mgr.y.vm05.stdout:Mar 10 13:35:37 vm05 ceph-e063dc72-1c85-11f1-a098-09993c5c5b66-mgr-y[51744]: |+o + |
