2026-03-10T14:02:54.900+0000 7f6065643700 1 --2- 192.168.123.103:0/71572002 >> [v2:192.168.123.103:6800/2,v1:192.168.123.103:6801/2] conn(0x7f604c0384a0 0x7f604c03a950 unknown :-1 s=BANNER_CONNECTING pgs=0 cs=0 l=1 rev1=0 crypto rx=0 tx=0 comp rx=0 tx=0)._handle_peer_banner_payload supported=3 required=0
2026-03-10T14:02:55.064 INFO:teuthology.orchestra.run.vm03.stdout:/usr/bin/ceph: stderr
2026-03-10T14:02:54.900+0000 7f6065643700 1 --2- 192.168.123.103:0/71572002 >> [v2:192.168.123.103:6800/2,v1:192.168.123.103:6801/2] conn(0x7f604c0384a0 0x7f604c03a950 secure :-1 s=READY pgs=8 cs=0 l=1 rev1=1 crypto rx=0x7f605c006fd0 tx=0x7f605c006e40 comp rx=0 tx=0).ready entity=mgr.14120 client_cookie=0 server_cookie=0 in_seq=0 out_seq=0
2026-03-10T14:02:55.064 INFO:teuthology.orchestra.run.vm03.stdout:/usr/bin/ceph: stderr
2026-03-10T14:02:54.902+0000 7f6056ffd700 1 -- 192.168.123.103:0/71572002 <== mon.0 v2:192.168.123.103:3300/0 6 ==== mon_command_ack([{"prefix": "get_command_descriptions"}]=0 v0) v1 ==== 72+0+177933 (secure 0 0 0) 0x7f6050011af0 con 0x7f6060104020
2026-03-10T14:02:55.064 INFO:teuthology.orchestra.run.vm03.stdout:/usr/bin/ceph: stderr
2026-03-10T14:02:55.009+0000 7f60680a8700 1 -- 192.168.123.103:0/71572002 --> [v2:192.168.123.103:6800/2,v1:192.168.123.103:6801/2] -- mgr_command(tid 0: {"prefix": "cephadm set-user", "user": "root", "target": ["mon-mgr", ""]}) v1 -- 0x7f6044000bf0 con 0x7f604c0384a0
2026-03-10T14:02:55.064 INFO:teuthology.orchestra.run.vm03.stdout:/usr/bin/ceph: stderr
2026-03-10T14:02:55.010+0000 7f6056ffd700 1 -- 192.168.123.103:0/71572002 <== mgr.14120 v2:192.168.123.103:6800/2 1 ==== mgr_command_reply(tid 0: 0 ) v1 ==== 8+0+16 (secure 0 0 0) 0x7f6044000bf0 con 0x7f604c0384a0
2026-03-10T14:02:55.064 INFO:teuthology.orchestra.run.vm03.stdout:/usr/bin/ceph: stderr
2026-03-10T14:02:55.014+0000 7f60680a8700 1 -- 192.168.123.103:0/71572002 >> [v2:192.168.123.103:6800/2,v1:192.168.123.103:6801/2] conn(0x7f604c0384a0 msgr2=0x7f604c03a950 secure :-1 s=STATE_CONNECTION_ESTABLISHED l=1).mark_down
2026-03-10T14:02:55.064 INFO:teuthology.orchestra.run.vm03.stdout:/usr/bin/ceph: stderr
2026-03-10T14:02:55.014+0000 7f60680a8700 1 --2- 192.168.123.103:0/71572002 >> [v2:192.168.123.103:6800/2,v1:192.168.123.103:6801/2] conn(0x7f604c0384a0 0x7f604c03a950 secure :-1 s=READY pgs=8 cs=0 l=1 rev1=1 crypto rx=0x7f605c006fd0 tx=0x7f605c006e40 comp rx=0 tx=0).stop
2026-03-10T14:02:55.064 INFO:teuthology.orchestra.run.vm03.stdout:/usr/bin/ceph: stderr
2026-03-10T14:02:55.014+0000 7f60680a8700 1 -- 192.168.123.103:0/71572002 >> [v2:192.168.123.103:3300/0,v1:192.168.123.103:6789/0] conn(0x7f6060104020 msgr2=0x7f606019ffd0 secure :-1 s=STATE_CONNECTION_ESTABLISHED l=1).mark_down
2026-03-10T14:02:55.064 INFO:teuthology.orchestra.run.vm03.stdout:/usr/bin/ceph: stderr
2026-03-10T14:02:55.014+0000 7f60680a8700 1 --2- 192.168.123.103:0/71572002 >> [v2:192.168.123.103:3300/0,v1:192.168.123.103:6789/0] conn(0x7f6060104020 0x7f606019ffd0 secure :-1 s=READY pgs=40 cs=0 l=1 rev1=1 crypto rx=0x7f6050003ec0 tx=0x7f6050003fa0 comp rx=0 tx=0).stop
2026-03-10T14:02:55.064 INFO:teuthology.orchestra.run.vm03.stdout:/usr/bin/ceph: stderr
2026-03-10T14:02:55.015+0000 7f60680a8700 1 -- 192.168.123.103:0/71572002 shutdown_connections
2026-03-10T14:02:55.064 INFO:teuthology.orchestra.run.vm03.stdout:/usr/bin/ceph: stderr
2026-03-10T14:02:55.015+0000 7f60680a8700 1 --2- 192.168.123.103:0/71572002 >> [v2:192.168.123.103:6800/2,v1:192.168.123.103:6801/2] conn(0x7f604c0384a0 0x7f604c03a950 unknown :-1 s=CLOSED pgs=8 cs=0 l=1 rev1=1 crypto rx=0 tx=0 comp rx=0 tx=0).stop
2026-03-10T14:02:55.064 INFO:teuthology.orchestra.run.vm03.stdout:/usr/bin/ceph: stderr
2026-03-10T14:02:55.015+0000 7f60680a8700 1 --2- 192.168.123.103:0/71572002 >> [v2:192.168.123.103:3300/0,v1:192.168.123.103:6789/0] conn(0x7f6060104020 0x7f606019ffd0 unknown :-1 s=CLOSED pgs=40 cs=0 l=1 rev1=1 crypto rx=0 tx=0 comp rx=0 tx=0).stop
2026-03-10T14:02:55.064 INFO:teuthology.orchestra.run.vm03.stdout:/usr/bin/ceph: stderr
2026-03-10T14:02:55.015+0000 7f60680a8700 1 -- 192.168.123.103:0/71572002 >> 192.168.123.103:0/71572002 conn(0x7f60600ffa60 msgr2=0x7f606010a5c0 unknown :-1 s=STATE_NONE l=0).mark_down
2026-03-10T14:02:55.064 INFO:teuthology.orchestra.run.vm03.stdout:/usr/bin/ceph: stderr
2026-03-10T14:02:55.015+0000 7f60680a8700 1 -- 192.168.123.103:0/71572002 shutdown_connections
2026-03-10T14:02:55.064 INFO:teuthology.orchestra.run.vm03.stdout:/usr/bin/ceph: stderr
2026-03-10T14:02:55.016+0000 7f60680a8700 1 -- 192.168.123.103:0/71572002 wait complete.
2026-03-10T14:02:55.064 INFO:teuthology.orchestra.run.vm03.stdout:Generating ssh key...
2026-03-10T14:02:55.481 INFO:teuthology.orchestra.run.vm03.stdout:/usr/bin/ceph: stderr
2026-03-10T14:02:55.207+0000 7f528b277700 1 Processor -- start
2026-03-10T14:02:55.481 INFO:teuthology.orchestra.run.vm03.stdout:/usr/bin/ceph: stderr
2026-03-10T14:02:55.207+0000 7f528b277700 1 -- start start
2026-03-10T14:02:55.481 INFO:teuthology.orchestra.run.vm03.stdout:/usr/bin/ceph: stderr
2026-03-10T14:02:55.207+0000 7f528b277700 1 --2- >> [v2:192.168.123.103:3300/0,v1:192.168.123.103:6789/0] conn(0x7f5284105e50 0x7f5284106260 unknown :-1 s=NONE pgs=0 cs=0 l=0 rev1=0 crypto rx=0 tx=0 comp rx=0 tx=0).connect
2026-03-10T14:02:55.481 INFO:teuthology.orchestra.run.vm03.stdout:/usr/bin/ceph: stderr
2026-03-10T14:02:55.207+0000 7f528b277700 1 -- --> [v2:192.168.123.103:3300/0,v1:192.168.123.103:6789/0] -- mon_getmap magic: 0 v1 -- 0x7f52841067a0 con 0x7f5284105e50
2026-03-10T14:02:55.481 INFO:teuthology.orchestra.run.vm03.stdout:/usr/bin/ceph: stderr
2026-03-10T14:02:55.208+0000 7f5289013700 1 --2- >> [v2:192.168.123.103:3300/0,v1:192.168.123.103:6789/0] conn(0x7f5284105e50 0x7f5284106260 unknown :-1 s=BANNER_CONNECTING pgs=0 cs=0 l=0 rev1=0 crypto rx=0 tx=0 comp rx=0 tx=0)._handle_peer_banner_payload supported=3 required=0
2026-03-10T14:02:55.481 INFO:teuthology.orchestra.run.vm03.stdout:/usr/bin/ceph: stderr
2026-03-10T14:02:55.208+0000 7f5289013700 1 --2- >> [v2:192.168.123.103:3300/0,v1:192.168.123.103:6789/0] conn(0x7f5284105e50 0x7f5284106260 unknown :-1 s=HELLO_CONNECTING pgs=0 cs=0 l=0 rev1=1 crypto rx=0 tx=0 comp rx=0 tx=0).handle_hello peer v2:192.168.123.103:3300/0 says I am v2:192.168.123.103:57788/0 (socket says 192.168.123.103:57788)
2026-03-10T14:02:55.481 INFO:teuthology.orchestra.run.vm03.stdout:/usr/bin/ceph: stderr
2026-03-10T14:02:55.208+0000 7f5289013700 1 -- 192.168.123.103:0/3825909024 learned_addr learned my addr 192.168.123.103:0/3825909024 (peer_addr_for_me v2:192.168.123.103:0/0)
2026-03-10T14:02:55.481 INFO:teuthology.orchestra.run.vm03.stdout:/usr/bin/ceph: stderr
2026-03-10T14:02:55.208+0000 7f5289013700 1 -- 192.168.123.103:0/3825909024 --> [v2:192.168.123.103:3300/0,v1:192.168.123.103:6789/0] -- mon_subscribe({config=0+,monmap=0+}) v3 -- 0x7f52841068e0 con 0x7f5284105e50
2026-03-10T14:02:55.481 INFO:teuthology.orchestra.run.vm03.stdout:/usr/bin/ceph: stderr
2026-03-10T14:02:55.208+0000 7f5289013700 1 --2- 192.168.123.103:0/3825909024 >> [v2:192.168.123.103:3300/0,v1:192.168.123.103:6789/0] conn(0x7f5284105e50 0x7f5284106260 secure :-1 s=READY pgs=41 cs=0 l=1 rev1=1 crypto rx=0x7f5280009cf0 tx=0x7f528000b0e0 comp rx=0 tx=0).ready entity=mon.0 client_cookie=2ae740f83d185efe server_cookie=0 in_seq=0 out_seq=0
2026-03-10T14:02:55.481 INFO:teuthology.orchestra.run.vm03.stdout:/usr/bin/ceph: stderr
2026-03-10T14:02:55.208+0000 7f527bfff700 1 -- 192.168.123.103:0/3825909024 <== mon.0 v2:192.168.123.103:3300/0 1 ==== mon_map magic: 0 v1 ==== 214+0+0 (secure 0 0 0) 0x7f5280004030 con 0x7f5284105e50
2026-03-10T14:02:55.481 INFO:teuthology.orchestra.run.vm03.stdout:/usr/bin/ceph: stderr
2026-03-10T14:02:55.209+0000 7f527bfff700 1 -- 192.168.123.103:0/3825909024 <== mon.0 v2:192.168.123.103:3300/0 2 ==== config(28 keys) v1 ==== 1075+0+0 (secure 0 0 0) 0x7f528000b810 con 0x7f5284105e50
2026-03-10T14:02:55.481 INFO:teuthology.orchestra.run.vm03.stdout:/usr/bin/ceph: stderr
2026-03-10T14:02:55.209+0000 7f528b277700 1 -- 192.168.123.103:0/3825909024 >> [v2:192.168.123.103:3300/0,v1:192.168.123.103:6789/0] conn(0x7f5284105e50 msgr2=0x7f5284106260 secure :-1 s=STATE_CONNECTION_ESTABLISHED l=1).mark_down
2026-03-10T14:02:55.481 INFO:teuthology.orchestra.run.vm03.stdout:/usr/bin/ceph: stderr
2026-03-10T14:02:55.209+0000 7f528b277700 1 --2- 192.168.123.103:0/3825909024 >> [v2:192.168.123.103:3300/0,v1:192.168.123.103:6789/0] conn(0x7f5284105e50 0x7f5284106260 secure :-1 s=READY pgs=41 cs=0 l=1 rev1=1 crypto rx=0x7f5280009cf0 tx=0x7f528000b0e0 comp rx=0 tx=0).stop
2026-03-10T14:02:55.481 INFO:teuthology.orchestra.run.vm03.stdout:/usr/bin/ceph: stderr
2026-03-10T14:02:55.209+0000 7f528b277700 1 -- 192.168.123.103:0/3825909024 shutdown_connections
2026-03-10T14:02:55.481 INFO:teuthology.orchestra.run.vm03.stdout:/usr/bin/ceph: stderr
2026-03-10T14:02:55.209+0000 7f528b277700 1 --2- 192.168.123.103:0/3825909024 >> [v2:192.168.123.103:3300/0,v1:192.168.123.103:6789/0] conn(0x7f5284105e50 0x7f5284106260 unknown :-1 s=CLOSED pgs=41 cs=0 l=1 rev1=1 crypto rx=0 tx=0 comp rx=0 tx=0).stop
2026-03-10T14:02:55.481 INFO:teuthology.orchestra.run.vm03.stdout:/usr/bin/ceph: stderr
2026-03-10T14:02:55.209+0000 7f528b277700 1 -- 192.168.123.103:0/3825909024 >> 192.168.123.103:0/3825909024 conn(0x7f5284101420 msgr2=0x7f5284103830 unknown :-1 s=STATE_NONE l=0).mark_down
2026-03-10T14:02:55.481 INFO:teuthology.orchestra.run.vm03.stdout:/usr/bin/ceph: stderr
2026-03-10T14:02:55.209+0000 7f528b277700 1 -- 192.168.123.103:0/3825909024 shutdown_connections
2026-03-10T14:02:55.481 INFO:teuthology.orchestra.run.vm03.stdout:/usr/bin/ceph: stderr
2026-03-10T14:02:55.210+0000 7f528b277700 1 -- 192.168.123.103:0/3825909024 wait complete.
2026-03-10T14:02:55.481 INFO:teuthology.orchestra.run.vm03.stdout:/usr/bin/ceph: stderr
2026-03-10T14:02:55.210+0000 7f528b277700 1 Processor -- start
2026-03-10T14:02:55.481 INFO:teuthology.orchestra.run.vm03.stdout:/usr/bin/ceph: stderr
2026-03-10T14:02:55.210+0000 7f528b277700 1 -- start start
2026-03-10T14:02:55.481 INFO:teuthology.orchestra.run.vm03.stdout:/usr/bin/ceph: stderr
2026-03-10T14:02:55.210+0000 7f528b277700 1 --2- >> [v2:192.168.123.103:3300/0,v1:192.168.123.103:6789/0] conn(0x7f5284105e50 0x7f528419bc50 unknown :-1 s=NONE pgs=0 cs=0 l=1 rev1=0 crypto rx=0 tx=0 comp rx=0 tx=0).connect
2026-03-10T14:02:55.481 INFO:teuthology.orchestra.run.vm03.stdout:/usr/bin/ceph: stderr
2026-03-10T14:02:55.210+0000 7f528b277700 1 -- --> [v2:192.168.123.103:3300/0,v1:192.168.123.103:6789/0] -- mon_getmap magic: 0 v1 -- 0x7f52841067a0 con 0x7f5284105e50
2026-03-10T14:02:55.481 INFO:teuthology.orchestra.run.vm03.stdout:/usr/bin/ceph: stderr
2026-03-10T14:02:55.210+0000 7f5289013700 1 --2- >> [v2:192.168.123.103:3300/0,v1:192.168.123.103:6789/0] conn(0x7f5284105e50 0x7f528419bc50 unknown :-1 s=BANNER_CONNECTING pgs=0 cs=0 l=1 rev1=0 crypto rx=0 tx=0 comp rx=0 tx=0)._handle_peer_banner_payload supported=3 required=0
2026-03-10T14:02:55.481 INFO:teuthology.orchestra.run.vm03.stdout:/usr/bin/ceph: stderr
2026-03-10T14:02:55.211+0000 7f5289013700 1 --2- >> [v2:192.168.123.103:3300/0,v1:192.168.123.103:6789/0] conn(0x7f5284105e50 0x7f528419bc50 unknown :-1 s=HELLO_CONNECTING pgs=0 cs=0 l=1 rev1=1 crypto rx=0 tx=0 comp rx=0 tx=0).handle_hello peer v2:192.168.123.103:3300/0 says I am v2:192.168.123.103:57800/0 (socket says 192.168.123.103:57800)
2026-03-10T14:02:55.481 INFO:teuthology.orchestra.run.vm03.stdout:/usr/bin/ceph: stderr
2026-03-10T14:02:55.211+0000 7f5289013700 1 -- 192.168.123.103:0/552320928 learned_addr learned my addr 192.168.123.103:0/552320928 (peer_addr_for_me v2:192.168.123.103:0/0)
2026-03-10T14:02:55.481 INFO:teuthology.orchestra.run.vm03.stdout:/usr/bin/ceph: stderr
2026-03-10T14:02:55.211+0000 7f5289013700 1 -- 192.168.123.103:0/552320928 --> [v2:192.168.123.103:3300/0,v1:192.168.123.103:6789/0] -- mon_subscribe({config=0+,monmap=0+}) v3 -- 0x7f5280009740 con 0x7f5284105e50
2026-03-10T14:02:55.481 INFO:teuthology.orchestra.run.vm03.stdout:/usr/bin/ceph: stderr
2026-03-10T14:02:55.211+0000 7f5289013700 1 --2- 192.168.123.103:0/552320928 >> [v2:192.168.123.103:3300/0,v1:192.168.123.103:6789/0] conn(0x7f5284105e50 0x7f528419bc50 secure :-1 s=READY pgs=42 cs=0 l=1 rev1=1 crypto rx=0x7f5280003ee0 tx=0x7f5280003fc0 comp rx=0 tx=0).ready entity=mon.0 client_cookie=0 server_cookie=0 in_seq=0 out_seq=0
2026-03-10T14:02:55.481 INFO:teuthology.orchestra.run.vm03.stdout:/usr/bin/ceph: stderr
2026-03-10T14:02:55.211+0000 7f527a7fc700 1 -- 192.168.123.103:0/552320928 <== mon.0 v2:192.168.123.103:3300/0 1 ==== mon_map magic: 0 v1 ==== 214+0+0 (secure 0 0 0) 0x7f5280004320 con 0x7f5284105e50
2026-03-10T14:02:55.481 INFO:teuthology.orchestra.run.vm03.stdout:/usr/bin/ceph: stderr
2026-03-10T14:02:55.211+0000 7f528b277700 1 -- 192.168.123.103:0/552320928 --> [v2:192.168.123.103:3300/0,v1:192.168.123.103:6789/0] -- mon_subscribe({mgrmap=0+}) v3 -- 0x7f528419c190 con 0x7f5284105e50
2026-03-10T14:02:55.481 INFO:teuthology.orchestra.run.vm03.stdout:/usr/bin/ceph: stderr
2026-03-10T14:02:55.212+0000 7f528b277700 1 -- 192.168.123.103:0/552320928 --> [v2:192.168.123.103:3300/0,v1:192.168.123.103:6789/0] -- mon_subscribe({osdmap=0}) v3 -- 0x7f528419c630 con 0x7f5284105e50
2026-03-10T14:02:55.481 INFO:teuthology.orchestra.run.vm03.stdout:/usr/bin/ceph: stderr
2026-03-10T14:02:55.212+0000 7f527a7fc700 1 -- 192.168.123.103:0/552320928 <== mon.0 v2:192.168.123.103:3300/0 2 ==== config(28 keys) v1 ==== 1075+0+0 (secure 0 0 0) 0x7f5280004480 con 0x7f5284105e50
2026-03-10T14:02:55.481 INFO:teuthology.orchestra.run.vm03.stdout:/usr/bin/ceph: stderr
2026-03-10T14:02:55.212+0000 7f527a7fc700 1 -- 192.168.123.103:0/552320928 <== mon.0 v2:192.168.123.103:3300/0 3 ==== mon_map magic: 0 v1 ==== 214+0+0 (secure 0 0 0) 0x7f528001a560 con 0x7f5284105e50
2026-03-10T14:02:55.481 INFO:teuthology.orchestra.run.vm03.stdout:/usr/bin/ceph: stderr
2026-03-10T14:02:55.213+0000 7f527a7fc700 1 -- 192.168.123.103:0/552320928 <== mon.0 v2:192.168.123.103:3300/0 4 ==== mgrmap(e 7) v1 ==== 44973+0+0 (secure 0 0 0) 0x7f528001a7c0 con 0x7f5284105e50
2026-03-10T14:02:55.481 INFO:teuthology.orchestra.run.vm03.stdout:/usr/bin/ceph: stderr
2026-03-10T14:02:55.213+0000 7f527a7fc700 1 --2- 192.168.123.103:0/552320928 >> [v2:192.168.123.103:6800/2,v1:192.168.123.103:6801/2] conn(0x7f52700383b0 0x7f527003a860 unknown :-1 s=NONE pgs=0 cs=0 l=1 rev1=0 crypto rx=0 tx=0 comp rx=0 tx=0).connect
2026-03-10T14:02:55.481 INFO:teuthology.orchestra.run.vm03.stdout:/usr/bin/ceph: stderr
2026-03-10T14:02:55.213+0000 7f528b277700 1 -- 192.168.123.103:0/552320928 --> [v2:192.168.123.103:3300/0,v1:192.168.123.103:6789/0] -- mon_command({"prefix": "get_command_descriptions"} v 0) v1 -- 0x7f52841068e0 con 0x7f5284105e50
2026-03-10T14:02:55.481 INFO:teuthology.orchestra.run.vm03.stdout:/usr/bin/ceph: stderr
2026-03-10T14:02:55.214+0000 7f5288812700 1 --2- 192.168.123.103:0/552320928 >> [v2:192.168.123.103:6800/2,v1:192.168.123.103:6801/2] conn(0x7f52700383b0 0x7f527003a860 unknown :-1 s=BANNER_CONNECTING pgs=0 cs=0 l=1 rev1=0 crypto rx=0 tx=0 comp rx=0 tx=0)._handle_peer_banner_payload supported=3 required=0
2026-03-10T14:02:55.481 INFO:teuthology.orchestra.run.vm03.stdout:/usr/bin/ceph: stderr
2026-03-10T14:02:55.215+0000 7f5288812700 1 --2- 192.168.123.103:0/552320928 >> [v2:192.168.123.103:6800/2,v1:192.168.123.103:6801/2] conn(0x7f52700383b0 0x7f527003a860 secure :-1 s=READY pgs=9 cs=0 l=1 rev1=1 crypto rx=0x7f5274006fd0 tx=0x7f5274006e40 comp rx=0 tx=0).ready entity=mgr.14120 client_cookie=0 server_cookie=0 in_seq=0 out_seq=0
2026-03-10T14:02:55.481 INFO:teuthology.orchestra.run.vm03.stdout:/usr/bin/ceph: stderr
2026-03-10T14:02:55.215+0000 7f527a7fc700 1 -- 192.168.123.103:0/552320928 <== mon.0 v2:192.168.123.103:3300/0 5 ==== osd_map(2..2 src has 1..2) v4 ==== 940+0+0 (secure 0 0 0) 0x7f528001e070 con 0x7f5284105e50
2026-03-10T14:02:55.481 INFO:teuthology.orchestra.run.vm03.stdout:/usr/bin/ceph: stderr
2026-03-10T14:02:55.216+0000 7f527a7fc700 1 -- 192.168.123.103:0/552320928 <== mon.0 v2:192.168.123.103:3300/0 6 ==== mon_command_ack([{"prefix": "get_command_descriptions"}]=0 v0) v1 ==== 72+0+177933 (secure 0 0 0) 0x7f52841068e0 con 0x7f5284105e50
2026-03-10T14:02:55.482 INFO:teuthology.orchestra.run.vm03.stdout:/usr/bin/ceph: stderr
2026-03-10T14:02:55.321+0000 7f528b277700 1 -- 192.168.123.103:0/552320928 --> [v2:192.168.123.103:6800/2,v1:192.168.123.103:6801/2] -- mgr_command(tid 0: {"prefix": "cephadm generate-key", "target": ["mon-mgr", ""]}) v1 -- 0x7f52841068e0 con 0x7f52700383b0
2026-03-10T14:02:55.482 INFO:teuthology.orchestra.run.vm03.stdout:/usr/bin/ceph: stderr
2026-03-10T14:02:55.426+0000 7f527a7fc700 1 -- 192.168.123.103:0/552320928 <== mgr.14120 v2:192.168.123.103:6800/2 1 ==== mgr_command_reply(tid 0: 0 ) v1 ==== 8+0+0 (secure 0 0 0) 0x7f52841068e0 con 0x7f52700383b0
2026-03-10T14:02:55.482 INFO:teuthology.orchestra.run.vm03.stdout:/usr/bin/ceph: stderr
2026-03-10T14:02:55.429+0000 7f528b277700 1 -- 192.168.123.103:0/552320928 >> [v2:192.168.123.103:6800/2,v1:192.168.123.103:6801/2] conn(0x7f52700383b0 msgr2=0x7f527003a860 secure :-1 s=STATE_CONNECTION_ESTABLISHED l=1).mark_down
2026-03-10T14:02:55.482 INFO:teuthology.orchestra.run.vm03.stdout:/usr/bin/ceph: stderr
2026-03-10T14:02:55.429+0000 7f528b277700 1 --2- 192.168.123.103:0/552320928 >> [v2:192.168.123.103:6800/2,v1:192.168.123.103:6801/2] conn(0x7f52700383b0 0x7f527003a860 secure :-1 s=READY pgs=9 cs=0 l=1 rev1=1 crypto rx=0x7f5274006fd0 tx=0x7f5274006e40 comp rx=0 tx=0).stop
2026-03-10T14:02:55.482 INFO:teuthology.orchestra.run.vm03.stdout:/usr/bin/ceph: stderr
2026-03-10T14:02:55.429+0000 7f528b277700 1 -- 192.168.123.103:0/552320928 >> [v2:192.168.123.103:3300/0,v1:192.168.123.103:6789/0] conn(0x7f5284105e50 msgr2=0x7f528419bc50 secure :-1 s=STATE_CONNECTION_ESTABLISHED l=1).mark_down
2026-03-10T14:02:55.482 INFO:teuthology.orchestra.run.vm03.stdout:/usr/bin/ceph: stderr
2026-03-10T14:02:55.429+0000 7f528b277700 1 --2- 192.168.123.103:0/552320928 >> [v2:192.168.123.103:3300/0,v1:192.168.123.103:6789/0] conn(0x7f5284105e50 0x7f528419bc50 secure :-1 s=READY pgs=42 cs=0 l=1 rev1=1 crypto rx=0x7f5280003ee0 tx=0x7f5280003fc0 comp rx=0 tx=0).stop
2026-03-10T14:02:55.482 INFO:teuthology.orchestra.run.vm03.stdout:/usr/bin/ceph: stderr
2026-03-10T14:02:55.429+0000 7f528b277700 1 -- 192.168.123.103:0/552320928 shutdown_connections
2026-03-10T14:02:55.482 INFO:teuthology.orchestra.run.vm03.stdout:/usr/bin/ceph: stderr
2026-03-10T14:02:55.429+0000 7f528b277700 1 --2- 192.168.123.103:0/552320928 >> [v2:192.168.123.103:6800/2,v1:192.168.123.103:6801/2] conn(0x7f52700383b0 0x7f527003a860 unknown :-1 s=CLOSED pgs=9 cs=0 l=1 rev1=1 crypto rx=0 tx=0 comp rx=0 tx=0).stop
2026-03-10T14:02:55.482 INFO:teuthology.orchestra.run.vm03.stdout:/usr/bin/ceph: stderr
2026-03-10T14:02:55.429+0000 7f528b277700 1 --2- 192.168.123.103:0/552320928 >> [v2:192.168.123.103:3300/0,v1:192.168.123.103:6789/0] conn(0x7f5284105e50 0x7f528419bc50 unknown :-1 s=CLOSED pgs=42 cs=0 l=1 rev1=1 crypto rx=0 tx=0 comp rx=0 tx=0).stop
2026-03-10T14:02:55.482 INFO:teuthology.orchestra.run.vm03.stdout:/usr/bin/ceph: stderr
2026-03-10T14:02:55.429+0000 7f528b277700 1 -- 192.168.123.103:0/552320928 >> 192.168.123.103:0/552320928 conn(0x7f5284101420 msgr2=0x7f5284101fb0 unknown :-1 s=STATE_NONE l=0).mark_down
2026-03-10T14:02:55.482 INFO:teuthology.orchestra.run.vm03.stdout:/usr/bin/ceph: stderr
2026-03-10T14:02:55.429+0000 7f528b277700 1 -- 192.168.123.103:0/552320928 shutdown_connections
2026-03-10T14:02:55.482 INFO:teuthology.orchestra.run.vm03.stdout:/usr/bin/ceph: stderr
2026-03-10T14:02:55.429+0000 7f528b277700 1 -- 192.168.123.103:0/552320928 wait complete.
2026-03-10T14:02:55.598 INFO:journalctl@ceph.mon.vm03.vm03.stdout:Mar 10 14:02:55 vm03 ceph-mon[49718]: [10/Mar/2026:14:02:54] ENGINE Bus STARTING
2026-03-10T14:02:55.599 INFO:journalctl@ceph.mon.vm03.vm03.stdout:Mar 10 14:02:55 vm03 ceph-mon[49718]: [10/Mar/2026:14:02:54] ENGINE Serving on http://192.168.123.103:8765
2026-03-10T14:02:55.599 INFO:journalctl@ceph.mon.vm03.vm03.stdout:Mar 10 14:02:55 vm03 ceph-mon[49718]: from='client.14124 -' entity='client.admin' cmd=[{"prefix": "get_command_descriptions"}]: dispatch
2026-03-10T14:02:55.599 INFO:journalctl@ceph.mon.vm03.vm03.stdout:Mar 10 14:02:55 vm03 ceph-mon[49718]: from='client.14124 -' entity='client.admin' cmd=[{"prefix": "mgr_status"}]: dispatch
2026-03-10T14:02:55.599 INFO:journalctl@ceph.mon.vm03.vm03.stdout:Mar 10 14:02:55 vm03 ceph-mon[49718]: [10/Mar/2026:14:02:54] ENGINE Serving on https://192.168.123.103:7150
2026-03-10T14:02:55.599 INFO:journalctl@ceph.mon.vm03.vm03.stdout:Mar 10 14:02:55 vm03 ceph-mon[49718]: [10/Mar/2026:14:02:54] ENGINE Bus STARTED
2026-03-10T14:02:55.599 INFO:journalctl@ceph.mon.vm03.vm03.stdout:Mar 10 14:02:55 vm03 ceph-mon[49718]: from='mgr.14120 192.168.123.103:0/2' entity='mgr.vm03.rwbbep' cmd=[{"prefix": "config dump", "format": "json"}]: dispatch
2026-03-10T14:02:55.599 INFO:journalctl@ceph.mon.vm03.vm03.stdout:Mar 10 14:02:55 vm03 ceph-mon[49718]: from='client.14132 -' entity='client.admin' cmd=[{"prefix": "orch set backend", "module_name": "cephadm", "target": ["mon-mgr", ""]}]: dispatch
2026-03-10T14:02:55.599 INFO:journalctl@ceph.mon.vm03.vm03.stdout:Mar 10 14:02:55 vm03 ceph-mon[49718]: from='mgr.14120 192.168.123.103:0/2' entity='mgr.vm03.rwbbep'
2026-03-10T14:02:55.599 INFO:journalctl@ceph.mon.vm03.vm03.stdout:Mar 10 14:02:55 vm03 ceph-mon[49718]: from='mgr.14120 192.168.123.103:0/2' entity='mgr.vm03.rwbbep' cmd=[{"prefix": "config dump", "format": "json"}]: dispatch
2026-03-10T14:02:55.599 INFO:journalctl@ceph.mon.vm03.vm03.stdout:Mar 10 14:02:55 vm03 ceph-mon[49718]: from='mgr.14120 192.168.123.103:0/2' entity='mgr.vm03.rwbbep'
2026-03-10T14:02:55.776 INFO:teuthology.orchestra.run.vm03.stdout:/usr/bin/ceph: stdout ssh-rsa AAAAB3NzaC1yc2EAAAADAQABAAABgQDJxXup9gGfn3tPtASG1Q+juHRUnudNH1ynOUCAqvqcGWEOBs3CBYAr3KDP7hI82XXy5AQFMPyrgtNX0jTpNqIpHcBEC7FlVT8vA2QItERgZ1zK3EGoE6ot8q3zVLJx0WQ4PhzS9GSg5NoKWdms/R2TiStmGf2lpiG5WLOPLikvyCdLO8JCj7n+7Hnhy/Wd+kSFcXF07O/wEu5xhu7zfVmFP0nIj0Tbdn4oFsiqrFtfTrjsKzkrxUPp49Itu06pFSxP7dqAFNZ14vXwgR8VJOejjvPWYrkZmqYFFpfrMVZREZdqp44G3AnXdrdlU5PenydGBws7AkjBrftQSwfBfq0qP7MV/35WPC9mFYenxkOPSMajMNn86HTdL6sK2yQduSXPGHVfko401HGCIITmHuZnTgbjn+idMT5lGA24KftpS6vqjA1w+U37oJepadCJTBw4jcFAJ5ZEaep72Dn+wN2waOIDX1HtNEtN+yqnEF5ASRf3st0ubGRxxZbMoYajQRE= ceph-b81bf660-1c89-11f1-b612-27d302cdb124
2026-03-10T14:02:55.777 INFO:teuthology.orchestra.run.vm03.stdout:/usr/bin/ceph: stderr
2026-03-10T14:02:55.606+0000 7f77cd1e9700 1 Processor -- start
2026-03-10T14:02:55.777 INFO:teuthology.orchestra.run.vm03.stdout:/usr/bin/ceph: stderr
2026-03-10T14:02:55.606+0000 7f77cd1e9700 1 -- start start
2026-03-10T14:02:55.777 INFO:teuthology.orchestra.run.vm03.stdout:/usr/bin/ceph: stderr
2026-03-10T14:02:55.607+0000 7f77cd1e9700 1 --2- >> [v2:192.168.123.103:3300/0,v1:192.168.123.103:6789/0] conn(0x7f77c8107f40 0x7f77c8108350 unknown :-1 s=NONE pgs=0 cs=0 l=0 rev1=0 crypto rx=0 tx=0 comp rx=0 tx=0).connect
2026-03-10T14:02:55.777 INFO:teuthology.orchestra.run.vm03.stdout:/usr/bin/ceph: stderr
2026-03-10T14:02:55.607+0000 7f77cd1e9700 1 -- --> [v2:192.168.123.103:3300/0,v1:192.168.123.103:6789/0] -- mon_getmap magic: 0 v1 -- 0x7f77c8108890 con 0x7f77c8107f40
2026-03-10T14:02:55.777 INFO:teuthology.orchestra.run.vm03.stdout:/usr/bin/ceph: stderr
2026-03-10T14:02:55.607+0000 7f77c6d9d700 1 --2- >> [v2:192.168.123.103:3300/0,v1:192.168.123.103:6789/0] conn(0x7f77c8107f40 0x7f77c8108350 unknown :-1 s=BANNER_CONNECTING pgs=0 cs=0 l=0 rev1=0 crypto rx=0 tx=0 comp rx=0 tx=0)._handle_peer_banner_payload supported=3 required=0
2026-03-10T14:02:55.777 INFO:teuthology.orchestra.run.vm03.stdout:/usr/bin/ceph: stderr
2026-03-10T14:02:55.607+0000 7f77c6d9d700 1 --2- >> [v2:192.168.123.103:3300/0,v1:192.168.123.103:6789/0] conn(0x7f77c8107f40 0x7f77c8108350 unknown :-1 s=HELLO_CONNECTING pgs=0 cs=0 l=0 rev1=1 crypto rx=0 tx=0 comp rx=0 tx=0).handle_hello peer v2:192.168.123.103:3300/0 says I am v2:192.168.123.103:57810/0 (socket says 192.168.123.103:57810)
2026-03-10T14:02:55.777 INFO:teuthology.orchestra.run.vm03.stdout:/usr/bin/ceph: stderr
2026-03-10T14:02:55.607+0000 7f77c6d9d700 1 -- 192.168.123.103:0/568643141 learned_addr learned my addr 192.168.123.103:0/568643141 (peer_addr_for_me v2:192.168.123.103:0/0)
2026-03-10T14:02:55.777 INFO:teuthology.orchestra.run.vm03.stdout:/usr/bin/ceph: stderr
2026-03-10T14:02:55.607+0000 7f77c6d9d700 1 -- 192.168.123.103:0/568643141 --> [v2:192.168.123.103:3300/0,v1:192.168.123.103:6789/0] -- mon_subscribe({config=0+,monmap=0+}) v3 -- 0x7f77c81089d0 con 0x7f77c8107f40
2026-03-10T14:02:55.777 INFO:teuthology.orchestra.run.vm03.stdout:/usr/bin/ceph: stderr
2026-03-10T14:02:55.607+0000 7f77c6d9d700 1 --2- 192.168.123.103:0/568643141 >> [v2:192.168.123.103:3300/0,v1:192.168.123.103:6789/0] conn(0x7f77c8107f40 0x7f77c8108350 secure :-1 s=READY pgs=43 cs=0 l=1 rev1=1 crypto rx=0x7f77b0009a90 tx=0x7f77b0009da0 comp rx=0 tx=0).ready entity=mon.0 client_cookie=7ba4b909884f2051 server_cookie=0 in_seq=0 out_seq=0
2026-03-10T14:02:55.777 INFO:teuthology.orchestra.run.vm03.stdout:/usr/bin/ceph: stderr
2026-03-10T14:02:55.608+0000 7f77c5d9b700 1 -- 192.168.123.103:0/568643141 <== mon.0 v2:192.168.123.103:3300/0 1 ==== mon_map magic: 0 v1 ==== 214+0+0 (secure 0 0 0) 0x7f77b0004030 con 0x7f77c8107f40
2026-03-10T14:02:55.777 INFO:teuthology.orchestra.run.vm03.stdout:/usr/bin/ceph: stderr
2026-03-10T14:02:55.608+0000 7f77c5d9b700 1 -- 192.168.123.103:0/568643141 <== mon.0 v2:192.168.123.103:3300/0 2 ==== config(28 keys) v1 ==== 1075+0+0 (secure 0 0 0) 0x7f77b000b7e0 con 0x7f77c8107f40
2026-03-10T14:02:55.777 INFO:teuthology.orchestra.run.vm03.stdout:/usr/bin/ceph: stderr
2026-03-10T14:02:55.608+0000 7f77c5d9b700 1 -- 192.168.123.103:0/568643141 <== mon.0 v2:192.168.123.103:3300/0 3 ==== mon_map magic: 0 v1 ==== 214+0+0 (secure 0 0 0) 0x7f77b0003a40 con 0x7f77c8107f40
2026-03-10T14:02:55.777 INFO:teuthology.orchestra.run.vm03.stdout:/usr/bin/ceph: stderr
2026-03-10T14:02:55.608+0000 7f77cd1e9700 1 -- 192.168.123.103:0/568643141 >> [v2:192.168.123.103:3300/0,v1:192.168.123.103:6789/0] conn(0x7f77c8107f40 msgr2=0x7f77c8108350 secure :-1 s=STATE_CONNECTION_ESTABLISHED l=1).mark_down
2026-03-10T14:02:55.777 INFO:teuthology.orchestra.run.vm03.stdout:/usr/bin/ceph: stderr
2026-03-10T14:02:55.608+0000 7f77cd1e9700 1 --2- 192.168.123.103:0/568643141 >> [v2:192.168.123.103:3300/0,v1:192.168.123.103:6789/0] conn(0x7f77c8107f40 0x7f77c8108350 secure :-1 s=READY pgs=43 cs=0 l=1 rev1=1 crypto rx=0x7f77b0009a90 tx=0x7f77b0009da0 comp rx=0 tx=0).stop
2026-03-10T14:02:55.777 INFO:teuthology.orchestra.run.vm03.stdout:/usr/bin/ceph: stderr
2026-03-10T14:02:55.608+0000 7f77cd1e9700 1 -- 192.168.123.103:0/568643141 shutdown_connections
2026-03-10T14:02:55.777 INFO:teuthology.orchestra.run.vm03.stdout:/usr/bin/ceph: stderr
2026-03-10T14:02:55.608+0000 7f77cd1e9700 1 --2- 192.168.123.103:0/568643141 >> [v2:192.168.123.103:3300/0,v1:192.168.123.103:6789/0] conn(0x7f77c8107f40 0x7f77c8108350 unknown :-1 s=CLOSED pgs=43 cs=0 l=1 rev1=1 crypto rx=0 tx=0 comp rx=0 tx=0).stop
2026-03-10T14:02:55.777 INFO:teuthology.orchestra.run.vm03.stdout:/usr/bin/ceph: stderr
2026-03-10T14:02:55.608+0000 7f77cd1e9700 1 -- 192.168.123.103:0/568643141 >> 192.168.123.103:0/568643141 conn(0x7f77c807b4b0 msgr2=0x7f77c807b8d0 unknown :-1 s=STATE_NONE l=0).mark_down
2026-03-10T14:02:55.777 INFO:teuthology.orchestra.run.vm03.stdout:/usr/bin/ceph: stderr
2026-03-10T14:02:55.608+0000 7f77cd1e9700 1 -- 192.168.123.103:0/568643141 shutdown_connections
2026-03-10T14:02:55.777 INFO:teuthology.orchestra.run.vm03.stdout:/usr/bin/ceph: stderr
2026-03-10T14:02:55.608+0000 7f77cd1e9700 1 -- 192.168.123.103:0/568643141 wait complete.
2026-03-10T14:02:55.777 INFO:teuthology.orchestra.run.vm03.stdout:/usr/bin/ceph: stderr
2026-03-10T14:02:55.609+0000 7f77cd1e9700 1 Processor -- start
2026-03-10T14:02:55.777 INFO:teuthology.orchestra.run.vm03.stdout:/usr/bin/ceph: stderr
2026-03-10T14:02:55.609+0000 7f77cd1e9700 1 -- start start
2026-03-10T14:02:55.777 INFO:teuthology.orchestra.run.vm03.stdout:/usr/bin/ceph: stderr
2026-03-10T14:02:55.609+0000 7f77cd1e9700 1 --2- >> [v2:192.168.123.103:3300/0,v1:192.168.123.103:6789/0] conn(0x7f77c8107f40 0x7f77c819ba70 unknown :-1 s=NONE pgs=0 cs=0 l=1 rev1=0 crypto rx=0 tx=0 comp rx=0 tx=0).connect
2026-03-10T14:02:55.777 INFO:teuthology.orchestra.run.vm03.stdout:/usr/bin/ceph: stderr
2026-03-10T14:02:55.609+0000 7f77cd1e9700 1 -- --> [v2:192.168.123.103:3300/0,v1:192.168.123.103:6789/0] -- mon_getmap magic: 0 v1 -- 0x7f77c819bfb0 con 0x7f77c8107f40
2026-03-10T14:02:55.777 INFO:teuthology.orchestra.run.vm03.stdout:/usr/bin/ceph: stderr
2026-03-10T14:02:55.609+0000 7f77c6d9d700 1 --2- >> [v2:192.168.123.103:3300/0,v1:192.168.123.103:6789/0] conn(0x7f77c8107f40 0x7f77c819ba70 unknown :-1 s=BANNER_CONNECTING pgs=0 cs=0 l=1 rev1=0 crypto rx=0 tx=0 comp rx=0 tx=0)._handle_peer_banner_payload supported=3 required=0
2026-03-10T14:02:55.777 INFO:teuthology.orchestra.run.vm03.stdout:/usr/bin/ceph: stderr
2026-03-10T14:02:55.609+0000 7f77c6d9d700 1 --2- >> [v2:192.168.123.103:3300/0,v1:192.168.123.103:6789/0] conn(0x7f77c8107f40 0x7f77c819ba70 unknown :-1 s=HELLO_CONNECTING pgs=0 cs=0 l=1 rev1=1 crypto rx=0 tx=0 comp rx=0 tx=0).handle_hello peer v2:192.168.123.103:3300/0 says I am v2:192.168.123.103:57812/0 (socket says 192.168.123.103:57812)
2026-03-10T14:02:55.777 INFO:teuthology.orchestra.run.vm03.stdout:/usr/bin/ceph: stderr
2026-03-10T14:02:55.609+0000 7f77c6d9d700 1 -- 192.168.123.103:0/409796153 learned_addr learned my addr 192.168.123.103:0/409796153 (peer_addr_for_me v2:192.168.123.103:0/0)
2026-03-10T14:02:55.777 INFO:teuthology.orchestra.run.vm03.stdout:/usr/bin/ceph: stderr
2026-03-10T14:02:55.610+0000 7f77c6d9d700 1 -- 192.168.123.103:0/409796153 --> [v2:192.168.123.103:3300/0,v1:192.168.123.103:6789/0] -- mon_subscribe({config=0+,monmap=0+}) v3 -- 0x7f77b0009740 con 0x7f77c8107f40
2026-03-10T14:02:55.777 INFO:teuthology.orchestra.run.vm03.stdout:/usr/bin/ceph: stderr
2026-03-10T14:02:55.610+0000 7f77c6d9d700 1 --2- 192.168.123.103:0/409796153 >> [v2:192.168.123.103:3300/0,v1:192.168.123.103:6789/0] conn(0x7f77c8107f40 0x7f77c819ba70 secure :-1 s=READY pgs=44 cs=0 l=1 rev1=1 crypto rx=0x7f77b000bf20 tx=0x7f77b000bf50 comp rx=0 tx=0).ready entity=mon.0 client_cookie=0 server_cookie=0 in_seq=0 out_seq=0
2026-03-10T14:02:55.777 INFO:teuthology.orchestra.run.vm03.stdout:/usr/bin/ceph: stderr
2026-03-10T14:02:55.610+0000 7f77bffff700 1 -- 192.168.123.103:0/409796153 <== mon.0 v2:192.168.123.103:3300/0 1 ==== mon_map magic: 0 v1 ==== 214+0+0 (secure 0 0 0) 0x7f77b00041a0 con 0x7f77c8107f40
2026-03-10T14:02:55.777 INFO:teuthology.orchestra.run.vm03.stdout:/usr/bin/ceph: stderr
2026-03-10T14:02:55.610+0000 7f77bffff700 1 -- 192.168.123.103:0/409796153 <== mon.0 v2:192.168.123.103:3300/0 2 ==== config(28 keys) v1 ==== 1075+0+0 (secure 0 0 0) 0x7f77b0004300 con 0x7f77c8107f40
2026-03-10T14:02:55.777 INFO:teuthology.orchestra.run.vm03.stdout:/usr/bin/ceph: stderr
2026-03-10T14:02:55.610+0000 7f77bffff700 1 -- 192.168.123.103:0/409796153 <== mon.0 v2:192.168.123.103:3300/0 3 ==== mon_map magic: 0 v1 ==== 214+0+0 (secure 0 0 0) 0x7f77b00114c0 con 0x7f77c8107f40
2026-03-10T14:02:55.777 INFO:teuthology.orchestra.run.vm03.stdout:/usr/bin/ceph: stderr
2026-03-10T14:02:55.610+0000 7f77cd1e9700 1 -- 192.168.123.103:0/409796153 --> [v2:192.168.123.103:3300/0,v1:192.168.123.103:6789/0] -- mon_subscribe({mgrmap=0+}) v3 -- 0x7f77c819c1b0 con 0x7f77c8107f40
2026-03-10T14:02:55.777 INFO:teuthology.orchestra.run.vm03.stdout:/usr/bin/ceph: stderr
2026-03-10T14:02:55.610+0000 7f77cd1e9700 1 -- 192.168.123.103:0/409796153 --> [v2:192.168.123.103:3300/0,v1:192.168.123.103:6789/0] -- mon_subscribe({osdmap=0}) v3 -- 0x7f77c819c5d0 con 0x7f77c8107f40
2026-03-10T14:02:55.777 INFO:teuthology.orchestra.run.vm03.stdout:/usr/bin/ceph: stderr
2026-03-10T14:02:55.611+0000 7f77bffff700 1 -- 192.168.123.103:0/409796153 <== mon.0 v2:192.168.123.103:3300/0 4 ==== mgrmap(e 7) v1 ==== 44973+0+0 (secure 0 0 0) 0x7f77b0011620 con 0x7f77c8107f40
2026-03-10T14:02:55.777 INFO:teuthology.orchestra.run.vm03.stdout:/usr/bin/ceph: stderr
2026-03-10T14:02:55.611+0000 7f77bffff700 1 --2- 192.168.123.103:0/409796153 >> [v2:192.168.123.103:6800/2,v1:192.168.123.103:6801/2] conn(0x7f77b4038400 0x7f77b403a8b0 unknown :-1 s=NONE pgs=0 cs=0 l=1 rev1=0 crypto rx=0 tx=0 comp rx=0 tx=0).connect
2026-03-10T14:02:55.777 INFO:teuthology.orchestra.run.vm03.stdout:/usr/bin/ceph: stderr
2026-03-10T14:02:55.611+0000 7f77bffff700 1 -- 192.168.123.103:0/409796153 <== mon.0 v2:192.168.123.103:3300/0 5 ==== osd_map(2..2 src has 1..2) v4 ==== 940+0+0 (secure 0 0 0) 0x7f77b004cf80 con 0x7f77c8107f40
2026-03-10T14:02:55.777 INFO:teuthology.orchestra.run.vm03.stdout:/usr/bin/ceph: stderr
2026-03-10T14:02:55.611+0000 7f77c659c700 1 --2- 192.168.123.103:0/409796153 >> [v2:192.168.123.103:6800/2,v1:192.168.123.103:6801/2] conn(0x7f77b4038400 0x7f77b403a8b0 unknown :-1 s=BANNER_CONNECTING pgs=0 cs=0 l=1 rev1=0 crypto rx=0 tx=0 comp rx=0 tx=0)._handle_peer_banner_payload supported=3 required=0
2026-03-10T14:02:55.777 INFO:teuthology.orchestra.run.vm03.stdout:/usr/bin/ceph: stderr
2026-03-10T14:02:55.612+0000 7f77c659c700 1 --2- 192.168.123.103:0/409796153 >> [v2:192.168.123.103:6800/2,v1:192.168.123.103:6801/2] conn(0x7f77b4038400 0x7f77b403a8b0 secure :-1 s=READY pgs=10 cs=0 l=1 rev1=1 crypto rx=0x7f77b8006fd0 tx=0x7f77b8006e40 comp rx=0 tx=0).ready entity=mgr.14120 client_cookie=0 server_cookie=0 in_seq=0 out_seq=0
2026-03-10T14:02:55.777 INFO:teuthology.orchestra.run.vm03.stdout:/usr/bin/ceph: stderr
2026-03-10T14:02:55.613+0000 7f77cd1e9700 1 -- 192.168.123.103:0/409796153 --> [v2:192.168.123.103:3300/0,v1:192.168.123.103:6789/0] -- mon_command({"prefix": "get_command_descriptions"} v 0) v1 -- 0x7f77c804f9e0 con 0x7f77c8107f40
2026-03-10T14:02:55.777 INFO:teuthology.orchestra.run.vm03.stdout:/usr/bin/ceph: stderr
2026-03-10T14:02:55.615+0000 7f77bffff700 1 -- 192.168.123.103:0/409796153 <== mon.0 v2:192.168.123.103:3300/0 6 ==== mon_command_ack([{"prefix": "get_command_descriptions"}]=0 v0) v1 ==== 72+0+177933 (secure 0 0 0) 0x7f77b002b430 con 0x7f77c8107f40
2026-03-10T14:02:55.777 INFO:teuthology.orchestra.run.vm03.stdout:/usr/bin/ceph: stderr
2026-03-10T14:02:55.721+0000 7f77cd1e9700 1 -- 192.168.123.103:0/409796153 --> [v2:192.168.123.103:6800/2,v1:192.168.123.103:6801/2] -- mgr_command(tid 0: {"prefix": "cephadm get-pub-key", "target": ["mon-mgr", ""]}) v1 -- 0x7f77c8105b60 con 0x7f77b4038400
2026-03-10T14:02:55.777 INFO:teuthology.orchestra.run.vm03.stdout:/usr/bin/ceph: stderr
2026-03-10T14:02:55.722+0000 7f77bffff700 1 -- 192.168.123.103:0/409796153 <== mgr.14120 v2:192.168.123.103:6800/2 1 ==== mgr_command_reply(tid 0: 0 ) v1 ==== 8+0+595 (secure 0 0 0) 0x7f77c8105b60 con 0x7f77b4038400
2026-03-10T14:02:55.777 INFO:teuthology.orchestra.run.vm03.stdout:/usr/bin/ceph: stderr
2026-03-10T14:02:55.724+0000 7f77cd1e9700 1 -- 192.168.123.103:0/409796153 >> [v2:192.168.123.103:6800/2,v1:192.168.123.103:6801/2] conn(0x7f77b4038400 msgr2=0x7f77b403a8b0 secure :-1 s=STATE_CONNECTION_ESTABLISHED l=1).mark_down
2026-03-10T14:02:55.777 INFO:teuthology.orchestra.run.vm03.stdout:/usr/bin/ceph: stderr
2026-03-10T14:02:55.724+0000 7f77cd1e9700 1 --2- 192.168.123.103:0/409796153 >> [v2:192.168.123.103:6800/2,v1:192.168.123.103:6801/2] conn(0x7f77b4038400 0x7f77b403a8b0 secure :-1 s=READY pgs=10 cs=0 l=1 rev1=1 crypto rx=0x7f77b8006fd0 tx=0x7f77b8006e40 comp rx=0 tx=0).stop
2026-03-10T14:02:55.777 INFO:teuthology.orchestra.run.vm03.stdout:/usr/bin/ceph: stderr
2026-03-10T14:02:55.724+0000 7f77cd1e9700 1 -- 192.168.123.103:0/409796153 >> [v2:192.168.123.103:3300/0,v1:192.168.123.103:6789/0] conn(0x7f77c8107f40 msgr2=0x7f77c819ba70 secure :-1 s=STATE_CONNECTION_ESTABLISHED l=1).mark_down
2026-03-10T14:02:55.777 INFO:teuthology.orchestra.run.vm03.stdout:/usr/bin/ceph: stderr
2026-03-10T14:02:55.724+0000 7f77cd1e9700 1 --2- 192.168.123.103:0/409796153 >> [v2:192.168.123.103:3300/0,v1:192.168.123.103:6789/0] conn(0x7f77c8107f40 0x7f77c819ba70 secure :-1 s=READY pgs=44 cs=0 l=1 rev1=1 crypto rx=0x7f77b000bf20 tx=0x7f77b000bf50 comp rx=0 tx=0).stop
2026-03-10T14:02:55.777 INFO:teuthology.orchestra.run.vm03.stdout:/usr/bin/ceph: stderr
2026-03-10T14:02:55.724+0000 7f77cd1e9700 1 -- 192.168.123.103:0/409796153 shutdown_connections
2026-03-10T14:02:55.777 INFO:teuthology.orchestra.run.vm03.stdout:/usr/bin/ceph: stderr
2026-03-10T14:02:55.724+0000 7f77cd1e9700 1 --2- 192.168.123.103:0/409796153 >> [v2:192.168.123.103:6800/2,v1:192.168.123.103:6801/2] conn(0x7f77b4038400 0x7f77b403a8b0 unknown :-1 s=CLOSED pgs=10 cs=0 l=1 rev1=1 crypto rx=0 tx=0 comp rx=0 tx=0).stop
2026-03-10T14:02:55.777 INFO:teuthology.orchestra.run.vm03.stdout:/usr/bin/ceph: stderr
2026-03-10T14:02:55.724+0000 7f77cd1e9700 1 --2- 192.168.123.103:0/409796153 >> [v2:192.168.123.103:3300/0,v1:192.168.123.103:6789/0] conn(0x7f77c8107f40 0x7f77c819ba70 unknown :-1 s=CLOSED pgs=44 cs=0 l=1 rev1=1 crypto rx=0 tx=0 comp rx=0 tx=0).stop
2026-03-10T14:02:55.777 INFO:teuthology.orchestra.run.vm03.stdout:/usr/bin/ceph: stderr
2026-03-10T14:02:55.725+0000 7f77cd1e9700 1 -- 192.168.123.103:0/409796153 >> 192.168.123.103:0/409796153 conn(0x7f77c807b4b0 msgr2=0x7f77c8105450 unknown :-1 s=STATE_NONE l=0).mark_down
2026-03-10T14:02:55.777 INFO:teuthology.orchestra.run.vm03.stdout:/usr/bin/ceph: stderr
2026-03-10T14:02:55.725+0000 7f77cd1e9700 1 -- 192.168.123.103:0/409796153 shutdown_connections
2026-03-10T14:02:55.777 INFO:teuthology.orchestra.run.vm03.stdout:/usr/bin/ceph: stderr
2026-03-10T14:02:55.725+0000 7f77cd1e9700 1 -- 192.168.123.103:0/409796153 wait complete.
2026-03-10T14:02:55.777 INFO:teuthology.orchestra.run.vm03.stdout:Wrote public SSH key to /home/ubuntu/cephtest/ceph.pub
2026-03-10T14:02:55.777 INFO:teuthology.orchestra.run.vm03.stdout:Adding key to root@localhost authorized_keys...
2026-03-10T14:02:55.777 INFO:teuthology.orchestra.run.vm03.stdout:Adding host vm03...
2026-03-10T14:02:56.659 INFO:journalctl@ceph.mon.vm03.vm03.stdout:Mar 10 14:02:56 vm03 ceph-mon[49718]: from='client.14134 -' entity='client.admin' cmd=[{"prefix": "cephadm set-user", "user": "root", "target": ["mon-mgr", ""]}]: dispatch
2026-03-10T14:02:56.659 INFO:journalctl@ceph.mon.vm03.vm03.stdout:Mar 10 14:02:56 vm03 ceph-mon[49718]: from='client.14136 -' entity='client.admin' cmd=[{"prefix": "cephadm generate-key", "target": ["mon-mgr", ""]}]: dispatch
2026-03-10T14:02:56.659 INFO:journalctl@ceph.mon.vm03.vm03.stdout:Mar 10 14:02:56 vm03 ceph-mon[49718]: Generating ssh key...
2026-03-10T14:02:56.659 INFO:journalctl@ceph.mon.vm03.vm03.stdout:Mar 10 14:02:56 vm03 ceph-mon[49718]: from='mgr.14120 192.168.123.103:0/2' entity='mgr.vm03.rwbbep'
2026-03-10T14:02:56.659 INFO:journalctl@ceph.mon.vm03.vm03.stdout:Mar 10 14:02:56 vm03 ceph-mon[49718]: mgrmap e8: vm03.rwbbep(active, since 2s)
2026-03-10T14:02:57.608 INFO:journalctl@ceph.mon.vm03.vm03.stdout:Mar 10 14:02:57 vm03 ceph-mon[49718]: from='client.14138 -' entity='client.admin' cmd=[{"prefix": "cephadm get-pub-key", "target": ["mon-mgr", ""]}]: dispatch
2026-03-10T14:02:57.608 INFO:journalctl@ceph.mon.vm03.vm03.stdout:Mar 10 14:02:57 vm03 ceph-mon[49718]: from='client.14140 -' entity='client.admin' cmd=[{"prefix": "orch host add", "hostname": "vm03", "addr": "192.168.123.103", "target": ["mon-mgr", ""]}]: dispatch
2026-03-10T14:02:57.608 INFO:journalctl@ceph.mon.vm03.vm03.stdout:Mar 10 14:02:57 vm03 ceph-mon[49718]: Deploying cephadm binary to vm03
2026-03-10T14:02:57.801 INFO:teuthology.orchestra.run.vm03.stdout:/usr/bin/ceph: stdout Added host 'vm03' with addr '192.168.123.103'
2026-03-10T14:02:57.801 INFO:teuthology.orchestra.run.vm03.stdout:/usr/bin/ceph: stderr
2026-03-10T14:02:55.909+0000 7f056b527700 1 Processor -- start
2026-03-10T14:02:57.801 INFO:teuthology.orchestra.run.vm03.stdout:/usr/bin/ceph: stderr
2026-03-10T14:02:55.910+0000 7f056b527700 1 -- start start
2026-03-10T14:02:57.801 INFO:teuthology.orchestra.run.vm03.stdout:/usr/bin/ceph: stderr
2026-03-10T14:02:55.910+0000 7f056b527700 1 --2- >> [v2:192.168.123.103:3300/0,v1:192.168.123.103:6789/0] conn(0x7f0564107ef0 0x7f0564108320 unknown :-1 s=NONE pgs=0 cs=0 l=0 rev1=0 crypto rx=0 tx=0 comp rx=0 tx=0).connect
2026-03-10T14:02:57.801 INFO:teuthology.orchestra.run.vm03.stdout:/usr/bin/ceph: stderr
2026-03-10T14:02:55.910+0000 7f056b527700 1 -- --> [v2:192.168.123.103:3300/0,v1:192.168.123.103:6789/0] -- mon_getmap magic: 0 v1 -- 0x7f0564108860 con 0x7f0564107ef0
2026-03-10T14:02:57.801 INFO:teuthology.orchestra.run.vm03.stdout:/usr/bin/ceph: stderr
2026-03-10T14:02:55.910+0000 7f05692c3700 1 --2- >> [v2:192.168.123.103:3300/0,v1:192.168.123.103:6789/0] conn(0x7f0564107ef0 0x7f0564108320 unknown :-1 s=BANNER_CONNECTING pgs=0 cs=0 l=0 rev1=0 crypto rx=0 tx=0 comp rx=0 tx=0)._handle_peer_banner_payload supported=3 required=0
2026-03-10T14:02:57.801 INFO:teuthology.orchestra.run.vm03.stdout:/usr/bin/ceph: stderr
2026-03-10T14:02:55.910+0000 7f05692c3700 1 --2- >> [v2:192.168.123.103:3300/0,v1:192.168.123.103:6789/0] conn(0x7f0564107ef0 0x7f0564108320 unknown :-1 s=HELLO_CONNECTING pgs=0 cs=0 l=0 rev1=1 crypto rx=0 tx=0 comp rx=0 tx=0).handle_hello peer v2:192.168.123.103:3300/0 says I am v2:192.168.123.103:57814/0 (socket says 192.168.123.103:57814)
2026-03-10T14:02:57.801 INFO:teuthology.orchestra.run.vm03.stdout:/usr/bin/ceph: stderr
2026-03-10T14:02:55.910+0000 7f05692c3700 1 -- 192.168.123.103:0/3175155428 learned_addr learned my addr 192.168.123.103:0/3175155428 (peer_addr_for_me v2:192.168.123.103:0/0)
2026-03-10T14:02:57.801 INFO:teuthology.orchestra.run.vm03.stdout:/usr/bin/ceph: stderr
2026-03-10T14:02:55.911+0000 7f05692c3700 1 -- 192.168.123.103:0/3175155428 --> [v2:192.168.123.103:3300/0,v1:192.168.123.103:6789/0] -- mon_subscribe({config=0+,monmap=0+}) v3 -- 0x7f05641089a0 con 0x7f0564107ef0
2026-03-10T14:02:57.801 INFO:teuthology.orchestra.run.vm03.stdout:/usr/bin/ceph: stderr
2026-03-10T14:02:55.911+0000 7f05692c3700 1 --2- 192.168.123.103:0/3175155428 >> [v2:192.168.123.103:3300/0,v1:192.168.123.103:6789/0] conn(0x7f0564107ef0 0x7f0564108320 secure :-1 s=READY pgs=45 cs=0 l=1 rev1=1 crypto rx=0x7f0558009a90 tx=0x7f0558009da0 comp rx=0 tx=0).ready entity=mon.0 client_cookie=e63a1df44a2442d2 server_cookie=0 in_seq=0 out_seq=0
2026-03-10T14:02:57.801 INFO:teuthology.orchestra.run.vm03.stdout:/usr/bin/ceph: stderr
2026-03-10T14:02:55.911+0000 7f0557fff700 1 -- 192.168.123.103:0/3175155428 <== mon.0 v2:192.168.123.103:3300/0 1 ==== mon_map magic: 0 v1 ==== 214+0+0 (secure 0 0 0) 0x7f0558004030 con 0x7f0564107ef0
2026-03-10T14:02:57.801 INFO:teuthology.orchestra.run.vm03.stdout:/usr/bin/ceph: stderr
2026-03-10T14:02:55.911+0000 7f0557fff700 1 -- 192.168.123.103:0/3175155428 <== mon.0 v2:192.168.123.103:3300/0 2 ==== config(28 keys) v1 ==== 1075+0+0 (secure 0 0 0) 0x7f055800b7e0 con 0x7f0564107ef0
2026-03-10T14:02:57.801 INFO:teuthology.orchestra.run.vm03.stdout:/usr/bin/ceph: stderr
2026-03-10T14:02:55.912+0000 7f0557fff700 1 -- 192.168.123.103:0/3175155428 <== mon.0 v2:192.168.123.103:3300/0 3 ==== mon_map magic: 0 v1 ==== 214+0+0 (secure 0 0 0) 0x7f0558003a40 con 0x7f0564107ef0
2026-03-10T14:02:57.801 INFO:teuthology.orchestra.run.vm03.stdout:/usr/bin/ceph: stderr
2026-03-10T14:02:55.912+0000 7f056b527700 1 -- 192.168.123.103:0/3175155428 >> [v2:192.168.123.103:3300/0,v1:192.168.123.103:6789/0] conn(0x7f0564107ef0 msgr2=0x7f0564108320 secure :-1 s=STATE_CONNECTION_ESTABLISHED l=1).mark_down
2026-03-10T14:02:57.801 INFO:teuthology.orchestra.run.vm03.stdout:/usr/bin/ceph: stderr
2026-03-10T14:02:55.912+0000 7f056b527700 1 --2- 192.168.123.103:0/3175155428 >> [v2:192.168.123.103:3300/0,v1:192.168.123.103:6789/0] conn(0x7f0564107ef0 0x7f0564108320 secure :-1 s=READY pgs=45 cs=0 l=1 rev1=1 crypto rx=0x7f0558009a90 tx=0x7f0558009da0 comp rx=0 tx=0).stop
2026-03-10T14:02:57.801 INFO:teuthology.orchestra.run.vm03.stdout:/usr/bin/ceph: stderr
2026-03-10T14:02:55.912+0000 7f056b527700 1 -- 192.168.123.103:0/3175155428 shutdown_connections
2026-03-10T14:02:57.801 INFO:teuthology.orchestra.run.vm03.stdout:/usr/bin/ceph: stderr
2026-03-10T14:02:55.912+0000 7f056b527700 1 --2- 192.168.123.103:0/3175155428 >> [v2:192.168.123.103:3300/0,v1:192.168.123.103:6789/0] conn(0x7f0564107ef0 0x7f0564108320 unknown :-1 s=CLOSED pgs=45 cs=0 l=1 rev1=1 crypto rx=0 tx=0 comp rx=0 tx=0).stop
2026-03-10T14:02:57.801 INFO:teuthology.orchestra.run.vm03.stdout:/usr/bin/ceph: stderr
2026-03-10T14:02:55.912+0000 7f056b527700 1 -- 192.168.123.103:0/3175155428 >> 192.168.123.103:0/3175155428 conn(0x7f0564103770 msgr2=0x7f0564105b50 unknown :-1 s=STATE_NONE l=0).mark_down
2026-03-10T14:02:57.801 INFO:teuthology.orchestra.run.vm03.stdout:/usr/bin/ceph: stderr
2026-03-10T14:02:55.913+0000 7f056b527700 1 -- 192.168.123.103:0/3175155428 shutdown_connections
2026-03-10T14:02:57.801 INFO:teuthology.orchestra.run.vm03.stdout:/usr/bin/ceph: stderr
2026-03-10T14:02:55.913+0000 7f056b527700 1 -- 192.168.123.103:0/3175155428 wait complete.
2026-03-10T14:02:57.801 INFO:teuthology.orchestra.run.vm03.stdout:/usr/bin/ceph: stderr
2026-03-10T14:02:55.913+0000 7f056b527700 1 Processor -- start
2026-03-10T14:02:57.801 INFO:teuthology.orchestra.run.vm03.stdout:/usr/bin/ceph: stderr
2026-03-10T14:02:55.913+0000 7f056b527700 1 -- start start
2026-03-10T14:02:57.801 INFO:teuthology.orchestra.run.vm03.stdout:/usr/bin/ceph: stderr
2026-03-10T14:02:55.914+0000 7f056b527700 1 --2- >> [v2:192.168.123.103:3300/0,v1:192.168.123.103:6789/0] conn(0x7f0564107ef0 0x7f056419bab0 unknown :-1 s=NONE pgs=0 cs=0 l=1 rev1=0 crypto rx=0 tx=0 comp rx=0 tx=0).connect
2026-03-10T14:02:57.801 INFO:teuthology.orchestra.run.vm03.stdout:/usr/bin/ceph: stderr
2026-03-10T14:02:55.914+0000 7f056b527700 1 -- --> [v2:192.168.123.103:3300/0,v1:192.168.123.103:6789/0] -- mon_getmap magic: 0 v1 -- 0x7f056419bff0 con 0x7f0564107ef0
2026-03-10T14:02:57.801 INFO:teuthology.orchestra.run.vm03.stdout:/usr/bin/ceph: stderr
2026-03-10T14:02:55.914+0000 7f05692c3700 1 --2- >> [v2:192.168.123.103:3300/0,v1:192.168.123.103:6789/0] conn(0x7f0564107ef0 0x7f056419bab0 unknown :-1 s=BANNER_CONNECTING pgs=0 cs=0 l=1 rev1=0 crypto rx=0 tx=0 comp rx=0 tx=0)._handle_peer_banner_payload supported=3 required=0
2026-03-10T14:02:57.801 INFO:teuthology.orchestra.run.vm03.stdout:/usr/bin/ceph: stderr
2026-03-10T14:02:55.914+0000 7f05692c3700 1 --2- >> [v2:192.168.123.103:3300/0,v1:192.168.123.103:6789/0] conn(0x7f0564107ef0 0x7f056419bab0 unknown :-1 s=HELLO_CONNECTING pgs=0 cs=0 l=1 rev1=1 crypto rx=0 tx=0 comp rx=0 tx=0).handle_hello peer v2:192.168.123.103:3300/0 says I am v2:192.168.123.103:57826/0 (socket says 192.168.123.103:57826)
2026-03-10T14:02:57.801 INFO:teuthology.orchestra.run.vm03.stdout:/usr/bin/ceph: stderr
2026-03-10T14:02:55.914+0000 7f05692c3700 1 -- 192.168.123.103:0/3515850364 learned_addr learned my addr 192.168.123.103:0/3515850364 (peer_addr_for_me v2:192.168.123.103:0/0)
2026-03-10T14:02:57.801 INFO:teuthology.orchestra.run.vm03.stdout:/usr/bin/ceph: stderr
2026-03-10T14:02:55.914+0000 7f05692c3700 1 -- 192.168.123.103:0/3515850364 --> [v2:192.168.123.103:3300/0,v1:192.168.123.103:6789/0] -- mon_subscribe({config=0+,monmap=0+}) v3 -- 0x7f0558009740 con 0x7f0564107ef0
2026-03-10T14:02:57.801 INFO:teuthology.orchestra.run.vm03.stdout:/usr/bin/ceph: stderr
2026-03-10T14:02:55.914+0000 7f05692c3700 1 --2- 192.168.123.103:0/3515850364 >> [v2:192.168.123.103:3300/0,v1:192.168.123.103:6789/0] conn(0x7f0564107ef0 0x7f056419bab0 secure :-1 s=READY pgs=46 cs=0 l=1 rev1=1 crypto rx=0x7f055800bef0 tx=0x7f0558003b40 comp rx=0 tx=0).ready entity=mon.0 client_cookie=0 server_cookie=0 in_seq=0 out_seq=0
2026-03-10T14:02:57.801 INFO:teuthology.orchestra.run.vm03.stdout:/usr/bin/ceph: stderr
2026-03-10T14:02:55.914+0000 7f05567fc700 1 -- 192.168.123.103:0/3515850364 <== mon.0 v2:192.168.123.103:3300/0 1 ==== mon_map magic: 0 v1 ==== 214+0+0 (secure 0 0 0) 0x7f0558004140 con 0x7f0564107ef0
2026-03-10T14:02:57.801 INFO:teuthology.orchestra.run.vm03.stdout:/usr/bin/ceph: stderr
2026-03-10T14:02:55.915+0000 7f05567fc700 1 -- 192.168.123.103:0/3515850364 <== mon.0 v2:192.168.123.103:3300/0 2 ==== config(28 keys) v1 ==== 1075+0+0 (secure 0 0 0) 0x7f05580042a0 con 0x7f0564107ef0
2026-03-10T14:02:57.802 INFO:teuthology.orchestra.run.vm03.stdout:/usr/bin/ceph: stderr
2026-03-10T14:02:55.915+0000 7f05567fc700 1 -- 192.168.123.103:0/3515850364 <== mon.0 v2:192.168.123.103:3300/0 3 ==== mon_map magic: 0 v1 ==== 214+0+0 (secure 0 0 0) 0x7f0558011440 con 0x7f0564107ef0
2026-03-10T14:02:57.804 INFO:teuthology.orchestra.run.vm03.stdout:/usr/bin/ceph: stderr
2026-03-10T14:02:55.915+0000 7f056b527700 1 -- 192.168.123.103:0/3515850364 --> [v2:192.168.123.103:3300/0,v1:192.168.123.103:6789/0] -- mon_subscribe({mgrmap=0+}) v3 -- 0x7f056419c250 con 0x7f0564107ef0
2026-03-10T14:02:57.804 INFO:teuthology.orchestra.run.vm03.stdout:/usr/bin/ceph: stderr
2026-03-10T14:02:55.915+0000 7f056b527700 1 -- 192.168.123.103:0/3515850364 --> [v2:192.168.123.103:3300/0,v1:192.168.123.103:6789/0] -- mon_subscribe({osdmap=0}) v3 -- 0x7f056419f050 con 0x7f0564107ef0
2026-03-10T14:02:57.804 INFO:teuthology.orchestra.run.vm03.stdout:/usr/bin/ceph: stderr
2026-03-10T14:02:55.916+0000 7f05567fc700 1 -- 192.168.123.103:0/3515850364 <== mon.0 v2:192.168.123.103:3300/0 4 ==== mgrmap(e 8) v1 ==== 45079+0+0 (secure 0 0 0) 0x7f05580115a0 con 0x7f0564107ef0
2026-03-10T14:02:57.804 INFO:teuthology.orchestra.run.vm03.stdout:/usr/bin/ceph: stderr
