2026-03-10T14:03:00.534+0000 7f7fb27fc700 1 -- 192.168.123.103:0/503979444 >> [v2:192.168.123.103:3300/0,v1:192.168.123.103:6789/0] conn(0x7f7fc0095b80 msgr2=0x7f7fc00954e0 secure :-1 s=STATE_CONNECTION_ESTABLISHED l=1).mark_down
2026-03-10T14:03:00.567 INFO:teuthology.orchestra.run.vm03.stdout:/usr/bin/ceph: stderr
2026-03-10T14:03:00.534+0000 7f7fb27fc700 1 --2- 192.168.123.103:0/503979444 >> [v2:192.168.123.103:3300/0,v1:192.168.123.103:6789/0] conn(0x7f7fc0095b80 0x7f7fc00954e0 secure :-1 s=READY pgs=58 cs=0 l=1 rev1=1 crypto rx=0x7f7fbc000c00 tx=0x7f7fbc00bfa0 comp rx=0 tx=0).stop
2026-03-10T14:03:00.567 INFO:teuthology.orchestra.run.vm03.stdout:/usr/bin/ceph: stderr
2026-03-10T14:03:00.535+0000 7f7fb27fc700 1 -- 192.168.123.103:0/503979444 shutdown_connections
2026-03-10T14:03:00.567 INFO:teuthology.orchestra.run.vm03.stdout:/usr/bin/ceph: stderr
2026-03-10T14:03:00.535+0000 7f7fb27fc700 1 --2- 192.168.123.103:0/503979444 >> [v2:192.168.123.103:6800/2,v1:192.168.123.103:6801/2] conn(0x7f7fb80380f0 0x7f7fb803a5a0 unknown :-1 s=CLOSED pgs=17 cs=0 l=1 rev1=1 crypto rx=0 tx=0 comp rx=0 tx=0).stop
2026-03-10T14:03:00.567 INFO:teuthology.orchestra.run.vm03.stdout:/usr/bin/ceph: stderr
2026-03-10T14:03:00.535+0000 7f7fb27fc700 1 --2- 192.168.123.103:0/503979444 >> [v2:192.168.123.103:3300/0,v1:192.168.123.103:6789/0] conn(0x7f7fc0095b80 0x7f7fc00954e0 unknown :-1 s=CLOSED pgs=58 cs=0 l=1 rev1=1 crypto rx=0 tx=0 comp rx=0 tx=0).stop
2026-03-10T14:03:00.567 INFO:teuthology.orchestra.run.vm03.stdout:/usr/bin/ceph: stderr
2026-03-10T14:03:00.535+0000 7f7fb27fc700 1 -- 192.168.123.103:0/503979444 >> 192.168.123.103:0/503979444 conn(0x7f7fc008f5a0 msgr2=0x7f7fc0090110 unknown :-1 s=STATE_NONE l=0).mark_down
2026-03-10T14:03:00.567 INFO:teuthology.orchestra.run.vm03.stdout:/usr/bin/ceph: stderr
2026-03-10T14:03:00.535+0000 7f7fb27fc700 1 -- 192.168.123.103:0/503979444 shutdown_connections
2026-03-10T14:03:00.567 INFO:teuthology.orchestra.run.vm03.stdout:/usr/bin/ceph: stderr
2026-03-10T14:03:00.535+0000 7f7fb27fc700 1 -- 192.168.123.103:0/503979444 wait complete.
2026-03-10T14:03:00.567 INFO:teuthology.orchestra.run.vm03.stdout:Deploying node-exporter service with default placement...
2026-03-10T14:03:00.880 INFO:teuthology.orchestra.run.vm03.stdout:/usr/bin/ceph: stdout Scheduled node-exporter update...
2026-03-10T14:03:00.880 INFO:teuthology.orchestra.run.vm03.stdout:/usr/bin/ceph: stderr
2026-03-10T14:03:00.706+0000 7fa461011700 1 Processor -- start
2026-03-10T14:03:00.881 INFO:teuthology.orchestra.run.vm03.stdout:/usr/bin/ceph: stderr
2026-03-10T14:03:00.706+0000 7fa461011700 1 -- start start
2026-03-10T14:03:00.881 INFO:teuthology.orchestra.run.vm03.stdout:/usr/bin/ceph: stderr
2026-03-10T14:03:00.706+0000 7fa461011700 1 --2- >> [v2:192.168.123.103:3300/0,v1:192.168.123.103:6789/0] conn(0x7fa45c072a40 0x7fa45c071060 unknown :-1 s=NONE pgs=0 cs=0 l=0 rev1=0 crypto rx=0 tx=0 comp rx=0 tx=0).connect
2026-03-10T14:03:00.881 INFO:teuthology.orchestra.run.vm03.stdout:/usr/bin/ceph: stderr
2026-03-10T14:03:00.706+0000 7fa461011700 1 -- --> [v2:192.168.123.103:3300/0,v1:192.168.123.103:6789/0] -- mon_getmap magic: 0 v1 -- 0x7fa45c0715a0 con 0x7fa45c072a40
2026-03-10T14:03:00.881 INFO:teuthology.orchestra.run.vm03.stdout:/usr/bin/ceph: stderr
2026-03-10T14:03:00.707+0000 7fa45bfff700 1 --2- >> [v2:192.168.123.103:3300/0,v1:192.168.123.103:6789/0] conn(0x7fa45c072a40 0x7fa45c071060 unknown :-1 s=BANNER_CONNECTING pgs=0 cs=0 l=0 rev1=0 crypto rx=0 tx=0 comp rx=0 tx=0)._handle_peer_banner_payload supported=3 required=0
2026-03-10T14:03:00.881 INFO:teuthology.orchestra.run.vm03.stdout:/usr/bin/ceph: stderr
2026-03-10T14:03:00.707+0000 7fa45bfff700 1 --2- >> [v2:192.168.123.103:3300/0,v1:192.168.123.103:6789/0] conn(0x7fa45c072a40 0x7fa45c071060 unknown :-1 s=HELLO_CONNECTING pgs=0 cs=0 l=0 rev1=1 crypto rx=0 tx=0 comp rx=0 tx=0).handle_hello peer v2:192.168.123.103:3300/0 says I am v2:192.168.123.103:57972/0 (socket says 192.168.123.103:57972)
2026-03-10T14:03:00.881 INFO:teuthology.orchestra.run.vm03.stdout:/usr/bin/ceph: stderr
2026-03-10T14:03:00.707+0000 7fa45bfff700 1 -- 192.168.123.103:0/122734362 learned_addr learned my addr 192.168.123.103:0/122734362 (peer_addr_for_me v2:192.168.123.103:0/0)
2026-03-10T14:03:00.881 INFO:teuthology.orchestra.run.vm03.stdout:/usr/bin/ceph: stderr
2026-03-10T14:03:00.707+0000 7fa45bfff700 1 -- 192.168.123.103:0/122734362 --> [v2:192.168.123.103:3300/0,v1:192.168.123.103:6789/0] -- mon_subscribe({config=0+,monmap=0+}) v3 -- 0x7fa45c0716e0 con 0x7fa45c072a40
2026-03-10T14:03:00.881 INFO:teuthology.orchestra.run.vm03.stdout:/usr/bin/ceph: stderr
2026-03-10T14:03:00.707+0000 7fa45bfff700 1 --2- 192.168.123.103:0/122734362 >> [v2:192.168.123.103:3300/0,v1:192.168.123.103:6789/0] conn(0x7fa45c072a40 0x7fa45c071060 secure :-1 s=READY pgs=59 cs=0 l=1 rev1=1 crypto rx=0x7fa44c009a90 tx=0x7fa44c009da0 comp rx=0 tx=0).ready entity=mon.0 client_cookie=45a4d4e3fa9783f1 server_cookie=0 in_seq=0 out_seq=0
2026-03-10T14:03:00.881 INFO:teuthology.orchestra.run.vm03.stdout:/usr/bin/ceph: stderr
2026-03-10T14:03:00.712+0000 7fa45affd700 1 -- 192.168.123.103:0/122734362 <== mon.0 v2:192.168.123.103:3300/0 1 ==== mon_map magic: 0 v1 ==== 214+0+0 (secure 0 0 0) 0x7fa44c004030 con 0x7fa45c072a40
2026-03-10T14:03:00.881 INFO:teuthology.orchestra.run.vm03.stdout:/usr/bin/ceph: stderr
2026-03-10T14:03:00.712+0000 7fa45affd700 1 -- 192.168.123.103:0/122734362 <== mon.0 v2:192.168.123.103:3300/0 2 ==== config(28 keys) v1 ==== 1139+0+0 (secure 0 0 0) 0x7fa44c00b7e0 con 0x7fa45c072a40
2026-03-10T14:03:00.881 INFO:teuthology.orchestra.run.vm03.stdout:/usr/bin/ceph: stderr
2026-03-10T14:03:00.712+0000 7fa461011700 1 -- 192.168.123.103:0/122734362 >> [v2:192.168.123.103:3300/0,v1:192.168.123.103:6789/0] conn(0x7fa45c072a40 msgr2=0x7fa45c071060 secure :-1 s=STATE_CONNECTION_ESTABLISHED l=1).mark_down
2026-03-10T14:03:00.881 INFO:teuthology.orchestra.run.vm03.stdout:/usr/bin/ceph: stderr
2026-03-10T14:03:00.712+0000 7fa461011700 1 --2- 192.168.123.103:0/122734362 >> [v2:192.168.123.103:3300/0,v1:192.168.123.103:6789/0] conn(0x7fa45c072a40 0x7fa45c071060 secure :-1 s=READY pgs=59 cs=0 l=1 rev1=1 crypto rx=0x7fa44c009a90 tx=0x7fa44c009da0 comp rx=0 tx=0).stop
2026-03-10T14:03:00.881 INFO:teuthology.orchestra.run.vm03.stdout:/usr/bin/ceph: stderr
2026-03-10T14:03:00.712+0000 7fa461011700 1 -- 192.168.123.103:0/122734362 shutdown_connections
2026-03-10T14:03:00.881 INFO:teuthology.orchestra.run.vm03.stdout:/usr/bin/ceph: stderr
2026-03-10T14:03:00.712+0000 7fa461011700 1 --2- 192.168.123.103:0/122734362 >> [v2:192.168.123.103:3300/0,v1:192.168.123.103:6789/0] conn(0x7fa45c072a40 0x7fa45c071060 unknown :-1 s=CLOSED pgs=59 cs=0 l=1 rev1=1 crypto rx=0 tx=0 comp rx=0 tx=0).stop
2026-03-10T14:03:00.881 INFO:teuthology.orchestra.run.vm03.stdout:/usr/bin/ceph: stderr
2026-03-10T14:03:00.712+0000 7fa461011700 1 -- 192.168.123.103:0/122734362 >> 192.168.123.103:0/122734362 conn(0x7fa45c06c9d0 msgr2=0x7fa45c06ee00 unknown :-1 s=STATE_NONE l=0).mark_down
2026-03-10T14:03:00.881 INFO:teuthology.orchestra.run.vm03.stdout:/usr/bin/ceph: stderr
2026-03-10T14:03:00.713+0000 7fa461011700 1 -- 192.168.123.103:0/122734362 shutdown_connections
2026-03-10T14:03:00.881 INFO:teuthology.orchestra.run.vm03.stdout:/usr/bin/ceph: stderr
2026-03-10T14:03:00.713+0000 7fa461011700 1 -- 192.168.123.103:0/122734362 wait complete.
2026-03-10T14:03:00.881 INFO:teuthology.orchestra.run.vm03.stdout:/usr/bin/ceph: stderr
2026-03-10T14:03:00.714+0000 7fa461011700 1 Processor -- start
2026-03-10T14:03:00.881 INFO:teuthology.orchestra.run.vm03.stdout:/usr/bin/ceph: stderr
2026-03-10T14:03:00.714+0000 7fa461011700 1 -- start start
2026-03-10T14:03:00.881 INFO:teuthology.orchestra.run.vm03.stdout:/usr/bin/ceph: stderr
2026-03-10T14:03:00.714+0000 7fa461011700 1 --2- >> [v2:192.168.123.103:3300/0,v1:192.168.123.103:6789/0] conn(0x7fa45c1a8830 0x7fa45c1a8c40 unknown :-1 s=NONE pgs=0 cs=0 l=1 rev1=0 crypto rx=0 tx=0 comp rx=0 tx=0).connect
2026-03-10T14:03:00.881 INFO:teuthology.orchestra.run.vm03.stdout:/usr/bin/ceph: stderr
2026-03-10T14:03:00.714+0000 7fa461011700 1 -- --> [v2:192.168.123.103:3300/0,v1:192.168.123.103:6789/0] -- mon_getmap magic: 0 v1 -- 0x7fa45c0715a0 con 0x7fa45c1a8830
2026-03-10T14:03:00.881 INFO:teuthology.orchestra.run.vm03.stdout:/usr/bin/ceph: stderr
2026-03-10T14:03:00.714+0000 7fa45bfff700 1 --2- >> [v2:192.168.123.103:3300/0,v1:192.168.123.103:6789/0] conn(0x7fa45c1a8830 0x7fa45c1a8c40 unknown :-1 s=BANNER_CONNECTING pgs=0 cs=0 l=1 rev1=0 crypto rx=0 tx=0 comp rx=0 tx=0)._handle_peer_banner_payload supported=3 required=0
2026-03-10T14:03:00.881 INFO:teuthology.orchestra.run.vm03.stdout:/usr/bin/ceph: stderr
2026-03-10T14:03:00.714+0000 7fa45bfff700 1 --2- >> [v2:192.168.123.103:3300/0,v1:192.168.123.103:6789/0] conn(0x7fa45c1a8830 0x7fa45c1a8c40 unknown :-1 s=HELLO_CONNECTING pgs=0 cs=0 l=1 rev1=1 crypto rx=0 tx=0 comp rx=0 tx=0).handle_hello peer v2:192.168.123.103:3300/0 says I am v2:192.168.123.103:57980/0 (socket says 192.168.123.103:57980)
2026-03-10T14:03:00.881 INFO:teuthology.orchestra.run.vm03.stdout:/usr/bin/ceph: stderr
2026-03-10T14:03:00.714+0000 7fa45bfff700 1 -- 192.168.123.103:0/736509468 learned_addr learned my addr 192.168.123.103:0/736509468 (peer_addr_for_me v2:192.168.123.103:0/0)
2026-03-10T14:03:00.881 INFO:teuthology.orchestra.run.vm03.stdout:/usr/bin/ceph: stderr
2026-03-10T14:03:00.714+0000 7fa45bfff700 1 -- 192.168.123.103:0/736509468 --> [v2:192.168.123.103:3300/0,v1:192.168.123.103:6789/0] -- mon_subscribe({config=0+,monmap=0+}) v3 -- 0x7fa44c009740 con 0x7fa45c1a8830
2026-03-10T14:03:00.881 INFO:teuthology.orchestra.run.vm03.stdout:/usr/bin/ceph: stderr
2026-03-10T14:03:00.715+0000 7fa45bfff700 1 --2- 192.168.123.103:0/736509468 >> [v2:192.168.123.103:3300/0,v1:192.168.123.103:6789/0] conn(0x7fa45c1a8830 0x7fa45c1a8c40 secure :-1 s=READY pgs=60 cs=0 l=1 rev1=1 crypto rx=0x7fa44c009130 tx=0x7fa44c00be30 comp rx=0 tx=0).ready entity=mon.0 client_cookie=0 server_cookie=0 in_seq=0 out_seq=0
2026-03-10T14:03:00.881 INFO:teuthology.orchestra.run.vm03.stdout:/usr/bin/ceph: stderr
2026-03-10T14:03:00.715+0000 7fa4597fa700 1 -- 192.168.123.103:0/736509468 <== mon.0 v2:192.168.123.103:3300/0 1 ==== mon_map magic: 0 v1 ==== 214+0+0 (secure 0 0 0) 0x7fa44c003f60 con 0x7fa45c1a8830
2026-03-10T14:03:00.882 INFO:teuthology.orchestra.run.vm03.stdout:/usr/bin/ceph: stderr
2026-03-10T14:03:00.715+0000 7fa4597fa700 1 -- 192.168.123.103:0/736509468 <== mon.0 v2:192.168.123.103:3300/0 2 ==== config(28 keys) v1 ==== 1139+0+0 (secure 0 0 0) 0x7fa44c0045a0 con 0x7fa45c1a8830
2026-03-10T14:03:00.882 INFO:teuthology.orchestra.run.vm03.stdout:/usr/bin/ceph: stderr
2026-03-10T14:03:00.717+0000 7fa4597fa700 1 -- 192.168.123.103:0/736509468 <== mon.0 v2:192.168.123.103:3300/0 3 ==== mon_map magic: 0 v1 ==== 214+0+0 (secure 0 0 0) 0x7fa44c01ad80 con 0x7fa45c1a8830
2026-03-10T14:03:00.882 INFO:teuthology.orchestra.run.vm03.stdout:/usr/bin/ceph: stderr
2026-03-10T14:03:00.718+0000 7fa461011700 1 -- 192.168.123.103:0/736509468 --> [v2:192.168.123.103:3300/0,v1:192.168.123.103:6789/0] -- mon_subscribe({mgrmap=0+}) v3 -- 0x7fa45c1a9180 con 0x7fa45c1a8830
2026-03-10T14:03:00.882 INFO:teuthology.orchestra.run.vm03.stdout:/usr/bin/ceph: stderr
2026-03-10T14:03:00.718+0000 7fa461011700 1 -- 192.168.123.103:0/736509468 --> [v2:192.168.123.103:3300/0,v1:192.168.123.103:6789/0] -- mon_subscribe({osdmap=0}) v3 -- 0x7fa45c1abe10 con 0x7fa45c1a8830
2026-03-10T14:03:00.882 INFO:teuthology.orchestra.run.vm03.stdout:/usr/bin/ceph: stderr
2026-03-10T14:03:00.719+0000 7fa461011700 1 -- 192.168.123.103:0/736509468 --> [v2:192.168.123.103:3300/0,v1:192.168.123.103:6789/0] -- mon_command({"prefix": "get_command_descriptions"} v 0) v1 -- 0x7fa45c04f030 con 0x7fa45c1a8830
2026-03-10T14:03:00.882 INFO:teuthology.orchestra.run.vm03.stdout:/usr/bin/ceph: stderr
2026-03-10T14:03:00.719+0000 7fa4597fa700 1 -- 192.168.123.103:0/736509468 <== mon.0 v2:192.168.123.103:3300/0 4 ==== mgrmap(e 8) v1 ==== 45079+0+0 (secure 0 0 0) 0x7fa44c01a460 con 0x7fa45c1a8830
2026-03-10T14:03:00.882 INFO:teuthology.orchestra.run.vm03.stdout:/usr/bin/ceph: stderr
2026-03-10T14:03:00.719+0000 7fa4597fa700 1 --2- 192.168.123.103:0/736509468 >> [v2:192.168.123.103:6800/2,v1:192.168.123.103:6801/2] conn(0x7fa444038140 0x7fa44403a5f0 unknown :-1 s=NONE pgs=0 cs=0 l=1 rev1=0 crypto rx=0 tx=0 comp rx=0 tx=0).connect
2026-03-10T14:03:00.882 INFO:teuthology.orchestra.run.vm03.stdout:/usr/bin/ceph: stderr
2026-03-10T14:03:00.720+0000 7fa4597fa700 1 -- 192.168.123.103:0/736509468 <== mon.0 v2:192.168.123.103:3300/0 5 ==== osd_map(2..2 src has 1..2) v4 ==== 940+0+0 (secure 0 0 0) 0x7fa44c04b9d0 con 0x7fa45c1a8830
2026-03-10T14:03:00.882 INFO:teuthology.orchestra.run.vm03.stdout:/usr/bin/ceph: stderr
2026-03-10T14:03:00.720+0000 7fa45b7fe700 1 --2- 192.168.123.103:0/736509468 >> [v2:192.168.123.103:6800/2,v1:192.168.123.103:6801/2] conn(0x7fa444038140 0x7fa44403a5f0 unknown :-1 s=BANNER_CONNECTING pgs=0 cs=0 l=1 rev1=0 crypto rx=0 tx=0 comp rx=0 tx=0)._handle_peer_banner_payload supported=3 required=0
2026-03-10T14:03:00.882 INFO:teuthology.orchestra.run.vm03.stdout:/usr/bin/ceph: stderr
2026-03-10T14:03:00.720+0000 7fa45b7fe700 1 --2- 192.168.123.103:0/736509468 >> [v2:192.168.123.103:6800/2,v1:192.168.123.103:6801/2] conn(0x7fa444038140 0x7fa44403a5f0 secure :-1 s=READY pgs=18 cs=0 l=1 rev1=1 crypto rx=0x7fa450009990 tx=0x7fa450006e30 comp rx=0 tx=0).ready entity=mgr.14120 client_cookie=0 server_cookie=0 in_seq=0 out_seq=0
2026-03-10T14:03:00.882 INFO:teuthology.orchestra.run.vm03.stdout:/usr/bin/ceph: stderr
2026-03-10T14:03:00.724+0000 7fa4597fa700 1 -- 192.168.123.103:0/736509468 <== mon.0 v2:192.168.123.103:3300/0 6 ==== mon_command_ack([{"prefix": "get_command_descriptions"}]=0 v0) v1 ==== 72+0+177933 (secure 0 0 0) 0x7fa44c01a710 con 0x7fa45c1a8830
2026-03-10T14:03:00.882 INFO:teuthology.orchestra.run.vm03.stdout:/usr/bin/ceph: stderr
2026-03-10T14:03:00.835+0000 7fa461011700 1 -- 192.168.123.103:0/736509468 --> [v2:192.168.123.103:6800/2,v1:192.168.123.103:6801/2] -- mgr_command(tid 0: {"prefix": "orch apply", "service_type": "node-exporter", "target": ["mon-mgr", ""]}) v1 -- 0x7fa45c06dcb0 con 0x7fa444038140
2026-03-10T14:03:00.882 INFO:teuthology.orchestra.run.vm03.stdout:/usr/bin/ceph: stderr
2026-03-10T14:03:00.840+0000 7fa4597fa700 1 -- 192.168.123.103:0/736509468 <== mgr.14120 v2:192.168.123.103:6800/2 1 ==== mgr_command_reply(tid 0: 0 ) v1 ==== 8+0+34 (secure 0 0 0) 0x7fa45c06dcb0 con 0x7fa444038140
2026-03-10T14:03:00.882 INFO:teuthology.orchestra.run.vm03.stdout:/usr/bin/ceph: stderr
2026-03-10T14:03:00.846+0000 7fa461011700 1 -- 192.168.123.103:0/736509468 >> [v2:192.168.123.103:6800/2,v1:192.168.123.103:6801/2] conn(0x7fa444038140 msgr2=0x7fa44403a5f0 secure :-1 s=STATE_CONNECTION_ESTABLISHED l=1).mark_down
2026-03-10T14:03:00.882 INFO:teuthology.orchestra.run.vm03.stdout:/usr/bin/ceph: stderr
2026-03-10T14:03:00.846+0000 7fa461011700 1 --2- 192.168.123.103:0/736509468 >> [v2:192.168.123.103:6800/2,v1:192.168.123.103:6801/2] conn(0x7fa444038140 0x7fa44403a5f0 secure :-1 s=READY pgs=18 cs=0 l=1 rev1=1 crypto rx=0x7fa450009990 tx=0x7fa450006e30 comp rx=0 tx=0).stop
2026-03-10T14:03:00.882 INFO:teuthology.orchestra.run.vm03.stdout:/usr/bin/ceph: stderr
2026-03-10T14:03:00.846+0000 7fa461011700 1 -- 192.168.123.103:0/736509468 >> [v2:192.168.123.103:3300/0,v1:192.168.123.103:6789/0] conn(0x7fa45c1a8830 msgr2=0x7fa45c1a8c40 secure :-1 s=STATE_CONNECTION_ESTABLISHED l=1).mark_down
2026-03-10T14:03:00.882 INFO:teuthology.orchestra.run.vm03.stdout:/usr/bin/ceph: stderr
2026-03-10T14:03:00.846+0000 7fa461011700 1 --2- 192.168.123.103:0/736509468 >> [v2:192.168.123.103:3300/0,v1:192.168.123.103:6789/0] conn(0x7fa45c1a8830 0x7fa45c1a8c40 secure :-1 s=READY pgs=60 cs=0 l=1 rev1=1 crypto rx=0x7fa44c009130 tx=0x7fa44c00be30 comp rx=0 tx=0).stop
2026-03-10T14:03:00.882 INFO:teuthology.orchestra.run.vm03.stdout:/usr/bin/ceph: stderr
2026-03-10T14:03:00.848+0000 7fa461011700 1 -- 192.168.123.103:0/736509468 shutdown_connections
2026-03-10T14:03:00.882 INFO:teuthology.orchestra.run.vm03.stdout:/usr/bin/ceph: stderr
2026-03-10T14:03:00.848+0000 7fa461011700 1 --2- 192.168.123.103:0/736509468 >> [v2:192.168.123.103:6800/2,v1:192.168.123.103:6801/2] conn(0x7fa444038140 0x7fa44403a5f0 unknown :-1 s=CLOSED pgs=18 cs=0 l=1 rev1=1 crypto rx=0 tx=0 comp rx=0 tx=0).stop
2026-03-10T14:03:00.882 INFO:teuthology.orchestra.run.vm03.stdout:/usr/bin/ceph: stderr
2026-03-10T14:03:00.848+0000 7fa461011700 1 --2- 192.168.123.103:0/736509468 >> [v2:192.168.123.103:3300/0,v1:192.168.123.103:6789/0] conn(0x7fa45c1a8830 0x7fa45c1a8c40 secure :-1 s=CLOSED pgs=60 cs=0 l=1 rev1=1 crypto rx=0x7fa44c009130 tx=0x7fa44c00be30 comp rx=0 tx=0).stop
2026-03-10T14:03:00.882 INFO:teuthology.orchestra.run.vm03.stdout:/usr/bin/ceph: stderr
2026-03-10T14:03:00.848+0000 7fa461011700 1 -- 192.168.123.103:0/736509468 >> 192.168.123.103:0/736509468 conn(0x7fa45c06c9d0 msgr2=0x7fa45c06d5a0 unknown :-1 s=STATE_NONE l=0).mark_down
2026-03-10T14:03:00.882 INFO:teuthology.orchestra.run.vm03.stdout:/usr/bin/ceph: stderr
2026-03-10T14:03:00.848+0000 7fa461011700 1 -- 192.168.123.103:0/736509468 shutdown_connections
2026-03-10T14:03:00.882 INFO:teuthology.orchestra.run.vm03.stdout:/usr/bin/ceph: stderr
2026-03-10T14:03:00.848+0000 7fa461011700 1 -- 192.168.123.103:0/736509468 wait complete.
2026-03-10T14:03:00.882 INFO:teuthology.orchestra.run.vm03.stdout:Deploying alertmanager service with default placement...
2026-03-10T14:03:01.222 INFO:teuthology.orchestra.run.vm03.stdout:/usr/bin/ceph: stdout Scheduled alertmanager update...
2026-03-10T14:03:01.223 INFO:teuthology.orchestra.run.vm03.stdout:/usr/bin/ceph: stderr
2026-03-10T14:03:01.043+0000 7fa6c3b3b700 1 Processor -- start
2026-03-10T14:03:01.223 INFO:teuthology.orchestra.run.vm03.stdout:/usr/bin/ceph: stderr
2026-03-10T14:03:01.044+0000 7fa6c3b3b700 1 -- start start
2026-03-10T14:03:01.223 INFO:teuthology.orchestra.run.vm03.stdout:/usr/bin/ceph: stderr
2026-03-10T14:03:01.044+0000 7fa6c3b3b700 1 --2- >> [v2:192.168.123.103:3300/0,v1:192.168.123.103:6789/0] conn(0x7fa6bc105d30 0x7fa6bc106140 unknown :-1 s=NONE pgs=0 cs=0 l=0 rev1=0 crypto rx=0 tx=0 comp rx=0 tx=0).connect
2026-03-10T14:03:01.223 INFO:teuthology.orchestra.run.vm03.stdout:/usr/bin/ceph: stderr
2026-03-10T14:03:01.044+0000 7fa6c3b3b700 1 -- --> [v2:192.168.123.103:3300/0,v1:192.168.123.103:6789/0] -- mon_getmap magic: 0 v1 -- 0x7fa6bc106680 con 0x7fa6bc105d30
2026-03-10T14:03:01.223 INFO:teuthology.orchestra.run.vm03.stdout:/usr/bin/ceph: stderr
2026-03-10T14:03:01.044+0000 7fa6c18d7700 1 --2- >> [v2:192.168.123.103:3300/0,v1:192.168.123.103:6789/0] conn(0x7fa6bc105d30 0x7fa6bc106140 unknown :-1 s=BANNER_CONNECTING pgs=0 cs=0 l=0 rev1=0 crypto rx=0 tx=0 comp rx=0 tx=0)._handle_peer_banner_payload supported=3 required=0
2026-03-10T14:03:01.223 INFO:teuthology.orchestra.run.vm03.stdout:/usr/bin/ceph: stderr
2026-03-10T14:03:01.045+0000 7fa6c18d7700 1 --2- >> [v2:192.168.123.103:3300/0,v1:192.168.123.103:6789/0] conn(0x7fa6bc105d30 0x7fa6bc106140 unknown :-1 s=HELLO_CONNECTING pgs=0 cs=0 l=0 rev1=1 crypto rx=0 tx=0 comp rx=0 tx=0).handle_hello peer v2:192.168.123.103:3300/0 says I am v2:192.168.123.103:57994/0 (socket says 192.168.123.103:57994)
2026-03-10T14:03:01.223 INFO:teuthology.orchestra.run.vm03.stdout:/usr/bin/ceph: stderr
2026-03-10T14:03:01.045+0000 7fa6c18d7700 1 -- 192.168.123.103:0/1485681555 learned_addr learned my addr 192.168.123.103:0/1485681555 (peer_addr_for_me v2:192.168.123.103:0/0)
2026-03-10T14:03:01.223 INFO:teuthology.orchestra.run.vm03.stdout:/usr/bin/ceph: stderr
2026-03-10T14:03:01.045+0000 7fa6c18d7700 1 -- 192.168.123.103:0/1485681555 --> [v2:192.168.123.103:3300/0,v1:192.168.123.103:6789/0] -- mon_subscribe({config=0+,monmap=0+}) v3 -- 0x7fa6bc1067c0 con 0x7fa6bc105d30
2026-03-10T14:03:01.223 INFO:teuthology.orchestra.run.vm03.stdout:/usr/bin/ceph: stderr
2026-03-10T14:03:01.045+0000 7fa6c18d7700 1 --2- 192.168.123.103:0/1485681555 >> [v2:192.168.123.103:3300/0,v1:192.168.123.103:6789/0] conn(0x7fa6bc105d30 0x7fa6bc106140 secure :-1 s=READY pgs=61 cs=0 l=1 rev1=1 crypto rx=0x7fa6ac009cf0 tx=0x7fa6ac00f4f0 comp rx=0 tx=0).ready entity=mon.0 client_cookie=b5c7184a6cfdecaf server_cookie=0 in_seq=0 out_seq=0
2026-03-10T14:03:01.223 INFO:teuthology.orchestra.run.vm03.stdout:/usr/bin/ceph: stderr
2026-03-10T14:03:01.045+0000 7fa6c08d5700 1 -- 192.168.123.103:0/1485681555 <== mon.0 v2:192.168.123.103:3300/0 1 ==== mon_map magic: 0 v1 ==== 214+0+0 (secure 0 0 0) 0x7fa6ac00fc20 con 0x7fa6bc105d30
2026-03-10T14:03:01.223 INFO:teuthology.orchestra.run.vm03.stdout:/usr/bin/ceph: stderr
2026-03-10T14:03:01.045+0000 7fa6c08d5700 1 -- 192.168.123.103:0/1485681555 <== mon.0 v2:192.168.123.103:3300/0 2 ==== config(28 keys) v1 ==== 1139+0+0 (secure 0 0 0) 0x7fa6ac004510 con 0x7fa6bc105d30
2026-03-10T14:03:01.223 INFO:teuthology.orchestra.run.vm03.stdout:/usr/bin/ceph: stderr
2026-03-10T14:03:01.045+0000 7fa6c08d5700 1 -- 192.168.123.103:0/1485681555 <== mon.0 v2:192.168.123.103:3300/0 3 ==== mon_map magic: 0 v1 ==== 214+0+0 (secure 0 0 0) 0x7fa6ac017450 con 0x7fa6bc105d30
2026-03-10T14:03:01.223 INFO:teuthology.orchestra.run.vm03.stdout:/usr/bin/ceph: stderr
2026-03-10T14:03:01.046+0000 7fa6c3b3b700 1 -- 192.168.123.103:0/1485681555 >> [v2:192.168.123.103:3300/0,v1:192.168.123.103:6789/0] conn(0x7fa6bc105d30 msgr2=0x7fa6bc106140 secure :-1 s=STATE_CONNECTION_ESTABLISHED l=1).mark_down
2026-03-10T14:03:01.223 INFO:teuthology.orchestra.run.vm03.stdout:/usr/bin/ceph: stderr
2026-03-10T14:03:01.046+0000 7fa6c3b3b700 1 --2- 192.168.123.103:0/1485681555 >> [v2:192.168.123.103:3300/0,v1:192.168.123.103:6789/0] conn(0x7fa6bc105d30 0x7fa6bc106140 secure :-1 s=READY pgs=61 cs=0 l=1 rev1=1 crypto rx=0x7fa6ac009cf0 tx=0x7fa6ac00f4f0 comp rx=0 tx=0).stop
2026-03-10T14:03:01.223 INFO:teuthology.orchestra.run.vm03.stdout:/usr/bin/ceph: stderr
2026-03-10T14:03:01.046+0000 7fa6c3b3b700 1 -- 192.168.123.103:0/1485681555 shutdown_connections
2026-03-10T14:03:01.223 INFO:teuthology.orchestra.run.vm03.stdout:/usr/bin/ceph: stderr
2026-03-10T14:03:01.046+0000 7fa6c3b3b700 1 --2- 192.168.123.103:0/1485681555 >> [v2:192.168.123.103:3300/0,v1:192.168.123.103:6789/0] conn(0x7fa6bc105d30 0x7fa6bc106140 unknown :-1 s=CLOSED pgs=61 cs=0 l=1 rev1=1 crypto rx=0 tx=0 comp rx=0 tx=0).stop
2026-03-10T14:03:01.223 INFO:teuthology.orchestra.run.vm03.stdout:/usr/bin/ceph: stderr
2026-03-10T14:03:01.046+0000 7fa6c3b3b700 1 -- 192.168.123.103:0/1485681555 >> 192.168.123.103:0/1485681555 conn(0x7fa6bc1013a0 msgr2=0x7fa6bc1037b0 unknown :-1 s=STATE_NONE l=0).mark_down
2026-03-10T14:03:01.223 INFO:teuthology.orchestra.run.vm03.stdout:/usr/bin/ceph: stderr
2026-03-10T14:03:01.047+0000 7fa6c3b3b700 1 -- 192.168.123.103:0/1485681555 shutdown_connections
2026-03-10T14:03:01.223 INFO:teuthology.orchestra.run.vm03.stdout:/usr/bin/ceph: stderr
2026-03-10T14:03:01.047+0000 7fa6c3b3b700 1 -- 192.168.123.103:0/1485681555 wait complete.
2026-03-10T14:03:01.223 INFO:teuthology.orchestra.run.vm03.stdout:/usr/bin/ceph: stderr
2026-03-10T14:03:01.047+0000 7fa6c3b3b700 1 Processor -- start
2026-03-10T14:03:01.223 INFO:teuthology.orchestra.run.vm03.stdout:/usr/bin/ceph: stderr
2026-03-10T14:03:01.048+0000 7fa6c3b3b700 1 -- start start
2026-03-10T14:03:01.223 INFO:teuthology.orchestra.run.vm03.stdout:/usr/bin/ceph: stderr
2026-03-10T14:03:01.048+0000 7fa6c3b3b700 1 --2- >> [v2:192.168.123.103:3300/0,v1:192.168.123.103:6789/0] conn(0x7fa6bc105d30 0x7fa6bc197860 unknown :-1 s=NONE pgs=0 cs=0 l=1 rev1=0 crypto rx=0 tx=0 comp rx=0 tx=0).connect
2026-03-10T14:03:01.223 INFO:teuthology.orchestra.run.vm03.stdout:/usr/bin/ceph: stderr
2026-03-10T14:03:01.048+0000 7fa6c3b3b700 1 -- --> [v2:192.168.123.103:3300/0,v1:192.168.123.103:6789/0] -- mon_getmap magic: 0 v1 -- 0x7fa6bc197da0 con 0x7fa6bc105d30
2026-03-10T14:03:01.223 INFO:teuthology.orchestra.run.vm03.stdout:/usr/bin/ceph: stderr
2026-03-10T14:03:01.048+0000 7fa6c18d7700 1 --2- >> [v2:192.168.123.103:3300/0,v1:192.168.123.103:6789/0] conn(0x7fa6bc105d30 0x7fa6bc197860 unknown :-1 s=BANNER_CONNECTING pgs=0 cs=0 l=1 rev1=0 crypto rx=0 tx=0 comp rx=0 tx=0)._handle_peer_banner_payload supported=3 required=0
2026-03-10T14:03:01.223 INFO:teuthology.orchestra.run.vm03.stdout:/usr/bin/ceph: stderr
2026-03-10T14:03:01.048+0000 7fa6c18d7700 1 --2- >> [v2:192.168.123.103:3300/0,v1:192.168.123.103:6789/0] conn(0x7fa6bc105d30 0x7fa6bc197860 unknown :-1 s=HELLO_CONNECTING pgs=0 cs=0 l=1 rev1=1 crypto rx=0 tx=0 comp rx=0 tx=0).handle_hello peer v2:192.168.123.103:3300/0 says I am v2:192.168.123.103:58010/0 (socket says 192.168.123.103:58010)
2026-03-10T14:03:01.223 INFO:teuthology.orchestra.run.vm03.stdout:/usr/bin/ceph: stderr
2026-03-10T14:03:01.048+0000 7fa6c18d7700 1 -- 192.168.123.103:0/1049990145 learned_addr learned my addr 192.168.123.103:0/1049990145 (peer_addr_for_me v2:192.168.123.103:0/0)
2026-03-10T14:03:01.223 INFO:teuthology.orchestra.run.vm03.stdout:/usr/bin/ceph: stderr
2026-03-10T14:03:01.048+0000 7fa6c18d7700 1 -- 192.168.123.103:0/1049990145 --> [v2:192.168.123.103:3300/0,v1:192.168.123.103:6789/0] -- mon_subscribe({config=0+,monmap=0+}) v3 -- 0x7fa6ac009740 con 0x7fa6bc105d30
2026-03-10T14:03:01.223 INFO:teuthology.orchestra.run.vm03.stdout:/usr/bin/ceph: stderr
2026-03-10T14:03:01.048+0000 7fa6c18d7700 1 --2- 192.168.123.103:0/1049990145 >> [v2:192.168.123.103:3300/0,v1:192.168.123.103:6789/0] conn(0x7fa6bc105d30 0x7fa6bc197860 secure :-1 s=READY pgs=62 cs=0 l=1 rev1=1 crypto rx=0x7fa6ac01a040 tx=0x7fa6ac004140 comp rx=0 tx=0).ready entity=mon.0 client_cookie=0 server_cookie=0 in_seq=0 out_seq=0
2026-03-10T14:03:01.223 INFO:teuthology.orchestra.run.vm03.stdout:/usr/bin/ceph: stderr
2026-03-10T14:03:01.049+0000 7fa6b2ffd700 1 -- 192.168.123.103:0/1049990145 <== mon.0 v2:192.168.123.103:3300/0 1 ==== mon_map magic: 0 v1 ==== 214+0+0 (secure 0 0 0) 0x7fa6ac0043a0 con 0x7fa6bc105d30
2026-03-10T14:03:01.223 INFO:teuthology.orchestra.run.vm03.stdout:/usr/bin/ceph: stderr
2026-03-10T14:03:01.049+0000 7fa6c3b3b700 1 -- 192.168.123.103:0/1049990145 --> [v2:192.168.123.103:3300/0,v1:192.168.123.103:6789/0] -- mon_subscribe({mgrmap=0+}) v3 -- 0x7fa6bc197fa0 con 0x7fa6bc105d30
2026-03-10T14:03:01.223 INFO:teuthology.orchestra.run.vm03.stdout:/usr/bin/ceph: stderr
2026-03-10T14:03:01.049+0000 7fa6b2ffd700 1 -- 192.168.123.103:0/1049990145 <== mon.0 v2:192.168.123.103:3300/0 2 ==== config(28 keys) v1 ==== 1139+0+0 (secure 0 0 0) 0x7fa6ac017bf0 con 0x7fa6bc105d30
2026-03-10T14:03:01.223 INFO:teuthology.orchestra.run.vm03.stdout:/usr/bin/ceph: stderr
2026-03-10T14:03:01.049+0000 7fa6b2ffd700 1 -- 192.168.123.103:0/1049990145 <== mon.0 v2:192.168.123.103:3300/0 3 ==== mon_map magic: 0 v1 ==== 214+0+0 (secure 0 0 0) 0x7fa6ac020d10 con 0x7fa6bc105d30
2026-03-10T14:03:01.223 INFO:teuthology.orchestra.run.vm03.stdout:/usr/bin/ceph: stderr
2026-03-10T14:03:01.049+0000 7fa6c3b3b700 1 -- 192.168.123.103:0/1049990145 --> [v2:192.168.123.103:3300/0,v1:192.168.123.103:6789/0] -- mon_subscribe({osdmap=0}) v3 -- 0x7fa6bc198440 con 0x7fa6bc105d30
2026-03-10T14:03:01.223 INFO:teuthology.orchestra.run.vm03.stdout:/usr/bin/ceph: stderr
2026-03-10T14:03:01.050+0000 7fa6b2ffd700 1 -- 192.168.123.103:0/1049990145 <== mon.0 v2:192.168.123.103:3300/0 4 ==== mgrmap(e 8) v1 ==== 45079+0+0 (secure 0 0 0) 0x7fa6ac02a460 con 0x7fa6bc105d30
2026-03-10T14:03:01.223 INFO:teuthology.orchestra.run.vm03.stdout:/usr/bin/ceph: stderr
2026-03-10T14:03:01.051+0000 7fa6b2ffd700 1 --2- 192.168.123.103:0/1049990145 >> [v2:192.168.123.103:6800/2,v1:192.168.123.103:6801/2] conn(0x7fa6a8040c60 0x7fa6a8043110 unknown :-1 s=NONE pgs=0 cs=0 l=1 rev1=0 crypto rx=0 tx=0 comp rx=0 tx=0).connect
2026-03-10T14:03:01.223 INFO:teuthology.orchestra.run.vm03.stdout:/usr/bin/ceph: stderr
2026-03-10T14:03:01.051+0000 7fa6b2ffd700 1 -- 192.168.123.103:0/1049990145 <== mon.0 v2:192.168.123.103:3300/0 5 ==== osd_map(2..2 src has 1..2) v4 ==== 940+0+0 (secure 0 0 0) 0x7fa6ac04cca0 con 0x7fa6bc105d30
2026-03-10T14:03:01.223 INFO:teuthology.orchestra.run.vm03.stdout:/usr/bin/ceph: stderr
2026-03-10T14:03:01.051+0000 7fa6c10d6700 1 --2- 192.168.123.103:0/1049990145 >> [v2:192.168.123.103:6800/2,v1:192.168.123.103:6801/2] conn(0x7fa6a8040c60 0x7fa6a8043110 unknown :-1 s=BANNER_CONNECTING pgs=0 cs=0 l=1 rev1=0 crypto rx=0 tx=0 comp rx=0 tx=0)._handle_peer_banner_payload supported=3 required=0
2026-03-10T14:03:01.223 INFO:teuthology.orchestra.run.vm03.stdout:/usr/bin/ceph: stderr
2026-03-10T14:03:01.052+0000 7fa6c3b3b700 1 -- 192.168.123.103:0/1049990145 --> [v2:192.168.123.103:3300/0,v1:192.168.123.103:6789/0] -- mon_command({"prefix": "get_command_descriptions"} v 0) v1 -- 0x7fa6bc1916c0 con 0x7fa6bc105d30
2026-03-10T14:03:01.223 INFO:teuthology.orchestra.run.vm03.stdout:/usr/bin/ceph: stderr
2026-03-10T14:03:01.055+0000 7fa6c10d6700 1 --2- 192.168.123.103:0/1049990145 >> [v2:192.168.123.103:6800/2,v1:192.168.123.103:6801/2] conn(0x7fa6a8040c60 0x7fa6a8043110 secure :-1 s=READY pgs=19 cs=0 l=1 rev1=1 crypto rx=0x7fa6b8006fd0 tx=0x7fa6b8006e40 comp rx=0 tx=0).ready entity=mgr.14120 client_cookie=0 server_cookie=0 in_seq=0 out_seq=0
2026-03-10T14:03:01.224 INFO:teuthology.orchestra.run.vm03.stdout:/usr/bin/ceph: stderr
2026-03-10T14:03:01.055+0000 7fa6b2ffd700 1 -- 192.168.123.103:0/1049990145 <== mon.0 v2:192.168.123.103:3300/0 6 ==== mon_command_ack([{"prefix": "get_command_descriptions"}]=0 v0) v1 ==== 72+0+177933 (secure 0 0 0) 0x7fa6ac04ce60 con 0x7fa6bc105d30
2026-03-10T14:03:01.224 INFO:teuthology.orchestra.run.vm03.stdout:/usr/bin/ceph: stderr
2026-03-10T14:03:01.163+0000 7fa6c3b3b700 1 -- 192.168.123.103:0/1049990145 --> [v2:192.168.123.103:6800/2,v1:192.168.123.103:6801/2] -- mgr_command(tid 0: {"prefix": "orch apply", "service_type": "alertmanager", "target": ["mon-mgr", ""]}) v1 -- 0x7fa6bc078ff0 con 0x7fa6a8040c60
2026-03-10T14:03:01.224 INFO:teuthology.orchestra.run.vm03.stdout:/usr/bin/ceph: stderr
2026-03-10T14:03:01.170+0000 7fa6b2ffd700 1 -- 192.168.123.103:0/1049990145 <== mgr.14120 v2:192.168.123.103:6800/2 1 ==== mgr_command_reply(tid 0: 0 ) v1 ==== 8+0+33 (secure 0 0 0) 0x7fa6bc078ff0 con 0x7fa6a8040c60
2026-03-10T14:03:01.224 INFO:teuthology.orchestra.run.vm03.stdout:/usr/bin/ceph: stderr
2026-03-10T14:03:01.173+0000 7fa6c3b3b700 1 -- 192.168.123.103:0/1049990145 >> [v2:192.168.123.103:6800/2,v1:192.168.123.103:6801/2] conn(0x7fa6a8040c60 msgr2=0x7fa6a8043110 secure :-1 s=STATE_CONNECTION_ESTABLISHED l=1).mark_down
2026-03-10T14:03:01.224 INFO:teuthology.orchestra.run.vm03.stdout:/usr/bin/ceph: stderr
2026-03-10T14:03:01.173+0000 7fa6c3b3b700 1 --2- 192.168.123.103:0/1049990145 >> [v2:192.168.123.103:6800/2,v1:192.168.123.103:6801/2] conn(0x7fa6a8040c60 0x7fa6a8043110 secure :-1 s=READY pgs=19 cs=0 l=1 rev1=1 crypto rx=0x7fa6b8006fd0 tx=0x7fa6b8006e40 comp rx=0 tx=0).stop
2026-03-10T14:03:01.224 INFO:teuthology.orchestra.run.vm03.stdout:/usr/bin/ceph: stderr
2026-03-10T14:03:01.173+0000 7fa6c3b3b700 1 -- 192.168.123.103:0/1049990145 >> [v2:192.168.123.103:3300/0,v1:192.168.123.103:6789/0] conn(0x7fa6bc105d30 msgr2=0x7fa6bc197860 secure :-1 s=STATE_CONNECTION_ESTABLISHED l=1).mark_down
2026-03-10T14:03:01.224 INFO:teuthology.orchestra.run.vm03.stdout:/usr/bin/ceph: stderr
2026-03-10T14:03:01.173+0000 7fa6c3b3b700 1 --2- 192.168.123.103:0/1049990145 >> [v2:192.168.123.103:3300/0,v1:192.168.123.103:6789/0] conn(0x7fa6bc105d30 0x7fa6bc197860 secure :-1 s=READY pgs=62 cs=0 l=1 rev1=1 crypto rx=0x7fa6ac01a040 tx=0x7fa6ac004140 comp rx=0 tx=0).stop
2026-03-10T14:03:01.224 INFO:teuthology.orchestra.run.vm03.stdout:/usr/bin/ceph: stderr
2026-03-10T14:03:01.173+0000 7fa6c3b3b700 1 -- 192.168.123.103:0/1049990145 shutdown_connections
2026-03-10T14:03:01.224 INFO:teuthology.orchestra.run.vm03.stdout:/usr/bin/ceph: stderr
2026-03-10T14:03:01.173+0000 7fa6c3b3b700 1 --2- 192.168.123.103:0/1049990145 >> [v2:192.168.123.103:6800/2,v1:192.168.123.103:6801/2] conn(0x7fa6a8040c60 0x7fa6a8043110 unknown :-1 s=CLOSED pgs=19 cs=0 l=1 rev1=1 crypto rx=0 tx=0 comp rx=0 tx=0).stop
2026-03-10T14:03:01.224 INFO:teuthology.orchestra.run.vm03.stdout:/usr/bin/ceph: stderr
2026-03-10T14:03:01.173+0000 7fa6c3b3b700 1 --2- 192.168.123.103:0/1049990145 >> [v2:192.168.123.103:3300/0,v1:192.168.123.103:6789/0] conn(0x7fa6bc105d30 0x7fa6bc197860 unknown :-1 s=CLOSED pgs=62 cs=0 l=1 rev1=1 crypto rx=0 tx=0 comp rx=0 tx=0).stop
2026-03-10T14:03:01.224 INFO:teuthology.orchestra.run.vm03.stdout:/usr/bin/ceph: stderr
2026-03-10T14:03:01.173+0000 7fa6c3b3b700 1 -- 192.168.123.103:0/1049990145 >> 192.168.123.103:0/1049990145 conn(0x7fa6bc1013a0 msgr2=0x7fa6bc102cb0 unknown :-1 s=STATE_NONE l=0).mark_down
2026-03-10T14:03:01.224 INFO:teuthology.orchestra.run.vm03.stdout:/usr/bin/ceph: stderr
2026-03-10T14:03:01.173+0000 7fa6c3b3b700 1 -- 192.168.123.103:0/1049990145 shutdown_connections
2026-03-10T14:03:01.224 INFO:teuthology.orchestra.run.vm03.stdout:/usr/bin/ceph: stderr
2026-03-10T14:03:01.174+0000 7fa6c3b3b700 1 -- 192.168.123.103:0/1049990145 wait complete.
2026-03-10T14:03:01.527 INFO:teuthology.orchestra.run.vm03.stdout:/usr/bin/ceph: stderr
2026-03-10T14:03:01.355+0000 7f18c01f9700 1 Processor -- start
2026-03-10T14:03:01.527 INFO:teuthology.orchestra.run.vm03.stdout:/usr/bin/ceph: stderr
2026-03-10T14:03:01.355+0000 7f18c01f9700 1 -- start start
2026-03-10T14:03:01.527 INFO:teuthology.orchestra.run.vm03.stdout:/usr/bin/ceph: stderr
2026-03-10T14:03:01.355+0000 7f18c01f9700 1 --2- >> [v2:192.168.123.103:3300/0,v1:192.168.123.103:6789/0] conn(0x7f18b81043b0 0x7f18b81047c0 unknown :-1 s=NONE pgs=0 cs=0 l=0 rev1=0 crypto rx=0 tx=0 comp rx=0 tx=0).connect
2026-03-10T14:03:01.527 INFO:teuthology.orchestra.run.vm03.stdout:/usr/bin/ceph: stderr
2026-03-10T14:03:01.355+0000 7f18c01f9700 1 -- --> [v2:192.168.123.103:3300/0,v1:192.168.123.103:6789/0] -- mon_getmap magic: 0 v1 -- 0x7f18b8104d00 con 0x7f18b81043b0
2026-03-10T14:03:01.527 INFO:teuthology.orchestra.run.vm03.stdout:/usr/bin/ceph: stderr
2026-03-10T14:03:01.355+0000 7f18bdf95700 1 --2- >> [v2:192.168.123.103:3300/0,v1:192.168.123.103:6789/0] conn(0x7f18b81043b0 0x7f18b81047c0 unknown :-1 s=BANNER_CONNECTING pgs=0 cs=0 l=0 rev1=0 crypto rx=0 tx=0 comp rx=0 tx=0)._handle_peer_banner_payload supported=3 required=0
2026-03-10T14:03:01.527 INFO:teuthology.orchestra.run.vm03.stdout:/usr/bin/ceph: stderr
2026-03-10T14:03:01.355+0000 7f18bdf95700 1 --2- >> [v2:192.168.123.103:3300/0,v1:192.168.123.103:6789/0] conn(0x7f18b81043b0 0x7f18b81047c0 unknown :-1 s=HELLO_CONNECTING pgs=0 cs=0 l=0 rev1=1 crypto rx=0 tx=0 comp rx=0 tx=0).handle_hello peer v2:192.168.123.103:3300/0 says I am v2:192.168.123.103:58026/0 (socket says 192.168.123.103:58026)
2026-03-10T14:03:01.527 INFO:teuthology.orchestra.run.vm03.stdout:/usr/bin/ceph: stderr
2026-03-10T14:03:01.355+0000 7f18bdf95700 1 -- 192.168.123.103:0/2363325505 learned_addr learned my addr 192.168.123.103:0/2363325505 (peer_addr_for_me v2:192.168.123.103:0/0)
2026-03-10T14:03:01.527 INFO:teuthology.orchestra.run.vm03.stdout:/usr/bin/ceph: stderr
2026-03-10T14:03:01.356+0000 7f18bdf95700 1 -- 192.168.123.103:0/2363325505 --> [v2:192.168.123.103:3300/0,v1:192.168.123.103:6789/0] -- mon_subscribe({config=0+,monmap=0+}) v3 -- 0x7f18b8104e40 con 0x7f18b81043b0
2026-03-10T14:03:01.527 INFO:teuthology.orchestra.run.vm03.stdout:/usr/bin/ceph: stderr
2026-03-10T14:03:01.356+0000 7f18bdf95700 1 --2- 192.168.123.103:0/2363325505 >> [v2:192.168.123.103:3300/0,v1:192.168.123.103:6789/0] conn(0x7f18b81043b0 0x7f18b81047c0 secure :-1 s=READY pgs=63 cs=0 l=1 rev1=1 crypto rx=0x7f18ac01ad90 tx=0x7f18ac01c3d0 comp rx=0 tx=0).ready entity=mon.0 client_cookie=a783ceebdeff0b97 server_cookie=0 in_seq=0 out_seq=0
2026-03-10T14:03:01.527 INFO:teuthology.orchestra.run.vm03.stdout:/usr/bin/ceph: stderr
2026-03-10T14:03:01.356+0000 7f18bcf93700 1 -- 192.168.123.103:0/2363325505 <== mon.0 v2:192.168.123.103:3300/0 1 ==== mon_map magic: 0 v1 ==== 214+0+0 (secure 0 0 0) 0x7f18ac01ae80 con 0x7f18b81043b0
2026-03-10T14:03:01.528 INFO:teuthology.orchestra.run.vm03.stdout:/usr/bin/ceph: stderr
2026-03-10T14:03:01.356+0000 7f18bcf93700 1 -- 192.168.123.103:0/2363325505 <== mon.0 v2:192.168.123.103:3300/0 2 ==== config(28 keys) v1 ==== 1139+0+0 (secure 0 0 0) 0x7f18ac004030 con 0x7f18b81043b0
2026-03-10T14:03:01.528 INFO:teuthology.orchestra.run.vm03.stdout:/usr/bin/ceph: stderr
2026-03-10T14:03:01.357+0000 7f18c01f9700 1 -- 192.168.123.103:0/2363325505 >> [v2:192.168.123.103:3300/0,v1:192.168.123.103:6789/0] conn(0x7f18b81043b0 msgr2=0x7f18b81047c0 secure :-1 s=STATE_CONNECTION_ESTABLISHED l=1).mark_down
2026-03-10T14:03:01.528 INFO:teuthology.orchestra.run.vm03.stdout:/usr/bin/ceph: stderr
2026-03-10T14:03:01.357+0000 7f18c01f9700 1 --2- 192.168.123.103:0/2363325505 >> [v2:192.168.123.103:3300/0,v1:192.168.123.103:6789/0] conn(0x7f18b81043b0 0x7f18b81047c0 secure :-1 s=READY pgs=63 cs=0 l=1 rev1=1 crypto rx=0x7f18ac01ad90 tx=0x7f18ac01c3d0 comp rx=0 tx=0).stop
2026-03-10T14:03:01.528 INFO:teuthology.orchestra.run.vm03.stdout:/usr/bin/ceph: stderr
2026-03-10T14:03:01.357+0000 7f18c01f9700 1 -- 192.168.123.103:0/2363325505 shutdown_connections
2026-03-10T14:03:01.528 INFO:teuthology.orchestra.run.vm03.stdout:/usr/bin/ceph: stderr
2026-03-10T14:03:01.357+0000 7f18c01f9700 1 --2- 192.168.123.103:0/2363325505 >> [v2:192.168.123.103:3300/0,v1:192.168.123.103:6789/0] conn(0x7f18b81043b0 0x7f18b81047c0 unknown :-1 s=CLOSED pgs=63 cs=0 l=1 rev1=1 crypto rx=0 tx=0 comp rx=0 tx=0).stop
2026-03-10T14:03:01.528 INFO:teuthology.orchestra.run.vm03.stdout:/usr/bin/ceph: stderr
2026-03-10T14:03:01.357+0000 7f18c01f9700 1 -- 192.168.123.103:0/2363325505 >> 192.168.123.103:0/2363325505 conn(0x7f18b80ffa60 msgr2=0x7f18b8101e70 unknown :-1 s=STATE_NONE l=0).mark_down
2026-03-10T14:03:01.529 INFO:teuthology.orchestra.run.vm03.stdout:/usr/bin/ceph: stderr
2026-03-10T14:03:01.357+0000 7f18c01f9700 1 -- 192.168.123.103:0/2363325505 shutdown_connections
2026-03-10T14:03:01.529 INFO:teuthology.orchestra.run.vm03.stdout:/usr/bin/ceph: stderr
2026-03-10T14:03:01.357+0000 7f18c01f9700 1 -- 192.168.123.103:0/2363325505 wait complete.
2026-03-10T14:03:01.529 INFO:teuthology.orchestra.run.vm03.stdout:/usr/bin/ceph: stderr
2026-03-10T14:03:01.358+0000 7f18c01f9700 1 Processor -- start
2026-03-10T14:03:01.529 INFO:teuthology.orchestra.run.vm03.stdout:/usr/bin/ceph: stderr
2026-03-10T14:03:01.358+0000 7f18c01f9700 1 -- start start
2026-03-10T14:03:01.529 INFO:teuthology.orchestra.run.vm03.stdout:/usr/bin/ceph: stderr
2026-03-10T14:03:01.358+0000 7f18c01f9700 1 --2- >> [v2:192.168.123.103:3300/0,v1:192.168.123.103:6789/0] conn(0x7f18b81043b0 0x7f18b8193260 unknown :-1 s=NONE pgs=0 cs=0 l=1 rev1=0 crypto rx=0 tx=0 comp rx=0 tx=0).connect
2026-03-10T14:03:01.529 INFO:teuthology.orchestra.run.vm03.stdout:/usr/bin/ceph: stderr
2026-03-10T14:03:01.358+0000 7f18bdf95700 1 --2- >> [v2:192.168.123.103:3300/0,v1:192.168.123.103:6789/0] conn(0x7f18b81043b0 0x7f18b8193260 unknown :-1 s=BANNER_CONNECTING pgs=0 cs=0 l=1 rev1=0 crypto rx=0 tx=0 comp rx=0 tx=0)._handle_peer_banner_payload supported=3 required=0
2026-03-10T14:03:01.529 INFO:teuthology.orchestra.run.vm03.stdout:/usr/bin/ceph: stderr
2026-03-10T14:03:01.358+0000 7f18bdf95700 1 --2- >> [v2:192.168.123.103:3300/0,v1:192.168.123.103:6789/0] conn(0x7f18b81043b0 0x7f18b8193260 unknown :-1 s=HELLO_CONNECTING pgs=0 cs=0 l=1 rev1=1 crypto rx=0 tx=0 comp rx=0 tx=0).handle_hello peer v2:192.168.123.103:3300/0 says I am v2:192.168.123.103:58040/0 (socket says 192.168.123.103:58040)
2026-03-10T14:03:01.529 INFO:teuthology.orchestra.run.vm03.stdout:/usr/bin/ceph: stderr
2026-03-10T14:03:01.358+0000 7f18bdf95700 1 -- 192.168.123.103:0/265499155 learned_addr learned my addr 192.168.123.103:0/265499155 (peer_addr_for_me v2:192.168.123.103:0/0)
2026-03-10T14:03:01.529 INFO:teuthology.orchestra.run.vm03.stdout:/usr/bin/ceph: stderr
2026-03-10T14:03:01.358+0000 7f18c01f9700 1 -- --> [v2:192.168.123.103:3300/0,v1:192.168.123.103:6789/0] -- mon_getmap magic: 0 v1 -- 0x7f18ac003b40 con 0x7f18b81043b0
2026-03-10T14:03:01.529 INFO:teuthology.orchestra.run.vm03.stdout:/usr/bin/ceph: stderr
2026-03-10T14:03:01.359+0000 7f18bdf95700 1 -- 192.168.123.103:0/265499155 --> [v2:192.168.123.103:3300/0,v1:192.168.123.103:6789/0] -- mon_subscribe({config=0+,monmap=0+}) v3 -- 0x7f18ac01a7e0 con 0x7f18b81043b0
2026-03-10T14:03:01.529 INFO:teuthology.orchestra.run.vm03.stdout:/usr/bin/ceph: stderr
2026-03-10T14:03:01.359+0000 7f18bdf95700 1 --2- 192.168.123.103:0/265499155 >> [v2:192.168.123.103:3300/0,v1:192.168.123.103:6789/0] conn(0x7f18b81043b0 0x7f18b8193260 secure :-1 s=READY pgs=64 cs=0 l=1 rev1=1 crypto rx=0x7f18ac006e90 tx=0x7f18ac0286e0 comp rx=0 tx=0).ready entity=mon.0 client_cookie=0 server_cookie=0 in_seq=0 out_seq=0
2026-03-10T14:03:01.529 INFO:teuthology.orchestra.run.vm03.stdout:/usr/bin/ceph: stderr
2026-03-10T14:03:01.360+0000 7f18aaffd700 1 -- 192.168.123.103:0/265499155 <== mon.0 v2:192.168.123.103:3300/0 1 ==== mon_map magic: 0 v1 ==== 214+0+0 (secure 0 0 0) 0x7f18ac003740 con 0x7f18b81043b0
2026-03-10T14:03:01.529 INFO:teuthology.orchestra.run.vm03.stdout:/usr/bin/ceph: stderr
2026-03-10T14:03:01.360+0000 7f18aaffd700 1 -- 192.168.123.103:0/265499155 <== mon.0 v2:192.168.123.103:3300/0 2 ==== config(28 keys) v1 ==== 1139+0+0 (secure 0 0 0) 0x7f18ac01ae80 con 0x7f18b81043b0
2026-03-10T14:03:01.529 INFO:teuthology.orchestra.run.vm03.stdout:/usr/bin/ceph: stderr
2026-03-10T14:03:01.360+0000 7f18aaffd700 1 -- 192.168.123.103:0/265499155 <== mon.0 v2:192.168.123.103:3300/0 3 ==== mon_map magic: 0 v1 ==== 214+0+0 (secure 0 0 0) 0x7f18ac030cb0 con 0x7f18b81043b0
2026-03-10T14:03:01.529 INFO:teuthology.orchestra.run.vm03.stdout:/usr/bin/ceph: stderr
2026-03-10T14:03:01.360+0000 7f18c01f9700 1 -- 192.168.123.103:0/265499155 --> [v2:192.168.123.103:3300/0,v1:192.168.123.103:6789/0] -- mon_subscribe({mgrmap=0+}) v3 -- 0x7f18b81937a0 con 0x7f18b81043b0
2026-03-10T14:03:01.529 INFO:teuthology.orchestra.run.vm03.stdout:/usr/bin/ceph: stderr
2026-03-10T14:03:01.360+0000 7f18c01f9700 1 -- 192.168.123.103:0/265499155 --> [v2:192.168.123.103:3300/0,v1:192.168.123.103:6789/0] -- mon_subscribe({osdmap=0}) v3 -- 0x7f18b8193c40 con 0x7f18b81043b0
2026-03-10T14:03:01.529 INFO:teuthology.orchestra.run.vm03.stdout:/usr/bin/ceph: stderr
2026-03-10T14:03:01.361+0000 7f18aaffd700 1 -- 192.168.123.103:0/265499155 <== mon.0 v2:192.168.123.103:3300/0 4 ==== mgrmap(e 8) v1 ==== 45079+0+0 (secure 0 0 0) 0x7f18ac030450 con 0x7f18b81043b0
2026-03-10T14:03:01.529 INFO:teuthology.orchestra.run.vm03.stdout:/usr/bin/ceph: stderr
2026-03-10T14:03:01.362+0000 7f18c01f9700 1 -- 192.168.123.103:0/265499155 --> [v2:192.168.123.103:3300/0,v1:192.168.123.103:6789/0] -- mon_command({"prefix": "get_command_descriptions"} v 0) v1 -- 0x7f18b8070060 con 0x7f18b81043b0
2026-03-10T14:03:01.529 INFO:teuthology.orchestra.run.vm03.stdout:/usr/bin/ceph: stderr
2026-03-10T14:03:01.363+0000 7f18aaffd700 1 --2- 192.168.123.103:0/265499155 >> [v2:192.168.123.103:6800/2,v1:192.168.123.103:6801/2] conn(0x7f18a40381b0 0x7f18a403a660 unknown :-1 s=NONE pgs=0 cs=0 l=1 rev1=0 crypto rx=0 tx=0 comp rx=0 tx=0).connect
2026-03-10T14:03:01.529 INFO:teuthology.orchestra.run.vm03.stdout:/usr/bin/ceph: stderr
2026-03-10T14:03:01.363+0000 7f18aaffd700 1 -- 192.168.123.103:0/265499155 <== mon.0 v2:192.168.123.103:3300/0 5 ==== osd_map(2..2 src has 1..2) v4 ==== 940+0+0 (secure 0 0 0) 0x7f18ac024070 con 0x7f18b81043b0
2026-03-10T14:03:01.529 INFO:teuthology.orchestra.run.vm03.stdout:/usr/bin/ceph: stderr
2026-03-10T14:03:01.365+0000 7f18bd794700 1 --2- 192.168.123.103:0/265499155 >> [v2:192.168.123.103:6800/2,v1:192.168.123.103:6801/2] conn(0x7f18a40381b0 0x7f18a403a660 unknown :-1 s=BANNER_CONNECTING pgs=0 cs=0 l=1 rev1=0 crypto rx=0 tx=0 comp rx=0 tx=0)._handle_peer_banner_payload supported=3 required=0
2026-03-10T14:03:01.529 INFO:teuthology.orchestra.run.vm03.stdout:/usr/bin/ceph: stderr
2026-03-10T14:03:01.365+0000 7f18aaffd700 1 -- 192.168.123.103:0/265499155 <== mon.0 v2:192.168.123.103:3300/0 6 ==== mon_command_ack([{"prefix": "get_command_descriptions"}]=0 v0) v1 ==== 72+0+177933 (secure 0 0 0) 0x7f18ac0219b0 con 0x7f18b81043b0
2026-03-10T14:03:01.529 INFO:teuthology.orchestra.run.vm03.stdout:/usr/bin/ceph: stderr
2026-03-10T14:03:01.365+0000 7f18bd794700 1 --2- 192.168.123.103:0/265499155 >> [v2:192.168.123.103:6800/2,v1:192.168.123.103:6801/2] conn(0x7f18a40381b0 0x7f18a403a660 secure :-1 s=READY pgs=20 cs=0 l=1 rev1=1 crypto rx=0x7f18b4006fd0 tx=0x7f18b4006e40 comp rx=0 tx=0).ready entity=mgr.14120 client_cookie=0 server_cookie=0 in_seq=0 out_seq=0
2026-03-10T14:03:01.529 INFO:teuthology.orchestra.run.vm03.stdout:/usr/bin/ceph: stderr
2026-03-10T14:03:01.468+0000 7f18c01f9700 1 -- 192.168.123.103:0/265499155 --> [v2:192.168.123.103:3300/0,v1:192.168.123.103:6789/0] -- mon_command([{prefix=config set, name=mgr/cephadm/container_init}] v 0) v1 -- 0x7f18b804f9e0 con 0x7f18b81043b0
2026-03-10T14:03:01.529 INFO:teuthology.orchestra.run.vm03.stdout:/usr/bin/ceph: stderr
2026-03-10T14:03:01.478+0000 7f18aaffd700 1 -- 192.168.123.103:0/265499155 <== mon.0 v2:192.168.123.103:3300/0 7 ==== mon_command_ack([{prefix=config set, name=mgr/cephadm/container_init}]=0 v7)=0 v7) v1 ==== 142+0+0 (secure 0 0 0) 0x7f18ac026e80 con 0x7f18b81043b0
2026-03-10T14:03:01.529 INFO:teuthology.orchestra.run.vm03.stdout:/usr/bin/ceph: stderr
2026-03-10T14:03:01.481+0000 7f18c01f9700 1 -- 192.168.123.103:0/265499155 >> [v2:192.168.123.103:6800/2,v1:192.168.123.103:6801/2] conn(0x7f18a40381b0 msgr2=0x7f18a403a660 secure :-1 s=STATE_CONNECTION_ESTABLISHED l=1).mark_down
2026-03-10T14:03:01.529 INFO:teuthology.orchestra.run.vm03.stdout:/usr/bin/ceph: stderr
2026-03-10T14:03:01.481+0000 7f18c01f9700 1 --2- 192.168.123.103:0/265499155 >> [v2:192.168.123.103:6800/2,v1:192.168.123.103:6801/2] conn(0x7f18a40381b0 0x7f18a403a660 secure :-1 s=READY pgs=20 cs=0 l=1 rev1=1 crypto rx=0x7f18b4006fd0 tx=0x7f18b4006e40 comp rx=0 tx=0).stop
2026-03-10T14:03:01.529 INFO:teuthology.orchestra.run.vm03.stdout:/usr/bin/ceph: stderr
2026-03-10T14:03:01.481+0000 7f18c01f9700 1 -- 192.168.123.103:0/265499155 >> [v2:192.168.123.103:3300/0,v1:192.168.123.103:6789/0] conn(0x7f18b81043b0 msgr2=0x7f18b8193260 secure :-1 s=STATE_CONNECTION_ESTABLISHED l=1).mark_down
2026-03-10T14:03:01.529 INFO:teuthology.orchestra.run.vm03.stdout:/usr/bin/ceph: stderr
2026-03-10T14:03:01.481+0000 7f18c01f9700 1 --2- 192.168.123.103:0/265499155 >> [v2:192.168.123.103:3300/0,v1:192.168.123.103:6789/0] conn(0x7f18b81043b0 0x7f18b8193260 secure :-1 s=READY pgs=64 cs=0 l=1 rev1=1 crypto rx=0x7f18ac006e90 tx=0x7f18ac0286e0 comp rx=0 tx=0).stop
2026-03-10T14:03:01.529 INFO:teuthology.orchestra.run.vm03.stdout:/usr/bin/ceph: stderr
2026-03-10T14:03:01.481+0000 7f18c01f9700 1 -- 192.168.123.103:0/265499155 shutdown_connections
2026-03-10T14:03:01.529 INFO:teuthology.orchestra.run.vm03.stdout:/usr/bin/ceph: stderr
2026-03-10T14:03:01.481+0000 7f18c01f9700 1 --2- 192.168.123.103:0/265499155 >> [v2:192.168.123.103:6800/2,v1:192.168.123.103:6801/2] conn(0x7f18a40381b0 0x7f18a403a660 unknown :-1 s=CLOSED pgs=20 cs=0 l=1 rev1=1 crypto rx=0 tx=0 comp rx=0 tx=0).stop
2026-03-10T14:03:01.529 INFO:teuthology.orchestra.run.vm03.stdout:/usr/bin/ceph: stderr
2026-03-10T14:03:01.482+0000 7f18c01f9700 1 --2- 192.168.123.103:0/265499155 >> [v2:192.168.123.103:3300/0,v1:192.168.123.103:6789/0] conn(0x7f18b81043b0 0x7f18b8193260 unknown :-1 s=CLOSED pgs=64 cs=0 l=1 rev1=1 crypto rx=0 tx=0 comp rx=0 tx=0).stop
2026-03-10T14:03:01.529 INFO:teuthology.orchestra.run.vm03.stdout:/usr/bin/ceph: stderr
2026-03-10T14:03:01.482+0000 7f18c01f9700 1 -- 192.168.123.103:0/265499155 >> 192.168.123.103:0/265499155 conn(0x7f18b80ffa60 msgr2=0x7f18b806afe0 unknown :-1 s=STATE_NONE l=0).mark_down
2026-03-10T14:03:01.529 INFO:teuthology.orchestra.run.vm03.stdout:/usr/bin/ceph: stderr
2026-03-10T14:03:01.482+0000 7f18c01f9700 1 -- 192.168.123.103:0/265499155 shutdown_connections
2026-03-10T14:03:01.529 INFO:teuthology.orchestra.run.vm03.stdout:/usr/bin/ceph: stderr
2026-03-10T14:03:01.482+0000 7f18c01f9700 1 -- 192.168.123.103:0/265499155 wait complete.
2026-03-10T14:03:01.786 INFO:journalctl@ceph.mon.vm03.vm03.stdout:Mar 10 14:03:01 vm03 ceph-mon[49718]: from='client.14150 -' entity='client.admin' cmd=[{"prefix": "orch apply", "service_type": "prometheus", "target": ["mon-mgr", ""]}]: dispatch
2026-03-10T14:03:01.786 INFO:journalctl@ceph.mon.vm03.vm03.stdout:Mar 10 14:03:01 vm03 ceph-mon[49718]: Saving service prometheus spec with placement count:1
2026-03-10T14:03:01.786 INFO:journalctl@ceph.mon.vm03.vm03.stdout:Mar 10 14:03:01 vm03 ceph-mon[49718]: from='client.14152 -' entity='client.admin' cmd=[{"prefix": "orch apply", "service_type": "grafana", "target": ["mon-mgr", ""]}]: dispatch
2026-03-10T14:03:01.786 INFO:journalctl@ceph.mon.vm03.vm03.stdout:Mar 10 14:03:01 vm03 ceph-mon[49718]: Saving service grafana spec with placement count:1
2026-03-10T14:03:01.786 INFO:journalctl@ceph.mon.vm03.vm03.stdout:Mar 10 14:03:01 vm03 ceph-mon[49718]: from='mgr.14120 192.168.123.103:0/2' entity='mgr.vm03.rwbbep'
2026-03-10T14:03:01.786 INFO:journalctl@ceph.mon.vm03.vm03.stdout:Mar 10 14:03:01 vm03 ceph-mon[49718]: from='mgr.14120 192.168.123.103:0/2' entity='mgr.vm03.rwbbep'
2026-03-10T14:03:01.786 INFO:journalctl@ceph.mon.vm03.vm03.stdout:Mar 10 14:03:01 vm03 ceph-mon[49718]: from='mgr.14120 192.168.123.103:0/2' entity='mgr.vm03.rwbbep'
2026-03-10T14:03:01.786 INFO:journalctl@ceph.mon.vm03.vm03.stdout:Mar 10 14:03:01 vm03 ceph-mon[49718]: from='mgr.14120 192.168.123.103:0/2' entity='mgr.vm03.rwbbep'
2026-03-10T14:03:01.786 INFO:journalctl@ceph.mon.vm03.vm03.stdout:Mar 10 14:03:01 vm03 ceph-mon[49718]: from='client.? 192.168.123.103:0/265499155' entity='client.admin'
