2026-03-10T14:03:07.759 INFO:journalctl@ceph.mon.vm03.vm03.stdout:Mar 10 14:03:07 vm03 ceph-mon[49718]: from='mgr.14164 192.168.123.103:0/2' entity='mgr.vm03.rwbbep' cmd=[{"prefix": "osd metadata"}]: dispatch
2026-03-10T14:03:07.759 INFO:journalctl@ceph.mon.vm03.vm03.stdout:Mar 10 14:03:07 vm03 ceph-mon[49718]: from='mgr.14164 192.168.123.103:0/2' entity='mgr.vm03.rwbbep' cmd=[{"prefix": "mon metadata"}]: dispatch
2026-03-10T14:03:07.759 INFO:journalctl@ceph.mon.vm03.vm03.stdout:Mar 10 14:03:07 vm03 ceph-mon[49718]: Manager daemon vm03.rwbbep is now available
2026-03-10T14:03:07.759 INFO:journalctl@ceph.mon.vm03.vm03.stdout:Mar 10 14:03:07 vm03 ceph-mon[49718]: from='mgr.14164 192.168.123.103:0/2' entity='mgr.vm03.rwbbep' cmd=[{"prefix": "config dump", "format": "json"}]: dispatch
2026-03-10T14:03:07.759 INFO:journalctl@ceph.mon.vm03.vm03.stdout:Mar 10 14:03:07 vm03 ceph-mon[49718]: from='mgr.14164 192.168.123.103:0/2' entity='mgr.vm03.rwbbep' cmd=[{"prefix": "config dump", "format": "json"}]: dispatch
2026-03-10T14:03:08.739 INFO:teuthology.orchestra.run.vm03.stdout:/usr/bin/ceph: stdout {
2026-03-10T14:03:08.739 INFO:teuthology.orchestra.run.vm03.stdout:/usr/bin/ceph: stdout "mgrmap_epoch": 11,
2026-03-10T14:03:08.739 INFO:teuthology.orchestra.run.vm03.stdout:/usr/bin/ceph: stdout "initialized": true
2026-03-10T14:03:08.739 INFO:teuthology.orchestra.run.vm03.stdout:/usr/bin/ceph: stdout }
2026-03-10T14:03:08.739 INFO:teuthology.orchestra.run.vm03.stdout:/usr/bin/ceph: stderr
2026-03-10T14:03:03.352+0000 7fd3a2d5d700 1 Processor -- start
2026-03-10T14:03:08.739 INFO:teuthology.orchestra.run.vm03.stdout:/usr/bin/ceph: stderr
2026-03-10T14:03:03.352+0000 7fd3a2d5d700 1 -- start start
2026-03-10T14:03:08.739 INFO:teuthology.orchestra.run.vm03.stdout:/usr/bin/ceph: stderr
2026-03-10T14:03:03.353+0000 7fd3a2d5d700 1 --2- >> [v2:192.168.123.103:3300/0,v1:192.168.123.103:6789/0] conn(0x7fd39c072b50 0x7fd39c071050 unknown :-1 s=NONE pgs=0 cs=0 l=0 rev1=0 crypto rx=0 tx=0 comp rx=0 tx=0).connect
2026-03-10T14:03:08.739 INFO:teuthology.orchestra.run.vm03.stdout:/usr/bin/ceph: stderr
2026-03-10T14:03:03.353+0000 7fd3a2d5d700 1 -- --> [v2:192.168.123.103:3300/0,v1:192.168.123.103:6789/0] -- mon_getmap magic: 0 v1 -- 0x7fd39c071590 con 0x7fd39c072b50
2026-03-10T14:03:08.739 INFO:teuthology.orchestra.run.vm03.stdout:/usr/bin/ceph: stderr
2026-03-10T14:03:03.354+0000 7fd3a0af9700 1 --2- >> [v2:192.168.123.103:3300/0,v1:192.168.123.103:6789/0] conn(0x7fd39c072b50 0x7fd39c071050 unknown :-1 s=BANNER_CONNECTING pgs=0 cs=0 l=0 rev1=0 crypto rx=0 tx=0 comp rx=0 tx=0)._handle_peer_banner_payload supported=3 required=0
2026-03-10T14:03:08.739 INFO:teuthology.orchestra.run.vm03.stdout:/usr/bin/ceph: stderr
2026-03-10T14:03:03.354+0000 7fd3a0af9700 1 --2- >> [v2:192.168.123.103:3300/0,v1:192.168.123.103:6789/0] conn(0x7fd39c072b50 0x7fd39c071050 unknown :-1 s=HELLO_CONNECTING pgs=0 cs=0 l=0 rev1=1 crypto rx=0 tx=0 comp rx=0 tx=0).handle_hello peer v2:192.168.123.103:3300/0 says I am v2:192.168.123.103:58114/0 (socket says 192.168.123.103:58114)
2026-03-10T14:03:08.739 INFO:teuthology.orchestra.run.vm03.stdout:/usr/bin/ceph: stderr
2026-03-10T14:03:03.354+0000 7fd3a0af9700 1 -- 192.168.123.103:0/3372197837 learned_addr learned my addr 192.168.123.103:0/3372197837 (peer_addr_for_me v2:192.168.123.103:0/0)
2026-03-10T14:03:08.739 INFO:teuthology.orchestra.run.vm03.stdout:/usr/bin/ceph: stderr
2026-03-10T14:03:03.354+0000 7fd3a0af9700 1 -- 192.168.123.103:0/3372197837 --> [v2:192.168.123.103:3300/0,v1:192.168.123.103:6789/0] -- mon_subscribe({config=0+,monmap=0+}) v3 -- 0x7fd39c0716d0 con 0x7fd39c072b50
2026-03-10T14:03:08.739 INFO:teuthology.orchestra.run.vm03.stdout:/usr/bin/ceph: stderr
2026-03-10T14:03:03.354+0000 7fd3a0af9700 1 --2- 192.168.123.103:0/3372197837 >> [v2:192.168.123.103:3300/0,v1:192.168.123.103:6789/0] conn(0x7fd39c072b50 0x7fd39c071050 secure :-1 s=READY pgs=73 cs=0 l=1 rev1=1 crypto rx=0x7fd38c009a90 tx=0x7fd38c009da0 comp rx=0 tx=0).ready entity=mon.0 client_cookie=50dcc420d82eee15 server_cookie=0 in_seq=0 out_seq=0
2026-03-10T14:03:08.739 INFO:teuthology.orchestra.run.vm03.stdout:/usr/bin/ceph: stderr
2026-03-10T14:03:03.355+0000 7fd39b7fe700 1 -- 192.168.123.103:0/3372197837 <== mon.0 v2:192.168.123.103:3300/0 1 ==== mon_map magic: 0 v1 ==== 214+0+0 (secure 0 0 0) 0x7fd38c004030 con 0x7fd39c072b50
2026-03-10T14:03:08.739 INFO:teuthology.orchestra.run.vm03.stdout:/usr/bin/ceph: stderr
2026-03-10T14:03:03.355+0000 7fd39b7fe700 1 -- 192.168.123.103:0/3372197837 <== mon.0 v2:192.168.123.103:3300/0 2 ==== config(28 keys) v1 ==== 1139+0+0 (secure 0 0 0) 0x7fd38c00b7e0 con 0x7fd39c072b50
2026-03-10T14:03:08.739 INFO:teuthology.orchestra.run.vm03.stdout:/usr/bin/ceph: stderr
2026-03-10T14:03:03.355+0000 7fd39b7fe700 1 -- 192.168.123.103:0/3372197837 <== mon.0 v2:192.168.123.103:3300/0 3 ==== mon_map magic: 0 v1 ==== 214+0+0 (secure 0 0 0) 0x7fd38c003ae0 con 0x7fd39c072b50
2026-03-10T14:03:08.739 INFO:teuthology.orchestra.run.vm03.stdout:/usr/bin/ceph: stderr
2026-03-10T14:03:03.355+0000 7fd3a2d5d700 1 -- 192.168.123.103:0/3372197837 >> [v2:192.168.123.103:3300/0,v1:192.168.123.103:6789/0] conn(0x7fd39c072b50 msgr2=0x7fd39c071050 secure :-1 s=STATE_CONNECTION_ESTABLISHED l=1).mark_down
2026-03-10T14:03:08.739 INFO:teuthology.orchestra.run.vm03.stdout:/usr/bin/ceph: stderr
2026-03-10T14:03:03.355+0000 7fd3a2d5d700 1 --2- 192.168.123.103:0/3372197837 >> [v2:192.168.123.103:3300/0,v1:192.168.123.103:6789/0] conn(0x7fd39c072b50 0x7fd39c071050 secure :-1 s=READY pgs=73 cs=0 l=1 rev1=1 crypto rx=0x7fd38c009a90 tx=0x7fd38c009da0 comp rx=0 tx=0).stop
2026-03-10T14:03:08.739 INFO:teuthology.orchestra.run.vm03.stdout:/usr/bin/ceph: stderr
2026-03-10T14:03:03.355+0000 7fd3a2d5d700 1 -- 192.168.123.103:0/3372197837 shutdown_connections
2026-03-10T14:03:08.739 INFO:teuthology.orchestra.run.vm03.stdout:/usr/bin/ceph: stderr
2026-03-10T14:03:03.355+0000 7fd3a2d5d700 1 --2- 192.168.123.103:0/3372197837 >> [v2:192.168.123.103:3300/0,v1:192.168.123.103:6789/0] conn(0x7fd39c072b50 0x7fd39c071050 secure :-1 s=CLOSED pgs=73 cs=0 l=1 rev1=1 crypto rx=0x7fd38c009a90 tx=0x7fd38c009da0 comp rx=0 tx=0).stop
2026-03-10T14:03:08.739 INFO:teuthology.orchestra.run.vm03.stdout:/usr/bin/ceph: stderr
2026-03-10T14:03:03.355+0000 7fd3a2d5d700 1 -- 192.168.123.103:0/3372197837 >> 192.168.123.103:0/3372197837 conn(0x7fd39c06c970 msgr2=0x7fd39c06eda0 unknown :-1 s=STATE_NONE l=0).mark_down
2026-03-10T14:03:08.739 INFO:teuthology.orchestra.run.vm03.stdout:/usr/bin/ceph: stderr
2026-03-10T14:03:03.356+0000 7fd3a2d5d700 1 -- 192.168.123.103:0/3372197837 shutdown_connections
2026-03-10T14:03:08.739 INFO:teuthology.orchestra.run.vm03.stdout:/usr/bin/ceph: stderr
2026-03-10T14:03:03.356+0000 7fd3a2d5d700 1 -- 192.168.123.103:0/3372197837 wait complete.
2026-03-10T14:03:08.739 INFO:teuthology.orchestra.run.vm03.stdout:/usr/bin/ceph: stderr
2026-03-10T14:03:03.356+0000 7fd3a2d5d700 1 Processor -- start
2026-03-10T14:03:08.739 INFO:teuthology.orchestra.run.vm03.stdout:/usr/bin/ceph: stderr
2026-03-10T14:03:03.356+0000 7fd3a2d5d700 1 -- start start
2026-03-10T14:03:08.739 INFO:teuthology.orchestra.run.vm03.stdout:/usr/bin/ceph: stderr
2026-03-10T14:03:03.356+0000 7fd3a2d5d700 1 --2- >> [v2:192.168.123.103:3300/0,v1:192.168.123.103:6789/0] conn(0x7fd39c1a88e0 0x7fd39c1a8cf0 unknown :-1 s=NONE pgs=0 cs=0 l=1 rev1=0 crypto rx=0 tx=0 comp rx=0 tx=0).connect
2026-03-10T14:03:08.739 INFO:teuthology.orchestra.run.vm03.stdout:/usr/bin/ceph: stderr
2026-03-10T14:03:03.356+0000 7fd3a2d5d700 1 -- --> [v2:192.168.123.103:3300/0,v1:192.168.123.103:6789/0] -- mon_getmap magic: 0 v1 -- 0x7fd39c1a9230 con 0x7fd39c1a88e0
2026-03-10T14:03:08.739 INFO:teuthology.orchestra.run.vm03.stdout:/usr/bin/ceph: stderr
2026-03-10T14:03:03.357+0000 7fd3a0af9700 1 --2- >> [v2:192.168.123.103:3300/0,v1:192.168.123.103:6789/0] conn(0x7fd39c1a88e0 0x7fd39c1a8cf0 unknown :-1 s=BANNER_CONNECTING pgs=0 cs=0 l=1 rev1=0 crypto rx=0 tx=0 comp rx=0 tx=0)._handle_peer_banner_payload supported=3 required=0
2026-03-10T14:03:08.739 INFO:teuthology.orchestra.run.vm03.stdout:/usr/bin/ceph: stderr
2026-03-10T14:03:03.357+0000 7fd3a0af9700 1 --2- >> [v2:192.168.123.103:3300/0,v1:192.168.123.103:6789/0] conn(0x7fd39c1a88e0 0x7fd39c1a8cf0 unknown :-1 s=HELLO_CONNECTING pgs=0 cs=0 l=1 rev1=1 crypto rx=0 tx=0 comp rx=0 tx=0).handle_hello peer v2:192.168.123.103:3300/0 says I am v2:192.168.123.103:58116/0 (socket says 192.168.123.103:58116)
2026-03-10T14:03:08.739 INFO:teuthology.orchestra.run.vm03.stdout:/usr/bin/ceph: stderr
2026-03-10T14:03:03.357+0000 7fd3a0af9700 1 -- 192.168.123.103:0/1284511358 learned_addr learned my addr 192.168.123.103:0/1284511358 (peer_addr_for_me v2:192.168.123.103:0/0)
2026-03-10T14:03:08.739 INFO:teuthology.orchestra.run.vm03.stdout:/usr/bin/ceph: stderr
2026-03-10T14:03:03.357+0000 7fd3a0af9700 1 -- 192.168.123.103:0/1284511358 --> [v2:192.168.123.103:3300/0,v1:192.168.123.103:6789/0] -- mon_subscribe({config=0+,monmap=0+}) v3 -- 0x7fd38c009740 con 0x7fd39c1a88e0
2026-03-10T14:03:08.739 INFO:teuthology.orchestra.run.vm03.stdout:/usr/bin/ceph: stderr
2026-03-10T14:03:03.358+0000 7fd3a0af9700 1 --2- 192.168.123.103:0/1284511358 >> [v2:192.168.123.103:3300/0,v1:192.168.123.103:6789/0] conn(0x7fd39c1a88e0 0x7fd39c1a8cf0 secure :-1 s=READY pgs=74 cs=0 l=1 rev1=1 crypto rx=0x7fd38c0038b0 tx=0x7fd38c011650 comp rx=0 tx=0).ready entity=mon.0 client_cookie=0 server_cookie=0 in_seq=0 out_seq=0
2026-03-10T14:03:08.739 INFO:teuthology.orchestra.run.vm03.stdout:/usr/bin/ceph: stderr
2026-03-10T14:03:03.358+0000 7fd399ffb700 1 -- 192.168.123.103:0/1284511358 <== mon.0 v2:192.168.123.103:3300/0 1 ==== mon_map magic: 0 v1 ==== 214+0+0 (secure 0 0 0) 0x7fd38c0119f0 con 0x7fd39c1a88e0
2026-03-10T14:03:08.739 INFO:teuthology.orchestra.run.vm03.stdout:/usr/bin/ceph: stderr
2026-03-10T14:03:03.358+0000 7fd399ffb700 1 -- 192.168.123.103:0/1284511358 <== mon.0 v2:192.168.123.103:3300/0 2 ==== config(28 keys) v1 ==== 1139+0+0 (secure 0 0 0) 0x7fd38c011b50 con 0x7fd39c1a88e0
2026-03-10T14:03:08.739 INFO:teuthology.orchestra.run.vm03.stdout:/usr/bin/ceph: stderr
2026-03-10T14:03:03.358+0000 7fd399ffb700 1 -- 192.168.123.103:0/1284511358 <== mon.0 v2:192.168.123.103:3300/0 3 ==== mon_map magic: 0 v1 ==== 214+0+0 (secure 0 0 0) 0x7fd38c025490 con 0x7fd39c1a88e0
2026-03-10T14:03:08.739 INFO:teuthology.orchestra.run.vm03.stdout:/usr/bin/ceph: stderr
2026-03-10T14:03:03.358+0000 7fd3a2d5d700 1 -- 192.168.123.103:0/1284511358 --> [v2:192.168.123.103:3300/0,v1:192.168.123.103:6789/0] -- mon_subscribe({mgrmap=0+}) v3 -- 0x7fd39c1a9430 con 0x7fd39c1a88e0
2026-03-10T14:03:08.739 INFO:teuthology.orchestra.run.vm03.stdout:/usr/bin/ceph: stderr
2026-03-10T14:03:03.358+0000 7fd3a2d5d700 1 -- 192.168.123.103:0/1284511358 --> [v2:192.168.123.103:3300/0,v1:192.168.123.103:6789/0] -- mon_subscribe({osdmap=0}) v3 -- 0x7fd39c07b250 con 0x7fd39c1a88e0
2026-03-10T14:03:08.740 INFO:teuthology.orchestra.run.vm03.stdout:/usr/bin/ceph: stderr
2026-03-10T14:03:03.361+0000 7fd399ffb700 1 -- 192.168.123.103:0/1284511358 <== mon.0 v2:192.168.123.103:3300/0 4 ==== mgrmap(e 9) v1 ==== 45092+0+0 (secure 0 0 0) 0x7fd38c011cc0 con 0x7fd39c1a88e0
2026-03-10T14:03:08.740 INFO:teuthology.orchestra.run.vm03.stdout:/usr/bin/ceph: stderr
2026-03-10T14:03:03.361+0000 7fd399ffb700 1 --2- 192.168.123.103:0/1284511358 >> [v2:192.168.123.103:6800/2,v1:192.168.123.103:6801/2] conn(0x7fd384038510 0x7fd38403a9c0 unknown :-1 s=NONE pgs=0 cs=0 l=1 rev1=0 crypto rx=0 tx=0 comp rx=0 tx=0).connect
2026-03-10T14:03:08.740 INFO:teuthology.orchestra.run.vm03.stdout:/usr/bin/ceph: stderr
2026-03-10T14:03:03.361+0000 7fd399ffb700 1 -- 192.168.123.103:0/1284511358 --> [v2:192.168.123.103:6800/2,v1:192.168.123.103:6801/2] -- command(tid 0: {"prefix": "get_command_descriptions"}) v1 -- 0x7fd38403b0d0 con 0x7fd384038510
2026-03-10T14:03:08.740 INFO:teuthology.orchestra.run.vm03.stdout:/usr/bin/ceph: stderr
2026-03-10T14:03:03.361+0000 7fd399ffb700 1 -- 192.168.123.103:0/1284511358 <== mon.0 v2:192.168.123.103:3300/0 5 ==== osd_map(2..2 src has 1..2) v4 ==== 940+0+0 (secure 0 0 0) 0x7fd38c04c1f0 con 0x7fd39c1a88e0
2026-03-10T14:03:08.740 INFO:teuthology.orchestra.run.vm03.stdout:/usr/bin/ceph: stderr
2026-03-10T14:03:03.361+0000 7fd39bfff700 1 -- 192.168.123.103:0/1284511358 >> [v2:192.168.123.103:6800/2,v1:192.168.123.103:6801/2] conn(0x7fd384038510 msgr2=0x7fd38403a9c0 unknown :-1 s=STATE_CONNECTING_RE l=1).process reconnect failed to v2:192.168.123.103:6800/2
2026-03-10T14:03:08.740 INFO:teuthology.orchestra.run.vm03.stdout:/usr/bin/ceph: stderr
2026-03-10T14:03:03.362+0000 7fd39bfff700 1 --2- 192.168.123.103:0/1284511358 >> [v2:192.168.123.103:6800/2,v1:192.168.123.103:6801/2] conn(0x7fd384038510 0x7fd38403a9c0 unknown :-1 s=START_CONNECT pgs=0 cs=0 l=1 rev1=0 crypto rx=0 tx=0 comp rx=0 tx=0)._fault waiting 0.200000
2026-03-10T14:03:08.740 INFO:teuthology.orchestra.run.vm03.stdout:/usr/bin/ceph: stderr
2026-03-10T14:03:03.562+0000 7fd39bfff700 1 -- 192.168.123.103:0/1284511358 >> [v2:192.168.123.103:6800/2,v1:192.168.123.103:6801/2] conn(0x7fd384038510 msgr2=0x7fd38403a9c0 unknown :-1 s=STATE_CONNECTING_RE l=1).process reconnect failed to v2:192.168.123.103:6800/2
2026-03-10T14:03:08.740 INFO:teuthology.orchestra.run.vm03.stdout:/usr/bin/ceph: stderr
2026-03-10T14:03:03.562+0000 7fd39bfff700 1 --2- 192.168.123.103:0/1284511358 >> [v2:192.168.123.103:6800/2,v1:192.168.123.103:6801/2] conn(0x7fd384038510 0x7fd38403a9c0 unknown :-1 s=START_CONNECT pgs=0 cs=0 l=1 rev1=0 crypto rx=0 tx=0 comp rx=0 tx=0)._fault waiting 0.400000
2026-03-10T14:03:08.740 INFO:teuthology.orchestra.run.vm03.stdout:/usr/bin/ceph: stderr
2026-03-10T14:03:03.962+0000 7fd39bfff700 1 -- 192.168.123.103:0/1284511358 >> [v2:192.168.123.103:6800/2,v1:192.168.123.103:6801/2] conn(0x7fd384038510 msgr2=0x7fd38403a9c0 unknown :-1 s=STATE_CONNECTING_RE l=1).process reconnect failed to v2:192.168.123.103:6800/2
2026-03-10T14:03:08.740 INFO:teuthology.orchestra.run.vm03.stdout:/usr/bin/ceph: stderr
2026-03-10T14:03:03.962+0000 7fd39bfff700 1 --2- 192.168.123.103:0/1284511358 >> [v2:192.168.123.103:6800/2,v1:192.168.123.103:6801/2] conn(0x7fd384038510 0x7fd38403a9c0 unknown :-1 s=START_CONNECT pgs=0 cs=0 l=1 rev1=0 crypto rx=0 tx=0 comp rx=0 tx=0)._fault waiting 0.800000
2026-03-10T14:03:08.740 INFO:teuthology.orchestra.run.vm03.stdout:/usr/bin/ceph: stderr
2026-03-10T14:03:04.763+0000 7fd39bfff700 1 -- 192.168.123.103:0/1284511358 >> [v2:192.168.123.103:6800/2,v1:192.168.123.103:6801/2] conn(0x7fd384038510 msgr2=0x7fd38403a9c0 unknown :-1 s=STATE_CONNECTING_RE l=1).process reconnect failed to v2:192.168.123.103:6800/2
2026-03-10T14:03:08.740 INFO:teuthology.orchestra.run.vm03.stdout:/usr/bin/ceph: stderr
2026-03-10T14:03:04.763+0000 7fd39bfff700 1 --2- 192.168.123.103:0/1284511358 >> [v2:192.168.123.103:6800/2,v1:192.168.123.103:6801/2] conn(0x7fd384038510 0x7fd38403a9c0 unknown :-1 s=START_CONNECT pgs=0 cs=0 l=1 rev1=0 crypto rx=0 tx=0 comp rx=0 tx=0)._fault waiting 1.600000
2026-03-10T14:03:08.740 INFO:teuthology.orchestra.run.vm03.stdout:/usr/bin/ceph: stderr
2026-03-10T14:03:06.365+0000 7fd39bfff700 1 -- 192.168.123.103:0/1284511358 >> [v2:192.168.123.103:6800/2,v1:192.168.123.103:6801/2] conn(0x7fd384038510 msgr2=0x7fd38403a9c0 unknown :-1 s=STATE_CONNECTING_RE l=1).process reconnect failed to v2:192.168.123.103:6800/2
2026-03-10T14:03:08.740 INFO:teuthology.orchestra.run.vm03.stdout:/usr/bin/ceph: stderr
2026-03-10T14:03:06.365+0000 7fd39bfff700 1 --2- 192.168.123.103:0/1284511358 >> [v2:192.168.123.103:6800/2,v1:192.168.123.103:6801/2] conn(0x7fd384038510 0x7fd38403a9c0 unknown :-1 s=START_CONNECT pgs=0 cs=0 l=1 rev1=0 crypto rx=0 tx=0 comp rx=0 tx=0)._fault waiting 3.200000
2026-03-10T14:03:08.740 INFO:teuthology.orchestra.run.vm03.stdout:/usr/bin/ceph: stderr
2026-03-10T14:03:07.675+0000 7fd399ffb700 1 -- 192.168.123.103:0/1284511358 <== mon.0 v2:192.168.123.103:3300/0 6 ==== mgrmap(e 10) v1 ==== 44859+0+0 (secure 0 0 0) 0x7fd38c01b440 con 0x7fd39c1a88e0
2026-03-10T14:03:08.740 INFO:teuthology.orchestra.run.vm03.stdout:/usr/bin/ceph: stderr
2026-03-10T14:03:07.675+0000 7fd399ffb700 1 -- 192.168.123.103:0/1284511358 >> [v2:192.168.123.103:6800/2,v1:192.168.123.103:6801/2] conn(0x7fd384038510 msgr2=0x7fd38403a9c0 unknown :-1 s=STATE_CONNECTING l=1).mark_down
2026-03-10T14:03:08.740 INFO:teuthology.orchestra.run.vm03.stdout:/usr/bin/ceph: stderr
2026-03-10T14:03:07.675+0000 7fd399ffb700 1 --2- 192.168.123.103:0/1284511358 >> [v2:192.168.123.103:6800/2,v1:192.168.123.103:6801/2] conn(0x7fd384038510 0x7fd38403a9c0 unknown :-1 s=START_CONNECT pgs=0 cs=0 l=1 rev1=0 crypto rx=0 tx=0 comp rx=0 tx=0).stop
2026-03-10T14:03:08.740 INFO:teuthology.orchestra.run.vm03.stdout:/usr/bin/ceph: stderr
2026-03-10T14:03:08.678+0000 7fd399ffb700 1 -- 192.168.123.103:0/1284511358 <== mon.0 v2:192.168.123.103:3300/0 7 ==== mgrmap(e 11) v1 ==== 44986+0+0 (secure 0 0 0) 0x7fd38c01ba20 con 0x7fd39c1a88e0
2026-03-10T14:03:08.740 INFO:teuthology.orchestra.run.vm03.stdout:/usr/bin/ceph: stderr
2026-03-10T14:03:08.678+0000 7fd399ffb700 1 --2- 192.168.123.103:0/1284511358 >> [v2:192.168.123.103:6800/2,v1:192.168.123.103:6801/2] conn(0x7fd384038510 0x7fd38403a9c0 unknown :-1 s=NONE pgs=0 cs=0 l=1 rev1=0 crypto rx=0 tx=0 comp rx=0 tx=0).connect
2026-03-10T14:03:08.740 INFO:teuthology.orchestra.run.vm03.stdout:/usr/bin/ceph: stderr
2026-03-10T14:03:08.678+0000 7fd399ffb700 1 -- 192.168.123.103:0/1284511358 --> [v2:192.168.123.103:6800/2,v1:192.168.123.103:6801/2] -- command(tid 0: {"prefix": "get_command_descriptions"}) v1 -- 0x7fd38403b0d0 con 0x7fd384038510
2026-03-10T14:03:08.740 INFO:teuthology.orchestra.run.vm03.stdout:/usr/bin/ceph: stderr
2026-03-10T14:03:08.680+0000 7fd39bfff700 1 --2- 192.168.123.103:0/1284511358 >> [v2:192.168.123.103:6800/2,v1:192.168.123.103:6801/2] conn(0x7fd384038510 0x7fd38403a9c0 unknown :-1 s=BANNER_CONNECTING pgs=0 cs=0 l=1 rev1=0 crypto rx=0 tx=0 comp rx=0 tx=0)._handle_peer_banner_payload supported=3 required=0
2026-03-10T14:03:08.740 INFO:teuthology.orchestra.run.vm03.stdout:/usr/bin/ceph: stderr
2026-03-10T14:03:08.680+0000 7fd39bfff700 1 --2- 192.168.123.103:0/1284511358 >> [v2:192.168.123.103:6800/2,v1:192.168.123.103:6801/2] conn(0x7fd384038510 0x7fd38403a9c0 secure :-1 s=READY pgs=1 cs=0 l=1 rev1=1 crypto rx=0x7fd390003a10 tx=0x7fd3900092b0 comp rx=0 tx=0).ready entity=mgr.14164 client_cookie=0 server_cookie=0 in_seq=0 out_seq=0
2026-03-10T14:03:08.740 INFO:teuthology.orchestra.run.vm03.stdout:/usr/bin/ceph: stderr
2026-03-10T14:03:08.681+0000 7fd399ffb700 1 -- 192.168.123.103:0/1284511358 <== mgr.14164 v2:192.168.123.103:6800/2 1 ==== command_reply(tid 0: 0 ) v1 ==== 8+0+6910 (secure 0 0 0) 0x7fd38403b0d0 con 0x7fd384038510
2026-03-10T14:03:08.740 INFO:teuthology.orchestra.run.vm03.stdout:/usr/bin/ceph: stderr
2026-03-10T14:03:08.684+0000 7fd3a2d5d700 1 -- 192.168.123.103:0/1284511358 --> [v2:192.168.123.103:6800/2,v1:192.168.123.103:6801/2] -- command(tid 1: {"prefix": "mgr_status"}) v1 -- 0x7fd39c1a9c60 con 0x7fd384038510
2026-03-10T14:03:08.740 INFO:teuthology.orchestra.run.vm03.stdout:/usr/bin/ceph: stderr
2026-03-10T14:03:08.685+0000 7fd399ffb700 1 -- 192.168.123.103:0/1284511358 <== mgr.14164 v2:192.168.123.103:6800/2 2 ==== command_reply(tid 1: 0 ) v1 ==== 8+0+52 (secure 0 0 0) 0x7fd39c1a9c60 con 0x7fd384038510
2026-03-10T14:03:08.740 INFO:teuthology.orchestra.run.vm03.stdout:/usr/bin/ceph: stderr
2026-03-10T14:03:08.685+0000 7fd3a2d5d700 1 -- 192.168.123.103:0/1284511358 >> [v2:192.168.123.103:6800/2,v1:192.168.123.103:6801/2] conn(0x7fd384038510 msgr2=0x7fd38403a9c0 secure :-1 s=STATE_CONNECTION_ESTABLISHED l=1).mark_down
2026-03-10T14:03:08.740 INFO:teuthology.orchestra.run.vm03.stdout:/usr/bin/ceph: stderr
2026-03-10T14:03:08.685+0000 7fd3a2d5d700 1 --2- 192.168.123.103:0/1284511358 >> [v2:192.168.123.103:6800/2,v1:192.168.123.103:6801/2] conn(0x7fd384038510 0x7fd38403a9c0 secure :-1 s=READY pgs=1 cs=0 l=1 rev1=1 crypto rx=0x7fd390003a10 tx=0x7fd3900092b0 comp rx=0 tx=0).stop
2026-03-10T14:03:08.740 INFO:teuthology.orchestra.run.vm03.stdout:/usr/bin/ceph: stderr
2026-03-10T14:03:08.685+0000 7fd3a2d5d700 1 -- 192.168.123.103:0/1284511358 >> [v2:192.168.123.103:3300/0,v1:192.168.123.103:6789/0] conn(0x7fd39c1a88e0 msgr2=0x7fd39c1a8cf0 secure :-1 s=STATE_CONNECTION_ESTABLISHED l=1).mark_down
2026-03-10T14:03:08.740 INFO:teuthology.orchestra.run.vm03.stdout:/usr/bin/ceph: stderr
2026-03-10T14:03:08.685+0000 7fd3a2d5d700 1 --2- 192.168.123.103:0/1284511358 >> [v2:192.168.123.103:3300/0,v1:192.168.123.103:6789/0] conn(0x7fd39c1a88e0 0x7fd39c1a8cf0 secure :-1 s=READY pgs=74 cs=0 l=1 rev1=1 crypto rx=0x7fd38c0038b0 tx=0x7fd38c011650 comp rx=0 tx=0).stop
2026-03-10T14:03:08.740 INFO:teuthology.orchestra.run.vm03.stdout:/usr/bin/ceph: stderr
2026-03-10T14:03:08.685+0000 7fd3a2d5d700 1 -- 192.168.123.103:0/1284511358 shutdown_connections
2026-03-10T14:03:08.740 INFO:teuthology.orchestra.run.vm03.stdout:/usr/bin/ceph: stderr
2026-03-10T14:03:08.685+0000 7fd3a2d5d700 1 --2- 192.168.123.103:0/1284511358 >> [v2:192.168.123.103:6800/2,v1:192.168.123.103:6801/2] conn(0x7fd384038510 0x7fd38403a9c0 unknown :-1 s=CLOSED pgs=1 cs=0 l=1 rev1=1 crypto rx=0 tx=0 comp rx=0 tx=0).stop
2026-03-10T14:03:08.740 INFO:teuthology.orchestra.run.vm03.stdout:/usr/bin/ceph: stderr
2026-03-10T14:03:08.685+0000 7fd3a2d5d700 1 --2- 192.168.123.103:0/1284511358 >> [v2:192.168.123.103:3300/0,v1:192.168.123.103:6789/0] conn(0x7fd39c1a88e0 0x7fd39c1a8cf0 unknown :-1 s=CLOSED pgs=74 cs=0 l=1 rev1=1 crypto rx=0 tx=0 comp rx=0 tx=0).stop
2026-03-10T14:03:08.740 INFO:teuthology.orchestra.run.vm03.stdout:/usr/bin/ceph: stderr
2026-03-10T14:03:08.685+0000 7fd3a2d5d700 1 -- 192.168.123.103:0/1284511358 >> 192.168.123.103:0/1284511358 conn(0x7fd39c06c970 msgr2=0x7fd39c06df70 unknown :-1 s=STATE_NONE l=0).mark_down
2026-03-10T14:03:08.740 INFO:teuthology.orchestra.run.vm03.stdout:/usr/bin/ceph: stderr
2026-03-10T14:03:08.686+0000 7fd3a2d5d700 1 -- 192.168.123.103:0/1284511358 shutdown_connections
2026-03-10T14:03:08.740 INFO:teuthology.orchestra.run.vm03.stdout:/usr/bin/ceph: stderr
2026-03-10T14:03:08.686+0000 7fd3a2d5d700 1 -- 192.168.123.103:0/1284511358 wait complete.
2026-03-10T14:03:08.740 INFO:teuthology.orchestra.run.vm03.stdout:mgr epoch 9 is available
2026-03-10T14:03:08.740 INFO:teuthology.orchestra.run.vm03.stdout:Generating a dashboard self-signed certificate...
2026-03-10T14:03:09.006 INFO:journalctl@ceph.mon.vm03.vm03.stdout:Mar 10 14:03:08 vm03 ceph-mon[49718]: from='mgr.14164 192.168.123.103:0/2' entity='mgr.vm03.rwbbep' cmd=[{"prefix":"config rm","who":"mgr","name":"mgr/rbd_support/vm03.rwbbep/mirror_snapshot_schedule"}]: dispatch
2026-03-10T14:03:09.006 INFO:journalctl@ceph.mon.vm03.vm03.stdout:Mar 10 14:03:08 vm03 ceph-mon[49718]: from='mgr.14164 192.168.123.103:0/2' entity='mgr.vm03.rwbbep' cmd=[{"prefix":"config rm","who":"mgr","name":"mgr/rbd_support/vm03.rwbbep/trash_purge_schedule"}]: dispatch
2026-03-10T14:03:09.006 INFO:journalctl@ceph.mon.vm03.vm03.stdout:Mar 10 14:03:08 vm03 ceph-mon[49718]: from='mgr.14164 192.168.123.103:0/2' entity='mgr.vm03.rwbbep'
2026-03-10T14:03:09.006 INFO:journalctl@ceph.mon.vm03.vm03.stdout:Mar 10 14:03:08 vm03 ceph-mon[49718]: mgrmap e11: vm03.rwbbep(active, since 1.12682s)
2026-03-10T14:03:09.100 INFO:teuthology.orchestra.run.vm03.stdout:/usr/bin/ceph: stdout Self-signed certificate created
2026-03-10T14:03:09.100 INFO:teuthology.orchestra.run.vm03.stdout:/usr/bin/ceph: stderr
2026-03-10T14:03:08.884+0000 7f32ae296700 1 Processor -- start
2026-03-10T14:03:09.100 INFO:teuthology.orchestra.run.vm03.stdout:/usr/bin/ceph: stderr
2026-03-10T14:03:08.884+0000 7f32ae296700 1 -- start start
2026-03-10T14:03:09.100 INFO:teuthology.orchestra.run.vm03.stdout:/usr/bin/ceph: stderr
2026-03-10T14:03:08.884+0000 7f32ae296700 1 --2- >> [v2:192.168.123.103:3300/0,v1:192.168.123.103:6789/0] conn(0x7f32a8071840 0x7f32a8071c50 unknown :-1 s=NONE pgs=0 cs=0 l=0 rev1=0 crypto rx=0 tx=0 comp rx=0 tx=0).connect
2026-03-10T14:03:09.100 INFO:teuthology.orchestra.run.vm03.stdout:/usr/bin/ceph: stderr
2026-03-10T14:03:08.884+0000 7f32ae296700 1 -- --> [v2:192.168.123.103:3300/0,v1:192.168.123.103:6789/0] -- mon_getmap magic: 0 v1 -- 0x7f32a8072190 con 0x7f32a8071840
2026-03-10T14:03:09.100 INFO:teuthology.orchestra.run.vm03.stdout:/usr/bin/ceph: stderr
2026-03-10T14:03:08.884+0000 7f32a7fff700 1 --2- >> [v2:192.168.123.103:3300/0,v1:192.168.123.103:6789/0] conn(0x7f32a8071840 0x7f32a8071c50 unknown :-1 s=BANNER_CONNECTING pgs=0 cs=0 l=0 rev1=0 crypto rx=0 tx=0 comp rx=0 tx=0)._handle_peer_banner_payload supported=3 required=0
2026-03-10T14:03:09.100 INFO:teuthology.orchestra.run.vm03.stdout:/usr/bin/ceph: stderr
2026-03-10T14:03:08.885+0000 7f32a7fff700 1 --2- >> [v2:192.168.123.103:3300/0,v1:192.168.123.103:6789/0] conn(0x7f32a8071840 0x7f32a8071c50 unknown :-1 s=HELLO_CONNECTING pgs=0 cs=0 l=0 rev1=1 crypto rx=0 tx=0 comp rx=0 tx=0).handle_hello peer v2:192.168.123.103:3300/0 says I am v2:192.168.123.103:33336/0 (socket says 192.168.123.103:33336)
2026-03-10T14:03:09.100 INFO:teuthology.orchestra.run.vm03.stdout:/usr/bin/ceph: stderr
2026-03-10T14:03:08.885+0000 7f32a7fff700 1 -- 192.168.123.103:0/3476731391 learned_addr learned my addr 192.168.123.103:0/3476731391 (peer_addr_for_me v2:192.168.123.103:0/0)
2026-03-10T14:03:09.100 INFO:teuthology.orchestra.run.vm03.stdout:/usr/bin/ceph: stderr
2026-03-10T14:03:08.885+0000 7f32a7fff700 1 -- 192.168.123.103:0/3476731391 --> [v2:192.168.123.103:3300/0,v1:192.168.123.103:6789/0] -- mon_subscribe({config=0+,monmap=0+}) v3 -- 0x7f32a80722d0 con 0x7f32a8071840
2026-03-10T14:03:09.100 INFO:teuthology.orchestra.run.vm03.stdout:/usr/bin/ceph: stderr
2026-03-10T14:03:08.886+0000 7f32a7fff700 1 --2- 192.168.123.103:0/3476731391 >> [v2:192.168.123.103:3300/0,v1:192.168.123.103:6789/0] conn(0x7f32a8071840 0x7f32a8071c50 secure :-1 s=READY pgs=82 cs=0 l=1 rev1=1 crypto rx=0x7f329800d180 tx=0x7f329800d490 comp rx=0 tx=0).ready entity=mon.0 client_cookie=8f02526686d8a35d server_cookie=0 in_seq=0 out_seq=0
2026-03-10T14:03:09.100 INFO:teuthology.orchestra.run.vm03.stdout:/usr/bin/ceph: stderr
2026-03-10T14:03:08.886+0000 7f32a6ffd700 1 -- 192.168.123.103:0/3476731391 <== mon.0 v2:192.168.123.103:3300/0 1 ==== mon_map magic: 0 v1 ==== 214+0+0 (secure 0 0 0) 0x7f3298010070 con 0x7f32a8071840
2026-03-10T14:03:09.100 INFO:teuthology.orchestra.run.vm03.stdout:/usr/bin/ceph: stderr
2026-03-10T14:03:08.886+0000 7f32a6ffd700 1 -- 192.168.123.103:0/3476731391 <== mon.0 v2:192.168.123.103:3300/0 2 ==== config(28 keys) v1 ==== 1139+0+0 (secure 0 0 0) 0x7f3298004510 con 0x7f32a8071840
2026-03-10T14:03:09.102 INFO:teuthology.orchestra.run.vm03.stdout:/usr/bin/ceph: stderr
2026-03-10T14:03:08.887+0000 7f32ae296700 1 -- 192.168.123.103:0/3476731391 >> [v2:192.168.123.103:3300/0,v1:192.168.123.103:6789/0] conn(0x7f32a8071840 msgr2=0x7f32a8071c50 secure :-1 s=STATE_CONNECTION_ESTABLISHED l=1).mark_down
2026-03-10T14:03:09.102 INFO:teuthology.orchestra.run.vm03.stdout:/usr/bin/ceph: stderr
2026-03-10T14:03:08.887+0000 7f32ae296700 1 --2- 192.168.123.103:0/3476731391 >> [v2:192.168.123.103:3300/0,v1:192.168.123.103:6789/0] conn(0x7f32a8071840 0x7f32a8071c50 secure :-1 s=READY pgs=82 cs=0 l=1 rev1=1 crypto rx=0x7f329800d180 tx=0x7f329800d490 comp rx=0 tx=0).stop
2026-03-10T14:03:09.102 INFO:teuthology.orchestra.run.vm03.stdout:/usr/bin/ceph: stderr
2026-03-10T14:03:08.887+0000 7f32ae296700 1 -- 192.168.123.103:0/3476731391 shutdown_connections
2026-03-10T14:03:09.102 INFO:teuthology.orchestra.run.vm03.stdout:/usr/bin/ceph: stderr
2026-03-10T14:03:08.887+0000 7f32ae296700 1 --2- 192.168.123.103:0/3476731391 >> [v2:192.168.123.103:3300/0,v1:192.168.123.103:6789/0] conn(0x7f32a8071840 0x7f32a8071c50 unknown :-1 s=CLOSED pgs=82 cs=0 l=1 rev1=1 crypto rx=0 tx=0 comp rx=0 tx=0).stop
2026-03-10T14:03:09.102 INFO:teuthology.orchestra.run.vm03.stdout:/usr/bin/ceph: stderr
2026-03-10T14:03:08.887+0000 7f32ae296700 1 -- 192.168.123.103:0/3476731391 >> 192.168.123.103:0/3476731391 conn(0x7f32a806cc30 msgr2=0x7f32a806f060 unknown :-1 s=STATE_NONE l=0).mark_down
2026-03-10T14:03:09.102 INFO:teuthology.orchestra.run.vm03.stdout:/usr/bin/ceph: stderr
2026-03-10T14:03:08.887+0000 7f32ae296700 1 -- 192.168.123.103:0/3476731391 shutdown_connections
2026-03-10T14:03:09.102 INFO:teuthology.orchestra.run.vm03.stdout:/usr/bin/ceph: stderr
2026-03-10T14:03:08.887+0000 7f32ae296700 1 -- 192.168.123.103:0/3476731391 wait complete.
2026-03-10T14:03:09.102 INFO:teuthology.orchestra.run.vm03.stdout:/usr/bin/ceph: stderr
2026-03-10T14:03:08.887+0000 7f32ae296700 1 Processor -- start
2026-03-10T14:03:09.102 INFO:teuthology.orchestra.run.vm03.stdout:/usr/bin/ceph: stderr
2026-03-10T14:03:08.888+0000 7f32ae296700 1 -- start start
2026-03-10T14:03:09.102 INFO:teuthology.orchestra.run.vm03.stdout:/usr/bin/ceph: stderr
2026-03-10T14:03:08.888+0000 7f32ae296700 1 --2- >> [v2:192.168.123.103:3300/0,v1:192.168.123.103:6789/0] conn(0x7f32a81a0130 0x7f32a81a0540 unknown :-1 s=NONE pgs=0 cs=0 l=1 rev1=0 crypto rx=0 tx=0 comp rx=0 tx=0).connect
2026-03-10T14:03:09.102 INFO:teuthology.orchestra.run.vm03.stdout:/usr/bin/ceph: stderr
2026-03-10T14:03:08.888+0000 7f32ae296700 1 -- --> [v2:192.168.123.103:3300/0,v1:192.168.123.103:6789/0] -- mon_getmap magic: 0 v1 -- 0x7f3298003c20 con 0x7f32a81a0130
2026-03-10T14:03:09.102 INFO:teuthology.orchestra.run.vm03.stdout:/usr/bin/ceph: stderr
2026-03-10T14:03:08.888+0000 7f32a7fff700 1 --2- >> [v2:192.168.123.103:3300/0,v1:192.168.123.103:6789/0] conn(0x7f32a81a0130 0x7f32a81a0540 unknown :-1 s=BANNER_CONNECTING pgs=0 cs=0 l=1 rev1=0 crypto rx=0 tx=0 comp rx=0 tx=0)._handle_peer_banner_payload supported=3 required=0
2026-03-10T14:03:09.102 INFO:teuthology.orchestra.run.vm03.stdout:/usr/bin/ceph: stderr
2026-03-10T14:03:08.888+0000 7f32a7fff700 1 --2- >> [v2:192.168.123.103:3300/0,v1:192.168.123.103:6789/0] conn(0x7f32a81a0130 0x7f32a81a0540 unknown :-1 s=HELLO_CONNECTING pgs=0 cs=0 l=1 rev1=1 crypto rx=0 tx=0 comp rx=0 tx=0).handle_hello peer v2:192.168.123.103:3300/0 says I am v2:192.168.123.103:33348/0 (socket says 192.168.123.103:33348)
2026-03-10T14:03:09.102 INFO:teuthology.orchestra.run.vm03.stdout:/usr/bin/ceph: stderr
2026-03-10T14:03:08.889+0000 7f32a7fff700 1 -- 192.168.123.103:0/1176952498 learned_addr learned my addr 192.168.123.103:0/1176952498 (peer_addr_for_me v2:192.168.123.103:0/0)
2026-03-10T14:03:09.102 INFO:teuthology.orchestra.run.vm03.stdout:/usr/bin/ceph: stderr
2026-03-10T14:03:08.889+0000 7f32a7fff700 1 -- 192.168.123.103:0/1176952498 --> [v2:192.168.123.103:3300/0,v1:192.168.123.103:6789/0] -- mon_subscribe({config=0+,monmap=0+}) v3 -- 0x7f32980087c0 con 0x7f32a81a0130
2026-03-10T14:03:09.102 INFO:teuthology.orchestra.run.vm03.stdout:/usr/bin/ceph: stderr
2026-03-10T14:03:08.889+0000 7f32a7fff700 1 --2- 192.168.123.103:0/1176952498 >> [v2:192.168.123.103:3300/0,v1:192.168.123.103:6789/0] conn(0x7f32a81a0130 0x7f32a81a0540 secure :-1 s=READY pgs=83 cs=0 l=1 rev1=1 crypto rx=0x7f3298008c10 tx=0x7f3298008cf0 comp rx=0 tx=0).ready entity=mon.0 client_cookie=0 server_cookie=0 in_seq=0 out_seq=0
2026-03-10T14:03:09.102 INFO:teuthology.orchestra.run.vm03.stdout:/usr/bin/ceph: stderr
2026-03-10T14:03:08.890+0000 7f32a57fa700 1 -- 192.168.123.103:0/1176952498 <== mon.0 v2:192.168.123.103:3300/0 1 ==== mon_map magic: 0 v1 ==== 214+0+0 (secure 0 0 0) 0x7f3298010050 con 0x7f32a81a0130
2026-03-10T14:03:09.102 INFO:teuthology.orchestra.run.vm03.stdout:/usr/bin/ceph: stderr
2026-03-10T14:03:08.890+0000 7f32ae296700 1 -- 192.168.123.103:0/1176952498 --> [v2:192.168.123.103:3300/0,v1:192.168.123.103:6789/0] -- mon_subscribe({mgrmap=0+}) v3 -- 0x7f32a81a0a80 con 0x7f32a81a0130
2026-03-10T14:03:09.102 INFO:teuthology.orchestra.run.vm03.stdout:/usr/bin/ceph: stderr
2026-03-10T14:03:08.890+0000 7f32ae296700 1 -- 192.168.123.103:0/1176952498 --> [v2:192.168.123.103:3300/0,v1:192.168.123.103:6789/0] -- mon_subscribe({osdmap=0}) v3 -- 0x7f32a81a1700 con 0x7f32a81a0130
2026-03-10T14:03:09.102 INFO:teuthology.orchestra.run.vm03.stdout:/usr/bin/ceph: stderr
2026-03-10T14:03:08.891+0000 7f32a57fa700 1 -- 192.168.123.103:0/1176952498 <== mon.0 v2:192.168.123.103:3300/0 2 ==== config(28 keys) v1 ==== 1139+0+0 (secure 0 0 0) 0x7f329800deb0 con 0x7f32a81a0130
2026-03-10T14:03:09.102 INFO:teuthology.orchestra.run.vm03.stdout:/usr/bin/ceph: stderr
2026-03-10T14:03:08.891+0000 7f32a57fa700 1 -- 192.168.123.103:0/1176952498 <== mon.0 v2:192.168.123.103:3300/0 3 ==== mon_map magic: 0 v1 ==== 214+0+0 (secure 0 0 0) 0x7f3298016440 con 0x7f32a81a0130
2026-03-10T14:03:09.102 INFO:teuthology.orchestra.run.vm03.stdout:/usr/bin/ceph: stderr
2026-03-10T14:03:08.892+0000 7f32a57fa700 1 -- 192.168.123.103:0/1176952498 <== mon.0 v2:192.168.123.103:3300/0 4 ==== mgrmap(e 11) v1 ==== 44986+0+0 (secure 0 0 0) 0x7f3298016620 con 0x7f32a81a0130
2026-03-10T14:03:09.102 INFO:teuthology.orchestra.run.vm03.stdout:/usr/bin/ceph: stderr
2026-03-10T14:03:08.892+0000 7f32a57fa700 1 --2- 192.168.123.103:0/1176952498 >> [v2:192.168.123.103:6800/2,v1:192.168.123.103:6801/2] conn(0x7f3290038420 0x7f329003a8d0 unknown :-1 s=NONE pgs=0 cs=0 l=1 rev1=0 crypto rx=0 tx=0 comp rx=0 tx=0).connect
2026-03-10T14:03:09.102 INFO:teuthology.orchestra.run.vm03.stdout:/usr/bin/ceph: stderr
2026-03-10T14:03:08.893+0000 7f32a77fe700 1 --2- 192.168.123.103:0/1176952498 >> [v2:192.168.123.103:6800/2,v1:192.168.123.103:6801/2] conn(0x7f3290038420 0x7f329003a8d0 unknown :-1 s=BANNER_CONNECTING pgs=0 cs=0 l=1 rev1=0 crypto rx=0 tx=0 comp rx=0 tx=0)._handle_peer_banner_payload supported=3 required=0
2026-03-10T14:03:09.102 INFO:teuthology.orchestra.run.vm03.stdout:/usr/bin/ceph: stderr
2026-03-10T14:03:08.893+0000 7f32a77fe700 1 --2- 192.168.123.103:0/1176952498 >> [v2:192.168.123.103:6800/2,v1:192.168.123.103:6801/2] conn(0x7f3290038420 0x7f329003a8d0 secure :-1 s=READY pgs=7 cs=0 l=1 rev1=1 crypto rx=0x7f32a000ad80 tx=0x7f32a00093f0 comp rx=0 tx=0).ready entity=mgr.14164 client_cookie=0 server_cookie=0 in_seq=0 out_seq=0
2026-03-10T14:03:09.102 INFO:teuthology.orchestra.run.vm03.stdout:/usr/bin/ceph: stderr
2026-03-10T14:03:08.893+0000 7f32a57fa700 1 -- 192.168.123.103:0/1176952498 <== mon.0 v2:192.168.123.103:3300/0 5 ==== osd_map(3..3 src has 1..3) v4 ==== 1069+0+0 (secure 0 0 0) 0x7f329804c8f0 con 0x7f32a81a0130
2026-03-10T14:03:09.102 INFO:teuthology.orchestra.run.vm03.stdout:/usr/bin/ceph: stderr
2026-03-10T14:03:08.893+0000 7f32ae296700 1 -- 192.168.123.103:0/1176952498 --> [v2:192.168.123.103:3300/0,v1:192.168.123.103:6789/0] -- mon_command({"prefix": "get_command_descriptions"} v 0) v1 -- 0x7f3294005320 con 0x7f32a81a0130
2026-03-10T14:03:09.102 INFO:teuthology.orchestra.run.vm03.stdout:/usr/bin/ceph: stderr
2026-03-10T14:03:08.897+0000 7f32a57fa700 1 -- 192.168.123.103:0/1176952498 <== mon.0 v2:192.168.123.103:3300/0 6 ==== mon_command_ack([{"prefix": "get_command_descriptions"}]=0 v0) v1 ==== 72+0+177933 (secure 0 0 0) 0x7f329801b070 con 0x7f32a81a0130
2026-03-10T14:03:09.102 INFO:teuthology.orchestra.run.vm03.stdout:/usr/bin/ceph: stderr
2026-03-10T14:03:09.007+0000 7f32ae296700 1 -- 192.168.123.103:0/1176952498 --> [v2:192.168.123.103:6800/2,v1:192.168.123.103:6801/2] -- mgr_command(tid 0: {"prefix": "dashboard create-self-signed-cert", "target": ["mon-mgr", ""]}) v1 -- 0x7f3294000bf0 con 0x7f3290038420
2026-03-10T14:03:09.102 INFO:teuthology.orchestra.run.vm03.stdout:/usr/bin/ceph: stderr
2026-03-10T14:03:09.067+0000 7f32a57fa700 1 -- 192.168.123.103:0/1176952498 <== mgr.14164 v2:192.168.123.103:6800/2 1 ==== mgr_command_reply(tid 0: 0 ) v1 ==== 8+0+32 (secure 0 0 0) 0x7f3294000bf0 con 0x7f3290038420
2026-03-10T14:03:09.102 INFO:teuthology.orchestra.run.vm03.stdout:/usr/bin/ceph: stderr
2026-03-10T14:03:09.069+0000 7f32ae296700 1 -- 192.168.123.103:0/1176952498 >> [v2:192.168.123.103:6800/2,v1:192.168.123.103:6801/2] conn(0x7f3290038420 msgr2=0x7f329003a8d0 secure :-1 s=STATE_CONNECTION_ESTABLISHED l=1).mark_down
2026-03-10T14:03:09.102 INFO:teuthology.orchestra.run.vm03.stdout:/usr/bin/ceph: stderr
2026-03-10T14:03:09.069+0000 7f32ae296700 1 --2- 192.168.123.103:0/1176952498 >> [v2:192.168.123.103:6800/2,v1:192.168.123.103:6801/2] conn(0x7f3290038420 0x7f329003a8d0 secure :-1 s=READY pgs=7 cs=0 l=1 rev1=1 crypto rx=0x7f32a000ad80 tx=0x7f32a00093f0 comp rx=0 tx=0).stop
2026-03-10T14:03:09.102 INFO:teuthology.orchestra.run.vm03.stdout:/usr/bin/ceph: stderr
2026-03-10T14:03:09.069+0000 7f32ae296700 1 -- 192.168.123.103:0/1176952498 >> [v2:192.168.123.103:3300/0,v1:192.168.123.103:6789/0] conn(0x7f32a81a0130 msgr2=0x7f32a81a0540 secure :-1 s=STATE_CONNECTION_ESTABLISHED l=1).mark_down
2026-03-10T14:03:09.102 INFO:teuthology.orchestra.run.vm03.stdout:/usr/bin/ceph: stderr
2026-03-10T14:03:09.069+0000 7f32ae296700 1 --2- 192.168.123.103:0/1176952498 >> [v2:192.168.123.103:3300/0,v1:192.168.123.103:6789/0] conn(0x7f32a81a0130 0x7f32a81a0540 secure :-1 s=READY pgs=83 cs=0 l=1 rev1=1 crypto rx=0x7f3298008c10 tx=0x7f3298008cf0 comp rx=0 tx=0).stop
2026-03-10T14:03:09.102 INFO:teuthology.orchestra.run.vm03.stdout:/usr/bin/ceph: stderr
2026-03-10T14:03:09.069+0000 7f32ae296700 1 -- 192.168.123.103:0/1176952498 shutdown_connections
2026-03-10T14:03:09.102 INFO:teuthology.orchestra.run.vm03.stdout:/usr/bin/ceph: stderr
2026-03-10T14:03:09.069+0000 7f32ae296700 1 --2- 192.168.123.103:0/1176952498 >> [v2:192.168.123.103:6800/2,v1:192.168.123.103:6801/2] conn(0x7f3290038420 0x7f329003a8d0 unknown :-1 s=CLOSED pgs=7 cs=0 l=1 rev1=1 crypto rx=0 tx=0 comp rx=0 tx=0).stop
2026-03-10T14:03:09.102 INFO:teuthology.orchestra.run.vm03.stdout:/usr/bin/ceph: stderr
2026-03-10T14:03:09.069+0000 7f32ae296700 1 --2- 192.168.123.103:0/1176952498 >> [v2:192.168.123.103:3300/0,v1:192.168.123.103:6789/0] conn(0x7f32a81a0130 0x7f32a81a0540 unknown :-1 s=CLOSED pgs=83 cs=0 l=1 rev1=1 crypto rx=0 tx=0 comp rx=0 tx=0).stop
2026-03-10T14:03:09.102 INFO:teuthology.orchestra.run.vm03.stdout:/usr/bin/ceph: stderr
2026-03-10T14:03:09.069+0000 7f32ae296700 1 -- 192.168.123.103:0/1176952498 >> 192.168.123.103:0/1176952498 conn(0x7f32a806cc30 msgr2=0x7f32a806e710 unknown :-1 s=STATE_NONE l=0).mark_down
2026-03-10T14:03:09.102 INFO:teuthology.orchestra.run.vm03.stdout:/usr/bin/ceph: stderr
2026-03-10T14:03:09.070+0000 7f32ae296700 1 -- 192.168.123.103:0/1176952498 shutdown_connections
2026-03-10T14:03:09.102 INFO:teuthology.orchestra.run.vm03.stdout:/usr/bin/ceph: stderr
2026-03-10T14:03:09.070+0000 7f32ae296700 1 -- 192.168.123.103:0/1176952498 wait complete.
2026-03-10T14:03:09.102 INFO:teuthology.orchestra.run.vm03.stdout:Creating initial admin user...
2026-03-10T14:03:09.627 INFO:teuthology.orchestra.run.vm03.stdout:/usr/bin/ceph: stdout {"username": "admin", "password": "$2b$12$f7YeAyLmUPsbQ6wk/yOauOtSGSt66DFBUvGzL1fz6lS3qxCubaVVy", "roles": ["administrator"], "name": null, "email": null, "lastUpdate": 1773151389, "enabled": true, "pwdExpirationDate": null, "pwdUpdateRequired": true}
2026-03-10T14:03:09.627 INFO:teuthology.orchestra.run.vm03.stdout:/usr/bin/ceph: stderr
2026-03-10T14:03:09.261+0000 7fe3053ef700 1 Processor -- start
2026-03-10T14:03:09.627 INFO:teuthology.orchestra.run.vm03.stdout:/usr/bin/ceph: stderr
2026-03-10T14:03:09.261+0000 7fe3053ef700 1 -- start start
2026-03-10T14:03:09.627 INFO:teuthology.orchestra.run.vm03.stdout:/usr/bin/ceph: stderr
2026-03-10T14:03:09.261+0000 7fe3053ef700 1 --2- >> [v2:192.168.123.103:3300/0,v1:192.168.123.103:6789/0] conn(0x7fe300071410 0x7fe300071820 unknown :-1 s=NONE pgs=0 cs=0 l=0 rev1=0 crypto rx=0 tx=0 comp rx=0 tx=0).connect
2026-03-10T14:03:09.627 INFO:teuthology.orchestra.run.vm03.stdout:/usr/bin/ceph: stderr
2026-03-10T14:03:09.261+0000 7fe3053ef700 1 -- --> [v2:192.168.123.103:3300/0,v1:192.168.123.103:6789/0] -- mon_getmap magic: 0 v1 -- 0x7fe300071d60 con 0x7fe300071410
2026-03-10T14:03:09.627 INFO:teuthology.orchestra.run.vm03.stdout:/usr/bin/ceph: stderr
2026-03-10T14:03:09.262+0000 7fe2fffff700 1 --2- >> [v2:192.168.123.103:3300/0,v1:192.168.123.103:6789/0] conn(0x7fe300071410 0x7fe300071820 unknown :-1 s=BANNER_CONNECTING pgs=0 cs=0 l=0 rev1=0 crypto rx=0 tx=0 comp rx=0 tx=0)._handle_peer_banner_payload supported=3 required=0
2026-03-10T14:03:09.627 INFO:teuthology.orchestra.run.vm03.stdout:/usr/bin/ceph: stderr
2026-03-10T14:03:09.262+0000 7fe2fffff700 1 --2- >> [v2:192.168.123.103:3300/0,v1:192.168.123.103:6789/0] conn(0x7fe300071410 0x7fe300071820 unknown :-1 s=HELLO_CONNECTING pgs=0 cs=0 l=0 rev1=1 crypto rx=0 tx=0 comp rx=0 tx=0).handle_hello peer v2:192.168.123.103:3300/0 says I am v2:192.168.123.103:33356/0 (socket says 192.168.123.103:33356)
2026-03-10T14:03:09.627 INFO:teuthology.orchestra.run.vm03.stdout:/usr/bin/ceph: stderr
2026-03-10T14:03:09.262+0000 7fe2fffff700 1 -- 192.168.123.103:0/1250830420 learned_addr learned my addr 192.168.123.103:0/1250830420 (peer_addr_for_me v2:192.168.123.103:0/0)
2026-03-10T14:03:09.627 INFO:teuthology.orchestra.run.vm03.stdout:/usr/bin/ceph: stderr
2026-03-10T14:03:09.262+0000 7fe2fffff700 1 -- 192.168.123.103:0/1250830420 --> [v2:192.168.123.103:3300/0,v1:192.168.123.103:6789/0] -- mon_subscribe({config=0+,monmap=0+}) v3 -- 0x7fe300071ea0 con 0x7fe300071410
2026-03-10T14:03:09.627 INFO:teuthology.orchestra.run.vm03.stdout:/usr/bin/ceph: stderr
2026-03-10T14:03:09.262+0000 7fe2fffff700 1 --2- 192.168.123.103:0/1250830420 >> [v2:192.168.123.103:3300/0,v1:192.168.123.103:6789/0] conn(0x7fe300071410 0x7fe300071820 secure :-1 s=READY pgs=84 cs=0 l=1 rev1=1 crypto rx=0x7fe2f0009cf0 tx=0x7fe2f000b0e0 comp rx=0 tx=0).ready entity=mon.0 client_cookie=747c5db5cfe8f857 server_cookie=0 in_seq=0 out_seq=0
2026-03-10T14:03:09.627 INFO:teuthology.orchestra.run.vm03.stdout:/usr/bin/ceph: stderr
2026-03-10T14:03:09.263+0000 7fe2ff7fe700 1 -- 192.168.123.103:0/1250830420 <== mon.0 v2:192.168.123.103:3300/0 1 ==== mon_map magic: 0 v1 ==== 214+0+0 (secure 0 0 0) 0x7fe2f0004030 con 0x7fe300071410
2026-03-10T14:03:09.627 INFO:teuthology.orchestra.run.vm03.stdout:/usr/bin/ceph: stderr
2026-03-10T14:03:09.263+0000 7fe2ff7fe700 1 -- 192.168.123.103:0/1250830420 <== mon.0 v2:192.168.123.103:3300/0 2 ==== config(28 keys) v1 ==== 1139+0+0 (secure 0 0 0) 0x7fe2f000b810 con 0x7fe300071410
2026-03-10T14:03:09.627 INFO:teuthology.orchestra.run.vm03.stdout:/usr/bin/ceph: stderr
2026-03-10T14:03:09.263+0000 7fe3053ef700 1 -- 192.168.123.103:0/1250830420 >> [v2:192.168.123.103:3300/0,v1:192.168.123.103:6789/0] conn(0x7fe300071410 msgr2=0x7fe300071820 secure :-1 s=STATE_CONNECTION_ESTABLISHED l=1).mark_down
2026-03-10T14:03:09.627 INFO:teuthology.orchestra.run.vm03.stdout:/usr/bin/ceph: stderr
2026-03-10T14:03:09.263+0000 7fe3053ef700 1 --2- 192.168.123.103:0/1250830420 >> [v2:192.168.123.103:3300/0,v1:192.168.123.103:6789/0] conn(0x7fe300071410 0x7fe300071820 secure :-1 s=READY pgs=84 cs=0 l=1 rev1=1 crypto rx=0x7fe2f0009cf0 tx=0x7fe2f000b0e0 comp rx=0 tx=0).stop
2026-03-10T14:03:09.628 INFO:teuthology.orchestra.run.vm03.stdout:/usr/bin/ceph: stderr
2026-03-10T14:03:09.264+0000 7fe3053ef700 1 -- 192.168.123.103:0/1250830420 shutdown_connections
2026-03-10T14:03:09.628 INFO:teuthology.orchestra.run.vm03.stdout:/usr/bin/ceph: stderr
2026-03-10T14:03:09.264+0000 7fe3053ef700 1 --2- 192.168.123.103:0/1250830420 >> [v2:192.168.123.103:3300/0,v1:192.168.123.103:6789/0] conn(0x7fe300071410 0x7fe300071820 unknown :-1 s=CLOSED pgs=84 cs=0 l=1 rev1=1 crypto rx=0 tx=0 comp rx=0 tx=0).stop
2026-03-10T14:03:09.628 INFO:teuthology.orchestra.run.vm03.stdout:/usr/bin/ceph: stderr
2026-03-10T14:03:09.264+0000 7fe3053ef700 1 -- 192.168.123.103:0/1250830420 >> 192.168.123.103:0/1250830420 conn(0x7fe30006c9d0 msgr2=0x7fe30006ee00 unknown :-1 s=STATE_NONE l=0).mark_down
2026-03-10T14:03:09.628 INFO:teuthology.orchestra.run.vm03.stdout:/usr/bin/ceph: stderr
2026-03-10T14:03:09.264+0000 7fe3053ef700 1 -- 192.168.123.103:0/1250830420 shutdown_connections
2026-03-10T14:03:09.628 INFO:teuthology.orchestra.run.vm03.stdout:/usr/bin/ceph: stderr
2026-03-10T14:03:09.264+0000 7fe3053ef700 1 -- 192.168.123.103:0/1250830420 wait complete.
2026-03-10T14:03:09.628 INFO:teuthology.orchestra.run.vm03.stdout:/usr/bin/ceph: stderr
2026-03-10T14:03:09.264+0000 7fe3053ef700 1 Processor -- start
2026-03-10T14:03:09.628 INFO:teuthology.orchestra.run.vm03.stdout:/usr/bin/ceph: stderr
2026-03-10T14:03:09.264+0000 7fe3053ef700 1 -- start start
2026-03-10T14:03:09.628 INFO:teuthology.orchestra.run.vm03.stdout:/usr/bin/ceph: stderr
2026-03-10T14:03:09.265+0000 7fe3053ef700 1 --2- >> [v2:192.168.123.103:3300/0,v1:192.168.123.103:6789/0] conn(0x7fe300071410 0x7fe3001a0260 unknown :-1 s=NONE pgs=0 cs=0 l=1 rev1=0 crypto rx=0 tx=0 comp rx=0 tx=0).connect
2026-03-10T14:03:09.628 INFO:teuthology.orchestra.run.vm03.stdout:/usr/bin/ceph: stderr
2026-03-10T14:03:09.265+0000 7fe3053ef700 1 -- --> [v2:192.168.123.103:3300/0,v1:192.168.123.103:6789/0] -- mon_getmap magic: 0 v1 -- 0x7fe300071d60 con 0x7fe300071410
2026-03-10T14:03:09.628 INFO:teuthology.orchestra.run.vm03.stdout:/usr/bin/ceph: stderr
2026-03-10T14:03:09.265+0000 7fe2fffff700 1 --2- >> [v2:192.168.123.103:3300/0,v1:192.168.123.103:6789/0] conn(0x7fe300071410 0x7fe3001a0260 unknown :-1 s=BANNER_CONNECTING pgs=0 cs=0 l=1 rev1=0 crypto rx=0 tx=0 comp rx=0 tx=0)._handle_peer_banner_payload supported=3 required=0
2026-03-10T14:03:09.628 INFO:teuthology.orchestra.run.vm03.stdout:/usr/bin/ceph: stderr
2026-03-10T14:03:09.265+0000 7fe2fffff700 1 --2- >> [v2:192.168.123.103:3300/0,v1:192.168.123.103:6789/0] conn(0x7fe300071410 0x7fe3001a0260 unknown :-1 s=HELLO_CONNECTING pgs=0 cs=0 l=1 rev1=1 crypto rx=0 tx=0 comp rx=0 tx=0).handle_hello peer v2:192.168.123.103:3300/0 says I am v2:192.168.123.103:33370/0 (socket says 192.168.123.103:33370)
2026-03-10T14:03:09.628 INFO:teuthology.orchestra.run.vm03.stdout:/usr/bin/ceph: stderr
2026-03-10T14:03:09.265+0000 7fe2fffff700 1 -- 192.168.123.103:0/736575686 learned_addr learned my addr 192.168.123.103:0/736575686 (peer_addr_for_me v2:192.168.123.103:0/0)
2026-03-10T14:03:09.628 INFO:teuthology.orchestra.run.vm03.stdout:/usr/bin/ceph: stderr
2026-03-10T14:03:09.265+0000 7fe2fffff700 1 -- 192.168.123.103:0/736575686 --> [v2:192.168.123.103:3300/0,v1:192.168.123.103:6789/0] -- mon_subscribe({config=0+,monmap=0+}) v3 -- 0x7fe2f0009740 con 0x7fe300071410
2026-03-10T14:03:09.628 INFO:teuthology.orchestra.run.vm03.stdout:/usr/bin/ceph: stderr
2026-03-10T14:03:09.265+0000 7fe2fffff700 1 --2- 192.168.123.103:0/736575686 >> [v2:192.168.123.103:3300/0,v1:192.168.123.103:6789/0] conn(0x7fe300071410 0x7fe3001a0260 secure :-1 s=READY pgs=85 cs=0 l=1 rev1=1 crypto rx=0x7fe2f0006e90 tx=0x7fe2f0003d30 comp rx=0 tx=0).ready entity=mon.0 client_cookie=0 server_cookie=0 in_seq=0 out_seq=0
2026-03-10T14:03:09.628 INFO:teuthology.orchestra.run.vm03.stdout:/usr/bin/ceph: stderr
2026-03-10T14:03:09.266+0000 7fe2fdffb700 1 -- 192.168.123.103:0/736575686 <== mon.0 v2:192.168.123.103:3300/0 1 ==== mon_map magic: 0 v1 ==== 214+0+0 (secure 0 0 0) 0x7fe2f0003f40 con 0x7fe300071410
2026-03-10T14:03:09.628 INFO:teuthology.orchestra.run.vm03.stdout:/usr/bin/ceph: stderr
2026-03-10T14:03:09.266+0000 7fe3053ef700 1 -- 192.168.123.103:0/736575686 --> [v2:192.168.123.103:3300/0,v1:192.168.123.103:6789/0] -- mon_subscribe({mgrmap=0+}) v3 -- 0x7fe3001a0800 con 0x7fe300071410
2026-03-10T14:03:09.628 INFO:teuthology.orchestra.run.vm03.stdout:/usr/bin/ceph: stderr
2026-03-10T14:03:09.266+0000 7fe3053ef700 1 -- 192.168.123.103:0/736575686 --> [v2:192.168.123.103:3300/0,v1:192.168.123.103:6789/0] -- mon_subscribe({osdmap=0}) v3 -- 0x7fe3001a0ca0 con 0x7fe300071410
2026-03-10T14:03:09.628 INFO:teuthology.orchestra.run.vm03.stdout:/usr/bin/ceph: stderr
2026-03-10T14:03:09.269+0000 7fe2fdffb700 1 -- 192.168.123.103:0/736575686 <== mon.0 v2:192.168.123.103:3300/0 2 ==== config(28 keys) v1 ==== 1139+0+0 (secure 0 0 0) 0x7fe2f0004580 con 0x7fe300071410
2026-03-10T14:03:09.628 INFO:teuthology.orchestra.run.vm03.stdout:/usr/bin/ceph: stderr
2026-03-10T14:03:09.269+0000 7fe2fdffb700 1 -- 192.168.123.103:0/736575686 <== mon.0 v2:192.168.123.103:3300/0 3 ==== mon_map magic: 0 v1 ==== 214+0+0 (secure 0 0 0) 0x7fe2f001ae60 con 0x7fe300071410
2026-03-10T14:03:09.628 INFO:teuthology.orchestra.run.vm03.stdout:/usr/bin/ceph: stderr
2026-03-10T14:03:09.269+0000 7fe3053ef700 1 -- 192.168.123.103:0/736575686 --> [v2:192.168.123.103:3300/0,v1:192.168.123.103:6789/0] -- mon_command({"prefix": "get_command_descriptions"} v 0) v1 -- 0x7fe30004efc0 con 0x7fe300071410
2026-03-10T14:03:09.628 INFO:teuthology.orchestra.run.vm03.stdout:/usr/bin/ceph: stderr
2026-03-10T14:03:09.272+0000 7fe2fdffb700 1 -- 192.168.123.103:0/736575686 <== mon.0 v2:192.168.123.103:3300/0 4 ==== mgrmap(e 11) v1 ==== 44986+0+0 (secure 0 0 0) 0x7fe2f001a430 con 0x7fe300071410
2026-03-10T14:03:09.628 INFO:teuthology.orchestra.run.vm03.stdout:/usr/bin/ceph: stderr
2026-03-10T14:03:09.272+0000 7fe2fdffb700 1 --2- 192.168.123.103:0/736575686 >> [v2:192.168.123.103:6800/2,v1:192.168.123.103:6801/2] conn(0x7fe2e0038390 0x7fe2e003a840 unknown :-1 s=NONE pgs=0 cs=0 l=1 rev1=0 crypto rx=0 tx=0 comp rx=0 tx=0).connect
2026-03-10T14:03:09.628 INFO:teuthology.orchestra.run.vm03.stdout:/usr/bin/ceph: stderr
2026-03-10T14:03:09.273+0000 7fe2fdffb700 1 -- 192.168.123.103:0/736575686 <== mon.0 v2:192.168.123.103:3300/0 5 ==== osd_map(3..3 src has 1..3) v4 ==== 1069+0+0 (secure 0 0 0) 0x7fe2f004bec0 con 0x7fe300071410
2026-03-10T14:03:09.628 INFO:teuthology.orchestra.run.vm03.stdout:/usr/bin/ceph: stderr
2026-03-10T14:03:09.273+0000 7fe2fdffb700 1 -- 192.168.123.103:0/736575686 <== mon.0 v2:192.168.123.103:3300/0 6 ==== mon_command_ack([{"prefix": "get_command_descriptions"}]=0 v0) v1 ==== 72+0+177933 (secure 0 0 0) 0x7fe2f002c390 con 0x7fe300071410
2026-03-10T14:03:09.628 INFO:teuthology.orchestra.run.vm03.stdout:/usr/bin/ceph: stderr
