2026-03-10T14:02:53.608 INFO:journalctl@ceph.mon.vm03.vm03.stdout:Mar 10 14:02:53 vm03 ceph-mon[49718]: from='mgr.14120 192.168.123.103:0/2' entity='mgr.vm03.rwbbep' cmd=[{"prefix": "mds metadata"}]: dispatch
2026-03-10T14:02:53.608 INFO:journalctl@ceph.mon.vm03.vm03.stdout:Mar 10 14:02:53 vm03 ceph-mon[49718]: from='mgr.14120 192.168.123.103:0/2' entity='mgr.vm03.rwbbep' cmd=[{"prefix": "osd metadata"}]: dispatch
2026-03-10T14:02:53.608 INFO:journalctl@ceph.mon.vm03.vm03.stdout:Mar 10 14:02:53 vm03 ceph-mon[49718]: from='mgr.14120 192.168.123.103:0/2' entity='mgr.vm03.rwbbep' cmd=[{"prefix": "mon metadata"}]: dispatch
2026-03-10T14:02:53.608 INFO:journalctl@ceph.mon.vm03.vm03.stdout:Mar 10 14:02:53 vm03 ceph-mon[49718]: Manager daemon vm03.rwbbep is now available
2026-03-10T14:02:53.608 INFO:journalctl@ceph.mon.vm03.vm03.stdout:Mar 10 14:02:53 vm03 ceph-mon[49718]: from='mgr.14120 192.168.123.103:0/2' entity='mgr.vm03.rwbbep'
2026-03-10T14:02:53.608 INFO:journalctl@ceph.mon.vm03.vm03.stdout:Mar 10 14:02:53 vm03 ceph-mon[49718]: from='mgr.14120 192.168.123.103:0/2' entity='mgr.vm03.rwbbep'
2026-03-10T14:02:53.608 INFO:journalctl@ceph.mon.vm03.vm03.stdout:Mar 10 14:02:53 vm03 ceph-mon[49718]: from='mgr.14120 192.168.123.103:0/2' entity='mgr.vm03.rwbbep' cmd=[{"prefix": "config dump", "format": "json"}]: dispatch
2026-03-10T14:02:53.608 INFO:journalctl@ceph.mon.vm03.vm03.stdout:Mar 10 14:02:53 vm03 ceph-mon[49718]: from='mgr.14120 192.168.123.103:0/2' entity='mgr.vm03.rwbbep' cmd=[{"prefix": "config dump", "format": "json"}]: dispatch
2026-03-10T14:02:53.608 INFO:journalctl@ceph.mon.vm03.vm03.stdout:Mar 10 14:02:53 vm03 ceph-mon[49718]: from='mgr.14120 192.168.123.103:0/2' entity='mgr.vm03.rwbbep' cmd=[{"prefix": "config dump", "format": "json"}]: dispatch
2026-03-10T14:02:54.434 INFO:teuthology.orchestra.run.vm03.stdout:/usr/bin/ceph: stdout {
2026-03-10T14:02:54.434 INFO:teuthology.orchestra.run.vm03.stdout:/usr/bin/ceph: stdout "mgrmap_epoch": 7,
2026-03-10T14:02:54.434 INFO:teuthology.orchestra.run.vm03.stdout:/usr/bin/ceph: stdout "initialized": true
2026-03-10T14:02:54.434 INFO:teuthology.orchestra.run.vm03.stdout:/usr/bin/ceph: stdout }
2026-03-10T14:02:54.434 INFO:teuthology.orchestra.run.vm03.stdout:/usr/bin/ceph: stderr
2026-03-10T14:02:49.169+0000 7f91746cb700 1 Processor -- start
2026-03-10T14:02:54.434 INFO:teuthology.orchestra.run.vm03.stdout:/usr/bin/ceph: stderr
2026-03-10T14:02:49.169+0000 7f91746cb700 1 -- start start
2026-03-10T14:02:54.434 INFO:teuthology.orchestra.run.vm03.stdout:/usr/bin/ceph: stderr
2026-03-10T14:02:49.169+0000 7f91746cb700 1 --2- >> [v2:192.168.123.103:3300/0,v1:192.168.123.103:6789/0] conn(0x7f916c071200 0x7f916c071610 unknown :-1 s=NONE pgs=0 cs=0 l=0 rev1=0 crypto rx=0 tx=0 comp rx=0 tx=0).connect
2026-03-10T14:02:54.434 INFO:teuthology.orchestra.run.vm03.stdout:/usr/bin/ceph: stderr
2026-03-10T14:02:49.169+0000 7f91746cb700 1 -- --> [v2:192.168.123.103:3300/0,v1:192.168.123.103:6789/0] -- mon_getmap magic: 0 v1 -- 0x7f916c0728b0 con 0x7f916c071200
2026-03-10T14:02:54.434 INFO:teuthology.orchestra.run.vm03.stdout:/usr/bin/ceph: stderr
2026-03-10T14:02:49.170+0000 7f9172467700 1 --2- >> [v2:192.168.123.103:3300/0,v1:192.168.123.103:6789/0] conn(0x7f916c071200 0x7f916c071610 unknown :-1 s=BANNER_CONNECTING pgs=0 cs=0 l=0 rev1=0 crypto rx=0 tx=0 comp rx=0 tx=0)._handle_peer_banner_payload supported=3 required=0
2026-03-10T14:02:54.434 INFO:teuthology.orchestra.run.vm03.stdout:/usr/bin/ceph: stderr
2026-03-10T14:02:49.170+0000 7f9172467700 1 --2- >> [v2:192.168.123.103:3300/0,v1:192.168.123.103:6789/0] conn(0x7f916c071200 0x7f916c071610 unknown :-1 s=HELLO_CONNECTING pgs=0 cs=0 l=0 rev1=1 crypto rx=0 tx=0 comp rx=0 tx=0).handle_hello peer v2:192.168.123.103:3300/0 says I am v2:192.168.123.103:58106/0 (socket says 192.168.123.103:58106)
2026-03-10T14:02:54.434 INFO:teuthology.orchestra.run.vm03.stdout:/usr/bin/ceph: stderr
2026-03-10T14:02:49.170+0000 7f9172467700 1 -- 192.168.123.103:0/1271775710 learned_addr learned my addr 192.168.123.103:0/1271775710 (peer_addr_for_me v2:192.168.123.103:0/0)
2026-03-10T14:02:54.434 INFO:teuthology.orchestra.run.vm03.stdout:/usr/bin/ceph: stderr
2026-03-10T14:02:49.171+0000 7f9172467700 1 -- 192.168.123.103:0/1271775710 --> [v2:192.168.123.103:3300/0,v1:192.168.123.103:6789/0] -- mon_subscribe({config=0+,monmap=0+}) v3 -- 0x7f916c0729f0 con 0x7f916c071200
2026-03-10T14:02:54.434 INFO:teuthology.orchestra.run.vm03.stdout:/usr/bin/ceph: stderr
2026-03-10T14:02:49.171+0000 7f9172467700 1 --2- 192.168.123.103:0/1271775710 >> [v2:192.168.123.103:3300/0,v1:192.168.123.103:6789/0] conn(0x7f916c071200 0x7f916c071610 secure :-1 s=READY pgs=28 cs=0 l=1 rev1=1 crypto rx=0x7f9168009a90 tx=0x7f9168009da0 comp rx=0 tx=0).ready entity=mon.0 client_cookie=d6105270baeb13bb server_cookie=0 in_seq=0 out_seq=0
2026-03-10T14:02:54.435 INFO:teuthology.orchestra.run.vm03.stdout:/usr/bin/ceph: stderr
2026-03-10T14:02:49.171+0000 7f9171465700 1 -- 192.168.123.103:0/1271775710 <== mon.0 v2:192.168.123.103:3300/0 1 ==== mon_map magic: 0 v1 ==== 214+0+0 (secure 0 0 0) 0x7f9168004030 con 0x7f916c071200
2026-03-10T14:02:54.435 INFO:teuthology.orchestra.run.vm03.stdout:/usr/bin/ceph: stderr
2026-03-10T14:02:49.171+0000 7f9171465700 1 -- 192.168.123.103:0/1271775710 <== mon.0 v2:192.168.123.103:3300/0 2 ==== config(28 keys) v1 ==== 1075+0+0 (secure 0 0 0) 0x7f916800b7e0 con 0x7f916c071200
2026-03-10T14:02:54.435 INFO:teuthology.orchestra.run.vm03.stdout:/usr/bin/ceph: stderr
2026-03-10T14:02:49.172+0000 7f91746cb700 1 -- 192.168.123.103:0/1271775710 >> [v2:192.168.123.103:3300/0,v1:192.168.123.103:6789/0] conn(0x7f916c071200 msgr2=0x7f916c071610 secure :-1 s=STATE_CONNECTION_ESTABLISHED l=1).mark_down
2026-03-10T14:02:54.435 INFO:teuthology.orchestra.run.vm03.stdout:/usr/bin/ceph: stderr
2026-03-10T14:02:49.172+0000 7f91746cb700 1 --2- 192.168.123.103:0/1271775710 >> [v2:192.168.123.103:3300/0,v1:192.168.123.103:6789/0] conn(0x7f916c071200 0x7f916c071610 secure :-1 s=READY pgs=28 cs=0 l=1 rev1=1 crypto rx=0x7f9168009a90 tx=0x7f9168009da0 comp rx=0 tx=0).stop
2026-03-10T14:02:54.435 INFO:teuthology.orchestra.run.vm03.stdout:/usr/bin/ceph: stderr
2026-03-10T14:02:49.172+0000 7f91746cb700 1 -- 192.168.123.103:0/1271775710 shutdown_connections
2026-03-10T14:02:54.435 INFO:teuthology.orchestra.run.vm03.stdout:/usr/bin/ceph: stderr
2026-03-10T14:02:49.172+0000 7f91746cb700 1 --2- 192.168.123.103:0/1271775710 >> [v2:192.168.123.103:3300/0,v1:192.168.123.103:6789/0] conn(0x7f916c071200 0x7f916c071610 unknown :-1 s=CLOSED pgs=28 cs=0 l=1 rev1=1 crypto rx=0 tx=0 comp rx=0 tx=0).stop
2026-03-10T14:02:54.435 INFO:teuthology.orchestra.run.vm03.stdout:/usr/bin/ceph: stderr
2026-03-10T14:02:49.172+0000 7f91746cb700 1 -- 192.168.123.103:0/1271775710 >> 192.168.123.103:0/1271775710 conn(0x7f916c06cc30 msgr2=0x7f916c06f060 unknown :-1 s=STATE_NONE l=0).mark_down
2026-03-10T14:02:54.435 INFO:teuthology.orchestra.run.vm03.stdout:/usr/bin/ceph: stderr
2026-03-10T14:02:49.173+0000 7f91746cb700 1 -- 192.168.123.103:0/1271775710 shutdown_connections
2026-03-10T14:02:54.435 INFO:teuthology.orchestra.run.vm03.stdout:/usr/bin/ceph: stderr
2026-03-10T14:02:49.173+0000 7f91746cb700 1 -- 192.168.123.103:0/1271775710 wait complete.
2026-03-10T14:02:54.435 INFO:teuthology.orchestra.run.vm03.stdout:/usr/bin/ceph: stderr
2026-03-10T14:02:49.173+0000 7f91746cb700 1 Processor -- start
2026-03-10T14:02:54.435 INFO:teuthology.orchestra.run.vm03.stdout:/usr/bin/ceph: stderr
2026-03-10T14:02:49.173+0000 7f91746cb700 1 -- start start
2026-03-10T14:02:54.435 INFO:teuthology.orchestra.run.vm03.stdout:/usr/bin/ceph: stderr
2026-03-10T14:02:49.173+0000 7f91746cb700 1 --2- >> [v2:192.168.123.103:3300/0,v1:192.168.123.103:6789/0] conn(0x7f916c11b460 0x7f916c11b870 unknown :-1 s=NONE pgs=0 cs=0 l=1 rev1=0 crypto rx=0 tx=0 comp rx=0 tx=0).connect
2026-03-10T14:02:54.435 INFO:teuthology.orchestra.run.vm03.stdout:/usr/bin/ceph: stderr
2026-03-10T14:02:49.173+0000 7f91746cb700 1 -- --> [v2:192.168.123.103:3300/0,v1:192.168.123.103:6789/0] -- mon_getmap magic: 0 v1 -- 0x7f916c0728b0 con 0x7f916c11b460
2026-03-10T14:02:54.435 INFO:teuthology.orchestra.run.vm03.stdout:/usr/bin/ceph: stderr
2026-03-10T14:02:49.174+0000 7f9172467700 1 --2- >> [v2:192.168.123.103:3300/0,v1:192.168.123.103:6789/0] conn(0x7f916c11b460 0x7f916c11b870 unknown :-1 s=BANNER_CONNECTING pgs=0 cs=0 l=1 rev1=0 crypto rx=0 tx=0 comp rx=0 tx=0)._handle_peer_banner_payload supported=3 required=0
2026-03-10T14:02:54.435 INFO:teuthology.orchestra.run.vm03.stdout:/usr/bin/ceph: stderr
2026-03-10T14:02:49.174+0000 7f9172467700 1 --2- >> [v2:192.168.123.103:3300/0,v1:192.168.123.103:6789/0] conn(0x7f916c11b460 0x7f916c11b870 unknown :-1 s=HELLO_CONNECTING pgs=0 cs=0 l=1 rev1=1 crypto rx=0 tx=0 comp rx=0 tx=0).handle_hello peer v2:192.168.123.103:3300/0 says I am v2:192.168.123.103:58108/0 (socket says 192.168.123.103:58108)
2026-03-10T14:02:54.435 INFO:teuthology.orchestra.run.vm03.stdout:/usr/bin/ceph: stderr
2026-03-10T14:02:49.174+0000 7f9172467700 1 -- 192.168.123.103:0/3919436591 learned_addr learned my addr 192.168.123.103:0/3919436591 (peer_addr_for_me v2:192.168.123.103:0/0)
2026-03-10T14:02:54.435 INFO:teuthology.orchestra.run.vm03.stdout:/usr/bin/ceph: stderr
2026-03-10T14:02:49.174+0000 7f9172467700 1 -- 192.168.123.103:0/3919436591 --> [v2:192.168.123.103:3300/0,v1:192.168.123.103:6789/0] -- mon_subscribe({config=0+,monmap=0+}) v3 -- 0x7f9168009740 con 0x7f916c11b460
2026-03-10T14:02:54.435 INFO:teuthology.orchestra.run.vm03.stdout:/usr/bin/ceph: stderr
2026-03-10T14:02:49.174+0000 7f9172467700 1 --2- 192.168.123.103:0/3919436591 >> [v2:192.168.123.103:3300/0,v1:192.168.123.103:6789/0] conn(0x7f916c11b460 0x7f916c11b870 secure :-1 s=READY pgs=29 cs=0 l=1 rev1=1 crypto rx=0x7f916800bd00 tx=0x7f916800bde0 comp rx=0 tx=0).ready entity=mon.0 client_cookie=0 server_cookie=0 in_seq=0 out_seq=0
2026-03-10T14:02:54.435 INFO:teuthology.orchestra.run.vm03.stdout:/usr/bin/ceph: stderr
2026-03-10T14:02:49.176+0000 7f91637fe700 1 -- 192.168.123.103:0/3919436591 <== mon.0 v2:192.168.123.103:3300/0 1 ==== mon_map magic: 0 v1 ==== 214+0+0 (secure 0 0 0) 0x7f916801a670 con 0x7f916c11b460
2026-03-10T14:02:54.435 INFO:teuthology.orchestra.run.vm03.stdout:/usr/bin/ceph: stderr
2026-03-10T14:02:49.176+0000 7f91746cb700 1 -- 192.168.123.103:0/3919436591 --> [v2:192.168.123.103:3300/0,v1:192.168.123.103:6789/0] -- mon_subscribe({mgrmap=0+}) v3 -- 0x7f916c11ca30 con 0x7f916c11b460
2026-03-10T14:02:54.435 INFO:teuthology.orchestra.run.vm03.stdout:/usr/bin/ceph: stderr
2026-03-10T14:02:49.176+0000 7f91746cb700 1 -- 192.168.123.103:0/3919436591 --> [v2:192.168.123.103:3300/0,v1:192.168.123.103:6789/0] -- mon_subscribe({osdmap=0}) v3 -- 0x7f916c11c0c0 con 0x7f916c11b460
2026-03-10T14:02:54.435 INFO:teuthology.orchestra.run.vm03.stdout:/usr/bin/ceph: stderr
2026-03-10T14:02:49.176+0000 7f91637fe700 1 -- 192.168.123.103:0/3919436591 <== mon.0 v2:192.168.123.103:3300/0 2 ==== config(28 keys) v1 ==== 1075+0+0 (secure 0 0 0) 0x7f916801ac70 con 0x7f916c11b460
2026-03-10T14:02:54.435 INFO:teuthology.orchestra.run.vm03.stdout:/usr/bin/ceph: stderr
2026-03-10T14:02:49.177+0000 7f91637fe700 1 -- 192.168.123.103:0/3919436591 <== mon.0 v2:192.168.123.103:3300/0 3 ==== mon_map magic: 0 v1 ==== 214+0+0 (secure 0 0 0) 0x7f91680044e0 con 0x7f916c11b460
2026-03-10T14:02:54.435 INFO:teuthology.orchestra.run.vm03.stdout:/usr/bin/ceph: stderr
2026-03-10T14:02:49.177+0000 7f91637fe700 1 -- 192.168.123.103:0/3919436591 <== mon.0 v2:192.168.123.103:3300/0 4 ==== mgrmap(e 5) v1 ==== 45079+0+0 (secure 0 0 0) 0x7f916802c430 con 0x7f916c11b460
2026-03-10T14:02:54.435 INFO:teuthology.orchestra.run.vm03.stdout:/usr/bin/ceph: stderr
2026-03-10T14:02:49.178+0000 7f91637fe700 1 --2- 192.168.123.103:0/3919436591 >> [v2:192.168.123.103:6800/2,v1:192.168.123.103:6801/2] conn(0x7f91580384e0 0x7f915803a990 unknown :-1 s=NONE pgs=0 cs=0 l=1 rev1=0 crypto rx=0 tx=0 comp rx=0 tx=0).connect
2026-03-10T14:02:54.435 INFO:teuthology.orchestra.run.vm03.stdout:/usr/bin/ceph: stderr
2026-03-10T14:02:49.178+0000 7f9171c66700 1 -- 192.168.123.103:0/3919436591 >> [v2:192.168.123.103:6800/2,v1:192.168.123.103:6801/2] conn(0x7f91580384e0 msgr2=0x7f915803a990 unknown :-1 s=STATE_CONNECTING_RE l=1).process reconnect failed to v2:192.168.123.103:6800/2
2026-03-10T14:02:54.435 INFO:teuthology.orchestra.run.vm03.stdout:/usr/bin/ceph: stderr
2026-03-10T14:02:49.178+0000 7f9171c66700 1 --2- 192.168.123.103:0/3919436591 >> [v2:192.168.123.103:6800/2,v1:192.168.123.103:6801/2] conn(0x7f91580384e0 0x7f915803a990 unknown :-1 s=START_CONNECT pgs=0 cs=0 l=1 rev1=0 crypto rx=0 tx=0 comp rx=0 tx=0)._fault waiting 0.200000
2026-03-10T14:02:54.435 INFO:teuthology.orchestra.run.vm03.stdout:/usr/bin/ceph: stderr
2026-03-10T14:02:49.178+0000 7f91637fe700 1 -- 192.168.123.103:0/3919436591 --> [v2:192.168.123.103:6800/2,v1:192.168.123.103:6801/2] -- command(tid 0: {"prefix": "get_command_descriptions"}) v1 -- 0x7f915803b0a0 con 0x7f91580384e0
2026-03-10T14:02:54.435 INFO:teuthology.orchestra.run.vm03.stdout:/usr/bin/ceph: stderr
2026-03-10T14:02:49.178+0000 7f91637fe700 1 -- 192.168.123.103:0/3919436591 <== mon.0 v2:192.168.123.103:3300/0 5 ==== osd_map(1..1 src has 1..1) v4 ==== 725+0+0 (secure 0 0 0) 0x7f916804cb40 con 0x7f916c11b460
2026-03-10T14:02:54.435 INFO:teuthology.orchestra.run.vm03.stdout:/usr/bin/ceph: stderr
2026-03-10T14:02:49.378+0000 7f9171c66700 1 -- 192.168.123.103:0/3919436591 >> [v2:192.168.123.103:6800/2,v1:192.168.123.103:6801/2] conn(0x7f91580384e0 msgr2=0x7f915803a990 unknown :-1 s=STATE_CONNECTING_RE l=1).process reconnect failed to v2:192.168.123.103:6800/2
2026-03-10T14:02:54.435 INFO:teuthology.orchestra.run.vm03.stdout:/usr/bin/ceph: stderr
2026-03-10T14:02:49.378+0000 7f9171c66700 1 --2- 192.168.123.103:0/3919436591 >> [v2:192.168.123.103:6800/2,v1:192.168.123.103:6801/2] conn(0x7f91580384e0 0x7f915803a990 unknown :-1 s=START_CONNECT pgs=0 cs=0 l=1 rev1=0 crypto rx=0 tx=0 comp rx=0 tx=0)._fault waiting 0.400000
2026-03-10T14:02:54.435 INFO:teuthology.orchestra.run.vm03.stdout:/usr/bin/ceph: stderr
2026-03-10T14:02:49.779+0000 7f9171c66700 1 -- 192.168.123.103:0/3919436591 >> [v2:192.168.123.103:6800/2,v1:192.168.123.103:6801/2] conn(0x7f91580384e0 msgr2=0x7f915803a990 unknown :-1 s=STATE_CONNECTING_RE l=1).process reconnect failed to v2:192.168.123.103:6800/2
2026-03-10T14:02:54.436 INFO:teuthology.orchestra.run.vm03.stdout:/usr/bin/ceph: stderr
2026-03-10T14:02:49.779+0000 7f9171c66700 1 --2- 192.168.123.103:0/3919436591 >> [v2:192.168.123.103:6800/2,v1:192.168.123.103:6801/2] conn(0x7f91580384e0 0x7f915803a990 unknown :-1 s=START_CONNECT pgs=0 cs=0 l=1 rev1=0 crypto rx=0 tx=0 comp rx=0 tx=0)._fault waiting 0.800000
2026-03-10T14:02:54.436 INFO:teuthology.orchestra.run.vm03.stdout:/usr/bin/ceph: stderr
2026-03-10T14:02:50.580+0000 7f9171c66700 1 -- 192.168.123.103:0/3919436591 >> [v2:192.168.123.103:6800/2,v1:192.168.123.103:6801/2] conn(0x7f91580384e0 msgr2=0x7f915803a990 unknown :-1 s=STATE_CONNECTING_RE l=1).process reconnect failed to v2:192.168.123.103:6800/2
2026-03-10T14:02:54.436 INFO:teuthology.orchestra.run.vm03.stdout:/usr/bin/ceph: stderr
2026-03-10T14:02:50.580+0000 7f9171c66700 1 --2- 192.168.123.103:0/3919436591 >> [v2:192.168.123.103:6800/2,v1:192.168.123.103:6801/2] conn(0x7f91580384e0 0x7f915803a990 unknown :-1 s=START_CONNECT pgs=0 cs=0 l=1 rev1=0 crypto rx=0 tx=0 comp rx=0 tx=0)._fault waiting 1.600000
2026-03-10T14:02:54.436 INFO:teuthology.orchestra.run.vm03.stdout:/usr/bin/ceph: stderr
2026-03-10T14:02:52.181+0000 7f9171c66700 1 -- 192.168.123.103:0/3919436591 >> [v2:192.168.123.103:6800/2,v1:192.168.123.103:6801/2] conn(0x7f91580384e0 msgr2=0x7f915803a990 unknown :-1 s=STATE_CONNECTING_RE l=1).process reconnect failed to v2:192.168.123.103:6800/2
2026-03-10T14:02:54.436 INFO:teuthology.orchestra.run.vm03.stdout:/usr/bin/ceph: stderr
2026-03-10T14:02:52.181+0000 7f9171c66700 1 --2- 192.168.123.103:0/3919436591 >> [v2:192.168.123.103:6800/2,v1:192.168.123.103:6801/2] conn(0x7f91580384e0 0x7f915803a990 unknown :-1 s=START_CONNECT pgs=0 cs=0 l=1 rev1=0 crypto rx=0 tx=0 comp rx=0 tx=0)._fault waiting 3.200000
2026-03-10T14:02:54.436 INFO:teuthology.orchestra.run.vm03.stdout:/usr/bin/ceph: stderr
2026-03-10T14:02:53.373+0000 7f91637fe700 1 -- 192.168.123.103:0/3919436591 <== mon.0 v2:192.168.123.103:3300/0 6 ==== mgrmap(e 6) v1 ==== 44846+0+0 (secure 0 0 0) 0x7f916802c6e0 con 0x7f916c11b460
2026-03-10T14:02:54.436 INFO:teuthology.orchestra.run.vm03.stdout:/usr/bin/ceph: stderr
2026-03-10T14:02:53.373+0000 7f91637fe700 1 -- 192.168.123.103:0/3919436591 >> [v2:192.168.123.103:6800/2,v1:192.168.123.103:6801/2] conn(0x7f91580384e0 msgr2=0x7f915803a990 unknown :-1 s=STATE_CONNECTING l=1).mark_down
2026-03-10T14:02:54.436 INFO:teuthology.orchestra.run.vm03.stdout:/usr/bin/ceph: stderr
2026-03-10T14:02:53.373+0000 7f91637fe700 1 --2- 192.168.123.103:0/3919436591 >> [v2:192.168.123.103:6800/2,v1:192.168.123.103:6801/2] conn(0x7f91580384e0 0x7f915803a990 unknown :-1 s=START_CONNECT pgs=0 cs=0 l=1 rev1=0 crypto rx=0 tx=0 comp rx=0 tx=0).stop
2026-03-10T14:02:54.436 INFO:teuthology.orchestra.run.vm03.stdout:/usr/bin/ceph: stderr
2026-03-10T14:02:54.376+0000 7f91637fe700 1 -- 192.168.123.103:0/3919436591 <== mon.0 v2:192.168.123.103:3300/0 7 ==== mgrmap(e 7) v1 ==== 44973+0+0 (secure 0 0 0) 0x7f9168011420 con 0x7f916c11b460
2026-03-10T14:02:54.436 INFO:teuthology.orchestra.run.vm03.stdout:/usr/bin/ceph: stderr
2026-03-10T14:02:54.376+0000 7f91637fe700 1 --2- 192.168.123.103:0/3919436591 >> [v2:192.168.123.103:6800/2,v1:192.168.123.103:6801/2] conn(0x7f91580384e0 0x7f915803a990 unknown :-1 s=NONE pgs=0 cs=0 l=1 rev1=0 crypto rx=0 tx=0 comp rx=0 tx=0).connect
2026-03-10T14:02:54.436 INFO:teuthology.orchestra.run.vm03.stdout:/usr/bin/ceph: stderr
2026-03-10T14:02:54.376+0000 7f91637fe700 1 -- 192.168.123.103:0/3919436591 --> [v2:192.168.123.103:6800/2,v1:192.168.123.103:6801/2] -- command(tid 0: {"prefix": "get_command_descriptions"}) v1 -- 0x7f915803b0a0 con 0x7f91580384e0
2026-03-10T14:02:54.436 INFO:teuthology.orchestra.run.vm03.stdout:/usr/bin/ceph: stderr
2026-03-10T14:02:54.378+0000 7f9171c66700 1 --2- 192.168.123.103:0/3919436591 >> [v2:192.168.123.103:6800/2,v1:192.168.123.103:6801/2] conn(0x7f91580384e0 0x7f915803a990 unknown :-1 s=BANNER_CONNECTING pgs=0 cs=0 l=1 rev1=0 crypto rx=0 tx=0 comp rx=0 tx=0)._handle_peer_banner_payload supported=3 required=0
2026-03-10T14:02:54.436 INFO:teuthology.orchestra.run.vm03.stdout:/usr/bin/ceph: stderr
2026-03-10T14:02:54.379+0000 7f9171c66700 1 --2- 192.168.123.103:0/3919436591 >> [v2:192.168.123.103:6800/2,v1:192.168.123.103:6801/2] conn(0x7f91580384e0 0x7f915803a990 secure :-1 s=READY pgs=2 cs=0 l=1 rev1=1 crypto rx=0x7f915c003a10 tx=0x7f915c0092b0 comp rx=0 tx=0).ready entity=mgr.14120 client_cookie=0 server_cookie=0 in_seq=0 out_seq=0
2026-03-10T14:02:54.436 INFO:teuthology.orchestra.run.vm03.stdout:/usr/bin/ceph: stderr
2026-03-10T14:02:54.379+0000 7f91637fe700 1 -- 192.168.123.103:0/3919436591 <== mgr.14120 v2:192.168.123.103:6800/2 1 ==== command_reply(tid 0: 0 ) v1 ==== 8+0+6910 (secure 0 0 0) 0x7f915803b0a0 con 0x7f91580384e0
2026-03-10T14:02:54.436 INFO:teuthology.orchestra.run.vm03.stdout:/usr/bin/ceph: stderr
2026-03-10T14:02:54.383+0000 7f91746cb700 1 -- 192.168.123.103:0/3919436591 --> [v2:192.168.123.103:6800/2,v1:192.168.123.103:6801/2] -- command(tid 1: {"prefix": "mgr_status"}) v1 -- 0x7f916c11c7e0 con 0x7f91580384e0
2026-03-10T14:02:54.436 INFO:teuthology.orchestra.run.vm03.stdout:/usr/bin/ceph: stderr
2026-03-10T14:02:54.383+0000 7f91637fe700 1 -- 192.168.123.103:0/3919436591 <== mgr.14120 v2:192.168.123.103:6800/2 2 ==== command_reply(tid 1: 0 ) v1 ==== 8+0+51 (secure 0 0 0) 0x7f916c11c7e0 con 0x7f91580384e0
2026-03-10T14:02:54.436 INFO:teuthology.orchestra.run.vm03.stdout:/usr/bin/ceph: stderr
2026-03-10T14:02:54.383+0000 7f91746cb700 1 -- 192.168.123.103:0/3919436591 >> [v2:192.168.123.103:6800/2,v1:192.168.123.103:6801/2] conn(0x7f91580384e0 msgr2=0x7f915803a990 secure :-1 s=STATE_CONNECTION_ESTABLISHED l=1).mark_down
2026-03-10T14:02:54.436 INFO:teuthology.orchestra.run.vm03.stdout:/usr/bin/ceph: stderr
2026-03-10T14:02:54.383+0000 7f91746cb700 1 --2- 192.168.123.103:0/3919436591 >> [v2:192.168.123.103:6800/2,v1:192.168.123.103:6801/2] conn(0x7f91580384e0 0x7f915803a990 secure :-1 s=READY pgs=2 cs=0 l=1 rev1=1 crypto rx=0x7f915c003a10 tx=0x7f915c0092b0 comp rx=0 tx=0).stop
2026-03-10T14:02:54.436 INFO:teuthology.orchestra.run.vm03.stdout:/usr/bin/ceph: stderr
2026-03-10T14:02:54.383+0000 7f91746cb700 1 -- 192.168.123.103:0/3919436591 >> [v2:192.168.123.103:3300/0,v1:192.168.123.103:6789/0] conn(0x7f916c11b460 msgr2=0x7f916c11b870 secure :-1 s=STATE_CONNECTION_ESTABLISHED l=1).mark_down
2026-03-10T14:02:54.436 INFO:teuthology.orchestra.run.vm03.stdout:/usr/bin/ceph: stderr
2026-03-10T14:02:54.383+0000 7f91746cb700 1 --2- 192.168.123.103:0/3919436591 >> [v2:192.168.123.103:3300/0,v1:192.168.123.103:6789/0] conn(0x7f916c11b460 0x7f916c11b870 secure :-1 s=READY pgs=29 cs=0 l=1 rev1=1 crypto rx=0x7f916800bd00 tx=0x7f916800bde0 comp rx=0 tx=0).stop
2026-03-10T14:02:54.436 INFO:teuthology.orchestra.run.vm03.stdout:/usr/bin/ceph: stderr
2026-03-10T14:02:54.384+0000 7f91746cb700 1 -- 192.168.123.103:0/3919436591 shutdown_connections
2026-03-10T14:02:54.436 INFO:teuthology.orchestra.run.vm03.stdout:/usr/bin/ceph: stderr
2026-03-10T14:02:54.384+0000 7f91746cb700 1 --2- 192.168.123.103:0/3919436591 >> [v2:192.168.123.103:6800/2,v1:192.168.123.103:6801/2] conn(0x7f91580384e0 0x7f915803a990 secure :-1 s=CLOSED pgs=2 cs=0 l=1 rev1=1 crypto rx=0x7f915c003a10 tx=0x7f915c0092b0 comp rx=0 tx=0).stop
2026-03-10T14:02:54.436 INFO:teuthology.orchestra.run.vm03.stdout:/usr/bin/ceph: stderr
2026-03-10T14:02:54.384+0000 7f91746cb700 1 --2- 192.168.123.103:0/3919436591 >> [v2:192.168.123.103:3300/0,v1:192.168.123.103:6789/0] conn(0x7f916c11b460 0x7f916c11b870 secure :-1 s=CLOSED pgs=29 cs=0 l=1 rev1=1 crypto rx=0x7f916800bd00 tx=0x7f916800bde0 comp rx=0 tx=0).stop
2026-03-10T14:02:54.436 INFO:teuthology.orchestra.run.vm03.stdout:/usr/bin/ceph: stderr
2026-03-10T14:02:54.384+0000 7f91746cb700 1 -- 192.168.123.103:0/3919436591 >> 192.168.123.103:0/3919436591 conn(0x7f916c06cc30 msgr2=0x7f916c112570 unknown :-1 s=STATE_NONE l=0).mark_down
2026-03-10T14:02:54.436 INFO:teuthology.orchestra.run.vm03.stdout:/usr/bin/ceph: stderr
2026-03-10T14:02:54.384+0000 7f91746cb700 1 -- 192.168.123.103:0/3919436591 shutdown_connections
2026-03-10T14:02:54.436 INFO:teuthology.orchestra.run.vm03.stdout:/usr/bin/ceph: stderr
2026-03-10T14:02:54.384+0000 7f91746cb700 1 -- 192.168.123.103:0/3919436591 wait complete.
2026-03-10T14:02:54.436 INFO:teuthology.orchestra.run.vm03.stdout:mgr epoch 5 is available
2026-03-10T14:02:54.436 INFO:teuthology.orchestra.run.vm03.stdout:Setting orchestrator backend to cephadm...
2026-03-10T14:02:54.700 INFO:journalctl@ceph.mon.vm03.vm03.stdout:Mar 10 14:02:54 vm03 ceph-mon[49718]: Found migration_current of "None". Setting to last migration.
2026-03-10T14:02:54.700 INFO:journalctl@ceph.mon.vm03.vm03.stdout:Mar 10 14:02:54 vm03 ceph-mon[49718]: from='mgr.14120 192.168.123.103:0/2' entity='mgr.vm03.rwbbep' cmd=[{"prefix":"config rm","who":"mgr","name":"mgr/rbd_support/vm03.rwbbep/mirror_snapshot_schedule"}]: dispatch
2026-03-10T14:02:54.700 INFO:journalctl@ceph.mon.vm03.vm03.stdout:Mar 10 14:02:54 vm03 ceph-mon[49718]: from='mgr.14120 192.168.123.103:0/2' entity='mgr.vm03.rwbbep' cmd=[{"prefix":"config rm","who":"mgr","name":"mgr/rbd_support/vm03.rwbbep/trash_purge_schedule"}]: dispatch
2026-03-10T14:02:54.700 INFO:journalctl@ceph.mon.vm03.vm03.stdout:Mar 10 14:02:54 vm03 ceph-mon[49718]: from='mgr.14120 192.168.123.103:0/2' entity='mgr.vm03.rwbbep'
2026-03-10T14:02:54.700 INFO:journalctl@ceph.mon.vm03.vm03.stdout:Mar 10 14:02:54 vm03 ceph-mon[49718]: from='mgr.14120 192.168.123.103:0/2' entity='mgr.vm03.rwbbep'
2026-03-10T14:02:54.700 INFO:journalctl@ceph.mon.vm03.vm03.stdout:Mar 10 14:02:54 vm03 ceph-mon[49718]: mgrmap e7: vm03.rwbbep(active, since 1.00788s)
2026-03-10T14:02:54.762 INFO:teuthology.orchestra.run.vm03.stdout:/usr/bin/ceph: stderr
2026-03-10T14:02:54.575+0000 7f43cb152700 1 Processor -- start
2026-03-10T14:02:54.762 INFO:teuthology.orchestra.run.vm03.stdout:/usr/bin/ceph: stderr
2026-03-10T14:02:54.575+0000 7f43cb152700 1 -- start start
2026-03-10T14:02:54.762 INFO:teuthology.orchestra.run.vm03.stdout:/usr/bin/ceph: stderr
2026-03-10T14:02:54.575+0000 7f43cb152700 1 --2- >> [v2:192.168.123.103:3300/0,v1:192.168.123.103:6789/0] conn(0x7f43c4107f40 0x7f43c4108350 unknown :-1 s=NONE pgs=0 cs=0 l=0 rev1=0 crypto rx=0 tx=0 comp rx=0 tx=0).connect
2026-03-10T14:02:54.762 INFO:teuthology.orchestra.run.vm03.stdout:/usr/bin/ceph: stderr
2026-03-10T14:02:54.575+0000 7f43cb152700 1 -- --> [v2:192.168.123.103:3300/0,v1:192.168.123.103:6789/0] -- mon_getmap magic: 0 v1 -- 0x7f43c4108890 con 0x7f43c4107f40
2026-03-10T14:02:54.762 INFO:teuthology.orchestra.run.vm03.stdout:/usr/bin/ceph: stderr
2026-03-10T14:02:54.576+0000 7f43c8eee700 1 --2- >> [v2:192.168.123.103:3300/0,v1:192.168.123.103:6789/0] conn(0x7f43c4107f40 0x7f43c4108350 unknown :-1 s=BANNER_CONNECTING pgs=0 cs=0 l=0 rev1=0 crypto rx=0 tx=0 comp rx=0 tx=0)._handle_peer_banner_payload supported=3 required=0
2026-03-10T14:02:54.762 INFO:teuthology.orchestra.run.vm03.stdout:/usr/bin/ceph: stderr
2026-03-10T14:02:54.576+0000 7f43c8eee700 1 --2- >> [v2:192.168.123.103:3300/0,v1:192.168.123.103:6789/0] conn(0x7f43c4107f40 0x7f43c4108350 unknown :-1 s=HELLO_CONNECTING pgs=0 cs=0 l=0 rev1=1 crypto rx=0 tx=0 comp rx=0 tx=0).handle_hello peer v2:192.168.123.103:3300/0 says I am v2:192.168.123.103:57738/0 (socket says 192.168.123.103:57738)
2026-03-10T14:02:54.762 INFO:teuthology.orchestra.run.vm03.stdout:/usr/bin/ceph: stderr
2026-03-10T14:02:54.576+0000 7f43c8eee700 1 -- 192.168.123.103:0/3334043739 learned_addr learned my addr 192.168.123.103:0/3334043739 (peer_addr_for_me v2:192.168.123.103:0/0)
2026-03-10T14:02:54.762 INFO:teuthology.orchestra.run.vm03.stdout:/usr/bin/ceph: stderr
2026-03-10T14:02:54.576+0000 7f43c8eee700 1 -- 192.168.123.103:0/3334043739 --> [v2:192.168.123.103:3300/0,v1:192.168.123.103:6789/0] -- mon_subscribe({config=0+,monmap=0+}) v3 -- 0x7f43c41089d0 con 0x7f43c4107f40
2026-03-10T14:02:54.762 INFO:teuthology.orchestra.run.vm03.stdout:/usr/bin/ceph: stderr
2026-03-10T14:02:54.576+0000 7f43c8eee700 1 --2- 192.168.123.103:0/3334043739 >> [v2:192.168.123.103:3300/0,v1:192.168.123.103:6789/0] conn(0x7f43c4107f40 0x7f43c4108350 secure :-1 s=READY pgs=37 cs=0 l=1 rev1=1 crypto rx=0x7f43b4009a90 tx=0x7f43b4009da0 comp rx=0 tx=0).ready entity=mon.0 client_cookie=d25e699c9f590503 server_cookie=0 in_seq=0 out_seq=0
2026-03-10T14:02:54.762 INFO:teuthology.orchestra.run.vm03.stdout:/usr/bin/ceph: stderr
2026-03-10T14:02:54.577+0000 7f43c37fe700 1 -- 192.168.123.103:0/3334043739 <== mon.0 v2:192.168.123.103:3300/0 1 ==== mon_map magic: 0 v1 ==== 214+0+0 (secure 0 0 0) 0x7f43b4004030 con 0x7f43c4107f40
2026-03-10T14:02:54.762 INFO:teuthology.orchestra.run.vm03.stdout:/usr/bin/ceph: stderr
2026-03-10T14:02:54.577+0000 7f43c37fe700 1 -- 192.168.123.103:0/3334043739 <== mon.0 v2:192.168.123.103:3300/0 2 ==== config(28 keys) v1 ==== 1075+0+0 (secure 0 0 0) 0x7f43b400b7e0 con 0x7f43c4107f40
2026-03-10T14:02:54.762 INFO:teuthology.orchestra.run.vm03.stdout:/usr/bin/ceph: stderr
2026-03-10T14:02:54.577+0000 7f43cb152700 1 -- 192.168.123.103:0/3334043739 >> [v2:192.168.123.103:3300/0,v1:192.168.123.103:6789/0] conn(0x7f43c4107f40 msgr2=0x7f43c4108350 secure :-1 s=STATE_CONNECTION_ESTABLISHED l=1).mark_down
2026-03-10T14:02:54.762 INFO:teuthology.orchestra.run.vm03.stdout:/usr/bin/ceph: stderr
2026-03-10T14:02:54.577+0000 7f43cb152700 1 --2- 192.168.123.103:0/3334043739 >> [v2:192.168.123.103:3300/0,v1:192.168.123.103:6789/0] conn(0x7f43c4107f40 0x7f43c4108350 secure :-1 s=READY pgs=37 cs=0 l=1 rev1=1 crypto rx=0x7f43b4009a90 tx=0x7f43b4009da0 comp rx=0 tx=0).stop
2026-03-10T14:02:54.762 INFO:teuthology.orchestra.run.vm03.stdout:/usr/bin/ceph: stderr
2026-03-10T14:02:54.577+0000 7f43cb152700 1 -- 192.168.123.103:0/3334043739 shutdown_connections
2026-03-10T14:02:54.762 INFO:teuthology.orchestra.run.vm03.stdout:/usr/bin/ceph: stderr
2026-03-10T14:02:54.577+0000 7f43cb152700 1 --2- 192.168.123.103:0/3334043739 >> [v2:192.168.123.103:3300/0,v1:192.168.123.103:6789/0] conn(0x7f43c4107f40 0x7f43c4108350 unknown :-1 s=CLOSED pgs=37 cs=0 l=1 rev1=1 crypto rx=0 tx=0 comp rx=0 tx=0).stop
2026-03-10T14:02:54.763 INFO:teuthology.orchestra.run.vm03.stdout:/usr/bin/ceph: stderr
2026-03-10T14:02:54.577+0000 7f43cb152700 1 -- 192.168.123.103:0/3334043739 >> 192.168.123.103:0/3334043739 conn(0x7f43c4103770 msgr2=0x7f43c4105b50 unknown :-1 s=STATE_NONE l=0).mark_down
2026-03-10T14:02:54.763 INFO:teuthology.orchestra.run.vm03.stdout:/usr/bin/ceph: stderr
2026-03-10T14:02:54.578+0000 7f43cb152700 1 -- 192.168.123.103:0/3334043739 shutdown_connections
2026-03-10T14:02:54.763 INFO:teuthology.orchestra.run.vm03.stdout:/usr/bin/ceph: stderr
2026-03-10T14:02:54.578+0000 7f43cb152700 1 -- 192.168.123.103:0/3334043739 wait complete.
2026-03-10T14:02:54.763 INFO:teuthology.orchestra.run.vm03.stdout:/usr/bin/ceph: stderr
2026-03-10T14:02:54.578+0000 7f43cb152700 1 Processor -- start
2026-03-10T14:02:54.763 INFO:teuthology.orchestra.run.vm03.stdout:/usr/bin/ceph: stderr
2026-03-10T14:02:54.578+0000 7f43cb152700 1 -- start start
2026-03-10T14:02:54.763 INFO:teuthology.orchestra.run.vm03.stdout:/usr/bin/ceph: stderr
2026-03-10T14:02:54.579+0000 7f43cb152700 1 --2- >> [v2:192.168.123.103:3300/0,v1:192.168.123.103:6789/0] conn(0x7f43c4107f40 0x7f43c419bcb0 unknown :-1 s=NONE pgs=0 cs=0 l=1 rev1=0 crypto rx=0 tx=0 comp rx=0 tx=0).connect
2026-03-10T14:02:54.763 INFO:teuthology.orchestra.run.vm03.stdout:/usr/bin/ceph: stderr
2026-03-10T14:02:54.579+0000 7f43cb152700 1 -- --> [v2:192.168.123.103:3300/0,v1:192.168.123.103:6789/0] -- mon_getmap magic: 0 v1 -- 0x7f43c4108890 con 0x7f43c4107f40
2026-03-10T14:02:54.763 INFO:teuthology.orchestra.run.vm03.stdout:/usr/bin/ceph: stderr
2026-03-10T14:02:54.579+0000 7f43c8eee700 1 --2- >> [v2:192.168.123.103:3300/0,v1:192.168.123.103:6789/0] conn(0x7f43c4107f40 0x7f43c419bcb0 unknown :-1 s=BANNER_CONNECTING pgs=0 cs=0 l=1 rev1=0 crypto rx=0 tx=0 comp rx=0 tx=0)._handle_peer_banner_payload supported=3 required=0
2026-03-10T14:02:54.763 INFO:teuthology.orchestra.run.vm03.stdout:/usr/bin/ceph: stderr
2026-03-10T14:02:54.579+0000 7f43c8eee700 1 --2- >> [v2:192.168.123.103:3300/0,v1:192.168.123.103:6789/0] conn(0x7f43c4107f40 0x7f43c419bcb0 unknown :-1 s=HELLO_CONNECTING pgs=0 cs=0 l=1 rev1=1 crypto rx=0 tx=0 comp rx=0 tx=0).handle_hello peer v2:192.168.123.103:3300/0 says I am v2:192.168.123.103:57748/0 (socket says 192.168.123.103:57748)
2026-03-10T14:02:54.763 INFO:teuthology.orchestra.run.vm03.stdout:/usr/bin/ceph: stderr
2026-03-10T14:02:54.579+0000 7f43c8eee700 1 -- 192.168.123.103:0/612781099 learned_addr learned my addr 192.168.123.103:0/612781099 (peer_addr_for_me v2:192.168.123.103:0/0)
2026-03-10T14:02:54.763 INFO:teuthology.orchestra.run.vm03.stdout:/usr/bin/ceph: stderr
2026-03-10T14:02:54.579+0000 7f43c8eee700 1 -- 192.168.123.103:0/612781099 --> [v2:192.168.123.103:3300/0,v1:192.168.123.103:6789/0] -- mon_subscribe({config=0+,monmap=0+}) v3 -- 0x7f43b4009740 con 0x7f43c4107f40
2026-03-10T14:02:54.763 INFO:teuthology.orchestra.run.vm03.stdout:/usr/bin/ceph: stderr
2026-03-10T14:02:54.579+0000 7f43c8eee700 1 --2- 192.168.123.103:0/612781099 >> [v2:192.168.123.103:3300/0,v1:192.168.123.103:6789/0] conn(0x7f43c4107f40 0x7f43c419bcb0 secure :-1 s=READY pgs=38 cs=0 l=1 rev1=1 crypto rx=0x7f43b4009710 tx=0x7f43b4003f40 comp rx=0 tx=0).ready entity=mon.0 client_cookie=0 server_cookie=0 in_seq=0 out_seq=0
2026-03-10T14:02:54.763 INFO:teuthology.orchestra.run.vm03.stdout:/usr/bin/ceph: stderr
2026-03-10T14:02:54.580+0000 7f43c1ffb700 1 -- 192.168.123.103:0/612781099 <== mon.0 v2:192.168.123.103:3300/0 1 ==== mon_map magic: 0 v1 ==== 214+0+0 (secure 0 0 0) 0x7f43b40043a0 con 0x7f43c4107f40
2026-03-10T14:02:54.763 INFO:teuthology.orchestra.run.vm03.stdout:/usr/bin/ceph: stderr
2026-03-10T14:02:54.580+0000 7f43c1ffb700 1 -- 192.168.123.103:0/612781099 <== mon.0 v2:192.168.123.103:3300/0 2 ==== config(28 keys) v1 ==== 1075+0+0 (secure 0 0 0) 0x7f43b4004500 con 0x7f43c4107f40
2026-03-10T14:02:54.763 INFO:teuthology.orchestra.run.vm03.stdout:/usr/bin/ceph: stderr
2026-03-10T14:02:54.580+0000 7f43cb152700 1 -- 192.168.123.103:0/612781099 --> [v2:192.168.123.103:3300/0,v1:192.168.123.103:6789/0] -- mon_subscribe({mgrmap=0+}) v3 -- 0x7f43c419c1f0 con 0x7f43c4107f40
2026-03-10T14:02:54.764 INFO:teuthology.orchestra.run.vm03.stdout:/usr/bin/ceph: stderr
2026-03-10T14:02:54.580+0000 7f43c1ffb700 1 -- 192.168.123.103:0/612781099 <== mon.0 v2:192.168.123.103:3300/0 3 ==== mon_map magic: 0 v1 ==== 214+0+0 (secure 0 0 0) 0x7f43b40115e0 con 0x7f43c4107f40
2026-03-10T14:02:54.764 INFO:teuthology.orchestra.run.vm03.stdout:/usr/bin/ceph: stderr
2026-03-10T14:02:54.581+0000 7f43cb152700 1 -- 192.168.123.103:0/612781099 --> [v2:192.168.123.103:3300/0,v1:192.168.123.103:6789/0] -- mon_subscribe({osdmap=0}) v3 -- 0x7f43c419c610 con 0x7f43c4107f40
2026-03-10T14:02:54.764 INFO:teuthology.orchestra.run.vm03.stdout:/usr/bin/ceph: stderr
2026-03-10T14:02:54.581+0000 7f43c1ffb700 1 -- 192.168.123.103:0/612781099 <== mon.0 v2:192.168.123.103:3300/0 4 ==== mgrmap(e 7) v1 ==== 44973+0+0 (secure 0 0 0) 0x7f43b40117c0 con 0x7f43c4107f40
2026-03-10T14:02:54.764 INFO:teuthology.orchestra.run.vm03.stdout:/usr/bin/ceph: stderr
2026-03-10T14:02:54.581+0000 7f43c1ffb700 1 --2- 192.168.123.103:0/612781099 >> [v2:192.168.123.103:6800/2,v1:192.168.123.103:6801/2] conn(0x7f43ac0382d0 0x7f43ac03a780 unknown :-1 s=NONE pgs=0 cs=0 l=1 rev1=0 crypto rx=0 tx=0 comp rx=0 tx=0).connect
2026-03-10T14:02:54.764 INFO:teuthology.orchestra.run.vm03.stdout:/usr/bin/ceph: stderr
2026-03-10T14:02:54.581+0000 7f43c1ffb700 1 -- 192.168.123.103:0/612781099 <== mon.0 v2:192.168.123.103:3300/0 5 ==== osd_map(2..2 src has 1..2) v4 ==== 940+0+0 (secure 0 0 0) 0x7f43b401a840 con 0x7f43c4107f40
2026-03-10T14:02:54.764 INFO:teuthology.orchestra.run.vm03.stdout:/usr/bin/ceph: stderr
2026-03-10T14:02:54.581+0000 7f43c3fff700 1 --2- 192.168.123.103:0/612781099 >> [v2:192.168.123.103:6800/2,v1:192.168.123.103:6801/2] conn(0x7f43ac0382d0 0x7f43ac03a780 unknown :-1 s=BANNER_CONNECTING pgs=0 cs=0 l=1 rev1=0 crypto rx=0 tx=0 comp rx=0 tx=0)._handle_peer_banner_payload supported=3 required=0
2026-03-10T14:02:54.764 INFO:teuthology.orchestra.run.vm03.stdout:/usr/bin/ceph: stderr
2026-03-10T14:02:54.582+0000 7f43c3fff700 1 --2- 192.168.123.103:0/612781099 >> [v2:192.168.123.103:6800/2,v1:192.168.123.103:6801/2] conn(0x7f43ac0382d0 0x7f43ac03a780 secure :-1 s=READY pgs=7 cs=0 l=1 rev1=1 crypto rx=0x7f43b8006fd0 tx=0x7f43b8006e40 comp rx=0 tx=0).ready entity=mgr.14120 client_cookie=0 server_cookie=0 in_seq=0 out_seq=0
2026-03-10T14:02:54.764 INFO:teuthology.orchestra.run.vm03.stdout:/usr/bin/ceph: stderr
2026-03-10T14:02:54.582+0000 7f43cb152700 1 -- 192.168.123.103:0/612781099 --> [v2:192.168.123.103:3300/0,v1:192.168.123.103:6789/0] -- mon_command({"prefix": "get_command_descriptions"} v 0) v1 -- 0x7f43c419c8b0 con 0x7f43c4107f40
2026-03-10T14:02:54.764 INFO:teuthology.orchestra.run.vm03.stdout:/usr/bin/ceph: stderr
2026-03-10T14:02:54.586+0000 7f43c1ffb700 1 -- 192.168.123.103:0/612781099 <== mon.0 v2:192.168.123.103:3300/0 6 ==== mon_command_ack([{"prefix": "get_command_descriptions"}]=0 v0) v1 ==== 72+0+177933 (secure 0 0 0) 0x7f43b4053050 con 0x7f43c4107f40
2026-03-10T14:02:54.764 INFO:teuthology.orchestra.run.vm03.stdout:/usr/bin/ceph: stderr
2026-03-10T14:02:54.701+0000 7f43cb152700 1 -- 192.168.123.103:0/612781099 --> [v2:192.168.123.103:6800/2,v1:192.168.123.103:6801/2] -- mgr_command(tid 0: {"prefix": "orch set backend", "module_name": "cephadm", "target": ["mon-mgr", ""]}) v1 -- 0x7f43c4105c10 con 0x7f43ac0382d0
2026-03-10T14:02:54.764 INFO:teuthology.orchestra.run.vm03.stdout:/usr/bin/ceph: stderr
2026-03-10T14:02:54.712+0000 7f43c1ffb700 1 -- 192.168.123.103:0/612781099 <== mgr.14120 v2:192.168.123.103:6800/2 1 ==== mgr_command_reply(tid 0: 0 ) v1 ==== 8+0+0 (secure 0 0 0) 0x7f43c4105c10 con 0x7f43ac0382d0
2026-03-10T14:02:54.764 INFO:teuthology.orchestra.run.vm03.stdout:/usr/bin/ceph: stderr
2026-03-10T14:02:54.715+0000 7f43cb152700 1 -- 192.168.123.103:0/612781099 >> [v2:192.168.123.103:6800/2,v1:192.168.123.103:6801/2] conn(0x7f43ac0382d0 msgr2=0x7f43ac03a780 secure :-1 s=STATE_CONNECTION_ESTABLISHED l=1).mark_down
2026-03-10T14:02:54.764 INFO:teuthology.orchestra.run.vm03.stdout:/usr/bin/ceph: stderr
2026-03-10T14:02:54.715+0000 7f43cb152700 1 --2- 192.168.123.103:0/612781099 >> [v2:192.168.123.103:6800/2,v1:192.168.123.103:6801/2] conn(0x7f43ac0382d0 0x7f43ac03a780 secure :-1 s=READY pgs=7 cs=0 l=1 rev1=1 crypto rx=0x7f43b8006fd0 tx=0x7f43b8006e40 comp rx=0 tx=0).stop
2026-03-10T14:02:54.764 INFO:teuthology.orchestra.run.vm03.stdout:/usr/bin/ceph: stderr
2026-03-10T14:02:54.715+0000 7f43cb152700 1 -- 192.168.123.103:0/612781099 >> [v2:192.168.123.103:3300/0,v1:192.168.123.103:6789/0] conn(0x7f43c4107f40 msgr2=0x7f43c419bcb0 secure :-1 s=STATE_CONNECTION_ESTABLISHED l=1).mark_down
2026-03-10T14:02:54.764 INFO:teuthology.orchestra.run.vm03.stdout:/usr/bin/ceph: stderr
2026-03-10T14:02:54.715+0000 7f43cb152700 1 --2- 192.168.123.103:0/612781099 >> [v2:192.168.123.103:3300/0,v1:192.168.123.103:6789/0] conn(0x7f43c4107f40 0x7f43c419bcb0 secure :-1 s=READY pgs=38 cs=0 l=1 rev1=1 crypto rx=0x7f43b4009710 tx=0x7f43b4003f40 comp rx=0 tx=0).stop
2026-03-10T14:02:54.764 INFO:teuthology.orchestra.run.vm03.stdout:/usr/bin/ceph: stderr
2026-03-10T14:02:54.715+0000 7f43cb152700 1 -- 192.168.123.103:0/612781099 shutdown_connections
2026-03-10T14:02:54.764 INFO:teuthology.orchestra.run.vm03.stdout:/usr/bin/ceph: stderr
2026-03-10T14:02:54.715+0000 7f43cb152700 1 --2- 192.168.123.103:0/612781099 >> [v2:192.168.123.103:6800/2,v1:192.168.123.103:6801/2] conn(0x7f43ac0382d0 0x7f43ac03a780 unknown :-1 s=CLOSED pgs=7 cs=0 l=1 rev1=1 crypto rx=0 tx=0 comp rx=0 tx=0).stop
2026-03-10T14:02:54.764 INFO:teuthology.orchestra.run.vm03.stdout:/usr/bin/ceph: stderr
2026-03-10T14:02:54.716+0000 7f43cb152700 1 --2- 192.168.123.103:0/612781099 >> [v2:192.168.123.103:3300/0,v1:192.168.123.103:6789/0] conn(0x7f43c4107f40 0x7f43c419bcb0 unknown :-1 s=CLOSED pgs=38 cs=0 l=1 rev1=1 crypto rx=0 tx=0 comp rx=0 tx=0).stop
2026-03-10T14:02:54.764 INFO:teuthology.orchestra.run.vm03.stdout:/usr/bin/ceph: stderr
2026-03-10T14:02:54.716+0000 7f43cb152700 1 -- 192.168.123.103:0/612781099 >> 192.168.123.103:0/612781099 conn(0x7f43c4103770 msgr2=0x7f43c4105500 unknown :-1 s=STATE_NONE l=0).mark_down
2026-03-10T14:02:54.764 INFO:teuthology.orchestra.run.vm03.stdout:/usr/bin/ceph: stderr
2026-03-10T14:02:54.716+0000 7f43cb152700 1 -- 192.168.123.103:0/612781099 shutdown_connections
2026-03-10T14:02:54.764 INFO:teuthology.orchestra.run.vm03.stdout:/usr/bin/ceph: stderr
2026-03-10T14:02:54.716+0000 7f43cb152700 1 -- 192.168.123.103:0/612781099 wait complete.
2026-03-10T14:02:55.064 INFO:teuthology.orchestra.run.vm03.stdout:/usr/bin/ceph: stdout value unchanged
2026-03-10T14:02:55.064 INFO:teuthology.orchestra.run.vm03.stdout:/usr/bin/ceph: stderr
2026-03-10T14:02:54.893+0000 7f60680a8700 1 Processor -- start
2026-03-10T14:02:55.064 INFO:teuthology.orchestra.run.vm03.stdout:/usr/bin/ceph: stderr
2026-03-10T14:02:54.893+0000 7f60680a8700 1 -- start start
2026-03-10T14:02:55.064 INFO:teuthology.orchestra.run.vm03.stdout:/usr/bin/ceph: stderr
2026-03-10T14:02:54.893+0000 7f60680a8700 1 --2- >> [v2:192.168.123.103:3300/0,v1:192.168.123.103:6789/0] conn(0x7f6060104020 0x7f6060104430 unknown :-1 s=NONE pgs=0 cs=0 l=0 rev1=0 crypto rx=0 tx=0 comp rx=0 tx=0).connect
2026-03-10T14:02:55.064 INFO:teuthology.orchestra.run.vm03.stdout:/usr/bin/ceph: stderr
2026-03-10T14:02:54.893+0000 7f60680a8700 1 -- --> [v2:192.168.123.103:3300/0,v1:192.168.123.103:6789/0] -- mon_getmap magic: 0 v1 -- 0x7f6060104970 con 0x7f6060104020
2026-03-10T14:02:55.064 INFO:teuthology.orchestra.run.vm03.stdout:/usr/bin/ceph: stderr
2026-03-10T14:02:54.893+0000 7f6065e44700 1 --2- >> [v2:192.168.123.103:3300/0,v1:192.168.123.103:6789/0] conn(0x7f6060104020 0x7f6060104430 unknown :-1 s=BANNER_CONNECTING pgs=0 cs=0 l=0 rev1=0 crypto rx=0 tx=0 comp rx=0 tx=0)._handle_peer_banner_payload supported=3 required=0
2026-03-10T14:02:55.064 INFO:teuthology.orchestra.run.vm03.stdout:/usr/bin/ceph: stderr
2026-03-10T14:02:54.893+0000 7f6065e44700 1 --2- >> [v2:192.168.123.103:3300/0,v1:192.168.123.103:6789/0] conn(0x7f6060104020 0x7f6060104430 unknown :-1 s=HELLO_CONNECTING pgs=0 cs=0 l=0 rev1=1 crypto rx=0 tx=0 comp rx=0 tx=0).handle_hello peer v2:192.168.123.103:3300/0 says I am v2:192.168.123.103:57758/0 (socket says 192.168.123.103:57758)
2026-03-10T14:02:55.064 INFO:teuthology.orchestra.run.vm03.stdout:/usr/bin/ceph: stderr
2026-03-10T14:02:54.893+0000 7f6065e44700 1 -- 192.168.123.103:0/2061598596 learned_addr learned my addr 192.168.123.103:0/2061598596 (peer_addr_for_me v2:192.168.123.103:0/0)
2026-03-10T14:02:55.064 INFO:teuthology.orchestra.run.vm03.stdout:/usr/bin/ceph: stderr
2026-03-10T14:02:54.894+0000 7f6065e44700 1 -- 192.168.123.103:0/2061598596 --> [v2:192.168.123.103:3300/0,v1:192.168.123.103:6789/0] -- mon_subscribe({config=0+,monmap=0+}) v3 -- 0x7f6060104ab0 con 0x7f6060104020
2026-03-10T14:02:55.064 INFO:teuthology.orchestra.run.vm03.stdout:/usr/bin/ceph: stderr
2026-03-10T14:02:54.894+0000 7f6065e44700 1 --2- 192.168.123.103:0/2061598596 >> [v2:192.168.123.103:3300/0,v1:192.168.123.103:6789/0] conn(0x7f6060104020 0x7f6060104430 secure :-1 s=READY pgs=39 cs=0 l=1 rev1=1 crypto rx=0x7f6050009a90 tx=0x7f6050009da0 comp rx=0 tx=0).ready entity=mon.0 client_cookie=f7af277039d3c838 server_cookie=0 in_seq=0 out_seq=0
2026-03-10T14:02:55.064 INFO:teuthology.orchestra.run.vm03.stdout:/usr/bin/ceph: stderr
2026-03-10T14:02:54.894+0000 7f6064e42700 1 -- 192.168.123.103:0/2061598596 <== mon.0 v2:192.168.123.103:3300/0 1 ==== mon_map magic: 0 v1 ==== 214+0+0 (secure 0 0 0) 0x7f6050004030 con 0x7f6060104020
2026-03-10T14:02:55.064 INFO:teuthology.orchestra.run.vm03.stdout:/usr/bin/ceph: stderr
2026-03-10T14:02:54.894+0000 7f6064e42700 1 -- 192.168.123.103:0/2061598596 <== mon.0 v2:192.168.123.103:3300/0 2 ==== config(28 keys) v1 ==== 1075+0+0 (secure 0 0 0) 0x7f605000b7e0 con 0x7f6060104020
2026-03-10T14:02:55.064 INFO:teuthology.orchestra.run.vm03.stdout:/usr/bin/ceph: stderr
2026-03-10T14:02:54.895+0000 7f60680a8700 1 -- 192.168.123.103:0/2061598596 >> [v2:192.168.123.103:3300/0,v1:192.168.123.103:6789/0] conn(0x7f6060104020 msgr2=0x7f6060104430 secure :-1 s=STATE_CONNECTION_ESTABLISHED l=1).mark_down
2026-03-10T14:02:55.064 INFO:teuthology.orchestra.run.vm03.stdout:/usr/bin/ceph: stderr
2026-03-10T14:02:54.895+0000 7f60680a8700 1 --2- 192.168.123.103:0/2061598596 >> [v2:192.168.123.103:3300/0,v1:192.168.123.103:6789/0] conn(0x7f6060104020 0x7f6060104430 secure :-1 s=READY pgs=39 cs=0 l=1 rev1=1 crypto rx=0x7f6050009a90 tx=0x7f6050009da0 comp rx=0 tx=0).stop
2026-03-10T14:02:55.064 INFO:teuthology.orchestra.run.vm03.stdout:/usr/bin/ceph: stderr
2026-03-10T14:02:54.895+0000 7f60680a8700 1 -- 192.168.123.103:0/2061598596 shutdown_connections
2026-03-10T14:02:55.064 INFO:teuthology.orchestra.run.vm03.stdout:/usr/bin/ceph: stderr
2026-03-10T14:02:54.895+0000 7f60680a8700 1 --2- 192.168.123.103:0/2061598596 >> [v2:192.168.123.103:3300/0,v1:192.168.123.103:6789/0] conn(0x7f6060104020 0x7f6060104430 unknown :-1 s=CLOSED pgs=39 cs=0 l=1 rev1=1 crypto rx=0 tx=0 comp rx=0 tx=0).stop
2026-03-10T14:02:55.064 INFO:teuthology.orchestra.run.vm03.stdout:/usr/bin/ceph: stderr
2026-03-10T14:02:54.895+0000 7f60680a8700 1 -- 192.168.123.103:0/2061598596 >> 192.168.123.103:0/2061598596 conn(0x7f60600ffa60 msgr2=0x7f6060101e70 unknown :-1 s=STATE_NONE l=0).mark_down
2026-03-10T14:02:55.064 INFO:teuthology.orchestra.run.vm03.stdout:/usr/bin/ceph: stderr
2026-03-10T14:02:54.895+0000 7f60680a8700 1 -- 192.168.123.103:0/2061598596 shutdown_connections
2026-03-10T14:02:55.064 INFO:teuthology.orchestra.run.vm03.stdout:/usr/bin/ceph: stderr
2026-03-10T14:02:54.895+0000 7f60680a8700 1 -- 192.168.123.103:0/2061598596 wait complete.
2026-03-10T14:02:55.064 INFO:teuthology.orchestra.run.vm03.stdout:/usr/bin/ceph: stderr
2026-03-10T14:02:54.896+0000 7f60680a8700 1 Processor -- start
2026-03-10T14:02:55.064 INFO:teuthology.orchestra.run.vm03.stdout:/usr/bin/ceph: stderr
2026-03-10T14:02:54.896+0000 7f60680a8700 1 -- start start
2026-03-10T14:02:55.064 INFO:teuthology.orchestra.run.vm03.stdout:/usr/bin/ceph: stderr
2026-03-10T14:02:54.896+0000 7f60680a8700 1 --2- >> [v2:192.168.123.103:3300/0,v1:192.168.123.103:6789/0] conn(0x7f6060104020 0x7f606019ffd0 unknown :-1 s=NONE pgs=0 cs=0 l=1 rev1=0 crypto rx=0 tx=0 comp rx=0 tx=0).connect
2026-03-10T14:02:55.064 INFO:teuthology.orchestra.run.vm03.stdout:/usr/bin/ceph: stderr
2026-03-10T14:02:54.896+0000 7f6065e44700 1 --2- >> [v2:192.168.123.103:3300/0,v1:192.168.123.103:6789/0] conn(0x7f6060104020 0x7f606019ffd0 unknown :-1 s=BANNER_CONNECTING pgs=0 cs=0 l=1 rev1=0 crypto rx=0 tx=0 comp rx=0 tx=0)._handle_peer_banner_payload supported=3 required=0
2026-03-10T14:02:55.064 INFO:teuthology.orchestra.run.vm03.stdout:/usr/bin/ceph: stderr
2026-03-10T14:02:54.896+0000 7f6065e44700 1 --2- >> [v2:192.168.123.103:3300/0,v1:192.168.123.103:6789/0] conn(0x7f6060104020 0x7f606019ffd0 unknown :-1 s=HELLO_CONNECTING pgs=0 cs=0 l=1 rev1=1 crypto rx=0 tx=0 comp rx=0 tx=0).handle_hello peer v2:192.168.123.103:3300/0 says I am v2:192.168.123.103:57772/0 (socket says 192.168.123.103:57772)
2026-03-10T14:02:55.064 INFO:teuthology.orchestra.run.vm03.stdout:/usr/bin/ceph: stderr
2026-03-10T14:02:54.896+0000 7f6065e44700 1 -- 192.168.123.103:0/71572002 learned_addr learned my addr 192.168.123.103:0/71572002 (peer_addr_for_me v2:192.168.123.103:0/0)
2026-03-10T14:02:55.064 INFO:teuthology.orchestra.run.vm03.stdout:/usr/bin/ceph: stderr
2026-03-10T14:02:54.896+0000 7f60680a8700 1 -- 192.168.123.103:0/71572002 --> [v2:192.168.123.103:3300/0,v1:192.168.123.103:6789/0] -- mon_getmap magic: 0 v1 -- 0x7f6060104970 con 0x7f6060104020
2026-03-10T14:02:55.064 INFO:teuthology.orchestra.run.vm03.stdout:/usr/bin/ceph: stderr
2026-03-10T14:02:54.897+0000 7f6065e44700 1 -- 192.168.123.103:0/71572002 --> [v2:192.168.123.103:3300/0,v1:192.168.123.103:6789/0] -- mon_subscribe({config=0+,monmap=0+}) v3 -- 0x7f6050009740 con 0x7f6060104020
2026-03-10T14:02:55.064 INFO:teuthology.orchestra.run.vm03.stdout:/usr/bin/ceph: stderr
2026-03-10T14:02:54.897+0000 7f6065e44700 1 --2- 192.168.123.103:0/71572002 >> [v2:192.168.123.103:3300/0,v1:192.168.123.103:6789/0] conn(0x7f6060104020 0x7f606019ffd0 secure :-1 s=READY pgs=40 cs=0 l=1 rev1=1 crypto rx=0x7f6050003ec0 tx=0x7f6050003fa0 comp rx=0 tx=0).ready entity=mon.0 client_cookie=0 server_cookie=0 in_seq=0 out_seq=0
2026-03-10T14:02:55.064 INFO:teuthology.orchestra.run.vm03.stdout:/usr/bin/ceph: stderr
2026-03-10T14:02:54.897+0000 7f6056ffd700 1 -- 192.168.123.103:0/71572002 <== mon.0 v2:192.168.123.103:3300/0 1 ==== mon_map magic: 0 v1 ==== 214+0+0 (secure 0 0 0) 0x7f6050004400 con 0x7f6060104020
2026-03-10T14:02:55.064 INFO:teuthology.orchestra.run.vm03.stdout:/usr/bin/ceph: stderr
2026-03-10T14:02:54.897+0000 7f60680a8700 1 -- 192.168.123.103:0/71572002 --> [v2:192.168.123.103:3300/0,v1:192.168.123.103:6789/0] -- mon_subscribe({mgrmap=0+}) v3 -- 0x7f6060105c60 con 0x7f6060104020
2026-03-10T14:02:55.064 INFO:teuthology.orchestra.run.vm03.stdout:/usr/bin/ceph: stderr
2026-03-10T14:02:54.897+0000 7f60680a8700 1 -- 192.168.123.103:0/71572002 --> [v2:192.168.123.103:3300/0,v1:192.168.123.103:6789/0] -- mon_subscribe({osdmap=0}) v3 -- 0x7f60601a07a0 con 0x7f6060104020
2026-03-10T14:02:55.064 INFO:teuthology.orchestra.run.vm03.stdout:/usr/bin/ceph: stderr
2026-03-10T14:02:54.898+0000 7f6056ffd700 1 -- 192.168.123.103:0/71572002 <== mon.0 v2:192.168.123.103:3300/0 2 ==== config(28 keys) v1 ==== 1075+0+0 (secure 0 0 0) 0x7f6050004560 con 0x7f6060104020
2026-03-10T14:02:55.064 INFO:teuthology.orchestra.run.vm03.stdout:/usr/bin/ceph: stderr
2026-03-10T14:02:54.898+0000 7f6056ffd700 1 -- 192.168.123.103:0/71572002 <== mon.0 v2:192.168.123.103:3300/0 3 ==== mon_map magic: 0 v1 ==== 214+0+0 (secure 0 0 0) 0x7f6050011620 con 0x7f6060104020
2026-03-10T14:02:55.064 INFO:teuthology.orchestra.run.vm03.stdout:/usr/bin/ceph: stderr
2026-03-10T14:02:54.898+0000 7f6056ffd700 1 -- 192.168.123.103:0/71572002 <== mon.0 v2:192.168.123.103:3300/0 4 ==== mgrmap(e 7) v1 ==== 44973+0+0 (secure 0 0 0) 0x7f6050011840 con 0x7f6060104020
2026-03-10T14:02:55.064 INFO:teuthology.orchestra.run.vm03.stdout:/usr/bin/ceph: stderr
2026-03-10T14:02:54.898+0000 7f6056ffd700 1 --2- 192.168.123.103:0/71572002 >> [v2:192.168.123.103:6800/2,v1:192.168.123.103:6801/2] conn(0x7f604c0384a0 0x7f604c03a950 unknown :-1 s=NONE pgs=0 cs=0 l=1 rev1=0 crypto rx=0 tx=0 comp rx=0 tx=0).connect
2026-03-10T14:02:55.064 INFO:teuthology.orchestra.run.vm03.stdout:/usr/bin/ceph: stderr
2026-03-10T14:02:54.898+0000 7f6056ffd700 1 -- 192.168.123.103:0/71572002 <== mon.0 v2:192.168.123.103:3300/0 5 ==== osd_map(2..2 src has 1..2) v4 ==== 940+0+0 (secure 0 0 0) 0x7f605004cf80 con 0x7f6060104020
2026-03-10T14:02:55.064 INFO:teuthology.orchestra.run.vm03.stdout:/usr/bin/ceph: stderr
2026-03-10T14:02:54.899+0000 7f60680a8700 1 -- 192.168.123.103:0/71572002 --> [v2:192.168.123.103:3300/0,v1:192.168.123.103:6789/0] -- mon_command({"prefix": "get_command_descriptions"} v 0) v1 -- 0x7f6044005320 con 0x7f6060104020
2026-03-10T14:02:55.064 INFO:teuthology.orchestra.run.vm03.stdout:/usr/bin/ceph: stderr
