2026-03-10T14:03:09.275+0000 7fe2f7fff700 1 --2- 192.168.123.103:0/736575686 >> [v2:192.168.123.103:6800/2,v1:192.168.123.103:6801/2] conn(0x7fe2e0038390 0x7fe2e003a840 unknown :-1 s=BANNER_CONNECTING pgs=0 cs=0 l=1 rev1=0 crypto rx=0 tx=0 comp rx=0 tx=0)._handle_peer_banner_payload supported=3 required=0
2026-03-10T14:03:09.628 INFO:teuthology.orchestra.run.vm03.stdout:/usr/bin/ceph: stderr
2026-03-10T14:03:09.275+0000 7fe2f7fff700 1 --2- 192.168.123.103:0/736575686 >> [v2:192.168.123.103:6800/2,v1:192.168.123.103:6801/2] conn(0x7fe2e0038390 0x7fe2e003a840 secure :-1 s=READY pgs=8 cs=0 l=1 rev1=1 crypto rx=0x7fe2e8009990 tx=0x7fe2e8006e30 comp rx=0 tx=0).ready entity=mgr.14164 client_cookie=0 server_cookie=0 in_seq=0 out_seq=0
2026-03-10T14:03:09.628 INFO:teuthology.orchestra.run.vm03.stdout:/usr/bin/ceph: stderr
2026-03-10T14:03:09.410+0000 7fe3053ef700 1 -- 192.168.123.103:0/736575686 --> [v2:192.168.123.103:6800/2,v1:192.168.123.103:6801/2] -- mgr_command(tid 0: {"prefix": "dashboard ac-user-create", "username": "admin", "rolename": "administrator", "force_password": true, "pwd_update_required": true, "target": ["mon-mgr", ""]}) v1 -- 0x7fe3000621a0 con 0x7fe2e0038390
2026-03-10T14:03:09.628 INFO:teuthology.orchestra.run.vm03.stdout:/usr/bin/ceph: stderr
2026-03-10T14:03:09.580+0000 7fe2fdffb700 1 -- 192.168.123.103:0/736575686 <== mgr.14164 v2:192.168.123.103:6800/2 1 ==== mgr_command_reply(tid 0: 0 ) v1 ==== 8+0+252 (secure 0 0 0) 0x7fe3000621a0 con 0x7fe2e0038390
2026-03-10T14:03:09.628 INFO:teuthology.orchestra.run.vm03.stdout:/usr/bin/ceph: stderr
2026-03-10T14:03:09.582+0000 7fe3053ef700 1 -- 192.168.123.103:0/736575686 >> [v2:192.168.123.103:6800/2,v1:192.168.123.103:6801/2] conn(0x7fe2e0038390 msgr2=0x7fe2e003a840 secure :-1 s=STATE_CONNECTION_ESTABLISHED l=1).mark_down
2026-03-10T14:03:09.628 INFO:teuthology.orchestra.run.vm03.stdout:/usr/bin/ceph: stderr
2026-03-10T14:03:09.582+0000 7fe3053ef700 1 --2- 192.168.123.103:0/736575686 >> [v2:192.168.123.103:6800/2,v1:192.168.123.103:6801/2] conn(0x7fe2e0038390 0x7fe2e003a840 secure :-1 s=READY pgs=8 cs=0 l=1 rev1=1 crypto rx=0x7fe2e8009990 tx=0x7fe2e8006e30 comp rx=0 tx=0).stop
2026-03-10T14:03:09.628 INFO:teuthology.orchestra.run.vm03.stdout:/usr/bin/ceph: stderr
2026-03-10T14:03:09.582+0000 7fe3053ef700 1 -- 192.168.123.103:0/736575686 >> [v2:192.168.123.103:3300/0,v1:192.168.123.103:6789/0] conn(0x7fe300071410 msgr2=0x7fe3001a0260 secure :-1 s=STATE_CONNECTION_ESTABLISHED l=1).mark_down
2026-03-10T14:03:09.628 INFO:teuthology.orchestra.run.vm03.stdout:/usr/bin/ceph: stderr
2026-03-10T14:03:09.582+0000 7fe3053ef700 1 --2- 192.168.123.103:0/736575686 >> [v2:192.168.123.103:3300/0,v1:192.168.123.103:6789/0] conn(0x7fe300071410 0x7fe3001a0260 secure :-1 s=READY pgs=85 cs=0 l=1 rev1=1 crypto rx=0x7fe2f0006e90 tx=0x7fe2f0003d30 comp rx=0 tx=0).stop
2026-03-10T14:03:09.628 INFO:teuthology.orchestra.run.vm03.stdout:/usr/bin/ceph: stderr
2026-03-10T14:03:09.583+0000 7fe3053ef700 1 -- 192.168.123.103:0/736575686 shutdown_connections
2026-03-10T14:03:09.628 INFO:teuthology.orchestra.run.vm03.stdout:/usr/bin/ceph: stderr
2026-03-10T14:03:09.583+0000 7fe3053ef700 1 --2- 192.168.123.103:0/736575686 >> [v2:192.168.123.103:6800/2,v1:192.168.123.103:6801/2] conn(0x7fe2e0038390 0x7fe2e003a840 unknown :-1 s=CLOSED pgs=8 cs=0 l=1 rev1=1 crypto rx=0 tx=0 comp rx=0 tx=0).stop
2026-03-10T14:03:09.628 INFO:teuthology.orchestra.run.vm03.stdout:/usr/bin/ceph: stderr
2026-03-10T14:03:09.583+0000 7fe3053ef700 1 --2- 192.168.123.103:0/736575686 >> [v2:192.168.123.103:3300/0,v1:192.168.123.103:6789/0] conn(0x7fe300071410 0x7fe3001a0260 unknown :-1 s=CLOSED pgs=85 cs=0 l=1 rev1=1 crypto rx=0 tx=0 comp rx=0 tx=0).stop
2026-03-10T14:03:09.628 INFO:teuthology.orchestra.run.vm03.stdout:/usr/bin/ceph: stderr
2026-03-10T14:03:09.583+0000 7fe3053ef700 1 -- 192.168.123.103:0/736575686 >> 192.168.123.103:0/736575686 conn(0x7fe30006c9d0 msgr2=0x7fe30010ddc0 unknown :-1 s=STATE_NONE l=0).mark_down
2026-03-10T14:03:09.628 INFO:teuthology.orchestra.run.vm03.stdout:/usr/bin/ceph: stderr
2026-03-10T14:03:09.583+0000 7fe3053ef700 1 -- 192.168.123.103:0/736575686 shutdown_connections
2026-03-10T14:03:09.628 INFO:teuthology.orchestra.run.vm03.stdout:/usr/bin/ceph: stderr
2026-03-10T14:03:09.583+0000 7fe3053ef700 1 -- 192.168.123.103:0/736575686 wait complete.
2026-03-10T14:03:09.628 INFO:teuthology.orchestra.run.vm03.stdout:Fetching dashboard port number...
2026-03-10T14:03:09.857 INFO:journalctl@ceph.mon.vm03.vm03.stdout:Mar 10 14:03:09 vm03 ceph-mon[49718]: [10/Mar/2026:14:03:08] ENGINE Bus STARTING
2026-03-10T14:03:09.858 INFO:journalctl@ceph.mon.vm03.vm03.stdout:Mar 10 14:03:09 vm03 ceph-mon[49718]: [10/Mar/2026:14:03:08] ENGINE Serving on https://192.168.123.103:7150
2026-03-10T14:03:09.858 INFO:journalctl@ceph.mon.vm03.vm03.stdout:Mar 10 14:03:09 vm03 ceph-mon[49718]: [10/Mar/2026:14:03:08] ENGINE Serving on http://192.168.123.103:8765
2026-03-10T14:03:09.858 INFO:journalctl@ceph.mon.vm03.vm03.stdout:Mar 10 14:03:09 vm03 ceph-mon[49718]: [10/Mar/2026:14:03:08] ENGINE Bus STARTED
2026-03-10T14:03:09.858 INFO:journalctl@ceph.mon.vm03.vm03.stdout:Mar 10 14:03:09 vm03 ceph-mon[49718]: from='client.14168 -' entity='client.admin' cmd=[{"prefix": "get_command_descriptions"}]: dispatch
2026-03-10T14:03:09.858 INFO:journalctl@ceph.mon.vm03.vm03.stdout:Mar 10 14:03:09 vm03 ceph-mon[49718]: from='client.14168 -' entity='client.admin' cmd=[{"prefix": "mgr_status"}]: dispatch
2026-03-10T14:03:09.858 INFO:journalctl@ceph.mon.vm03.vm03.stdout:Mar 10 14:03:09 vm03 ceph-mon[49718]: from='mgr.14164 192.168.123.103:0/2' entity='mgr.vm03.rwbbep'
2026-03-10T14:03:09.858 INFO:journalctl@ceph.mon.vm03.vm03.stdout:Mar 10 14:03:09 vm03 ceph-mon[49718]: from='mgr.14164 192.168.123.103:0/2' entity='mgr.vm03.rwbbep'
2026-03-10T14:03:09.858 INFO:journalctl@ceph.mon.vm03.vm03.stdout:Mar 10 14:03:09 vm03 ceph-mon[49718]: from='mgr.14164 192.168.123.103:0/2' entity='mgr.vm03.rwbbep'
2026-03-10T14:03:09.858 INFO:journalctl@ceph.mon.vm03.vm03.stdout:Mar 10 14:03:09 vm03 ceph-mon[49718]: from='mgr.14164 192.168.123.103:0/2' entity='mgr.vm03.rwbbep'
2026-03-10T14:03:09.933 INFO:teuthology.orchestra.run.vm03.stdout:/usr/bin/ceph: stdout 8443
2026-03-10T14:03:09.933 INFO:teuthology.orchestra.run.vm03.stdout:/usr/bin/ceph: stderr
2026-03-10T14:03:09.765+0000 7fbbac723700 1 Processor -- start
2026-03-10T14:03:09.933 INFO:teuthology.orchestra.run.vm03.stdout:/usr/bin/ceph: stderr
2026-03-10T14:03:09.765+0000 7fbbac723700 1 -- start start
2026-03-10T14:03:09.933 INFO:teuthology.orchestra.run.vm03.stdout:/usr/bin/ceph: stderr
2026-03-10T14:03:09.765+0000 7fbbac723700 1 --2- >> [v2:192.168.123.103:3300/0,v1:192.168.123.103:6789/0] conn(0x7fbba4107f20 0x7fbba4108330 unknown :-1 s=NONE pgs=0 cs=0 l=0 rev1=0 crypto rx=0 tx=0 comp rx=0 tx=0).connect
2026-03-10T14:03:09.933 INFO:teuthology.orchestra.run.vm03.stdout:/usr/bin/ceph: stderr
2026-03-10T14:03:09.765+0000 7fbbac723700 1 -- --> [v2:192.168.123.103:3300/0,v1:192.168.123.103:6789/0] -- mon_getmap magic: 0 v1 -- 0x7fbba4108870 con 0x7fbba4107f20
2026-03-10T14:03:09.933 INFO:teuthology.orchestra.run.vm03.stdout:/usr/bin/ceph: stderr
2026-03-10T14:03:09.766+0000 7fbbaa4bf700 1 --2- >> [v2:192.168.123.103:3300/0,v1:192.168.123.103:6789/0] conn(0x7fbba4107f20 0x7fbba4108330 unknown :-1 s=BANNER_CONNECTING pgs=0 cs=0 l=0 rev1=0 crypto rx=0 tx=0 comp rx=0 tx=0)._handle_peer_banner_payload supported=3 required=0
2026-03-10T14:03:09.933 INFO:teuthology.orchestra.run.vm03.stdout:/usr/bin/ceph: stderr
2026-03-10T14:03:09.766+0000 7fbbaa4bf700 1 --2- >> [v2:192.168.123.103:3300/0,v1:192.168.123.103:6789/0] conn(0x7fbba4107f20 0x7fbba4108330 unknown :-1 s=HELLO_CONNECTING pgs=0 cs=0 l=0 rev1=1 crypto rx=0 tx=0 comp rx=0 tx=0).handle_hello peer v2:192.168.123.103:3300/0 says I am v2:192.168.123.103:33386/0 (socket says 192.168.123.103:33386)
2026-03-10T14:03:09.933 INFO:teuthology.orchestra.run.vm03.stdout:/usr/bin/ceph: stderr
2026-03-10T14:03:09.766+0000 7fbbaa4bf700 1 -- 192.168.123.103:0/2273433694 learned_addr learned my addr 192.168.123.103:0/2273433694 (peer_addr_for_me v2:192.168.123.103:0/0)
2026-03-10T14:03:09.933 INFO:teuthology.orchestra.run.vm03.stdout:/usr/bin/ceph: stderr
2026-03-10T14:03:09.766+0000 7fbbaa4bf700 1 -- 192.168.123.103:0/2273433694 --> [v2:192.168.123.103:3300/0,v1:192.168.123.103:6789/0] -- mon_subscribe({config=0+,monmap=0+}) v3 -- 0x7fbba41089b0 con 0x7fbba4107f20
2026-03-10T14:03:09.933 INFO:teuthology.orchestra.run.vm03.stdout:/usr/bin/ceph: stderr
2026-03-10T14:03:09.766+0000 7fbbaa4bf700 1 --2- 192.168.123.103:0/2273433694 >> [v2:192.168.123.103:3300/0,v1:192.168.123.103:6789/0] conn(0x7fbba4107f20 0x7fbba4108330 secure :-1 s=READY pgs=86 cs=0 l=1 rev1=1 crypto rx=0x7fbba0009cf0 tx=0x7fbba000b0e0 comp rx=0 tx=0).ready entity=mon.0 client_cookie=6f1d17ce019905c4 server_cookie=0 in_seq=0 out_seq=0
2026-03-10T14:03:09.934 INFO:teuthology.orchestra.run.vm03.stdout:/usr/bin/ceph: stderr
2026-03-10T14:03:09.767+0000 7fbba94bd700 1 -- 192.168.123.103:0/2273433694 <== mon.0 v2:192.168.123.103:3300/0 1 ==== mon_map magic: 0 v1 ==== 214+0+0 (secure 0 0 0) 0x7fbba0004030 con 0x7fbba4107f20
2026-03-10T14:03:09.934 INFO:teuthology.orchestra.run.vm03.stdout:/usr/bin/ceph: stderr
2026-03-10T14:03:09.767+0000 7fbba94bd700 1 -- 192.168.123.103:0/2273433694 <== mon.0 v2:192.168.123.103:3300/0 2 ==== config(28 keys) v1 ==== 1139+0+0 (secure 0 0 0) 0x7fbba000b810 con 0x7fbba4107f20
2026-03-10T14:03:09.934 INFO:teuthology.orchestra.run.vm03.stdout:/usr/bin/ceph: stderr
2026-03-10T14:03:09.767+0000 7fbbac723700 1 -- 192.168.123.103:0/2273433694 >> [v2:192.168.123.103:3300/0,v1:192.168.123.103:6789/0] conn(0x7fbba4107f20 msgr2=0x7fbba4108330 secure :-1 s=STATE_CONNECTION_ESTABLISHED l=1).mark_down
2026-03-10T14:03:09.934 INFO:teuthology.orchestra.run.vm03.stdout:/usr/bin/ceph: stderr
2026-03-10T14:03:09.767+0000 7fbbac723700 1 --2- 192.168.123.103:0/2273433694 >> [v2:192.168.123.103:3300/0,v1:192.168.123.103:6789/0] conn(0x7fbba4107f20 0x7fbba4108330 secure :-1 s=READY pgs=86 cs=0 l=1 rev1=1 crypto rx=0x7fbba0009cf0 tx=0x7fbba000b0e0 comp rx=0 tx=0).stop
2026-03-10T14:03:09.934 INFO:teuthology.orchestra.run.vm03.stdout:/usr/bin/ceph: stderr
2026-03-10T14:03:09.768+0000 7fbbac723700 1 -- 192.168.123.103:0/2273433694 shutdown_connections
2026-03-10T14:03:09.934 INFO:teuthology.orchestra.run.vm03.stdout:/usr/bin/ceph: stderr
2026-03-10T14:03:09.768+0000 7fbbac723700 1 --2- 192.168.123.103:0/2273433694 >> [v2:192.168.123.103:3300/0,v1:192.168.123.103:6789/0] conn(0x7fbba4107f20 0x7fbba4108330 unknown :-1 s=CLOSED pgs=86 cs=0 l=1 rev1=1 crypto rx=0 tx=0 comp rx=0 tx=0).stop
2026-03-10T14:03:09.934 INFO:teuthology.orchestra.run.vm03.stdout:/usr/bin/ceph: stderr
2026-03-10T14:03:09.768+0000 7fbbac723700 1 -- 192.168.123.103:0/2273433694 >> 192.168.123.103:0/2273433694 conn(0x7fbba407b4b0 msgr2=0x7fbba407b8d0 unknown :-1 s=STATE_NONE l=0).mark_down
2026-03-10T14:03:09.934 INFO:teuthology.orchestra.run.vm03.stdout:/usr/bin/ceph: stderr
2026-03-10T14:03:09.768+0000 7fbbac723700 1 -- 192.168.123.103:0/2273433694 shutdown_connections
2026-03-10T14:03:09.934 INFO:teuthology.orchestra.run.vm03.stdout:/usr/bin/ceph: stderr
2026-03-10T14:03:09.768+0000 7fbbac723700 1 -- 192.168.123.103:0/2273433694 wait complete.
2026-03-10T14:03:09.934 INFO:teuthology.orchestra.run.vm03.stdout:/usr/bin/ceph: stderr
2026-03-10T14:03:09.768+0000 7fbbac723700 1 Processor -- start
2026-03-10T14:03:09.934 INFO:teuthology.orchestra.run.vm03.stdout:/usr/bin/ceph: stderr
2026-03-10T14:03:09.768+0000 7fbbac723700 1 -- start start
2026-03-10T14:03:09.934 INFO:teuthology.orchestra.run.vm03.stdout:/usr/bin/ceph: stderr
2026-03-10T14:03:09.768+0000 7fbbac723700 1 --2- >> [v2:192.168.123.103:3300/0,v1:192.168.123.103:6789/0] conn(0x7fbba4107f20 0x7fbba419c040 unknown :-1 s=NONE pgs=0 cs=0 l=1 rev1=0 crypto rx=0 tx=0 comp rx=0 tx=0).connect
2026-03-10T14:03:09.934 INFO:teuthology.orchestra.run.vm03.stdout:/usr/bin/ceph: stderr
2026-03-10T14:03:09.768+0000 7fbbac723700 1 -- --> [v2:192.168.123.103:3300/0,v1:192.168.123.103:6789/0] -- mon_getmap magic: 0 v1 -- 0x7fbba4108870 con 0x7fbba4107f20
2026-03-10T14:03:09.934 INFO:teuthology.orchestra.run.vm03.stdout:/usr/bin/ceph: stderr
2026-03-10T14:03:09.769+0000 7fbbaa4bf700 1 --2- >> [v2:192.168.123.103:3300/0,v1:192.168.123.103:6789/0] conn(0x7fbba4107f20 0x7fbba419c040 unknown :-1 s=BANNER_CONNECTING pgs=0 cs=0 l=1 rev1=0 crypto rx=0 tx=0 comp rx=0 tx=0)._handle_peer_banner_payload supported=3 required=0
2026-03-10T14:03:09.934 INFO:teuthology.orchestra.run.vm03.stdout:/usr/bin/ceph: stderr
2026-03-10T14:03:09.769+0000 7fbbaa4bf700 1 --2- >> [v2:192.168.123.103:3300/0,v1:192.168.123.103:6789/0] conn(0x7fbba4107f20 0x7fbba419c040 unknown :-1 s=HELLO_CONNECTING pgs=0 cs=0 l=1 rev1=1 crypto rx=0 tx=0 comp rx=0 tx=0).handle_hello peer v2:192.168.123.103:3300/0 says I am v2:192.168.123.103:33390/0 (socket says 192.168.123.103:33390)
2026-03-10T14:03:09.934 INFO:teuthology.orchestra.run.vm03.stdout:/usr/bin/ceph: stderr
2026-03-10T14:03:09.769+0000 7fbbaa4bf700 1 -- 192.168.123.103:0/570028214 learned_addr learned my addr 192.168.123.103:0/570028214 (peer_addr_for_me v2:192.168.123.103:0/0)
2026-03-10T14:03:09.934 INFO:teuthology.orchestra.run.vm03.stdout:/usr/bin/ceph: stderr
2026-03-10T14:03:09.769+0000 7fbbaa4bf700 1 -- 192.168.123.103:0/570028214 --> [v2:192.168.123.103:3300/0,v1:192.168.123.103:6789/0] -- mon_subscribe({config=0+,monmap=0+}) v3 -- 0x7fbba0009740 con 0x7fbba4107f20
2026-03-10T14:03:09.934 INFO:teuthology.orchestra.run.vm03.stdout:/usr/bin/ceph: stderr
2026-03-10T14:03:09.769+0000 7fbbaa4bf700 1 --2- 192.168.123.103:0/570028214 >> [v2:192.168.123.103:3300/0,v1:192.168.123.103:6789/0] conn(0x7fbba4107f20 0x7fbba419c040 secure :-1 s=READY pgs=87 cs=0 l=1 rev1=1 crypto rx=0x7fbba000bf40 tx=0x7fbba0003d30 comp rx=0 tx=0).ready entity=mon.0 client_cookie=0 server_cookie=0 in_seq=0 out_seq=0
2026-03-10T14:03:09.934 INFO:teuthology.orchestra.run.vm03.stdout:/usr/bin/ceph: stderr
2026-03-10T14:03:09.770+0000 7fbb9b7fe700 1 -- 192.168.123.103:0/570028214 <== mon.0 v2:192.168.123.103:3300/0 1 ==== mon_map magic: 0 v1 ==== 214+0+0 (secure 0 0 0) 0x7fbba0003f40 con 0x7fbba4107f20
2026-03-10T14:03:09.934 INFO:teuthology.orchestra.run.vm03.stdout:/usr/bin/ceph: stderr
2026-03-10T14:03:09.770+0000 7fbb9b7fe700 1 -- 192.168.123.103:0/570028214 <== mon.0 v2:192.168.123.103:3300/0 2 ==== config(28 keys) v1 ==== 1139+0+0 (secure 0 0 0) 0x7fbba0004580 con 0x7fbba4107f20
2026-03-10T14:03:09.934 INFO:teuthology.orchestra.run.vm03.stdout:/usr/bin/ceph: stderr
2026-03-10T14:03:09.770+0000 7fbbac723700 1 -- 192.168.123.103:0/570028214 --> [v2:192.168.123.103:3300/0,v1:192.168.123.103:6789/0] -- mon_subscribe({mgrmap=0+}) v3 -- 0x7fbba419c580 con 0x7fbba4107f20
2026-03-10T14:03:09.934 INFO:teuthology.orchestra.run.vm03.stdout:/usr/bin/ceph: stderr
2026-03-10T14:03:09.771+0000 7fbbac723700 1 -- 192.168.123.103:0/570028214 --> [v2:192.168.123.103:3300/0,v1:192.168.123.103:6789/0] -- mon_subscribe({osdmap=0}) v3 -- 0x7fbba419ca20 con 0x7fbba4107f20
2026-03-10T14:03:09.935 INFO:teuthology.orchestra.run.vm03.stdout:/usr/bin/ceph: stderr
2026-03-10T14:03:09.771+0000 7fbb9b7fe700 1 -- 192.168.123.103:0/570028214 <== mon.0 v2:192.168.123.103:3300/0 3 ==== mon_map magic: 0 v1 ==== 214+0+0 (secure 0 0 0) 0x7fbba001ae60 con 0x7fbba4107f20
2026-03-10T14:03:09.935 INFO:teuthology.orchestra.run.vm03.stdout:/usr/bin/ceph: stderr
2026-03-10T14:03:09.772+0000 7fbbac723700 1 -- 192.168.123.103:0/570028214 --> [v2:192.168.123.103:3300/0,v1:192.168.123.103:6789/0] -- mon_command({"prefix": "get_command_descriptions"} v 0) v1 -- 0x7fbba4195f60 con 0x7fbba4107f20
2026-03-10T14:03:09.935 INFO:teuthology.orchestra.run.vm03.stdout:/usr/bin/ceph: stderr
2026-03-10T14:03:09.775+0000 7fbb9b7fe700 1 -- 192.168.123.103:0/570028214 <== mon.0 v2:192.168.123.103:3300/0 4 ==== mgrmap(e 11) v1 ==== 44986+0+0 (secure 0 0 0) 0x7fbba0011460 con 0x7fbba4107f20
2026-03-10T14:03:09.935 INFO:teuthology.orchestra.run.vm03.stdout:/usr/bin/ceph: stderr
2026-03-10T14:03:09.775+0000 7fbb9b7fe700 1 --2- 192.168.123.103:0/570028214 >> [v2:192.168.123.103:6800/2,v1:192.168.123.103:6801/2] conn(0x7fbb900380c0 0x7fbb9003a570 unknown :-1 s=NONE pgs=0 cs=0 l=1 rev1=0 crypto rx=0 tx=0 comp rx=0 tx=0).connect
2026-03-10T14:03:09.935 INFO:teuthology.orchestra.run.vm03.stdout:/usr/bin/ceph: stderr
2026-03-10T14:03:09.775+0000 7fbb9b7fe700 1 -- 192.168.123.103:0/570028214 <== mon.0 v2:192.168.123.103:3300/0 5 ==== osd_map(3..3 src has 1..3) v4 ==== 1069+0+0 (secure 0 0 0) 0x7fbba001a430 con 0x7fbba4107f20
2026-03-10T14:03:09.935 INFO:teuthology.orchestra.run.vm03.stdout:/usr/bin/ceph: stderr
2026-03-10T14:03:09.776+0000 7fbba9cbe700 1 --2- 192.168.123.103:0/570028214 >> [v2:192.168.123.103:6800/2,v1:192.168.123.103:6801/2] conn(0x7fbb900380c0 0x7fbb9003a570 unknown :-1 s=BANNER_CONNECTING pgs=0 cs=0 l=1 rev1=0 crypto rx=0 tx=0 comp rx=0 tx=0)._handle_peer_banner_payload supported=3 required=0
2026-03-10T14:03:09.935 INFO:teuthology.orchestra.run.vm03.stdout:/usr/bin/ceph: stderr
2026-03-10T14:03:09.776+0000 7fbba9cbe700 1 --2- 192.168.123.103:0/570028214 >> [v2:192.168.123.103:6800/2,v1:192.168.123.103:6801/2] conn(0x7fbb900380c0 0x7fbb9003a570 secure :-1 s=READY pgs=9 cs=0 l=1 rev1=1 crypto rx=0x7fbb94006fd0 tx=0x7fbb94006e40 comp rx=0 tx=0).ready entity=mgr.14164 client_cookie=0 server_cookie=0 in_seq=0 out_seq=0
2026-03-10T14:03:09.935 INFO:teuthology.orchestra.run.vm03.stdout:/usr/bin/ceph: stderr
2026-03-10T14:03:09.776+0000 7fbb9b7fe700 1 -- 192.168.123.103:0/570028214 <== mon.0 v2:192.168.123.103:3300/0 6 ==== mon_command_ack([{"prefix": "get_command_descriptions"}]=0 v0) v1 ==== 72+0+177933 (secure 0 0 0) 0x7fbba0052050 con 0x7fbba4107f20
2026-03-10T14:03:09.935 INFO:teuthology.orchestra.run.vm03.stdout:/usr/bin/ceph: stderr
2026-03-10T14:03:09.880+0000 7fbbac723700 1 -- 192.168.123.103:0/570028214 --> [v2:192.168.123.103:3300/0,v1:192.168.123.103:6789/0] -- mon_command({"prefix": "config get", "who": "mgr", "key": "mgr/dashboard/ssl_server_port"} v 0) v1 -- 0x7fbba404f9e0 con 0x7fbba4107f20
2026-03-10T14:03:09.935 INFO:teuthology.orchestra.run.vm03.stdout:/usr/bin/ceph: stderr
2026-03-10T14:03:09.881+0000 7fbb9b7fe700 1 -- 192.168.123.103:0/570028214 <== mon.0 v2:192.168.123.103:3300/0 7 ==== mon_command_ack([{"prefix": "config get", "who": "mgr", "key": "mgr/dashboard/ssl_server_port"}]=0 v8) v1 ==== 112+0+5 (secure 0 0 0) 0x7fbba0023940 con 0x7fbba4107f20
2026-03-10T14:03:09.935 INFO:teuthology.orchestra.run.vm03.stdout:/usr/bin/ceph: stderr
2026-03-10T14:03:09.883+0000 7fbbac723700 1 -- 192.168.123.103:0/570028214 >> [v2:192.168.123.103:6800/2,v1:192.168.123.103:6801/2] conn(0x7fbb900380c0 msgr2=0x7fbb9003a570 secure :-1 s=STATE_CONNECTION_ESTABLISHED l=1).mark_down
2026-03-10T14:03:09.935 INFO:teuthology.orchestra.run.vm03.stdout:/usr/bin/ceph: stderr
2026-03-10T14:03:09.883+0000 7fbbac723700 1 --2- 192.168.123.103:0/570028214 >> [v2:192.168.123.103:6800/2,v1:192.168.123.103:6801/2] conn(0x7fbb900380c0 0x7fbb9003a570 secure :-1 s=READY pgs=9 cs=0 l=1 rev1=1 crypto rx=0x7fbb94006fd0 tx=0x7fbb94006e40 comp rx=0 tx=0).stop
2026-03-10T14:03:09.935 INFO:teuthology.orchestra.run.vm03.stdout:/usr/bin/ceph: stderr
2026-03-10T14:03:09.883+0000 7fbbac723700 1 -- 192.168.123.103:0/570028214 >> [v2:192.168.123.103:3300/0,v1:192.168.123.103:6789/0] conn(0x7fbba4107f20 msgr2=0x7fbba419c040 secure :-1 s=STATE_CONNECTION_ESTABLISHED l=1).mark_down
2026-03-10T14:03:09.935 INFO:teuthology.orchestra.run.vm03.stdout:/usr/bin/ceph: stderr
2026-03-10T14:03:09.883+0000 7fbbac723700 1 --2- 192.168.123.103:0/570028214 >> [v2:192.168.123.103:3300/0,v1:192.168.123.103:6789/0] conn(0x7fbba4107f20 0x7fbba419c040 secure :-1 s=READY pgs=87 cs=0 l=1 rev1=1 crypto rx=0x7fbba000bf40 tx=0x7fbba0003d30 comp rx=0 tx=0).stop
2026-03-10T14:03:09.935 INFO:teuthology.orchestra.run.vm03.stdout:/usr/bin/ceph: stderr
2026-03-10T14:03:09.883+0000 7fbbac723700 1 -- 192.168.123.103:0/570028214 shutdown_connections
2026-03-10T14:03:09.935 INFO:teuthology.orchestra.run.vm03.stdout:/usr/bin/ceph: stderr
2026-03-10T14:03:09.883+0000 7fbbac723700 1 --2- 192.168.123.103:0/570028214 >> [v2:192.168.123.103:6800/2,v1:192.168.123.103:6801/2] conn(0x7fbb900380c0 0x7fbb9003a570 unknown :-1 s=CLOSED pgs=9 cs=0 l=1 rev1=1 crypto rx=0 tx=0 comp rx=0 tx=0).stop
2026-03-10T14:03:09.935 INFO:teuthology.orchestra.run.vm03.stdout:/usr/bin/ceph: stderr
2026-03-10T14:03:09.883+0000 7fbbac723700 1 --2- 192.168.123.103:0/570028214 >> [v2:192.168.123.103:3300/0,v1:192.168.123.103:6789/0] conn(0x7fbba4107f20 0x7fbba419c040 unknown :-1 s=CLOSED pgs=87 cs=0 l=1 rev1=1 crypto rx=0 tx=0 comp rx=0 tx=0).stop
2026-03-10T14:03:09.935 INFO:teuthology.orchestra.run.vm03.stdout:/usr/bin/ceph: stderr
2026-03-10T14:03:09.883+0000 7fbbac723700 1 -- 192.168.123.103:0/570028214 >> 192.168.123.103:0/570028214 conn(0x7fbba407b4b0 msgr2=0x7fbba4106da0 unknown :-1 s=STATE_NONE l=0).mark_down
2026-03-10T14:03:09.935 INFO:teuthology.orchestra.run.vm03.stdout:/usr/bin/ceph: stderr
2026-03-10T14:03:09.884+0000 7fbbac723700 1 -- 192.168.123.103:0/570028214 shutdown_connections
2026-03-10T14:03:09.935 INFO:teuthology.orchestra.run.vm03.stdout:/usr/bin/ceph: stderr
2026-03-10T14:03:09.884+0000 7fbbac723700 1 -- 192.168.123.103:0/570028214 wait complete.
2026-03-10T14:03:09.935 INFO:teuthology.orchestra.run.vm03.stdout:firewalld does not appear to be present
2026-03-10T14:03:09.935 INFO:teuthology.orchestra.run.vm03.stdout:Not possible to open ports <[8443]>. firewalld.service is not available
2026-03-10T14:03:09.936 INFO:teuthology.orchestra.run.vm03.stdout:Ceph Dashboard is now available at:
2026-03-10T14:03:09.936 INFO:teuthology.orchestra.run.vm03.stdout:
2026-03-10T14:03:09.936 INFO:teuthology.orchestra.run.vm03.stdout: URL: https://vm03.local:8443/
2026-03-10T14:03:09.936 INFO:teuthology.orchestra.run.vm03.stdout: User: admin
2026-03-10T14:03:09.936 INFO:teuthology.orchestra.run.vm03.stdout: Password: 04onx8sgum
2026-03-10T14:03:09.936 INFO:teuthology.orchestra.run.vm03.stdout:
2026-03-10T14:03:09.936 INFO:teuthology.orchestra.run.vm03.stdout:Saving cluster configuration to /var/lib/ceph/b81bf660-1c89-11f1-b612-27d302cdb124/config directory
2026-03-10T14:03:09.936 INFO:teuthology.orchestra.run.vm03.stdout:Enabling autotune for osd_memory_target
2026-03-10T14:03:10.248 INFO:teuthology.orchestra.run.vm03.stdout:/usr/bin/ceph: stderr
2026-03-10T14:03:10.065+0000 7f7dff12b700 1 Processor -- start
2026-03-10T14:03:10.248 INFO:teuthology.orchestra.run.vm03.stdout:/usr/bin/ceph: stderr
2026-03-10T14:03:10.066+0000 7f7dff12b700 1 -- start start
2026-03-10T14:03:10.248 INFO:teuthology.orchestra.run.vm03.stdout:/usr/bin/ceph: stderr
2026-03-10T14:03:10.066+0000 7f7dff12b700 1 --2- >> [v2:192.168.123.103:3300/0,v1:192.168.123.103:6789/0] conn(0x7f7df8107f20 0x7f7df8108330 unknown :-1 s=NONE pgs=0 cs=0 l=0 rev1=0 crypto rx=0 tx=0 comp rx=0 tx=0).connect
2026-03-10T14:03:10.248 INFO:teuthology.orchestra.run.vm03.stdout:/usr/bin/ceph: stderr
2026-03-10T14:03:10.066+0000 7f7dff12b700 1 -- --> [v2:192.168.123.103:3300/0,v1:192.168.123.103:6789/0] -- mon_getmap magic: 0 v1 -- 0x7f7df8108870 con 0x7f7df8107f20
2026-03-10T14:03:10.248 INFO:teuthology.orchestra.run.vm03.stdout:/usr/bin/ceph: stderr
2026-03-10T14:03:10.067+0000 7f7dfcec7700 1 --2- >> [v2:192.168.123.103:3300/0,v1:192.168.123.103:6789/0] conn(0x7f7df8107f20 0x7f7df8108330 unknown :-1 s=BANNER_CONNECTING pgs=0 cs=0 l=0 rev1=0 crypto rx=0 tx=0 comp rx=0 tx=0)._handle_peer_banner_payload supported=3 required=0
2026-03-10T14:03:10.248 INFO:teuthology.orchestra.run.vm03.stdout:/usr/bin/ceph: stderr
2026-03-10T14:03:10.068+0000 7f7dfcec7700 1 --2- >> [v2:192.168.123.103:3300/0,v1:192.168.123.103:6789/0] conn(0x7f7df8107f20 0x7f7df8108330 unknown :-1 s=HELLO_CONNECTING pgs=0 cs=0 l=0 rev1=1 crypto rx=0 tx=0 comp rx=0 tx=0).handle_hello peer v2:192.168.123.103:3300/0 says I am v2:192.168.123.103:33396/0 (socket says 192.168.123.103:33396)
2026-03-10T14:03:10.248 INFO:teuthology.orchestra.run.vm03.stdout:/usr/bin/ceph: stderr
2026-03-10T14:03:10.068+0000 7f7dfcec7700 1 -- 192.168.123.103:0/2830249555 learned_addr learned my addr 192.168.123.103:0/2830249555 (peer_addr_for_me v2:192.168.123.103:0/0)
2026-03-10T14:03:10.248 INFO:teuthology.orchestra.run.vm03.stdout:/usr/bin/ceph: stderr
2026-03-10T14:03:10.071+0000 7f7dfcec7700 1 -- 192.168.123.103:0/2830249555 --> [v2:192.168.123.103:3300/0,v1:192.168.123.103:6789/0] -- mon_subscribe({config=0+,monmap=0+}) v3 -- 0x7f7df81089b0 con 0x7f7df8107f20
2026-03-10T14:03:10.248 INFO:teuthology.orchestra.run.vm03.stdout:/usr/bin/ceph: stderr
2026-03-10T14:03:10.072+0000 7f7dfcec7700 1 --2- 192.168.123.103:0/2830249555 >> [v2:192.168.123.103:3300/0,v1:192.168.123.103:6789/0] conn(0x7f7df8107f20 0x7f7df8108330 secure :-1 s=READY pgs=88 cs=0 l=1 rev1=1 crypto rx=0x7f7de8009cf0 tx=0x7f7de800b0e0 comp rx=0 tx=0).ready entity=mon.0 client_cookie=30cb2a3e9158e6ea server_cookie=0 in_seq=0 out_seq=0
2026-03-10T14:03:10.248 INFO:teuthology.orchestra.run.vm03.stdout:/usr/bin/ceph: stderr
2026-03-10T14:03:10.072+0000 7f7df77fe700 1 -- 192.168.123.103:0/2830249555 <== mon.0 v2:192.168.123.103:3300/0 1 ==== mon_map magic: 0 v1 ==== 214+0+0 (secure 0 0 0) 0x7f7de8004030 con 0x7f7df8107f20
2026-03-10T14:03:10.248 INFO:teuthology.orchestra.run.vm03.stdout:/usr/bin/ceph: stderr
2026-03-10T14:03:10.072+0000 7f7df77fe700 1 -- 192.168.123.103:0/2830249555 <== mon.0 v2:192.168.123.103:3300/0 2 ==== config(28 keys) v1 ==== 1139+0+0 (secure 0 0 0) 0x7f7de800b810 con 0x7f7df8107f20
2026-03-10T14:03:10.248 INFO:teuthology.orchestra.run.vm03.stdout:/usr/bin/ceph: stderr
2026-03-10T14:03:10.073+0000 7f7dff12b700 1 -- 192.168.123.103:0/2830249555 >> [v2:192.168.123.103:3300/0,v1:192.168.123.103:6789/0] conn(0x7f7df8107f20 msgr2=0x7f7df8108330 secure :-1 s=STATE_CONNECTION_ESTABLISHED l=1).mark_down
2026-03-10T14:03:10.248 INFO:teuthology.orchestra.run.vm03.stdout:/usr/bin/ceph: stderr
2026-03-10T14:03:10.073+0000 7f7dff12b700 1 --2- 192.168.123.103:0/2830249555 >> [v2:192.168.123.103:3300/0,v1:192.168.123.103:6789/0] conn(0x7f7df8107f20 0x7f7df8108330 secure :-1 s=READY pgs=88 cs=0 l=1 rev1=1 crypto rx=0x7f7de8009cf0 tx=0x7f7de800b0e0 comp rx=0 tx=0).stop
2026-03-10T14:03:10.248 INFO:teuthology.orchestra.run.vm03.stdout:/usr/bin/ceph: stderr
2026-03-10T14:03:10.073+0000 7f7dff12b700 1 -- 192.168.123.103:0/2830249555 shutdown_connections
2026-03-10T14:03:10.248 INFO:teuthology.orchestra.run.vm03.stdout:/usr/bin/ceph: stderr
2026-03-10T14:03:10.073+0000 7f7dff12b700 1 --2- 192.168.123.103:0/2830249555 >> [v2:192.168.123.103:3300/0,v1:192.168.123.103:6789/0] conn(0x7f7df8107f20 0x7f7df8108330 unknown :-1 s=CLOSED pgs=88 cs=0 l=1 rev1=1 crypto rx=0 tx=0 comp rx=0 tx=0).stop
2026-03-10T14:03:10.248 INFO:teuthology.orchestra.run.vm03.stdout:/usr/bin/ceph: stderr
2026-03-10T14:03:10.073+0000 7f7dff12b700 1 -- 192.168.123.103:0/2830249555 >> 192.168.123.103:0/2830249555 conn(0x7f7df807b4b0 msgr2=0x7f7df807b8d0 unknown :-1 s=STATE_NONE l=0).mark_down
2026-03-10T14:03:10.248 INFO:teuthology.orchestra.run.vm03.stdout:/usr/bin/ceph: stderr
2026-03-10T14:03:10.073+0000 7f7dff12b700 1 -- 192.168.123.103:0/2830249555 shutdown_connections
2026-03-10T14:03:10.248 INFO:teuthology.orchestra.run.vm03.stdout:/usr/bin/ceph: stderr
2026-03-10T14:03:10.073+0000 7f7dff12b700 1 -- 192.168.123.103:0/2830249555 wait complete.
2026-03-10T14:03:10.248 INFO:teuthology.orchestra.run.vm03.stdout:/usr/bin/ceph: stderr
2026-03-10T14:03:10.074+0000 7f7dff12b700 1 Processor -- start
2026-03-10T14:03:10.248 INFO:teuthology.orchestra.run.vm03.stdout:/usr/bin/ceph: stderr
2026-03-10T14:03:10.074+0000 7f7dff12b700 1 -- start start
2026-03-10T14:03:10.249 INFO:teuthology.orchestra.run.vm03.stdout:/usr/bin/ceph: stderr
2026-03-10T14:03:10.074+0000 7f7dff12b700 1 --2- >> [v2:192.168.123.103:3300/0,v1:192.168.123.103:6789/0] conn(0x7f7df8107f20 0x7f7df819c040 unknown :-1 s=NONE pgs=0 cs=0 l=1 rev1=0 crypto rx=0 tx=0 comp rx=0 tx=0).connect
2026-03-10T14:03:10.249 INFO:teuthology.orchestra.run.vm03.stdout:/usr/bin/ceph: stderr
2026-03-10T14:03:10.074+0000 7f7dff12b700 1 -- --> [v2:192.168.123.103:3300/0,v1:192.168.123.103:6789/0] -- mon_getmap magic: 0 v1 -- 0x7f7df8108870 con 0x7f7df8107f20
2026-03-10T14:03:10.249 INFO:teuthology.orchestra.run.vm03.stdout:/usr/bin/ceph: stderr
2026-03-10T14:03:10.074+0000 7f7dfcec7700 1 --2- >> [v2:192.168.123.103:3300/0,v1:192.168.123.103:6789/0] conn(0x7f7df8107f20 0x7f7df819c040 unknown :-1 s=BANNER_CONNECTING pgs=0 cs=0 l=1 rev1=0 crypto rx=0 tx=0 comp rx=0 tx=0)._handle_peer_banner_payload supported=3 required=0
2026-03-10T14:03:10.249 INFO:teuthology.orchestra.run.vm03.stdout:/usr/bin/ceph: stderr
2026-03-10T14:03:10.074+0000 7f7dfcec7700 1 --2- >> [v2:192.168.123.103:3300/0,v1:192.168.123.103:6789/0] conn(0x7f7df8107f20 0x7f7df819c040 unknown :-1 s=HELLO_CONNECTING pgs=0 cs=0 l=1 rev1=1 crypto rx=0 tx=0 comp rx=0 tx=0).handle_hello peer v2:192.168.123.103:3300/0 says I am v2:192.168.123.103:33406/0 (socket says 192.168.123.103:33406)
2026-03-10T14:03:10.249 INFO:teuthology.orchestra.run.vm03.stdout:/usr/bin/ceph: stderr
2026-03-10T14:03:10.074+0000 7f7dfcec7700 1 -- 192.168.123.103:0/1259425877 learned_addr learned my addr 192.168.123.103:0/1259425877 (peer_addr_for_me v2:192.168.123.103:0/0)
2026-03-10T14:03:10.249 INFO:teuthology.orchestra.run.vm03.stdout:/usr/bin/ceph: stderr
2026-03-10T14:03:10.075+0000 7f7dfcec7700 1 -- 192.168.123.103:0/1259425877 --> [v2:192.168.123.103:3300/0,v1:192.168.123.103:6789/0] -- mon_subscribe({config=0+,monmap=0+}) v3 -- 0x7f7de8009740 con 0x7f7df8107f20
2026-03-10T14:03:10.249 INFO:teuthology.orchestra.run.vm03.stdout:/usr/bin/ceph: stderr
2026-03-10T14:03:10.075+0000 7f7dfcec7700 1 --2- 192.168.123.103:0/1259425877 >> [v2:192.168.123.103:3300/0,v1:192.168.123.103:6789/0] conn(0x7f7df8107f20 0x7f7df819c040 secure :-1 s=READY pgs=89 cs=0 l=1 rev1=1 crypto rx=0x7f7de800bf40 tx=0x7f7de8003d30 comp rx=0 tx=0).ready entity=mon.0 client_cookie=0 server_cookie=0 in_seq=0 out_seq=0
2026-03-10T14:03:10.249 INFO:teuthology.orchestra.run.vm03.stdout:/usr/bin/ceph: stderr
2026-03-10T14:03:10.075+0000 7f7df5ffb700 1 -- 192.168.123.103:0/1259425877 <== mon.0 v2:192.168.123.103:3300/0 1 ==== mon_map magic: 0 v1 ==== 214+0+0 (secure 0 0 0) 0x7f7de8003f40 con 0x7f7df8107f20
2026-03-10T14:03:10.249 INFO:teuthology.orchestra.run.vm03.stdout:/usr/bin/ceph: stderr
2026-03-10T14:03:10.075+0000 7f7df5ffb700 1 -- 192.168.123.103:0/1259425877 <== mon.0 v2:192.168.123.103:3300/0 2 ==== config(28 keys) v1 ==== 1139+0+0 (secure 0 0 0) 0x7f7de8004580 con 0x7f7df8107f20
2026-03-10T14:03:10.249 INFO:teuthology.orchestra.run.vm03.stdout:/usr/bin/ceph: stderr
2026-03-10T14:03:10.075+0000 7f7df5ffb700 1 -- 192.168.123.103:0/1259425877 <== mon.0 v2:192.168.123.103:3300/0 3 ==== mon_map magic: 0 v1 ==== 214+0+0 (secure 0 0 0) 0x7f7de801ae60 con 0x7f7df8107f20
2026-03-10T14:03:10.249 INFO:teuthology.orchestra.run.vm03.stdout:/usr/bin/ceph: stderr
2026-03-10T14:03:10.075+0000 7f7dff12b700 1 -- 192.168.123.103:0/1259425877 --> [v2:192.168.123.103:3300/0,v1:192.168.123.103:6789/0] -- mon_subscribe({mgrmap=0+}) v3 -- 0x7f7df819c580 con 0x7f7df8107f20
2026-03-10T14:03:10.249 INFO:teuthology.orchestra.run.vm03.stdout:/usr/bin/ceph: stderr
2026-03-10T14:03:10.075+0000 7f7dff12b700 1 -- 192.168.123.103:0/1259425877 --> [v2:192.168.123.103:3300/0,v1:192.168.123.103:6789/0] -- mon_subscribe({osdmap=0}) v3 -- 0x7f7df819ca20 con 0x7f7df8107f20
2026-03-10T14:03:10.249 INFO:teuthology.orchestra.run.vm03.stdout:/usr/bin/ceph: stderr
2026-03-10T14:03:10.076+0000 7f7df5ffb700 1 -- 192.168.123.103:0/1259425877 <== mon.0 v2:192.168.123.103:3300/0 4 ==== mgrmap(e 12) v1 ==== 45092+0+0 (secure 0 0 0) 0x7f7de801a430 con 0x7f7df8107f20
2026-03-10T14:03:10.250 INFO:teuthology.orchestra.run.vm03.stdout:/usr/bin/ceph: stderr
2026-03-10T14:03:10.077+0000 7f7df5ffb700 1 --2- 192.168.123.103:0/1259425877 >> [v2:192.168.123.103:6800/2,v1:192.168.123.103:6801/2] conn(0x7f7de00384e0 0x7f7de003a990 unknown :-1 s=NONE pgs=0 cs=0 l=1 rev1=0 crypto rx=0 tx=0 comp rx=0 tx=0).connect
2026-03-10T14:03:10.250 INFO:teuthology.orchestra.run.vm03.stdout:/usr/bin/ceph: stderr
2026-03-10T14:03:10.077+0000 7f7df5ffb700 1 -- 192.168.123.103:0/1259425877 <== mon.0 v2:192.168.123.103:3300/0 5 ==== osd_map(3..3 src has 1..3) v4 ==== 1069+0+0 (secure 0 0 0) 0x7f7de804be00 con 0x7f7df8107f20
2026-03-10T14:03:10.250 INFO:teuthology.orchestra.run.vm03.stdout:/usr/bin/ceph: stderr
2026-03-10T14:03:10.077+0000 7f7df7fff700 1 --2- 192.168.123.103:0/1259425877 >> [v2:192.168.123.103:6800/2,v1:192.168.123.103:6801/2] conn(0x7f7de00384e0 0x7f7de003a990 unknown :-1 s=BANNER_CONNECTING pgs=0 cs=0 l=1 rev1=0 crypto rx=0 tx=0 comp rx=0 tx=0)._handle_peer_banner_payload supported=3 required=0
2026-03-10T14:03:10.250 INFO:teuthology.orchestra.run.vm03.stdout:/usr/bin/ceph: stderr
2026-03-10T14:03:10.077+0000 7f7dff12b700 1 -- 192.168.123.103:0/1259425877 --> [v2:192.168.123.103:3300/0,v1:192.168.123.103:6789/0] -- mon_command({"prefix": "get_command_descriptions"} v 0) v1 -- 0x7f7df8195f60 con 0x7f7df8107f20
2026-03-10T14:03:10.250 INFO:teuthology.orchestra.run.vm03.stdout:/usr/bin/ceph: stderr
2026-03-10T14:03:10.080+0000 7f7df7fff700 1 --2- 192.168.123.103:0/1259425877 >> [v2:192.168.123.103:6800/2,v1:192.168.123.103:6801/2] conn(0x7f7de00384e0 0x7f7de003a990 secure :-1 s=READY pgs=10 cs=0 l=1 rev1=1 crypto rx=0x7f7dec006fd0 tx=0x7f7dec006e40 comp rx=0 tx=0).ready entity=mgr.14164 client_cookie=0 server_cookie=0 in_seq=0 out_seq=0
2026-03-10T14:03:10.250 INFO:teuthology.orchestra.run.vm03.stdout:/usr/bin/ceph: stderr
2026-03-10T14:03:10.081+0000 7f7df5ffb700 1 -- 192.168.123.103:0/1259425877 <== mon.0 v2:192.168.123.103:3300/0 6 ==== mon_command_ack([{"prefix": "get_command_descriptions"}]=0 v0) v1 ==== 72+0+177933 (secure 0 0 0) 0x7f7de802b990 con 0x7f7df8107f20
2026-03-10T14:03:10.250 INFO:teuthology.orchestra.run.vm03.stdout:/usr/bin/ceph: stderr
2026-03-10T14:03:10.180+0000 7f7dff12b700 1 -- 192.168.123.103:0/1259425877 --> [v2:192.168.123.103:3300/0,v1:192.168.123.103:6789/0] -- mon_command([{prefix=config set, name=osd_memory_target_autotune}] v 0) v1 -- 0x7f7df819ccd0 con 0x7f7df8107f20
2026-03-10T14:03:10.250 INFO:teuthology.orchestra.run.vm03.stdout:/usr/bin/ceph: stderr
2026-03-10T14:03:10.181+0000 7f7df5ffb700 1 -- 192.168.123.103:0/1259425877 <== mon.0 v2:192.168.123.103:3300/0 7 ==== mon_command_ack([{prefix=config set, name=osd_memory_target_autotune}]=0 v8)=0 v8) v1 ==== 127+0+0 (secure 0 0 0) 0x7f7de802b340 con 0x7f7df8107f20
2026-03-10T14:03:10.250 INFO:teuthology.orchestra.run.vm03.stdout:/usr/bin/ceph: stderr
2026-03-10T14:03:10.184+0000 7f7dff12b700 1 -- 192.168.123.103:0/1259425877 >> [v2:192.168.123.103:6800/2,v1:192.168.123.103:6801/2] conn(0x7f7de00384e0 msgr2=0x7f7de003a990 secure :-1 s=STATE_CONNECTION_ESTABLISHED l=1).mark_down
2026-03-10T14:03:10.250 INFO:teuthology.orchestra.run.vm03.stdout:/usr/bin/ceph: stderr
2026-03-10T14:03:10.184+0000 7f7dff12b700 1 --2- 192.168.123.103:0/1259425877 >> [v2:192.168.123.103:6800/2,v1:192.168.123.103:6801/2] conn(0x7f7de00384e0 0x7f7de003a990 secure :-1 s=READY pgs=10 cs=0 l=1 rev1=1 crypto rx=0x7f7dec006fd0 tx=0x7f7dec006e40 comp rx=0 tx=0).stop
2026-03-10T14:03:10.250 INFO:teuthology.orchestra.run.vm03.stdout:/usr/bin/ceph: stderr
2026-03-10T14:03:10.184+0000 7f7dff12b700 1 -- 192.168.123.103:0/1259425877 >> [v2:192.168.123.103:3300/0,v1:192.168.123.103:6789/0] conn(0x7f7df8107f20 msgr2=0x7f7df819c040 secure :-1 s=STATE_CONNECTION_ESTABLISHED l=1).mark_down
2026-03-10T14:03:10.250 INFO:teuthology.orchestra.run.vm03.stdout:/usr/bin/ceph: stderr
2026-03-10T14:03:10.184+0000 7f7dff12b700 1 --2- 192.168.123.103:0/1259425877 >> [v2:192.168.123.103:3300/0,v1:192.168.123.103:6789/0] conn(0x7f7df8107f20 0x7f7df819c040 secure :-1 s=READY pgs=89 cs=0 l=1 rev1=1 crypto rx=0x7f7de800bf40 tx=0x7f7de8003d30 comp rx=0 tx=0).stop
2026-03-10T14:03:10.250 INFO:teuthology.orchestra.run.vm03.stdout:/usr/bin/ceph: stderr
2026-03-10T14:03:10.184+0000 7f7dff12b700 1 -- 192.168.123.103:0/1259425877 shutdown_connections
2026-03-10T14:03:10.250 INFO:teuthology.orchestra.run.vm03.stdout:/usr/bin/ceph: stderr
2026-03-10T14:03:10.184+0000 7f7dff12b700 1 --2- 192.168.123.103:0/1259425877 >> [v2:192.168.123.103:6800/2,v1:192.168.123.103:6801/2] conn(0x7f7de00384e0 0x7f7de003a990 unknown :-1 s=CLOSED pgs=10 cs=0 l=1 rev1=1 crypto rx=0 tx=0 comp rx=0 tx=0).stop
2026-03-10T14:03:10.250 INFO:teuthology.orchestra.run.vm03.stdout:/usr/bin/ceph: stderr
2026-03-10T14:03:10.184+0000 7f7dff12b700 1 --2- 192.168.123.103:0/1259425877 >> [v2:192.168.123.103:3300/0,v1:192.168.123.103:6789/0] conn(0x7f7df8107f20 0x7f7df819c040 secure :-1 s=CLOSED pgs=89 cs=0 l=1 rev1=1 crypto rx=0x7f7de800bf40 tx=0x7f7de8003d30 comp rx=0 tx=0).stop
2026-03-10T14:03:10.250 INFO:teuthology.orchestra.run.vm03.stdout:/usr/bin/ceph: stderr
2026-03-10T14:03:10.184+0000 7f7dff12b700 1 -- 192.168.123.103:0/1259425877 >> 192.168.123.103:0/1259425877 conn(0x7f7df807b4b0 msgr2=0x7f7df8106da0 unknown :-1 s=STATE_NONE l=0).mark_down
2026-03-10T14:03:10.250 INFO:teuthology.orchestra.run.vm03.stdout:/usr/bin/ceph: stderr
2026-03-10T14:03:10.184+0000 7f7dff12b700 1 -- 192.168.123.103:0/1259425877 shutdown_connections
2026-03-10T14:03:10.250 INFO:teuthology.orchestra.run.vm03.stdout:/usr/bin/ceph: stderr
2026-03-10T14:03:10.184+0000 7f7dff12b700 1 -- 192.168.123.103:0/1259425877 wait complete.
2026-03-10T14:03:10.599 INFO:teuthology.orchestra.run.vm03.stdout:/usr/bin/ceph: stderr
2026-03-10T14:03:10.372+0000 7f57879af700 1 Processor -- start
2026-03-10T14:03:10.599 INFO:teuthology.orchestra.run.vm03.stdout:/usr/bin/ceph: stderr
2026-03-10T14:03:10.373+0000 7f57879af700 1 -- start start
2026-03-10T14:03:10.599 INFO:teuthology.orchestra.run.vm03.stdout:/usr/bin/ceph: stderr
2026-03-10T14:03:10.373+0000 7f57879af700 1 --2- >> [v2:192.168.123.103:3300/0,v1:192.168.123.103:6789/0] conn(0x7f57801038a0 0x7f5780103cb0 unknown :-1 s=NONE pgs=0 cs=0 l=0 rev1=0 crypto rx=0 tx=0 comp rx=0 tx=0).connect
2026-03-10T14:03:10.599 INFO:teuthology.orchestra.run.vm03.stdout:/usr/bin/ceph: stderr
2026-03-10T14:03:10.373+0000 7f57879af700 1 -- --> [v2:192.168.123.103:3300/0,v1:192.168.123.103:6789/0] -- mon_getmap magic: 0 v1 -- 0x7f5780104280 con 0x7f57801038a0
2026-03-10T14:03:10.599 INFO:teuthology.orchestra.run.vm03.stdout:/usr/bin/ceph: stderr
2026-03-10T14:03:10.373+0000 7f578574b700 1 --2- >> [v2:192.168.123.103:3300/0,v1:192.168.123.103:6789/0] conn(0x7f57801038a0 0x7f5780103cb0 unknown :-1 s=BANNER_CONNECTING pgs=0 cs=0 l=0 rev1=0 crypto rx=0 tx=0 comp rx=0 tx=0)._handle_peer_banner_payload supported=3 required=0
2026-03-10T14:03:10.599 INFO:teuthology.orchestra.run.vm03.stdout:/usr/bin/ceph: stderr
2026-03-10T14:03:10.374+0000 7f578574b700 1 --2- >> [v2:192.168.123.103:3300/0,v1:192.168.123.103:6789/0] conn(0x7f57801038a0 0x7f5780103cb0 unknown :-1 s=HELLO_CONNECTING pgs=0 cs=0 l=0 rev1=1 crypto rx=0 tx=0 comp rx=0 tx=0).handle_hello peer v2:192.168.123.103:3300/0 says I am v2:192.168.123.103:33420/0 (socket says 192.168.123.103:33420)
2026-03-10T14:03:10.599 INFO:teuthology.orchestra.run.vm03.stdout:/usr/bin/ceph: stderr
2026-03-10T14:03:10.374+0000 7f578574b700 1 -- 192.168.123.103:0/117519670 learned_addr learned my addr 192.168.123.103:0/117519670 (peer_addr_for_me v2:192.168.123.103:0/0)
2026-03-10T14:03:10.599 INFO:teuthology.orchestra.run.vm03.stdout:/usr/bin/ceph: stderr
2026-03-10T14:03:10.374+0000 7f578574b700 1 -- 192.168.123.103:0/117519670 --> [v2:192.168.123.103:3300/0,v1:192.168.123.103:6789/0] -- mon_subscribe({config=0+,monmap=0+}) v3 -- 0x7f57801043c0 con 0x7f57801038a0
2026-03-10T14:03:10.599 INFO:teuthology.orchestra.run.vm03.stdout:/usr/bin/ceph: stderr
2026-03-10T14:03:10.374+0000 7f578574b700 1 --2- 192.168.123.103:0/117519670 >> [v2:192.168.123.103:3300/0,v1:192.168.123.103:6789/0] conn(0x7f57801038a0 0x7f5780103cb0 secure :-1 s=READY pgs=90 cs=0 l=1 rev1=1 crypto rx=0x7f577c009cf0 tx=0x7f577c00b0e0 comp rx=0 tx=0).ready entity=mon.0 client_cookie=c7d3c20b1f8515b server_cookie=0 in_seq=0 out_seq=0
2026-03-10T14:03:10.599 INFO:teuthology.orchestra.run.vm03.stdout:/usr/bin/ceph: stderr
2026-03-10T14:03:10.375+0000 7f5777fff700 1 -- 192.168.123.103:0/117519670 <== mon.0 v2:192.168.123.103:3300/0 1 ==== mon_map magic: 0 v1 ==== 214+0+0 (secure 0 0 0) 0x7f577c004030 con 0x7f57801038a0
2026-03-10T14:03:10.599 INFO:teuthology.orchestra.run.vm03.stdout:/usr/bin/ceph: stderr
2026-03-10T14:03:10.375+0000 7f5777fff700 1 -- 192.168.123.103:0/117519670 <== mon.0 v2:192.168.123.103:3300/0 2 ==== config(28 keys) v1 ==== 1139+0+0 (secure 0 0 0) 0x7f577c00b810 con 0x7f57801038a0
2026-03-10T14:03:10.599 INFO:teuthology.orchestra.run.vm03.stdout:/usr/bin/ceph: stderr
2026-03-10T14:03:10.375+0000 7f5777fff700 1 -- 192.168.123.103:0/117519670 <== mon.0 v2:192.168.123.103:3300/0 3 ==== mon_map magic: 0 v1 ==== 214+0+0 (secure 0 0 0) 0x7f577c003b10 con 0x7f57801038a0
2026-03-10T14:03:10.599 INFO:teuthology.orchestra.run.vm03.stdout:/usr/bin/ceph: stderr
2026-03-10T14:03:10.375+0000 7f57879af700 1 -- 192.168.123.103:0/117519670 >> [v2:192.168.123.103:3300/0,v1:192.168.123.103:6789/0] conn(0x7f57801038a0 msgr2=0x7f5780103cb0 secure :-1 s=STATE_CONNECTION_ESTABLISHED l=1).mark_down
2026-03-10T14:03:10.599 INFO:teuthology.orchestra.run.vm03.stdout:/usr/bin/ceph: stderr
2026-03-10T14:03:10.375+0000 7f57879af700 1 --2- 192.168.123.103:0/117519670 >> [v2:192.168.123.103:3300/0,v1:192.168.123.103:6789/0] conn(0x7f57801038a0 0x7f5780103cb0 secure :-1 s=READY pgs=90 cs=0 l=1 rev1=1 crypto rx=0x7f577c009cf0 tx=0x7f577c00b0e0 comp rx=0 tx=0).stop
2026-03-10T14:03:10.599 INFO:teuthology.orchestra.run.vm03.stdout:/usr/bin/ceph: stderr
2026-03-10T14:03:10.376+0000 7f57879af700 1 -- 192.168.123.103:0/117519670 shutdown_connections
2026-03-10T14:03:10.599 INFO:teuthology.orchestra.run.vm03.stdout:/usr/bin/ceph: stderr
2026-03-10T14:03:10.376+0000 7f57879af700 1 --2- 192.168.123.103:0/117519670 >> [v2:192.168.123.103:3300/0,v1:192.168.123.103:6789/0] conn(0x7f57801038a0 0x7f5780103cb0 unknown :-1 s=CLOSED pgs=90 cs=0 l=1 rev1=1 crypto rx=0 tx=0 comp rx=0 tx=0).stop
2026-03-10T14:03:10.599 INFO:teuthology.orchestra.run.vm03.stdout:/usr/bin/ceph: stderr
2026-03-10T14:03:10.376+0000 7f57879af700 1 -- 192.168.123.103:0/117519670 >> 192.168.123.103:0/117519670 conn(0x7f57800ff5f0 msgr2=0x7f5780101a00 unknown :-1 s=STATE_NONE l=0).mark_down
2026-03-10T14:03:10.599 INFO:teuthology.orchestra.run.vm03.stdout:/usr/bin/ceph: stderr
2026-03-10T14:03:10.376+0000 7f57879af700 1 -- 192.168.123.103:0/117519670 shutdown_connections
2026-03-10T14:03:10.599 INFO:teuthology.orchestra.run.vm03.stdout:/usr/bin/ceph: stderr
2026-03-10T14:03:10.376+0000 7f57879af700 1 -- 192.168.123.103:0/117519670 wait complete.
2026-03-10T14:03:10.600 INFO:teuthology.orchestra.run.vm03.stdout:/usr/bin/ceph: stderr
2026-03-10T14:03:10.376+0000 7f57879af700 1 Processor -- start
2026-03-10T14:03:10.600 INFO:teuthology.orchestra.run.vm03.stdout:/usr/bin/ceph: stderr
2026-03-10T14:03:10.377+0000 7f57879af700 1 -- start start
2026-03-10T14:03:10.600 INFO:teuthology.orchestra.run.vm03.stdout:/usr/bin/ceph: stderr
2026-03-10T14:03:10.377+0000 7f57879af700 1 --2- >> [v2:192.168.123.103:3300/0,v1:192.168.123.103:6789/0] conn(0x7f57801038a0 0x7f5780197870 unknown :-1 s=NONE pgs=0 cs=0 l=1 rev1=0 crypto rx=0 tx=0 comp rx=0 tx=0).connect
2026-03-10T14:03:10.600 INFO:teuthology.orchestra.run.vm03.stdout:/usr/bin/ceph: stderr
2026-03-10T14:03:10.377+0000 7f57879af700 1 -- --> [v2:192.168.123.103:3300/0,v1:192.168.123.103:6789/0] -- mon_getmap magic: 0 v1 -- 0x7f5780197db0 con 0x7f57801038a0
2026-03-10T14:03:10.600 INFO:teuthology.orchestra.run.vm03.stdout:/usr/bin/ceph: stderr
2026-03-10T14:03:10.377+0000 7f578574b700 1 --2- >> [v2:192.168.123.103:3300/0,v1:192.168.123.103:6789/0] conn(0x7f57801038a0 0x7f5780197870 unknown :-1 s=BANNER_CONNECTING pgs=0 cs=0 l=1 rev1=0 crypto rx=0 tx=0 comp rx=0 tx=0)._handle_peer_banner_payload supported=3 required=0
2026-03-10T14:03:10.600 INFO:teuthology.orchestra.run.vm03.stdout:/usr/bin/ceph: stderr
2026-03-10T14:03:10.377+0000 7f578574b700 1 --2- >> [v2:192.168.123.103:3300/0,v1:192.168.123.103:6789/0] conn(0x7f57801038a0 0x7f5780197870 unknown :-1 s=HELLO_CONNECTING pgs=0 cs=0 l=1 rev1=1 crypto rx=0 tx=0 comp rx=0 tx=0).handle_hello peer v2:192.168.123.103:3300/0 says I am v2:192.168.123.103:33428/0 (socket says 192.168.123.103:33428)
2026-03-10T14:03:10.600 INFO:teuthology.orchestra.run.vm03.stdout:/usr/bin/ceph: stderr
2026-03-10T14:03:10.377+0000 7f578574b700 1 -- 192.168.123.103:0/3443260979 learned_addr learned my addr 192.168.123.103:0/3443260979 (peer_addr_for_me v2:192.168.123.103:0/0)
2026-03-10T14:03:10.600 INFO:teuthology.orchestra.run.vm03.stdout:/usr/bin/ceph: stderr
2026-03-10T14:03:10.378+0000 7f578574b700 1 -- 192.168.123.103:0/3443260979 --> [v2:192.168.123.103:3300/0,v1:192.168.123.103:6789/0] -- mon_subscribe({config=0+,monmap=0+}) v3 -- 0x7f577c009740 con 0x7f57801038a0
2026-03-10T14:03:10.600 INFO:teuthology.orchestra.run.vm03.stdout:/usr/bin/ceph: stderr
2026-03-10T14:03:10.378+0000 7f578574b700 1 --2- 192.168.123.103:0/3443260979 >> [v2:192.168.123.103:3300/0,v1:192.168.123.103:6789/0] conn(0x7f57801038a0 0x7f5780197870 secure :-1 s=READY pgs=91 cs=0 l=1 rev1=1 crypto rx=0x7f577c000c00 tx=0x7f577c011890 comp rx=0 tx=0).ready entity=mon.0 client_cookie=0 server_cookie=0 in_seq=0 out_seq=0
2026-03-10T14:03:10.600 INFO:teuthology.orchestra.run.vm03.stdout:/usr/bin/ceph: stderr
2026-03-10T14:03:10.378+0000 7f57767fc700 1 -- 192.168.123.103:0/3443260979 <== mon.0 v2:192.168.123.103:3300/0 1 ==== mon_map magic: 0 v1 ==== 214+0+0 (secure 0 0 0) 0x7f577c011bc0 con 0x7f57801038a0
2026-03-10T14:03:10.600 INFO:teuthology.orchestra.run.vm03.stdout:/usr/bin/ceph: stderr
2026-03-10T14:03:10.378+0000 7f57767fc700 1 -- 192.168.123.103:0/3443260979 <== mon.0 v2:192.168.123.103:3300/0 2 ==== config(28 keys) v1 ==== 1139+0+0 (secure 0 0 0) 0x7f577c011d20 con 0x7f57801038a0
2026-03-10T14:03:10.600 INFO:teuthology.orchestra.run.vm03.stdout:/usr/bin/ceph: stderr
2026-03-10T14:03:10.378+0000 7f57767fc700 1 -- 192.168.123.103:0/3443260979 <== mon.0 v2:192.168.123.103:3300/0 3 ==== mon_map magic: 0 v1 ==== 214+0+0 (secure 0 0 0) 0x7f577c01a590 con 0x7f57801038a0
2026-03-10T14:03:10.600 INFO:teuthology.orchestra.run.vm03.stdout:/usr/bin/ceph: stderr
2026-03-10T14:03:10.378+0000 7f57879af700 1 -- 192.168.123.103:0/3443260979 --> [v2:192.168.123.103:3300/0,v1:192.168.123.103:6789/0] -- mon_subscribe({mgrmap=0+}) v3 -- 0x7f5780197fb0 con 0x7f57801038a0
2026-03-10T14:03:10.600 INFO:teuthology.orchestra.run.vm03.stdout:/usr/bin/ceph: stderr
2026-03-10T14:03:10.378+0000 7f57879af700 1 -- 192.168.123.103:0/3443260979 --> [v2:192.168.123.103:3300/0,v1:192.168.123.103:6789/0] -- mon_subscribe({osdmap=0}) v3 -- 0x7f5780198450 con 0x7f57801038a0
2026-03-10T14:03:10.600 INFO:teuthology.orchestra.run.vm03.stdout:/usr/bin/ceph: stderr
2026-03-10T14:03:10.380+0000 7f57767fc700 1 -- 192.168.123.103:0/3443260979 <== mon.0 v2:192.168.123.103:3300/0 4 ==== mgrmap(e 12) v1 ==== 45092+0+0 (secure 0 0 0) 0x7f577c01b440 con 0x7f57801038a0
2026-03-10T14:03:10.600 INFO:teuthology.orchestra.run.vm03.stdout:/usr/bin/ceph: stderr
2026-03-10T14:03:10.380+0000 7f57879af700 1 -- 192.168.123.103:0/3443260979 --> [v2:192.168.123.103:3300/0,v1:192.168.123.103:6789/0] -- mon_command({"prefix": "get_command_descriptions"} v 0) v1 -- 0x7f5780191080 con 0x7f57801038a0
2026-03-10T14:03:10.600 INFO:teuthology.orchestra.run.vm03.stdout:/usr/bin/ceph: stderr
2026-03-10T14:03:10.380+0000 7f57767fc700 1 --2- 192.168.123.103:0/3443260979 >> [v2:192.168.123.103:6800/2,v1:192.168.123.103:6801/2] conn(0x7f576c038500 0x7f576c03a9b0 unknown :-1 s=NONE pgs=0 cs=0 l=1 rev1=0 crypto rx=0 tx=0 comp rx=0 tx=0).connect
2026-03-10T14:03:10.600 INFO:teuthology.orchestra.run.vm03.stdout:/usr/bin/ceph: stderr
2026-03-10T14:03:10.380+0000 7f57767fc700 1 -- 192.168.123.103:0/3443260979 <== mon.0 v2:192.168.123.103:3300/0 5 ==== osd_map(3..3 src has 1..3) v4 ==== 1069+0+0 (secure 0 0 0) 0x7f577c04bf20 con 0x7f57801038a0
2026-03-10T14:03:10.600 INFO:teuthology.orchestra.run.vm03.stdout:/usr/bin/ceph: stderr
2026-03-10T14:03:10.380+0000 7f5784f4a700 1 --2- 192.168.123.103:0/3443260979 >> [v2:192.168.123.103:6800/2,v1:192.168.123.103:6801/2] conn(0x7f576c038500 0x7f576c03a9b0 unknown :-1 s=BANNER_CONNECTING pgs=0 cs=0 l=1 rev1=0 crypto rx=0 tx=0 comp rx=0 tx=0)._handle_peer_banner_payload supported=3 required=0
2026-03-10T14:03:10.600 INFO:teuthology.orchestra.run.vm03.stdout:/usr/bin/ceph: stderr
2026-03-10T14:03:10.383+0000 7f57767fc700 1 -- 192.168.123.103:0/3443260979 <== mon.0 v2:192.168.123.103:3300/0 6 ==== mon_command_ack([{"prefix": "get_command_descriptions"}]=0 v0) v1 ==== 72+0+177933 (secure 0 0 0) 0x7f577c01a6f0 con 0x7f57801038a0
2026-03-10T14:03:10.600 INFO:teuthology.orchestra.run.vm03.stdout:/usr/bin/ceph: stderr
2026-03-10T14:03:10.383+0000 7f5784f4a700 1 --2- 192.168.123.103:0/3443260979 >> [v2:192.168.123.103:6800/2,v1:192.168.123.103:6801/2] conn(0x7f576c038500 0x7f576c03a9b0 secure :-1 s=READY pgs=11 cs=0 l=1 rev1=1 crypto rx=0x7f5770006fd0 tx=0x7f5770006e40 comp rx=0 tx=0).ready entity=mgr.14164 client_cookie=0 server_cookie=0 in_seq=0 out_seq=0
2026-03-10T14:03:10.600 INFO:teuthology.orchestra.run.vm03.stdout:/usr/bin/ceph: stderr
2026-03-10T14:03:10.548+0000 7f57879af700 1 -- 192.168.123.103:0/3443260979 --> [v2:192.168.123.103:3300/0,v1:192.168.123.103:6789/0] -- mon_command([{prefix=config-key set, key=mgr/dashboard/cluster/status}] v 0) v1 -- 0x7f5780062380 con 0x7f57801038a0
