2026-03-10T14:02:48.041 INFO:teuthology.orchestra.run.vm03.stdout:/usr/bin/ceph: stdout osd_map_max_advance = 10
2026-03-10T14:02:48.041 INFO:teuthology.orchestra.run.vm03.stdout:/usr/bin/ceph: stdout osd_sloppy_crc = true
2026-03-10T14:02:48.041 INFO:teuthology.orchestra.run.vm03.stdout:/usr/bin/ceph: stderr
2026-03-10T14:02:47.855+0000 7f4ad7ddc700 1 Processor -- start
2026-03-10T14:02:48.041 INFO:teuthology.orchestra.run.vm03.stdout:/usr/bin/ceph: stderr
2026-03-10T14:02:47.855+0000 7f4ad7ddc700 1 -- start start
2026-03-10T14:02:48.041 INFO:teuthology.orchestra.run.vm03.stdout:/usr/bin/ceph: stderr
2026-03-10T14:02:47.856+0000 7f4ad7ddc700 1 --2- >> [v2:192.168.123.103:3300/0,v1:192.168.123.103:6789/0] conn(0x7f4ad0105e50 0x7f4ad0106260 unknown :-1 s=NONE pgs=0 cs=0 l=0 rev1=0 crypto rx=0 tx=0 comp rx=0 tx=0).connect
2026-03-10T14:02:48.041 INFO:teuthology.orchestra.run.vm03.stdout:/usr/bin/ceph: stderr
2026-03-10T14:02:47.856+0000 7f4ad5b78700 1 --2- >> [v2:192.168.123.103:3300/0,v1:192.168.123.103:6789/0] conn(0x7f4ad0105e50 0x7f4ad0106260 unknown :-1 s=BANNER_CONNECTING pgs=0 cs=0 l=0 rev1=0 crypto rx=0 tx=0 comp rx=0 tx=0)._handle_peer_banner_payload supported=3 required=0
2026-03-10T14:02:48.041 INFO:teuthology.orchestra.run.vm03.stdout:/usr/bin/ceph: stderr
2026-03-10T14:02:47.856+0000 7f4ad5b78700 1 --2- >> [v2:192.168.123.103:3300/0,v1:192.168.123.103:6789/0] conn(0x7f4ad0105e50 0x7f4ad0106260 unknown :-1 s=HELLO_CONNECTING pgs=0 cs=0 l=0 rev1=1 crypto rx=0 tx=0 comp rx=0 tx=0).handle_hello peer v2:192.168.123.103:3300/0 says I am v2:192.168.123.103:58028/0 (socket says 192.168.123.103:58028)
2026-03-10T14:02:48.041 INFO:teuthology.orchestra.run.vm03.stdout:/usr/bin/ceph: stderr
2026-03-10T14:02:47.856+0000 7f4ad5b78700 1 -- 192.168.123.103:0/2290699772 learned_addr learned my addr 192.168.123.103:0/2290699772 (peer_addr_for_me v2:192.168.123.103:0/0)
2026-03-10T14:02:48.041 INFO:teuthology.orchestra.run.vm03.stdout:/usr/bin/ceph: stderr
2026-03-10T14:02:47.856+0000 7f4ad7ddc700 1 -- 192.168.123.103:0/2290699772 --> [v2:192.168.123.103:3300/0,v1:192.168.123.103:6789/0] -- mon_getmap magic: 0 v1 -- 0x7f4ad01067a0 con 0x7f4ad0105e50
2026-03-10T14:02:48.041 INFO:teuthology.orchestra.run.vm03.stdout:/usr/bin/ceph: stderr
2026-03-10T14:02:47.857+0000 7f4ad5b78700 1 -- 192.168.123.103:0/2290699772 --> [v2:192.168.123.103:3300/0,v1:192.168.123.103:6789/0] -- mon_subscribe({config=0+,monmap=0+}) v3 -- 0x7f4ad01068e0 con 0x7f4ad0105e50
2026-03-10T14:02:48.041 INFO:teuthology.orchestra.run.vm03.stdout:/usr/bin/ceph: stderr
2026-03-10T14:02:47.857+0000 7f4ad5b78700 1 --2- 192.168.123.103:0/2290699772 >> [v2:192.168.123.103:3300/0,v1:192.168.123.103:6789/0] conn(0x7f4ad0105e50 0x7f4ad0106260 secure :-1 s=READY pgs=20 cs=0 l=1 rev1=1 crypto rx=0x7f4acc009a90 tx=0x7f4acc009da0 comp rx=0 tx=0).ready entity=mon.0 client_cookie=69fdd06b8506f68a server_cookie=0 in_seq=0 out_seq=0
2026-03-10T14:02:48.041 INFO:teuthology.orchestra.run.vm03.stdout:/usr/bin/ceph: stderr
2026-03-10T14:02:47.857+0000 7f4ad4b76700 1 -- 192.168.123.103:0/2290699772 <== mon.0 v2:192.168.123.103:3300/0 1 ==== mon_map magic: 0 v1 ==== 214+0+0 (secure 0 0 0) 0x7f4acc004030 con 0x7f4ad0105e50
2026-03-10T14:02:48.041 INFO:teuthology.orchestra.run.vm03.stdout:/usr/bin/ceph: stderr
2026-03-10T14:02:47.857+0000 7f4ad4b76700 1 -- 192.168.123.103:0/2290699772 <== mon.0 v2:192.168.123.103:3300/0 2 ==== config(28 keys) v1 ==== 1075+0+0 (secure 0 0 0) 0x7f4acc00b7e0 con 0x7f4ad0105e50
2026-03-10T14:02:48.041 INFO:teuthology.orchestra.run.vm03.stdout:/usr/bin/ceph: stderr
2026-03-10T14:02:47.857+0000 7f4ad7ddc700 1 -- 192.168.123.103:0/2290699772 >> [v2:192.168.123.103:3300/0,v1:192.168.123.103:6789/0] conn(0x7f4ad0105e50 msgr2=0x7f4ad0106260 secure :-1 s=STATE_CONNECTION_ESTABLISHED l=1).mark_down
2026-03-10T14:02:48.041 INFO:teuthology.orchestra.run.vm03.stdout:/usr/bin/ceph: stderr
2026-03-10T14:02:47.857+0000 7f4ad7ddc700 1 --2- 192.168.123.103:0/2290699772 >> [v2:192.168.123.103:3300/0,v1:192.168.123.103:6789/0] conn(0x7f4ad0105e50 0x7f4ad0106260 secure :-1 s=READY pgs=20 cs=0 l=1 rev1=1 crypto rx=0x7f4acc009a90 tx=0x7f4acc009da0 comp rx=0 tx=0).stop
2026-03-10T14:02:48.041 INFO:teuthology.orchestra.run.vm03.stdout:/usr/bin/ceph: stderr
2026-03-10T14:02:47.858+0000 7f4ad7ddc700 1 -- 192.168.123.103:0/2290699772 shutdown_connections
2026-03-10T14:02:48.041 INFO:teuthology.orchestra.run.vm03.stdout:/usr/bin/ceph: stderr
2026-03-10T14:02:47.858+0000 7f4ad7ddc700 1 --2- 192.168.123.103:0/2290699772 >> [v2:192.168.123.103:3300/0,v1:192.168.123.103:6789/0] conn(0x7f4ad0105e50 0x7f4ad0106260 unknown :-1 s=CLOSED pgs=20 cs=0 l=1 rev1=1 crypto rx=0 tx=0 comp rx=0 tx=0).stop
2026-03-10T14:02:48.041 INFO:teuthology.orchestra.run.vm03.stdout:/usr/bin/ceph: stderr
2026-03-10T14:02:47.858+0000 7f4ad7ddc700 1 -- 192.168.123.103:0/2290699772 >> 192.168.123.103:0/2290699772 conn(0x7f4ad0101420 msgr2=0x7f4ad0103830 unknown :-1 s=STATE_NONE l=0).mark_down
2026-03-10T14:02:48.041 INFO:teuthology.orchestra.run.vm03.stdout:/usr/bin/ceph: stderr
2026-03-10T14:02:47.858+0000 7f4ad7ddc700 1 -- 192.168.123.103:0/2290699772 shutdown_connections
2026-03-10T14:02:48.041 INFO:teuthology.orchestra.run.vm03.stdout:/usr/bin/ceph: stderr
2026-03-10T14:02:47.858+0000 7f4ad7ddc700 1 -- 192.168.123.103:0/2290699772 wait complete.
2026-03-10T14:02:48.041 INFO:teuthology.orchestra.run.vm03.stdout:/usr/bin/ceph: stderr
2026-03-10T14:02:47.859+0000 7f4ad7ddc700 1 Processor -- start
2026-03-10T14:02:48.041 INFO:teuthology.orchestra.run.vm03.stdout:/usr/bin/ceph: stderr
2026-03-10T14:02:47.859+0000 7f4ad7ddc700 1 -- start start
2026-03-10T14:02:48.041 INFO:teuthology.orchestra.run.vm03.stdout:/usr/bin/ceph: stderr
2026-03-10T14:02:47.859+0000 7f4ad7ddc700 1 --2- >> [v2:192.168.123.103:3300/0,v1:192.168.123.103:6789/0] conn(0x7f4ad0105e50 0x7f4ad0199a10 unknown :-1 s=NONE pgs=0 cs=0 l=1 rev1=0 crypto rx=0 tx=0 comp rx=0 tx=0).connect
2026-03-10T14:02:48.041 INFO:teuthology.orchestra.run.vm03.stdout:/usr/bin/ceph: stderr
2026-03-10T14:02:47.859+0000 7f4ad5b78700 1 --2- >> [v2:192.168.123.103:3300/0,v1:192.168.123.103:6789/0] conn(0x7f4ad0105e50 0x7f4ad0199a10 unknown :-1 s=BANNER_CONNECTING pgs=0 cs=0 l=1 rev1=0 crypto rx=0 tx=0 comp rx=0 tx=0)._handle_peer_banner_payload supported=3 required=0
2026-03-10T14:02:48.041 INFO:teuthology.orchestra.run.vm03.stdout:/usr/bin/ceph: stderr
2026-03-10T14:02:47.859+0000 7f4ad5b78700 1 --2- >> [v2:192.168.123.103:3300/0,v1:192.168.123.103:6789/0] conn(0x7f4ad0105e50 0x7f4ad0199a10 unknown :-1 s=HELLO_CONNECTING pgs=0 cs=0 l=1 rev1=1 crypto rx=0 tx=0 comp rx=0 tx=0).handle_hello peer v2:192.168.123.103:3300/0 says I am v2:192.168.123.103:58036/0 (socket says 192.168.123.103:58036)
2026-03-10T14:02:48.041 INFO:teuthology.orchestra.run.vm03.stdout:/usr/bin/ceph: stderr
2026-03-10T14:02:47.859+0000 7f4ad5b78700 1 -- 192.168.123.103:0/3641433571 learned_addr learned my addr 192.168.123.103:0/3641433571 (peer_addr_for_me v2:192.168.123.103:0/0)
2026-03-10T14:02:48.041 INFO:teuthology.orchestra.run.vm03.stdout:/usr/bin/ceph: stderr
2026-03-10T14:02:47.860+0000 7f4ad7ddc700 1 -- 192.168.123.103:0/3641433571 --> [v2:192.168.123.103:3300/0,v1:192.168.123.103:6789/0] -- mon_getmap magic: 0 v1 -- 0x7f4ad01067a0 con 0x7f4ad0105e50
2026-03-10T14:02:48.041 INFO:teuthology.orchestra.run.vm03.stdout:/usr/bin/ceph: stderr
2026-03-10T14:02:47.860+0000 7f4ad5b78700 1 -- 192.168.123.103:0/3641433571 --> [v2:192.168.123.103:3300/0,v1:192.168.123.103:6789/0] -- mon_subscribe({config=0+,monmap=0+}) v3 -- 0x7f4acc009740 con 0x7f4ad0105e50
2026-03-10T14:02:48.041 INFO:teuthology.orchestra.run.vm03.stdout:/usr/bin/ceph: stderr
2026-03-10T14:02:47.860+0000 7f4ad5b78700 1 --2- 192.168.123.103:0/3641433571 >> [v2:192.168.123.103:3300/0,v1:192.168.123.103:6789/0] conn(0x7f4ad0105e50 0x7f4ad0199a10 secure :-1 s=READY pgs=21 cs=0 l=1 rev1=1 crypto rx=0x7f4acc003ee0 tx=0x7f4acc003fc0 comp rx=0 tx=0).ready entity=mon.0 client_cookie=0 server_cookie=0 in_seq=0 out_seq=0
2026-03-10T14:02:48.041 INFO:teuthology.orchestra.run.vm03.stdout:/usr/bin/ceph: stderr
2026-03-10T14:02:47.860+0000 7f4ac6ffd700 1 -- 192.168.123.103:0/3641433571 <== mon.0 v2:192.168.123.103:3300/0 1 ==== mon_map magic: 0 v1 ==== 214+0+0 (secure 0 0 0) 0x7f4acc004460 con 0x7f4ad0105e50
2026-03-10T14:02:48.041 INFO:teuthology.orchestra.run.vm03.stdout:/usr/bin/ceph: stderr
2026-03-10T14:02:47.860+0000 7f4ac6ffd700 1 -- 192.168.123.103:0/3641433571 <== mon.0 v2:192.168.123.103:3300/0 2 ==== config(28 keys) v1 ==== 1075+0+0 (secure 0 0 0) 0x7f4acc0045c0 con 0x7f4ad0105e50
2026-03-10T14:02:48.042 INFO:teuthology.orchestra.run.vm03.stdout:/usr/bin/ceph: stderr
2026-03-10T14:02:47.860+0000 7f4ac6ffd700 1 -- 192.168.123.103:0/3641433571 <== mon.0 v2:192.168.123.103:3300/0 3 ==== mon_map magic: 0 v1 ==== 214+0+0 (secure 0 0 0) 0x7f4acc011640 con 0x7f4ad0105e50
2026-03-10T14:02:48.042 INFO:teuthology.orchestra.run.vm03.stdout:/usr/bin/ceph: stderr
2026-03-10T14:02:47.860+0000 7f4ad7ddc700 1 -- 192.168.123.103:0/3641433571 --> [v2:192.168.123.103:3300/0,v1:192.168.123.103:6789/0] -- mon_subscribe({mgrmap=0+}) v3 -- 0x7f4ad0199f50 con 0x7f4ad0105e50
2026-03-10T14:02:48.042 INFO:teuthology.orchestra.run.vm03.stdout:/usr/bin/ceph: stderr
2026-03-10T14:02:47.860+0000 7f4ad7ddc700 1 -- 192.168.123.103:0/3641433571 --> [v2:192.168.123.103:3300/0,v1:192.168.123.103:6789/0] -- mon_subscribe({osdmap=0}) v3 -- 0x7f4ad019a370 con 0x7f4ad0105e50
2026-03-10T14:02:48.042 INFO:teuthology.orchestra.run.vm03.stdout:/usr/bin/ceph: stderr
2026-03-10T14:02:47.862+0000 7f4ad7ddc700 1 -- 192.168.123.103:0/3641433571 --> [v2:192.168.123.103:3300/0,v1:192.168.123.103:6789/0] -- mon_command({"prefix": "get_command_descriptions"} v 0) v1 -- 0x7f4ad019a620 con 0x7f4ad0105e50
2026-03-10T14:02:48.042 INFO:teuthology.orchestra.run.vm03.stdout:/usr/bin/ceph: stderr
2026-03-10T14:02:47.862+0000 7f4ac6ffd700 1 -- 192.168.123.103:0/3641433571 <== mon.0 v2:192.168.123.103:3300/0 4 ==== mgrmap(e 4) v1 ==== 45068+0+0 (secure 0 0 0) 0x7f4acc028020 con 0x7f4ad0105e50
2026-03-10T14:02:48.042 INFO:teuthology.orchestra.run.vm03.stdout:/usr/bin/ceph: stderr
2026-03-10T14:02:47.863+0000 7f4ac6ffd700 1 --2- 192.168.123.103:0/3641433571 >> [v2:192.168.123.103:6800/2,v1:192.168.123.103:6801/2] conn(0x7f4abc038510 0x7f4abc03a9c0 unknown :-1 s=NONE pgs=0 cs=0 l=1 rev1=0 crypto rx=0 tx=0 comp rx=0 tx=0).connect
2026-03-10T14:02:48.042 INFO:teuthology.orchestra.run.vm03.stdout:/usr/bin/ceph: stderr
2026-03-10T14:02:47.863+0000 7f4ac6ffd700 1 -- 192.168.123.103:0/3641433571 <== mon.0 v2:192.168.123.103:3300/0 5 ==== osd_map(1..1 src has 1..1) v4 ==== 725+0+0 (secure 0 0 0) 0x7f4acc04bbb0 con 0x7f4ad0105e50
2026-03-10T14:02:48.042 INFO:teuthology.orchestra.run.vm03.stdout:/usr/bin/ceph: stderr
2026-03-10T14:02:47.865+0000 7f4ad5377700 1 --2- 192.168.123.103:0/3641433571 >> [v2:192.168.123.103:6800/2,v1:192.168.123.103:6801/2] conn(0x7f4abc038510 0x7f4abc03a9c0 unknown :-1 s=BANNER_CONNECTING pgs=0 cs=0 l=1 rev1=0 crypto rx=0 tx=0 comp rx=0 tx=0)._handle_peer_banner_payload supported=3 required=0
2026-03-10T14:02:48.042 INFO:teuthology.orchestra.run.vm03.stdout:/usr/bin/ceph: stderr
2026-03-10T14:02:47.865+0000 7f4ac6ffd700 1 -- 192.168.123.103:0/3641433571 <== mon.0 v2:192.168.123.103:3300/0 6 ==== mon_command_ack([{"prefix": "get_command_descriptions"}]=0 v0) v1 ==== 72+0+177933 (secure 0 0 0) 0x7f4acc019970 con 0x7f4ad0105e50
2026-03-10T14:02:48.042 INFO:teuthology.orchestra.run.vm03.stdout:/usr/bin/ceph: stderr
2026-03-10T14:02:47.865+0000 7f4ad5377700 1 --2- 192.168.123.103:0/3641433571 >> [v2:192.168.123.103:6800/2,v1:192.168.123.103:6801/2] conn(0x7f4abc038510 0x7f4abc03a9c0 secure :-1 s=READY pgs=7 cs=0 l=1 rev1=1 crypto rx=0x7f4ac0006fd0 tx=0x7f4ac0006e40 comp rx=0 tx=0).ready entity=mgr.14100 client_cookie=0 server_cookie=0 in_seq=0 out_seq=0
2026-03-10T14:02:48.042 INFO:teuthology.orchestra.run.vm03.stdout:/usr/bin/ceph: stderr
2026-03-10T14:02:47.967+0000 7f4ad7ddc700 1 -- 192.168.123.103:0/3641433571 --> [v2:192.168.123.103:3300/0,v1:192.168.123.103:6789/0] -- mon_command({"prefix": "config assimilate-conf"} v 0) v1 -- 0x7f4ad010a250 con 0x7f4ad0105e50
2026-03-10T14:02:48.042 INFO:teuthology.orchestra.run.vm03.stdout:/usr/bin/ceph: stderr
2026-03-10T14:02:47.968+0000 7f4ac6ffd700 1 -- 192.168.123.103:0/3641433571 <== mon.0 v2:192.168.123.103:3300/0 7 ==== mon_command_ack([{"prefix": "config assimilate-conf"}]=0 v3) v1 ==== 70+0+373 (secure 0 0 0) 0x7f4acc019740 con 0x7f4ad0105e50
2026-03-10T14:02:48.042 INFO:teuthology.orchestra.run.vm03.stdout:/usr/bin/ceph: stderr
2026-03-10T14:02:47.971+0000 7f4ad7ddc700 1 -- 192.168.123.103:0/3641433571 >> [v2:192.168.123.103:6800/2,v1:192.168.123.103:6801/2] conn(0x7f4abc038510 msgr2=0x7f4abc03a9c0 secure :-1 s=STATE_CONNECTION_ESTABLISHED l=1).mark_down
2026-03-10T14:02:48.042 INFO:teuthology.orchestra.run.vm03.stdout:/usr/bin/ceph: stderr
2026-03-10T14:02:47.971+0000 7f4ad7ddc700 1 --2- 192.168.123.103:0/3641433571 >> [v2:192.168.123.103:6800/2,v1:192.168.123.103:6801/2] conn(0x7f4abc038510 0x7f4abc03a9c0 secure :-1 s=READY pgs=7 cs=0 l=1 rev1=1 crypto rx=0x7f4ac0006fd0 tx=0x7f4ac0006e40 comp rx=0 tx=0).stop
2026-03-10T14:02:48.042 INFO:teuthology.orchestra.run.vm03.stdout:/usr/bin/ceph: stderr
2026-03-10T14:02:47.971+0000 7f4ad7ddc700 1 -- 192.168.123.103:0/3641433571 >> [v2:192.168.123.103:3300/0,v1:192.168.123.103:6789/0] conn(0x7f4ad0105e50 msgr2=0x7f4ad0199a10 secure :-1 s=STATE_CONNECTION_ESTABLISHED l=1).mark_down
2026-03-10T14:02:48.042 INFO:teuthology.orchestra.run.vm03.stdout:/usr/bin/ceph: stderr
2026-03-10T14:02:47.971+0000 7f4ad7ddc700 1 --2- 192.168.123.103:0/3641433571 >> [v2:192.168.123.103:3300/0,v1:192.168.123.103:6789/0] conn(0x7f4ad0105e50 0x7f4ad0199a10 secure :-1 s=READY pgs=21 cs=0 l=1 rev1=1 crypto rx=0x7f4acc003ee0 tx=0x7f4acc003fc0 comp rx=0 tx=0).stop
2026-03-10T14:02:48.042 INFO:teuthology.orchestra.run.vm03.stdout:/usr/bin/ceph: stderr
2026-03-10T14:02:47.971+0000 7f4ad7ddc700 1 -- 192.168.123.103:0/3641433571 shutdown_connections
2026-03-10T14:02:48.042 INFO:teuthology.orchestra.run.vm03.stdout:/usr/bin/ceph: stderr
2026-03-10T14:02:47.971+0000 7f4ad7ddc700 1 --2- 192.168.123.103:0/3641433571 >> [v2:192.168.123.103:6800/2,v1:192.168.123.103:6801/2] conn(0x7f4abc038510 0x7f4abc03a9c0 unknown :-1 s=CLOSED pgs=7 cs=0 l=1 rev1=1 crypto rx=0 tx=0 comp rx=0 tx=0).stop
2026-03-10T14:02:48.042 INFO:teuthology.orchestra.run.vm03.stdout:/usr/bin/ceph: stderr
2026-03-10T14:02:47.971+0000 7f4ad7ddc700 1 --2- 192.168.123.103:0/3641433571 >> [v2:192.168.123.103:3300/0,v1:192.168.123.103:6789/0] conn(0x7f4ad0105e50 0x7f4ad0199a10 unknown :-1 s=CLOSED pgs=21 cs=0 l=1 rev1=1 crypto rx=0 tx=0 comp rx=0 tx=0).stop
2026-03-10T14:02:48.042 INFO:teuthology.orchestra.run.vm03.stdout:/usr/bin/ceph: stderr
2026-03-10T14:02:47.971+0000 7f4ad7ddc700 1 -- 192.168.123.103:0/3641433571 >> 192.168.123.103:0/3641433571 conn(0x7f4ad0101420 msgr2=0x7f4ad0102030 unknown :-1 s=STATE_NONE l=0).mark_down
2026-03-10T14:02:48.042 INFO:teuthology.orchestra.run.vm03.stdout:/usr/bin/ceph: stderr
2026-03-10T14:02:47.971+0000 7f4ad7ddc700 1 -- 192.168.123.103:0/3641433571 shutdown_connections
2026-03-10T14:02:48.042 INFO:teuthology.orchestra.run.vm03.stdout:/usr/bin/ceph: stderr
2026-03-10T14:02:47.971+0000 7f4ad7ddc700 1 -- 192.168.123.103:0/3641433571 wait complete.
2026-03-10T14:02:48.042 INFO:teuthology.orchestra.run.vm03.stdout:Enabling cephadm module...
2026-03-10T14:02:48.608 INFO:journalctl@ceph.mon.vm03.vm03.stdout:Mar 10 14:02:48 vm03 ceph-mon[49718]: from='client.? 192.168.123.103:0/3275491445' entity='client.admin' cmd=[{"prefix": "status", "format": "json-pretty"}]: dispatch
2026-03-10T14:02:48.608 INFO:journalctl@ceph.mon.vm03.vm03.stdout:Mar 10 14:02:48 vm03 ceph-mon[49718]: mgrmap e4: vm03.rwbbep(active, since 2s)
2026-03-10T14:02:48.608 INFO:journalctl@ceph.mon.vm03.vm03.stdout:Mar 10 14:02:48 vm03 ceph-mon[49718]: from='client.? 192.168.123.103:0/3641433571' entity='client.admin' cmd=[{"prefix": "config assimilate-conf"}]: dispatch
2026-03-10T14:02:48.608 INFO:journalctl@ceph.mon.vm03.vm03.stdout:Mar 10 14:02:48 vm03 ceph-mon[49718]: from='client.? 192.168.123.103:0/471715523' entity='client.admin' cmd=[{"prefix": "mgr module enable", "module": "cephadm"}]: dispatch
2026-03-10T14:02:48.684 INFO:teuthology.orchestra.run.vm03.stdout:/usr/bin/ceph: stderr
2026-03-10T14:02:48.170+0000 7fe76a33a700 1 Processor -- start
2026-03-10T14:02:48.685 INFO:teuthology.orchestra.run.vm03.stdout:/usr/bin/ceph: stderr
2026-03-10T14:02:48.171+0000 7fe76a33a700 1 -- start start
2026-03-10T14:02:48.685 INFO:teuthology.orchestra.run.vm03.stdout:/usr/bin/ceph: stderr
2026-03-10T14:02:48.171+0000 7fe76a33a700 1 --2- >> [v2:192.168.123.103:3300/0,v1:192.168.123.103:6789/0] conn(0x7fe764107f40 0x7fe764108350 unknown :-1 s=NONE pgs=0 cs=0 l=0 rev1=0 crypto rx=0 tx=0 comp rx=0 tx=0).connect
2026-03-10T14:02:48.685 INFO:teuthology.orchestra.run.vm03.stdout:/usr/bin/ceph: stderr
2026-03-10T14:02:48.171+0000 7fe76a33a700 1 -- --> [v2:192.168.123.103:3300/0,v1:192.168.123.103:6789/0] -- mon_getmap magic: 0 v1 -- 0x7fe764108890 con 0x7fe764107f40
2026-03-10T14:02:48.685 INFO:teuthology.orchestra.run.vm03.stdout:/usr/bin/ceph: stderr
2026-03-10T14:02:48.171+0000 7fe763fff700 1 --2- >> [v2:192.168.123.103:3300/0,v1:192.168.123.103:6789/0] conn(0x7fe764107f40 0x7fe764108350 unknown :-1 s=BANNER_CONNECTING pgs=0 cs=0 l=0 rev1=0 crypto rx=0 tx=0 comp rx=0 tx=0)._handle_peer_banner_payload supported=3 required=0
2026-03-10T14:02:48.685 INFO:teuthology.orchestra.run.vm03.stdout:/usr/bin/ceph: stderr
2026-03-10T14:02:48.171+0000 7fe763fff700 1 --2- >> [v2:192.168.123.103:3300/0,v1:192.168.123.103:6789/0] conn(0x7fe764107f40 0x7fe764108350 unknown :-1 s=HELLO_CONNECTING pgs=0 cs=0 l=0 rev1=1 crypto rx=0 tx=0 comp rx=0 tx=0).handle_hello peer v2:192.168.123.103:3300/0 says I am v2:192.168.123.103:58050/0 (socket says 192.168.123.103:58050)
2026-03-10T14:02:48.685 INFO:teuthology.orchestra.run.vm03.stdout:/usr/bin/ceph: stderr
2026-03-10T14:02:48.172+0000 7fe763fff700 1 -- 192.168.123.103:0/2890536037 learned_addr learned my addr 192.168.123.103:0/2890536037 (peer_addr_for_me v2:192.168.123.103:0/0)
2026-03-10T14:02:48.685 INFO:teuthology.orchestra.run.vm03.stdout:/usr/bin/ceph: stderr
2026-03-10T14:02:48.172+0000 7fe763fff700 1 -- 192.168.123.103:0/2890536037 --> [v2:192.168.123.103:3300/0,v1:192.168.123.103:6789/0] -- mon_subscribe({config=0+,monmap=0+}) v3 -- 0x7fe7641089d0 con 0x7fe764107f40
2026-03-10T14:02:48.685 INFO:teuthology.orchestra.run.vm03.stdout:/usr/bin/ceph: stderr
2026-03-10T14:02:48.172+0000 7fe763fff700 1 --2- 192.168.123.103:0/2890536037 >> [v2:192.168.123.103:3300/0,v1:192.168.123.103:6789/0] conn(0x7fe764107f40 0x7fe764108350 secure :-1 s=READY pgs=22 cs=0 l=1 rev1=1 crypto rx=0x7fe74c009a90 tx=0x7fe74c009da0 comp rx=0 tx=0).ready entity=mon.0 client_cookie=a521dade8ecbd664 server_cookie=0 in_seq=0 out_seq=0
2026-03-10T14:02:48.685 INFO:teuthology.orchestra.run.vm03.stdout:/usr/bin/ceph: stderr
2026-03-10T14:02:48.172+0000 7fe762ffd700 1 -- 192.168.123.103:0/2890536037 <== mon.0 v2:192.168.123.103:3300/0 1 ==== mon_map magic: 0 v1 ==== 214+0+0 (secure 0 0 0) 0x7fe74c004030 con 0x7fe764107f40
2026-03-10T14:02:48.685 INFO:teuthology.orchestra.run.vm03.stdout:/usr/bin/ceph: stderr
2026-03-10T14:02:48.172+0000 7fe762ffd700 1 -- 192.168.123.103:0/2890536037 <== mon.0 v2:192.168.123.103:3300/0 2 ==== config(28 keys) v1 ==== 1075+0+0 (secure 0 0 0) 0x7fe74c00b7e0 con 0x7fe764107f40
2026-03-10T14:02:48.685 INFO:teuthology.orchestra.run.vm03.stdout:/usr/bin/ceph: stderr
2026-03-10T14:02:48.172+0000 7fe762ffd700 1 -- 192.168.123.103:0/2890536037 <== mon.0 v2:192.168.123.103:3300/0 3 ==== mon_map magic: 0 v1 ==== 214+0+0 (secure 0 0 0) 0x7fe74c003a40 con 0x7fe764107f40
2026-03-10T14:02:48.685 INFO:teuthology.orchestra.run.vm03.stdout:/usr/bin/ceph: stderr
2026-03-10T14:02:48.173+0000 7fe76a33a700 1 -- 192.168.123.103:0/2890536037 >> [v2:192.168.123.103:3300/0,v1:192.168.123.103:6789/0] conn(0x7fe764107f40 msgr2=0x7fe764108350 secure :-1 s=STATE_CONNECTION_ESTABLISHED l=1).mark_down
2026-03-10T14:02:48.685 INFO:teuthology.orchestra.run.vm03.stdout:/usr/bin/ceph: stderr
2026-03-10T14:02:48.173+0000 7fe76a33a700 1 --2- 192.168.123.103:0/2890536037 >> [v2:192.168.123.103:3300/0,v1:192.168.123.103:6789/0] conn(0x7fe764107f40 0x7fe764108350 secure :-1 s=READY pgs=22 cs=0 l=1 rev1=1 crypto rx=0x7fe74c009a90 tx=0x7fe74c009da0 comp rx=0 tx=0).stop
2026-03-10T14:02:48.685 INFO:teuthology.orchestra.run.vm03.stdout:/usr/bin/ceph: stderr
2026-03-10T14:02:48.173+0000 7fe76a33a700 1 -- 192.168.123.103:0/2890536037 shutdown_connections
2026-03-10T14:02:48.685 INFO:teuthology.orchestra.run.vm03.stdout:/usr/bin/ceph: stderr
2026-03-10T14:02:48.173+0000 7fe76a33a700 1 --2- 192.168.123.103:0/2890536037 >> [v2:192.168.123.103:3300/0,v1:192.168.123.103:6789/0] conn(0x7fe764107f40 0x7fe764108350 unknown :-1 s=CLOSED pgs=22 cs=0 l=1 rev1=1 crypto rx=0 tx=0 comp rx=0 tx=0).stop
2026-03-10T14:02:48.685 INFO:teuthology.orchestra.run.vm03.stdout:/usr/bin/ceph: stderr
2026-03-10T14:02:48.173+0000 7fe76a33a700 1 -- 192.168.123.103:0/2890536037 >> 192.168.123.103:0/2890536037 conn(0x7fe764103770 msgr2=0x7fe764105b50 unknown :-1 s=STATE_NONE l=0).mark_down
2026-03-10T14:02:48.685 INFO:teuthology.orchestra.run.vm03.stdout:/usr/bin/ceph: stderr
2026-03-10T14:02:48.173+0000 7fe76a33a700 1 -- 192.168.123.103:0/2890536037 shutdown_connections
2026-03-10T14:02:48.685 INFO:teuthology.orchestra.run.vm03.stdout:/usr/bin/ceph: stderr
2026-03-10T14:02:48.173+0000 7fe76a33a700 1 -- 192.168.123.103:0/2890536037 wait complete.
2026-03-10T14:02:48.685 INFO:teuthology.orchestra.run.vm03.stdout:/usr/bin/ceph: stderr
2026-03-10T14:02:48.173+0000 7fe76a33a700 1 Processor -- start
2026-03-10T14:02:48.685 INFO:teuthology.orchestra.run.vm03.stdout:/usr/bin/ceph: stderr
2026-03-10T14:02:48.174+0000 7fe76a33a700 1 -- start start
2026-03-10T14:02:48.685 INFO:teuthology.orchestra.run.vm03.stdout:/usr/bin/ceph: stderr
2026-03-10T14:02:48.174+0000 7fe76a33a700 1 --2- >> [v2:192.168.123.103:3300/0,v1:192.168.123.103:6789/0] conn(0x7fe764107f40 0x7fe76419bbe0 unknown :-1 s=NONE pgs=0 cs=0 l=1 rev1=0 crypto rx=0 tx=0 comp rx=0 tx=0).connect
2026-03-10T14:02:48.685 INFO:teuthology.orchestra.run.vm03.stdout:/usr/bin/ceph: stderr
2026-03-10T14:02:48.174+0000 7fe76a33a700 1 -- --> [v2:192.168.123.103:3300/0,v1:192.168.123.103:6789/0] -- mon_getmap magic: 0 v1 -- 0x7fe76419c120 con 0x7fe764107f40
2026-03-10T14:02:48.685 INFO:teuthology.orchestra.run.vm03.stdout:/usr/bin/ceph: stderr
2026-03-10T14:02:48.174+0000 7fe763fff700 1 --2- >> [v2:192.168.123.103:3300/0,v1:192.168.123.103:6789/0] conn(0x7fe764107f40 0x7fe76419bbe0 unknown :-1 s=BANNER_CONNECTING pgs=0 cs=0 l=1 rev1=0 crypto rx=0 tx=0 comp rx=0 tx=0)._handle_peer_banner_payload supported=3 required=0
2026-03-10T14:02:48.685 INFO:teuthology.orchestra.run.vm03.stdout:/usr/bin/ceph: stderr
2026-03-10T14:02:48.174+0000 7fe763fff700 1 --2- >> [v2:192.168.123.103:3300/0,v1:192.168.123.103:6789/0] conn(0x7fe764107f40 0x7fe76419bbe0 unknown :-1 s=HELLO_CONNECTING pgs=0 cs=0 l=1 rev1=1 crypto rx=0 tx=0 comp rx=0 tx=0).handle_hello peer v2:192.168.123.103:3300/0 says I am v2:192.168.123.103:58054/0 (socket says 192.168.123.103:58054)
2026-03-10T14:02:48.686 INFO:teuthology.orchestra.run.vm03.stdout:/usr/bin/ceph: stderr
2026-03-10T14:02:48.174+0000 7fe763fff700 1 -- 192.168.123.103:0/471715523 learned_addr learned my addr 192.168.123.103:0/471715523 (peer_addr_for_me v2:192.168.123.103:0/0)
2026-03-10T14:02:48.686 INFO:teuthology.orchestra.run.vm03.stdout:/usr/bin/ceph: stderr
2026-03-10T14:02:48.174+0000 7fe763fff700 1 -- 192.168.123.103:0/471715523 --> [v2:192.168.123.103:3300/0,v1:192.168.123.103:6789/0] -- mon_subscribe({config=0+,monmap=0+}) v3 -- 0x7fe74c009740 con 0x7fe764107f40
2026-03-10T14:02:48.686 INFO:teuthology.orchestra.run.vm03.stdout:/usr/bin/ceph: stderr
2026-03-10T14:02:48.174+0000 7fe763fff700 1 --2- 192.168.123.103:0/471715523 >> [v2:192.168.123.103:3300/0,v1:192.168.123.103:6789/0] conn(0x7fe764107f40 0x7fe76419bbe0 secure :-1 s=READY pgs=23 cs=0 l=1 rev1=1 crypto rx=0x7fe74c003710 tx=0x7fe74c003b40 comp rx=0 tx=0).ready entity=mon.0 client_cookie=0 server_cookie=0 in_seq=0 out_seq=0
2026-03-10T14:02:48.686 INFO:teuthology.orchestra.run.vm03.stdout:/usr/bin/ceph: stderr
2026-03-10T14:02:48.174+0000 7fe7617fa700 1 -- 192.168.123.103:0/471715523 <== mon.0 v2:192.168.123.103:3300/0 1 ==== mon_map magic: 0 v1 ==== 214+0+0 (secure 0 0 0) 0x7fe74c004110 con 0x7fe764107f40
2026-03-10T14:02:48.686 INFO:teuthology.orchestra.run.vm03.stdout:/usr/bin/ceph: stderr
2026-03-10T14:02:48.175+0000 7fe7617fa700 1 -- 192.168.123.103:0/471715523 <== mon.0 v2:192.168.123.103:3300/0 2 ==== config(28 keys) v1 ==== 1075+0+0 (secure 0 0 0) 0x7fe74c01a430 con 0x7fe764107f40
2026-03-10T14:02:48.686 INFO:teuthology.orchestra.run.vm03.stdout:/usr/bin/ceph: stderr
2026-03-10T14:02:48.175+0000 7fe7617fa700 1 -- 192.168.123.103:0/471715523 <== mon.0 v2:192.168.123.103:3300/0 3 ==== mon_map magic: 0 v1 ==== 214+0+0 (secure 0 0 0) 0x7fe74c011460 con 0x7fe764107f40
2026-03-10T14:02:48.686 INFO:teuthology.orchestra.run.vm03.stdout:/usr/bin/ceph: stderr
2026-03-10T14:02:48.175+0000 7fe76a33a700 1 -- 192.168.123.103:0/471715523 --> [v2:192.168.123.103:3300/0,v1:192.168.123.103:6789/0] -- mon_subscribe({mgrmap=0+}) v3 -- 0x7fe76419c320 con 0x7fe764107f40
2026-03-10T14:02:48.686 INFO:teuthology.orchestra.run.vm03.stdout:/usr/bin/ceph: stderr
2026-03-10T14:02:48.175+0000 7fe76a33a700 1 -- 192.168.123.103:0/471715523 --> [v2:192.168.123.103:3300/0,v1:192.168.123.103:6789/0] -- mon_subscribe({osdmap=0}) v3 -- 0x7fe76419c7c0 con 0x7fe764107f40
2026-03-10T14:02:48.686 INFO:teuthology.orchestra.run.vm03.stdout:/usr/bin/ceph: stderr
2026-03-10T14:02:48.175+0000 7fe7617fa700 1 -- 192.168.123.103:0/471715523 <== mon.0 v2:192.168.123.103:3300/0 4 ==== mgrmap(e 4) v1 ==== 45068+0+0 (secure 0 0 0) 0x7fe74c0115c0 con 0x7fe764107f40
2026-03-10T14:02:48.686 INFO:teuthology.orchestra.run.vm03.stdout:/usr/bin/ceph: stderr
2026-03-10T14:02:48.176+0000 7fe7617fa700 1 --2- 192.168.123.103:0/471715523 >> [v2:192.168.123.103:6800/2,v1:192.168.123.103:6801/2] conn(0x7fe750038420 0x7fe75003a8d0 unknown :-1 s=NONE pgs=0 cs=0 l=1 rev1=0 crypto rx=0 tx=0 comp rx=0 tx=0).connect
2026-03-10T14:02:48.686 INFO:teuthology.orchestra.run.vm03.stdout:/usr/bin/ceph: stderr
2026-03-10T14:02:48.176+0000 7fe7617fa700 1 -- 192.168.123.103:0/471715523 <== mon.0 v2:192.168.123.103:3300/0 5 ==== osd_map(1..1 src has 1..1) v4 ==== 725+0+0 (secure 0 0 0) 0x7fe74c04d170 con 0x7fe764107f40
2026-03-10T14:02:48.686 INFO:teuthology.orchestra.run.vm03.stdout:/usr/bin/ceph: stderr
2026-03-10T14:02:48.176+0000 7fe7637fe700 1 --2- 192.168.123.103:0/471715523 >> [v2:192.168.123.103:6800/2,v1:192.168.123.103:6801/2] conn(0x7fe750038420 0x7fe75003a8d0 unknown :-1 s=BANNER_CONNECTING pgs=0 cs=0 l=1 rev1=0 crypto rx=0 tx=0 comp rx=0 tx=0)._handle_peer_banner_payload supported=3 required=0
2026-03-10T14:02:48.686 INFO:teuthology.orchestra.run.vm03.stdout:/usr/bin/ceph: stderr
2026-03-10T14:02:48.176+0000 7fe7637fe700 1 --2- 192.168.123.103:0/471715523 >> [v2:192.168.123.103:6800/2,v1:192.168.123.103:6801/2] conn(0x7fe750038420 0x7fe75003a8d0 secure :-1 s=READY pgs=8 cs=0 l=1 rev1=1 crypto rx=0x7fe754006fd0 tx=0x7fe754006e40 comp rx=0 tx=0).ready entity=mgr.14100 client_cookie=0 server_cookie=0 in_seq=0 out_seq=0
2026-03-10T14:02:48.686 INFO:teuthology.orchestra.run.vm03.stdout:/usr/bin/ceph: stderr
2026-03-10T14:02:48.176+0000 7fe76a33a700 1 -- 192.168.123.103:0/471715523 --> [v2:192.168.123.103:3300/0,v1:192.168.123.103:6789/0] -- mon_command({"prefix": "get_command_descriptions"} v 0) v1 -- 0x7fe764062380 con 0x7fe764107f40
2026-03-10T14:02:48.686 INFO:teuthology.orchestra.run.vm03.stdout:/usr/bin/ceph: stderr
2026-03-10T14:02:48.179+0000 7fe7617fa700 1 -- 192.168.123.103:0/471715523 <== mon.0 v2:192.168.123.103:3300/0 6 ==== mon_command_ack([{"prefix": "get_command_descriptions"}]=0 v0) v1 ==== 72+0+177933 (secure 0 0 0) 0x7fe74c02c430 con 0x7fe764107f40
2026-03-10T14:02:48.686 INFO:teuthology.orchestra.run.vm03.stdout:/usr/bin/ceph: stderr
2026-03-10T14:02:48.308+0000 7fe76a33a700 1 -- 192.168.123.103:0/471715523 --> [v2:192.168.123.103:3300/0,v1:192.168.123.103:6789/0] -- mon_command({"prefix": "mgr module enable", "module": "cephadm"} v 0) v1 -- 0x7fe764109ef0 con 0x7fe764107f40
2026-03-10T14:02:48.686 INFO:teuthology.orchestra.run.vm03.stdout:/usr/bin/ceph: stderr
2026-03-10T14:02:48.646+0000 7fe7617fa700 1 -- 192.168.123.103:0/471715523 <== mon.0 v2:192.168.123.103:3300/0 7 ==== mgrmap(e 5) v1 ==== 45079+0+0 (secure 0 0 0) 0x7fe74c02c7b0 con 0x7fe764107f40
2026-03-10T14:02:48.686 INFO:teuthology.orchestra.run.vm03.stdout:/usr/bin/ceph: stderr
2026-03-10T14:02:48.647+0000 7fe7617fa700 1 -- 192.168.123.103:0/471715523 <== mon.0 v2:192.168.123.103:3300/0 8 ==== mon_command_ack([{"prefix": "mgr module enable", "module": "cephadm"}]=0 v5) v1 ==== 86+0+0 (secure 0 0 0) 0x7fe74c04f870 con 0x7fe764107f40
2026-03-10T14:02:48.686 INFO:teuthology.orchestra.run.vm03.stdout:/usr/bin/ceph: stderr
2026-03-10T14:02:48.649+0000 7fe76a33a700 1 -- 192.168.123.103:0/471715523 >> [v2:192.168.123.103:6800/2,v1:192.168.123.103:6801/2] conn(0x7fe750038420 msgr2=0x7fe75003a8d0 secure :-1 s=STATE_CONNECTION_ESTABLISHED l=1).mark_down
2026-03-10T14:02:48.686 INFO:teuthology.orchestra.run.vm03.stdout:/usr/bin/ceph: stderr
2026-03-10T14:02:48.649+0000 7fe76a33a700 1 --2- 192.168.123.103:0/471715523 >> [v2:192.168.123.103:6800/2,v1:192.168.123.103:6801/2] conn(0x7fe750038420 0x7fe75003a8d0 secure :-1 s=READY pgs=8 cs=0 l=1 rev1=1 crypto rx=0x7fe754006fd0 tx=0x7fe754006e40 comp rx=0 tx=0).stop
2026-03-10T14:02:48.686 INFO:teuthology.orchestra.run.vm03.stdout:/usr/bin/ceph: stderr
2026-03-10T14:02:48.649+0000 7fe76a33a700 1 -- 192.168.123.103:0/471715523 >> [v2:192.168.123.103:3300/0,v1:192.168.123.103:6789/0] conn(0x7fe764107f40 msgr2=0x7fe76419bbe0 secure :-1 s=STATE_CONNECTION_ESTABLISHED l=1).mark_down
2026-03-10T14:02:48.686 INFO:teuthology.orchestra.run.vm03.stdout:/usr/bin/ceph: stderr
2026-03-10T14:02:48.649+0000 7fe76a33a700 1 --2- 192.168.123.103:0/471715523 >> [v2:192.168.123.103:3300/0,v1:192.168.123.103:6789/0] conn(0x7fe764107f40 0x7fe76419bbe0 secure :-1 s=READY pgs=23 cs=0 l=1 rev1=1 crypto rx=0x7fe74c003710 tx=0x7fe74c003b40 comp rx=0 tx=0).stop
2026-03-10T14:02:48.686 INFO:teuthology.orchestra.run.vm03.stdout:/usr/bin/ceph: stderr
2026-03-10T14:02:48.650+0000 7fe76a33a700 1 -- 192.168.123.103:0/471715523 shutdown_connections
2026-03-10T14:02:48.686 INFO:teuthology.orchestra.run.vm03.stdout:/usr/bin/ceph: stderr
2026-03-10T14:02:48.650+0000 7fe76a33a700 1 --2- 192.168.123.103:0/471715523 >> [v2:192.168.123.103:6800/2,v1:192.168.123.103:6801/2] conn(0x7fe750038420 0x7fe75003a8d0 unknown :-1 s=CLOSED pgs=8 cs=0 l=1 rev1=1 crypto rx=0 tx=0 comp rx=0 tx=0).stop
2026-03-10T14:02:48.686 INFO:teuthology.orchestra.run.vm03.stdout:/usr/bin/ceph: stderr
2026-03-10T14:02:48.650+0000 7fe76a33a700 1 --2- 192.168.123.103:0/471715523 >> [v2:192.168.123.103:3300/0,v1:192.168.123.103:6789/0] conn(0x7fe764107f40 0x7fe76419bbe0 unknown :-1 s=CLOSED pgs=23 cs=0 l=1 rev1=1 crypto rx=0 tx=0 comp rx=0 tx=0).stop
2026-03-10T14:02:48.686 INFO:teuthology.orchestra.run.vm03.stdout:/usr/bin/ceph: stderr
2026-03-10T14:02:48.650+0000 7fe76a33a700 1 -- 192.168.123.103:0/471715523 >> 192.168.123.103:0/471715523 conn(0x7fe764103770 msgr2=0x7fe764105390 unknown :-1 s=STATE_NONE l=0).mark_down
2026-03-10T14:02:48.686 INFO:teuthology.orchestra.run.vm03.stdout:/usr/bin/ceph: stderr
2026-03-10T14:02:48.650+0000 7fe76a33a700 1 -- 192.168.123.103:0/471715523 shutdown_connections
2026-03-10T14:02:48.686 INFO:teuthology.orchestra.run.vm03.stdout:/usr/bin/ceph: stderr
2026-03-10T14:02:48.650+0000 7fe76a33a700 1 -- 192.168.123.103:0/471715523 wait complete.
2026-03-10T14:02:49.015 INFO:teuthology.orchestra.run.vm03.stdout:/usr/bin/ceph: stdout {
2026-03-10T14:02:49.015 INFO:teuthology.orchestra.run.vm03.stdout:/usr/bin/ceph: stdout "epoch": 5,
2026-03-10T14:02:49.015 INFO:teuthology.orchestra.run.vm03.stdout:/usr/bin/ceph: stdout "available": true,
2026-03-10T14:02:49.015 INFO:teuthology.orchestra.run.vm03.stdout:/usr/bin/ceph: stdout "active_name": "vm03.rwbbep",
2026-03-10T14:02:49.015 INFO:teuthology.orchestra.run.vm03.stdout:/usr/bin/ceph: stdout "num_standby": 0
2026-03-10T14:02:49.015 INFO:teuthology.orchestra.run.vm03.stdout:/usr/bin/ceph: stdout }
2026-03-10T14:02:49.015 INFO:teuthology.orchestra.run.vm03.stdout:/usr/bin/ceph: stderr
2026-03-10T14:02:48.827+0000 7f574f59e700 1 Processor -- start
2026-03-10T14:02:49.015 INFO:teuthology.orchestra.run.vm03.stdout:/usr/bin/ceph: stderr
2026-03-10T14:02:48.827+0000 7f574f59e700 1 -- start start
2026-03-10T14:02:49.016 INFO:teuthology.orchestra.run.vm03.stdout:/usr/bin/ceph: stderr
2026-03-10T14:02:48.827+0000 7f574f59e700 1 --2- >> [v2:192.168.123.103:3300/0,v1:192.168.123.103:6789/0] conn(0x7f5750071410 0x7f5750071820 unknown :-1 s=NONE pgs=0 cs=0 l=0 rev1=0 crypto rx=0 tx=0 comp rx=0 tx=0).connect
2026-03-10T14:02:49.016 INFO:teuthology.orchestra.run.vm03.stdout:/usr/bin/ceph: stderr
2026-03-10T14:02:48.828+0000 7f574f59e700 1 -- --> [v2:192.168.123.103:3300/0,v1:192.168.123.103:6789/0] -- mon_getmap magic: 0 v1 -- 0x7f5750071d60 con 0x7f5750071410
2026-03-10T14:02:49.016 INFO:teuthology.orchestra.run.vm03.stdout:/usr/bin/ceph: stderr
2026-03-10T14:02:48.828+0000 7f574e59c700 1 --2- >> [v2:192.168.123.103:3300/0,v1:192.168.123.103:6789/0] conn(0x7f5750071410 0x7f5750071820 unknown :-1 s=BANNER_CONNECTING pgs=0 cs=0 l=0 rev1=0 crypto rx=0 tx=0 comp rx=0 tx=0)._handle_peer_banner_payload supported=3 required=0
2026-03-10T14:02:49.016 INFO:teuthology.orchestra.run.vm03.stdout:/usr/bin/ceph: stderr
2026-03-10T14:02:48.828+0000 7f574e59c700 1 --2- >> [v2:192.168.123.103:3300/0,v1:192.168.123.103:6789/0] conn(0x7f5750071410 0x7f5750071820 unknown :-1 s=HELLO_CONNECTING pgs=0 cs=0 l=0 rev1=1 crypto rx=0 tx=0 comp rx=0 tx=0).handle_hello peer v2:192.168.123.103:3300/0 says I am v2:192.168.123.103:58086/0 (socket says 192.168.123.103:58086)
2026-03-10T14:02:49.016 INFO:teuthology.orchestra.run.vm03.stdout:/usr/bin/ceph: stderr
2026-03-10T14:02:48.828+0000 7f574e59c700 1 -- 192.168.123.103:0/4068335023 learned_addr learned my addr 192.168.123.103:0/4068335023 (peer_addr_for_me v2:192.168.123.103:0/0)
2026-03-10T14:02:49.016 INFO:teuthology.orchestra.run.vm03.stdout:/usr/bin/ceph: stderr
2026-03-10T14:02:48.828+0000 7f574e59c700 1 -- 192.168.123.103:0/4068335023 --> [v2:192.168.123.103:3300/0,v1:192.168.123.103:6789/0] -- mon_subscribe({config=0+,monmap=0+}) v3 -- 0x7f5750071ea0 con 0x7f5750071410
2026-03-10T14:02:49.016 INFO:teuthology.orchestra.run.vm03.stdout:/usr/bin/ceph: stderr
2026-03-10T14:02:48.829+0000 7f574e59c700 1 --2- 192.168.123.103:0/4068335023 >> [v2:192.168.123.103:3300/0,v1:192.168.123.103:6789/0] conn(0x7f5750071410 0x7f5750071820 secure :-1 s=READY pgs=26 cs=0 l=1 rev1=1 crypto rx=0x7f574000ab30 tx=0x7f5740010730 comp rx=0 tx=0).ready entity=mon.0 client_cookie=e8069d9474904a90 server_cookie=0 in_seq=0 out_seq=0
2026-03-10T14:02:49.016 INFO:teuthology.orchestra.run.vm03.stdout:/usr/bin/ceph: stderr
2026-03-10T14:02:48.829+0000 7f574d59a700 1 -- 192.168.123.103:0/4068335023 <== mon.0 v2:192.168.123.103:3300/0 1 ==== mon_map magic: 0 v1 ==== 214+0+0 (secure 0 0 0) 0x7f5740010e00 con 0x7f5750071410
2026-03-10T14:02:49.016 INFO:teuthology.orchestra.run.vm03.stdout:/usr/bin/ceph: stderr
2026-03-10T14:02:48.829+0000 7f574d59a700 1 -- 192.168.123.103:0/4068335023 <== mon.0 v2:192.168.123.103:3300/0 2 ==== config(28 keys) v1 ==== 1075+0+0 (secure 0 0 0) 0x7f57400044d0 con 0x7f5750071410
2026-03-10T14:02:49.016 INFO:teuthology.orchestra.run.vm03.stdout:/usr/bin/ceph: stderr
2026-03-10T14:02:48.829+0000 7f574d59a700 1 -- 192.168.123.103:0/4068335023 <== mon.0 v2:192.168.123.103:3300/0 3 ==== mon_map magic: 0 v1 ==== 214+0+0 (secure 0 0 0) 0x7f574001a5b0 con 0x7f5750071410
2026-03-10T14:02:49.016 INFO:teuthology.orchestra.run.vm03.stdout:/usr/bin/ceph: stderr
2026-03-10T14:02:48.830+0000 7f574f59e700 1 -- 192.168.123.103:0/4068335023 >> [v2:192.168.123.103:3300/0,v1:192.168.123.103:6789/0] conn(0x7f5750071410 msgr2=0x7f5750071820 secure :-1 s=STATE_CONNECTION_ESTABLISHED l=1).mark_down
2026-03-10T14:02:49.016 INFO:teuthology.orchestra.run.vm03.stdout:/usr/bin/ceph: stderr
2026-03-10T14:02:48.830+0000 7f574f59e700 1 --2- 192.168.123.103:0/4068335023 >> [v2:192.168.123.103:3300/0,v1:192.168.123.103:6789/0] conn(0x7f5750071410 0x7f5750071820 secure :-1 s=READY pgs=26 cs=0 l=1 rev1=1 crypto rx=0x7f574000ab30 tx=0x7f5740010730 comp rx=0 tx=0).stop
2026-03-10T14:02:49.016 INFO:teuthology.orchestra.run.vm03.stdout:/usr/bin/ceph: stderr
2026-03-10T14:02:48.830+0000 7f574f59e700 1 -- 192.168.123.103:0/4068335023 shutdown_connections
2026-03-10T14:02:49.016 INFO:teuthology.orchestra.run.vm03.stdout:/usr/bin/ceph: stderr
2026-03-10T14:02:48.830+0000 7f574f59e700 1 --2- 192.168.123.103:0/4068335023 >> [v2:192.168.123.103:3300/0,v1:192.168.123.103:6789/0] conn(0x7f5750071410 0x7f5750071820 unknown :-1 s=CLOSED pgs=26 cs=0 l=1 rev1=1 crypto rx=0 tx=0 comp rx=0 tx=0).stop
2026-03-10T14:02:49.016 INFO:teuthology.orchestra.run.vm03.stdout:/usr/bin/ceph: stderr
2026-03-10T14:02:48.830+0000 7f574f59e700 1 -- 192.168.123.103:0/4068335023 >> 192.168.123.103:0/4068335023 conn(0x7f575006c9d0 msgr2=0x7f575006ee00 unknown :-1 s=STATE_NONE l=0).mark_down
2026-03-10T14:02:49.016 INFO:teuthology.orchestra.run.vm03.stdout:/usr/bin/ceph: stderr
2026-03-10T14:02:48.830+0000 7f574f59e700 1 -- 192.168.123.103:0/4068335023 shutdown_connections
2026-03-10T14:02:49.016 INFO:teuthology.orchestra.run.vm03.stdout:/usr/bin/ceph: stderr
2026-03-10T14:02:48.830+0000 7f574f59e700 1 -- 192.168.123.103:0/4068335023 wait complete.
2026-03-10T14:02:49.016 INFO:teuthology.orchestra.run.vm03.stdout:/usr/bin/ceph: stderr
2026-03-10T14:02:48.831+0000 7f574f59e700 1 Processor -- start
2026-03-10T14:02:49.016 INFO:teuthology.orchestra.run.vm03.stdout:/usr/bin/ceph: stderr
2026-03-10T14:02:48.831+0000 7f574f59e700 1 -- start start
2026-03-10T14:02:49.016 INFO:teuthology.orchestra.run.vm03.stdout:/usr/bin/ceph: stderr
2026-03-10T14:02:48.831+0000 7f574f59e700 1 --2- >> [v2:192.168.123.103:3300/0,v1:192.168.123.103:6789/0] conn(0x7f5750071410 0x7f57501a86e0 unknown :-1 s=NONE pgs=0 cs=0 l=1 rev1=0 crypto rx=0 tx=0 comp rx=0 tx=0).connect
2026-03-10T14:02:49.016 INFO:teuthology.orchestra.run.vm03.stdout:/usr/bin/ceph: stderr
2026-03-10T14:02:48.831+0000 7f574f59e700 1 -- --> [v2:192.168.123.103:3300/0,v1:192.168.123.103:6789/0] -- mon_getmap magic: 0 v1 -- 0x7f57501a8c20 con 0x7f5750071410
2026-03-10T14:02:49.016 INFO:teuthology.orchestra.run.vm03.stdout:/usr/bin/ceph: stderr
2026-03-10T14:02:48.831+0000 7f574e59c700 1 --2- >> [v2:192.168.123.103:3300/0,v1:192.168.123.103:6789/0] conn(0x7f5750071410 0x7f57501a86e0 unknown :-1 s=BANNER_CONNECTING pgs=0 cs=0 l=1 rev1=0 crypto rx=0 tx=0 comp rx=0 tx=0)._handle_peer_banner_payload supported=3 required=0
2026-03-10T14:02:49.016 INFO:teuthology.orchestra.run.vm03.stdout:/usr/bin/ceph: stderr
2026-03-10T14:02:48.831+0000 7f574e59c700 1 --2- >> [v2:192.168.123.103:3300/0,v1:192.168.123.103:6789/0] conn(0x7f5750071410 0x7f57501a86e0 unknown :-1 s=HELLO_CONNECTING pgs=0 cs=0 l=1 rev1=1 crypto rx=0 tx=0 comp rx=0 tx=0).handle_hello peer v2:192.168.123.103:3300/0 says I am v2:192.168.123.103:58094/0 (socket says 192.168.123.103:58094)
2026-03-10T14:02:49.016 INFO:teuthology.orchestra.run.vm03.stdout:/usr/bin/ceph: stderr
2026-03-10T14:02:48.832+0000 7f574e59c700 1 -- 192.168.123.103:0/1779902364 learned_addr learned my addr 192.168.123.103:0/1779902364 (peer_addr_for_me v2:192.168.123.103:0/0)
2026-03-10T14:02:49.016 INFO:teuthology.orchestra.run.vm03.stdout:/usr/bin/ceph: stderr
2026-03-10T14:02:48.832+0000 7f574e59c700 1 -- 192.168.123.103:0/1779902364 --> [v2:192.168.123.103:3300/0,v1:192.168.123.103:6789/0] -- mon_subscribe({config=0+,monmap=0+}) v3 -- 0x7f574000a7e0 con 0x7f5750071410
2026-03-10T14:02:49.016 INFO:teuthology.orchestra.run.vm03.stdout:/usr/bin/ceph: stderr
2026-03-10T14:02:48.832+0000 7f574e59c700 1 --2- 192.168.123.103:0/1779902364 >> [v2:192.168.123.103:3300/0,v1:192.168.123.103:6789/0] conn(0x7f5750071410 0x7f57501a86e0 secure :-1 s=READY pgs=27 cs=0 l=1 rev1=1 crypto rx=0x7f5740003d60 tx=0x7f57400042e0 comp rx=0 tx=0).ready entity=mon.0 client_cookie=0 server_cookie=0 in_seq=0 out_seq=0
2026-03-10T14:02:49.017 INFO:teuthology.orchestra.run.vm03.stdout:/usr/bin/ceph: stderr
2026-03-10T14:02:48.834+0000 7f573f7fe700 1 -- 192.168.123.103:0/1779902364 <== mon.0 v2:192.168.123.103:3300/0 1 ==== mon_map magic: 0 v1 ==== 214+0+0 (secure 0 0 0) 0x7f57400036a0 con 0x7f5750071410
2026-03-10T14:02:49.017 INFO:teuthology.orchestra.run.vm03.stdout:/usr/bin/ceph: stderr
2026-03-10T14:02:48.834+0000 7f574f59e700 1 -- 192.168.123.103:0/1779902364 --> [v2:192.168.123.103:3300/0,v1:192.168.123.103:6789/0] -- mon_subscribe({mgrmap=0+}) v3 -- 0x7f57501a8e20 con 0x7f5750071410
2026-03-10T14:02:49.017 INFO:teuthology.orchestra.run.vm03.stdout:/usr/bin/ceph: stderr
2026-03-10T14:02:48.834+0000 7f574f59e700 1 -- 192.168.123.103:0/1779902364 --> [v2:192.168.123.103:3300/0,v1:192.168.123.103:6789/0] -- mon_subscribe({osdmap=0}) v3 -- 0x7f57501a9320 con 0x7f5750071410
2026-03-10T14:02:49.017 INFO:teuthology.orchestra.run.vm03.stdout:/usr/bin/ceph: stderr
2026-03-10T14:02:48.834+0000 7f573f7fe700 1 -- 192.168.123.103:0/1779902364 <== mon.0 v2:192.168.123.103:3300/0 2 ==== config(28 keys) v1 ==== 1075+0+0 (secure 0 0 0) 0x7f574000f070 con 0x7f5750071410
2026-03-10T14:02:49.017 INFO:teuthology.orchestra.run.vm03.stdout:/usr/bin/ceph: stderr
2026-03-10T14:02:48.834+0000 7f573f7fe700 1 -- 192.168.123.103:0/1779902364 <== mon.0 v2:192.168.123.103:3300/0 3 ==== mon_map magic: 0 v1 ==== 214+0+0 (secure 0 0 0) 0x7f5740009790 con 0x7f5750071410
2026-03-10T14:02:49.017 INFO:teuthology.orchestra.run.vm03.stdout:/usr/bin/ceph: stderr
2026-03-10T14:02:48.835+0000 7f574f59e700 1 -- 192.168.123.103:0/1779902364 --> [v2:192.168.123.103:3300/0,v1:192.168.123.103:6789/0] -- mon_command({"prefix": "get_command_descriptions"} v 0) v1 -- 0x7f57300052f0 con 0x7f5750071410
2026-03-10T14:02:49.017 INFO:teuthology.orchestra.run.vm03.stdout:/usr/bin/ceph: stderr
2026-03-10T14:02:48.836+0000 7f573f7fe700 1 -- 192.168.123.103:0/1779902364 <== mon.0 v2:192.168.123.103:3300/0 4 ==== mgrmap(e 5) v1 ==== 45079+0+0 (secure 0 0 0) 0x7f5740018070 con 0x7f5750071410
2026-03-10T14:02:49.017 INFO:teuthology.orchestra.run.vm03.stdout:/usr/bin/ceph: stderr
2026-03-10T14:02:48.836+0000 7f573f7fe700 1 --2- 192.168.123.103:0/1779902364 >> [v2:192.168.123.103:6800/2,v1:192.168.123.103:6801/2] conn(0x7f57380384b0 0x7f573803a960 unknown :-1 s=NONE pgs=0 cs=0 l=1 rev1=0 crypto rx=0 tx=0 comp rx=0 tx=0).connect
2026-03-10T14:02:49.017 INFO:teuthology.orchestra.run.vm03.stdout:/usr/bin/ceph: stderr
2026-03-10T14:02:48.836+0000 7f574dd9b700 1 -- 192.168.123.103:0/1779902364 >> [v2:192.168.123.103:6800/2,v1:192.168.123.103:6801/2] conn(0x7f57380384b0 msgr2=0x7f573803a960 unknown :-1 s=STATE_CONNECTING_RE l=1).process reconnect failed to v2:192.168.123.103:6800/2
2026-03-10T14:02:49.017 INFO:teuthology.orchestra.run.vm03.stdout:/usr/bin/ceph: stderr
2026-03-10T14:02:48.836+0000 7f574dd9b700 1 --2- 192.168.123.103:0/1779902364 >> [v2:192.168.123.103:6800/2,v1:192.168.123.103:6801/2] conn(0x7f57380384b0 0x7f573803a960 unknown :-1 s=START_CONNECT pgs=0 cs=0 l=1 rev1=0 crypto rx=0 tx=0 comp rx=0 tx=0)._fault waiting 0.200000
2026-03-10T14:02:49.017 INFO:teuthology.orchestra.run.vm03.stdout:/usr/bin/ceph: stderr
2026-03-10T14:02:48.836+0000 7f573f7fe700 1 -- 192.168.123.103:0/1779902364 <== mon.0 v2:192.168.123.103:3300/0 5 ==== osd_map(1..1 src has 1..1) v4 ==== 725+0+0 (secure 0 0 0) 0x7f574004c980 con 0x7f5750071410
2026-03-10T14:02:49.017 INFO:teuthology.orchestra.run.vm03.stdout:/usr/bin/ceph: stderr
2026-03-10T14:02:48.839+0000 7f573f7fe700 1 -- 192.168.123.103:0/1779902364 <== mon.0 v2:192.168.123.103:3300/0 6 ==== mon_command_ack([{"prefix": "get_command_descriptions"}]=0 v0) v1 ==== 72+0+177933 (secure 0 0 0) 0x7f574002c420 con 0x7f5750071410
2026-03-10T14:02:49.017 INFO:teuthology.orchestra.run.vm03.stdout:/usr/bin/ceph: stderr
2026-03-10T14:02:48.975+0000 7f574f59e700 1 -- 192.168.123.103:0/1779902364 --> [v2:192.168.123.103:3300/0,v1:192.168.123.103:6789/0] -- mon_command({"prefix": "mgr stat"} v 0) v1 -- 0x7f57300061d0 con 0x7f5750071410
2026-03-10T14:02:49.017 INFO:teuthology.orchestra.run.vm03.stdout:/usr/bin/ceph: stderr
2026-03-10T14:02:48.978+0000 7f573f7fe700 1 -- 192.168.123.103:0/1779902364 <== mon.0 v2:192.168.123.103:3300/0 7 ==== mon_command_ack([{"prefix": "mgr stat"}]=0 v5) v1 ==== 56+0+98 (secure 0 0 0) 0x7f5740022ba0 con 0x7f5750071410
2026-03-10T14:02:49.017 INFO:teuthology.orchestra.run.vm03.stdout:/usr/bin/ceph: stderr
2026-03-10T14:02:48.981+0000 7f573d7fa700 1 -- 192.168.123.103:0/1779902364 >> [v2:192.168.123.103:6800/2,v1:192.168.123.103:6801/2] conn(0x7f57380384b0 msgr2=0x7f573803a960 unknown :-1 s=STATE_CONNECTING l=1).mark_down
2026-03-10T14:02:49.017 INFO:teuthology.orchestra.run.vm03.stdout:/usr/bin/ceph: stderr
2026-03-10T14:02:48.982+0000 7f573d7fa700 1 --2- 192.168.123.103:0/1779902364 >> [v2:192.168.123.103:6800/2,v1:192.168.123.103:6801/2] conn(0x7f57380384b0 0x7f573803a960 unknown :-1 s=START_CONNECT pgs=0 cs=0 l=1 rev1=0 crypto rx=0 tx=0 comp rx=0 tx=0).stop
2026-03-10T14:02:49.017 INFO:teuthology.orchestra.run.vm03.stdout:/usr/bin/ceph: stderr
2026-03-10T14:02:48.982+0000 7f573d7fa700 1 -- 192.168.123.103:0/1779902364 >> [v2:192.168.123.103:3300/0,v1:192.168.123.103:6789/0] conn(0x7f5750071410 msgr2=0x7f57501a86e0 secure :-1 s=STATE_CONNECTION_ESTABLISHED l=1).mark_down
2026-03-10T14:02:49.017 INFO:teuthology.orchestra.run.vm03.stdout:/usr/bin/ceph: stderr
2026-03-10T14:02:48.982+0000 7f573d7fa700 1 --2- 192.168.123.103:0/1779902364 >> [v2:192.168.123.103:3300/0,v1:192.168.123.103:6789/0] conn(0x7f5750071410 0x7f57501a86e0 secure :-1 s=READY pgs=27 cs=0 l=1 rev1=1 crypto rx=0x7f5740003d60 tx=0x7f57400042e0 comp rx=0 tx=0).stop
2026-03-10T14:02:49.017 INFO:teuthology.orchestra.run.vm03.stdout:/usr/bin/ceph: stderr
2026-03-10T14:02:48.982+0000 7f573d7fa700 1 -- 192.168.123.103:0/1779902364 shutdown_connections
2026-03-10T14:02:49.017 INFO:teuthology.orchestra.run.vm03.stdout:/usr/bin/ceph: stderr
2026-03-10T14:02:48.982+0000 7f573d7fa700 1 --2- 192.168.123.103:0/1779902364 >> [v2:192.168.123.103:6800/2,v1:192.168.123.103:6801/2] conn(0x7f57380384b0 0x7f573803a960 unknown :-1 s=CLOSED pgs=0 cs=0 l=1 rev1=0 crypto rx=0 tx=0 comp rx=0 tx=0).stop
2026-03-10T14:02:49.017 INFO:teuthology.orchestra.run.vm03.stdout:/usr/bin/ceph: stderr
2026-03-10T14:02:48.982+0000 7f573d7fa700 1 --2- 192.168.123.103:0/1779902364 >> [v2:192.168.123.103:3300/0,v1:192.168.123.103:6789/0] conn(0x7f5750071410 0x7f57501a86e0 unknown :-1 s=CLOSED pgs=27 cs=0 l=1 rev1=1 crypto rx=0 tx=0 comp rx=0 tx=0).stop
2026-03-10T14:02:49.017 INFO:teuthology.orchestra.run.vm03.stdout:/usr/bin/ceph: stderr
2026-03-10T14:02:48.982+0000 7f573d7fa700 1 -- 192.168.123.103:0/1779902364 >> 192.168.123.103:0/1779902364 conn(0x7f575006c9d0 msgr2=0x7f575006d6b0 unknown :-1 s=STATE_NONE l=0).mark_down
2026-03-10T14:02:49.017 INFO:teuthology.orchestra.run.vm03.stdout:/usr/bin/ceph: stderr
2026-03-10T14:02:48.982+0000 7f573d7fa700 1 -- 192.168.123.103:0/1779902364 shutdown_connections
2026-03-10T14:02:49.017 INFO:teuthology.orchestra.run.vm03.stdout:/usr/bin/ceph: stderr
2026-03-10T14:02:48.983+0000 7f573d7fa700 1 -- 192.168.123.103:0/1779902364 wait complete.
2026-03-10T14:02:49.017 INFO:teuthology.orchestra.run.vm03.stdout:Waiting for the mgr to restart...
2026-03-10T14:02:49.017 INFO:teuthology.orchestra.run.vm03.stdout:Waiting for mgr epoch 5...
2026-03-10T14:02:49.933 INFO:journalctl@ceph.mon.vm03.vm03.stdout:Mar 10 14:02:49 vm03 ceph-mon[49718]: from='client.? 192.168.123.103:0/471715523' entity='client.admin' cmd='[{"prefix": "mgr module enable", "module": "cephadm"}]': finished
2026-03-10T14:02:49.934 INFO:journalctl@ceph.mon.vm03.vm03.stdout:Mar 10 14:02:49 vm03 ceph-mon[49718]: mgrmap e5: vm03.rwbbep(active, since 3s)
2026-03-10T14:02:49.934 INFO:journalctl@ceph.mon.vm03.vm03.stdout:Mar 10 14:02:49 vm03 ceph-mon[49718]: from='client.? 192.168.123.103:0/1779902364' entity='client.admin' cmd=[{"prefix": "mgr stat"}]: dispatch
2026-03-10T14:02:53.608 INFO:journalctl@ceph.mon.vm03.vm03.stdout:Mar 10 14:02:53 vm03 ceph-mon[49718]: Active manager daemon vm03.rwbbep restarted
2026-03-10T14:02:53.608 INFO:journalctl@ceph.mon.vm03.vm03.stdout:Mar 10 14:02:53 vm03 ceph-mon[49718]: Activating manager daemon vm03.rwbbep
2026-03-10T14:02:53.608 INFO:journalctl@ceph.mon.vm03.vm03.stdout:Mar 10 14:02:53 vm03 ceph-mon[49718]: osdmap e2: 0 total, 0 up, 0 in
2026-03-10T14:02:53.608 INFO:journalctl@ceph.mon.vm03.vm03.stdout:Mar 10 14:02:53 vm03 ceph-mon[49718]: mgrmap e6: vm03.rwbbep(active, starting, since 0.00449452s)
2026-03-10T14:02:53.608 INFO:journalctl@ceph.mon.vm03.vm03.stdout:Mar 10 14:02:53 vm03 ceph-mon[49718]: from='mgr.14120 192.168.123.103:0/2' entity='mgr.vm03.rwbbep' cmd=[{"prefix": "mon metadata", "id": "vm03"}]: dispatch
2026-03-10T14:02:53.608 INFO:journalctl@ceph.mon.vm03.vm03.stdout:Mar 10 14:02:53 vm03 ceph-mon[49718]: from='mgr.14120 192.168.123.103:0/2' entity='mgr.vm03.rwbbep' cmd=[{"prefix": "mgr metadata", "who": "vm03.rwbbep", "id": "vm03.rwbbep"}]: dispatch
