2026-03-10T14:03:01.845 INFO:teuthology.orchestra.run.vm03.stdout:/usr/bin/ceph: stderr
2026-03-10T14:03:01.670+0000 7f24dcafc700 1 Processor -- start
2026-03-10T14:03:01.845 INFO:teuthology.orchestra.run.vm03.stdout:/usr/bin/ceph: stderr
2026-03-10T14:03:01.671+0000 7f24dcafc700 1 -- start start
2026-03-10T14:03:01.845 INFO:teuthology.orchestra.run.vm03.stdout:/usr/bin/ceph: stderr
2026-03-10T14:03:01.671+0000 7f24dcafc700 1 --2- >> [v2:192.168.123.103:3300/0,v1:192.168.123.103:6789/0] conn(0x7f24d807ad30 0x7f24d8079230 unknown :-1 s=NONE pgs=0 cs=0 l=0 rev1=0 crypto rx=0 tx=0 comp rx=0 tx=0).connect
2026-03-10T14:03:01.845 INFO:teuthology.orchestra.run.vm03.stdout:/usr/bin/ceph: stderr
2026-03-10T14:03:01.671+0000 7f24dcafc700 1 -- --> [v2:192.168.123.103:3300/0,v1:192.168.123.103:6789/0] -- mon_getmap magic: 0 v1 -- 0x7f24d8079770 con 0x7f24d807ad30
2026-03-10T14:03:01.845 INFO:teuthology.orchestra.run.vm03.stdout:/usr/bin/ceph: stderr
2026-03-10T14:03:01.671+0000 7f24d659c700 1 --2- >> [v2:192.168.123.103:3300/0,v1:192.168.123.103:6789/0] conn(0x7f24d807ad30 0x7f24d8079230 unknown :-1 s=BANNER_CONNECTING pgs=0 cs=0 l=0 rev1=0 crypto rx=0 tx=0 comp rx=0 tx=0)._handle_peer_banner_payload supported=3 required=0
2026-03-10T14:03:01.845 INFO:teuthology.orchestra.run.vm03.stdout:/usr/bin/ceph: stderr
2026-03-10T14:03:01.671+0000 7f24d659c700 1 --2- >> [v2:192.168.123.103:3300/0,v1:192.168.123.103:6789/0] conn(0x7f24d807ad30 0x7f24d8079230 unknown :-1 s=HELLO_CONNECTING pgs=0 cs=0 l=0 rev1=1 crypto rx=0 tx=0 comp rx=0 tx=0).handle_hello peer v2:192.168.123.103:3300/0 says I am v2:192.168.123.103:58048/0 (socket says 192.168.123.103:58048)
2026-03-10T14:03:01.845 INFO:teuthology.orchestra.run.vm03.stdout:/usr/bin/ceph: stderr
2026-03-10T14:03:01.671+0000 7f24d659c700 1 -- 192.168.123.103:0/1673613172 learned_addr learned my addr 192.168.123.103:0/1673613172 (peer_addr_for_me v2:192.168.123.103:0/0)
2026-03-10T14:03:01.845 INFO:teuthology.orchestra.run.vm03.stdout:/usr/bin/ceph: stderr
2026-03-10T14:03:01.672+0000 7f24d659c700 1 -- 192.168.123.103:0/1673613172 --> [v2:192.168.123.103:3300/0,v1:192.168.123.103:6789/0] -- mon_subscribe({config=0+,monmap=0+}) v3 -- 0x7f24d80798b0 con 0x7f24d807ad30
2026-03-10T14:03:01.845 INFO:teuthology.orchestra.run.vm03.stdout:/usr/bin/ceph: stderr
2026-03-10T14:03:01.672+0000 7f24d659c700 1 --2- 192.168.123.103:0/1673613172 >> [v2:192.168.123.103:3300/0,v1:192.168.123.103:6789/0] conn(0x7f24d807ad30 0x7f24d8079230 secure :-1 s=READY pgs=65 cs=0 l=1 rev1=1 crypto rx=0x7f24c0009cf0 tx=0x7f24c000b0e0 comp rx=0 tx=0).ready entity=mon.0 client_cookie=24a2a40250f11774 server_cookie=0 in_seq=0 out_seq=0
2026-03-10T14:03:01.847 INFO:teuthology.orchestra.run.vm03.stdout:/usr/bin/ceph: stderr
2026-03-10T14:03:01.672+0000 7f24d559a700 1 -- 192.168.123.103:0/1673613172 <== mon.0 v2:192.168.123.103:3300/0 1 ==== mon_map magic: 0 v1 ==== 214+0+0 (secure 0 0 0) 0x7f24c0004030 con 0x7f24d807ad30
2026-03-10T14:03:01.847 INFO:teuthology.orchestra.run.vm03.stdout:/usr/bin/ceph: stderr
2026-03-10T14:03:01.672+0000 7f24d559a700 1 -- 192.168.123.103:0/1673613172 <== mon.0 v2:192.168.123.103:3300/0 2 ==== config(28 keys) v1 ==== 1139+0+0 (secure 0 0 0) 0x7f24c000b810 con 0x7f24d807ad30
2026-03-10T14:03:01.847 INFO:teuthology.orchestra.run.vm03.stdout:/usr/bin/ceph: stderr
2026-03-10T14:03:01.672+0000 7f24d559a700 1 -- 192.168.123.103:0/1673613172 <== mon.0 v2:192.168.123.103:3300/0 3 ==== mon_map magic: 0 v1 ==== 214+0+0 (secure 0 0 0) 0x7f24c0003b10 con 0x7f24d807ad30
2026-03-10T14:03:01.847 INFO:teuthology.orchestra.run.vm03.stdout:/usr/bin/ceph: stderr
2026-03-10T14:03:01.673+0000 7f24dcafc700 1 -- 192.168.123.103:0/1673613172 >> [v2:192.168.123.103:3300/0,v1:192.168.123.103:6789/0] conn(0x7f24d807ad30 msgr2=0x7f24d8079230 secure :-1 s=STATE_CONNECTION_ESTABLISHED l=1).mark_down
2026-03-10T14:03:01.847 INFO:teuthology.orchestra.run.vm03.stdout:/usr/bin/ceph: stderr
2026-03-10T14:03:01.673+0000 7f24dcafc700 1 --2- 192.168.123.103:0/1673613172 >> [v2:192.168.123.103:3300/0,v1:192.168.123.103:6789/0] conn(0x7f24d807ad30 0x7f24d8079230 secure :-1 s=READY pgs=65 cs=0 l=1 rev1=1 crypto rx=0x7f24c0009cf0 tx=0x7f24c000b0e0 comp rx=0 tx=0).stop
2026-03-10T14:03:01.847 INFO:teuthology.orchestra.run.vm03.stdout:/usr/bin/ceph: stderr
2026-03-10T14:03:01.673+0000 7f24dcafc700 1 -- 192.168.123.103:0/1673613172 shutdown_connections
2026-03-10T14:03:01.847 INFO:teuthology.orchestra.run.vm03.stdout:/usr/bin/ceph: stderr
2026-03-10T14:03:01.673+0000 7f24dcafc700 1 --2- 192.168.123.103:0/1673613172 >> [v2:192.168.123.103:3300/0,v1:192.168.123.103:6789/0] conn(0x7f24d807ad30 0x7f24d8079230 unknown :-1 s=CLOSED pgs=65 cs=0 l=1 rev1=1 crypto rx=0 tx=0 comp rx=0 tx=0).stop
2026-03-10T14:03:01.847 INFO:teuthology.orchestra.run.vm03.stdout:/usr/bin/ceph: stderr
2026-03-10T14:03:01.673+0000 7f24dcafc700 1 -- 192.168.123.103:0/1673613172 >> 192.168.123.103:0/1673613172 conn(0x7f24d81013a0 msgr2=0x7f24d81037b0 unknown :-1 s=STATE_NONE l=0).mark_down
2026-03-10T14:03:01.847 INFO:teuthology.orchestra.run.vm03.stdout:/usr/bin/ceph: stderr
2026-03-10T14:03:01.673+0000 7f24dcafc700 1 -- 192.168.123.103:0/1673613172 shutdown_connections
2026-03-10T14:03:01.847 INFO:teuthology.orchestra.run.vm03.stdout:/usr/bin/ceph: stderr
2026-03-10T14:03:01.673+0000 7f24dcafc700 1 -- 192.168.123.103:0/1673613172 wait complete.
2026-03-10T14:03:01.847 INFO:teuthology.orchestra.run.vm03.stdout:/usr/bin/ceph: stderr
2026-03-10T14:03:01.674+0000 7f24dcafc700 1 Processor -- start
2026-03-10T14:03:01.847 INFO:teuthology.orchestra.run.vm03.stdout:/usr/bin/ceph: stderr
2026-03-10T14:03:01.674+0000 7f24dcafc700 1 -- start start
2026-03-10T14:03:01.847 INFO:teuthology.orchestra.run.vm03.stdout:/usr/bin/ceph: stderr
2026-03-10T14:03:01.674+0000 7f24dcafc700 1 --2- >> [v2:192.168.123.103:3300/0,v1:192.168.123.103:6789/0] conn(0x7f24d81a02d0 0x7f24d81a06e0 unknown :-1 s=NONE pgs=0 cs=0 l=1 rev1=0 crypto rx=0 tx=0 comp rx=0 tx=0).connect
2026-03-10T14:03:01.847 INFO:teuthology.orchestra.run.vm03.stdout:/usr/bin/ceph: stderr
2026-03-10T14:03:01.674+0000 7f24dcafc700 1 -- --> [v2:192.168.123.103:3300/0,v1:192.168.123.103:6789/0] -- mon_getmap magic: 0 v1 -- 0x7f24d81a0c20 con 0x7f24d81a02d0
2026-03-10T14:03:01.847 INFO:teuthology.orchestra.run.vm03.stdout:/usr/bin/ceph: stderr
2026-03-10T14:03:01.674+0000 7f24d659c700 1 --2- >> [v2:192.168.123.103:3300/0,v1:192.168.123.103:6789/0] conn(0x7f24d81a02d0 0x7f24d81a06e0 unknown :-1 s=BANNER_CONNECTING pgs=0 cs=0 l=1 rev1=0 crypto rx=0 tx=0 comp rx=0 tx=0)._handle_peer_banner_payload supported=3 required=0
2026-03-10T14:03:01.847 INFO:teuthology.orchestra.run.vm03.stdout:/usr/bin/ceph: stderr
2026-03-10T14:03:01.674+0000 7f24d659c700 1 --2- >> [v2:192.168.123.103:3300/0,v1:192.168.123.103:6789/0] conn(0x7f24d81a02d0 0x7f24d81a06e0 unknown :-1 s=HELLO_CONNECTING pgs=0 cs=0 l=1 rev1=1 crypto rx=0 tx=0 comp rx=0 tx=0).handle_hello peer v2:192.168.123.103:3300/0 says I am v2:192.168.123.103:58056/0 (socket says 192.168.123.103:58056)
2026-03-10T14:03:01.847 INFO:teuthology.orchestra.run.vm03.stdout:/usr/bin/ceph: stderr
2026-03-10T14:03:01.674+0000 7f24d659c700 1 -- 192.168.123.103:0/3317338013 learned_addr learned my addr 192.168.123.103:0/3317338013 (peer_addr_for_me v2:192.168.123.103:0/0)
2026-03-10T14:03:01.847 INFO:teuthology.orchestra.run.vm03.stdout:/usr/bin/ceph: stderr
2026-03-10T14:03:01.675+0000 7f24d659c700 1 -- 192.168.123.103:0/3317338013 --> [v2:192.168.123.103:3300/0,v1:192.168.123.103:6789/0] -- mon_subscribe({config=0+,monmap=0+}) v3 -- 0x7f24c0009740 con 0x7f24d81a02d0
2026-03-10T14:03:01.847 INFO:teuthology.orchestra.run.vm03.stdout:/usr/bin/ceph: stderr
2026-03-10T14:03:01.675+0000 7f24d659c700 1 --2- 192.168.123.103:0/3317338013 >> [v2:192.168.123.103:3300/0,v1:192.168.123.103:6789/0] conn(0x7f24d81a02d0 0x7f24d81a06e0 secure :-1 s=READY pgs=66 cs=0 l=1 rev1=1 crypto rx=0x7f24c0009cc0 tx=0x7f24c001b800 comp rx=0 tx=0).ready entity=mon.0 client_cookie=0 server_cookie=0 in_seq=0 out_seq=0
2026-03-10T14:03:01.847 INFO:teuthology.orchestra.run.vm03.stdout:/usr/bin/ceph: stderr
2026-03-10T14:03:01.675+0000 7f24cf7fe700 1 -- 192.168.123.103:0/3317338013 <== mon.0 v2:192.168.123.103:3300/0 1 ==== mon_map magic: 0 v1 ==== 214+0+0 (secure 0 0 0) 0x7f24c001ba20 con 0x7f24d81a02d0
2026-03-10T14:03:01.847 INFO:teuthology.orchestra.run.vm03.stdout:/usr/bin/ceph: stderr
2026-03-10T14:03:01.675+0000 7f24dcafc700 1 -- 192.168.123.103:0/3317338013 --> [v2:192.168.123.103:3300/0,v1:192.168.123.103:6789/0] -- mon_subscribe({mgrmap=0+}) v3 -- 0x7f24d81a0e20 con 0x7f24d81a02d0
2026-03-10T14:03:01.847 INFO:teuthology.orchestra.run.vm03.stdout:/usr/bin/ceph: stderr
2026-03-10T14:03:01.675+0000 7f24dcafc700 1 -- 192.168.123.103:0/3317338013 --> [v2:192.168.123.103:3300/0,v1:192.168.123.103:6789/0] -- mon_subscribe({osdmap=0}) v3 -- 0x7f24d81a3a80 con 0x7f24d81a02d0
2026-03-10T14:03:01.847 INFO:teuthology.orchestra.run.vm03.stdout:/usr/bin/ceph: stderr
2026-03-10T14:03:01.676+0000 7f24cf7fe700 1 -- 192.168.123.103:0/3317338013 <== mon.0 v2:192.168.123.103:3300/0 2 ==== config(28 keys) v1 ==== 1139+0+0 (secure 0 0 0) 0x7f24c001bb80 con 0x7f24d81a02d0
2026-03-10T14:03:01.847 INFO:teuthology.orchestra.run.vm03.stdout:/usr/bin/ceph: stderr
2026-03-10T14:03:01.676+0000 7f24cf7fe700 1 -- 192.168.123.103:0/3317338013 <== mon.0 v2:192.168.123.103:3300/0 3 ==== mon_map magic: 0 v1 ==== 214+0+0 (secure 0 0 0) 0x7f24c001c450 con 0x7f24d81a02d0
2026-03-10T14:03:01.847 INFO:teuthology.orchestra.run.vm03.stdout:/usr/bin/ceph: stderr
2026-03-10T14:03:01.677+0000 7f24dcafc700 1 -- 192.168.123.103:0/3317338013 --> [v2:192.168.123.103:3300/0,v1:192.168.123.103:6789/0] -- mon_command({"prefix": "get_command_descriptions"} v 0) v1 -- 0x7f24b8005320 con 0x7f24d81a02d0
2026-03-10T14:03:01.847 INFO:teuthology.orchestra.run.vm03.stdout:/usr/bin/ceph: stderr
2026-03-10T14:03:01.677+0000 7f24cf7fe700 1 -- 192.168.123.103:0/3317338013 <== mon.0 v2:192.168.123.103:3300/0 4 ==== mgrmap(e 8) v1 ==== 45079+0+0 (secure 0 0 0) 0x7f24c0022070 con 0x7f24d81a02d0
2026-03-10T14:03:01.847 INFO:teuthology.orchestra.run.vm03.stdout:/usr/bin/ceph: stderr
2026-03-10T14:03:01.677+0000 7f24cf7fe700 1 --2- 192.168.123.103:0/3317338013 >> [v2:192.168.123.103:6800/2,v1:192.168.123.103:6801/2] conn(0x7f24c40384c0 0x7f24c403a970 unknown :-1 s=NONE pgs=0 cs=0 l=1 rev1=0 crypto rx=0 tx=0 comp rx=0 tx=0).connect
2026-03-10T14:03:01.847 INFO:teuthology.orchestra.run.vm03.stdout:/usr/bin/ceph: stderr
2026-03-10T14:03:01.677+0000 7f24cf7fe700 1 -- 192.168.123.103:0/3317338013 <== mon.0 v2:192.168.123.103:3300/0 5 ==== osd_map(2..2 src has 1..2) v4 ==== 940+0+0 (secure 0 0 0) 0x7f24c004c1e0 con 0x7f24d81a02d0
2026-03-10T14:03:01.847 INFO:teuthology.orchestra.run.vm03.stdout:/usr/bin/ceph: stderr
2026-03-10T14:03:01.677+0000 7f24d5d9b700 1 --2- 192.168.123.103:0/3317338013 >> [v2:192.168.123.103:6800/2,v1:192.168.123.103:6801/2] conn(0x7f24c40384c0 0x7f24c403a970 unknown :-1 s=BANNER_CONNECTING pgs=0 cs=0 l=1 rev1=0 crypto rx=0 tx=0 comp rx=0 tx=0)._handle_peer_banner_payload supported=3 required=0
2026-03-10T14:03:01.847 INFO:teuthology.orchestra.run.vm03.stdout:/usr/bin/ceph: stderr
2026-03-10T14:03:01.678+0000 7f24d5d9b700 1 --2- 192.168.123.103:0/3317338013 >> [v2:192.168.123.103:6800/2,v1:192.168.123.103:6801/2] conn(0x7f24c40384c0 0x7f24c403a970 secure :-1 s=READY pgs=21 cs=0 l=1 rev1=1 crypto rx=0x7f24c8006fd0 tx=0x7f24c8006e40 comp rx=0 tx=0).ready entity=mgr.14120 client_cookie=0 server_cookie=0 in_seq=0 out_seq=0
2026-03-10T14:03:01.847 INFO:teuthology.orchestra.run.vm03.stdout:/usr/bin/ceph: stderr
2026-03-10T14:03:01.680+0000 7f24cf7fe700 1 -- 192.168.123.103:0/3317338013 <== mon.0 v2:192.168.123.103:3300/0 6 ==== mon_command_ack([{"prefix": "get_command_descriptions"}]=0 v0) v1 ==== 72+0+177933 (secure 0 0 0) 0x7f24c001bcf0 con 0x7f24d81a02d0
2026-03-10T14:03:01.847 INFO:teuthology.orchestra.run.vm03.stdout:/usr/bin/ceph: stderr
2026-03-10T14:03:01.786+0000 7f24dcafc700 1 -- 192.168.123.103:0/3317338013 --> [v2:192.168.123.103:3300/0,v1:192.168.123.103:6789/0] -- mon_command([{prefix=config set, name=mgr/dashboard/ssl_server_port}] v 0) v1 -- 0x7f24b8005f70 con 0x7f24d81a02d0
2026-03-10T14:03:01.847 INFO:teuthology.orchestra.run.vm03.stdout:/usr/bin/ceph: stderr
2026-03-10T14:03:01.794+0000 7f24cf7fe700 1 -- 192.168.123.103:0/3317338013 <== mon.0 v2:192.168.123.103:3300/0 7 ==== mon_command_ack([{prefix=config set, name=mgr/dashboard/ssl_server_port}]=0 v8)=0 v8) v1 ==== 130+0+0 (secure 0 0 0) 0x7f24c002e3e0 con 0x7f24d81a02d0
2026-03-10T14:03:01.847 INFO:teuthology.orchestra.run.vm03.stdout:/usr/bin/ceph: stderr
2026-03-10T14:03:01.798+0000 7f24dcafc700 1 -- 192.168.123.103:0/3317338013 >> [v2:192.168.123.103:6800/2,v1:192.168.123.103:6801/2] conn(0x7f24c40384c0 msgr2=0x7f24c403a970 secure :-1 s=STATE_CONNECTION_ESTABLISHED l=1).mark_down
2026-03-10T14:03:01.848 INFO:teuthology.orchestra.run.vm03.stdout:/usr/bin/ceph: stderr
2026-03-10T14:03:01.798+0000 7f24dcafc700 1 --2- 192.168.123.103:0/3317338013 >> [v2:192.168.123.103:6800/2,v1:192.168.123.103:6801/2] conn(0x7f24c40384c0 0x7f24c403a970 secure :-1 s=READY pgs=21 cs=0 l=1 rev1=1 crypto rx=0x7f24c8006fd0 tx=0x7f24c8006e40 comp rx=0 tx=0).stop
2026-03-10T14:03:01.848 INFO:teuthology.orchestra.run.vm03.stdout:/usr/bin/ceph: stderr
2026-03-10T14:03:01.798+0000 7f24dcafc700 1 -- 192.168.123.103:0/3317338013 >> [v2:192.168.123.103:3300/0,v1:192.168.123.103:6789/0] conn(0x7f24d81a02d0 msgr2=0x7f24d81a06e0 secure :-1 s=STATE_CONNECTION_ESTABLISHED l=1).mark_down
2026-03-10T14:03:01.848 INFO:teuthology.orchestra.run.vm03.stdout:/usr/bin/ceph: stderr
2026-03-10T14:03:01.798+0000 7f24dcafc700 1 --2- 192.168.123.103:0/3317338013 >> [v2:192.168.123.103:3300/0,v1:192.168.123.103:6789/0] conn(0x7f24d81a02d0 0x7f24d81a06e0 secure :-1 s=READY pgs=66 cs=0 l=1 rev1=1 crypto rx=0x7f24c0009cc0 tx=0x7f24c001b800 comp rx=0 tx=0).stop
2026-03-10T14:03:01.848 INFO:teuthology.orchestra.run.vm03.stdout:/usr/bin/ceph: stderr
2026-03-10T14:03:01.798+0000 7f24dcafc700 1 -- 192.168.123.103:0/3317338013 shutdown_connections
2026-03-10T14:03:01.848 INFO:teuthology.orchestra.run.vm03.stdout:/usr/bin/ceph: stderr
2026-03-10T14:03:01.798+0000 7f24dcafc700 1 --2- 192.168.123.103:0/3317338013 >> [v2:192.168.123.103:6800/2,v1:192.168.123.103:6801/2] conn(0x7f24c40384c0 0x7f24c403a970 unknown :-1 s=CLOSED pgs=21 cs=0 l=1 rev1=1 crypto rx=0 tx=0 comp rx=0 tx=0).stop
2026-03-10T14:03:01.848 INFO:teuthology.orchestra.run.vm03.stdout:/usr/bin/ceph: stderr
2026-03-10T14:03:01.798+0000 7f24dcafc700 1 --2- 192.168.123.103:0/3317338013 >> [v2:192.168.123.103:3300/0,v1:192.168.123.103:6789/0] conn(0x7f24d81a02d0 0x7f24d81a06e0 unknown :-1 s=CLOSED pgs=66 cs=0 l=1 rev1=1 crypto rx=0 tx=0 comp rx=0 tx=0).stop
2026-03-10T14:03:01.848 INFO:teuthology.orchestra.run.vm03.stdout:/usr/bin/ceph: stderr
2026-03-10T14:03:01.799+0000 7f24dcafc700 1 -- 192.168.123.103:0/3317338013 >> 192.168.123.103:0/3317338013 conn(0x7f24d81013a0 msgr2=0x7f24d8102000 unknown :-1 s=STATE_NONE l=0).mark_down
2026-03-10T14:03:01.848 INFO:teuthology.orchestra.run.vm03.stdout:/usr/bin/ceph: stderr
2026-03-10T14:03:01.799+0000 7f24dcafc700 1 -- 192.168.123.103:0/3317338013 shutdown_connections
2026-03-10T14:03:01.848 INFO:teuthology.orchestra.run.vm03.stdout:/usr/bin/ceph: stderr
2026-03-10T14:03:01.799+0000 7f24dcafc700 1 -- 192.168.123.103:0/3317338013 wait complete.
2026-03-10T14:03:01.848 INFO:teuthology.orchestra.run.vm03.stdout:Enabling the dashboard module...
2026-03-10T14:03:02.792 INFO:journalctl@ceph.mon.vm03.vm03.stdout:Mar 10 14:03:02 vm03 ceph-mon[49718]: from='client.14154 -' entity='client.admin' cmd=[{"prefix": "orch apply", "service_type": "node-exporter", "target": ["mon-mgr", ""]}]: dispatch
2026-03-10T14:03:02.792 INFO:journalctl@ceph.mon.vm03.vm03.stdout:Mar 10 14:03:02 vm03 ceph-mon[49718]: Saving service node-exporter spec with placement *
2026-03-10T14:03:02.792 INFO:journalctl@ceph.mon.vm03.vm03.stdout:Mar 10 14:03:02 vm03 ceph-mon[49718]: from='client.14156 -' entity='client.admin' cmd=[{"prefix": "orch apply", "service_type": "alertmanager", "target": ["mon-mgr", ""]}]: dispatch
2026-03-10T14:03:02.792 INFO:journalctl@ceph.mon.vm03.vm03.stdout:Mar 10 14:03:02 vm03 ceph-mon[49718]: Saving service alertmanager spec with placement count:1
2026-03-10T14:03:02.792 INFO:journalctl@ceph.mon.vm03.vm03.stdout:Mar 10 14:03:02 vm03 ceph-mon[49718]: from='client.? 192.168.123.103:0/3317338013' entity='client.admin'
2026-03-10T14:03:02.792 INFO:journalctl@ceph.mon.vm03.vm03.stdout:Mar 10 14:03:02 vm03 ceph-mon[49718]: from='client.? 192.168.123.103:0/1422942041' entity='client.admin' cmd=[{"prefix": "mgr module enable", "module": "dashboard"}]: dispatch
2026-03-10T14:03:02.830 INFO:teuthology.orchestra.run.vm03.stdout:/usr/bin/ceph: stderr
2026-03-10T14:03:01.979+0000 7f3f3ba22700 1 Processor -- start
2026-03-10T14:03:02.830 INFO:teuthology.orchestra.run.vm03.stdout:/usr/bin/ceph: stderr
2026-03-10T14:03:01.980+0000 7f3f3ba22700 1 -- start start
2026-03-10T14:03:02.830 INFO:teuthology.orchestra.run.vm03.stdout:/usr/bin/ceph: stderr
2026-03-10T14:03:01.980+0000 7f3f3ba22700 1 --2- >> [v2:192.168.123.103:3300/0,v1:192.168.123.103:6789/0] conn(0x7f3f34104c20 0x7f3f34105030 unknown :-1 s=NONE pgs=0 cs=0 l=0 rev1=0 crypto rx=0 tx=0 comp rx=0 tx=0).connect
2026-03-10T14:03:02.830 INFO:teuthology.orchestra.run.vm03.stdout:/usr/bin/ceph: stderr
2026-03-10T14:03:01.980+0000 7f3f3ba22700 1 -- --> [v2:192.168.123.103:3300/0,v1:192.168.123.103:6789/0] -- mon_getmap magic: 0 v1 -- 0x7f3f34105570 con 0x7f3f34104c20
2026-03-10T14:03:02.830 INFO:teuthology.orchestra.run.vm03.stdout:/usr/bin/ceph: stderr
2026-03-10T14:03:01.980+0000 7f3f397be700 1 --2- >> [v2:192.168.123.103:3300/0,v1:192.168.123.103:6789/0] conn(0x7f3f34104c20 0x7f3f34105030 unknown :-1 s=BANNER_CONNECTING pgs=0 cs=0 l=0 rev1=0 crypto rx=0 tx=0 comp rx=0 tx=0)._handle_peer_banner_payload supported=3 required=0
2026-03-10T14:03:02.830 INFO:teuthology.orchestra.run.vm03.stdout:/usr/bin/ceph: stderr
2026-03-10T14:03:01.980+0000 7f3f397be700 1 --2- >> [v2:192.168.123.103:3300/0,v1:192.168.123.103:6789/0] conn(0x7f3f34104c20 0x7f3f34105030 unknown :-1 s=HELLO_CONNECTING pgs=0 cs=0 l=0 rev1=1 crypto rx=0 tx=0 comp rx=0 tx=0).handle_hello peer v2:192.168.123.103:3300/0 says I am v2:192.168.123.103:58060/0 (socket says 192.168.123.103:58060)
2026-03-10T14:03:02.830 INFO:teuthology.orchestra.run.vm03.stdout:/usr/bin/ceph: stderr
2026-03-10T14:03:01.980+0000 7f3f397be700 1 -- 192.168.123.103:0/71871339 learned_addr learned my addr 192.168.123.103:0/71871339 (peer_addr_for_me v2:192.168.123.103:0/0)
2026-03-10T14:03:02.830 INFO:teuthology.orchestra.run.vm03.stdout:/usr/bin/ceph: stderr
2026-03-10T14:03:01.981+0000 7f3f397be700 1 -- 192.168.123.103:0/71871339 --> [v2:192.168.123.103:3300/0,v1:192.168.123.103:6789/0] -- mon_subscribe({config=0+,monmap=0+}) v3 -- 0x7f3f341056b0 con 0x7f3f34104c20
2026-03-10T14:03:02.830 INFO:teuthology.orchestra.run.vm03.stdout:/usr/bin/ceph: stderr
2026-03-10T14:03:01.981+0000 7f3f397be700 1 --2- 192.168.123.103:0/71871339 >> [v2:192.168.123.103:3300/0,v1:192.168.123.103:6789/0] conn(0x7f3f34104c20 0x7f3f34105030 secure :-1 s=READY pgs=67 cs=0 l=1 rev1=1 crypto rx=0x7f3f24009a90 tx=0x7f3f24009da0 comp rx=0 tx=0).ready entity=mon.0 client_cookie=21f0bacf7f2ed498 server_cookie=0 in_seq=0 out_seq=0
2026-03-10T14:03:02.830 INFO:teuthology.orchestra.run.vm03.stdout:/usr/bin/ceph: stderr
2026-03-10T14:03:01.981+0000 7f3f2bfff700 1 -- 192.168.123.103:0/71871339 <== mon.0 v2:192.168.123.103:3300/0 1 ==== mon_map magic: 0 v1 ==== 214+0+0 (secure 0 0 0) 0x7f3f24004030 con 0x7f3f34104c20
2026-03-10T14:03:02.831 INFO:teuthology.orchestra.run.vm03.stdout:/usr/bin/ceph: stderr
2026-03-10T14:03:01.981+0000 7f3f2bfff700 1 -- 192.168.123.103:0/71871339 <== mon.0 v2:192.168.123.103:3300/0 2 ==== config(28 keys) v1 ==== 1139+0+0 (secure 0 0 0) 0x7f3f2400b7e0 con 0x7f3f34104c20
2026-03-10T14:03:02.831 INFO:teuthology.orchestra.run.vm03.stdout:/usr/bin/ceph: stderr
2026-03-10T14:03:01.982+0000 7f3f3ba22700 1 -- 192.168.123.103:0/71871339 >> [v2:192.168.123.103:3300/0,v1:192.168.123.103:6789/0] conn(0x7f3f34104c20 msgr2=0x7f3f34105030 secure :-1 s=STATE_CONNECTION_ESTABLISHED l=1).mark_down
2026-03-10T14:03:02.831 INFO:teuthology.orchestra.run.vm03.stdout:/usr/bin/ceph: stderr
2026-03-10T14:03:01.982+0000 7f3f3ba22700 1 --2- 192.168.123.103:0/71871339 >> [v2:192.168.123.103:3300/0,v1:192.168.123.103:6789/0] conn(0x7f3f34104c20 0x7f3f34105030 secure :-1 s=READY pgs=67 cs=0 l=1 rev1=1 crypto rx=0x7f3f24009a90 tx=0x7f3f24009da0 comp rx=0 tx=0).stop
2026-03-10T14:03:02.831 INFO:teuthology.orchestra.run.vm03.stdout:/usr/bin/ceph: stderr
2026-03-10T14:03:01.982+0000 7f3f3ba22700 1 -- 192.168.123.103:0/71871339 shutdown_connections
2026-03-10T14:03:02.831 INFO:teuthology.orchestra.run.vm03.stdout:/usr/bin/ceph: stderr
2026-03-10T14:03:01.982+0000 7f3f3ba22700 1 --2- 192.168.123.103:0/71871339 >> [v2:192.168.123.103:3300/0,v1:192.168.123.103:6789/0] conn(0x7f3f34104c20 0x7f3f34105030 unknown :-1 s=CLOSED pgs=67 cs=0 l=1 rev1=1 crypto rx=0 tx=0 comp rx=0 tx=0).stop
2026-03-10T14:03:02.832 INFO:teuthology.orchestra.run.vm03.stdout:/usr/bin/ceph: stderr
2026-03-10T14:03:01.982+0000 7f3f3ba22700 1 -- 192.168.123.103:0/71871339 >> 192.168.123.103:0/71871339 conn(0x7f3f34100270 msgr2=0x7f3f341026a0 unknown :-1 s=STATE_NONE l=0).mark_down
2026-03-10T14:03:02.832 INFO:teuthology.orchestra.run.vm03.stdout:/usr/bin/ceph: stderr
2026-03-10T14:03:01.982+0000 7f3f3ba22700 1 -- 192.168.123.103:0/71871339 shutdown_connections
2026-03-10T14:03:02.832 INFO:teuthology.orchestra.run.vm03.stdout:/usr/bin/ceph: stderr
2026-03-10T14:03:01.982+0000 7f3f3ba22700 1 -- 192.168.123.103:0/71871339 wait complete.
2026-03-10T14:03:02.832 INFO:teuthology.orchestra.run.vm03.stdout:/usr/bin/ceph: stderr
2026-03-10T14:03:01.983+0000 7f3f3ba22700 1 Processor -- start
2026-03-10T14:03:02.832 INFO:teuthology.orchestra.run.vm03.stdout:/usr/bin/ceph: stderr
2026-03-10T14:03:01.983+0000 7f3f3ba22700 1 -- start start
2026-03-10T14:03:02.832 INFO:teuthology.orchestra.run.vm03.stdout:/usr/bin/ceph: stderr
2026-03-10T14:03:01.983+0000 7f3f3ba22700 1 --2- >> [v2:192.168.123.103:3300/0,v1:192.168.123.103:6789/0] conn(0x7f3f34104c20 0x7f3f3419bf30 unknown :-1 s=NONE pgs=0 cs=0 l=1 rev1=0 crypto rx=0 tx=0 comp rx=0 tx=0).connect
2026-03-10T14:03:02.832 INFO:teuthology.orchestra.run.vm03.stdout:/usr/bin/ceph: stderr
2026-03-10T14:03:01.983+0000 7f3f3ba22700 1 -- --> [v2:192.168.123.103:3300/0,v1:192.168.123.103:6789/0] -- mon_getmap magic: 0 v1 -- 0x7f3f24014070 con 0x7f3f34104c20
2026-03-10T14:03:02.832 INFO:teuthology.orchestra.run.vm03.stdout:/usr/bin/ceph: stderr
2026-03-10T14:03:01.983+0000 7f3f397be700 1 --2- >> [v2:192.168.123.103:3300/0,v1:192.168.123.103:6789/0] conn(0x7f3f34104c20 0x7f3f3419bf30 unknown :-1 s=BANNER_CONNECTING pgs=0 cs=0 l=1 rev1=0 crypto rx=0 tx=0 comp rx=0 tx=0)._handle_peer_banner_payload supported=3 required=0
2026-03-10T14:03:02.832 INFO:teuthology.orchestra.run.vm03.stdout:/usr/bin/ceph: stderr
2026-03-10T14:03:01.983+0000 7f3f397be700 1 --2- >> [v2:192.168.123.103:3300/0,v1:192.168.123.103:6789/0] conn(0x7f3f34104c20 0x7f3f3419bf30 unknown :-1 s=HELLO_CONNECTING pgs=0 cs=0 l=1 rev1=1 crypto rx=0 tx=0 comp rx=0 tx=0).handle_hello peer v2:192.168.123.103:3300/0 says I am v2:192.168.123.103:58074/0 (socket says 192.168.123.103:58074)
2026-03-10T14:03:02.832 INFO:teuthology.orchestra.run.vm03.stdout:/usr/bin/ceph: stderr
2026-03-10T14:03:01.983+0000 7f3f397be700 1 -- 192.168.123.103:0/1422942041 learned_addr learned my addr 192.168.123.103:0/1422942041 (peer_addr_for_me v2:192.168.123.103:0/0)
2026-03-10T14:03:02.832 INFO:teuthology.orchestra.run.vm03.stdout:/usr/bin/ceph: stderr
2026-03-10T14:03:01.984+0000 7f3f397be700 1 -- 192.168.123.103:0/1422942041 --> [v2:192.168.123.103:3300/0,v1:192.168.123.103:6789/0] -- mon_subscribe({config=0+,monmap=0+}) v3 -- 0x7f3f24009740 con 0x7f3f34104c20
2026-03-10T14:03:02.832 INFO:teuthology.orchestra.run.vm03.stdout:/usr/bin/ceph: stderr
2026-03-10T14:03:01.984+0000 7f3f397be700 1 --2- 192.168.123.103:0/1422942041 >> [v2:192.168.123.103:3300/0,v1:192.168.123.103:6789/0] conn(0x7f3f34104c20 0x7f3f3419bf30 secure :-1 s=READY pgs=68 cs=0 l=1 rev1=1 crypto rx=0x7f3f24003f80 tx=0x7f3f24004060 comp rx=0 tx=0).ready entity=mon.0 client_cookie=0 server_cookie=0 in_seq=0 out_seq=0
2026-03-10T14:03:02.832 INFO:teuthology.orchestra.run.vm03.stdout:/usr/bin/ceph: stderr
2026-03-10T14:03:01.984+0000 7f3f2a7fc700 1 -- 192.168.123.103:0/1422942041 <== mon.0 v2:192.168.123.103:3300/0 1 ==== mon_map magic: 0 v1 ==== 214+0+0 (secure 0 0 0) 0x7f3f2400bec0 con 0x7f3f34104c20
2026-03-10T14:03:02.832 INFO:teuthology.orchestra.run.vm03.stdout:/usr/bin/ceph: stderr
2026-03-10T14:03:01.984+0000 7f3f3ba22700 1 -- 192.168.123.103:0/1422942041 --> [v2:192.168.123.103:3300/0,v1:192.168.123.103:6789/0] -- mon_subscribe({mgrmap=0+}) v3 -- 0x7f3f3419c470 con 0x7f3f34104c20
2026-03-10T14:03:02.832 INFO:teuthology.orchestra.run.vm03.stdout:/usr/bin/ceph: stderr
2026-03-10T14:03:01.984+0000 7f3f3ba22700 1 -- 192.168.123.103:0/1422942041 --> [v2:192.168.123.103:3300/0,v1:192.168.123.103:6789/0] -- mon_subscribe({osdmap=0}) v3 -- 0x7f3f3419c910 con 0x7f3f34104c20
2026-03-10T14:03:02.832 INFO:teuthology.orchestra.run.vm03.stdout:/usr/bin/ceph: stderr
2026-03-10T14:03:01.985+0000 7f3f2a7fc700 1 -- 192.168.123.103:0/1422942041 <== mon.0 v2:192.168.123.103:3300/0 2 ==== config(28 keys) v1 ==== 1139+0+0 (secure 0 0 0) 0x7f3f24003900 con 0x7f3f34104c20
2026-03-10T14:03:02.832 INFO:teuthology.orchestra.run.vm03.stdout:/usr/bin/ceph: stderr
2026-03-10T14:03:01.985+0000 7f3f2a7fc700 1 -- 192.168.123.103:0/1422942041 <== mon.0 v2:192.168.123.103:3300/0 3 ==== mon_map magic: 0 v1 ==== 214+0+0 (secure 0 0 0) 0x7f3f24021780 con 0x7f3f34104c20
2026-03-10T14:03:02.832 INFO:teuthology.orchestra.run.vm03.stdout:/usr/bin/ceph: stderr
2026-03-10T14:03:01.985+0000 7f3f2a7fc700 1 -- 192.168.123.103:0/1422942041 <== mon.0 v2:192.168.123.103:3300/0 4 ==== mgrmap(e 8) v1 ==== 45079+0+0 (secure 0 0 0) 0x7f3f2402b430 con 0x7f3f34104c20
2026-03-10T14:03:02.832 INFO:teuthology.orchestra.run.vm03.stdout:/usr/bin/ceph: stderr
2026-03-10T14:03:01.985+0000 7f3f2a7fc700 1 --2- 192.168.123.103:0/1422942041 >> [v2:192.168.123.103:6800/2,v1:192.168.123.103:6801/2] conn(0x7f3f200384b0 0x7f3f2003a960 unknown :-1 s=NONE pgs=0 cs=0 l=1 rev1=0 crypto rx=0 tx=0 comp rx=0 tx=0).connect
2026-03-10T14:03:02.832 INFO:teuthology.orchestra.run.vm03.stdout:/usr/bin/ceph: stderr
2026-03-10T14:03:01.985+0000 7f3f2a7fc700 1 -- 192.168.123.103:0/1422942041 <== mon.0 v2:192.168.123.103:3300/0 5 ==== osd_map(2..2 src has 1..2) v4 ==== 940+0+0 (secure 0 0 0) 0x7f3f2404ce70 con 0x7f3f34104c20
2026-03-10T14:03:02.832 INFO:teuthology.orchestra.run.vm03.stdout:/usr/bin/ceph: stderr
2026-03-10T14:03:01.986+0000 7f3f38fbd700 1 --2- 192.168.123.103:0/1422942041 >> [v2:192.168.123.103:6800/2,v1:192.168.123.103:6801/2] conn(0x7f3f200384b0 0x7f3f2003a960 unknown :-1 s=BANNER_CONNECTING pgs=0 cs=0 l=1 rev1=0 crypto rx=0 tx=0 comp rx=0 tx=0)._handle_peer_banner_payload supported=3 required=0
2026-03-10T14:03:02.832 INFO:teuthology.orchestra.run.vm03.stdout:/usr/bin/ceph: stderr
2026-03-10T14:03:01.986+0000 7f3f38fbd700 1 --2- 192.168.123.103:0/1422942041 >> [v2:192.168.123.103:6800/2,v1:192.168.123.103:6801/2] conn(0x7f3f200384b0 0x7f3f2003a960 secure :-1 s=READY pgs=22 cs=0 l=1 rev1=1 crypto rx=0x7f3f30006fd0 tx=0x7f3f30006e40 comp rx=0 tx=0).ready entity=mgr.14120 client_cookie=0 server_cookie=0 in_seq=0 out_seq=0
2026-03-10T14:03:02.832 INFO:teuthology.orchestra.run.vm03.stdout:/usr/bin/ceph: stderr
2026-03-10T14:03:01.987+0000 7f3f3ba22700 1 -- 192.168.123.103:0/1422942041 --> [v2:192.168.123.103:3300/0,v1:192.168.123.103:6789/0] -- mon_command({"prefix": "get_command_descriptions"} v 0) v1 -- 0x7f3f18005320 con 0x7f3f34104c20
2026-03-10T14:03:02.832 INFO:teuthology.orchestra.run.vm03.stdout:/usr/bin/ceph: stderr
2026-03-10T14:03:01.989+0000 7f3f2a7fc700 1 -- 192.168.123.103:0/1422942041 <== mon.0 v2:192.168.123.103:3300/0 6 ==== mon_command_ack([{"prefix": "get_command_descriptions"}]=0 v0) v1 ==== 72+0+177933 (secure 0 0 0) 0x7f3f24026030 con 0x7f3f34104c20
2026-03-10T14:03:02.832 INFO:teuthology.orchestra.run.vm03.stdout:/usr/bin/ceph: stderr
2026-03-10T14:03:02.133+0000 7f3f3ba22700 1 -- 192.168.123.103:0/1422942041 --> [v2:192.168.123.103:3300/0,v1:192.168.123.103:6789/0] -- mon_command({"prefix": "mgr module enable", "module": "dashboard"} v 0) v1 -- 0x7f3f18005190 con 0x7f3f34104c20
2026-03-10T14:03:02.832 INFO:teuthology.orchestra.run.vm03.stdout:/usr/bin/ceph: stderr
2026-03-10T14:03:02.793+0000 7f3f2a7fc700 1 -- 192.168.123.103:0/1422942041 <== mon.0 v2:192.168.123.103:3300/0 7 ==== mgrmap(e 9) v1 ==== 45092+0+0 (secure 0 0 0) 0x7f3f24017dc0 con 0x7f3f34104c20
2026-03-10T14:03:02.832 INFO:teuthology.orchestra.run.vm03.stdout:/usr/bin/ceph: stderr
2026-03-10T14:03:02.797+0000 7f3f2a7fc700 1 -- 192.168.123.103:0/1422942041 <== mon.0 v2:192.168.123.103:3300/0 8 ==== mon_command_ack([{"prefix": "mgr module enable", "module": "dashboard"}]=0 v9) v1 ==== 88+0+0 (secure 0 0 0) 0x7f3f24018840 con 0x7f3f34104c20
2026-03-10T14:03:02.832 INFO:teuthology.orchestra.run.vm03.stdout:/usr/bin/ceph: stderr
2026-03-10T14:03:02.800+0000 7f3f3ba22700 1 -- 192.168.123.103:0/1422942041 >> [v2:192.168.123.103:6800/2,v1:192.168.123.103:6801/2] conn(0x7f3f200384b0 msgr2=0x7f3f2003a960 secure :-1 s=STATE_CONNECTION_ESTABLISHED l=1).mark_down
2026-03-10T14:03:02.832 INFO:teuthology.orchestra.run.vm03.stdout:/usr/bin/ceph: stderr
2026-03-10T14:03:02.800+0000 7f3f3ba22700 1 --2- 192.168.123.103:0/1422942041 >> [v2:192.168.123.103:6800/2,v1:192.168.123.103:6801/2] conn(0x7f3f200384b0 0x7f3f2003a960 secure :-1 s=READY pgs=22 cs=0 l=1 rev1=1 crypto rx=0x7f3f30006fd0 tx=0x7f3f30006e40 comp rx=0 tx=0).stop
2026-03-10T14:03:02.832 INFO:teuthology.orchestra.run.vm03.stdout:/usr/bin/ceph: stderr
2026-03-10T14:03:02.800+0000 7f3f3ba22700 1 -- 192.168.123.103:0/1422942041 >> [v2:192.168.123.103:3300/0,v1:192.168.123.103:6789/0] conn(0x7f3f34104c20 msgr2=0x7f3f3419bf30 secure :-1 s=STATE_CONNECTION_ESTABLISHED l=1).mark_down
2026-03-10T14:03:02.832 INFO:teuthology.orchestra.run.vm03.stdout:/usr/bin/ceph: stderr
2026-03-10T14:03:02.800+0000 7f3f3ba22700 1 --2- 192.168.123.103:0/1422942041 >> [v2:192.168.123.103:3300/0,v1:192.168.123.103:6789/0] conn(0x7f3f34104c20 0x7f3f3419bf30 secure :-1 s=READY pgs=68 cs=0 l=1 rev1=1 crypto rx=0x7f3f24003f80 tx=0x7f3f24004060 comp rx=0 tx=0).stop
2026-03-10T14:03:02.832 INFO:teuthology.orchestra.run.vm03.stdout:/usr/bin/ceph: stderr
2026-03-10T14:03:02.800+0000 7f3f3ba22700 1 -- 192.168.123.103:0/1422942041 shutdown_connections
2026-03-10T14:03:02.832 INFO:teuthology.orchestra.run.vm03.stdout:/usr/bin/ceph: stderr
2026-03-10T14:03:02.800+0000 7f3f3ba22700 1 --2- 192.168.123.103:0/1422942041 >> [v2:192.168.123.103:6800/2,v1:192.168.123.103:6801/2] conn(0x7f3f200384b0 0x7f3f2003a960 unknown :-1 s=CLOSED pgs=22 cs=0 l=1 rev1=1 crypto rx=0 tx=0 comp rx=0 tx=0).stop
2026-03-10T14:03:02.832 INFO:teuthology.orchestra.run.vm03.stdout:/usr/bin/ceph: stderr
2026-03-10T14:03:02.800+0000 7f3f3ba22700 1 --2- 192.168.123.103:0/1422942041 >> [v2:192.168.123.103:3300/0,v1:192.168.123.103:6789/0] conn(0x7f3f34104c20 0x7f3f3419bf30 unknown :-1 s=CLOSED pgs=68 cs=0 l=1 rev1=1 crypto rx=0 tx=0 comp rx=0 tx=0).stop
2026-03-10T14:03:02.832 INFO:teuthology.orchestra.run.vm03.stdout:/usr/bin/ceph: stderr
2026-03-10T14:03:02.800+0000 7f3f3ba22700 1 -- 192.168.123.103:0/1422942041 >> 192.168.123.103:0/1422942041 conn(0x7f3f34100270 msgr2=0x7f3f34192aa0 unknown :-1 s=STATE_NONE l=0).mark_down
2026-03-10T14:03:02.832 INFO:teuthology.orchestra.run.vm03.stdout:/usr/bin/ceph: stderr
2026-03-10T14:03:02.801+0000 7f3f3ba22700 1 -- 192.168.123.103:0/1422942041 shutdown_connections
2026-03-10T14:03:02.832 INFO:teuthology.orchestra.run.vm03.stdout:/usr/bin/ceph: stderr
2026-03-10T14:03:02.801+0000 7f3f3ba22700 1 -- 192.168.123.103:0/1422942041 wait complete.
2026-03-10T14:03:03.203 INFO:teuthology.orchestra.run.vm03.stdout:/usr/bin/ceph: stdout {
2026-03-10T14:03:03.204 INFO:teuthology.orchestra.run.vm03.stdout:/usr/bin/ceph: stdout "epoch": 9,
2026-03-10T14:03:03.204 INFO:teuthology.orchestra.run.vm03.stdout:/usr/bin/ceph: stdout "available": true,
2026-03-10T14:03:03.204 INFO:teuthology.orchestra.run.vm03.stdout:/usr/bin/ceph: stdout "active_name": "vm03.rwbbep",
2026-03-10T14:03:03.204 INFO:teuthology.orchestra.run.vm03.stdout:/usr/bin/ceph: stdout "num_standby": 0
2026-03-10T14:03:03.204 INFO:teuthology.orchestra.run.vm03.stdout:/usr/bin/ceph: stdout }
2026-03-10T14:03:03.204 INFO:teuthology.orchestra.run.vm03.stdout:/usr/bin/ceph: stderr
2026-03-10T14:03:03.004+0000 7f02658c9700 1 Processor -- start
2026-03-10T14:03:03.204 INFO:teuthology.orchestra.run.vm03.stdout:/usr/bin/ceph: stderr
2026-03-10T14:03:03.004+0000 7f02658c9700 1 -- start start
2026-03-10T14:03:03.204 INFO:teuthology.orchestra.run.vm03.stdout:/usr/bin/ceph: stderr
2026-03-10T14:03:03.004+0000 7f02658c9700 1 --2- >> [v2:192.168.123.103:3300/0,v1:192.168.123.103:6789/0] conn(0x7f0260071410 0x7f0260071820 unknown :-1 s=NONE pgs=0 cs=0 l=0 rev1=0 crypto rx=0 tx=0 comp rx=0 tx=0).connect
2026-03-10T14:03:03.204 INFO:teuthology.orchestra.run.vm03.stdout:/usr/bin/ceph: stderr
2026-03-10T14:03:03.004+0000 7f02658c9700 1 -- --> [v2:192.168.123.103:3300/0,v1:192.168.123.103:6789/0] -- mon_getmap magic: 0 v1 -- 0x7f0260071d60 con 0x7f0260071410
2026-03-10T14:03:03.204 INFO:teuthology.orchestra.run.vm03.stdout:/usr/bin/ceph: stderr
2026-03-10T14:03:03.004+0000 7f02648c7700 1 --2- >> [v2:192.168.123.103:3300/0,v1:192.168.123.103:6789/0] conn(0x7f0260071410 0x7f0260071820 unknown :-1 s=BANNER_CONNECTING pgs=0 cs=0 l=0 rev1=0 crypto rx=0 tx=0 comp rx=0 tx=0)._handle_peer_banner_payload supported=3 required=0
2026-03-10T14:03:03.204 INFO:teuthology.orchestra.run.vm03.stdout:/usr/bin/ceph: stderr
2026-03-10T14:03:03.004+0000 7f02648c7700 1 --2- >> [v2:192.168.123.103:3300/0,v1:192.168.123.103:6789/0] conn(0x7f0260071410 0x7f0260071820 unknown :-1 s=HELLO_CONNECTING pgs=0 cs=0 l=0 rev1=1 crypto rx=0 tx=0 comp rx=0 tx=0).handle_hello peer v2:192.168.123.103:3300/0 says I am v2:192.168.123.103:58098/0 (socket says 192.168.123.103:58098)
2026-03-10T14:03:03.204 INFO:teuthology.orchestra.run.vm03.stdout:/usr/bin/ceph: stderr
2026-03-10T14:03:03.004+0000 7f02648c7700 1 -- 192.168.123.103:0/520538895 learned_addr learned my addr 192.168.123.103:0/520538895 (peer_addr_for_me v2:192.168.123.103:0/0)
2026-03-10T14:03:03.204 INFO:teuthology.orchestra.run.vm03.stdout:/usr/bin/ceph: stderr
2026-03-10T14:03:03.005+0000 7f02648c7700 1 -- 192.168.123.103:0/520538895 --> [v2:192.168.123.103:3300/0,v1:192.168.123.103:6789/0] -- mon_subscribe({config=0+,monmap=0+}) v3 -- 0x7f0260071ea0 con 0x7f0260071410
2026-03-10T14:03:03.204 INFO:teuthology.orchestra.run.vm03.stdout:/usr/bin/ceph: stderr
2026-03-10T14:03:03.005+0000 7f02648c7700 1 --2- 192.168.123.103:0/520538895 >> [v2:192.168.123.103:3300/0,v1:192.168.123.103:6789/0] conn(0x7f0260071410 0x7f0260071820 secure :-1 s=READY pgs=71 cs=0 l=1 rev1=1 crypto rx=0x7f025000d180 tx=0x7f025000d490 comp rx=0 tx=0).ready entity=mon.0 client_cookie=74b1efc3c9225a9a server_cookie=0 in_seq=0 out_seq=0
2026-03-10T14:03:03.204 INFO:teuthology.orchestra.run.vm03.stdout:/usr/bin/ceph: stderr
2026-03-10T14:03:03.006+0000 7f025f7fe700 1 -- 192.168.123.103:0/520538895 <== mon.0 v2:192.168.123.103:3300/0 1 ==== mon_map magic: 0 v1 ==== 214+0+0 (secure 0 0 0) 0x7f0250010070 con 0x7f0260071410
2026-03-10T14:03:03.205 INFO:teuthology.orchestra.run.vm03.stdout:/usr/bin/ceph: stderr
2026-03-10T14:03:03.006+0000 7f025f7fe700 1 -- 192.168.123.103:0/520538895 <== mon.0 v2:192.168.123.103:3300/0 2 ==== config(28 keys) v1 ==== 1139+0+0 (secure 0 0 0) 0x7f0250004510 con 0x7f0260071410
2026-03-10T14:03:03.205 INFO:teuthology.orchestra.run.vm03.stdout:/usr/bin/ceph: stderr
2026-03-10T14:03:03.006+0000 7f02658c9700 1 -- 192.168.123.103:0/520538895 >> [v2:192.168.123.103:3300/0,v1:192.168.123.103:6789/0] conn(0x7f0260071410 msgr2=0x7f0260071820 secure :-1 s=STATE_CONNECTION_ESTABLISHED l=1).mark_down
2026-03-10T14:03:03.205 INFO:teuthology.orchestra.run.vm03.stdout:/usr/bin/ceph: stderr
2026-03-10T14:03:03.006+0000 7f02658c9700 1 --2- 192.168.123.103:0/520538895 >> [v2:192.168.123.103:3300/0,v1:192.168.123.103:6789/0] conn(0x7f0260071410 0x7f0260071820 secure :-1 s=READY pgs=71 cs=0 l=1 rev1=1 crypto rx=0x7f025000d180 tx=0x7f025000d490 comp rx=0 tx=0).stop
2026-03-10T14:03:03.205 INFO:teuthology.orchestra.run.vm03.stdout:/usr/bin/ceph: stderr
2026-03-10T14:03:03.007+0000 7f02658c9700 1 -- 192.168.123.103:0/520538895 shutdown_connections
2026-03-10T14:03:03.205 INFO:teuthology.orchestra.run.vm03.stdout:/usr/bin/ceph: stderr
2026-03-10T14:03:03.007+0000 7f02658c9700 1 --2- 192.168.123.103:0/520538895 >> [v2:192.168.123.103:3300/0,v1:192.168.123.103:6789/0] conn(0x7f0260071410 0x7f0260071820 unknown :-1 s=CLOSED pgs=71 cs=0 l=1 rev1=1 crypto rx=0 tx=0 comp rx=0 tx=0).stop
2026-03-10T14:03:03.205 INFO:teuthology.orchestra.run.vm03.stdout:/usr/bin/ceph: stderr
2026-03-10T14:03:03.007+0000 7f02658c9700 1 -- 192.168.123.103:0/520538895 >> 192.168.123.103:0/520538895 conn(0x7f026006c9d0 msgr2=0x7f026006ee00 unknown :-1 s=STATE_NONE l=0).mark_down
2026-03-10T14:03:03.205 INFO:teuthology.orchestra.run.vm03.stdout:/usr/bin/ceph: stderr
2026-03-10T14:03:03.007+0000 7f02658c9700 1 -- 192.168.123.103:0/520538895 shutdown_connections
2026-03-10T14:03:03.205 INFO:teuthology.orchestra.run.vm03.stdout:/usr/bin/ceph: stderr
2026-03-10T14:03:03.007+0000 7f02658c9700 1 -- 192.168.123.103:0/520538895 wait complete.
2026-03-10T14:03:03.205 INFO:teuthology.orchestra.run.vm03.stdout:/usr/bin/ceph: stderr
2026-03-10T14:03:03.007+0000 7f02658c9700 1 Processor -- start
2026-03-10T14:03:03.205 INFO:teuthology.orchestra.run.vm03.stdout:/usr/bin/ceph: stderr
2026-03-10T14:03:03.007+0000 7f02658c9700 1 -- start start
2026-03-10T14:03:03.205 INFO:teuthology.orchestra.run.vm03.stdout:/usr/bin/ceph: stderr
2026-03-10T14:03:03.007+0000 7f02658c9700 1 --2- >> [v2:192.168.123.103:3300/0,v1:192.168.123.103:6789/0] conn(0x7f026019ff40 0x7f02601a0350 unknown :-1 s=NONE pgs=0 cs=0 l=1 rev1=0 crypto rx=0 tx=0 comp rx=0 tx=0).connect
2026-03-10T14:03:03.205 INFO:teuthology.orchestra.run.vm03.stdout:/usr/bin/ceph: stderr
2026-03-10T14:03:03.008+0000 7f02658c9700 1 -- --> [v2:192.168.123.103:3300/0,v1:192.168.123.103:6789/0] -- mon_getmap magic: 0 v1 -- 0x7f0250003c20 con 0x7f026019ff40
2026-03-10T14:03:03.205 INFO:teuthology.orchestra.run.vm03.stdout:/usr/bin/ceph: stderr
2026-03-10T14:03:03.008+0000 7f02648c7700 1 --2- >> [v2:192.168.123.103:3300/0,v1:192.168.123.103:6789/0] conn(0x7f026019ff40 0x7f02601a0350 unknown :-1 s=BANNER_CONNECTING pgs=0 cs=0 l=1 rev1=0 crypto rx=0 tx=0 comp rx=0 tx=0)._handle_peer_banner_payload supported=3 required=0
2026-03-10T14:03:03.205 INFO:teuthology.orchestra.run.vm03.stdout:/usr/bin/ceph: stderr
2026-03-10T14:03:03.008+0000 7f02648c7700 1 --2- >> [v2:192.168.123.103:3300/0,v1:192.168.123.103:6789/0] conn(0x7f026019ff40 0x7f02601a0350 unknown :-1 s=HELLO_CONNECTING pgs=0 cs=0 l=1 rev1=1 crypto rx=0 tx=0 comp rx=0 tx=0).handle_hello peer v2:192.168.123.103:3300/0 says I am v2:192.168.123.103:58110/0 (socket says 192.168.123.103:58110)
2026-03-10T14:03:03.205 INFO:teuthology.orchestra.run.vm03.stdout:/usr/bin/ceph: stderr
2026-03-10T14:03:03.008+0000 7f02648c7700 1 -- 192.168.123.103:0/2014102666 learned_addr learned my addr 192.168.123.103:0/2014102666 (peer_addr_for_me v2:192.168.123.103:0/0)
2026-03-10T14:03:03.205 INFO:teuthology.orchestra.run.vm03.stdout:/usr/bin/ceph: stderr
2026-03-10T14:03:03.008+0000 7f02648c7700 1 -- 192.168.123.103:0/2014102666 --> [v2:192.168.123.103:3300/0,v1:192.168.123.103:6789/0] -- mon_subscribe({config=0+,monmap=0+}) v3 -- 0x7f02500087c0 con 0x7f026019ff40
2026-03-10T14:03:03.205 INFO:teuthology.orchestra.run.vm03.stdout:/usr/bin/ceph: stderr
2026-03-10T14:03:03.008+0000 7f02648c7700 1 --2- 192.168.123.103:0/2014102666 >> [v2:192.168.123.103:3300/0,v1:192.168.123.103:6789/0] conn(0x7f026019ff40 0x7f02601a0350 secure :-1 s=READY pgs=72 cs=0 l=1 rev1=1 crypto rx=0x7f0250004210 tx=0x7f02500042f0 comp rx=0 tx=0).ready entity=mon.0 client_cookie=0 server_cookie=0 in_seq=0 out_seq=0
2026-03-10T14:03:03.205 INFO:teuthology.orchestra.run.vm03.stdout:/usr/bin/ceph: stderr
2026-03-10T14:03:03.010+0000 7f025dffb700 1 -- 192.168.123.103:0/2014102666 <== mon.0 v2:192.168.123.103:3300/0 1 ==== mon_map magic: 0 v1 ==== 214+0+0 (secure 0 0 0) 0x7f0250010040 con 0x7f026019ff40
2026-03-10T14:03:03.205 INFO:teuthology.orchestra.run.vm03.stdout:/usr/bin/ceph: stderr
2026-03-10T14:03:03.010+0000 7f02658c9700 1 -- 192.168.123.103:0/2014102666 --> [v2:192.168.123.103:3300/0,v1:192.168.123.103:6789/0] -- mon_subscribe({mgrmap=0+}) v3 -- 0x7f02601a0890 con 0x7f026019ff40
2026-03-10T14:03:03.205 INFO:teuthology.orchestra.run.vm03.stdout:/usr/bin/ceph: stderr
2026-03-10T14:03:03.010+0000 7f02658c9700 1 -- 192.168.123.103:0/2014102666 --> [v2:192.168.123.103:3300/0,v1:192.168.123.103:6789/0] -- mon_subscribe({osdmap=0}) v3 -- 0x7f02601a1510 con 0x7f026019ff40
2026-03-10T14:03:03.205 INFO:teuthology.orchestra.run.vm03.stdout:/usr/bin/ceph: stderr
2026-03-10T14:03:03.011+0000 7f02658c9700 1 -- 192.168.123.103:0/2014102666 --> [v2:192.168.123.103:3300/0,v1:192.168.123.103:6789/0] -- mon_command({"prefix": "get_command_descriptions"} v 0) v1 -- 0x7f026004f030 con 0x7f026019ff40
2026-03-10T14:03:03.205 INFO:teuthology.orchestra.run.vm03.stdout:/usr/bin/ceph: stderr
2026-03-10T14:03:03.011+0000 7f025dffb700 1 -- 192.168.123.103:0/2014102666 <== mon.0 v2:192.168.123.103:3300/0 2 ==== config(28 keys) v1 ==== 1139+0+0 (secure 0 0 0) 0x7f025000eec0 con 0x7f026019ff40
2026-03-10T14:03:03.205 INFO:teuthology.orchestra.run.vm03.stdout:/usr/bin/ceph: stderr
2026-03-10T14:03:03.011+0000 7f025dffb700 1 -- 192.168.123.103:0/2014102666 <== mon.0 v2:192.168.123.103:3300/0 3 ==== mon_map magic: 0 v1 ==== 214+0+0 (secure 0 0 0) 0x7f0250016490 con 0x7f026019ff40
2026-03-10T14:03:03.205 INFO:teuthology.orchestra.run.vm03.stdout:/usr/bin/ceph: stderr
2026-03-10T14:03:03.012+0000 7f025dffb700 1 -- 192.168.123.103:0/2014102666 <== mon.0 v2:192.168.123.103:3300/0 4 ==== mgrmap(e 9) v1 ==== 45092+0+0 (secure 0 0 0) 0x7f0250016610 con 0x7f026019ff40
2026-03-10T14:03:03.205 INFO:teuthology.orchestra.run.vm03.stdout:/usr/bin/ceph: stderr
2026-03-10T14:03:03.012+0000 7f025dffb700 1 --2- 192.168.123.103:0/2014102666 >> [v2:192.168.123.103:6800/2,v1:192.168.123.103:6801/2] conn(0x7f0248038500 0x7f024803a9b0 unknown :-1 s=NONE pgs=0 cs=0 l=1 rev1=0 crypto rx=0 tx=0 comp rx=0 tx=0).connect
2026-03-10T14:03:03.205 INFO:teuthology.orchestra.run.vm03.stdout:/usr/bin/ceph: stderr
2026-03-10T14:03:03.012+0000 7f025ffff700 1 -- 192.168.123.103:0/2014102666 >> [v2:192.168.123.103:6800/2,v1:192.168.123.103:6801/2] conn(0x7f0248038500 msgr2=0x7f024803a9b0 unknown :-1 s=STATE_CONNECTING_RE l=1).process reconnect failed to v2:192.168.123.103:6800/2
2026-03-10T14:03:03.205 INFO:teuthology.orchestra.run.vm03.stdout:/usr/bin/ceph: stderr
2026-03-10T14:03:03.012+0000 7f025ffff700 1 --2- 192.168.123.103:0/2014102666 >> [v2:192.168.123.103:6800/2,v1:192.168.123.103:6801/2] conn(0x7f0248038500 0x7f024803a9b0 unknown :-1 s=START_CONNECT pgs=0 cs=0 l=1 rev1=0 crypto rx=0 tx=0 comp rx=0 tx=0)._fault waiting 0.200000
2026-03-10T14:03:03.205 INFO:teuthology.orchestra.run.vm03.stdout:/usr/bin/ceph: stderr
2026-03-10T14:03:03.012+0000 7f025dffb700 1 -- 192.168.123.103:0/2014102666 <== mon.0 v2:192.168.123.103:3300/0 5 ==== osd_map(2..2 src has 1..2) v4 ==== 940+0+0 (secure 0 0 0) 0x7f025004cc00 con 0x7f026019ff40
2026-03-10T14:03:03.205 INFO:teuthology.orchestra.run.vm03.stdout:/usr/bin/ceph: stderr
2026-03-10T14:03:03.017+0000 7f025dffb700 1 -- 192.168.123.103:0/2014102666 <== mon.0 v2:192.168.123.103:3300/0 6 ==== mon_command_ack([{"prefix": "get_command_descriptions"}]=0 v0) v1 ==== 72+0+177933 (secure 0 0 0) 0x7f02500157b0 con 0x7f026019ff40
2026-03-10T14:03:03.205 INFO:teuthology.orchestra.run.vm03.stdout:/usr/bin/ceph: stderr
2026-03-10T14:03:03.159+0000 7f02658c9700 1 -- 192.168.123.103:0/2014102666 --> [v2:192.168.123.103:3300/0,v1:192.168.123.103:6789/0] -- mon_command({"prefix": "mgr stat"} v 0) v1 -- 0x7f02601a1da0 con 0x7f026019ff40
2026-03-10T14:03:03.205 INFO:teuthology.orchestra.run.vm03.stdout:/usr/bin/ceph: stderr
2026-03-10T14:03:03.160+0000 7f025dffb700 1 -- 192.168.123.103:0/2014102666 <== mon.0 v2:192.168.123.103:3300/0 7 ==== mon_command_ack([{"prefix": "mgr stat"}]=0 v9) v1 ==== 56+0+98 (secure 0 0 0) 0x7f0250024080 con 0x7f026019ff40
2026-03-10T14:03:03.205 INFO:teuthology.orchestra.run.vm03.stdout:/usr/bin/ceph: stderr
2026-03-10T14:03:03.171+0000 7f02477fe700 1 -- 192.168.123.103:0/2014102666 >> [v2:192.168.123.103:6800/2,v1:192.168.123.103:6801/2] conn(0x7f0248038500 msgr2=0x7f024803a9b0 unknown :-1 s=STATE_CONNECTING l=1).mark_down
2026-03-10T14:03:03.205 INFO:teuthology.orchestra.run.vm03.stdout:/usr/bin/ceph: stderr
2026-03-10T14:03:03.171+0000 7f02477fe700 1 --2- 192.168.123.103:0/2014102666 >> [v2:192.168.123.103:6800/2,v1:192.168.123.103:6801/2] conn(0x7f0248038500 0x7f024803a9b0 unknown :-1 s=START_CONNECT pgs=0 cs=0 l=1 rev1=0 crypto rx=0 tx=0 comp rx=0 tx=0).stop
2026-03-10T14:03:03.205 INFO:teuthology.orchestra.run.vm03.stdout:/usr/bin/ceph: stderr
2026-03-10T14:03:03.171+0000 7f02477fe700 1 -- 192.168.123.103:0/2014102666 >> [v2:192.168.123.103:3300/0,v1:192.168.123.103:6789/0] conn(0x7f026019ff40 msgr2=0x7f02601a0350 secure :-1 s=STATE_CONNECTION_ESTABLISHED l=1).mark_down
2026-03-10T14:03:03.205 INFO:teuthology.orchestra.run.vm03.stdout:/usr/bin/ceph: stderr
2026-03-10T14:03:03.171+0000 7f02477fe700 1 --2- 192.168.123.103:0/2014102666 >> [v2:192.168.123.103:3300/0,v1:192.168.123.103:6789/0] conn(0x7f026019ff40 0x7f02601a0350 secure :-1 s=READY pgs=72 cs=0 l=1 rev1=1 crypto rx=0x7f0250004210 tx=0x7f02500042f0 comp rx=0 tx=0).stop
2026-03-10T14:03:03.205 INFO:teuthology.orchestra.run.vm03.stdout:/usr/bin/ceph: stderr
2026-03-10T14:03:03.171+0000 7f02477fe700 1 -- 192.168.123.103:0/2014102666 shutdown_connections
2026-03-10T14:03:03.205 INFO:teuthology.orchestra.run.vm03.stdout:/usr/bin/ceph: stderr
2026-03-10T14:03:03.171+0000 7f02477fe700 1 --2- 192.168.123.103:0/2014102666 >> [v2:192.168.123.103:6800/2,v1:192.168.123.103:6801/2] conn(0x7f0248038500 0x7f024803a9b0 unknown :-1 s=CLOSED pgs=0 cs=0 l=1 rev1=0 crypto rx=0 tx=0 comp rx=0 tx=0).stop
2026-03-10T14:03:03.205 INFO:teuthology.orchestra.run.vm03.stdout:/usr/bin/ceph: stderr
2026-03-10T14:03:03.171+0000 7f02477fe700 1 --2- 192.168.123.103:0/2014102666 >> [v2:192.168.123.103:3300/0,v1:192.168.123.103:6789/0] conn(0x7f026019ff40 0x7f02601a0350 unknown :-1 s=CLOSED pgs=72 cs=0 l=1 rev1=1 crypto rx=0 tx=0 comp rx=0 tx=0).stop
2026-03-10T14:03:03.205 INFO:teuthology.orchestra.run.vm03.stdout:/usr/bin/ceph: stderr
2026-03-10T14:03:03.171+0000 7f02477fe700 1 -- 192.168.123.103:0/2014102666 >> 192.168.123.103:0/2014102666 conn(0x7f026006c9d0 msgr2=0x7f026006d450 unknown :-1 s=STATE_NONE l=0).mark_down
2026-03-10T14:03:03.205 INFO:teuthology.orchestra.run.vm03.stdout:/usr/bin/ceph: stderr
2026-03-10T14:03:03.171+0000 7f02477fe700 1 -- 192.168.123.103:0/2014102666 shutdown_connections
2026-03-10T14:03:03.205 INFO:teuthology.orchestra.run.vm03.stdout:/usr/bin/ceph: stderr
2026-03-10T14:03:03.172+0000 7f02477fe700 1 -- 192.168.123.103:0/2014102666 wait complete.
2026-03-10T14:03:03.205 INFO:teuthology.orchestra.run.vm03.stdout:Waiting for the mgr to restart...
2026-03-10T14:03:03.205 INFO:teuthology.orchestra.run.vm03.stdout:Waiting for mgr epoch 9...
2026-03-10T14:03:04.094 INFO:journalctl@ceph.mon.vm03.vm03.stdout:Mar 10 14:03:03 vm03 ceph-mon[49718]: from='client.? 192.168.123.103:0/1422942041' entity='client.admin' cmd='[{"prefix": "mgr module enable", "module": "dashboard"}]': finished
2026-03-10T14:03:04.094 INFO:journalctl@ceph.mon.vm03.vm03.stdout:Mar 10 14:03:03 vm03 ceph-mon[49718]: mgrmap e9: vm03.rwbbep(active, since 9s)
2026-03-10T14:03:04.094 INFO:journalctl@ceph.mon.vm03.vm03.stdout:Mar 10 14:03:03 vm03 ceph-mon[49718]: from='client.? 192.168.123.103:0/2014102666' entity='client.admin' cmd=[{"prefix": "mgr stat"}]: dispatch
2026-03-10T14:03:07.759 INFO:journalctl@ceph.mon.vm03.vm03.stdout:Mar 10 14:03:07 vm03 ceph-mon[49718]: Active manager daemon vm03.rwbbep restarted
2026-03-10T14:03:07.759 INFO:journalctl@ceph.mon.vm03.vm03.stdout:Mar 10 14:03:07 vm03 ceph-mon[49718]: Activating manager daemon vm03.rwbbep
2026-03-10T14:03:07.759 INFO:journalctl@ceph.mon.vm03.vm03.stdout:Mar 10 14:03:07 vm03 ceph-mon[49718]: osdmap e3: 0 total, 0 up, 0 in
2026-03-10T14:03:07.759 INFO:journalctl@ceph.mon.vm03.vm03.stdout:Mar 10 14:03:07 vm03 ceph-mon[49718]: mgrmap e10: vm03.rwbbep(active, starting, since 0.123284s)
2026-03-10T14:03:07.759 INFO:journalctl@ceph.mon.vm03.vm03.stdout:Mar 10 14:03:07 vm03 ceph-mon[49718]: from='mgr.14164 192.168.123.103:0/2' entity='mgr.vm03.rwbbep' cmd=[{"prefix": "mon metadata", "id": "vm03"}]: dispatch
2026-03-10T14:03:07.759 INFO:journalctl@ceph.mon.vm03.vm03.stdout:Mar 10 14:03:07 vm03 ceph-mon[49718]: from='mgr.14164 192.168.123.103:0/2' entity='mgr.vm03.rwbbep' cmd=[{"prefix": "mgr metadata", "who": "vm03.rwbbep", "id": "vm03.rwbbep"}]: dispatch
2026-03-10T14:03:07.759 INFO:journalctl@ceph.mon.vm03.vm03.stdout:Mar 10 14:03:07 vm03 ceph-mon[49718]: from='mgr.14164 192.168.123.103:0/2' entity='mgr.vm03.rwbbep' cmd=[{"prefix": "mds metadata"}]: dispatch
