2026-03-10T14:02:55.916+0000 7f05567fc700 1 --2- 192.168.123.103:0/3515850364 >> [v2:192.168.123.103:6800/2,v1:192.168.123.103:6801/2] conn(0x7f0550038450 0x7f055003a900 unknown :-1 s=NONE pgs=0 cs=0 l=1 rev1=0 crypto rx=0 tx=0 comp rx=0 tx=0).connect
2026-03-10T14:02:57.804 INFO:teuthology.orchestra.run.vm03.stdout:/usr/bin/ceph: stderr
2026-03-10T14:02:55.916+0000 7f05567fc700 1 -- 192.168.123.103:0/3515850364 <== mon.0 v2:192.168.123.103:3300/0 5 ==== osd_map(2..2 src has 1..2) v4 ==== 940+0+0 (secure 0 0 0) 0x7f055804d120 con 0x7f0564107ef0
2026-03-10T14:02:57.804 INFO:teuthology.orchestra.run.vm03.stdout:/usr/bin/ceph: stderr
2026-03-10T14:02:55.916+0000 7f0568ac2700 1 --2- 192.168.123.103:0/3515850364 >> [v2:192.168.123.103:6800/2,v1:192.168.123.103:6801/2] conn(0x7f0550038450 0x7f055003a900 unknown :-1 s=BANNER_CONNECTING pgs=0 cs=0 l=1 rev1=0 crypto rx=0 tx=0 comp rx=0 tx=0)._handle_peer_banner_payload supported=3 required=0
2026-03-10T14:02:57.804 INFO:teuthology.orchestra.run.vm03.stdout:/usr/bin/ceph: stderr
2026-03-10T14:02:55.917+0000 7f056b527700 1 -- 192.168.123.103:0/3515850364 --> [v2:192.168.123.103:3300/0,v1:192.168.123.103:6789/0] -- mon_command({"prefix": "get_command_descriptions"} v 0) v1 -- 0x7f056404f9e0 con 0x7f0564107ef0
2026-03-10T14:02:57.804 INFO:teuthology.orchestra.run.vm03.stdout:/usr/bin/ceph: stderr
2026-03-10T14:02:55.917+0000 7f0568ac2700 1 --2- 192.168.123.103:0/3515850364 >> [v2:192.168.123.103:6800/2,v1:192.168.123.103:6801/2] conn(0x7f0550038450 0x7f055003a900 secure :-1 s=READY pgs=11 cs=0 l=1 rev1=1 crypto rx=0x7f0560006fd0 tx=0x7f0560006e40 comp rx=0 tx=0).ready entity=mgr.14120 client_cookie=0 server_cookie=0 in_seq=0 out_seq=0
2026-03-10T14:02:57.804 INFO:teuthology.orchestra.run.vm03.stdout:/usr/bin/ceph: stderr
2026-03-10T14:02:55.920+0000 7f05567fc700 1 -- 192.168.123.103:0/3515850364 <== mon.0 v2:192.168.123.103:3300/0 6 ==== mon_command_ack([{"prefix": "get_command_descriptions"}]=0 v0) v1 ==== 72+0+177933 (secure 0 0 0) 0x7f055802b430 con 0x7f0564107ef0
2026-03-10T14:02:57.804 INFO:teuthology.orchestra.run.vm03.stdout:/usr/bin/ceph: stderr
2026-03-10T14:02:56.025+0000 7f056b527700 1 -- 192.168.123.103:0/3515850364 --> [v2:192.168.123.103:6800/2,v1:192.168.123.103:6801/2] -- mgr_command(tid 0: {"prefix": "orch host add", "hostname": "vm03", "addr": "192.168.123.103", "target": ["mon-mgr", ""]}) v1 -- 0x7f0564105a60 con 0x7f0550038450
2026-03-10T14:02:57.804 INFO:teuthology.orchestra.run.vm03.stdout:/usr/bin/ceph: stderr
2026-03-10T14:02:57.765+0000 7f05567fc700 1 -- 192.168.123.103:0/3515850364 <== mgr.14120 v2:192.168.123.103:6800/2 1 ==== mgr_command_reply(tid 0: 0 ) v1 ==== 8+0+46 (secure 0 0 0) 0x7f0564105a60 con 0x7f0550038450
2026-03-10T14:02:57.804 INFO:teuthology.orchestra.run.vm03.stdout:/usr/bin/ceph: stderr
2026-03-10T14:02:57.768+0000 7f056b527700 1 -- 192.168.123.103:0/3515850364 >> [v2:192.168.123.103:6800/2,v1:192.168.123.103:6801/2] conn(0x7f0550038450 msgr2=0x7f055003a900 secure :-1 s=STATE_CONNECTION_ESTABLISHED l=1).mark_down
2026-03-10T14:02:57.804 INFO:teuthology.orchestra.run.vm03.stdout:/usr/bin/ceph: stderr
2026-03-10T14:02:57.768+0000 7f056b527700 1 --2- 192.168.123.103:0/3515850364 >> [v2:192.168.123.103:6800/2,v1:192.168.123.103:6801/2] conn(0x7f0550038450 0x7f055003a900 secure :-1 s=READY pgs=11 cs=0 l=1 rev1=1 crypto rx=0x7f0560006fd0 tx=0x7f0560006e40 comp rx=0 tx=0).stop
2026-03-10T14:02:57.804 INFO:teuthology.orchestra.run.vm03.stdout:/usr/bin/ceph: stderr
2026-03-10T14:02:57.769+0000 7f056b527700 1 -- 192.168.123.103:0/3515850364 >> [v2:192.168.123.103:3300/0,v1:192.168.123.103:6789/0] conn(0x7f0564107ef0 msgr2=0x7f056419bab0 secure :-1 s=STATE_CONNECTION_ESTABLISHED l=1).mark_down
2026-03-10T14:02:57.804 INFO:teuthology.orchestra.run.vm03.stdout:/usr/bin/ceph: stderr
2026-03-10T14:02:57.769+0000 7f056b527700 1 --2- 192.168.123.103:0/3515850364 >> [v2:192.168.123.103:3300/0,v1:192.168.123.103:6789/0] conn(0x7f0564107ef0 0x7f056419bab0 secure :-1 s=READY pgs=46 cs=0 l=1 rev1=1 crypto rx=0x7f055800bef0 tx=0x7f0558003b40 comp rx=0 tx=0).stop
2026-03-10T14:02:57.804 INFO:teuthology.orchestra.run.vm03.stdout:/usr/bin/ceph: stderr
2026-03-10T14:02:57.769+0000 7f056b527700 1 -- 192.168.123.103:0/3515850364 shutdown_connections
2026-03-10T14:02:57.804 INFO:teuthology.orchestra.run.vm03.stdout:/usr/bin/ceph: stderr
2026-03-10T14:02:57.769+0000 7f056b527700 1 --2- 192.168.123.103:0/3515850364 >> [v2:192.168.123.103:6800/2,v1:192.168.123.103:6801/2] conn(0x7f0550038450 0x7f055003a900 unknown :-1 s=CLOSED pgs=11 cs=0 l=1 rev1=1 crypto rx=0 tx=0 comp rx=0 tx=0).stop
2026-03-10T14:02:57.804 INFO:teuthology.orchestra.run.vm03.stdout:/usr/bin/ceph: stderr
2026-03-10T14:02:57.769+0000 7f056b527700 1 --2- 192.168.123.103:0/3515850364 >> [v2:192.168.123.103:3300/0,v1:192.168.123.103:6789/0] conn(0x7f0564107ef0 0x7f056419bab0 unknown :-1 s=CLOSED pgs=46 cs=0 l=1 rev1=1 crypto rx=0 tx=0 comp rx=0 tx=0).stop
2026-03-10T14:02:57.804 INFO:teuthology.orchestra.run.vm03.stdout:/usr/bin/ceph: stderr
2026-03-10T14:02:57.769+0000 7f056b527700 1 -- 192.168.123.103:0/3515850364 >> 192.168.123.103:0/3515850364 conn(0x7f0564103770 msgr2=0x7f0564105350 unknown :-1 s=STATE_NONE l=0).mark_down
2026-03-10T14:02:57.804 INFO:teuthology.orchestra.run.vm03.stdout:/usr/bin/ceph: stderr
2026-03-10T14:02:57.769+0000 7f056b527700 1 -- 192.168.123.103:0/3515850364 shutdown_connections
2026-03-10T14:02:57.804 INFO:teuthology.orchestra.run.vm03.stdout:/usr/bin/ceph: stderr
2026-03-10T14:02:57.769+0000 7f056b527700 1 -- 192.168.123.103:0/3515850364 wait complete.
2026-03-10T14:02:57.804 INFO:teuthology.orchestra.run.vm03.stdout:Deploying mon service with default placement...
2026-03-10T14:02:58.118 INFO:teuthology.orchestra.run.vm03.stdout:/usr/bin/ceph: stdout Scheduled mon update...
2026-03-10T14:02:58.119 INFO:teuthology.orchestra.run.vm03.stdout:/usr/bin/ceph: stderr
2026-03-10T14:02:57.945+0000 7f1bb14c4700 1 Processor -- start
2026-03-10T14:02:58.119 INFO:teuthology.orchestra.run.vm03.stdout:/usr/bin/ceph: stderr
2026-03-10T14:02:57.945+0000 7f1bb14c4700 1 -- start start
2026-03-10T14:02:58.119 INFO:teuthology.orchestra.run.vm03.stdout:/usr/bin/ceph: stderr
2026-03-10T14:02:57.945+0000 7f1bb14c4700 1 --2- >> [v2:192.168.123.103:3300/0,v1:192.168.123.103:6789/0] conn(0x7f1bac071200 0x7f1bac071610 unknown :-1 s=NONE pgs=0 cs=0 l=0 rev1=0 crypto rx=0 tx=0 comp rx=0 tx=0).connect
2026-03-10T14:02:58.119 INFO:teuthology.orchestra.run.vm03.stdout:/usr/bin/ceph: stderr
2026-03-10T14:02:57.945+0000 7f1bb14c4700 1 -- --> [v2:192.168.123.103:3300/0,v1:192.168.123.103:6789/0] -- mon_getmap magic: 0 v1 -- 0x7f1bac0728b0 con 0x7f1bac071200
2026-03-10T14:02:58.119 INFO:teuthology.orchestra.run.vm03.stdout:/usr/bin/ceph: stderr
2026-03-10T14:02:57.946+0000 7f1baaffd700 1 --2- >> [v2:192.168.123.103:3300/0,v1:192.168.123.103:6789/0] conn(0x7f1bac071200 0x7f1bac071610 unknown :-1 s=BANNER_CONNECTING pgs=0 cs=0 l=0 rev1=0 crypto rx=0 tx=0 comp rx=0 tx=0)._handle_peer_banner_payload supported=3 required=0
2026-03-10T14:02:58.119 INFO:teuthology.orchestra.run.vm03.stdout:/usr/bin/ceph: stderr
2026-03-10T14:02:57.946+0000 7f1baaffd700 1 --2- >> [v2:192.168.123.103:3300/0,v1:192.168.123.103:6789/0] conn(0x7f1bac071200 0x7f1bac071610 unknown :-1 s=HELLO_CONNECTING pgs=0 cs=0 l=0 rev1=1 crypto rx=0 tx=0 comp rx=0 tx=0).handle_hello peer v2:192.168.123.103:3300/0 says I am v2:192.168.123.103:57842/0 (socket says 192.168.123.103:57842)
2026-03-10T14:02:58.119 INFO:teuthology.orchestra.run.vm03.stdout:/usr/bin/ceph: stderr
2026-03-10T14:02:57.946+0000 7f1baaffd700 1 -- 192.168.123.103:0/3095466135 learned_addr learned my addr 192.168.123.103:0/3095466135 (peer_addr_for_me v2:192.168.123.103:0/0)
2026-03-10T14:02:58.119 INFO:teuthology.orchestra.run.vm03.stdout:/usr/bin/ceph: stderr
2026-03-10T14:02:57.946+0000 7f1baaffd700 1 -- 192.168.123.103:0/3095466135 --> [v2:192.168.123.103:3300/0,v1:192.168.123.103:6789/0] -- mon_subscribe({config=0+,monmap=0+}) v3 -- 0x7f1bac0729f0 con 0x7f1bac071200
2026-03-10T14:02:58.119 INFO:teuthology.orchestra.run.vm03.stdout:/usr/bin/ceph: stderr
2026-03-10T14:02:57.946+0000 7f1baaffd700 1 --2- 192.168.123.103:0/3095466135 >> [v2:192.168.123.103:3300/0,v1:192.168.123.103:6789/0] conn(0x7f1bac071200 0x7f1bac071610 secure :-1 s=READY pgs=47 cs=0 l=1 rev1=1 crypto rx=0x7f1ba0009cf0 tx=0x7f1ba000b0e0 comp rx=0 tx=0).ready entity=mon.0 client_cookie=ca2f19d60bd959bd server_cookie=0 in_seq=0 out_seq=0
2026-03-10T14:02:58.119 INFO:teuthology.orchestra.run.vm03.stdout:/usr/bin/ceph: stderr
2026-03-10T14:02:57.947+0000 7f1ba9ffb700 1 -- 192.168.123.103:0/3095466135 <== mon.0 v2:192.168.123.103:3300/0 1 ==== mon_map magic: 0 v1 ==== 214+0+0 (secure 0 0 0) 0x7f1ba0004030 con 0x7f1bac071200
2026-03-10T14:02:58.119 INFO:teuthology.orchestra.run.vm03.stdout:/usr/bin/ceph: stderr
2026-03-10T14:02:57.947+0000 7f1ba9ffb700 1 -- 192.168.123.103:0/3095466135 <== mon.0 v2:192.168.123.103:3300/0 2 ==== config(28 keys) v1 ==== 1075+0+0 (secure 0 0 0) 0x7f1ba000b810 con 0x7f1bac071200
2026-03-10T14:02:58.119 INFO:teuthology.orchestra.run.vm03.stdout:/usr/bin/ceph: stderr
2026-03-10T14:02:57.947+0000 7f1bb14c4700 1 -- 192.168.123.103:0/3095466135 >> [v2:192.168.123.103:3300/0,v1:192.168.123.103:6789/0] conn(0x7f1bac071200 msgr2=0x7f1bac071610 secure :-1 s=STATE_CONNECTION_ESTABLISHED l=1).mark_down
2026-03-10T14:02:58.119 INFO:teuthology.orchestra.run.vm03.stdout:/usr/bin/ceph: stderr
2026-03-10T14:02:57.947+0000 7f1bb14c4700 1 --2- 192.168.123.103:0/3095466135 >> [v2:192.168.123.103:3300/0,v1:192.168.123.103:6789/0] conn(0x7f1bac071200 0x7f1bac071610 secure :-1 s=READY pgs=47 cs=0 l=1 rev1=1 crypto rx=0x7f1ba0009cf0 tx=0x7f1ba000b0e0 comp rx=0 tx=0).stop
2026-03-10T14:02:58.119 INFO:teuthology.orchestra.run.vm03.stdout:/usr/bin/ceph: stderr
2026-03-10T14:02:57.947+0000 7f1bb14c4700 1 -- 192.168.123.103:0/3095466135 shutdown_connections
2026-03-10T14:02:58.119 INFO:teuthology.orchestra.run.vm03.stdout:/usr/bin/ceph: stderr
2026-03-10T14:02:57.947+0000 7f1bb14c4700 1 --2- 192.168.123.103:0/3095466135 >> [v2:192.168.123.103:3300/0,v1:192.168.123.103:6789/0] conn(0x7f1bac071200 0x7f1bac071610 unknown :-1 s=CLOSED pgs=47 cs=0 l=1 rev1=1 crypto rx=0 tx=0 comp rx=0 tx=0).stop
2026-03-10T14:02:58.119 INFO:teuthology.orchestra.run.vm03.stdout:/usr/bin/ceph: stderr
2026-03-10T14:02:57.947+0000 7f1bb14c4700 1 -- 192.168.123.103:0/3095466135 >> 192.168.123.103:0/3095466135 conn(0x7f1bac06cc30 msgr2=0x7f1bac06f060 unknown :-1 s=STATE_NONE l=0).mark_down
2026-03-10T14:02:58.119 INFO:teuthology.orchestra.run.vm03.stdout:/usr/bin/ceph: stderr
2026-03-10T14:02:57.947+0000 7f1bb14c4700 1 -- 192.168.123.103:0/3095466135 shutdown_connections
2026-03-10T14:02:58.119 INFO:teuthology.orchestra.run.vm03.stdout:/usr/bin/ceph: stderr
2026-03-10T14:02:57.947+0000 7f1bb14c4700 1 -- 192.168.123.103:0/3095466135 wait complete.
2026-03-10T14:02:58.119 INFO:teuthology.orchestra.run.vm03.stdout:/usr/bin/ceph: stderr
2026-03-10T14:02:57.948+0000 7f1bb14c4700 1 Processor -- start
2026-03-10T14:02:58.119 INFO:teuthology.orchestra.run.vm03.stdout:/usr/bin/ceph: stderr
2026-03-10T14:02:57.948+0000 7f1bb14c4700 1 -- start start
2026-03-10T14:02:58.119 INFO:teuthology.orchestra.run.vm03.stdout:/usr/bin/ceph: stderr
2026-03-10T14:02:57.948+0000 7f1bb14c4700 1 --2- >> [v2:192.168.123.103:3300/0,v1:192.168.123.103:6789/0] conn(0x7f1bac1a8980 0x7f1bac1a8d90 unknown :-1 s=NONE pgs=0 cs=0 l=1 rev1=0 crypto rx=0 tx=0 comp rx=0 tx=0).connect
2026-03-10T14:02:58.119 INFO:teuthology.orchestra.run.vm03.stdout:/usr/bin/ceph: stderr
2026-03-10T14:02:57.948+0000 7f1bb14c4700 1 -- --> [v2:192.168.123.103:3300/0,v1:192.168.123.103:6789/0] -- mon_getmap magic: 0 v1 -- 0x7f1bac0728b0 con 0x7f1bac1a8980
2026-03-10T14:02:58.119 INFO:teuthology.orchestra.run.vm03.stdout:/usr/bin/ceph: stderr
2026-03-10T14:02:57.948+0000 7f1baaffd700 1 --2- >> [v2:192.168.123.103:3300/0,v1:192.168.123.103:6789/0] conn(0x7f1bac1a8980 0x7f1bac1a8d90 unknown :-1 s=BANNER_CONNECTING pgs=0 cs=0 l=1 rev1=0 crypto rx=0 tx=0 comp rx=0 tx=0)._handle_peer_banner_payload supported=3 required=0
2026-03-10T14:02:58.119 INFO:teuthology.orchestra.run.vm03.stdout:/usr/bin/ceph: stderr
2026-03-10T14:02:57.948+0000 7f1baaffd700 1 --2- >> [v2:192.168.123.103:3300/0,v1:192.168.123.103:6789/0] conn(0x7f1bac1a8980 0x7f1bac1a8d90 unknown :-1 s=HELLO_CONNECTING pgs=0 cs=0 l=1 rev1=1 crypto rx=0 tx=0 comp rx=0 tx=0).handle_hello peer v2:192.168.123.103:3300/0 says I am v2:192.168.123.103:57852/0 (socket says 192.168.123.103:57852)
2026-03-10T14:02:58.119 INFO:teuthology.orchestra.run.vm03.stdout:/usr/bin/ceph: stderr
2026-03-10T14:02:57.948+0000 7f1baaffd700 1 -- 192.168.123.103:0/29363097 learned_addr learned my addr 192.168.123.103:0/29363097 (peer_addr_for_me v2:192.168.123.103:0/0)
2026-03-10T14:02:58.119 INFO:teuthology.orchestra.run.vm03.stdout:/usr/bin/ceph: stderr
2026-03-10T14:02:57.948+0000 7f1baaffd700 1 -- 192.168.123.103:0/29363097 --> [v2:192.168.123.103:3300/0,v1:192.168.123.103:6789/0] -- mon_subscribe({config=0+,monmap=0+}) v3 -- 0x7f1ba0009740 con 0x7f1bac1a8980
2026-03-10T14:02:58.119 INFO:teuthology.orchestra.run.vm03.stdout:/usr/bin/ceph: stderr
2026-03-10T14:02:57.948+0000 7f1baaffd700 1 --2- 192.168.123.103:0/29363097 >> [v2:192.168.123.103:3300/0,v1:192.168.123.103:6789/0] conn(0x7f1bac1a8980 0x7f1bac1a8d90 secure :-1 s=READY pgs=48 cs=0 l=1 rev1=1 crypto rx=0x7f1ba0009cc0 tx=0x7f1ba0003cb0 comp rx=0 tx=0).ready entity=mon.0 client_cookie=0 server_cookie=0 in_seq=0 out_seq=0
2026-03-10T14:02:58.119 INFO:teuthology.orchestra.run.vm03.stdout:/usr/bin/ceph: stderr
2026-03-10T14:02:57.949+0000 7f1b93fff700 1 -- 192.168.123.103:0/29363097 <== mon.0 v2:192.168.123.103:3300/0 1 ==== mon_map magic: 0 v1 ==== 214+0+0 (secure 0 0 0) 0x7f1ba0003ed0 con 0x7f1bac1a8980
2026-03-10T14:02:58.119 INFO:teuthology.orchestra.run.vm03.stdout:/usr/bin/ceph: stderr
2026-03-10T14:02:57.949+0000 7f1bb14c4700 1 -- 192.168.123.103:0/29363097 --> [v2:192.168.123.103:3300/0,v1:192.168.123.103:6789/0] -- mon_subscribe({mgrmap=0+}) v3 -- 0x7f1bac1a92d0 con 0x7f1bac1a8980
2026-03-10T14:02:58.119 INFO:teuthology.orchestra.run.vm03.stdout:/usr/bin/ceph: stderr
2026-03-10T14:02:57.949+0000 7f1bb14c4700 1 -- 192.168.123.103:0/29363097 --> [v2:192.168.123.103:3300/0,v1:192.168.123.103:6789/0] -- mon_subscribe({osdmap=0}) v3 -- 0x7f1bac1abf60 con 0x7f1bac1a8980
2026-03-10T14:02:58.119 INFO:teuthology.orchestra.run.vm03.stdout:/usr/bin/ceph: stderr
2026-03-10T14:02:57.949+0000 7f1b93fff700 1 -- 192.168.123.103:0/29363097 <== mon.0 v2:192.168.123.103:3300/0 2 ==== config(28 keys) v1 ==== 1075+0+0 (secure 0 0 0) 0x7f1ba00044d0 con 0x7f1bac1a8980
2026-03-10T14:02:58.119 INFO:teuthology.orchestra.run.vm03.stdout:/usr/bin/ceph: stderr
2026-03-10T14:02:57.949+0000 7f1b93fff700 1 -- 192.168.123.103:0/29363097 <== mon.0 v2:192.168.123.103:3300/0 3 ==== mon_map magic: 0 v1 ==== 214+0+0 (secure 0 0 0) 0x7f1ba001ac60 con 0x7f1bac1a8980
2026-03-10T14:02:58.119 INFO:teuthology.orchestra.run.vm03.stdout:/usr/bin/ceph: stderr
2026-03-10T14:02:57.949+0000 7f1b93fff700 1 -- 192.168.123.103:0/29363097 <== mon.0 v2:192.168.123.103:3300/0 4 ==== mgrmap(e 8) v1 ==== 45079+0+0 (secure 0 0 0) 0x7f1ba0011420 con 0x7f1bac1a8980
2026-03-10T14:02:58.119 INFO:teuthology.orchestra.run.vm03.stdout:/usr/bin/ceph: stderr
2026-03-10T14:02:57.950+0000 7f1b93fff700 1 --2- 192.168.123.103:0/29363097 >> [v2:192.168.123.103:6800/2,v1:192.168.123.103:6801/2] conn(0x7f1b940384b0 0x7f1b9403a960 unknown :-1 s=NONE pgs=0 cs=0 l=1 rev1=0 crypto rx=0 tx=0 comp rx=0 tx=0).connect
2026-03-10T14:02:58.119 INFO:teuthology.orchestra.run.vm03.stdout:/usr/bin/ceph: stderr
2026-03-10T14:02:57.950+0000 7f1baa7fc700 1 --2- 192.168.123.103:0/29363097 >> [v2:192.168.123.103:6800/2,v1:192.168.123.103:6801/2] conn(0x7f1b940384b0 0x7f1b9403a960 unknown :-1 s=BANNER_CONNECTING pgs=0 cs=0 l=1 rev1=0 crypto rx=0 tx=0 comp rx=0 tx=0)._handle_peer_banner_payload supported=3 required=0
2026-03-10T14:02:58.119 INFO:teuthology.orchestra.run.vm03.stdout:/usr/bin/ceph: stderr
2026-03-10T14:02:57.950+0000 7f1b93fff700 1 -- 192.168.123.103:0/29363097 <== mon.0 v2:192.168.123.103:3300/0 5 ==== osd_map(2..2 src has 1..2) v4 ==== 940+0+0 (secure 0 0 0) 0x7f1ba004c6c0 con 0x7f1bac1a8980
2026-03-10T14:02:58.119 INFO:teuthology.orchestra.run.vm03.stdout:/usr/bin/ceph: stderr
2026-03-10T14:02:57.950+0000 7f1baa7fc700 1 --2- 192.168.123.103:0/29363097 >> [v2:192.168.123.103:6800/2,v1:192.168.123.103:6801/2] conn(0x7f1b940384b0 0x7f1b9403a960 secure :-1 s=READY pgs=12 cs=0 l=1 rev1=1 crypto rx=0x7f1ba400ad30 tx=0x7f1ba40093f0 comp rx=0 tx=0).ready entity=mgr.14120 client_cookie=0 server_cookie=0 in_seq=0 out_seq=0
2026-03-10T14:02:58.119 INFO:teuthology.orchestra.run.vm03.stdout:/usr/bin/ceph: stderr
2026-03-10T14:02:57.951+0000 7f1bb14c4700 1 -- 192.168.123.103:0/29363097 --> [v2:192.168.123.103:3300/0,v1:192.168.123.103:6789/0] -- mon_command({"prefix": "get_command_descriptions"} v 0) v1 -- 0x7f1b98005320 con 0x7f1bac1a8980
2026-03-10T14:02:58.119 INFO:teuthology.orchestra.run.vm03.stdout:/usr/bin/ceph: stderr
2026-03-10T14:02:57.953+0000 7f1b93fff700 1 -- 192.168.123.103:0/29363097 <== mon.0 v2:192.168.123.103:3300/0 6 ==== mon_command_ack([{"prefix": "get_command_descriptions"}]=0 v0) v1 ==== 72+0+177933 (secure 0 0 0) 0x7f1ba001f020 con 0x7f1bac1a8980
2026-03-10T14:02:58.119 INFO:teuthology.orchestra.run.vm03.stdout:/usr/bin/ceph: stderr
2026-03-10T14:02:58.071+0000 7f1bb14c4700 1 -- 192.168.123.103:0/29363097 --> [v2:192.168.123.103:6800/2,v1:192.168.123.103:6801/2] -- mgr_command(tid 0: {"prefix": "orch apply", "service_type": "mon", "target": ["mon-mgr", ""]}) v1 -- 0x7f1b98000bf0 con 0x7f1b940384b0
2026-03-10T14:02:58.119 INFO:teuthology.orchestra.run.vm03.stdout:/usr/bin/ceph: stderr
2026-03-10T14:02:58.078+0000 7f1b93fff700 1 -- 192.168.123.103:0/29363097 <== mgr.14120 v2:192.168.123.103:6800/2 1 ==== mgr_command_reply(tid 0: 0 ) v1 ==== 8+0+24 (secure 0 0 0) 0x7f1b98000bf0 con 0x7f1b940384b0
2026-03-10T14:02:58.119 INFO:teuthology.orchestra.run.vm03.stdout:/usr/bin/ceph: stderr
2026-03-10T14:02:58.081+0000 7f1bb14c4700 1 -- 192.168.123.103:0/29363097 >> [v2:192.168.123.103:6800/2,v1:192.168.123.103:6801/2] conn(0x7f1b940384b0 msgr2=0x7f1b9403a960 secure :-1 s=STATE_CONNECTION_ESTABLISHED l=1).mark_down
2026-03-10T14:02:58.119 INFO:teuthology.orchestra.run.vm03.stdout:/usr/bin/ceph: stderr
2026-03-10T14:02:58.081+0000 7f1bb14c4700 1 --2- 192.168.123.103:0/29363097 >> [v2:192.168.123.103:6800/2,v1:192.168.123.103:6801/2] conn(0x7f1b940384b0 0x7f1b9403a960 secure :-1 s=READY pgs=12 cs=0 l=1 rev1=1 crypto rx=0x7f1ba400ad30 tx=0x7f1ba40093f0 comp rx=0 tx=0).stop
2026-03-10T14:02:58.119 INFO:teuthology.orchestra.run.vm03.stdout:/usr/bin/ceph: stderr
2026-03-10T14:02:58.081+0000 7f1bb14c4700 1 -- 192.168.123.103:0/29363097 >> [v2:192.168.123.103:3300/0,v1:192.168.123.103:6789/0] conn(0x7f1bac1a8980 msgr2=0x7f1bac1a8d90 secure :-1 s=STATE_CONNECTION_ESTABLISHED l=1).mark_down
2026-03-10T14:02:58.119 INFO:teuthology.orchestra.run.vm03.stdout:/usr/bin/ceph: stderr
2026-03-10T14:02:58.081+0000 7f1bb14c4700 1 --2- 192.168.123.103:0/29363097 >> [v2:192.168.123.103:3300/0,v1:192.168.123.103:6789/0] conn(0x7f1bac1a8980 0x7f1bac1a8d90 secure :-1 s=READY pgs=48 cs=0 l=1 rev1=1 crypto rx=0x7f1ba0009cc0 tx=0x7f1ba0003cb0 comp rx=0 tx=0).stop
2026-03-10T14:02:58.119 INFO:teuthology.orchestra.run.vm03.stdout:/usr/bin/ceph: stderr
2026-03-10T14:02:58.081+0000 7f1bb14c4700 1 -- 192.168.123.103:0/29363097 shutdown_connections
2026-03-10T14:02:58.119 INFO:teuthology.orchestra.run.vm03.stdout:/usr/bin/ceph: stderr
2026-03-10T14:02:58.081+0000 7f1bb14c4700 1 --2- 192.168.123.103:0/29363097 >> [v2:192.168.123.103:6800/2,v1:192.168.123.103:6801/2] conn(0x7f1b940384b0 0x7f1b9403a960 unknown :-1 s=CLOSED pgs=12 cs=0 l=1 rev1=1 crypto rx=0 tx=0 comp rx=0 tx=0).stop
2026-03-10T14:02:58.119 INFO:teuthology.orchestra.run.vm03.stdout:/usr/bin/ceph: stderr
2026-03-10T14:02:58.081+0000 7f1bb14c4700 1 --2- 192.168.123.103:0/29363097 >> [v2:192.168.123.103:3300/0,v1:192.168.123.103:6789/0] conn(0x7f1bac1a8980 0x7f1bac1a8d90 unknown :-1 s=CLOSED pgs=48 cs=0 l=1 rev1=1 crypto rx=0 tx=0 comp rx=0 tx=0).stop
2026-03-10T14:02:58.119 INFO:teuthology.orchestra.run.vm03.stdout:/usr/bin/ceph: stderr
2026-03-10T14:02:58.081+0000 7f1bb14c4700 1 -- 192.168.123.103:0/29363097 >> 192.168.123.103:0/29363097 conn(0x7f1bac06cc30 msgr2=0x7f1bac112570 unknown :-1 s=STATE_NONE l=0).mark_down
2026-03-10T14:02:58.119 INFO:teuthology.orchestra.run.vm03.stdout:/usr/bin/ceph: stderr
2026-03-10T14:02:58.081+0000 7f1bb14c4700 1 -- 192.168.123.103:0/29363097 shutdown_connections
2026-03-10T14:02:58.119 INFO:teuthology.orchestra.run.vm03.stdout:/usr/bin/ceph: stderr
2026-03-10T14:02:58.081+0000 7f1bb14c4700 1 -- 192.168.123.103:0/29363097 wait complete.
2026-03-10T14:02:58.119 INFO:teuthology.orchestra.run.vm03.stdout:Deploying mgr service with default placement...
2026-03-10T14:02:58.472 INFO:teuthology.orchestra.run.vm03.stdout:/usr/bin/ceph: stdout Scheduled mgr update...
2026-03-10T14:02:58.474 INFO:teuthology.orchestra.run.vm03.stdout:/usr/bin/ceph: stderr
2026-03-10T14:02:58.281+0000 7fb671c75700 1 Processor -- start
2026-03-10T14:02:58.474 INFO:teuthology.orchestra.run.vm03.stdout:/usr/bin/ceph: stderr
2026-03-10T14:02:58.281+0000 7fb671c75700 1 -- start start
2026-03-10T14:02:58.474 INFO:teuthology.orchestra.run.vm03.stdout:/usr/bin/ceph: stderr
2026-03-10T14:02:58.282+0000 7fb671c75700 1 --2- >> [v2:192.168.123.103:3300/0,v1:192.168.123.103:6789/0] conn(0x7fb66c071410 0x7fb66c071820 unknown :-1 s=NONE pgs=0 cs=0 l=0 rev1=0 crypto rx=0 tx=0 comp rx=0 tx=0).connect
2026-03-10T14:02:58.474 INFO:teuthology.orchestra.run.vm03.stdout:/usr/bin/ceph: stderr
2026-03-10T14:02:58.282+0000 7fb671c75700 1 -- --> [v2:192.168.123.103:3300/0,v1:192.168.123.103:6789/0] -- mon_getmap magic: 0 v1 -- 0x7fb66c071d60 con 0x7fb66c071410
2026-03-10T14:02:58.474 INFO:teuthology.orchestra.run.vm03.stdout:/usr/bin/ceph: stderr
2026-03-10T14:02:58.282+0000 7fb670c73700 1 --2- >> [v2:192.168.123.103:3300/0,v1:192.168.123.103:6789/0] conn(0x7fb66c071410 0x7fb66c071820 unknown :-1 s=BANNER_CONNECTING pgs=0 cs=0 l=0 rev1=0 crypto rx=0 tx=0 comp rx=0 tx=0)._handle_peer_banner_payload supported=3 required=0
2026-03-10T14:02:58.474 INFO:teuthology.orchestra.run.vm03.stdout:/usr/bin/ceph: stderr
2026-03-10T14:02:58.282+0000 7fb670c73700 1 --2- >> [v2:192.168.123.103:3300/0,v1:192.168.123.103:6789/0] conn(0x7fb66c071410 0x7fb66c071820 unknown :-1 s=HELLO_CONNECTING pgs=0 cs=0 l=0 rev1=1 crypto rx=0 tx=0 comp rx=0 tx=0).handle_hello peer v2:192.168.123.103:3300/0 says I am v2:192.168.123.103:57862/0 (socket says 192.168.123.103:57862)
2026-03-10T14:02:58.474 INFO:teuthology.orchestra.run.vm03.stdout:/usr/bin/ceph: stderr
2026-03-10T14:02:58.282+0000 7fb670c73700 1 -- 192.168.123.103:0/3887267279 learned_addr learned my addr 192.168.123.103:0/3887267279 (peer_addr_for_me v2:192.168.123.103:0/0)
2026-03-10T14:02:58.474 INFO:teuthology.orchestra.run.vm03.stdout:/usr/bin/ceph: stderr
2026-03-10T14:02:58.282+0000 7fb670c73700 1 -- 192.168.123.103:0/3887267279 --> [v2:192.168.123.103:3300/0,v1:192.168.123.103:6789/0] -- mon_subscribe({config=0+,monmap=0+}) v3 -- 0x7fb66c071ea0 con 0x7fb66c071410
2026-03-10T14:02:58.474 INFO:teuthology.orchestra.run.vm03.stdout:/usr/bin/ceph: stderr
2026-03-10T14:02:58.284+0000 7fb670c73700 1 --2- 192.168.123.103:0/3887267279 >> [v2:192.168.123.103:3300/0,v1:192.168.123.103:6789/0] conn(0x7fb66c071410 0x7fb66c071820 secure :-1 s=READY pgs=49 cs=0 l=1 rev1=1 crypto rx=0x7fb65c0096e0 tx=0x7fb65c00c1f0 comp rx=0 tx=0).ready entity=mon.0 client_cookie=88b99dc2016437de server_cookie=0 in_seq=0 out_seq=0
2026-03-10T14:02:58.474 INFO:teuthology.orchestra.run.vm03.stdout:/usr/bin/ceph: stderr
2026-03-10T14:02:58.284+0000 7fb66b7fe700 1 -- 192.168.123.103:0/3887267279 <== mon.0 v2:192.168.123.103:3300/0 1 ==== mon_map magic: 0 v1 ==== 214+0+0 (secure 0 0 0) 0x7fb65c004030 con 0x7fb66c071410
2026-03-10T14:02:58.474 INFO:teuthology.orchestra.run.vm03.stdout:/usr/bin/ceph: stderr
2026-03-10T14:02:58.284+0000 7fb66b7fe700 1 -- 192.168.123.103:0/3887267279 <== mon.0 v2:192.168.123.103:3300/0 2 ==== config(28 keys) v1 ==== 1139+0+0 (secure 0 0 0) 0x7fb65c00c920 con 0x7fb66c071410
2026-03-10T14:02:58.474 INFO:teuthology.orchestra.run.vm03.stdout:/usr/bin/ceph: stderr
2026-03-10T14:02:58.284+0000 7fb66b7fe700 1 -- 192.168.123.103:0/3887267279 <== mon.0 v2:192.168.123.103:3300/0 3 ==== mon_map magic: 0 v1 ==== 214+0+0 (secure 0 0 0) 0x7fb65c003bc0 con 0x7fb66c071410
2026-03-10T14:02:58.474 INFO:teuthology.orchestra.run.vm03.stdout:/usr/bin/ceph: stderr
2026-03-10T14:02:58.285+0000 7fb671c75700 1 -- 192.168.123.103:0/3887267279 >> [v2:192.168.123.103:3300/0,v1:192.168.123.103:6789/0] conn(0x7fb66c071410 msgr2=0x7fb66c071820 secure :-1 s=STATE_CONNECTION_ESTABLISHED l=1).mark_down
2026-03-10T14:02:58.474 INFO:teuthology.orchestra.run.vm03.stdout:/usr/bin/ceph: stderr
2026-03-10T14:02:58.285+0000 7fb671c75700 1 --2- 192.168.123.103:0/3887267279 >> [v2:192.168.123.103:3300/0,v1:192.168.123.103:6789/0] conn(0x7fb66c071410 0x7fb66c071820 secure :-1 s=READY pgs=49 cs=0 l=1 rev1=1 crypto rx=0x7fb65c0096e0 tx=0x7fb65c00c1f0 comp rx=0 tx=0).stop
2026-03-10T14:02:58.475 INFO:teuthology.orchestra.run.vm03.stdout:/usr/bin/ceph: stderr
2026-03-10T14:02:58.285+0000 7fb671c75700 1 -- 192.168.123.103:0/3887267279 shutdown_connections
2026-03-10T14:02:58.475 INFO:teuthology.orchestra.run.vm03.stdout:/usr/bin/ceph: stderr
2026-03-10T14:02:58.285+0000 7fb671c75700 1 --2- 192.168.123.103:0/3887267279 >> [v2:192.168.123.103:3300/0,v1:192.168.123.103:6789/0] conn(0x7fb66c071410 0x7fb66c071820 unknown :-1 s=CLOSED pgs=49 cs=0 l=1 rev1=1 crypto rx=0 tx=0 comp rx=0 tx=0).stop
2026-03-10T14:02:58.475 INFO:teuthology.orchestra.run.vm03.stdout:/usr/bin/ceph: stderr
2026-03-10T14:02:58.285+0000 7fb671c75700 1 -- 192.168.123.103:0/3887267279 >> 192.168.123.103:0/3887267279 conn(0x7fb66c06c9d0 msgr2=0x7fb66c06ee00 unknown :-1 s=STATE_NONE l=0).mark_down
2026-03-10T14:02:58.475 INFO:teuthology.orchestra.run.vm03.stdout:/usr/bin/ceph: stderr
2026-03-10T14:02:58.287+0000 7fb671c75700 1 -- 192.168.123.103:0/3887267279 shutdown_connections
2026-03-10T14:02:58.475 INFO:teuthology.orchestra.run.vm03.stdout:/usr/bin/ceph: stderr
2026-03-10T14:02:58.287+0000 7fb671c75700 1 -- 192.168.123.103:0/3887267279 wait complete.
2026-03-10T14:02:58.475 INFO:teuthology.orchestra.run.vm03.stdout:/usr/bin/ceph: stderr
2026-03-10T14:02:58.291+0000 7fb671c75700 1 Processor -- start
2026-03-10T14:02:58.475 INFO:teuthology.orchestra.run.vm03.stdout:/usr/bin/ceph: stderr
2026-03-10T14:02:58.292+0000 7fb671c75700 1 -- start start
2026-03-10T14:02:58.475 INFO:teuthology.orchestra.run.vm03.stdout:/usr/bin/ceph: stderr
2026-03-10T14:02:58.292+0000 7fb671c75700 1 --2- >> [v2:192.168.123.103:3300/0,v1:192.168.123.103:6789/0] conn(0x7fb66c071410 0x7fb66c1a86e0 unknown :-1 s=NONE pgs=0 cs=0 l=1 rev1=0 crypto rx=0 tx=0 comp rx=0 tx=0).connect
2026-03-10T14:02:58.475 INFO:teuthology.orchestra.run.vm03.stdout:/usr/bin/ceph: stderr
2026-03-10T14:02:58.292+0000 7fb671c75700 1 -- --> [v2:192.168.123.103:3300/0,v1:192.168.123.103:6789/0] -- mon_getmap magic: 0 v1 -- 0x7fb66c1a8c20 con 0x7fb66c071410
2026-03-10T14:02:58.475 INFO:teuthology.orchestra.run.vm03.stdout:/usr/bin/ceph: stderr
2026-03-10T14:02:58.293+0000 7fb670c73700 1 --2- >> [v2:192.168.123.103:3300/0,v1:192.168.123.103:6789/0] conn(0x7fb66c071410 0x7fb66c1a86e0 unknown :-1 s=BANNER_CONNECTING pgs=0 cs=0 l=1 rev1=0 crypto rx=0 tx=0 comp rx=0 tx=0)._handle_peer_banner_payload supported=3 required=0
2026-03-10T14:02:58.475 INFO:teuthology.orchestra.run.vm03.stdout:/usr/bin/ceph: stderr
2026-03-10T14:02:58.293+0000 7fb670c73700 1 --2- >> [v2:192.168.123.103:3300/0,v1:192.168.123.103:6789/0] conn(0x7fb66c071410 0x7fb66c1a86e0 unknown :-1 s=HELLO_CONNECTING pgs=0 cs=0 l=1 rev1=1 crypto rx=0 tx=0 comp rx=0 tx=0).handle_hello peer v2:192.168.123.103:3300/0 says I am v2:192.168.123.103:57872/0 (socket says 192.168.123.103:57872)
2026-03-10T14:02:58.475 INFO:teuthology.orchestra.run.vm03.stdout:/usr/bin/ceph: stderr
2026-03-10T14:02:58.293+0000 7fb670c73700 1 -- 192.168.123.103:0/3307531024 learned_addr learned my addr 192.168.123.103:0/3307531024 (peer_addr_for_me v2:192.168.123.103:0/0)
2026-03-10T14:02:58.475 INFO:teuthology.orchestra.run.vm03.stdout:/usr/bin/ceph: stderr
2026-03-10T14:02:58.293+0000 7fb670c73700 1 -- 192.168.123.103:0/3307531024 --> [v2:192.168.123.103:3300/0,v1:192.168.123.103:6789/0] -- mon_subscribe({config=0+,monmap=0+}) v3 -- 0x7fb65c009160 con 0x7fb66c071410
2026-03-10T14:02:58.475 INFO:teuthology.orchestra.run.vm03.stdout:/usr/bin/ceph: stderr
2026-03-10T14:02:58.293+0000 7fb670c73700 1 --2- 192.168.123.103:0/3307531024 >> [v2:192.168.123.103:3300/0,v1:192.168.123.103:6789/0] conn(0x7fb66c071410 0x7fb66c1a86e0 secure :-1 s=READY pgs=50 cs=0 l=1 rev1=1 crypto rx=0x7fb65c00c670 tx=0x7fb65c003f80 comp rx=0 tx=0).ready entity=mon.0 client_cookie=0 server_cookie=0 in_seq=0 out_seq=0
2026-03-10T14:02:58.475 INFO:teuthology.orchestra.run.vm03.stdout:/usr/bin/ceph: stderr
2026-03-10T14:02:58.293+0000 7fb669ffb700 1 -- 192.168.123.103:0/3307531024 <== mon.0 v2:192.168.123.103:3300/0 1 ==== mon_map magic: 0 v1 ==== 214+0+0 (secure 0 0 0) 0x7fb65c004360 con 0x7fb66c071410
2026-03-10T14:02:58.475 INFO:teuthology.orchestra.run.vm03.stdout:/usr/bin/ceph: stderr
2026-03-10T14:02:58.293+0000 7fb671c75700 1 -- 192.168.123.103:0/3307531024 --> [v2:192.168.123.103:3300/0,v1:192.168.123.103:6789/0] -- mon_subscribe({mgrmap=0+}) v3 -- 0x7fb66c1a8e20 con 0x7fb66c071410
2026-03-10T14:02:58.475 INFO:teuthology.orchestra.run.vm03.stdout:/usr/bin/ceph: stderr
2026-03-10T14:02:58.293+0000 7fb671c75700 1 -- 192.168.123.103:0/3307531024 --> [v2:192.168.123.103:3300/0,v1:192.168.123.103:6789/0] -- mon_subscribe({osdmap=0}) v3 -- 0x7fb66c1a92c0 con 0x7fb66c071410
2026-03-10T14:02:58.475 INFO:teuthology.orchestra.run.vm03.stdout:/usr/bin/ceph: stderr
2026-03-10T14:02:58.294+0000 7fb669ffb700 1 -- 192.168.123.103:0/3307531024 <== mon.0 v2:192.168.123.103:3300/0 2 ==== config(28 keys) v1 ==== 1139+0+0 (secure 0 0 0) 0x7fb65c0044c0 con 0x7fb66c071410
2026-03-10T14:02:58.475 INFO:teuthology.orchestra.run.vm03.stdout:/usr/bin/ceph: stderr
2026-03-10T14:02:58.294+0000 7fb669ffb700 1 -- 192.168.123.103:0/3307531024 <== mon.0 v2:192.168.123.103:3300/0 3 ==== mon_map magic: 0 v1 ==== 214+0+0 (secure 0 0 0) 0x7fb65c018620 con 0x7fb66c071410
2026-03-10T14:02:58.475 INFO:teuthology.orchestra.run.vm03.stdout:/usr/bin/ceph: stderr
2026-03-10T14:02:58.295+0000 7fb671c75700 1 -- 192.168.123.103:0/3307531024 --> [v2:192.168.123.103:3300/0,v1:192.168.123.103:6789/0] -- mon_command({"prefix": "get_command_descriptions"} v 0) v1 -- 0x7fb658005320 con 0x7fb66c071410
2026-03-10T14:02:58.475 INFO:teuthology.orchestra.run.vm03.stdout:/usr/bin/ceph: stderr
2026-03-10T14:02:58.296+0000 7fb669ffb700 1 -- 192.168.123.103:0/3307531024 <== mon.0 v2:192.168.123.103:3300/0 4 ==== mgrmap(e 8) v1 ==== 45079+0+0 (secure 0 0 0) 0x7fb65c018860 con 0x7fb66c071410
2026-03-10T14:02:58.475 INFO:teuthology.orchestra.run.vm03.stdout:/usr/bin/ceph: stderr
2026-03-10T14:02:58.296+0000 7fb669ffb700 1 --2- 192.168.123.103:0/3307531024 >> [v2:192.168.123.103:6800/2,v1:192.168.123.103:6801/2] conn(0x7fb6540384b0 0x7fb65403a960 unknown :-1 s=NONE pgs=0 cs=0 l=1 rev1=0 crypto rx=0 tx=0 comp rx=0 tx=0).connect
2026-03-10T14:02:58.475 INFO:teuthology.orchestra.run.vm03.stdout:/usr/bin/ceph: stderr
2026-03-10T14:02:58.296+0000 7fb669ffb700 1 -- 192.168.123.103:0/3307531024 <== mon.0 v2:192.168.123.103:3300/0 5 ==== osd_map(2..2 src has 1..2) v4 ==== 940+0+0 (secure 0 0 0) 0x7fb65c04c3f0 con 0x7fb66c071410
2026-03-10T14:02:58.475 INFO:teuthology.orchestra.run.vm03.stdout:/usr/bin/ceph: stderr
2026-03-10T14:02:58.300+0000 7fb66bfff700 1 --2- 192.168.123.103:0/3307531024 >> [v2:192.168.123.103:6800/2,v1:192.168.123.103:6801/2] conn(0x7fb6540384b0 0x7fb65403a960 unknown :-1 s=BANNER_CONNECTING pgs=0 cs=0 l=1 rev1=0 crypto rx=0 tx=0 comp rx=0 tx=0)._handle_peer_banner_payload supported=3 required=0
2026-03-10T14:02:58.475 INFO:teuthology.orchestra.run.vm03.stdout:/usr/bin/ceph: stderr
2026-03-10T14:02:58.300+0000 7fb669ffb700 1 -- 192.168.123.103:0/3307531024 <== mon.0 v2:192.168.123.103:3300/0 6 ==== mon_command_ack([{"prefix": "get_command_descriptions"}]=0 v0) v1 ==== 72+0+177933 (secure 0 0 0) 0x7fb65c01fd60 con 0x7fb66c071410
2026-03-10T14:02:58.475 INFO:teuthology.orchestra.run.vm03.stdout:/usr/bin/ceph: stderr
2026-03-10T14:02:58.302+0000 7fb66bfff700 1 --2- 192.168.123.103:0/3307531024 >> [v2:192.168.123.103:6800/2,v1:192.168.123.103:6801/2] conn(0x7fb6540384b0 0x7fb65403a960 secure :-1 s=READY pgs=13 cs=0 l=1 rev1=1 crypto rx=0x7fb660009940 tx=0x7fb660006e30 comp rx=0 tx=0).ready entity=mgr.14120 client_cookie=0 server_cookie=0 in_seq=0 out_seq=0
2026-03-10T14:02:58.475 INFO:teuthology.orchestra.run.vm03.stdout:/usr/bin/ceph: stderr
2026-03-10T14:02:58.417+0000 7fb671c75700 1 -- 192.168.123.103:0/3307531024 --> [v2:192.168.123.103:6800/2,v1:192.168.123.103:6801/2] -- mgr_command(tid 0: {"prefix": "orch apply", "service_type": "mgr", "target": ["mon-mgr", ""]}) v1 -- 0x7fb658000bf0 con 0x7fb6540384b0
2026-03-10T14:02:58.475 INFO:teuthology.orchestra.run.vm03.stdout:/usr/bin/ceph: stderr
2026-03-10T14:02:58.422+0000 7fb669ffb700 1 -- 192.168.123.103:0/3307531024 <== mgr.14120 v2:192.168.123.103:6800/2 1 ==== mgr_command_reply(tid 0: 0 ) v1 ==== 8+0+24 (secure 0 0 0) 0x7fb658000bf0 con 0x7fb6540384b0
2026-03-10T14:02:58.475 INFO:teuthology.orchestra.run.vm03.stdout:/usr/bin/ceph: stderr
2026-03-10T14:02:58.426+0000 7fb6537fe700 1 -- 192.168.123.103:0/3307531024 >> [v2:192.168.123.103:6800/2,v1:192.168.123.103:6801/2] conn(0x7fb6540384b0 msgr2=0x7fb65403a960 secure :-1 s=STATE_CONNECTION_ESTABLISHED l=1).mark_down
2026-03-10T14:02:58.475 INFO:teuthology.orchestra.run.vm03.stdout:/usr/bin/ceph: stderr
2026-03-10T14:02:58.426+0000 7fb6537fe700 1 --2- 192.168.123.103:0/3307531024 >> [v2:192.168.123.103:6800/2,v1:192.168.123.103:6801/2] conn(0x7fb6540384b0 0x7fb65403a960 secure :-1 s=READY pgs=13 cs=0 l=1 rev1=1 crypto rx=0x7fb660009940 tx=0x7fb660006e30 comp rx=0 tx=0).stop
2026-03-10T14:02:58.475 INFO:teuthology.orchestra.run.vm03.stdout:/usr/bin/ceph: stderr
2026-03-10T14:02:58.426+0000 7fb6537fe700 1 -- 192.168.123.103:0/3307531024 >> [v2:192.168.123.103:3300/0,v1:192.168.123.103:6789/0] conn(0x7fb66c071410 msgr2=0x7fb66c1a86e0 secure :-1 s=STATE_CONNECTION_ESTABLISHED l=1).mark_down
2026-03-10T14:02:58.475 INFO:teuthology.orchestra.run.vm03.stdout:/usr/bin/ceph: stderr
2026-03-10T14:02:58.426+0000 7fb6537fe700 1 --2- 192.168.123.103:0/3307531024 >> [v2:192.168.123.103:3300/0,v1:192.168.123.103:6789/0] conn(0x7fb66c071410 0x7fb66c1a86e0 secure :-1 s=READY pgs=50 cs=0 l=1 rev1=1 crypto rx=0x7fb65c00c670 tx=0x7fb65c003f80 comp rx=0 tx=0).stop
2026-03-10T14:02:58.475 INFO:teuthology.orchestra.run.vm03.stdout:/usr/bin/ceph: stderr
2026-03-10T14:02:58.426+0000 7fb6537fe700 1 -- 192.168.123.103:0/3307531024 shutdown_connections
2026-03-10T14:02:58.475 INFO:teuthology.orchestra.run.vm03.stdout:/usr/bin/ceph: stderr
2026-03-10T14:02:58.426+0000 7fb6537fe700 1 --2- 192.168.123.103:0/3307531024 >> [v2:192.168.123.103:6800/2,v1:192.168.123.103:6801/2] conn(0x7fb6540384b0 0x7fb65403a960 unknown :-1 s=CLOSED pgs=13 cs=0 l=1 rev1=1 crypto rx=0 tx=0 comp rx=0 tx=0).stop
2026-03-10T14:02:58.475 INFO:teuthology.orchestra.run.vm03.stdout:/usr/bin/ceph: stderr
2026-03-10T14:02:58.426+0000 7fb6537fe700 1 --2- 192.168.123.103:0/3307531024 >> [v2:192.168.123.103:3300/0,v1:192.168.123.103:6789/0] conn(0x7fb66c071410 0x7fb66c1a86e0 unknown :-1 s=CLOSED pgs=50 cs=0 l=1 rev1=1 crypto rx=0 tx=0 comp rx=0 tx=0).stop
2026-03-10T14:02:58.475 INFO:teuthology.orchestra.run.vm03.stdout:/usr/bin/ceph: stderr
2026-03-10T14:02:58.426+0000 7fb6537fe700 1 -- 192.168.123.103:0/3307531024 >> 192.168.123.103:0/3307531024 conn(0x7fb66c06c9d0 msgr2=0x7fb66c06d680 unknown :-1 s=STATE_NONE l=0).mark_down
2026-03-10T14:02:58.475 INFO:teuthology.orchestra.run.vm03.stdout:/usr/bin/ceph: stderr
2026-03-10T14:02:58.426+0000 7fb6537fe700 1 -- 192.168.123.103:0/3307531024 shutdown_connections
2026-03-10T14:02:58.475 INFO:teuthology.orchestra.run.vm03.stdout:/usr/bin/ceph: stderr
2026-03-10T14:02:58.427+0000 7fb6537fe700 1 -- 192.168.123.103:0/3307531024 wait complete.
2026-03-10T14:02:58.475 INFO:teuthology.orchestra.run.vm03.stdout:Deploying crash service with default placement...
2026-03-10T14:02:58.777 INFO:teuthology.orchestra.run.vm03.stdout:/usr/bin/ceph: stdout Scheduled crash update...
2026-03-10T14:02:58.777 INFO:teuthology.orchestra.run.vm03.stdout:/usr/bin/ceph: stderr
2026-03-10T14:02:58.612+0000 7f6f20b45700 1 Processor -- start
2026-03-10T14:02:58.777 INFO:teuthology.orchestra.run.vm03.stdout:/usr/bin/ceph: stderr
2026-03-10T14:02:58.612+0000 7f6f20b45700 1 -- start start
2026-03-10T14:02:58.777 INFO:teuthology.orchestra.run.vm03.stdout:/usr/bin/ceph: stderr
2026-03-10T14:02:58.612+0000 7f6f20b45700 1 --2- >> [v2:192.168.123.103:3300/0,v1:192.168.123.103:6789/0] conn(0x7f6f140a3fa0 0x7f6f140a43b0 unknown :-1 s=NONE pgs=0 cs=0 l=0 rev1=0 crypto rx=0 tx=0 comp rx=0 tx=0).connect
2026-03-10T14:02:58.777 INFO:teuthology.orchestra.run.vm03.stdout:/usr/bin/ceph: stderr
2026-03-10T14:02:58.612+0000 7f6f20b45700 1 -- --> [v2:192.168.123.103:3300/0,v1:192.168.123.103:6789/0] -- mon_getmap magic: 0 v1 -- 0x7f6f140a4980 con 0x7f6f140a3fa0
2026-03-10T14:02:58.777 INFO:teuthology.orchestra.run.vm03.stdout:/usr/bin/ceph: stderr
2026-03-10T14:02:58.612+0000 7f6f1b7fe700 1 --2- >> [v2:192.168.123.103:3300/0,v1:192.168.123.103:6789/0] conn(0x7f6f140a3fa0 0x7f6f140a43b0 unknown :-1 s=BANNER_CONNECTING pgs=0 cs=0 l=0 rev1=0 crypto rx=0 tx=0 comp rx=0 tx=0)._handle_peer_banner_payload supported=3 required=0
2026-03-10T14:02:58.777 INFO:teuthology.orchestra.run.vm03.stdout:/usr/bin/ceph: stderr
2026-03-10T14:02:58.612+0000 7f6f1b7fe700 1 --2- >> [v2:192.168.123.103:3300/0,v1:192.168.123.103:6789/0] conn(0x7f6f140a3fa0 0x7f6f140a43b0 unknown :-1 s=HELLO_CONNECTING pgs=0 cs=0 l=0 rev1=1 crypto rx=0 tx=0 comp rx=0 tx=0).handle_hello peer v2:192.168.123.103:3300/0 says I am v2:192.168.123.103:57882/0 (socket says 192.168.123.103:57882)
2026-03-10T14:02:58.777 INFO:teuthology.orchestra.run.vm03.stdout:/usr/bin/ceph: stderr
2026-03-10T14:02:58.612+0000 7f6f1b7fe700 1 -- 192.168.123.103:0/3808841451 learned_addr learned my addr 192.168.123.103:0/3808841451 (peer_addr_for_me v2:192.168.123.103:0/0)
2026-03-10T14:02:58.777 INFO:teuthology.orchestra.run.vm03.stdout:/usr/bin/ceph: stderr
2026-03-10T14:02:58.612+0000 7f6f1b7fe700 1 -- 192.168.123.103:0/3808841451 --> [v2:192.168.123.103:3300/0,v1:192.168.123.103:6789/0] -- mon_subscribe({config=0+,monmap=0+}) v3 -- 0x7f6f140a5130 con 0x7f6f140a3fa0
2026-03-10T14:02:58.777 INFO:teuthology.orchestra.run.vm03.stdout:/usr/bin/ceph: stderr
2026-03-10T14:02:58.612+0000 7f6f1b7fe700 1 --2- 192.168.123.103:0/3808841451 >> [v2:192.168.123.103:3300/0,v1:192.168.123.103:6789/0] conn(0x7f6f140a3fa0 0x7f6f140a43b0 secure :-1 s=READY pgs=51 cs=0 l=1 rev1=1 crypto rx=0x7f6f1001ab30 tx=0x7f6f1001ae40 comp rx=0 tx=0).ready entity=mon.0 client_cookie=7ca2c291d09ebc4b server_cookie=0 in_seq=0 out_seq=0
2026-03-10T14:02:58.777 INFO:teuthology.orchestra.run.vm03.stdout:/usr/bin/ceph: stderr
2026-03-10T14:02:58.613+0000 7f6f1a7fc700 1 -- 192.168.123.103:0/3808841451 <== mon.0 v2:192.168.123.103:3300/0 1 ==== mon_map magic: 0 v1 ==== 214+0+0 (secure 0 0 0) 0x7f6f10004030 con 0x7f6f140a3fa0
2026-03-10T14:02:58.777 INFO:teuthology.orchestra.run.vm03.stdout:/usr/bin/ceph: stderr
2026-03-10T14:02:58.613+0000 7f6f1a7fc700 1 -- 192.168.123.103:0/3808841451 <== mon.0 v2:192.168.123.103:3300/0 2 ==== config(28 keys) v1 ==== 1139+0+0 (secure 0 0 0) 0x7f6f1001c8b0 con 0x7f6f140a3fa0
2026-03-10T14:02:58.778 INFO:teuthology.orchestra.run.vm03.stdout:/usr/bin/ceph: stderr
2026-03-10T14:02:58.613+0000 7f6f20b45700 1 -- 192.168.123.103:0/3808841451 >> [v2:192.168.123.103:3300/0,v1:192.168.123.103:6789/0] conn(0x7f6f140a3fa0 msgr2=0x7f6f140a43b0 secure :-1 s=STATE_CONNECTION_ESTABLISHED l=1).mark_down
2026-03-10T14:02:58.778 INFO:teuthology.orchestra.run.vm03.stdout:/usr/bin/ceph: stderr
2026-03-10T14:02:58.613+0000 7f6f20b45700 1 --2- 192.168.123.103:0/3808841451 >> [v2:192.168.123.103:3300/0,v1:192.168.123.103:6789/0] conn(0x7f6f140a3fa0 0x7f6f140a43b0 secure :-1 s=READY pgs=51 cs=0 l=1 rev1=1 crypto rx=0x7f6f1001ab30 tx=0x7f6f1001ae40 comp rx=0 tx=0).stop
2026-03-10T14:02:58.778 INFO:teuthology.orchestra.run.vm03.stdout:/usr/bin/ceph: stderr
2026-03-10T14:02:58.613+0000 7f6f20b45700 1 -- 192.168.123.103:0/3808841451 shutdown_connections
2026-03-10T14:02:58.778 INFO:teuthology.orchestra.run.vm03.stdout:/usr/bin/ceph: stderr
2026-03-10T14:02:58.613+0000 7f6f20b45700 1 --2- 192.168.123.103:0/3808841451 >> [v2:192.168.123.103:3300/0,v1:192.168.123.103:6789/0] conn(0x7f6f140a3fa0 0x7f6f140a43b0 unknown :-1 s=CLOSED pgs=51 cs=0 l=1 rev1=1 crypto rx=0 tx=0 comp rx=0 tx=0).stop
2026-03-10T14:02:58.778 INFO:teuthology.orchestra.run.vm03.stdout:/usr/bin/ceph: stderr
2026-03-10T14:02:58.613+0000 7f6f20b45700 1 -- 192.168.123.103:0/3808841451 >> 192.168.123.103:0/3808841451 conn(0x7f6f1409f4b0 msgr2=0x7f6f140a1900 unknown :-1 s=STATE_NONE l=0).mark_down
2026-03-10T14:02:58.778 INFO:teuthology.orchestra.run.vm03.stdout:/usr/bin/ceph: stderr
2026-03-10T14:02:58.614+0000 7f6f20b45700 1 -- 192.168.123.103:0/3808841451 shutdown_connections
2026-03-10T14:02:58.778 INFO:teuthology.orchestra.run.vm03.stdout:/usr/bin/ceph: stderr
2026-03-10T14:02:58.614+0000 7f6f20b45700 1 -- 192.168.123.103:0/3808841451 wait complete.
2026-03-10T14:02:58.778 INFO:teuthology.orchestra.run.vm03.stdout:/usr/bin/ceph: stderr
2026-03-10T14:02:58.615+0000 7f6f20b45700 1 Processor -- start
2026-03-10T14:02:58.778 INFO:teuthology.orchestra.run.vm03.stdout:/usr/bin/ceph: stderr
2026-03-10T14:02:58.615+0000 7f6f20b45700 1 -- start start
2026-03-10T14:02:58.778 INFO:teuthology.orchestra.run.vm03.stdout:/usr/bin/ceph: stderr
2026-03-10T14:02:58.615+0000 7f6f20b45700 1 --2- >> [v2:192.168.123.103:3300/0,v1:192.168.123.103:6789/0] conn(0x7f6f140a3fa0 0x7f6f14137c30 unknown :-1 s=NONE pgs=0 cs=0 l=1 rev1=0 crypto rx=0 tx=0 comp rx=0 tx=0).connect
2026-03-10T14:02:58.778 INFO:teuthology.orchestra.run.vm03.stdout:/usr/bin/ceph: stderr
2026-03-10T14:02:58.615+0000 7f6f20b45700 1 -- --> [v2:192.168.123.103:3300/0,v1:192.168.123.103:6789/0] -- mon_getmap magic: 0 v1 -- 0x7f6f140a4980 con 0x7f6f140a3fa0
2026-03-10T14:02:58.778 INFO:teuthology.orchestra.run.vm03.stdout:/usr/bin/ceph: stderr
2026-03-10T14:02:58.616+0000 7f6f1b7fe700 1 --2- >> [v2:192.168.123.103:3300/0,v1:192.168.123.103:6789/0] conn(0x7f6f140a3fa0 0x7f6f14137c30 unknown :-1 s=BANNER_CONNECTING pgs=0 cs=0 l=1 rev1=0 crypto rx=0 tx=0 comp rx=0 tx=0)._handle_peer_banner_payload supported=3 required=0
2026-03-10T14:02:58.778 INFO:teuthology.orchestra.run.vm03.stdout:/usr/bin/ceph: stderr
2026-03-10T14:02:58.616+0000 7f6f1b7fe700 1 --2- >> [v2:192.168.123.103:3300/0,v1:192.168.123.103:6789/0] conn(0x7f6f140a3fa0 0x7f6f14137c30 unknown :-1 s=HELLO_CONNECTING pgs=0 cs=0 l=1 rev1=1 crypto rx=0 tx=0 comp rx=0 tx=0).handle_hello peer v2:192.168.123.103:3300/0 says I am v2:192.168.123.103:57886/0 (socket says 192.168.123.103:57886)
2026-03-10T14:02:58.778 INFO:teuthology.orchestra.run.vm03.stdout:/usr/bin/ceph: stderr
2026-03-10T14:02:58.616+0000 7f6f1b7fe700 1 -- 192.168.123.103:0/4277629349 learned_addr learned my addr 192.168.123.103:0/4277629349 (peer_addr_for_me v2:192.168.123.103:0/0)
2026-03-10T14:02:58.778 INFO:teuthology.orchestra.run.vm03.stdout:/usr/bin/ceph: stderr
2026-03-10T14:02:58.616+0000 7f6f1b7fe700 1 -- 192.168.123.103:0/4277629349 --> [v2:192.168.123.103:3300/0,v1:192.168.123.103:6789/0] -- mon_subscribe({config=0+,monmap=0+}) v3 -- 0x7f6f1001a7e0 con 0x7f6f140a3fa0
2026-03-10T14:02:58.778 INFO:teuthology.orchestra.run.vm03.stdout:/usr/bin/ceph: stderr
2026-03-10T14:02:58.616+0000 7f6f1b7fe700 1 --2- 192.168.123.103:0/4277629349 >> [v2:192.168.123.103:3300/0,v1:192.168.123.103:6789/0] conn(0x7f6f140a3fa0 0x7f6f14137c30 secure :-1 s=READY pgs=52 cs=0 l=1 rev1=1 crypto rx=0x7f6f1001a7b0 tx=0x7f6f1001ced0 comp rx=0 tx=0).ready entity=mon.0 client_cookie=0 server_cookie=0 in_seq=0 out_seq=0
2026-03-10T14:02:58.778 INFO:teuthology.orchestra.run.vm03.stdout:/usr/bin/ceph: stderr
2026-03-10T14:02:58.616+0000 7f6f18ff9700 1 -- 192.168.123.103:0/4277629349 <== mon.0 v2:192.168.123.103:3300/0 1 ==== mon_map magic: 0 v1 ==== 214+0+0 (secure 0 0 0) 0x7f6f100036e0 con 0x7f6f140a3fa0
2026-03-10T14:02:58.778 INFO:teuthology.orchestra.run.vm03.stdout:/usr/bin/ceph: stderr
2026-03-10T14:02:58.616+0000 7f6f20b45700 1 -- 192.168.123.103:0/4277629349 --> [v2:192.168.123.103:3300/0,v1:192.168.123.103:6789/0] -- mon_subscribe({mgrmap=0+}) v3 -- 0x7f6f14138170 con 0x7f6f140a3fa0
2026-03-10T14:02:58.778 INFO:teuthology.orchestra.run.vm03.stdout:/usr/bin/ceph: stderr
2026-03-10T14:02:58.616+0000 7f6f20b45700 1 -- 192.168.123.103:0/4277629349 --> [v2:192.168.123.103:3300/0,v1:192.168.123.103:6789/0] -- mon_subscribe({osdmap=0}) v3 -- 0x7f6f14138670 con 0x7f6f140a3fa0
2026-03-10T14:02:58.778 INFO:teuthology.orchestra.run.vm03.stdout:/usr/bin/ceph: stderr
2026-03-10T14:02:58.617+0000 7f6f18ff9700 1 -- 192.168.123.103:0/4277629349 <== mon.0 v2:192.168.123.103:3300/0 2 ==== config(28 keys) v1 ==== 1139+0+0 (secure 0 0 0) 0x7f6f1002c920 con 0x7f6f140a3fa0
2026-03-10T14:02:58.778 INFO:teuthology.orchestra.run.vm03.stdout:/usr/bin/ceph: stderr
2026-03-10T14:02:58.617+0000 7f6f18ff9700 1 -- 192.168.123.103:0/4277629349 <== mon.0 v2:192.168.123.103:3300/0 3 ==== mon_map magic: 0 v1 ==== 214+0+0 (secure 0 0 0) 0x7f6f10022a50 con 0x7f6f140a3fa0
2026-03-10T14:02:58.778 INFO:teuthology.orchestra.run.vm03.stdout:/usr/bin/ceph: stderr
2026-03-10T14:02:58.617+0000 7f6f18ff9700 1 -- 192.168.123.103:0/4277629349 <== mon.0 v2:192.168.123.103:3300/0 4 ==== mgrmap(e 8) v1 ==== 45079+0+0 (secure 0 0 0) 0x7f6f10022c70 con 0x7f6f140a3fa0
2026-03-10T14:02:58.778 INFO:teuthology.orchestra.run.vm03.stdout:/usr/bin/ceph: stderr
2026-03-10T14:02:58.617+0000 7f6f18ff9700 1 --2- 192.168.123.103:0/4277629349 >> [v2:192.168.123.103:6800/2,v1:192.168.123.103:6801/2] conn(0x7f6f0c0384b0 0x7f6f0c03a960 unknown :-1 s=NONE pgs=0 cs=0 l=1 rev1=0 crypto rx=0 tx=0 comp rx=0 tx=0).connect
2026-03-10T14:02:58.778 INFO:teuthology.orchestra.run.vm03.stdout:/usr/bin/ceph: stderr
2026-03-10T14:02:58.617+0000 7f6f18ff9700 1 -- 192.168.123.103:0/4277629349 <== mon.0 v2:192.168.123.103:3300/0 5 ==== osd_map(2..2 src has 1..2) v4 ==== 940+0+0 (secure 0 0 0) 0x7f6f1005e9a0 con 0x7f6f140a3fa0
2026-03-10T14:02:58.778 INFO:teuthology.orchestra.run.vm03.stdout:/usr/bin/ceph: stderr
2026-03-10T14:02:58.617+0000 7f6f1affd700 1 --2- 192.168.123.103:0/4277629349 >> [v2:192.168.123.103:6800/2,v1:192.168.123.103:6801/2] conn(0x7f6f0c0384b0 0x7f6f0c03a960 unknown :-1 s=BANNER_CONNECTING pgs=0 cs=0 l=1 rev1=0 crypto rx=0 tx=0 comp rx=0 tx=0)._handle_peer_banner_payload supported=3 required=0
2026-03-10T14:02:58.778 INFO:teuthology.orchestra.run.vm03.stdout:/usr/bin/ceph: stderr
2026-03-10T14:02:58.617+0000 7f6f1affd700 1 --2- 192.168.123.103:0/4277629349 >> [v2:192.168.123.103:6800/2,v1:192.168.123.103:6801/2] conn(0x7f6f0c0384b0 0x7f6f0c03a960 secure :-1 s=READY pgs=14 cs=0 l=1 rev1=1 crypto rx=0x7f6f08006fd0 tx=0x7f6f08006e40 comp rx=0 tx=0).ready entity=mgr.14120 client_cookie=0 server_cookie=0 in_seq=0 out_seq=0
2026-03-10T14:02:58.779 INFO:teuthology.orchestra.run.vm03.stdout:/usr/bin/ceph: stderr
2026-03-10T14:02:58.618+0000 7f6f20b45700 1 -- 192.168.123.103:0/4277629349 --> [v2:192.168.123.103:3300/0,v1:192.168.123.103:6789/0] -- mon_command({"prefix": "get_command_descriptions"} v 0) v1 -- 0x7f6f000052f0 con 0x7f6f140a3fa0
2026-03-10T14:02:58.779 INFO:teuthology.orchestra.run.vm03.stdout:/usr/bin/ceph: stderr
2026-03-10T14:02:58.621+0000 7f6f18ff9700 1 -- 192.168.123.103:0/4277629349 <== mon.0 v2:192.168.123.103:3300/0 6 ==== mon_command_ack([{"prefix": "get_command_descriptions"}]=0 v0) v1 ==== 72+0+177933 (secure 0 0 0) 0x7f6f1002a3f0 con 0x7f6f140a3fa0
2026-03-10T14:02:58.779 INFO:teuthology.orchestra.run.vm03.stdout:/usr/bin/ceph: stderr
2026-03-10T14:02:58.732+0000 7f6f20b45700 1 -- 192.168.123.103:0/4277629349 --> [v2:192.168.123.103:6800/2,v1:192.168.123.103:6801/2] -- mgr_command(tid 0: {"prefix": "orch apply", "service_type": "crash", "target": ["mon-mgr", ""]}) v1 -- 0x7f6f00000bc0 con 0x7f6f0c0384b0
2026-03-10T14:02:58.779 INFO:teuthology.orchestra.run.vm03.stdout:/usr/bin/ceph: stderr
2026-03-10T14:02:58.738+0000 7f6f18ff9700 1 -- 192.168.123.103:0/4277629349 <== mgr.14120 v2:192.168.123.103:6800/2 1 ==== mgr_command_reply(tid 0: 0 ) v1 ==== 8+0+26 (secure 0 0 0) 0x7f6f00000bc0 con 0x7f6f0c0384b0
2026-03-10T14:02:58.779 INFO:teuthology.orchestra.run.vm03.stdout:/usr/bin/ceph: stderr
2026-03-10T14:02:58.740+0000 7f6f20b45700 1 -- 192.168.123.103:0/4277629349 >> [v2:192.168.123.103:6800/2,v1:192.168.123.103:6801/2] conn(0x7f6f0c0384b0 msgr2=0x7f6f0c03a960 secure :-1 s=STATE_CONNECTION_ESTABLISHED l=1).mark_down
2026-03-10T14:02:58.779 INFO:teuthology.orchestra.run.vm03.stdout:/usr/bin/ceph: stderr
2026-03-10T14:02:58.740+0000 7f6f20b45700 1 --2- 192.168.123.103:0/4277629349 >> [v2:192.168.123.103:6800/2,v1:192.168.123.103:6801/2] conn(0x7f6f0c0384b0 0x7f6f0c03a960 secure :-1 s=READY pgs=14 cs=0 l=1 rev1=1 crypto rx=0x7f6f08006fd0 tx=0x7f6f08006e40 comp rx=0 tx=0).stop
2026-03-10T14:02:58.779 INFO:teuthology.orchestra.run.vm03.stdout:/usr/bin/ceph: stderr
