2026-03-10T06:17:15.029+0000 7fd8f2ffd700 1 -- 192.168.123.104:0/1607655157 >> [v2:192.168.123.104:3300/0,v1:192.168.123.104:6789/0] conn(0x7fd900095120 msgr2=0x7fd900128dc0 secure :-1 s=STATE_CONNECTION_ESTABLISHED l=1).mark_down
2026-03-10T06:17:15.083 INFO:teuthology.orchestra.run.vm04.stdout:/usr/bin/ceph: stderr
2026-03-10T06:17:15.029+0000 7fd8f2ffd700 1 --2- 192.168.123.104:0/1607655157 >> [v2:192.168.123.104:3300/0,v1:192.168.123.104:6789/0] conn(0x7fd900095120 0x7fd900128dc0 secure :-1 s=READY pgs=85 cs=0 l=1 rev1=1 crypto rx=0x7fd8fc000c00 tx=0x7fd8fc011700 comp rx=0 tx=0).stop
2026-03-10T06:17:15.083 INFO:teuthology.orchestra.run.vm04.stdout:/usr/bin/ceph: stderr
2026-03-10T06:17:15.029+0000 7fd8f2ffd700 1 -- 192.168.123.104:0/1607655157 shutdown_connections
2026-03-10T06:17:15.083 INFO:teuthology.orchestra.run.vm04.stdout:/usr/bin/ceph: stderr
2026-03-10T06:17:15.029+0000 7fd8f2ffd700 1 --2- 192.168.123.104:0/1607655157 >> [v2:192.168.123.104:6800/2,v1:192.168.123.104:6801/2] conn(0x7fd8f8038030 0x7fd8f803a4e0 secure :-1 s=CLOSED pgs=8 cs=0 l=1 rev1=1 crypto rx=0x7fd8f4006fd0 tx=0x7fd8f4006e40 comp rx=0 tx=0).stop
2026-03-10T06:17:15.083 INFO:teuthology.orchestra.run.vm04.stdout:/usr/bin/ceph: stderr
2026-03-10T06:17:15.029+0000 7fd8f2ffd700 1 --2- 192.168.123.104:0/1607655157 >> [v2:192.168.123.104:3300/0,v1:192.168.123.104:6789/0] conn(0x7fd900095120 0x7fd900128dc0 unknown :-1 s=CLOSED pgs=85 cs=0 l=1 rev1=1 crypto rx=0 tx=0 comp rx=0 tx=0).stop
2026-03-10T06:17:15.083 INFO:teuthology.orchestra.run.vm04.stdout:/usr/bin/ceph: stderr
2026-03-10T06:17:15.029+0000 7fd8f2ffd700 1 -- 192.168.123.104:0/1607655157 >> 192.168.123.104:0/1607655157 conn(0x7fd9000906d0 msgr2=0x7fd9000912e0 unknown :-1 s=STATE_NONE l=0).mark_down
2026-03-10T06:17:15.083 INFO:teuthology.orchestra.run.vm04.stdout:/usr/bin/ceph: stderr
2026-03-10T06:17:15.030+0000 7fd8f2ffd700 1 -- 192.168.123.104:0/1607655157 shutdown_connections
2026-03-10T06:17:15.083 INFO:teuthology.orchestra.run.vm04.stdout:/usr/bin/ceph: stderr
2026-03-10T06:17:15.030+0000 7fd8f2ffd700 1 -- 192.168.123.104:0/1607655157 wait complete.
2026-03-10T06:17:15.083 INFO:teuthology.orchestra.run.vm04.stdout:Fetching dashboard port number...
2026-03-10T06:17:15.400 INFO:teuthology.orchestra.run.vm04.stdout:/usr/bin/ceph: stdout 8443
2026-03-10T06:17:15.400 INFO:teuthology.orchestra.run.vm04.stdout:/usr/bin/ceph: stderr
2026-03-10T06:17:15.214+0000 7fd0fef09700 1 Processor -- start
2026-03-10T06:17:15.400 INFO:teuthology.orchestra.run.vm04.stdout:/usr/bin/ceph: stderr
2026-03-10T06:17:15.214+0000 7fd0fef09700 1 -- start start
2026-03-10T06:17:15.400 INFO:teuthology.orchestra.run.vm04.stdout:/usr/bin/ceph: stderr
2026-03-10T06:17:15.215+0000 7fd0fef09700 1 --2- >> [v2:192.168.123.104:3300/0,v1:192.168.123.104:6789/0] conn(0x7fd0f8073800 0x7fd0f81043a0 unknown :-1 s=NONE pgs=0 cs=0 l=0 rev1=0 crypto rx=0 tx=0 comp rx=0 tx=0).connect
2026-03-10T06:17:15.400 INFO:teuthology.orchestra.run.vm04.stdout:/usr/bin/ceph: stderr
2026-03-10T06:17:15.215+0000 7fd0fef09700 1 -- --> [v2:192.168.123.104:3300/0,v1:192.168.123.104:6789/0] -- mon_getmap magic: 0 v1 -- 0x7fd0f8073c10 con 0x7fd0f8073800
2026-03-10T06:17:15.400 INFO:teuthology.orchestra.run.vm04.stdout:/usr/bin/ceph: stderr
2026-03-10T06:17:15.215+0000 7fd0fcca5700 1 --2- >> [v2:192.168.123.104:3300/0,v1:192.168.123.104:6789/0] conn(0x7fd0f8073800 0x7fd0f81043a0 unknown :-1 s=BANNER_CONNECTING pgs=0 cs=0 l=0 rev1=0 crypto rx=0 tx=0 comp rx=0 tx=0)._handle_peer_banner_payload supported=3 required=0
2026-03-10T06:17:15.400 INFO:teuthology.orchestra.run.vm04.stdout:/usr/bin/ceph: stderr
2026-03-10T06:17:15.215+0000 7fd0fcca5700 1 --2- >> [v2:192.168.123.104:3300/0,v1:192.168.123.104:6789/0] conn(0x7fd0f8073800 0x7fd0f81043a0 unknown :-1 s=HELLO_CONNECTING pgs=0 cs=0 l=0 rev1=1 crypto rx=0 tx=0 comp rx=0 tx=0).handle_hello peer v2:192.168.123.104:3300/0 says I am v2:192.168.123.104:35604/0 (socket says 192.168.123.104:35604)
2026-03-10T06:17:15.400 INFO:teuthology.orchestra.run.vm04.stdout:/usr/bin/ceph: stderr
2026-03-10T06:17:15.215+0000 7fd0fcca5700 1 -- 192.168.123.104:0/187296051 learned_addr learned my addr 192.168.123.104:0/187296051 (peer_addr_for_me v2:192.168.123.104:0/0)
2026-03-10T06:17:15.400 INFO:teuthology.orchestra.run.vm04.stdout:/usr/bin/ceph: stderr
2026-03-10T06:17:15.215+0000 7fd0fcca5700 1 -- 192.168.123.104:0/187296051 --> [v2:192.168.123.104:3300/0,v1:192.168.123.104:6789/0] -- mon_subscribe({config=0+,monmap=0+}) v3 -- 0x7fd0f8073d50 con 0x7fd0f8073800
2026-03-10T06:17:15.400 INFO:teuthology.orchestra.run.vm04.stdout:/usr/bin/ceph: stderr
2026-03-10T06:17:15.216+0000 7fd0fcca5700 1 --2- 192.168.123.104:0/187296051 >> [v2:192.168.123.104:3300/0,v1:192.168.123.104:6789/0] conn(0x7fd0f8073800 0x7fd0f81043a0 secure :-1 s=READY pgs=86 cs=0 l=1 rev1=1 crypto rx=0x7fd0f4009cf0 tx=0x7fd0f400b0e0 comp rx=0 tx=0).ready entity=mon.0 client_cookie=d7d470dd992d6667 server_cookie=0 in_seq=0 out_seq=0
2026-03-10T06:17:15.400 INFO:teuthology.orchestra.run.vm04.stdout:/usr/bin/ceph: stderr
2026-03-10T06:17:15.216+0000 7fd0ef7fe700 1 -- 192.168.123.104:0/187296051 <== mon.0 v2:192.168.123.104:3300/0 1 ==== mon_map magic: 0 v1 ==== 214+0+0 (secure 0 0 0) 0x7fd0f4004030 con 0x7fd0f8073800
2026-03-10T06:17:15.400 INFO:teuthology.orchestra.run.vm04.stdout:/usr/bin/ceph: stderr
2026-03-10T06:17:15.216+0000 7fd0ef7fe700 1 -- 192.168.123.104:0/187296051 <== mon.0 v2:192.168.123.104:3300/0 2 ==== config(28 keys) v1 ==== 1139+0+0 (secure 0 0 0) 0x7fd0f400b810 con 0x7fd0f8073800
2026-03-10T06:17:15.400 INFO:teuthology.orchestra.run.vm04.stdout:/usr/bin/ceph: stderr
2026-03-10T06:17:15.216+0000 7fd0ef7fe700 1 -- 192.168.123.104:0/187296051 <== mon.0 v2:192.168.123.104:3300/0 3 ==== mon_map magic: 0 v1 ==== 214+0+0 (secure 0 0 0) 0x7fd0f4003b10 con 0x7fd0f8073800
2026-03-10T06:17:15.400 INFO:teuthology.orchestra.run.vm04.stdout:/usr/bin/ceph: stderr
2026-03-10T06:17:15.217+0000 7fd0fef09700 1 -- 192.168.123.104:0/187296051 >> [v2:192.168.123.104:3300/0,v1:192.168.123.104:6789/0] conn(0x7fd0f8073800 msgr2=0x7fd0f81043a0 secure :-1 s=STATE_CONNECTION_ESTABLISHED l=1).mark_down
2026-03-10T06:17:15.400 INFO:teuthology.orchestra.run.vm04.stdout:/usr/bin/ceph: stderr
2026-03-10T06:17:15.217+0000 7fd0fef09700 1 --2- 192.168.123.104:0/187296051 >> [v2:192.168.123.104:3300/0,v1:192.168.123.104:6789/0] conn(0x7fd0f8073800 0x7fd0f81043a0 secure :-1 s=READY pgs=86 cs=0 l=1 rev1=1 crypto rx=0x7fd0f4009cf0 tx=0x7fd0f400b0e0 comp rx=0 tx=0).stop
2026-03-10T06:17:15.400 INFO:teuthology.orchestra.run.vm04.stdout:/usr/bin/ceph: stderr
2026-03-10T06:17:15.217+0000 7fd0fef09700 1 -- 192.168.123.104:0/187296051 shutdown_connections
2026-03-10T06:17:15.400 INFO:teuthology.orchestra.run.vm04.stdout:/usr/bin/ceph: stderr
2026-03-10T06:17:15.217+0000 7fd0fef09700 1 --2- 192.168.123.104:0/187296051 >> [v2:192.168.123.104:3300/0,v1:192.168.123.104:6789/0] conn(0x7fd0f8073800 0x7fd0f81043a0 unknown :-1 s=CLOSED pgs=86 cs=0 l=1 rev1=1 crypto rx=0 tx=0 comp rx=0 tx=0).stop
2026-03-10T06:17:15.400 INFO:teuthology.orchestra.run.vm04.stdout:/usr/bin/ceph: stderr
2026-03-10T06:17:15.217+0000 7fd0fef09700 1 -- 192.168.123.104:0/187296051 >> 192.168.123.104:0/187296051 conn(0x7fd0f80ffa10 msgr2=0x7fd0f8101e20 unknown :-1 s=STATE_NONE l=0).mark_down
2026-03-10T06:17:15.400 INFO:teuthology.orchestra.run.vm04.stdout:/usr/bin/ceph: stderr
2026-03-10T06:17:15.217+0000 7fd0fef09700 1 -- 192.168.123.104:0/187296051 shutdown_connections
2026-03-10T06:17:15.400 INFO:teuthology.orchestra.run.vm04.stdout:/usr/bin/ceph: stderr
2026-03-10T06:17:15.217+0000 7fd0fef09700 1 -- 192.168.123.104:0/187296051 wait complete.
2026-03-10T06:17:15.400 INFO:teuthology.orchestra.run.vm04.stdout:/usr/bin/ceph: stderr
2026-03-10T06:17:15.218+0000 7fd0fef09700 1 Processor -- start
2026-03-10T06:17:15.400 INFO:teuthology.orchestra.run.vm04.stdout:/usr/bin/ceph: stderr
2026-03-10T06:17:15.218+0000 7fd0fef09700 1 -- start start
2026-03-10T06:17:15.400 INFO:teuthology.orchestra.run.vm04.stdout:/usr/bin/ceph: stderr
2026-03-10T06:17:15.218+0000 7fd0fef09700 1 --2- >> [v2:192.168.123.104:3300/0,v1:192.168.123.104:6789/0] conn(0x7fd0f81a02b0 0x7fd0f81a06c0 unknown :-1 s=NONE pgs=0 cs=0 l=1 rev1=0 crypto rx=0 tx=0 comp rx=0 tx=0).connect
2026-03-10T06:17:15.400 INFO:teuthology.orchestra.run.vm04.stdout:/usr/bin/ceph: stderr
2026-03-10T06:17:15.218+0000 7fd0fef09700 1 -- --> [v2:192.168.123.104:3300/0,v1:192.168.123.104:6789/0] -- mon_getmap magic: 0 v1 -- 0x7fd0f81a0c00 con 0x7fd0f81a02b0
2026-03-10T06:17:15.400 INFO:teuthology.orchestra.run.vm04.stdout:/usr/bin/ceph: stderr
2026-03-10T06:17:15.218+0000 7fd0fcca5700 1 --2- >> [v2:192.168.123.104:3300/0,v1:192.168.123.104:6789/0] conn(0x7fd0f81a02b0 0x7fd0f81a06c0 unknown :-1 s=BANNER_CONNECTING pgs=0 cs=0 l=1 rev1=0 crypto rx=0 tx=0 comp rx=0 tx=0)._handle_peer_banner_payload supported=3 required=0
2026-03-10T06:17:15.400 INFO:teuthology.orchestra.run.vm04.stdout:/usr/bin/ceph: stderr
2026-03-10T06:17:15.219+0000 7fd0fcca5700 1 --2- >> [v2:192.168.123.104:3300/0,v1:192.168.123.104:6789/0] conn(0x7fd0f81a02b0 0x7fd0f81a06c0 unknown :-1 s=HELLO_CONNECTING pgs=0 cs=0 l=1 rev1=1 crypto rx=0 tx=0 comp rx=0 tx=0).handle_hello peer v2:192.168.123.104:3300/0 says I am v2:192.168.123.104:35610/0 (socket says 192.168.123.104:35610)
2026-03-10T06:17:15.400 INFO:teuthology.orchestra.run.vm04.stdout:/usr/bin/ceph: stderr
2026-03-10T06:17:15.219+0000 7fd0fcca5700 1 -- 192.168.123.104:0/967445111 learned_addr learned my addr 192.168.123.104:0/967445111 (peer_addr_for_me v2:192.168.123.104:0/0)
2026-03-10T06:17:15.400 INFO:teuthology.orchestra.run.vm04.stdout:/usr/bin/ceph: stderr
2026-03-10T06:17:15.219+0000 7fd0fcca5700 1 -- 192.168.123.104:0/967445111 --> [v2:192.168.123.104:3300/0,v1:192.168.123.104:6789/0] -- mon_subscribe({config=0+,monmap=0+}) v3 -- 0x7fd0f4009740 con 0x7fd0f81a02b0
2026-03-10T06:17:15.400 INFO:teuthology.orchestra.run.vm04.stdout:/usr/bin/ceph: stderr
2026-03-10T06:17:15.219+0000 7fd0fcca5700 1 --2- 192.168.123.104:0/967445111 >> [v2:192.168.123.104:3300/0,v1:192.168.123.104:6789/0] conn(0x7fd0f81a02b0 0x7fd0f81a06c0 secure :-1 s=READY pgs=87 cs=0 l=1 rev1=1 crypto rx=0x7fd0f4009cc0 tx=0x7fd0f401b800 comp rx=0 tx=0).ready entity=mon.0 client_cookie=0 server_cookie=0 in_seq=0 out_seq=0
2026-03-10T06:17:15.400 INFO:teuthology.orchestra.run.vm04.stdout:/usr/bin/ceph: stderr
2026-03-10T06:17:15.219+0000 7fd0edffb700 1 -- 192.168.123.104:0/967445111 <== mon.0 v2:192.168.123.104:3300/0 1 ==== mon_map magic: 0 v1 ==== 214+0+0 (secure 0 0 0) 0x7fd0f401ba20 con 0x7fd0f81a02b0
2026-03-10T06:17:15.400 INFO:teuthology.orchestra.run.vm04.stdout:/usr/bin/ceph: stderr
2026-03-10T06:17:15.220+0000 7fd0edffb700 1 -- 192.168.123.104:0/967445111 <== mon.0 v2:192.168.123.104:3300/0 2 ==== config(28 keys) v1 ==== 1139+0+0 (secure 0 0 0) 0x7fd0f401bb80 con 0x7fd0f81a02b0
2026-03-10T06:17:15.400 INFO:teuthology.orchestra.run.vm04.stdout:/usr/bin/ceph: stderr
2026-03-10T06:17:15.220+0000 7fd0edffb700 1 -- 192.168.123.104:0/967445111 <== mon.0 v2:192.168.123.104:3300/0 3 ==== mon_map magic: 0 v1 ==== 214+0+0 (secure 0 0 0) 0x7fd0f401c450 con 0x7fd0f81a02b0
2026-03-10T06:17:15.400 INFO:teuthology.orchestra.run.vm04.stdout:/usr/bin/ceph: stderr
2026-03-10T06:17:15.220+0000 7fd0fef09700 1 -- 192.168.123.104:0/967445111 --> [v2:192.168.123.104:3300/0,v1:192.168.123.104:6789/0] -- mon_subscribe({mgrmap=0+}) v3 -- 0x7fd0f81a0e00 con 0x7fd0f81a02b0
2026-03-10T06:17:15.400 INFO:teuthology.orchestra.run.vm04.stdout:/usr/bin/ceph: stderr
2026-03-10T06:17:15.220+0000 7fd0fef09700 1 -- 192.168.123.104:0/967445111 --> [v2:192.168.123.104:3300/0,v1:192.168.123.104:6789/0] -- mon_subscribe({osdmap=0}) v3 -- 0x7fd0f81a3a60 con 0x7fd0f81a02b0
2026-03-10T06:17:15.400 INFO:teuthology.orchestra.run.vm04.stdout:/usr/bin/ceph: stderr
2026-03-10T06:17:15.221+0000 7fd0edffb700 1 -- 192.168.123.104:0/967445111 <== mon.0 v2:192.168.123.104:3300/0 4 ==== mgrmap(e 11) v1 ==== 44986+0+0 (secure 0 0 0) 0x7fd0f4022070 con 0x7fd0f81a02b0
2026-03-10T06:17:15.400 INFO:teuthology.orchestra.run.vm04.stdout:/usr/bin/ceph: stderr
2026-03-10T06:17:15.221+0000 7fd0edffb700 1 --2- 192.168.123.104:0/967445111 >> [v2:192.168.123.104:6800/2,v1:192.168.123.104:6801/2] conn(0x7fd0e0038390 0x7fd0e003a840 unknown :-1 s=NONE pgs=0 cs=0 l=1 rev1=0 crypto rx=0 tx=0 comp rx=0 tx=0).connect
2026-03-10T06:17:15.400 INFO:teuthology.orchestra.run.vm04.stdout:/usr/bin/ceph: stderr
2026-03-10T06:17:15.221+0000 7fd0edffb700 1 -- 192.168.123.104:0/967445111 <== mon.0 v2:192.168.123.104:3300/0 5 ==== osd_map(3..3 src has 1..3) v4 ==== 1069+0+0 (secure 0 0 0) 0x7fd0f404d4f0 con 0x7fd0f81a02b0
2026-03-10T06:17:15.400 INFO:teuthology.orchestra.run.vm04.stdout:/usr/bin/ceph: stderr
2026-03-10T06:17:15.221+0000 7fd0effff700 1 --2- 192.168.123.104:0/967445111 >> [v2:192.168.123.104:6800/2,v1:192.168.123.104:6801/2] conn(0x7fd0e0038390 0x7fd0e003a840 unknown :-1 s=BANNER_CONNECTING pgs=0 cs=0 l=1 rev1=0 crypto rx=0 tx=0 comp rx=0 tx=0)._handle_peer_banner_payload supported=3 required=0
2026-03-10T06:17:15.400 INFO:teuthology.orchestra.run.vm04.stdout:/usr/bin/ceph: stderr
2026-03-10T06:17:15.221+0000 7fd0fef09700 1 -- 192.168.123.104:0/967445111 --> [v2:192.168.123.104:3300/0,v1:192.168.123.104:6789/0] -- mon_command({"prefix": "get_command_descriptions"} v 0) v1 -- 0x7fd0f8191280 con 0x7fd0f81a02b0
2026-03-10T06:17:15.400 INFO:teuthology.orchestra.run.vm04.stdout:/usr/bin/ceph: stderr
2026-03-10T06:17:15.223+0000 7fd0effff700 1 --2- 192.168.123.104:0/967445111 >> [v2:192.168.123.104:6800/2,v1:192.168.123.104:6801/2] conn(0x7fd0e0038390 0x7fd0e003a840 secure :-1 s=READY pgs=9 cs=0 l=1 rev1=1 crypto rx=0x7fd0e8006fd0 tx=0x7fd0e8006e40 comp rx=0 tx=0).ready entity=mgr.14164 client_cookie=0 server_cookie=0 in_seq=0 out_seq=0
2026-03-10T06:17:15.400 INFO:teuthology.orchestra.run.vm04.stdout:/usr/bin/ceph: stderr
2026-03-10T06:17:15.225+0000 7fd0edffb700 1 -- 192.168.123.104:0/967445111 <== mon.0 v2:192.168.123.104:3300/0 6 ==== mon_command_ack([{"prefix": "get_command_descriptions"}]=0 v0) v1 ==== 72+0+177933 (secure 0 0 0) 0x7fd0f401c5b0 con 0x7fd0f81a02b0
2026-03-10T06:17:15.400 INFO:teuthology.orchestra.run.vm04.stdout:/usr/bin/ceph: stderr
2026-03-10T06:17:15.337+0000 7fd0fef09700 1 -- 192.168.123.104:0/967445111 --> [v2:192.168.123.104:3300/0,v1:192.168.123.104:6789/0] -- mon_command({"prefix": "config get", "who": "mgr", "key": "mgr/dashboard/ssl_server_port"} v 0) v1 -- 0x7fd0f8062380 con 0x7fd0f81a02b0
2026-03-10T06:17:15.400 INFO:teuthology.orchestra.run.vm04.stdout:/usr/bin/ceph: stderr
2026-03-10T06:17:15.338+0000 7fd0edffb700 1 -- 192.168.123.104:0/967445111 <== mon.0 v2:192.168.123.104:3300/0 7 ==== mon_command_ack([{"prefix": "config get", "who": "mgr", "key": "mgr/dashboard/ssl_server_port"}]=0 v8) v1 ==== 112+0+5 (secure 0 0 0) 0x7fd0f8062380 con 0x7fd0f81a02b0
2026-03-10T06:17:15.400 INFO:teuthology.orchestra.run.vm04.stdout:/usr/bin/ceph: stderr
2026-03-10T06:17:15.342+0000 7fd0fef09700 1 -- 192.168.123.104:0/967445111 >> [v2:192.168.123.104:6800/2,v1:192.168.123.104:6801/2] conn(0x7fd0e0038390 msgr2=0x7fd0e003a840 secure :-1 s=STATE_CONNECTION_ESTABLISHED l=1).mark_down
2026-03-10T06:17:15.400 INFO:teuthology.orchestra.run.vm04.stdout:/usr/bin/ceph: stderr
2026-03-10T06:17:15.342+0000 7fd0fef09700 1 --2- 192.168.123.104:0/967445111 >> [v2:192.168.123.104:6800/2,v1:192.168.123.104:6801/2] conn(0x7fd0e0038390 0x7fd0e003a840 secure :-1 s=READY pgs=9 cs=0 l=1 rev1=1 crypto rx=0x7fd0e8006fd0 tx=0x7fd0e8006e40 comp rx=0 tx=0).stop
2026-03-10T06:17:15.400 INFO:teuthology.orchestra.run.vm04.stdout:/usr/bin/ceph: stderr
2026-03-10T06:17:15.342+0000 7fd0fef09700 1 -- 192.168.123.104:0/967445111 >> [v2:192.168.123.104:3300/0,v1:192.168.123.104:6789/0] conn(0x7fd0f81a02b0 msgr2=0x7fd0f81a06c0 secure :-1 s=STATE_CONNECTION_ESTABLISHED l=1).mark_down
2026-03-10T06:17:15.400 INFO:teuthology.orchestra.run.vm04.stdout:/usr/bin/ceph: stderr
2026-03-10T06:17:15.342+0000 7fd0fef09700 1 --2- 192.168.123.104:0/967445111 >> [v2:192.168.123.104:3300/0,v1:192.168.123.104:6789/0] conn(0x7fd0f81a02b0 0x7fd0f81a06c0 secure :-1 s=READY pgs=87 cs=0 l=1 rev1=1 crypto rx=0x7fd0f4009cc0 tx=0x7fd0f401b800 comp rx=0 tx=0).stop
2026-03-10T06:17:15.400 INFO:teuthology.orchestra.run.vm04.stdout:/usr/bin/ceph: stderr
2026-03-10T06:17:15.342+0000 7fd0fef09700 1 -- 192.168.123.104:0/967445111 shutdown_connections
2026-03-10T06:17:15.400 INFO:teuthology.orchestra.run.vm04.stdout:/usr/bin/ceph: stderr
2026-03-10T06:17:15.342+0000 7fd0fef09700 1 --2- 192.168.123.104:0/967445111 >> [v2:192.168.123.104:6800/2,v1:192.168.123.104:6801/2] conn(0x7fd0e0038390 0x7fd0e003a840 unknown :-1 s=CLOSED pgs=9 cs=0 l=1 rev1=1 crypto rx=0 tx=0 comp rx=0 tx=0).stop
2026-03-10T06:17:15.400 INFO:teuthology.orchestra.run.vm04.stdout:/usr/bin/ceph: stderr
2026-03-10T06:17:15.342+0000 7fd0fef09700 1 --2- 192.168.123.104:0/967445111 >> [v2:192.168.123.104:3300/0,v1:192.168.123.104:6789/0] conn(0x7fd0f81a02b0 0x7fd0f81a06c0 unknown :-1 s=CLOSED pgs=87 cs=0 l=1 rev1=1 crypto rx=0 tx=0 comp rx=0 tx=0).stop
2026-03-10T06:17:15.400 INFO:teuthology.orchestra.run.vm04.stdout:/usr/bin/ceph: stderr
2026-03-10T06:17:15.342+0000 7fd0fef09700 1 -- 192.168.123.104:0/967445111 >> 192.168.123.104:0/967445111 conn(0x7fd0f80ffa10 msgr2=0x7fd0f818be00 unknown :-1 s=STATE_NONE l=0).mark_down
2026-03-10T06:17:15.400 INFO:teuthology.orchestra.run.vm04.stdout:/usr/bin/ceph: stderr
2026-03-10T06:17:15.342+0000 7fd0fef09700 1 -- 192.168.123.104:0/967445111 shutdown_connections
2026-03-10T06:17:15.400 INFO:teuthology.orchestra.run.vm04.stdout:/usr/bin/ceph: stderr
2026-03-10T06:17:15.342+0000 7fd0fef09700 1 -- 192.168.123.104:0/967445111 wait complete.
2026-03-10T06:17:15.400 INFO:teuthology.orchestra.run.vm04.stdout:firewalld does not appear to be present
2026-03-10T06:17:15.401 INFO:teuthology.orchestra.run.vm04.stdout:Not possible to open ports <[8443]>. firewalld.service is not available
2026-03-10T06:17:15.401 INFO:teuthology.orchestra.run.vm04.stdout:Ceph Dashboard is now available at:
2026-03-10T06:17:15.401 INFO:teuthology.orchestra.run.vm04.stdout:
2026-03-10T06:17:15.401 INFO:teuthology.orchestra.run.vm04.stdout: URL: https://vm04.local:8443/
2026-03-10T06:17:15.401 INFO:teuthology.orchestra.run.vm04.stdout: User: admin
2026-03-10T06:17:15.401 INFO:teuthology.orchestra.run.vm04.stdout: Password: wfz3dnui0d
2026-03-10T06:17:15.401 INFO:teuthology.orchestra.run.vm04.stdout:
2026-03-10T06:17:15.401 INFO:teuthology.orchestra.run.vm04.stdout:Saving cluster configuration to /var/lib/ceph/9c59102a-1c48-11f1-b618-035af535377d/config directory
2026-03-10T06:17:15.402 INFO:teuthology.orchestra.run.vm04.stdout:Enabling autotune for osd_memory_target
2026-03-10T06:17:15.654 INFO:journalctl@ceph.mon.vm04.vm04.stdout:Mar 10 06:17:15 vm04 ceph-mon[51058]: [10/Mar/2026:06:17:13] ENGINE Bus STARTING
2026-03-10T06:17:15.654 INFO:journalctl@ceph.mon.vm04.vm04.stdout:Mar 10 06:17:15 vm04 ceph-mon[51058]: [10/Mar/2026:06:17:13] ENGINE Serving on http://192.168.123.104:8765
2026-03-10T06:17:15.654 INFO:journalctl@ceph.mon.vm04.vm04.stdout:Mar 10 06:17:15 vm04 ceph-mon[51058]: [10/Mar/2026:06:17:13] ENGINE Serving on https://192.168.123.104:7150
2026-03-10T06:17:15.654 INFO:journalctl@ceph.mon.vm04.vm04.stdout:Mar 10 06:17:15 vm04 ceph-mon[51058]: [10/Mar/2026:06:17:13] ENGINE Bus STARTED
2026-03-10T06:17:15.654 INFO:journalctl@ceph.mon.vm04.vm04.stdout:Mar 10 06:17:15 vm04 ceph-mon[51058]: from='client.14168 -' entity='client.admin' cmd=[{"prefix": "get_command_descriptions"}]: dispatch
2026-03-10T06:17:15.654 INFO:journalctl@ceph.mon.vm04.vm04.stdout:Mar 10 06:17:15 vm04 ceph-mon[51058]: from='client.14168 -' entity='client.admin' cmd=[{"prefix": "mgr_status"}]: dispatch
2026-03-10T06:17:15.654 INFO:journalctl@ceph.mon.vm04.vm04.stdout:Mar 10 06:17:15 vm04 ceph-mon[51058]: from='mgr.14164 192.168.123.104:0/2' entity='mgr.vm04.exdvdb'
2026-03-10T06:17:15.654 INFO:journalctl@ceph.mon.vm04.vm04.stdout:Mar 10 06:17:15 vm04 ceph-mon[51058]: from='mgr.14164 192.168.123.104:0/2' entity='mgr.vm04.exdvdb'
2026-03-10T06:17:15.654 INFO:journalctl@ceph.mon.vm04.vm04.stdout:Mar 10 06:17:15 vm04 ceph-mon[51058]: from='mgr.14164 192.168.123.104:0/2' entity='mgr.vm04.exdvdb'
2026-03-10T06:17:15.654 INFO:journalctl@ceph.mon.vm04.vm04.stdout:Mar 10 06:17:15 vm04 ceph-mon[51058]: from='mgr.14164 192.168.123.104:0/2' entity='mgr.vm04.exdvdb'
2026-03-10T06:17:15.655 INFO:journalctl@ceph.mon.vm04.vm04.stdout:Mar 10 06:17:15 vm04 ceph-mon[51058]: from='client.? 192.168.123.104:0/967445111' entity='client.admin' cmd=[{"prefix": "config get", "who": "mgr", "key": "mgr/dashboard/ssl_server_port"}]: dispatch
2026-03-10T06:17:15.711 INFO:teuthology.orchestra.run.vm04.stdout:/usr/bin/ceph: stderr
2026-03-10T06:17:15.539+0000 7f7564e89700 1 Processor -- start
2026-03-10T06:17:15.711 INFO:teuthology.orchestra.run.vm04.stdout:/usr/bin/ceph: stderr
2026-03-10T06:17:15.539+0000 7f7564e89700 1 -- start start
2026-03-10T06:17:15.711 INFO:teuthology.orchestra.run.vm04.stdout:/usr/bin/ceph: stderr
2026-03-10T06:17:15.540+0000 7f7564e89700 1 --2- >> [v2:192.168.123.104:3300/0,v1:192.168.123.104:6789/0] conn(0x7f7560106830 0x7f7560108c10 unknown :-1 s=NONE pgs=0 cs=0 l=0 rev1=0 crypto rx=0 tx=0 comp rx=0 tx=0).connect
2026-03-10T06:17:15.711 INFO:teuthology.orchestra.run.vm04.stdout:/usr/bin/ceph: stderr
2026-03-10T06:17:15.540+0000 7f7564e89700 1 -- --> [v2:192.168.123.104:3300/0,v1:192.168.123.104:6789/0] -- mon_getmap magic: 0 v1 -- 0x7f75600745b0 con 0x7f7560106830
2026-03-10T06:17:15.711 INFO:teuthology.orchestra.run.vm04.stdout:/usr/bin/ceph: stderr
2026-03-10T06:17:15.540+0000 7f755e59c700 1 --2- >> [v2:192.168.123.104:3300/0,v1:192.168.123.104:6789/0] conn(0x7f7560106830 0x7f7560108c10 unknown :-1 s=BANNER_CONNECTING pgs=0 cs=0 l=0 rev1=0 crypto rx=0 tx=0 comp rx=0 tx=0)._handle_peer_banner_payload supported=3 required=0
2026-03-10T06:17:15.711 INFO:teuthology.orchestra.run.vm04.stdout:/usr/bin/ceph: stderr
2026-03-10T06:17:15.540+0000 7f755e59c700 1 --2- >> [v2:192.168.123.104:3300/0,v1:192.168.123.104:6789/0] conn(0x7f7560106830 0x7f7560108c10 unknown :-1 s=HELLO_CONNECTING pgs=0 cs=0 l=0 rev1=1 crypto rx=0 tx=0 comp rx=0 tx=0).handle_hello peer v2:192.168.123.104:3300/0 says I am v2:192.168.123.104:35616/0 (socket says 192.168.123.104:35616)
2026-03-10T06:17:15.711 INFO:teuthology.orchestra.run.vm04.stdout:/usr/bin/ceph: stderr
2026-03-10T06:17:15.540+0000 7f755e59c700 1 -- 192.168.123.104:0/2196913602 learned_addr learned my addr 192.168.123.104:0/2196913602 (peer_addr_for_me v2:192.168.123.104:0/0)
2026-03-10T06:17:15.711 INFO:teuthology.orchestra.run.vm04.stdout:/usr/bin/ceph: stderr
2026-03-10T06:17:15.541+0000 7f755e59c700 1 -- 192.168.123.104:0/2196913602 --> [v2:192.168.123.104:3300/0,v1:192.168.123.104:6789/0] -- mon_subscribe({config=0+,monmap=0+}) v3 -- 0x7f75600746f0 con 0x7f7560106830
2026-03-10T06:17:15.711 INFO:teuthology.orchestra.run.vm04.stdout:/usr/bin/ceph: stderr
2026-03-10T06:17:15.541+0000 7f755e59c700 1 --2- 192.168.123.104:0/2196913602 >> [v2:192.168.123.104:3300/0,v1:192.168.123.104:6789/0] conn(0x7f7560106830 0x7f7560108c10 secure :-1 s=READY pgs=88 cs=0 l=1 rev1=1 crypto rx=0x7f7548009a90 tx=0x7f7548009da0 comp rx=0 tx=0).ready entity=mon.0 client_cookie=7525172cd7967a6a server_cookie=0 in_seq=0 out_seq=0
2026-03-10T06:17:15.711 INFO:teuthology.orchestra.run.vm04.stdout:/usr/bin/ceph: stderr
2026-03-10T06:17:15.541+0000 7f755d59a700 1 -- 192.168.123.104:0/2196913602 <== mon.0 v2:192.168.123.104:3300/0 1 ==== mon_map magic: 0 v1 ==== 214+0+0 (secure 0 0 0) 0x7f7548004030 con 0x7f7560106830
2026-03-10T06:17:15.711 INFO:teuthology.orchestra.run.vm04.stdout:/usr/bin/ceph: stderr
2026-03-10T06:17:15.541+0000 7f755d59a700 1 -- 192.168.123.104:0/2196913602 <== mon.0 v2:192.168.123.104:3300/0 2 ==== config(28 keys) v1 ==== 1139+0+0 (secure 0 0 0) 0x7f754800b7e0 con 0x7f7560106830
2026-03-10T06:17:15.711 INFO:teuthology.orchestra.run.vm04.stdout:/usr/bin/ceph: stderr
2026-03-10T06:17:15.541+0000 7f755d59a700 1 -- 192.168.123.104:0/2196913602 <== mon.0 v2:192.168.123.104:3300/0 3 ==== mon_map magic: 0 v1 ==== 214+0+0 (secure 0 0 0) 0x7f7548003b30 con 0x7f7560106830
2026-03-10T06:17:15.711 INFO:teuthology.orchestra.run.vm04.stdout:/usr/bin/ceph: stderr
2026-03-10T06:17:15.542+0000 7f7564e89700 1 -- 192.168.123.104:0/2196913602 >> [v2:192.168.123.104:3300/0,v1:192.168.123.104:6789/0] conn(0x7f7560106830 msgr2=0x7f7560108c10 secure :-1 s=STATE_CONNECTION_ESTABLISHED l=1).mark_down
2026-03-10T06:17:15.711 INFO:teuthology.orchestra.run.vm04.stdout:/usr/bin/ceph: stderr
2026-03-10T06:17:15.542+0000 7f7564e89700 1 --2- 192.168.123.104:0/2196913602 >> [v2:192.168.123.104:3300/0,v1:192.168.123.104:6789/0] conn(0x7f7560106830 0x7f7560108c10 secure :-1 s=READY pgs=88 cs=0 l=1 rev1=1 crypto rx=0x7f7548009a90 tx=0x7f7548009da0 comp rx=0 tx=0).stop
2026-03-10T06:17:15.711 INFO:teuthology.orchestra.run.vm04.stdout:/usr/bin/ceph: stderr
2026-03-10T06:17:15.542+0000 7f7564e89700 1 -- 192.168.123.104:0/2196913602 shutdown_connections
2026-03-10T06:17:15.711 INFO:teuthology.orchestra.run.vm04.stdout:/usr/bin/ceph: stderr
2026-03-10T06:17:15.542+0000 7f7564e89700 1 --2- 192.168.123.104:0/2196913602 >> [v2:192.168.123.104:3300/0,v1:192.168.123.104:6789/0] conn(0x7f7560106830 0x7f7560108c10 unknown :-1 s=CLOSED pgs=88 cs=0 l=1 rev1=1 crypto rx=0 tx=0 comp rx=0 tx=0).stop
2026-03-10T06:17:15.712 INFO:teuthology.orchestra.run.vm04.stdout:/usr/bin/ceph: stderr
2026-03-10T06:17:15.542+0000 7f7564e89700 1 -- 192.168.123.104:0/2196913602 >> 192.168.123.104:0/2196913602 conn(0x7f7560100270 msgr2=0x7f75601026a0 unknown :-1 s=STATE_NONE l=0).mark_down
2026-03-10T06:17:15.712 INFO:teuthology.orchestra.run.vm04.stdout:/usr/bin/ceph: stderr
2026-03-10T06:17:15.542+0000 7f7564e89700 1 -- 192.168.123.104:0/2196913602 shutdown_connections
2026-03-10T06:17:15.712 INFO:teuthology.orchestra.run.vm04.stdout:/usr/bin/ceph: stderr
2026-03-10T06:17:15.542+0000 7f7564e89700 1 -- 192.168.123.104:0/2196913602 wait complete.
2026-03-10T06:17:15.712 INFO:teuthology.orchestra.run.vm04.stdout:/usr/bin/ceph: stderr
2026-03-10T06:17:15.543+0000 7f7564e89700 1 Processor -- start
2026-03-10T06:17:15.712 INFO:teuthology.orchestra.run.vm04.stdout:/usr/bin/ceph: stderr
2026-03-10T06:17:15.543+0000 7f7564e89700 1 -- start start
2026-03-10T06:17:15.712 INFO:teuthology.orchestra.run.vm04.stdout:/usr/bin/ceph: stderr
2026-03-10T06:17:15.543+0000 7f7564e89700 1 --2- >> [v2:192.168.123.104:3300/0,v1:192.168.123.104:6789/0] conn(0x7f7560106830 0x7f756019bc30 unknown :-1 s=NONE pgs=0 cs=0 l=1 rev1=0 crypto rx=0 tx=0 comp rx=0 tx=0).connect
2026-03-10T06:17:15.712 INFO:teuthology.orchestra.run.vm04.stdout:/usr/bin/ceph: stderr
2026-03-10T06:17:15.543+0000 7f7564e89700 1 -- --> [v2:192.168.123.104:3300/0,v1:192.168.123.104:6789/0] -- mon_getmap magic: 0 v1 -- 0x7f756019c170 con 0x7f7560106830
2026-03-10T06:17:15.712 INFO:teuthology.orchestra.run.vm04.stdout:/usr/bin/ceph: stderr
2026-03-10T06:17:15.543+0000 7f755e59c700 1 --2- >> [v2:192.168.123.104:3300/0,v1:192.168.123.104:6789/0] conn(0x7f7560106830 0x7f756019bc30 unknown :-1 s=BANNER_CONNECTING pgs=0 cs=0 l=1 rev1=0 crypto rx=0 tx=0 comp rx=0 tx=0)._handle_peer_banner_payload supported=3 required=0
2026-03-10T06:17:15.712 INFO:teuthology.orchestra.run.vm04.stdout:/usr/bin/ceph: stderr
2026-03-10T06:17:15.543+0000 7f755e59c700 1 --2- >> [v2:192.168.123.104:3300/0,v1:192.168.123.104:6789/0] conn(0x7f7560106830 0x7f756019bc30 unknown :-1 s=HELLO_CONNECTING pgs=0 cs=0 l=1 rev1=1 crypto rx=0 tx=0 comp rx=0 tx=0).handle_hello peer v2:192.168.123.104:3300/0 says I am v2:192.168.123.104:35630/0 (socket says 192.168.123.104:35630)
2026-03-10T06:17:15.712 INFO:teuthology.orchestra.run.vm04.stdout:/usr/bin/ceph: stderr
2026-03-10T06:17:15.543+0000 7f755e59c700 1 -- 192.168.123.104:0/3880599649 learned_addr learned my addr 192.168.123.104:0/3880599649 (peer_addr_for_me v2:192.168.123.104:0/0)
2026-03-10T06:17:15.713 INFO:teuthology.orchestra.run.vm04.stdout:/usr/bin/ceph: stderr
2026-03-10T06:17:15.544+0000 7f755e59c700 1 -- 192.168.123.104:0/3880599649 --> [v2:192.168.123.104:3300/0,v1:192.168.123.104:6789/0] -- mon_subscribe({config=0+,monmap=0+}) v3 -- 0x7f7548009740 con 0x7f7560106830
2026-03-10T06:17:15.713 INFO:teuthology.orchestra.run.vm04.stdout:/usr/bin/ceph: stderr
2026-03-10T06:17:15.544+0000 7f755e59c700 1 --2- 192.168.123.104:0/3880599649 >> [v2:192.168.123.104:3300/0,v1:192.168.123.104:6789/0] conn(0x7f7560106830 0x7f756019bc30 secure :-1 s=READY pgs=89 cs=0 l=1 rev1=1 crypto rx=0x7f7548000c00 tx=0x7f754800bfa0 comp rx=0 tx=0).ready entity=mon.0 client_cookie=0 server_cookie=0 in_seq=0 out_seq=0
2026-03-10T06:17:15.713 INFO:teuthology.orchestra.run.vm04.stdout:/usr/bin/ceph: stderr
2026-03-10T06:17:15.544+0000 7f75577fe700 1 -- 192.168.123.104:0/3880599649 <== mon.0 v2:192.168.123.104:3300/0 1 ==== mon_map magic: 0 v1 ==== 214+0+0 (secure 0 0 0) 0x7f75480040f0 con 0x7f7560106830
2026-03-10T06:17:15.713 INFO:teuthology.orchestra.run.vm04.stdout:/usr/bin/ceph: stderr
2026-03-10T06:17:15.544+0000 7f75577fe700 1 -- 192.168.123.104:0/3880599649 <== mon.0 v2:192.168.123.104:3300/0 2 ==== config(28 keys) v1 ==== 1139+0+0 (secure 0 0 0) 0x7f7548004250 con 0x7f7560106830
2026-03-10T06:17:15.713 INFO:teuthology.orchestra.run.vm04.stdout:/usr/bin/ceph: stderr
2026-03-10T06:17:15.544+0000 7f7564e89700 1 -- 192.168.123.104:0/3880599649 --> [v2:192.168.123.104:3300/0,v1:192.168.123.104:6789/0] -- mon_subscribe({mgrmap=0+}) v3 -- 0x7f756019c370 con 0x7f7560106830
2026-03-10T06:17:15.713 INFO:teuthology.orchestra.run.vm04.stdout:/usr/bin/ceph: stderr
2026-03-10T06:17:15.544+0000 7f75577fe700 1 -- 192.168.123.104:0/3880599649 <== mon.0 v2:192.168.123.104:3300/0 3 ==== mon_map magic: 0 v1 ==== 214+0+0 (secure 0 0 0) 0x7f7548011560 con 0x7f7560106830
2026-03-10T06:17:15.713 INFO:teuthology.orchestra.run.vm04.stdout:/usr/bin/ceph: stderr
2026-03-10T06:17:15.545+0000 7f7564e89700 1 -- 192.168.123.104:0/3880599649 --> [v2:192.168.123.104:3300/0,v1:192.168.123.104:6789/0] -- mon_subscribe({osdmap=0}) v3 -- 0x7f756019c810 con 0x7f7560106830
2026-03-10T06:17:15.713 INFO:teuthology.orchestra.run.vm04.stdout:/usr/bin/ceph: stderr
2026-03-10T06:17:15.545+0000 7f75577fe700 1 -- 192.168.123.104:0/3880599649 <== mon.0 v2:192.168.123.104:3300/0 4 ==== mgrmap(e 11) v1 ==== 44986+0+0 (secure 0 0 0) 0x7f7548011790 con 0x7f7560106830
2026-03-10T06:17:15.713 INFO:teuthology.orchestra.run.vm04.stdout:/usr/bin/ceph: stderr
2026-03-10T06:17:15.546+0000 7f75577fe700 1 --2- 192.168.123.104:0/3880599649 >> [v2:192.168.123.104:6800/2,v1:192.168.123.104:6801/2] conn(0x7f754c0383a0 0x7f754c03a850 unknown :-1 s=NONE pgs=0 cs=0 l=1 rev1=0 crypto rx=0 tx=0 comp rx=0 tx=0).connect
2026-03-10T06:17:15.713 INFO:teuthology.orchestra.run.vm04.stdout:/usr/bin/ceph: stderr
2026-03-10T06:17:15.546+0000 7f755dd9b700 1 --2- 192.168.123.104:0/3880599649 >> [v2:192.168.123.104:6800/2,v1:192.168.123.104:6801/2] conn(0x7f754c0383a0 0x7f754c03a850 unknown :-1 s=BANNER_CONNECTING pgs=0 cs=0 l=1 rev1=0 crypto rx=0 tx=0 comp rx=0 tx=0)._handle_peer_banner_payload supported=3 required=0
2026-03-10T06:17:15.713 INFO:teuthology.orchestra.run.vm04.stdout:/usr/bin/ceph: stderr
2026-03-10T06:17:15.546+0000 7f75577fe700 1 -- 192.168.123.104:0/3880599649 <== mon.0 v2:192.168.123.104:3300/0 5 ==== osd_map(3..3 src has 1..3) v4 ==== 1069+0+0 (secure 0 0 0) 0x7f754804ca50 con 0x7f7560106830
2026-03-10T06:17:15.713 INFO:teuthology.orchestra.run.vm04.stdout:/usr/bin/ceph: stderr
2026-03-10T06:17:15.546+0000 7f7564e89700 1 -- 192.168.123.104:0/3880599649 --> [v2:192.168.123.104:3300/0,v1:192.168.123.104:6789/0] -- mon_command({"prefix": "get_command_descriptions"} v 0) v1 -- 0x7f7560062380 con 0x7f7560106830
2026-03-10T06:17:15.713 INFO:teuthology.orchestra.run.vm04.stdout:/usr/bin/ceph: stderr
2026-03-10T06:17:15.549+0000 7f755dd9b700 1 --2- 192.168.123.104:0/3880599649 >> [v2:192.168.123.104:6800/2,v1:192.168.123.104:6801/2] conn(0x7f754c0383a0 0x7f754c03a850 secure :-1 s=READY pgs=10 cs=0 l=1 rev1=1 crypto rx=0x7f7550006fd0 tx=0x7f7550006e40 comp rx=0 tx=0).ready entity=mgr.14164 client_cookie=0 server_cookie=0 in_seq=0 out_seq=0
2026-03-10T06:17:15.713 INFO:teuthology.orchestra.run.vm04.stdout:/usr/bin/ceph: stderr
2026-03-10T06:17:15.549+0000 7f75577fe700 1 -- 192.168.123.104:0/3880599649 <== mon.0 v2:192.168.123.104:3300/0 6 ==== mon_command_ack([{"prefix": "get_command_descriptions"}]=0 v0) v1 ==== 72+0+177933 (secure 0 0 0) 0x7f754801e070 con 0x7f7560106830
2026-03-10T06:17:15.713 INFO:teuthology.orchestra.run.vm04.stdout:/usr/bin/ceph: stderr
2026-03-10T06:17:15.652+0000 7f7564e89700 1 -- 192.168.123.104:0/3880599649 --> [v2:192.168.123.104:3300/0,v1:192.168.123.104:6789/0] -- mon_command([{prefix=config set, name=osd_memory_target_autotune}] v 0) v1 -- 0x7f756019f190 con 0x7f7560106830
2026-03-10T06:17:15.713 INFO:teuthology.orchestra.run.vm04.stdout:/usr/bin/ceph: stderr
2026-03-10T06:17:15.655+0000 7f75577fe700 1 -- 192.168.123.104:0/3880599649 <== mon.0 v2:192.168.123.104:3300/0 7 ==== mon_command_ack([{prefix=config set, name=osd_memory_target_autotune}]=0 v8)=0 v8) v1 ==== 127+0+0 (secure 0 0 0) 0x7f754804b0c0 con 0x7f7560106830
2026-03-10T06:17:15.713 INFO:teuthology.orchestra.run.vm04.stdout:/usr/bin/ceph: stderr
2026-03-10T06:17:15.657+0000 7f7564e89700 1 -- 192.168.123.104:0/3880599649 >> [v2:192.168.123.104:6800/2,v1:192.168.123.104:6801/2] conn(0x7f754c0383a0 msgr2=0x7f754c03a850 secure :-1 s=STATE_CONNECTION_ESTABLISHED l=1).mark_down
2026-03-10T06:17:15.713 INFO:teuthology.orchestra.run.vm04.stdout:/usr/bin/ceph: stderr
2026-03-10T06:17:15.657+0000 7f7564e89700 1 --2- 192.168.123.104:0/3880599649 >> [v2:192.168.123.104:6800/2,v1:192.168.123.104:6801/2] conn(0x7f754c0383a0 0x7f754c03a850 secure :-1 s=READY pgs=10 cs=0 l=1 rev1=1 crypto rx=0x7f7550006fd0 tx=0x7f7550006e40 comp rx=0 tx=0).stop
2026-03-10T06:17:15.713 INFO:teuthology.orchestra.run.vm04.stdout:/usr/bin/ceph: stderr
2026-03-10T06:17:15.657+0000 7f7564e89700 1 -- 192.168.123.104:0/3880599649 >> [v2:192.168.123.104:3300/0,v1:192.168.123.104:6789/0] conn(0x7f7560106830 msgr2=0x7f756019bc30 secure :-1 s=STATE_CONNECTION_ESTABLISHED l=1).mark_down
2026-03-10T06:17:15.713 INFO:teuthology.orchestra.run.vm04.stdout:/usr/bin/ceph: stderr
2026-03-10T06:17:15.657+0000 7f7564e89700 1 --2- 192.168.123.104:0/3880599649 >> [v2:192.168.123.104:3300/0,v1:192.168.123.104:6789/0] conn(0x7f7560106830 0x7f756019bc30 secure :-1 s=READY pgs=89 cs=0 l=1 rev1=1 crypto rx=0x7f7548000c00 tx=0x7f754800bfa0 comp rx=0 tx=0).stop
2026-03-10T06:17:15.713 INFO:teuthology.orchestra.run.vm04.stdout:/usr/bin/ceph: stderr
2026-03-10T06:17:15.658+0000 7f7564e89700 1 -- 192.168.123.104:0/3880599649 shutdown_connections
2026-03-10T06:17:15.713 INFO:teuthology.orchestra.run.vm04.stdout:/usr/bin/ceph: stderr
2026-03-10T06:17:15.658+0000 7f7564e89700 1 --2- 192.168.123.104:0/3880599649 >> [v2:192.168.123.104:6800/2,v1:192.168.123.104:6801/2] conn(0x7f754c0383a0 0x7f754c03a850 unknown :-1 s=CLOSED pgs=10 cs=0 l=1 rev1=1 crypto rx=0 tx=0 comp rx=0 tx=0).stop
2026-03-10T06:17:15.713 INFO:teuthology.orchestra.run.vm04.stdout:/usr/bin/ceph: stderr
2026-03-10T06:17:15.658+0000 7f7564e89700 1 --2- 192.168.123.104:0/3880599649 >> [v2:192.168.123.104:3300/0,v1:192.168.123.104:6789/0] conn(0x7f7560106830 0x7f756019bc30 unknown :-1 s=CLOSED pgs=89 cs=0 l=1 rev1=1 crypto rx=0 tx=0 comp rx=0 tx=0).stop
2026-03-10T06:17:15.713 INFO:teuthology.orchestra.run.vm04.stdout:/usr/bin/ceph: stderr
2026-03-10T06:17:15.658+0000 7f7564e89700 1 -- 192.168.123.104:0/3880599649 >> 192.168.123.104:0/3880599649 conn(0x7f7560100270 msgr2=0x7f7560100f30 unknown :-1 s=STATE_NONE l=0).mark_down
2026-03-10T06:17:15.713 INFO:teuthology.orchestra.run.vm04.stdout:/usr/bin/ceph: stderr
2026-03-10T06:17:15.658+0000 7f7564e89700 1 -- 192.168.123.104:0/3880599649 shutdown_connections
2026-03-10T06:17:15.713 INFO:teuthology.orchestra.run.vm04.stdout:/usr/bin/ceph: stderr
2026-03-10T06:17:15.658+0000 7f7564e89700 1 -- 192.168.123.104:0/3880599649 wait complete.
2026-03-10T06:17:16.039 INFO:teuthology.orchestra.run.vm04.stdout:/usr/bin/ceph: stderr
2026-03-10T06:17:15.837+0000 7f468d0ce700 1 Processor -- start
2026-03-10T06:17:16.039 INFO:teuthology.orchestra.run.vm04.stdout:/usr/bin/ceph: stderr
2026-03-10T06:17:15.838+0000 7f468d0ce700 1 -- start start
2026-03-10T06:17:16.039 INFO:teuthology.orchestra.run.vm04.stdout:/usr/bin/ceph: stderr
2026-03-10T06:17:15.838+0000 7f468d0ce700 1 --2- >> [v2:192.168.123.104:3300/0,v1:192.168.123.104:6789/0] conn(0x7f4688107f40 0x7f4688108350 unknown :-1 s=NONE pgs=0 cs=0 l=0 rev1=0 crypto rx=0 tx=0 comp rx=0 tx=0).connect
2026-03-10T06:17:16.039 INFO:teuthology.orchestra.run.vm04.stdout:/usr/bin/ceph: stderr
2026-03-10T06:17:15.838+0000 7f468d0ce700 1 -- --> [v2:192.168.123.104:3300/0,v1:192.168.123.104:6789/0] -- mon_getmap magic: 0 v1 -- 0x7f4688108890 con 0x7f4688107f40
2026-03-10T06:17:16.039 INFO:teuthology.orchestra.run.vm04.stdout:/usr/bin/ceph: stderr
2026-03-10T06:17:15.838+0000 7f4686d9d700 1 --2- >> [v2:192.168.123.104:3300/0,v1:192.168.123.104:6789/0] conn(0x7f4688107f40 0x7f4688108350 unknown :-1 s=BANNER_CONNECTING pgs=0 cs=0 l=0 rev1=0 crypto rx=0 tx=0 comp rx=0 tx=0)._handle_peer_banner_payload supported=3 required=0
2026-03-10T06:17:16.039 INFO:teuthology.orchestra.run.vm04.stdout:/usr/bin/ceph: stderr
2026-03-10T06:17:15.838+0000 7f4686d9d700 1 --2- >> [v2:192.168.123.104:3300/0,v1:192.168.123.104:6789/0] conn(0x7f4688107f40 0x7f4688108350 unknown :-1 s=HELLO_CONNECTING pgs=0 cs=0 l=0 rev1=1 crypto rx=0 tx=0 comp rx=0 tx=0).handle_hello peer v2:192.168.123.104:3300/0 says I am v2:192.168.123.104:35632/0 (socket says 192.168.123.104:35632)
2026-03-10T06:17:16.039 INFO:teuthology.orchestra.run.vm04.stdout:/usr/bin/ceph: stderr
2026-03-10T06:17:15.838+0000 7f4686d9d700 1 -- 192.168.123.104:0/306993798 learned_addr learned my addr 192.168.123.104:0/306993798 (peer_addr_for_me v2:192.168.123.104:0/0)
2026-03-10T06:17:16.039 INFO:teuthology.orchestra.run.vm04.stdout:/usr/bin/ceph: stderr
2026-03-10T06:17:15.839+0000 7f4686d9d700 1 -- 192.168.123.104:0/306993798 --> [v2:192.168.123.104:3300/0,v1:192.168.123.104:6789/0] -- mon_subscribe({config=0+,monmap=0+}) v3 -- 0x7f46881089d0 con 0x7f4688107f40
2026-03-10T06:17:16.039 INFO:teuthology.orchestra.run.vm04.stdout:/usr/bin/ceph: stderr
2026-03-10T06:17:15.839+0000 7f4686d9d700 1 --2- 192.168.123.104:0/306993798 >> [v2:192.168.123.104:3300/0,v1:192.168.123.104:6789/0] conn(0x7f4688107f40 0x7f4688108350 secure :-1 s=READY pgs=90 cs=0 l=1 rev1=1 crypto rx=0x7f4670009a90 tx=0x7f4670009da0 comp rx=0 tx=0).ready entity=mon.0 client_cookie=20f88d9eb851b06f server_cookie=0 in_seq=0 out_seq=0
2026-03-10T06:17:16.039 INFO:teuthology.orchestra.run.vm04.stdout:/usr/bin/ceph: stderr
2026-03-10T06:17:15.839+0000 7f4685d9b700 1 -- 192.168.123.104:0/306993798 <== mon.0 v2:192.168.123.104:3300/0 1 ==== mon_map magic: 0 v1 ==== 214+0+0 (secure 0 0 0) 0x7f4670004030 con 0x7f4688107f40
2026-03-10T06:17:16.039 INFO:teuthology.orchestra.run.vm04.stdout:/usr/bin/ceph: stderr
2026-03-10T06:17:15.839+0000 7f4685d9b700 1 -- 192.168.123.104:0/306993798 <== mon.0 v2:192.168.123.104:3300/0 2 ==== config(28 keys) v1 ==== 1139+0+0 (secure 0 0 0) 0x7f467000b7e0 con 0x7f4688107f40
2026-03-10T06:17:16.039 INFO:teuthology.orchestra.run.vm04.stdout:/usr/bin/ceph: stderr
2026-03-10T06:17:15.839+0000 7f4685d9b700 1 -- 192.168.123.104:0/306993798 <== mon.0 v2:192.168.123.104:3300/0 3 ==== mon_map magic: 0 v1 ==== 214+0+0 (secure 0 0 0) 0x7f4670003ae0 con 0x7f4688107f40
2026-03-10T06:17:16.039 INFO:teuthology.orchestra.run.vm04.stdout:/usr/bin/ceph: stderr
2026-03-10T06:17:15.839+0000 7f468d0ce700 1 -- 192.168.123.104:0/306993798 >> [v2:192.168.123.104:3300/0,v1:192.168.123.104:6789/0] conn(0x7f4688107f40 msgr2=0x7f4688108350 secure :-1 s=STATE_CONNECTION_ESTABLISHED l=1).mark_down
2026-03-10T06:17:16.039 INFO:teuthology.orchestra.run.vm04.stdout:/usr/bin/ceph: stderr
2026-03-10T06:17:15.839+0000 7f468d0ce700 1 --2- 192.168.123.104:0/306993798 >> [v2:192.168.123.104:3300/0,v1:192.168.123.104:6789/0] conn(0x7f4688107f40 0x7f4688108350 secure :-1 s=READY pgs=90 cs=0 l=1 rev1=1 crypto rx=0x7f4670009a90 tx=0x7f4670009da0 comp rx=0 tx=0).stop
2026-03-10T06:17:16.039 INFO:teuthology.orchestra.run.vm04.stdout:/usr/bin/ceph: stderr
2026-03-10T06:17:15.840+0000 7f468d0ce700 1 -- 192.168.123.104:0/306993798 shutdown_connections
2026-03-10T06:17:16.039 INFO:teuthology.orchestra.run.vm04.stdout:/usr/bin/ceph: stderr
2026-03-10T06:17:15.840+0000 7f468d0ce700 1 --2- 192.168.123.104:0/306993798 >> [v2:192.168.123.104:3300/0,v1:192.168.123.104:6789/0] conn(0x7f4688107f40 0x7f4688108350 unknown :-1 s=CLOSED pgs=90 cs=0 l=1 rev1=1 crypto rx=0 tx=0 comp rx=0 tx=0).stop
2026-03-10T06:17:16.039 INFO:teuthology.orchestra.run.vm04.stdout:/usr/bin/ceph: stderr
2026-03-10T06:17:15.840+0000 7f468d0ce700 1 -- 192.168.123.104:0/306993798 >> 192.168.123.104:0/306993798 conn(0x7f468807b4b0 msgr2=0x7f468807b8d0 unknown :-1 s=STATE_NONE l=0).mark_down
2026-03-10T06:17:16.039 INFO:teuthology.orchestra.run.vm04.stdout:/usr/bin/ceph: stderr
2026-03-10T06:17:15.840+0000 7f468d0ce700 1 -- 192.168.123.104:0/306993798 shutdown_connections
2026-03-10T06:17:16.039 INFO:teuthology.orchestra.run.vm04.stdout:/usr/bin/ceph: stderr
2026-03-10T06:17:15.840+0000 7f468d0ce700 1 -- 192.168.123.104:0/306993798 wait complete.
2026-03-10T06:17:16.039 INFO:teuthology.orchestra.run.vm04.stdout:/usr/bin/ceph: stderr
2026-03-10T06:17:15.840+0000 7f468d0ce700 1 Processor -- start
2026-03-10T06:17:16.039 INFO:teuthology.orchestra.run.vm04.stdout:/usr/bin/ceph: stderr
2026-03-10T06:17:15.840+0000 7f468d0ce700 1 -- start start
2026-03-10T06:17:16.039 INFO:teuthology.orchestra.run.vm04.stdout:/usr/bin/ceph: stderr
2026-03-10T06:17:15.841+0000 7f468d0ce700 1 --2- >> [v2:192.168.123.104:3300/0,v1:192.168.123.104:6789/0] conn(0x7f4688107f40 0x7f468819ff00 unknown :-1 s=NONE pgs=0 cs=0 l=1 rev1=0 crypto rx=0 tx=0 comp rx=0 tx=0).connect
2026-03-10T06:17:16.039 INFO:teuthology.orchestra.run.vm04.stdout:/usr/bin/ceph: stderr
2026-03-10T06:17:15.841+0000 7f468d0ce700 1 -- --> [v2:192.168.123.104:3300/0,v1:192.168.123.104:6789/0] -- mon_getmap magic: 0 v1 -- 0x7f46881a0440 con 0x7f4688107f40
2026-03-10T06:17:16.040 INFO:teuthology.orchestra.run.vm04.stdout:/usr/bin/ceph: stderr
2026-03-10T06:17:15.841+0000 7f4686d9d700 1 --2- >> [v2:192.168.123.104:3300/0,v1:192.168.123.104:6789/0] conn(0x7f4688107f40 0x7f468819ff00 unknown :-1 s=BANNER_CONNECTING pgs=0 cs=0 l=1 rev1=0 crypto rx=0 tx=0 comp rx=0 tx=0)._handle_peer_banner_payload supported=3 required=0
2026-03-10T06:17:16.040 INFO:teuthology.orchestra.run.vm04.stdout:/usr/bin/ceph: stderr
2026-03-10T06:17:15.841+0000 7f4686d9d700 1 --2- >> [v2:192.168.123.104:3300/0,v1:192.168.123.104:6789/0] conn(0x7f4688107f40 0x7f468819ff00 unknown :-1 s=HELLO_CONNECTING pgs=0 cs=0 l=1 rev1=1 crypto rx=0 tx=0 comp rx=0 tx=0).handle_hello peer v2:192.168.123.104:3300/0 says I am v2:192.168.123.104:35646/0 (socket says 192.168.123.104:35646)
2026-03-10T06:17:16.040 INFO:teuthology.orchestra.run.vm04.stdout:/usr/bin/ceph: stderr
2026-03-10T06:17:15.841+0000 7f4686d9d700 1 -- 192.168.123.104:0/201033957 learned_addr learned my addr 192.168.123.104:0/201033957 (peer_addr_for_me v2:192.168.123.104:0/0)
2026-03-10T06:17:16.040 INFO:teuthology.orchestra.run.vm04.stdout:/usr/bin/ceph: stderr
2026-03-10T06:17:15.841+0000 7f4686d9d700 1 -- 192.168.123.104:0/201033957 --> [v2:192.168.123.104:3300/0,v1:192.168.123.104:6789/0] -- mon_subscribe({config=0+,monmap=0+}) v3 -- 0x7f4670009740 con 0x7f4688107f40
2026-03-10T06:17:16.040 INFO:teuthology.orchestra.run.vm04.stdout:/usr/bin/ceph: stderr
2026-03-10T06:17:15.841+0000 7f4686d9d700 1 --2- 192.168.123.104:0/201033957 >> [v2:192.168.123.104:3300/0,v1:192.168.123.104:6789/0] conn(0x7f4688107f40 0x7f468819ff00 secure :-1 s=READY pgs=91 cs=0 l=1 rev1=1 crypto rx=0x7f4670000c00 tx=0x7f467000bfa0 comp rx=0 tx=0).ready entity=mon.0 client_cookie=0 server_cookie=0 in_seq=0 out_seq=0
2026-03-10T06:17:16.040 INFO:teuthology.orchestra.run.vm04.stdout:/usr/bin/ceph: stderr
2026-03-10T06:17:15.841+0000 7f467ffff700 1 -- 192.168.123.104:0/201033957 <== mon.0 v2:192.168.123.104:3300/0 1 ==== mon_map magic: 0 v1 ==== 214+0+0 (secure 0 0 0) 0x7f46700041a0 con 0x7f4688107f40
2026-03-10T06:17:16.040 INFO:teuthology.orchestra.run.vm04.stdout:/usr/bin/ceph: stderr
2026-03-10T06:17:15.841+0000 7f467ffff700 1 -- 192.168.123.104:0/201033957 <== mon.0 v2:192.168.123.104:3300/0 2 ==== config(28 keys) v1 ==== 1139+0+0 (secure 0 0 0) 0x7f4670004300 con 0x7f4688107f40
2026-03-10T06:17:16.040 INFO:teuthology.orchestra.run.vm04.stdout:/usr/bin/ceph: stderr
2026-03-10T06:17:15.841+0000 7f467ffff700 1 -- 192.168.123.104:0/201033957 <== mon.0 v2:192.168.123.104:3300/0 3 ==== mon_map magic: 0 v1 ==== 214+0+0 (secure 0 0 0) 0x7f4670011550 con 0x7f4688107f40
2026-03-10T06:17:16.040 INFO:teuthology.orchestra.run.vm04.stdout:/usr/bin/ceph: stderr
2026-03-10T06:17:15.841+0000 7f468d0ce700 1 -- 192.168.123.104:0/201033957 --> [v2:192.168.123.104:3300/0,v1:192.168.123.104:6789/0] -- mon_subscribe({mgrmap=0+}) v3 -- 0x7f46881a0640 con 0x7f4688107f40
2026-03-10T06:17:16.040 INFO:teuthology.orchestra.run.vm04.stdout:/usr/bin/ceph: stderr
2026-03-10T06:17:15.841+0000 7f468d0ce700 1 -- 192.168.123.104:0/201033957 --> [v2:192.168.123.104:3300/0,v1:192.168.123.104:6789/0] -- mon_subscribe({osdmap=0}) v3 -- 0x7f46881a0ae0 con 0x7f4688107f40
2026-03-10T06:17:16.040 INFO:teuthology.orchestra.run.vm04.stdout:/usr/bin/ceph: stderr
2026-03-10T06:17:15.843+0000 7f468d0ce700 1 -- 192.168.123.104:0/201033957 --> [v2:192.168.123.104:3300/0,v1:192.168.123.104:6789/0] -- mon_command({"prefix": "get_command_descriptions"} v 0) v1 -- 0x7f468804f9e0 con 0x7f4688107f40
2026-03-10T06:17:16.040 INFO:teuthology.orchestra.run.vm04.stdout:/usr/bin/ceph: stderr
2026-03-10T06:17:15.844+0000 7f467ffff700 1 -- 192.168.123.104:0/201033957 <== mon.0 v2:192.168.123.104:3300/0 4 ==== mgrmap(e 11) v1 ==== 44986+0+0 (secure 0 0 0) 0x7f46700116b0 con 0x7f4688107f40
2026-03-10T06:17:16.040 INFO:teuthology.orchestra.run.vm04.stdout:/usr/bin/ceph: stderr
2026-03-10T06:17:15.844+0000 7f467ffff700 1 --2- 192.168.123.104:0/201033957 >> [v2:192.168.123.104:6800/2,v1:192.168.123.104:6801/2] conn(0x7f46740384b0 0x7f467403a960 unknown :-1 s=NONE pgs=0 cs=0 l=1 rev1=0 crypto rx=0 tx=0 comp rx=0 tx=0).connect
2026-03-10T06:17:16.040 INFO:teuthology.orchestra.run.vm04.stdout:/usr/bin/ceph: stderr
2026-03-10T06:17:15.844+0000 7f467ffff700 1 -- 192.168.123.104:0/201033957 <== mon.0 v2:192.168.123.104:3300/0 5 ==== osd_map(3..3 src has 1..3) v4 ==== 1069+0+0 (secure 0 0 0) 0x7f467004d0e0 con 0x7f4688107f40
2026-03-10T06:17:16.040 INFO:teuthology.orchestra.run.vm04.stdout:/usr/bin/ceph: stderr
2026-03-10T06:17:15.846+0000 7f467ffff700 1 -- 192.168.123.104:0/201033957 <== mon.0 v2:192.168.123.104:3300/0 6 ==== mon_command_ack([{"prefix": "get_command_descriptions"}]=0 v0) v1 ==== 72+0+177933 (secure 0 0 0) 0x7f467007f720 con 0x7f4688107f40
2026-03-10T06:17:16.040 INFO:teuthology.orchestra.run.vm04.stdout:/usr/bin/ceph: stderr
2026-03-10T06:17:15.846+0000 7f468659c700 1 --2- 192.168.123.104:0/201033957 >> [v2:192.168.123.104:6800/2,v1:192.168.123.104:6801/2] conn(0x7f46740384b0 0x7f467403a960 unknown :-1 s=BANNER_CONNECTING pgs=0 cs=0 l=1 rev1=0 crypto rx=0 tx=0 comp rx=0 tx=0)._handle_peer_banner_payload supported=3 required=0
2026-03-10T06:17:16.040 INFO:teuthology.orchestra.run.vm04.stdout:/usr/bin/ceph: stderr
2026-03-10T06:17:15.846+0000 7f468659c700 1 --2- 192.168.123.104:0/201033957 >> [v2:192.168.123.104:6800/2,v1:192.168.123.104:6801/2] conn(0x7f46740384b0 0x7f467403a960 secure :-1 s=READY pgs=11 cs=0 l=1 rev1=1 crypto rx=0x7f4678006fd0 tx=0x7f4678006e40 comp rx=0 tx=0).ready entity=mgr.14164 client_cookie=0 server_cookie=0 in_seq=0 out_seq=0
2026-03-10T06:17:16.040 INFO:teuthology.orchestra.run.vm04.stdout:/usr/bin/ceph: stderr
2026-03-10T06:17:16.004+0000 7f468d0ce700 1 -- 192.168.123.104:0/201033957 --> [v2:192.168.123.104:3300/0,v1:192.168.123.104:6789/0] -- mon_command([{prefix=config-key set, key=mgr/dashboard/cluster/status}] v 0) v1 -- 0x7f4688062380 con 0x7f4688107f40
2026-03-10T06:17:16.040 INFO:teuthology.orchestra.run.vm04.stdout:/usr/bin/ceph: stderr
2026-03-10T06:17:16.007+0000 7f467ffff700 1 -- 192.168.123.104:0/201033957 <== mon.0 v2:192.168.123.104:3300/0 7 ==== mon_command_ack([{prefix=config-key set, key=mgr/dashboard/cluster/status}]=0 set mgr/dashboard/cluster/status v34)=0 set mgr/dashboard/cluster/status v34) v1 ==== 153+0+0 (secure 0 0 0) 0x7f4670029330 con 0x7f4688107f40
2026-03-10T06:17:16.040 INFO:teuthology.orchestra.run.vm04.stdout:/usr/bin/ceph: stderr
2026-03-10T06:17:16.009+0000 7f468d0ce700 1 -- 192.168.123.104:0/201033957 >> [v2:192.168.123.104:6800/2,v1:192.168.123.104:6801/2] conn(0x7f46740384b0 msgr2=0x7f467403a960 secure :-1 s=STATE_CONNECTION_ESTABLISHED l=1).mark_down
2026-03-10T06:17:16.040 INFO:teuthology.orchestra.run.vm04.stdout:/usr/bin/ceph: stderr
2026-03-10T06:17:16.009+0000 7f468d0ce700 1 --2- 192.168.123.104:0/201033957 >> [v2:192.168.123.104:6800/2,v1:192.168.123.104:6801/2] conn(0x7f46740384b0 0x7f467403a960 secure :-1 s=READY pgs=11 cs=0 l=1 rev1=1 crypto rx=0x7f4678006fd0 tx=0x7f4678006e40 comp rx=0 tx=0).stop
2026-03-10T06:17:16.040 INFO:teuthology.orchestra.run.vm04.stdout:/usr/bin/ceph: stderr
2026-03-10T06:17:16.009+0000 7f468d0ce700 1 -- 192.168.123.104:0/201033957 >> [v2:192.168.123.104:3300/0,v1:192.168.123.104:6789/0] conn(0x7f4688107f40 msgr2=0x7f468819ff00 secure :-1 s=STATE_CONNECTION_ESTABLISHED l=1).mark_down
2026-03-10T06:17:16.040 INFO:teuthology.orchestra.run.vm04.stdout:/usr/bin/ceph: stderr
