2026-03-10T06:16:52.966+0000 7fe16b7fe700 1 -- 192.168.123.104:0/2519968274 <== mon.0 v2:192.168.123.104:3300/0 3 ==== mon_map magic: 0 v1 ==== 214+0+0 (secure 0 0 0) 0x7fe160010470 con 0x7fe16c104c20
2026-03-10T06:16:53.140 INFO:teuthology.orchestra.run.vm04.stdout:/usr/bin/ceph: stderr
2026-03-10T06:16:52.967+0000 7fe172ab7700 1 -- 192.168.123.104:0/2519968274 >> [v2:192.168.123.104:3300/0,v1:192.168.123.104:6789/0] conn(0x7fe16c104c20 msgr2=0x7fe16c105030 secure :-1 s=STATE_CONNECTION_ESTABLISHED l=1).mark_down
2026-03-10T06:16:53.140 INFO:teuthology.orchestra.run.vm04.stdout:/usr/bin/ceph: stderr
2026-03-10T06:16:52.967+0000 7fe172ab7700 1 --2- 192.168.123.104:0/2519968274 >> [v2:192.168.123.104:3300/0,v1:192.168.123.104:6789/0] conn(0x7fe16c104c20 0x7fe16c105030 secure :-1 s=READY pgs=20 cs=0 l=1 rev1=1 crypto rx=0x7fe16000bf90 tx=0x7fe16000d5d0 comp rx=0 tx=0).stop
2026-03-10T06:16:53.140 INFO:teuthology.orchestra.run.vm04.stdout:/usr/bin/ceph: stderr
2026-03-10T06:16:52.967+0000 7fe172ab7700 1 -- 192.168.123.104:0/2519968274 shutdown_connections
2026-03-10T06:16:53.140 INFO:teuthology.orchestra.run.vm04.stdout:/usr/bin/ceph: stderr
2026-03-10T06:16:52.967+0000 7fe172ab7700 1 --2- 192.168.123.104:0/2519968274 >> [v2:192.168.123.104:3300/0,v1:192.168.123.104:6789/0] conn(0x7fe16c104c20 0x7fe16c105030 unknown :-1 s=CLOSED pgs=20 cs=0 l=1 rev1=1 crypto rx=0 tx=0 comp rx=0 tx=0).stop
2026-03-10T06:16:53.140 INFO:teuthology.orchestra.run.vm04.stdout:/usr/bin/ceph: stderr
2026-03-10T06:16:52.967+0000 7fe172ab7700 1 -- 192.168.123.104:0/2519968274 >> 192.168.123.104:0/2519968274 conn(0x7fe16c100270 msgr2=0x7fe16c1026a0 unknown :-1 s=STATE_NONE l=0).mark_down
2026-03-10T06:16:53.140 INFO:teuthology.orchestra.run.vm04.stdout:/usr/bin/ceph: stderr
2026-03-10T06:16:52.967+0000 7fe172ab7700 1 -- 192.168.123.104:0/2519968274 shutdown_connections
2026-03-10T06:16:53.141 INFO:teuthology.orchestra.run.vm04.stdout:/usr/bin/ceph: stderr
2026-03-10T06:16:52.967+0000 7fe172ab7700 1 -- 192.168.123.104:0/2519968274 wait complete.
2026-03-10T06:16:53.141 INFO:teuthology.orchestra.run.vm04.stdout:/usr/bin/ceph: stderr
2026-03-10T06:16:52.968+0000 7fe172ab7700 1 Processor -- start
2026-03-10T06:16:53.141 INFO:teuthology.orchestra.run.vm04.stdout:/usr/bin/ceph: stderr
2026-03-10T06:16:52.968+0000 7fe172ab7700 1 -- start start
2026-03-10T06:16:53.141 INFO:teuthology.orchestra.run.vm04.stdout:/usr/bin/ceph: stderr
2026-03-10T06:16:52.968+0000 7fe172ab7700 1 --2- >> [v2:192.168.123.104:3300/0,v1:192.168.123.104:6789/0] conn(0x7fe16c104c20 0x7fe16c19bc50 unknown :-1 s=NONE pgs=0 cs=0 l=1 rev1=0 crypto rx=0 tx=0 comp rx=0 tx=0).connect
2026-03-10T06:16:53.141 INFO:teuthology.orchestra.run.vm04.stdout:/usr/bin/ceph: stderr
2026-03-10T06:16:52.968+0000 7fe172ab7700 1 -- --> [v2:192.168.123.104:3300/0,v1:192.168.123.104:6789/0] -- mon_getmap magic: 0 v1 -- 0x7fe16c19c190 con 0x7fe16c104c20
2026-03-10T06:16:53.141 INFO:teuthology.orchestra.run.vm04.stdout:/usr/bin/ceph: stderr
2026-03-10T06:16:52.969+0000 7fe170853700 1 --2- >> [v2:192.168.123.104:3300/0,v1:192.168.123.104:6789/0] conn(0x7fe16c104c20 0x7fe16c19bc50 unknown :-1 s=BANNER_CONNECTING pgs=0 cs=0 l=1 rev1=0 crypto rx=0 tx=0 comp rx=0 tx=0)._handle_peer_banner_payload supported=3 required=0
2026-03-10T06:16:53.141 INFO:teuthology.orchestra.run.vm04.stdout:/usr/bin/ceph: stderr
2026-03-10T06:16:52.969+0000 7fe170853700 1 --2- >> [v2:192.168.123.104:3300/0,v1:192.168.123.104:6789/0] conn(0x7fe16c104c20 0x7fe16c19bc50 unknown :-1 s=HELLO_CONNECTING pgs=0 cs=0 l=1 rev1=1 crypto rx=0 tx=0 comp rx=0 tx=0).handle_hello peer v2:192.168.123.104:3300/0 says I am v2:192.168.123.104:41182/0 (socket says 192.168.123.104:41182)
2026-03-10T06:16:53.141 INFO:teuthology.orchestra.run.vm04.stdout:/usr/bin/ceph: stderr
2026-03-10T06:16:52.969+0000 7fe170853700 1 -- 192.168.123.104:0/564684997 learned_addr learned my addr 192.168.123.104:0/564684997 (peer_addr_for_me v2:192.168.123.104:0/0)
2026-03-10T06:16:53.141 INFO:teuthology.orchestra.run.vm04.stdout:/usr/bin/ceph: stderr
2026-03-10T06:16:52.969+0000 7fe170853700 1 -- 192.168.123.104:0/564684997 --> [v2:192.168.123.104:3300/0,v1:192.168.123.104:6789/0] -- mon_subscribe({config=0+,monmap=0+}) v3 -- 0x7fe16000b9e0 con 0x7fe16c104c20
2026-03-10T06:16:53.141 INFO:teuthology.orchestra.run.vm04.stdout:/usr/bin/ceph: stderr
2026-03-10T06:16:52.969+0000 7fe170853700 1 --2- 192.168.123.104:0/564684997 >> [v2:192.168.123.104:3300/0,v1:192.168.123.104:6789/0] conn(0x7fe16c104c20 0x7fe16c19bc50 secure :-1 s=READY pgs=21 cs=0 l=1 rev1=1 crypto rx=0x7fe16000b340 tx=0x7fe1600119e0 comp rx=0 tx=0).ready entity=mon.0 client_cookie=0 server_cookie=0 in_seq=0 out_seq=0
2026-03-10T06:16:53.141 INFO:teuthology.orchestra.run.vm04.stdout:/usr/bin/ceph: stderr
2026-03-10T06:16:52.970+0000 7fe169ffb700 1 -- 192.168.123.104:0/564684997 <== mon.0 v2:192.168.123.104:3300/0 1 ==== mon_map magic: 0 v1 ==== 214+0+0 (secure 0 0 0) 0x7fe1600104e0 con 0x7fe16c104c20
2026-03-10T06:16:53.141 INFO:teuthology.orchestra.run.vm04.stdout:/usr/bin/ceph: stderr
2026-03-10T06:16:52.970+0000 7fe169ffb700 1 -- 192.168.123.104:0/564684997 <== mon.0 v2:192.168.123.104:3300/0 2 ==== config(28 keys) v1 ==== 1075+0+0 (secure 0 0 0) 0x7fe160004580 con 0x7fe16c104c20
2026-03-10T06:16:53.141 INFO:teuthology.orchestra.run.vm04.stdout:/usr/bin/ceph: stderr
2026-03-10T06:16:52.970+0000 7fe172ab7700 1 -- 192.168.123.104:0/564684997 --> [v2:192.168.123.104:3300/0,v1:192.168.123.104:6789/0] -- mon_subscribe({mgrmap=0+}) v3 -- 0x7fe16c19c390 con 0x7fe16c104c20
2026-03-10T06:16:53.141 INFO:teuthology.orchestra.run.vm04.stdout:/usr/bin/ceph: stderr
2026-03-10T06:16:52.970+0000 7fe172ab7700 1 -- 192.168.123.104:0/564684997 --> [v2:192.168.123.104:3300/0,v1:192.168.123.104:6789/0] -- mon_subscribe({osdmap=0}) v3 -- 0x7fe16c19c830 con 0x7fe16c104c20
2026-03-10T06:16:53.141 INFO:teuthology.orchestra.run.vm04.stdout:/usr/bin/ceph: stderr
2026-03-10T06:16:52.971+0000 7fe169ffb700 1 -- 192.168.123.104:0/564684997 <== mon.0 v2:192.168.123.104:3300/0 3 ==== mon_map magic: 0 v1 ==== 214+0+0 (secure 0 0 0) 0x7fe160019e40 con 0x7fe16c104c20
2026-03-10T06:16:53.141 INFO:teuthology.orchestra.run.vm04.stdout:/usr/bin/ceph: stderr
2026-03-10T06:16:52.971+0000 7fe172ab7700 1 -- 192.168.123.104:0/564684997 --> [v2:192.168.123.104:3300/0,v1:192.168.123.104:6789/0] -- mon_command({"prefix": "get_command_descriptions"} v 0) v1 -- 0x7fe158005320 con 0x7fe16c104c20
2026-03-10T06:16:53.141 INFO:teuthology.orchestra.run.vm04.stdout:/usr/bin/ceph: stderr
2026-03-10T06:16:52.974+0000 7fe169ffb700 1 -- 192.168.123.104:0/564684997 <== mon.0 v2:192.168.123.104:3300/0 4 ==== mgrmap(e 4) v1 ==== 45068+0+0 (secure 0 0 0) 0x7fe160018420 con 0x7fe16c104c20
2026-03-10T06:16:53.141 INFO:teuthology.orchestra.run.vm04.stdout:/usr/bin/ceph: stderr
2026-03-10T06:16:52.974+0000 7fe169ffb700 1 --2- 192.168.123.104:0/564684997 >> [v2:192.168.123.104:6800/2,v1:192.168.123.104:6801/2] conn(0x7fe1540380f0 0x7fe15403a5a0 unknown :-1 s=NONE pgs=0 cs=0 l=1 rev1=0 crypto rx=0 tx=0 comp rx=0 tx=0).connect
2026-03-10T06:16:53.141 INFO:teuthology.orchestra.run.vm04.stdout:/usr/bin/ceph: stderr
2026-03-10T06:16:52.974+0000 7fe169ffb700 1 -- 192.168.123.104:0/564684997 <== mon.0 v2:192.168.123.104:3300/0 5 ==== osd_map(1..1 src has 1..1) v4 ==== 725+0+0 (secure 0 0 0) 0x7fe16004d450 con 0x7fe16c104c20
2026-03-10T06:16:53.141 INFO:teuthology.orchestra.run.vm04.stdout:/usr/bin/ceph: stderr
2026-03-10T06:16:52.975+0000 7fe16bfff700 1 --2- 192.168.123.104:0/564684997 >> [v2:192.168.123.104:6800/2,v1:192.168.123.104:6801/2] conn(0x7fe1540380f0 0x7fe15403a5a0 unknown :-1 s=BANNER_CONNECTING pgs=0 cs=0 l=1 rev1=0 crypto rx=0 tx=0 comp rx=0 tx=0)._handle_peer_banner_payload supported=3 required=0
2026-03-10T06:16:53.141 INFO:teuthology.orchestra.run.vm04.stdout:/usr/bin/ceph: stderr
2026-03-10T06:16:52.975+0000 7fe16bfff700 1 --2- 192.168.123.104:0/564684997 >> [v2:192.168.123.104:6800/2,v1:192.168.123.104:6801/2] conn(0x7fe1540380f0 0x7fe15403a5a0 secure :-1 s=READY pgs=7 cs=0 l=1 rev1=1 crypto rx=0x7fe15c00ad30 tx=0x7fe15c0093f0 comp rx=0 tx=0).ready entity=mgr.14100 client_cookie=0 server_cookie=0 in_seq=0 out_seq=0
2026-03-10T06:16:53.141 INFO:teuthology.orchestra.run.vm04.stdout:/usr/bin/ceph: stderr
2026-03-10T06:16:52.975+0000 7fe169ffb700 1 -- 192.168.123.104:0/564684997 <== mon.0 v2:192.168.123.104:3300/0 6 ==== mon_command_ack([{"prefix": "get_command_descriptions"}]=0 v0) v1 ==== 72+0+177933 (secure 0 0 0) 0x7fe16000f3d0 con 0x7fe16c104c20
2026-03-10T06:16:53.141 INFO:teuthology.orchestra.run.vm04.stdout:/usr/bin/ceph: stderr
2026-03-10T06:16:53.079+0000 7fe172ab7700 1 -- 192.168.123.104:0/564684997 --> [v2:192.168.123.104:3300/0,v1:192.168.123.104:6789/0] -- mon_command({"prefix": "config assimilate-conf"} v 0) v1 -- 0x7fe158005f70 con 0x7fe16c104c20
2026-03-10T06:16:53.141 INFO:teuthology.orchestra.run.vm04.stdout:/usr/bin/ceph: stderr
2026-03-10T06:16:53.082+0000 7fe169ffb700 1 -- 192.168.123.104:0/564684997 <== mon.0 v2:192.168.123.104:3300/0 7 ==== mon_command_ack([{"prefix": "config assimilate-conf"}]=0 v3) v1 ==== 70+0+373 (secure 0 0 0) 0x7fe16001f070 con 0x7fe16c104c20
2026-03-10T06:16:53.141 INFO:teuthology.orchestra.run.vm04.stdout:/usr/bin/ceph: stderr
2026-03-10T06:16:53.085+0000 7fe172ab7700 1 -- 192.168.123.104:0/564684997 >> [v2:192.168.123.104:6800/2,v1:192.168.123.104:6801/2] conn(0x7fe1540380f0 msgr2=0x7fe15403a5a0 secure :-1 s=STATE_CONNECTION_ESTABLISHED l=1).mark_down
2026-03-10T06:16:53.141 INFO:teuthology.orchestra.run.vm04.stdout:/usr/bin/ceph: stderr
2026-03-10T06:16:53.085+0000 7fe172ab7700 1 --2- 192.168.123.104:0/564684997 >> [v2:192.168.123.104:6800/2,v1:192.168.123.104:6801/2] conn(0x7fe1540380f0 0x7fe15403a5a0 secure :-1 s=READY pgs=7 cs=0 l=1 rev1=1 crypto rx=0x7fe15c00ad30 tx=0x7fe15c0093f0 comp rx=0 tx=0).stop
2026-03-10T06:16:53.141 INFO:teuthology.orchestra.run.vm04.stdout:/usr/bin/ceph: stderr
2026-03-10T06:16:53.086+0000 7fe172ab7700 1 -- 192.168.123.104:0/564684997 >> [v2:192.168.123.104:3300/0,v1:192.168.123.104:6789/0] conn(0x7fe16c104c20 msgr2=0x7fe16c19bc50 secure :-1 s=STATE_CONNECTION_ESTABLISHED l=1).mark_down
2026-03-10T06:16:53.141 INFO:teuthology.orchestra.run.vm04.stdout:/usr/bin/ceph: stderr
2026-03-10T06:16:53.086+0000 7fe172ab7700 1 --2- 192.168.123.104:0/564684997 >> [v2:192.168.123.104:3300/0,v1:192.168.123.104:6789/0] conn(0x7fe16c104c20 0x7fe16c19bc50 secure :-1 s=READY pgs=21 cs=0 l=1 rev1=1 crypto rx=0x7fe16000b340 tx=0x7fe1600119e0 comp rx=0 tx=0).stop
2026-03-10T06:16:53.141 INFO:teuthology.orchestra.run.vm04.stdout:/usr/bin/ceph: stderr
2026-03-10T06:16:53.086+0000 7fe172ab7700 1 -- 192.168.123.104:0/564684997 shutdown_connections
2026-03-10T06:16:53.141 INFO:teuthology.orchestra.run.vm04.stdout:/usr/bin/ceph: stderr
2026-03-10T06:16:53.086+0000 7fe172ab7700 1 --2- 192.168.123.104:0/564684997 >> [v2:192.168.123.104:6800/2,v1:192.168.123.104:6801/2] conn(0x7fe1540380f0 0x7fe15403a5a0 unknown :-1 s=CLOSED pgs=7 cs=0 l=1 rev1=1 crypto rx=0 tx=0 comp rx=0 tx=0).stop
2026-03-10T06:16:53.141 INFO:teuthology.orchestra.run.vm04.stdout:/usr/bin/ceph: stderr
2026-03-10T06:16:53.086+0000 7fe172ab7700 1 --2- 192.168.123.104:0/564684997 >> [v2:192.168.123.104:3300/0,v1:192.168.123.104:6789/0] conn(0x7fe16c104c20 0x7fe16c19bc50 unknown :-1 s=CLOSED pgs=21 cs=0 l=1 rev1=1 crypto rx=0 tx=0 comp rx=0 tx=0).stop
2026-03-10T06:16:53.141 INFO:teuthology.orchestra.run.vm04.stdout:/usr/bin/ceph: stderr
2026-03-10T06:16:53.086+0000 7fe172ab7700 1 -- 192.168.123.104:0/564684997 >> 192.168.123.104:0/564684997 conn(0x7fe16c100270 msgr2=0x7fe16c18e690 unknown :-1 s=STATE_NONE l=0).mark_down
2026-03-10T06:16:53.141 INFO:teuthology.orchestra.run.vm04.stdout:/usr/bin/ceph: stderr
2026-03-10T06:16:53.087+0000 7fe172ab7700 1 -- 192.168.123.104:0/564684997 shutdown_connections
2026-03-10T06:16:53.141 INFO:teuthology.orchestra.run.vm04.stdout:/usr/bin/ceph: stderr
2026-03-10T06:16:53.087+0000 7fe172ab7700 1 -- 192.168.123.104:0/564684997 wait complete.
2026-03-10T06:16:53.141 INFO:teuthology.orchestra.run.vm04.stdout:Enabling cephadm module...
2026-03-10T06:16:53.678 INFO:journalctl@ceph.mon.vm04.vm04.stdout:Mar 10 06:16:53 vm04 ceph-mon[51058]: mgrmap e4: vm04.exdvdb(active, since 2s)
2026-03-10T06:16:53.678 INFO:journalctl@ceph.mon.vm04.vm04.stdout:Mar 10 06:16:53 vm04 ceph-mon[51058]: from='client.? 192.168.123.104:0/862957842' entity='client.admin' cmd=[{"prefix": "status", "format": "json-pretty"}]: dispatch
2026-03-10T06:16:53.678 INFO:journalctl@ceph.mon.vm04.vm04.stdout:Mar 10 06:16:53 vm04 ceph-mon[51058]: from='client.? 192.168.123.104:0/564684997' entity='client.admin' cmd=[{"prefix": "config assimilate-conf"}]: dispatch
2026-03-10T06:16:54.471 INFO:teuthology.orchestra.run.vm04.stdout:/usr/bin/ceph: stderr
2026-03-10T06:16:53.271+0000 7fc1d59c9700 1 Processor -- start
2026-03-10T06:16:54.472 INFO:teuthology.orchestra.run.vm04.stdout:/usr/bin/ceph: stderr
2026-03-10T06:16:53.272+0000 7fc1d59c9700 1 -- start start
2026-03-10T06:16:54.472 INFO:teuthology.orchestra.run.vm04.stdout:/usr/bin/ceph: stderr
2026-03-10T06:16:53.272+0000 7fc1d59c9700 1 --2- >> [v2:192.168.123.104:3300/0,v1:192.168.123.104:6789/0] conn(0x7fc1d007acf0 0x7fc1d00791f0 unknown :-1 s=NONE pgs=0 cs=0 l=0 rev1=0 crypto rx=0 tx=0 comp rx=0 tx=0).connect
2026-03-10T06:16:54.472 INFO:teuthology.orchestra.run.vm04.stdout:/usr/bin/ceph: stderr
2026-03-10T06:16:53.272+0000 7fc1d59c9700 1 -- --> [v2:192.168.123.104:3300/0,v1:192.168.123.104:6789/0] -- mon_getmap magic: 0 v1 -- 0x7fc1d0079730 con 0x7fc1d007acf0
2026-03-10T06:16:54.472 INFO:teuthology.orchestra.run.vm04.stdout:/usr/bin/ceph: stderr
2026-03-10T06:16:53.272+0000 7fc1ceffd700 1 --2- >> [v2:192.168.123.104:3300/0,v1:192.168.123.104:6789/0] conn(0x7fc1d007acf0 0x7fc1d00791f0 unknown :-1 s=BANNER_CONNECTING pgs=0 cs=0 l=0 rev1=0 crypto rx=0 tx=0 comp rx=0 tx=0)._handle_peer_banner_payload supported=3 required=0
2026-03-10T06:16:54.472 INFO:teuthology.orchestra.run.vm04.stdout:/usr/bin/ceph: stderr
2026-03-10T06:16:53.272+0000 7fc1ceffd700 1 --2- >> [v2:192.168.123.104:3300/0,v1:192.168.123.104:6789/0] conn(0x7fc1d007acf0 0x7fc1d00791f0 unknown :-1 s=HELLO_CONNECTING pgs=0 cs=0 l=0 rev1=1 crypto rx=0 tx=0 comp rx=0 tx=0).handle_hello peer v2:192.168.123.104:3300/0 says I am v2:192.168.123.104:41198/0 (socket says 192.168.123.104:41198)
2026-03-10T06:16:54.472 INFO:teuthology.orchestra.run.vm04.stdout:/usr/bin/ceph: stderr
2026-03-10T06:16:53.272+0000 7fc1ceffd700 1 -- 192.168.123.104:0/2018462369 learned_addr learned my addr 192.168.123.104:0/2018462369 (peer_addr_for_me v2:192.168.123.104:0/0)
2026-03-10T06:16:54.472 INFO:teuthology.orchestra.run.vm04.stdout:/usr/bin/ceph: stderr
2026-03-10T06:16:53.273+0000 7fc1ceffd700 1 -- 192.168.123.104:0/2018462369 --> [v2:192.168.123.104:3300/0,v1:192.168.123.104:6789/0] -- mon_subscribe({config=0+,monmap=0+}) v3 -- 0x7fc1d0079870 con 0x7fc1d007acf0
2026-03-10T06:16:54.472 INFO:teuthology.orchestra.run.vm04.stdout:/usr/bin/ceph: stderr
2026-03-10T06:16:53.273+0000 7fc1ceffd700 1 --2- 192.168.123.104:0/2018462369 >> [v2:192.168.123.104:3300/0,v1:192.168.123.104:6789/0] conn(0x7fc1d007acf0 0x7fc1d00791f0 secure :-1 s=READY pgs=22 cs=0 l=1 rev1=1 crypto rx=0x7fc1b8009a90 tx=0x7fc1b8009da0 comp rx=0 tx=0).ready entity=mon.0 client_cookie=16d1cf63f5c8439 server_cookie=0 in_seq=0 out_seq=0
2026-03-10T06:16:54.472 INFO:teuthology.orchestra.run.vm04.stdout:/usr/bin/ceph: stderr
2026-03-10T06:16:53.274+0000 7fc1cdffb700 1 -- 192.168.123.104:0/2018462369 <== mon.0 v2:192.168.123.104:3300/0 1 ==== mon_map magic: 0 v1 ==== 214+0+0 (secure 0 0 0) 0x7fc1b8004030 con 0x7fc1d007acf0
2026-03-10T06:16:54.472 INFO:teuthology.orchestra.run.vm04.stdout:/usr/bin/ceph: stderr
2026-03-10T06:16:53.274+0000 7fc1cdffb700 1 -- 192.168.123.104:0/2018462369 <== mon.0 v2:192.168.123.104:3300/0 2 ==== config(28 keys) v1 ==== 1075+0+0 (secure 0 0 0) 0x7fc1b800b7e0 con 0x7fc1d007acf0
2026-03-10T06:16:54.472 INFO:teuthology.orchestra.run.vm04.stdout:/usr/bin/ceph: stderr
2026-03-10T06:16:53.274+0000 7fc1cdffb700 1 -- 192.168.123.104:0/2018462369 <== mon.0 v2:192.168.123.104:3300/0 3 ==== mon_map magic: 0 v1 ==== 214+0+0 (secure 0 0 0) 0x7fc1b80039f0 con 0x7fc1d007acf0
2026-03-10T06:16:54.472 INFO:teuthology.orchestra.run.vm04.stdout:/usr/bin/ceph: stderr
2026-03-10T06:16:53.274+0000 7fc1d59c9700 1 -- 192.168.123.104:0/2018462369 >> [v2:192.168.123.104:3300/0,v1:192.168.123.104:6789/0] conn(0x7fc1d007acf0 msgr2=0x7fc1d00791f0 secure :-1 s=STATE_CONNECTION_ESTABLISHED l=1).mark_down
2026-03-10T06:16:54.472 INFO:teuthology.orchestra.run.vm04.stdout:/usr/bin/ceph: stderr
2026-03-10T06:16:53.274+0000 7fc1d59c9700 1 --2- 192.168.123.104:0/2018462369 >> [v2:192.168.123.104:3300/0,v1:192.168.123.104:6789/0] conn(0x7fc1d007acf0 0x7fc1d00791f0 secure :-1 s=READY pgs=22 cs=0 l=1 rev1=1 crypto rx=0x7fc1b8009a90 tx=0x7fc1b8009da0 comp rx=0 tx=0).stop
2026-03-10T06:16:54.472 INFO:teuthology.orchestra.run.vm04.stdout:/usr/bin/ceph: stderr
2026-03-10T06:16:53.275+0000 7fc1d59c9700 1 -- 192.168.123.104:0/2018462369 shutdown_connections
2026-03-10T06:16:54.472 INFO:teuthology.orchestra.run.vm04.stdout:/usr/bin/ceph: stderr
2026-03-10T06:16:53.275+0000 7fc1d59c9700 1 --2- 192.168.123.104:0/2018462369 >> [v2:192.168.123.104:3300/0,v1:192.168.123.104:6789/0] conn(0x7fc1d007acf0 0x7fc1d00791f0 unknown :-1 s=CLOSED pgs=22 cs=0 l=1 rev1=1 crypto rx=0 tx=0 comp rx=0 tx=0).stop
2026-03-10T06:16:54.472 INFO:teuthology.orchestra.run.vm04.stdout:/usr/bin/ceph: stderr
2026-03-10T06:16:53.275+0000 7fc1d59c9700 1 -- 192.168.123.104:0/2018462369 >> 192.168.123.104:0/2018462369 conn(0x7fc1d01013a0 msgr2=0x7fc1d01037b0 unknown :-1 s=STATE_NONE l=0).mark_down
2026-03-10T06:16:54.475 INFO:teuthology.orchestra.run.vm04.stdout:/usr/bin/ceph: stderr
2026-03-10T06:16:53.275+0000 7fc1d59c9700 1 -- 192.168.123.104:0/2018462369 shutdown_connections
2026-03-10T06:16:54.475 INFO:teuthology.orchestra.run.vm04.stdout:/usr/bin/ceph: stderr
2026-03-10T06:16:53.275+0000 7fc1d59c9700 1 -- 192.168.123.104:0/2018462369 wait complete.
2026-03-10T06:16:54.475 INFO:teuthology.orchestra.run.vm04.stdout:/usr/bin/ceph: stderr
2026-03-10T06:16:53.276+0000 7fc1d59c9700 1 Processor -- start
2026-03-10T06:16:54.475 INFO:teuthology.orchestra.run.vm04.stdout:/usr/bin/ceph: stderr
2026-03-10T06:16:53.276+0000 7fc1d59c9700 1 -- start start
2026-03-10T06:16:54.475 INFO:teuthology.orchestra.run.vm04.stdout:/usr/bin/ceph: stderr
2026-03-10T06:16:53.276+0000 7fc1d59c9700 1 --2- >> [v2:192.168.123.104:3300/0,v1:192.168.123.104:6789/0] conn(0x7fc1d007acf0 0x7fc1d019bc30 unknown :-1 s=NONE pgs=0 cs=0 l=1 rev1=0 crypto rx=0 tx=0 comp rx=0 tx=0).connect
2026-03-10T06:16:54.475 INFO:teuthology.orchestra.run.vm04.stdout:/usr/bin/ceph: stderr
2026-03-10T06:16:53.276+0000 7fc1d59c9700 1 -- --> [v2:192.168.123.104:3300/0,v1:192.168.123.104:6789/0] -- mon_getmap magic: 0 v1 -- 0x7fc1d019c170 con 0x7fc1d007acf0
2026-03-10T06:16:54.475 INFO:teuthology.orchestra.run.vm04.stdout:/usr/bin/ceph: stderr
2026-03-10T06:16:53.276+0000 7fc1ceffd700 1 --2- >> [v2:192.168.123.104:3300/0,v1:192.168.123.104:6789/0] conn(0x7fc1d007acf0 0x7fc1d019bc30 unknown :-1 s=BANNER_CONNECTING pgs=0 cs=0 l=1 rev1=0 crypto rx=0 tx=0 comp rx=0 tx=0)._handle_peer_banner_payload supported=3 required=0
2026-03-10T06:16:54.475 INFO:teuthology.orchestra.run.vm04.stdout:/usr/bin/ceph: stderr
2026-03-10T06:16:53.276+0000 7fc1ceffd700 1 --2- >> [v2:192.168.123.104:3300/0,v1:192.168.123.104:6789/0] conn(0x7fc1d007acf0 0x7fc1d019bc30 unknown :-1 s=HELLO_CONNECTING pgs=0 cs=0 l=1 rev1=1 crypto rx=0 tx=0 comp rx=0 tx=0).handle_hello peer v2:192.168.123.104:3300/0 says I am v2:192.168.123.104:41200/0 (socket says 192.168.123.104:41200)
2026-03-10T06:16:54.475 INFO:teuthology.orchestra.run.vm04.stdout:/usr/bin/ceph: stderr
2026-03-10T06:16:53.276+0000 7fc1ceffd700 1 -- 192.168.123.104:0/2861984136 learned_addr learned my addr 192.168.123.104:0/2861984136 (peer_addr_for_me v2:192.168.123.104:0/0)
2026-03-10T06:16:54.476 INFO:teuthology.orchestra.run.vm04.stdout:/usr/bin/ceph: stderr
2026-03-10T06:16:53.277+0000 7fc1ceffd700 1 -- 192.168.123.104:0/2861984136 --> [v2:192.168.123.104:3300/0,v1:192.168.123.104:6789/0] -- mon_subscribe({config=0+,monmap=0+}) v3 -- 0x7fc1b8009740 con 0x7fc1d007acf0
2026-03-10T06:16:54.476 INFO:teuthology.orchestra.run.vm04.stdout:/usr/bin/ceph: stderr
2026-03-10T06:16:53.277+0000 7fc1ceffd700 1 --2- 192.168.123.104:0/2861984136 >> [v2:192.168.123.104:3300/0,v1:192.168.123.104:6789/0] conn(0x7fc1d007acf0 0x7fc1d019bc30 secure :-1 s=READY pgs=23 cs=0 l=1 rev1=1 crypto rx=0x7fc1b800be40 tx=0x7fc1b800bf20 comp rx=0 tx=0).ready entity=mon.0 client_cookie=0 server_cookie=0 in_seq=0 out_seq=0
2026-03-10T06:16:54.476 INFO:teuthology.orchestra.run.vm04.stdout:/usr/bin/ceph: stderr
2026-03-10T06:16:53.277+0000 7fc1d49c7700 1 -- 192.168.123.104:0/2861984136 <== mon.0 v2:192.168.123.104:3300/0 1 ==== mon_map magic: 0 v1 ==== 214+0+0 (secure 0 0 0) 0x7fc1b80040d0 con 0x7fc1d007acf0
2026-03-10T06:16:54.476 INFO:teuthology.orchestra.run.vm04.stdout:/usr/bin/ceph: stderr
2026-03-10T06:16:53.277+0000 7fc1d49c7700 1 -- 192.168.123.104:0/2861984136 <== mon.0 v2:192.168.123.104:3300/0 2 ==== config(28 keys) v1 ==== 1075+0+0 (secure 0 0 0) 0x7fc1b801a430 con 0x7fc1d007acf0
2026-03-10T06:16:54.476 INFO:teuthology.orchestra.run.vm04.stdout:/usr/bin/ceph: stderr
2026-03-10T06:16:53.277+0000 7fc1d49c7700 1 -- 192.168.123.104:0/2861984136 <== mon.0 v2:192.168.123.104:3300/0 3 ==== mon_map magic: 0 v1 ==== 214+0+0 (secure 0 0 0) 0x7fc1b8011420 con 0x7fc1d007acf0
2026-03-10T06:16:54.476 INFO:teuthology.orchestra.run.vm04.stdout:/usr/bin/ceph: stderr
2026-03-10T06:16:53.277+0000 7fc1d59c9700 1 -- 192.168.123.104:0/2861984136 --> [v2:192.168.123.104:3300/0,v1:192.168.123.104:6789/0] -- mon_subscribe({mgrmap=0+}) v3 -- 0x7fc1d019c370 con 0x7fc1d007acf0
2026-03-10T06:16:54.476 INFO:teuthology.orchestra.run.vm04.stdout:/usr/bin/ceph: stderr
2026-03-10T06:16:53.277+0000 7fc1d59c9700 1 -- 192.168.123.104:0/2861984136 --> [v2:192.168.123.104:3300/0,v1:192.168.123.104:6789/0] -- mon_subscribe({osdmap=0}) v3 -- 0x7fc1d019c810 con 0x7fc1d007acf0
2026-03-10T06:16:54.476 INFO:teuthology.orchestra.run.vm04.stdout:/usr/bin/ceph: stderr
2026-03-10T06:16:53.279+0000 7fc1d49c7700 1 -- 192.168.123.104:0/2861984136 <== mon.0 v2:192.168.123.104:3300/0 4 ==== mgrmap(e 4) v1 ==== 45068+0+0 (secure 0 0 0) 0x7fc1b8011580 con 0x7fc1d007acf0
2026-03-10T06:16:54.476 INFO:teuthology.orchestra.run.vm04.stdout:/usr/bin/ceph: stderr
2026-03-10T06:16:53.279+0000 7fc1d49c7700 1 --2- 192.168.123.104:0/2861984136 >> [v2:192.168.123.104:6800/2,v1:192.168.123.104:6801/2] conn(0x7fc1bc038470 0x7fc1bc03a920 unknown :-1 s=NONE pgs=0 cs=0 l=1 rev1=0 crypto rx=0 tx=0 comp rx=0 tx=0).connect
2026-03-10T06:16:54.476 INFO:teuthology.orchestra.run.vm04.stdout:/usr/bin/ceph: stderr
2026-03-10T06:16:53.279+0000 7fc1d49c7700 1 -- 192.168.123.104:0/2861984136 <== mon.0 v2:192.168.123.104:3300/0 5 ==== osd_map(1..1 src has 1..1) v4 ==== 725+0+0 (secure 0 0 0) 0x7fc1b804cfa0 con 0x7fc1d007acf0
2026-03-10T06:16:54.476 INFO:teuthology.orchestra.run.vm04.stdout:/usr/bin/ceph: stderr
2026-03-10T06:16:53.279+0000 7fc1ce7fc700 1 --2- 192.168.123.104:0/2861984136 >> [v2:192.168.123.104:6800/2,v1:192.168.123.104:6801/2] conn(0x7fc1bc038470 0x7fc1bc03a920 unknown :-1 s=BANNER_CONNECTING pgs=0 cs=0 l=1 rev1=0 crypto rx=0 tx=0 comp rx=0 tx=0)._handle_peer_banner_payload supported=3 required=0
2026-03-10T06:16:54.476 INFO:teuthology.orchestra.run.vm04.stdout:/usr/bin/ceph: stderr
2026-03-10T06:16:53.280+0000 7fc1d59c9700 1 -- 192.168.123.104:0/2861984136 --> [v2:192.168.123.104:3300/0,v1:192.168.123.104:6789/0] -- mon_command({"prefix": "get_command_descriptions"} v 0) v1 -- 0x7fc1d0062380 con 0x7fc1d007acf0
2026-03-10T06:16:54.476 INFO:teuthology.orchestra.run.vm04.stdout:/usr/bin/ceph: stderr
2026-03-10T06:16:53.280+0000 7fc1ce7fc700 1 --2- 192.168.123.104:0/2861984136 >> [v2:192.168.123.104:6800/2,v1:192.168.123.104:6801/2] conn(0x7fc1bc038470 0x7fc1bc03a920 secure :-1 s=READY pgs=8 cs=0 l=1 rev1=1 crypto rx=0x7fc1c0006fd0 tx=0x7fc1c0006e40 comp rx=0 tx=0).ready entity=mgr.14100 client_cookie=0 server_cookie=0 in_seq=0 out_seq=0
2026-03-10T06:16:54.476 INFO:teuthology.orchestra.run.vm04.stdout:/usr/bin/ceph: stderr
2026-03-10T06:16:53.283+0000 7fc1d49c7700 1 -- 192.168.123.104:0/2861984136 <== mon.0 v2:192.168.123.104:3300/0 6 ==== mon_command_ack([{"prefix": "get_command_descriptions"}]=0 v0) v1 ==== 72+0+177933 (secure 0 0 0) 0x7fc1b802b430 con 0x7fc1d007acf0
2026-03-10T06:16:54.476 INFO:teuthology.orchestra.run.vm04.stdout:/usr/bin/ceph: stderr
2026-03-10T06:16:53.416+0000 7fc1d59c9700 1 -- 192.168.123.104:0/2861984136 --> [v2:192.168.123.104:3300/0,v1:192.168.123.104:6789/0] -- mon_command({"prefix": "mgr module enable", "module": "cephadm"} v 0) v1 -- 0x7fc1d019f280 con 0x7fc1d007acf0
2026-03-10T06:16:54.476 INFO:teuthology.orchestra.run.vm04.stdout:/usr/bin/ceph: stderr
2026-03-10T06:16:54.425+0000 7fc1d49c7700 1 -- 192.168.123.104:0/2861984136 <== mon.0 v2:192.168.123.104:3300/0 7 ==== mgrmap(e 5) v1 ==== 45079+0+0 (secure 0 0 0) 0x7fc1b802b7b0 con 0x7fc1d007acf0
2026-03-10T06:16:54.476 INFO:teuthology.orchestra.run.vm04.stdout:/usr/bin/ceph: stderr
2026-03-10T06:16:54.427+0000 7fc1d49c7700 1 -- 192.168.123.104:0/2861984136 <== mon.0 v2:192.168.123.104:3300/0 8 ==== mon_command_ack([{"prefix": "mgr module enable", "module": "cephadm"}]=0 v5) v1 ==== 86+0+0 (secure 0 0 0) 0x7fc1b801aa30 con 0x7fc1d007acf0
2026-03-10T06:16:54.476 INFO:teuthology.orchestra.run.vm04.stdout:/usr/bin/ceph: stderr
2026-03-10T06:16:54.430+0000 7fc1d59c9700 1 -- 192.168.123.104:0/2861984136 >> [v2:192.168.123.104:6800/2,v1:192.168.123.104:6801/2] conn(0x7fc1bc038470 msgr2=0x7fc1bc03a920 secure :-1 s=STATE_CONNECTION_ESTABLISHED l=1).mark_down
2026-03-10T06:16:54.476 INFO:teuthology.orchestra.run.vm04.stdout:/usr/bin/ceph: stderr
2026-03-10T06:16:54.430+0000 7fc1d59c9700 1 --2- 192.168.123.104:0/2861984136 >> [v2:192.168.123.104:6800/2,v1:192.168.123.104:6801/2] conn(0x7fc1bc038470 0x7fc1bc03a920 secure :-1 s=READY pgs=8 cs=0 l=1 rev1=1 crypto rx=0x7fc1c0006fd0 tx=0x7fc1c0006e40 comp rx=0 tx=0).stop
2026-03-10T06:16:54.476 INFO:teuthology.orchestra.run.vm04.stdout:/usr/bin/ceph: stderr
2026-03-10T06:16:54.430+0000 7fc1d59c9700 1 -- 192.168.123.104:0/2861984136 >> [v2:192.168.123.104:3300/0,v1:192.168.123.104:6789/0] conn(0x7fc1d007acf0 msgr2=0x7fc1d019bc30 secure :-1 s=STATE_CONNECTION_ESTABLISHED l=1).mark_down
2026-03-10T06:16:54.476 INFO:teuthology.orchestra.run.vm04.stdout:/usr/bin/ceph: stderr
2026-03-10T06:16:54.430+0000 7fc1d59c9700 1 --2- 192.168.123.104:0/2861984136 >> [v2:192.168.123.104:3300/0,v1:192.168.123.104:6789/0] conn(0x7fc1d007acf0 0x7fc1d019bc30 secure :-1 s=READY pgs=23 cs=0 l=1 rev1=1 crypto rx=0x7fc1b800be40 tx=0x7fc1b800bf20 comp rx=0 tx=0).stop
2026-03-10T06:16:54.476 INFO:teuthology.orchestra.run.vm04.stdout:/usr/bin/ceph: stderr
2026-03-10T06:16:54.430+0000 7fc1d59c9700 1 -- 192.168.123.104:0/2861984136 shutdown_connections
2026-03-10T06:16:54.476 INFO:teuthology.orchestra.run.vm04.stdout:/usr/bin/ceph: stderr
2026-03-10T06:16:54.430+0000 7fc1d59c9700 1 --2- 192.168.123.104:0/2861984136 >> [v2:192.168.123.104:6800/2,v1:192.168.123.104:6801/2] conn(0x7fc1bc038470 0x7fc1bc03a920 unknown :-1 s=CLOSED pgs=8 cs=0 l=1 rev1=1 crypto rx=0 tx=0 comp rx=0 tx=0).stop
2026-03-10T06:16:54.476 INFO:teuthology.orchestra.run.vm04.stdout:/usr/bin/ceph: stderr
2026-03-10T06:16:54.430+0000 7fc1d59c9700 1 --2- 192.168.123.104:0/2861984136 >> [v2:192.168.123.104:3300/0,v1:192.168.123.104:6789/0] conn(0x7fc1d007acf0 0x7fc1d019bc30 unknown :-1 s=CLOSED pgs=23 cs=0 l=1 rev1=1 crypto rx=0 tx=0 comp rx=0 tx=0).stop
2026-03-10T06:16:54.476 INFO:teuthology.orchestra.run.vm04.stdout:/usr/bin/ceph: stderr
2026-03-10T06:16:54.430+0000 7fc1d59c9700 1 -- 192.168.123.104:0/2861984136 >> 192.168.123.104:0/2861984136 conn(0x7fc1d01013a0 msgr2=0x7fc1d0101fa0 unknown :-1 s=STATE_NONE l=0).mark_down
2026-03-10T06:16:54.476 INFO:teuthology.orchestra.run.vm04.stdout:/usr/bin/ceph: stderr
2026-03-10T06:16:54.430+0000 7fc1d59c9700 1 -- 192.168.123.104:0/2861984136 shutdown_connections
2026-03-10T06:16:54.476 INFO:teuthology.orchestra.run.vm04.stdout:/usr/bin/ceph: stderr
2026-03-10T06:16:54.431+0000 7fc1d59c9700 1 -- 192.168.123.104:0/2861984136 wait complete.
2026-03-10T06:16:54.678 INFO:journalctl@ceph.mon.vm04.vm04.stdout:Mar 10 06:16:54 vm04 ceph-mon[51058]: from='client.? 192.168.123.104:0/2861984136' entity='client.admin' cmd=[{"prefix": "mgr module enable", "module": "cephadm"}]: dispatch
2026-03-10T06:16:54.834 INFO:teuthology.orchestra.run.vm04.stdout:/usr/bin/ceph: stdout {
2026-03-10T06:16:54.834 INFO:teuthology.orchestra.run.vm04.stdout:/usr/bin/ceph: stdout "epoch": 5,
2026-03-10T06:16:54.834 INFO:teuthology.orchestra.run.vm04.stdout:/usr/bin/ceph: stdout "available": true,
2026-03-10T06:16:54.834 INFO:teuthology.orchestra.run.vm04.stdout:/usr/bin/ceph: stdout "active_name": "vm04.exdvdb",
2026-03-10T06:16:54.834 INFO:teuthology.orchestra.run.vm04.stdout:/usr/bin/ceph: stdout "num_standby": 0
2026-03-10T06:16:54.834 INFO:teuthology.orchestra.run.vm04.stdout:/usr/bin/ceph: stdout }
2026-03-10T06:16:54.834 INFO:teuthology.orchestra.run.vm04.stdout:/usr/bin/ceph: stderr
2026-03-10T06:16:54.603+0000 7fafac3b0700 1 Processor -- start
2026-03-10T06:16:54.834 INFO:teuthology.orchestra.run.vm04.stdout:/usr/bin/ceph: stderr
2026-03-10T06:16:54.603+0000 7fafac3b0700 1 -- start start
2026-03-10T06:16:54.834 INFO:teuthology.orchestra.run.vm04.stdout:/usr/bin/ceph: stderr
2026-03-10T06:16:54.604+0000 7fafac3b0700 1 --2- >> [v2:192.168.123.104:3300/0,v1:192.168.123.104:6789/0] conn(0x7fafa4105c00 0x7fafa4106010 unknown :-1 s=NONE pgs=0 cs=0 l=0 rev1=0 crypto rx=0 tx=0 comp rx=0 tx=0).connect
2026-03-10T06:16:54.834 INFO:teuthology.orchestra.run.vm04.stdout:/usr/bin/ceph: stderr
2026-03-10T06:16:54.604+0000 7fafac3b0700 1 -- --> [v2:192.168.123.104:3300/0,v1:192.168.123.104:6789/0] -- mon_getmap magic: 0 v1 -- 0x7fafa4106550 con 0x7fafa4105c00
2026-03-10T06:16:54.835 INFO:teuthology.orchestra.run.vm04.stdout:/usr/bin/ceph: stderr
2026-03-10T06:16:54.604+0000 7fafaa14c700 1 --2- >> [v2:192.168.123.104:3300/0,v1:192.168.123.104:6789/0] conn(0x7fafa4105c00 0x7fafa4106010 unknown :-1 s=BANNER_CONNECTING pgs=0 cs=0 l=0 rev1=0 crypto rx=0 tx=0 comp rx=0 tx=0)._handle_peer_banner_payload supported=3 required=0
2026-03-10T06:16:54.835 INFO:teuthology.orchestra.run.vm04.stdout:/usr/bin/ceph: stderr
2026-03-10T06:16:54.604+0000 7fafaa14c700 1 --2- >> [v2:192.168.123.104:3300/0,v1:192.168.123.104:6789/0] conn(0x7fafa4105c00 0x7fafa4106010 unknown :-1 s=HELLO_CONNECTING pgs=0 cs=0 l=0 rev1=1 crypto rx=0 tx=0 comp rx=0 tx=0).handle_hello peer v2:192.168.123.104:3300/0 says I am v2:192.168.123.104:46530/0 (socket says 192.168.123.104:46530)
2026-03-10T06:16:54.835 INFO:teuthology.orchestra.run.vm04.stdout:/usr/bin/ceph: stderr
2026-03-10T06:16:54.604+0000 7fafaa14c700 1 -- 192.168.123.104:0/3948089110 learned_addr learned my addr 192.168.123.104:0/3948089110 (peer_addr_for_me v2:192.168.123.104:0/0)
2026-03-10T06:16:54.835 INFO:teuthology.orchestra.run.vm04.stdout:/usr/bin/ceph: stderr
2026-03-10T06:16:54.605+0000 7fafaa14c700 1 -- 192.168.123.104:0/3948089110 --> [v2:192.168.123.104:3300/0,v1:192.168.123.104:6789/0] -- mon_subscribe({config=0+,monmap=0+}) v3 -- 0x7fafa4106690 con 0x7fafa4105c00
2026-03-10T06:16:54.835 INFO:teuthology.orchestra.run.vm04.stdout:/usr/bin/ceph: stderr
2026-03-10T06:16:54.605+0000 7fafaa14c700 1 --2- 192.168.123.104:0/3948089110 >> [v2:192.168.123.104:3300/0,v1:192.168.123.104:6789/0] conn(0x7fafa4105c00 0x7fafa4106010 secure :-1 s=READY pgs=26 cs=0 l=1 rev1=1 crypto rx=0x7fafa0009a90 tx=0x7fafa0009da0 comp rx=0 tx=0).ready entity=mon.0 client_cookie=a2dc36c9c3b3a6fd server_cookie=0 in_seq=0 out_seq=0
2026-03-10T06:16:54.835 INFO:teuthology.orchestra.run.vm04.stdout:/usr/bin/ceph: stderr
2026-03-10T06:16:54.605+0000 7fafa914a700 1 -- 192.168.123.104:0/3948089110 <== mon.0 v2:192.168.123.104:3300/0 1 ==== mon_map magic: 0 v1 ==== 214+0+0 (secure 0 0 0) 0x7fafa0004030 con 0x7fafa4105c00
2026-03-10T06:16:54.835 INFO:teuthology.orchestra.run.vm04.stdout:/usr/bin/ceph: stderr
2026-03-10T06:16:54.605+0000 7fafa914a700 1 -- 192.168.123.104:0/3948089110 <== mon.0 v2:192.168.123.104:3300/0 2 ==== config(28 keys) v1 ==== 1075+0+0 (secure 0 0 0) 0x7fafa000b7e0 con 0x7fafa4105c00
2026-03-10T06:16:54.835 INFO:teuthology.orchestra.run.vm04.stdout:/usr/bin/ceph: stderr
2026-03-10T06:16:54.606+0000 7fafac3b0700 1 -- 192.168.123.104:0/3948089110 >> [v2:192.168.123.104:3300/0,v1:192.168.123.104:6789/0] conn(0x7fafa4105c00 msgr2=0x7fafa4106010 secure :-1 s=STATE_CONNECTION_ESTABLISHED l=1).mark_down
2026-03-10T06:16:54.835 INFO:teuthology.orchestra.run.vm04.stdout:/usr/bin/ceph: stderr
2026-03-10T06:16:54.606+0000 7fafac3b0700 1 --2- 192.168.123.104:0/3948089110 >> [v2:192.168.123.104:3300/0,v1:192.168.123.104:6789/0] conn(0x7fafa4105c00 0x7fafa4106010 secure :-1 s=READY pgs=26 cs=0 l=1 rev1=1 crypto rx=0x7fafa0009a90 tx=0x7fafa0009da0 comp rx=0 tx=0).stop
2026-03-10T06:16:54.835 INFO:teuthology.orchestra.run.vm04.stdout:/usr/bin/ceph: stderr
2026-03-10T06:16:54.606+0000 7fafac3b0700 1 -- 192.168.123.104:0/3948089110 shutdown_connections
2026-03-10T06:16:54.835 INFO:teuthology.orchestra.run.vm04.stdout:/usr/bin/ceph: stderr
2026-03-10T06:16:54.606+0000 7fafac3b0700 1 --2- 192.168.123.104:0/3948089110 >> [v2:192.168.123.104:3300/0,v1:192.168.123.104:6789/0] conn(0x7fafa4105c00 0x7fafa4106010 unknown :-1 s=CLOSED pgs=26 cs=0 l=1 rev1=1 crypto rx=0 tx=0 comp rx=0 tx=0).stop
2026-03-10T06:16:54.835 INFO:teuthology.orchestra.run.vm04.stdout:/usr/bin/ceph: stderr
2026-03-10T06:16:54.606+0000 7fafac3b0700 1 -- 192.168.123.104:0/3948089110 >> 192.168.123.104:0/3948089110 conn(0x7fafa4101250 msgr2=0x7fafa4103680 unknown :-1 s=STATE_NONE l=0).mark_down
2026-03-10T06:16:54.835 INFO:teuthology.orchestra.run.vm04.stdout:/usr/bin/ceph: stderr
2026-03-10T06:16:54.606+0000 7fafac3b0700 1 -- 192.168.123.104:0/3948089110 shutdown_connections
2026-03-10T06:16:54.835 INFO:teuthology.orchestra.run.vm04.stdout:/usr/bin/ceph: stderr
2026-03-10T06:16:54.606+0000 7fafac3b0700 1 -- 192.168.123.104:0/3948089110 wait complete.
2026-03-10T06:16:54.835 INFO:teuthology.orchestra.run.vm04.stdout:/usr/bin/ceph: stderr
2026-03-10T06:16:54.607+0000 7fafac3b0700 1 Processor -- start
2026-03-10T06:16:54.835 INFO:teuthology.orchestra.run.vm04.stdout:/usr/bin/ceph: stderr
2026-03-10T06:16:54.607+0000 7fafac3b0700 1 -- start start
2026-03-10T06:16:54.835 INFO:teuthology.orchestra.run.vm04.stdout:/usr/bin/ceph: stderr
2026-03-10T06:16:54.607+0000 7fafac3b0700 1 --2- >> [v2:192.168.123.104:3300/0,v1:192.168.123.104:6789/0] conn(0x7fafa407bc30 0x7fafa407a2c0 unknown :-1 s=NONE pgs=0 cs=0 l=1 rev1=0 crypto rx=0 tx=0 comp rx=0 tx=0).connect
2026-03-10T06:16:54.835 INFO:teuthology.orchestra.run.vm04.stdout:/usr/bin/ceph: stderr
2026-03-10T06:16:54.607+0000 7fafac3b0700 1 -- --> [v2:192.168.123.104:3300/0,v1:192.168.123.104:6789/0] -- mon_getmap magic: 0 v1 -- 0x7fafa4106550 con 0x7fafa407bc30
2026-03-10T06:16:54.835 INFO:teuthology.orchestra.run.vm04.stdout:/usr/bin/ceph: stderr
2026-03-10T06:16:54.608+0000 7fafaa14c700 1 --2- >> [v2:192.168.123.104:3300/0,v1:192.168.123.104:6789/0] conn(0x7fafa407bc30 0x7fafa407a2c0 unknown :-1 s=BANNER_CONNECTING pgs=0 cs=0 l=1 rev1=0 crypto rx=0 tx=0 comp rx=0 tx=0)._handle_peer_banner_payload supported=3 required=0
2026-03-10T06:16:54.835 INFO:teuthology.orchestra.run.vm04.stdout:/usr/bin/ceph: stderr
2026-03-10T06:16:54.608+0000 7fafaa14c700 1 --2- >> [v2:192.168.123.104:3300/0,v1:192.168.123.104:6789/0] conn(0x7fafa407bc30 0x7fafa407a2c0 unknown :-1 s=HELLO_CONNECTING pgs=0 cs=0 l=1 rev1=1 crypto rx=0 tx=0 comp rx=0 tx=0).handle_hello peer v2:192.168.123.104:3300/0 says I am v2:192.168.123.104:46538/0 (socket says 192.168.123.104:46538)
2026-03-10T06:16:54.835 INFO:teuthology.orchestra.run.vm04.stdout:/usr/bin/ceph: stderr
2026-03-10T06:16:54.608+0000 7fafaa14c700 1 -- 192.168.123.104:0/1609401590 learned_addr learned my addr 192.168.123.104:0/1609401590 (peer_addr_for_me v2:192.168.123.104:0/0)
2026-03-10T06:16:54.835 INFO:teuthology.orchestra.run.vm04.stdout:/usr/bin/ceph: stderr
2026-03-10T06:16:54.608+0000 7fafaa14c700 1 -- 192.168.123.104:0/1609401590 --> [v2:192.168.123.104:3300/0,v1:192.168.123.104:6789/0] -- mon_subscribe({config=0+,monmap=0+}) v3 -- 0x7fafa0009740 con 0x7fafa407bc30
2026-03-10T06:16:54.835 INFO:teuthology.orchestra.run.vm04.stdout:/usr/bin/ceph: stderr
2026-03-10T06:16:54.608+0000 7fafaa14c700 1 --2- 192.168.123.104:0/1609401590 >> [v2:192.168.123.104:3300/0,v1:192.168.123.104:6789/0] conn(0x7fafa407bc30 0x7fafa407a2c0 secure :-1 s=READY pgs=27 cs=0 l=1 rev1=1 crypto rx=0x7fafa000bdb0 tx=0x7fafa000be90 comp rx=0 tx=0).ready entity=mon.0 client_cookie=0 server_cookie=0 in_seq=0 out_seq=0
2026-03-10T06:16:54.835 INFO:teuthology.orchestra.run.vm04.stdout:/usr/bin/ceph: stderr
2026-03-10T06:16:54.612+0000 7faf9b7fe700 1 -- 192.168.123.104:0/1609401590 <== mon.0 v2:192.168.123.104:3300/0 1 ==== mon_map magic: 0 v1 ==== 214+0+0 (secure 0 0 0) 0x7fafa0003ec0 con 0x7fafa407bc30
2026-03-10T06:16:54.835 INFO:teuthology.orchestra.run.vm04.stdout:/usr/bin/ceph: stderr
2026-03-10T06:16:54.612+0000 7fafac3b0700 1 -- 192.168.123.104:0/1609401590 --> [v2:192.168.123.104:3300/0,v1:192.168.123.104:6789/0] -- mon_subscribe({mgrmap=0+}) v3 -- 0x7fafa407c040 con 0x7fafa407bc30
2026-03-10T06:16:54.835 INFO:teuthology.orchestra.run.vm04.stdout:/usr/bin/ceph: stderr
2026-03-10T06:16:54.612+0000 7fafac3b0700 1 -- 192.168.123.104:0/1609401590 --> [v2:192.168.123.104:3300/0,v1:192.168.123.104:6789/0] -- mon_subscribe({osdmap=0}) v3 -- 0x7fafa407a9d0 con 0x7fafa407bc30
2026-03-10T06:16:54.835 INFO:teuthology.orchestra.run.vm04.stdout:/usr/bin/ceph: stderr
2026-03-10T06:16:54.613+0000 7faf9b7fe700 1 -- 192.168.123.104:0/1609401590 <== mon.0 v2:192.168.123.104:3300/0 2 ==== config(28 keys) v1 ==== 1075+0+0 (secure 0 0 0) 0x7fafa00044c0 con 0x7fafa407bc30
2026-03-10T06:16:54.836 INFO:teuthology.orchestra.run.vm04.stdout:/usr/bin/ceph: stderr
2026-03-10T06:16:54.613+0000 7faf9b7fe700 1 -- 192.168.123.104:0/1609401590 <== mon.0 v2:192.168.123.104:3300/0 3 ==== mon_map magic: 0 v1 ==== 214+0+0 (secure 0 0 0) 0x7fafa001ace0 con 0x7fafa407bc30
2026-03-10T06:16:54.836 INFO:teuthology.orchestra.run.vm04.stdout:/usr/bin/ceph: stderr
2026-03-10T06:16:54.613+0000 7fafac3b0700 1 -- 192.168.123.104:0/1609401590 --> [v2:192.168.123.104:3300/0,v1:192.168.123.104:6789/0] -- mon_command({"prefix": "get_command_descriptions"} v 0) v1 -- 0x7faf88005320 con 0x7fafa407bc30
2026-03-10T06:16:54.836 INFO:teuthology.orchestra.run.vm04.stdout:/usr/bin/ceph: stderr
2026-03-10T06:16:54.614+0000 7faf9b7fe700 1 -- 192.168.123.104:0/1609401590 <== mon.0 v2:192.168.123.104:3300/0 4 ==== mgrmap(e 5) v1 ==== 45079+0+0 (secure 0 0 0) 0x7fafa001a5f0 con 0x7fafa407bc30
2026-03-10T06:16:54.836 INFO:teuthology.orchestra.run.vm04.stdout:/usr/bin/ceph: stderr
2026-03-10T06:16:54.614+0000 7faf9b7fe700 1 --2- 192.168.123.104:0/1609401590 >> [v2:192.168.123.104:6800/2,v1:192.168.123.104:6801/2] conn(0x7faf90038560 0x7faf9003aa10 unknown :-1 s=NONE pgs=0 cs=0 l=1 rev1=0 crypto rx=0 tx=0 comp rx=0 tx=0).connect
2026-03-10T06:16:54.836 INFO:teuthology.orchestra.run.vm04.stdout:/usr/bin/ceph: stderr
2026-03-10T06:16:54.614+0000 7fafa994b700 1 -- 192.168.123.104:0/1609401590 >> [v2:192.168.123.104:6800/2,v1:192.168.123.104:6801/2] conn(0x7faf90038560 msgr2=0x7faf9003aa10 unknown :-1 s=STATE_CONNECTING_RE l=1).process reconnect failed to v2:192.168.123.104:6800/2
2026-03-10T06:16:54.836 INFO:teuthology.orchestra.run.vm04.stdout:/usr/bin/ceph: stderr
2026-03-10T06:16:54.614+0000 7fafa994b700 1 --2- 192.168.123.104:0/1609401590 >> [v2:192.168.123.104:6800/2,v1:192.168.123.104:6801/2] conn(0x7faf90038560 0x7faf9003aa10 unknown :-1 s=START_CONNECT pgs=0 cs=0 l=1 rev1=0 crypto rx=0 tx=0 comp rx=0 tx=0)._fault waiting 0.200000
2026-03-10T06:16:54.836 INFO:teuthology.orchestra.run.vm04.stdout:/usr/bin/ceph: stderr
2026-03-10T06:16:54.615+0000 7faf9b7fe700 1 -- 192.168.123.104:0/1609401590 <== mon.0 v2:192.168.123.104:3300/0 5 ==== osd_map(1..1 src has 1..1) v4 ==== 725+0+0 (secure 0 0 0) 0x7fafa004b9e0 con 0x7fafa407bc30
2026-03-10T06:16:54.836 INFO:teuthology.orchestra.run.vm04.stdout:/usr/bin/ceph: stderr
2026-03-10T06:16:54.622+0000 7faf9b7fe700 1 -- 192.168.123.104:0/1609401590 <== mon.0 v2:192.168.123.104:3300/0 6 ==== mon_command_ack([{"prefix": "get_command_descriptions"}]=0 v0) v1 ==== 72+0+177933 (secure 0 0 0) 0x7fafa0004630 con 0x7fafa407bc30
2026-03-10T06:16:54.836 INFO:teuthology.orchestra.run.vm04.stdout:/usr/bin/ceph: stderr
2026-03-10T06:16:54.758+0000 7fafac3b0700 1 -- 192.168.123.104:0/1609401590 --> [v2:192.168.123.104:3300/0,v1:192.168.123.104:6789/0] -- mon_command({"prefix": "mgr stat"} v 0) v1 -- 0x7faf88006200 con 0x7fafa407bc30
2026-03-10T06:16:54.836 INFO:teuthology.orchestra.run.vm04.stdout:/usr/bin/ceph: stderr
2026-03-10T06:16:54.758+0000 7faf9b7fe700 1 -- 192.168.123.104:0/1609401590 <== mon.0 v2:192.168.123.104:3300/0 7 ==== mon_command_ack([{"prefix": "mgr stat"}]=0 v5) v1 ==== 56+0+98 (secure 0 0 0) 0x7fafa0049070 con 0x7fafa407bc30
2026-03-10T06:16:54.836 INFO:teuthology.orchestra.run.vm04.stdout:/usr/bin/ceph: stderr
2026-03-10T06:16:54.760+0000 7faf997fa700 1 -- 192.168.123.104:0/1609401590 >> [v2:192.168.123.104:6800/2,v1:192.168.123.104:6801/2] conn(0x7faf90038560 msgr2=0x7faf9003aa10 unknown :-1 s=STATE_CONNECTING l=1).mark_down
2026-03-10T06:16:54.836 INFO:teuthology.orchestra.run.vm04.stdout:/usr/bin/ceph: stderr
2026-03-10T06:16:54.760+0000 7faf997fa700 1 --2- 192.168.123.104:0/1609401590 >> [v2:192.168.123.104:6800/2,v1:192.168.123.104:6801/2] conn(0x7faf90038560 0x7faf9003aa10 unknown :-1 s=START_CONNECT pgs=0 cs=0 l=1 rev1=0 crypto rx=0 tx=0 comp rx=0 tx=0).stop
2026-03-10T06:16:54.836 INFO:teuthology.orchestra.run.vm04.stdout:/usr/bin/ceph: stderr
2026-03-10T06:16:54.760+0000 7faf997fa700 1 -- 192.168.123.104:0/1609401590 >> [v2:192.168.123.104:3300/0,v1:192.168.123.104:6789/0] conn(0x7fafa407bc30 msgr2=0x7fafa407a2c0 secure :-1 s=STATE_CONNECTION_ESTABLISHED l=1).mark_down
2026-03-10T06:16:54.836 INFO:teuthology.orchestra.run.vm04.stdout:/usr/bin/ceph: stderr
2026-03-10T06:16:54.760+0000 7faf997fa700 1 --2- 192.168.123.104:0/1609401590 >> [v2:192.168.123.104:3300/0,v1:192.168.123.104:6789/0] conn(0x7fafa407bc30 0x7fafa407a2c0 secure :-1 s=READY pgs=27 cs=0 l=1 rev1=1 crypto rx=0x7fafa000bdb0 tx=0x7fafa000be90 comp rx=0 tx=0).stop
2026-03-10T06:16:54.836 INFO:teuthology.orchestra.run.vm04.stdout:/usr/bin/ceph: stderr
2026-03-10T06:16:54.761+0000 7faf997fa700 1 -- 192.168.123.104:0/1609401590 shutdown_connections
2026-03-10T06:16:54.836 INFO:teuthology.orchestra.run.vm04.stdout:/usr/bin/ceph: stderr
2026-03-10T06:16:54.761+0000 7faf997fa700 1 --2- 192.168.123.104:0/1609401590 >> [v2:192.168.123.104:6800/2,v1:192.168.123.104:6801/2] conn(0x7faf90038560 0x7faf9003aa10 unknown :-1 s=CLOSED pgs=0 cs=0 l=1 rev1=0 crypto rx=0 tx=0 comp rx=0 tx=0).stop
2026-03-10T06:16:54.836 INFO:teuthology.orchestra.run.vm04.stdout:/usr/bin/ceph: stderr
2026-03-10T06:16:54.761+0000 7faf997fa700 1 --2- 192.168.123.104:0/1609401590 >> [v2:192.168.123.104:3300/0,v1:192.168.123.104:6789/0] conn(0x7fafa407bc30 0x7fafa407a2c0 unknown :-1 s=CLOSED pgs=27 cs=0 l=1 rev1=1 crypto rx=0 tx=0 comp rx=0 tx=0).stop
2026-03-10T06:16:54.836 INFO:teuthology.orchestra.run.vm04.stdout:/usr/bin/ceph: stderr
2026-03-10T06:16:54.761+0000 7faf997fa700 1 -- 192.168.123.104:0/1609401590 >> 192.168.123.104:0/1609401590 conn(0x7fafa4101250 msgr2=0x7fafa4101cc0 unknown :-1 s=STATE_NONE l=0).mark_down
2026-03-10T06:16:54.836 INFO:teuthology.orchestra.run.vm04.stdout:/usr/bin/ceph: stderr
2026-03-10T06:16:54.762+0000 7faf997fa700 1 -- 192.168.123.104:0/1609401590 shutdown_connections
2026-03-10T06:16:54.836 INFO:teuthology.orchestra.run.vm04.stdout:/usr/bin/ceph: stderr
2026-03-10T06:16:54.762+0000 7faf997fa700 1 -- 192.168.123.104:0/1609401590 wait complete.
2026-03-10T06:16:54.836 INFO:teuthology.orchestra.run.vm04.stdout:Waiting for the mgr to restart...
2026-03-10T06:16:54.836 INFO:teuthology.orchestra.run.vm04.stdout:Waiting for mgr epoch 5...
2026-03-10T06:16:55.870 INFO:journalctl@ceph.mon.vm04.vm04.stdout:Mar 10 06:16:55 vm04 ceph-mon[51058]: from='client.? 192.168.123.104:0/2861984136' entity='client.admin' cmd='[{"prefix": "mgr module enable", "module": "cephadm"}]': finished
2026-03-10T06:16:55.870 INFO:journalctl@ceph.mon.vm04.vm04.stdout:Mar 10 06:16:55 vm04 ceph-mon[51058]: mgrmap e5: vm04.exdvdb(active, since 4s)
2026-03-10T06:16:55.870 INFO:journalctl@ceph.mon.vm04.vm04.stdout:Mar 10 06:16:55 vm04 ceph-mon[51058]: from='client.? 192.168.123.104:0/1609401590' entity='client.admin' cmd=[{"prefix": "mgr stat"}]: dispatch
2026-03-10T06:16:59.677 INFO:journalctl@ceph.mon.vm04.vm04.stdout:Mar 10 06:16:59 vm04 ceph-mon[51058]: Active manager daemon vm04.exdvdb restarted
2026-03-10T06:16:59.678 INFO:journalctl@ceph.mon.vm04.vm04.stdout:Mar 10 06:16:59 vm04 ceph-mon[51058]: Activating manager daemon vm04.exdvdb
2026-03-10T06:16:59.678 INFO:journalctl@ceph.mon.vm04.vm04.stdout:Mar 10 06:16:59 vm04 ceph-mon[51058]: osdmap e2: 0 total, 0 up, 0 in
2026-03-10T06:16:59.678 INFO:journalctl@ceph.mon.vm04.vm04.stdout:Mar 10 06:16:59 vm04 ceph-mon[51058]: mgrmap e6: vm04.exdvdb(active, starting, since 0.00614017s)
2026-03-10T06:16:59.678 INFO:journalctl@ceph.mon.vm04.vm04.stdout:Mar 10 06:16:59 vm04 ceph-mon[51058]: from='mgr.14120 192.168.123.104:0/2' entity='mgr.vm04.exdvdb' cmd=[{"prefix": "mon metadata", "id": "vm04"}]: dispatch
2026-03-10T06:16:59.678 INFO:journalctl@ceph.mon.vm04.vm04.stdout:Mar 10 06:16:59 vm04 ceph-mon[51058]: from='mgr.14120 192.168.123.104:0/2' entity='mgr.vm04.exdvdb' cmd=[{"prefix": "mgr metadata", "who": "vm04.exdvdb", "id": "vm04.exdvdb"}]: dispatch
2026-03-10T06:16:59.678 INFO:journalctl@ceph.mon.vm04.vm04.stdout:Mar 10 06:16:59 vm04 ceph-mon[51058]: from='mgr.14120 192.168.123.104:0/2' entity='mgr.vm04.exdvdb' cmd=[{"prefix": "mds metadata"}]: dispatch
2026-03-10T06:16:59.678 INFO:journalctl@ceph.mon.vm04.vm04.stdout:Mar 10 06:16:59 vm04 ceph-mon[51058]: from='mgr.14120 192.168.123.104:0/2' entity='mgr.vm04.exdvdb' cmd=[{"prefix": "osd metadata"}]: dispatch
2026-03-10T06:16:59.678 INFO:journalctl@ceph.mon.vm04.vm04.stdout:Mar 10 06:16:59 vm04 ceph-mon[51058]: from='mgr.14120 192.168.123.104:0/2' entity='mgr.vm04.exdvdb' cmd=[{"prefix": "mon metadata"}]: dispatch
2026-03-10T06:16:59.678 INFO:journalctl@ceph.mon.vm04.vm04.stdout:Mar 10 06:16:59 vm04 ceph-mon[51058]: Manager daemon vm04.exdvdb is now available
2026-03-10T06:16:59.678 INFO:journalctl@ceph.mon.vm04.vm04.stdout:Mar 10 06:16:59 vm04 ceph-mon[51058]: from='mgr.14120 192.168.123.104:0/2' entity='mgr.vm04.exdvdb'
2026-03-10T06:16:59.678 INFO:journalctl@ceph.mon.vm04.vm04.stdout:Mar 10 06:16:59 vm04 ceph-mon[51058]: from='mgr.14120 192.168.123.104:0/2' entity='mgr.vm04.exdvdb'
2026-03-10T06:16:59.678 INFO:journalctl@ceph.mon.vm04.vm04.stdout:Mar 10 06:16:59 vm04 ceph-mon[51058]: from='mgr.14120 192.168.123.104:0/2' entity='mgr.vm04.exdvdb' cmd=[{"prefix": "config dump", "format": "json"}]: dispatch
2026-03-10T06:16:59.678 INFO:journalctl@ceph.mon.vm04.vm04.stdout:Mar 10 06:16:59 vm04 ceph-mon[51058]: from='mgr.14120 192.168.123.104:0/2' entity='mgr.vm04.exdvdb' cmd=[{"prefix": "config dump", "format": "json"}]: dispatch
2026-03-10T06:16:59.678 INFO:journalctl@ceph.mon.vm04.vm04.stdout:Mar 10 06:16:59 vm04 ceph-mon[51058]: from='mgr.14120 192.168.123.104:0/2' entity='mgr.vm04.exdvdb' cmd=[{"prefix":"config rm","who":"mgr","name":"mgr/rbd_support/vm04.exdvdb/mirror_snapshot_schedule"}]: dispatch
2026-03-10T06:17:00.291 INFO:teuthology.orchestra.run.vm04.stdout:/usr/bin/ceph: stdout {
2026-03-10T06:17:00.291 INFO:teuthology.orchestra.run.vm04.stdout:/usr/bin/ceph: stdout "mgrmap_epoch": 7,
2026-03-10T06:17:00.291 INFO:teuthology.orchestra.run.vm04.stdout:/usr/bin/ceph: stdout "initialized": true
2026-03-10T06:17:00.291 INFO:teuthology.orchestra.run.vm04.stdout:/usr/bin/ceph: stdout }
2026-03-10T06:17:00.291 INFO:teuthology.orchestra.run.vm04.stdout:/usr/bin/ceph: stderr
2026-03-10T06:16:54.991+0000 7f738216a700 1 Processor -- start
2026-03-10T06:17:00.291 INFO:teuthology.orchestra.run.vm04.stdout:/usr/bin/ceph: stderr
2026-03-10T06:16:54.991+0000 7f738216a700 1 -- start start
2026-03-10T06:17:00.291 INFO:teuthology.orchestra.run.vm04.stdout:/usr/bin/ceph: stderr
2026-03-10T06:16:54.991+0000 7f738216a700 1 --2- >> [v2:192.168.123.104:3300/0,v1:192.168.123.104:6789/0] conn(0x7f737c10e510 0x7f737c10e920 unknown :-1 s=NONE pgs=0 cs=0 l=0 rev1=0 crypto rx=0 tx=0 comp rx=0 tx=0).connect
2026-03-10T06:17:00.291 INFO:teuthology.orchestra.run.vm04.stdout:/usr/bin/ceph: stderr
2026-03-10T06:16:54.991+0000 7f738216a700 1 -- --> [v2:192.168.123.104:3300/0,v1:192.168.123.104:6789/0] -- mon_getmap magic: 0 v1 -- 0x7f737c10ee60 con 0x7f737c10e510
2026-03-10T06:17:00.291 INFO:teuthology.orchestra.run.vm04.stdout:/usr/bin/ceph: stderr
2026-03-10T06:16:54.991+0000 7f737b7fe700 1 --2- >> [v2:192.168.123.104:3300/0,v1:192.168.123.104:6789/0] conn(0x7f737c10e510 0x7f737c10e920 unknown :-1 s=BANNER_CONNECTING pgs=0 cs=0 l=0 rev1=0 crypto rx=0 tx=0 comp rx=0 tx=0)._handle_peer_banner_payload supported=3 required=0
2026-03-10T06:17:00.291 INFO:teuthology.orchestra.run.vm04.stdout:/usr/bin/ceph: stderr
