2026-03-10T06:17:08.879+0000 7f4bd2251700 1 --2- >> [v2:192.168.123.104:3300/0,v1:192.168.123.104:6789/0] conn(0x7f4bcc071200 0x7f4bcc071610 unknown :-1 s=BANNER_CONNECTING pgs=0 cs=0 l=0 rev1=0 crypto rx=0 tx=0 comp rx=0 tx=0)._handle_peer_banner_payload supported=3 required=0
2026-03-10T06:17:14.195 INFO:teuthology.orchestra.run.vm04.stdout:/usr/bin/ceph: stderr
2026-03-10T06:17:08.879+0000 7f4bd2251700 1 --2- >> [v2:192.168.123.104:3300/0,v1:192.168.123.104:6789/0] conn(0x7f4bcc071200 0x7f4bcc071610 unknown :-1 s=HELLO_CONNECTING pgs=0 cs=0 l=0 rev1=1 crypto rx=0 tx=0 comp rx=0 tx=0).handle_hello peer v2:192.168.123.104:3300/0 says I am v2:192.168.123.104:60850/0 (socket says 192.168.123.104:60850)
2026-03-10T06:17:14.195 INFO:teuthology.orchestra.run.vm04.stdout:/usr/bin/ceph: stderr
2026-03-10T06:17:08.879+0000 7f4bd2251700 1 -- 192.168.123.104:0/3529111522 learned_addr learned my addr 192.168.123.104:0/3529111522 (peer_addr_for_me v2:192.168.123.104:0/0)
2026-03-10T06:17:14.195 INFO:teuthology.orchestra.run.vm04.stdout:/usr/bin/ceph: stderr
2026-03-10T06:17:08.879+0000 7f4bd2251700 1 -- 192.168.123.104:0/3529111522 --> [v2:192.168.123.104:3300/0,v1:192.168.123.104:6789/0] -- mon_subscribe({config=0+,monmap=0+}) v3 -- 0x7f4bcc0729f0 con 0x7f4bcc071200
2026-03-10T06:17:14.195 INFO:teuthology.orchestra.run.vm04.stdout:/usr/bin/ceph: stderr
2026-03-10T06:17:08.879+0000 7f4bd2251700 1 --2- 192.168.123.104:0/3529111522 >> [v2:192.168.123.104:3300/0,v1:192.168.123.104:6789/0] conn(0x7f4bcc071200 0x7f4bcc071610 secure :-1 s=READY pgs=73 cs=0 l=1 rev1=1 crypto rx=0x7f4bc8009a90 tx=0x7f4bc8009da0 comp rx=0 tx=0).ready entity=mon.0 client_cookie=d995e7a31ae10f71 server_cookie=0 in_seq=0 out_seq=0
2026-03-10T06:17:14.195 INFO:teuthology.orchestra.run.vm04.stdout:/usr/bin/ceph: stderr
2026-03-10T06:17:08.879+0000 7f4bd124f700 1 -- 192.168.123.104:0/3529111522 <== mon.0 v2:192.168.123.104:3300/0 1 ==== mon_map magic: 0 v1 ==== 214+0+0 (secure 0 0 0) 0x7f4bc8004030 con 0x7f4bcc071200
2026-03-10T06:17:14.195 INFO:teuthology.orchestra.run.vm04.stdout:/usr/bin/ceph: stderr
2026-03-10T06:17:08.881+0000 7f4bd124f700 1 -- 192.168.123.104:0/3529111522 <== mon.0 v2:192.168.123.104:3300/0 2 ==== config(28 keys) v1 ==== 1139+0+0 (secure 0 0 0) 0x7f4bc800b7e0 con 0x7f4bcc071200
2026-03-10T06:17:14.195 INFO:teuthology.orchestra.run.vm04.stdout:/usr/bin/ceph: stderr
2026-03-10T06:17:08.881+0000 7f4bd44b5700 1 -- 192.168.123.104:0/3529111522 >> [v2:192.168.123.104:3300/0,v1:192.168.123.104:6789/0] conn(0x7f4bcc071200 msgr2=0x7f4bcc071610 secure :-1 s=STATE_CONNECTION_ESTABLISHED l=1).mark_down
2026-03-10T06:17:14.195 INFO:teuthology.orchestra.run.vm04.stdout:/usr/bin/ceph: stderr
2026-03-10T06:17:08.881+0000 7f4bd44b5700 1 --2- 192.168.123.104:0/3529111522 >> [v2:192.168.123.104:3300/0,v1:192.168.123.104:6789/0] conn(0x7f4bcc071200 0x7f4bcc071610 secure :-1 s=READY pgs=73 cs=0 l=1 rev1=1 crypto rx=0x7f4bc8009a90 tx=0x7f4bc8009da0 comp rx=0 tx=0).stop
2026-03-10T06:17:14.195 INFO:teuthology.orchestra.run.vm04.stdout:/usr/bin/ceph: stderr
2026-03-10T06:17:08.881+0000 7f4bd44b5700 1 -- 192.168.123.104:0/3529111522 shutdown_connections
2026-03-10T06:17:14.195 INFO:teuthology.orchestra.run.vm04.stdout:/usr/bin/ceph: stderr
2026-03-10T06:17:08.881+0000 7f4bd44b5700 1 --2- 192.168.123.104:0/3529111522 >> [v2:192.168.123.104:3300/0,v1:192.168.123.104:6789/0] conn(0x7f4bcc071200 0x7f4bcc071610 unknown :-1 s=CLOSED pgs=73 cs=0 l=1 rev1=1 crypto rx=0 tx=0 comp rx=0 tx=0).stop
2026-03-10T06:17:14.195 INFO:teuthology.orchestra.run.vm04.stdout:/usr/bin/ceph: stderr
2026-03-10T06:17:08.881+0000 7f4bd44b5700 1 -- 192.168.123.104:0/3529111522 >> 192.168.123.104:0/3529111522 conn(0x7f4bcc06cc30 msgr2=0x7f4bcc06f060 unknown :-1 s=STATE_NONE l=0).mark_down
2026-03-10T06:17:14.195 INFO:teuthology.orchestra.run.vm04.stdout:/usr/bin/ceph: stderr
2026-03-10T06:17:08.881+0000 7f4bd44b5700 1 -- 192.168.123.104:0/3529111522 shutdown_connections
2026-03-10T06:17:14.195 INFO:teuthology.orchestra.run.vm04.stdout:/usr/bin/ceph: stderr
2026-03-10T06:17:08.881+0000 7f4bd44b5700 1 -- 192.168.123.104:0/3529111522 wait complete.
2026-03-10T06:17:14.195 INFO:teuthology.orchestra.run.vm04.stdout:/usr/bin/ceph: stderr
2026-03-10T06:17:08.882+0000 7f4bd44b5700 1 Processor -- start
2026-03-10T06:17:14.195 INFO:teuthology.orchestra.run.vm04.stdout:/usr/bin/ceph: stderr
2026-03-10T06:17:08.882+0000 7f4bd44b5700 1 -- start start
2026-03-10T06:17:14.195 INFO:teuthology.orchestra.run.vm04.stdout:/usr/bin/ceph: stderr
2026-03-10T06:17:08.882+0000 7f4bd44b5700 1 --2- >> [v2:192.168.123.104:3300/0,v1:192.168.123.104:6789/0] conn(0x7f4bcc1a89c0 0x7f4bcc1a8dd0 unknown :-1 s=NONE pgs=0 cs=0 l=1 rev1=0 crypto rx=0 tx=0 comp rx=0 tx=0).connect
2026-03-10T06:17:14.195 INFO:teuthology.orchestra.run.vm04.stdout:/usr/bin/ceph: stderr
2026-03-10T06:17:08.882+0000 7f4bd44b5700 1 -- --> [v2:192.168.123.104:3300/0,v1:192.168.123.104:6789/0] -- mon_getmap magic: 0 v1 -- 0x7f4bcc0728b0 con 0x7f4bcc1a89c0
2026-03-10T06:17:14.195 INFO:teuthology.orchestra.run.vm04.stdout:/usr/bin/ceph: stderr
2026-03-10T06:17:08.882+0000 7f4bd2251700 1 --2- >> [v2:192.168.123.104:3300/0,v1:192.168.123.104:6789/0] conn(0x7f4bcc1a89c0 0x7f4bcc1a8dd0 unknown :-1 s=BANNER_CONNECTING pgs=0 cs=0 l=1 rev1=0 crypto rx=0 tx=0 comp rx=0 tx=0)._handle_peer_banner_payload supported=3 required=0
2026-03-10T06:17:14.195 INFO:teuthology.orchestra.run.vm04.stdout:/usr/bin/ceph: stderr
2026-03-10T06:17:08.882+0000 7f4bd2251700 1 --2- >> [v2:192.168.123.104:3300/0,v1:192.168.123.104:6789/0] conn(0x7f4bcc1a89c0 0x7f4bcc1a8dd0 unknown :-1 s=HELLO_CONNECTING pgs=0 cs=0 l=1 rev1=1 crypto rx=0 tx=0 comp rx=0 tx=0).handle_hello peer v2:192.168.123.104:3300/0 says I am v2:192.168.123.104:60854/0 (socket says 192.168.123.104:60854)
2026-03-10T06:17:14.195 INFO:teuthology.orchestra.run.vm04.stdout:/usr/bin/ceph: stderr
2026-03-10T06:17:08.882+0000 7f4bd2251700 1 -- 192.168.123.104:0/186747058 learned_addr learned my addr 192.168.123.104:0/186747058 (peer_addr_for_me v2:192.168.123.104:0/0)
2026-03-10T06:17:14.195 INFO:teuthology.orchestra.run.vm04.stdout:/usr/bin/ceph: stderr
2026-03-10T06:17:08.883+0000 7f4bd2251700 1 -- 192.168.123.104:0/186747058 --> [v2:192.168.123.104:3300/0,v1:192.168.123.104:6789/0] -- mon_subscribe({config=0+,monmap=0+}) v3 -- 0x7f4bc8009740 con 0x7f4bcc1a89c0
2026-03-10T06:17:14.195 INFO:teuthology.orchestra.run.vm04.stdout:/usr/bin/ceph: stderr
2026-03-10T06:17:08.883+0000 7f4bd2251700 1 --2- 192.168.123.104:0/186747058 >> [v2:192.168.123.104:3300/0,v1:192.168.123.104:6789/0] conn(0x7f4bcc1a89c0 0x7f4bcc1a8dd0 secure :-1 s=READY pgs=74 cs=0 l=1 rev1=1 crypto rx=0x7f4bc800bdb0 tx=0x7f4bc800be90 comp rx=0 tx=0).ready entity=mon.0 client_cookie=0 server_cookie=0 in_seq=0 out_seq=0
2026-03-10T06:17:14.195 INFO:teuthology.orchestra.run.vm04.stdout:/usr/bin/ceph: stderr
2026-03-10T06:17:08.884+0000 7f4bc37fe700 1 -- 192.168.123.104:0/186747058 <== mon.0 v2:192.168.123.104:3300/0 1 ==== mon_map magic: 0 v1 ==== 214+0+0 (secure 0 0 0) 0x7f4bc8003710 con 0x7f4bcc1a89c0
2026-03-10T06:17:14.195 INFO:teuthology.orchestra.run.vm04.stdout:/usr/bin/ceph: stderr
2026-03-10T06:17:08.884+0000 7f4bd44b5700 1 -- 192.168.123.104:0/186747058 --> [v2:192.168.123.104:3300/0,v1:192.168.123.104:6789/0] -- mon_subscribe({mgrmap=0+}) v3 -- 0x7f4bcc1a9310 con 0x7f4bcc1a89c0
2026-03-10T06:17:14.195 INFO:teuthology.orchestra.run.vm04.stdout:/usr/bin/ceph: stderr
2026-03-10T06:17:08.884+0000 7f4bd44b5700 1 -- 192.168.123.104:0/186747058 --> [v2:192.168.123.104:3300/0,v1:192.168.123.104:6789/0] -- mon_subscribe({osdmap=0}) v3 -- 0x7f4bcc07b000 con 0x7f4bcc1a89c0
2026-03-10T06:17:14.195 INFO:teuthology.orchestra.run.vm04.stdout:/usr/bin/ceph: stderr
2026-03-10T06:17:08.884+0000 7f4bc37fe700 1 -- 192.168.123.104:0/186747058 <== mon.0 v2:192.168.123.104:3300/0 2 ==== config(28 keys) v1 ==== 1139+0+0 (secure 0 0 0) 0x7f4bc8004490 con 0x7f4bcc1a89c0
2026-03-10T06:17:14.195 INFO:teuthology.orchestra.run.vm04.stdout:/usr/bin/ceph: stderr
2026-03-10T06:17:08.884+0000 7f4bc37fe700 1 -- 192.168.123.104:0/186747058 <== mon.0 v2:192.168.123.104:3300/0 3 ==== mon_map magic: 0 v1 ==== 214+0+0 (secure 0 0 0) 0x7f4bc801ace0 con 0x7f4bcc1a89c0
2026-03-10T06:17:14.195 INFO:teuthology.orchestra.run.vm04.stdout:/usr/bin/ceph: stderr
2026-03-10T06:17:08.885+0000 7f4bc37fe700 1 -- 192.168.123.104:0/186747058 <== mon.0 v2:192.168.123.104:3300/0 4 ==== mgrmap(e 9) v1 ==== 45092+0+0 (secure 0 0 0) 0x7f4bc801a680 con 0x7f4bcc1a89c0
2026-03-10T06:17:14.195 INFO:teuthology.orchestra.run.vm04.stdout:/usr/bin/ceph: stderr
2026-03-10T06:17:08.886+0000 7f4bc37fe700 1 --2- 192.168.123.104:0/186747058 >> [v2:192.168.123.104:6800/2,v1:192.168.123.104:6801/2] conn(0x7f4bb8038500 0x7f4bb803a9b0 unknown :-1 s=NONE pgs=0 cs=0 l=1 rev1=0 crypto rx=0 tx=0 comp rx=0 tx=0).connect
2026-03-10T06:17:14.195 INFO:teuthology.orchestra.run.vm04.stdout:/usr/bin/ceph: stderr
2026-03-10T06:17:08.886+0000 7f4bd1a50700 1 -- 192.168.123.104:0/186747058 >> [v2:192.168.123.104:6800/2,v1:192.168.123.104:6801/2] conn(0x7f4bb8038500 msgr2=0x7f4bb803a9b0 unknown :-1 s=STATE_CONNECTING_RE l=1).process reconnect failed to v2:192.168.123.104:6800/2
2026-03-10T06:17:14.195 INFO:teuthology.orchestra.run.vm04.stdout:/usr/bin/ceph: stderr
2026-03-10T06:17:08.886+0000 7f4bd1a50700 1 --2- 192.168.123.104:0/186747058 >> [v2:192.168.123.104:6800/2,v1:192.168.123.104:6801/2] conn(0x7f4bb8038500 0x7f4bb803a9b0 unknown :-1 s=START_CONNECT pgs=0 cs=0 l=1 rev1=0 crypto rx=0 tx=0 comp rx=0 tx=0)._fault waiting 0.200000
2026-03-10T06:17:14.196 INFO:teuthology.orchestra.run.vm04.stdout:/usr/bin/ceph: stderr
2026-03-10T06:17:08.886+0000 7f4bc37fe700 1 -- 192.168.123.104:0/186747058 --> [v2:192.168.123.104:6800/2,v1:192.168.123.104:6801/2] -- command(tid 0: {"prefix": "get_command_descriptions"}) v1 -- 0x7f4bb803b0c0 con 0x7f4bb8038500
2026-03-10T06:17:14.196 INFO:teuthology.orchestra.run.vm04.stdout:/usr/bin/ceph: stderr
2026-03-10T06:17:08.886+0000 7f4bc37fe700 1 -- 192.168.123.104:0/186747058 <== mon.0 v2:192.168.123.104:3300/0 5 ==== osd_map(2..2 src has 1..2) v4 ==== 940+0+0 (secure 0 0 0) 0x7f4bc804b7c0 con 0x7f4bcc1a89c0
2026-03-10T06:17:14.196 INFO:teuthology.orchestra.run.vm04.stdout:/usr/bin/ceph: stderr
2026-03-10T06:17:09.086+0000 7f4bd1a50700 1 -- 192.168.123.104:0/186747058 >> [v2:192.168.123.104:6800/2,v1:192.168.123.104:6801/2] conn(0x7f4bb8038500 msgr2=0x7f4bb803a9b0 unknown :-1 s=STATE_CONNECTING_RE l=1).process reconnect failed to v2:192.168.123.104:6800/2
2026-03-10T06:17:14.196 INFO:teuthology.orchestra.run.vm04.stdout:/usr/bin/ceph: stderr
2026-03-10T06:17:09.086+0000 7f4bd1a50700 1 --2- 192.168.123.104:0/186747058 >> [v2:192.168.123.104:6800/2,v1:192.168.123.104:6801/2] conn(0x7f4bb8038500 0x7f4bb803a9b0 unknown :-1 s=START_CONNECT pgs=0 cs=0 l=1 rev1=0 crypto rx=0 tx=0 comp rx=0 tx=0)._fault waiting 0.400000
2026-03-10T06:17:14.196 INFO:teuthology.orchestra.run.vm04.stdout:/usr/bin/ceph: stderr
2026-03-10T06:17:09.486+0000 7f4bd1a50700 1 -- 192.168.123.104:0/186747058 >> [v2:192.168.123.104:6800/2,v1:192.168.123.104:6801/2] conn(0x7f4bb8038500 msgr2=0x7f4bb803a9b0 unknown :-1 s=STATE_CONNECTING_RE l=1).process reconnect failed to v2:192.168.123.104:6800/2
2026-03-10T06:17:14.196 INFO:teuthology.orchestra.run.vm04.stdout:/usr/bin/ceph: stderr
2026-03-10T06:17:09.486+0000 7f4bd1a50700 1 --2- 192.168.123.104:0/186747058 >> [v2:192.168.123.104:6800/2,v1:192.168.123.104:6801/2] conn(0x7f4bb8038500 0x7f4bb803a9b0 unknown :-1 s=START_CONNECT pgs=0 cs=0 l=1 rev1=0 crypto rx=0 tx=0 comp rx=0 tx=0)._fault waiting 0.800000
2026-03-10T06:17:14.196 INFO:teuthology.orchestra.run.vm04.stdout:/usr/bin/ceph: stderr
2026-03-10T06:17:10.287+0000 7f4bd1a50700 1 -- 192.168.123.104:0/186747058 >> [v2:192.168.123.104:6800/2,v1:192.168.123.104:6801/2] conn(0x7f4bb8038500 msgr2=0x7f4bb803a9b0 unknown :-1 s=STATE_CONNECTING_RE l=1).process reconnect failed to v2:192.168.123.104:6800/2
2026-03-10T06:17:14.196 INFO:teuthology.orchestra.run.vm04.stdout:/usr/bin/ceph: stderr
2026-03-10T06:17:10.287+0000 7f4bd1a50700 1 --2- 192.168.123.104:0/186747058 >> [v2:192.168.123.104:6800/2,v1:192.168.123.104:6801/2] conn(0x7f4bb8038500 0x7f4bb803a9b0 unknown :-1 s=START_CONNECT pgs=0 cs=0 l=1 rev1=0 crypto rx=0 tx=0 comp rx=0 tx=0)._fault waiting 1.600000
2026-03-10T06:17:14.196 INFO:teuthology.orchestra.run.vm04.stdout:/usr/bin/ceph: stderr
2026-03-10T06:17:11.889+0000 7f4bd1a50700 1 -- 192.168.123.104:0/186747058 >> [v2:192.168.123.104:6800/2,v1:192.168.123.104:6801/2] conn(0x7f4bb8038500 msgr2=0x7f4bb803a9b0 unknown :-1 s=STATE_CONNECTING_RE l=1).process reconnect failed to v2:192.168.123.104:6800/2
2026-03-10T06:17:14.196 INFO:teuthology.orchestra.run.vm04.stdout:/usr/bin/ceph: stderr
2026-03-10T06:17:11.889+0000 7f4bd1a50700 1 --2- 192.168.123.104:0/186747058 >> [v2:192.168.123.104:6800/2,v1:192.168.123.104:6801/2] conn(0x7f4bb8038500 0x7f4bb803a9b0 unknown :-1 s=START_CONNECT pgs=0 cs=0 l=1 rev1=0 crypto rx=0 tx=0 comp rx=0 tx=0)._fault waiting 3.200000
2026-03-10T06:17:14.196 INFO:teuthology.orchestra.run.vm04.stdout:/usr/bin/ceph: stderr
2026-03-10T06:17:13.126+0000 7f4bc37fe700 1 -- 192.168.123.104:0/186747058 <== mon.0 v2:192.168.123.104:3300/0 6 ==== mgrmap(e 10) v1 ==== 44859+0+0 (secure 0 0 0) 0x7f4bc801fd70 con 0x7f4bcc1a89c0
2026-03-10T06:17:14.196 INFO:teuthology.orchestra.run.vm04.stdout:/usr/bin/ceph: stderr
2026-03-10T06:17:13.126+0000 7f4bc37fe700 1 -- 192.168.123.104:0/186747058 >> [v2:192.168.123.104:6800/2,v1:192.168.123.104:6801/2] conn(0x7f4bb8038500 msgr2=0x7f4bb803a9b0 unknown :-1 s=STATE_CONNECTING l=1).mark_down
2026-03-10T06:17:14.196 INFO:teuthology.orchestra.run.vm04.stdout:/usr/bin/ceph: stderr
2026-03-10T06:17:13.126+0000 7f4bc37fe700 1 --2- 192.168.123.104:0/186747058 >> [v2:192.168.123.104:6800/2,v1:192.168.123.104:6801/2] conn(0x7f4bb8038500 0x7f4bb803a9b0 unknown :-1 s=START_CONNECT pgs=0 cs=0 l=1 rev1=0 crypto rx=0 tx=0 comp rx=0 tx=0).stop
2026-03-10T06:17:14.196 INFO:teuthology.orchestra.run.vm04.stdout:/usr/bin/ceph: stderr
2026-03-10T06:17:14.128+0000 7f4bc37fe700 1 -- 192.168.123.104:0/186747058 <== mon.0 v2:192.168.123.104:3300/0 7 ==== mgrmap(e 11) v1 ==== 44986+0+0 (secure 0 0 0) 0x7f4bc804d220 con 0x7f4bcc1a89c0
2026-03-10T06:17:14.196 INFO:teuthology.orchestra.run.vm04.stdout:/usr/bin/ceph: stderr
2026-03-10T06:17:14.128+0000 7f4bc37fe700 1 --2- 192.168.123.104:0/186747058 >> [v2:192.168.123.104:6800/2,v1:192.168.123.104:6801/2] conn(0x7f4bb8038500 0x7f4bb803a9b0 unknown :-1 s=NONE pgs=0 cs=0 l=1 rev1=0 crypto rx=0 tx=0 comp rx=0 tx=0).connect
2026-03-10T06:17:14.196 INFO:teuthology.orchestra.run.vm04.stdout:/usr/bin/ceph: stderr
2026-03-10T06:17:14.129+0000 7f4bc37fe700 1 -- 192.168.123.104:0/186747058 --> [v2:192.168.123.104:6800/2,v1:192.168.123.104:6801/2] -- command(tid 0: {"prefix": "get_command_descriptions"}) v1 -- 0x7f4bb803b0c0 con 0x7f4bb8038500
2026-03-10T06:17:14.196 INFO:teuthology.orchestra.run.vm04.stdout:/usr/bin/ceph: stderr
2026-03-10T06:17:14.129+0000 7f4bd1a50700 1 --2- 192.168.123.104:0/186747058 >> [v2:192.168.123.104:6800/2,v1:192.168.123.104:6801/2] conn(0x7f4bb8038500 0x7f4bb803a9b0 unknown :-1 s=BANNER_CONNECTING pgs=0 cs=0 l=1 rev1=0 crypto rx=0 tx=0 comp rx=0 tx=0)._handle_peer_banner_payload supported=3 required=0
2026-03-10T06:17:14.196 INFO:teuthology.orchestra.run.vm04.stdout:/usr/bin/ceph: stderr
2026-03-10T06:17:14.131+0000 7f4bd1a50700 1 --2- 192.168.123.104:0/186747058 >> [v2:192.168.123.104:6800/2,v1:192.168.123.104:6801/2] conn(0x7f4bb8038500 0x7f4bb803a9b0 secure :-1 s=READY pgs=2 cs=0 l=1 rev1=1 crypto rx=0x7f4bbc003a10 tx=0x7f4bbc0092b0 comp rx=0 tx=0).ready entity=mgr.14164 client_cookie=0 server_cookie=0 in_seq=0 out_seq=0
2026-03-10T06:17:14.196 INFO:teuthology.orchestra.run.vm04.stdout:/usr/bin/ceph: stderr
2026-03-10T06:17:14.131+0000 7f4bc37fe700 1 -- 192.168.123.104:0/186747058 <== mgr.14164 v2:192.168.123.104:6800/2 1 ==== command_reply(tid 0: 0 ) v1 ==== 8+0+6910 (secure 0 0 0) 0x7f4bb803b0c0 con 0x7f4bb8038500
2026-03-10T06:17:14.196 INFO:teuthology.orchestra.run.vm04.stdout:/usr/bin/ceph: stderr
2026-03-10T06:17:14.135+0000 7f4bd44b5700 1 -- 192.168.123.104:0/186747058 --> [v2:192.168.123.104:6800/2,v1:192.168.123.104:6801/2] -- command(tid 1: {"prefix": "mgr_status"}) v1 -- 0x7f4bcc1a9d40 con 0x7f4bb8038500
2026-03-10T06:17:14.196 INFO:teuthology.orchestra.run.vm04.stdout:/usr/bin/ceph: stderr
2026-03-10T06:17:14.136+0000 7f4bc37fe700 1 -- 192.168.123.104:0/186747058 <== mgr.14164 v2:192.168.123.104:6800/2 2 ==== command_reply(tid 1: 0 ) v1 ==== 8+0+52 (secure 0 0 0) 0x7f4bcc1a9d40 con 0x7f4bb8038500
2026-03-10T06:17:14.196 INFO:teuthology.orchestra.run.vm04.stdout:/usr/bin/ceph: stderr
2026-03-10T06:17:14.137+0000 7f4bc17fa700 1 -- 192.168.123.104:0/186747058 >> [v2:192.168.123.104:6800/2,v1:192.168.123.104:6801/2] conn(0x7f4bb8038500 msgr2=0x7f4bb803a9b0 secure :-1 s=STATE_CONNECTION_ESTABLISHED l=1).mark_down
2026-03-10T06:17:14.196 INFO:teuthology.orchestra.run.vm04.stdout:/usr/bin/ceph: stderr
2026-03-10T06:17:14.137+0000 7f4bc17fa700 1 --2- 192.168.123.104:0/186747058 >> [v2:192.168.123.104:6800/2,v1:192.168.123.104:6801/2] conn(0x7f4bb8038500 0x7f4bb803a9b0 secure :-1 s=READY pgs=2 cs=0 l=1 rev1=1 crypto rx=0x7f4bbc003a10 tx=0x7f4bbc0092b0 comp rx=0 tx=0).stop
2026-03-10T06:17:14.196 INFO:teuthology.orchestra.run.vm04.stdout:/usr/bin/ceph: stderr
2026-03-10T06:17:14.137+0000 7f4bc17fa700 1 -- 192.168.123.104:0/186747058 >> [v2:192.168.123.104:3300/0,v1:192.168.123.104:6789/0] conn(0x7f4bcc1a89c0 msgr2=0x7f4bcc1a8dd0 secure :-1 s=STATE_CONNECTION_ESTABLISHED l=1).mark_down
2026-03-10T06:17:14.196 INFO:teuthology.orchestra.run.vm04.stdout:/usr/bin/ceph: stderr
2026-03-10T06:17:14.137+0000 7f4bc17fa700 1 --2- 192.168.123.104:0/186747058 >> [v2:192.168.123.104:3300/0,v1:192.168.123.104:6789/0] conn(0x7f4bcc1a89c0 0x7f4bcc1a8dd0 secure :-1 s=READY pgs=74 cs=0 l=1 rev1=1 crypto rx=0x7f4bc800bdb0 tx=0x7f4bc800be90 comp rx=0 tx=0).stop
2026-03-10T06:17:14.196 INFO:teuthology.orchestra.run.vm04.stdout:/usr/bin/ceph: stderr
2026-03-10T06:17:14.137+0000 7f4bc17fa700 1 -- 192.168.123.104:0/186747058 shutdown_connections
2026-03-10T06:17:14.196 INFO:teuthology.orchestra.run.vm04.stdout:/usr/bin/ceph: stderr
2026-03-10T06:17:14.137+0000 7f4bc17fa700 1 --2- 192.168.123.104:0/186747058 >> [v2:192.168.123.104:6800/2,v1:192.168.123.104:6801/2] conn(0x7f4bb8038500 0x7f4bb803a9b0 secure :-1 s=CLOSED pgs=2 cs=0 l=1 rev1=1 crypto rx=0x7f4bbc003a10 tx=0x7f4bbc0092b0 comp rx=0 tx=0).stop
2026-03-10T06:17:14.196 INFO:teuthology.orchestra.run.vm04.stdout:/usr/bin/ceph: stderr
2026-03-10T06:17:14.137+0000 7f4bc17fa700 1 --2- 192.168.123.104:0/186747058 >> [v2:192.168.123.104:3300/0,v1:192.168.123.104:6789/0] conn(0x7f4bcc1a89c0 0x7f4bcc1a8dd0 secure :-1 s=CLOSED pgs=74 cs=0 l=1 rev1=1 crypto rx=0x7f4bc800bdb0 tx=0x7f4bc800be90 comp rx=0 tx=0).stop
2026-03-10T06:17:14.196 INFO:teuthology.orchestra.run.vm04.stdout:/usr/bin/ceph: stderr
2026-03-10T06:17:14.137+0000 7f4bc17fa700 1 -- 192.168.123.104:0/186747058 >> 192.168.123.104:0/186747058 conn(0x7f4bcc06cc30 msgr2=0x7f4bcc1125b0 unknown :-1 s=STATE_NONE l=0).mark_down
2026-03-10T06:17:14.196 INFO:teuthology.orchestra.run.vm04.stdout:/usr/bin/ceph: stderr
2026-03-10T06:17:14.137+0000 7f4bc17fa700 1 -- 192.168.123.104:0/186747058 shutdown_connections
2026-03-10T06:17:14.196 INFO:teuthology.orchestra.run.vm04.stdout:/usr/bin/ceph: stderr
2026-03-10T06:17:14.137+0000 7f4bc17fa700 1 -- 192.168.123.104:0/186747058 wait complete.
2026-03-10T06:17:14.196 INFO:teuthology.orchestra.run.vm04.stdout:mgr epoch 9 is available
2026-03-10T06:17:14.196 INFO:teuthology.orchestra.run.vm04.stdout:Generating a dashboard self-signed certificate...
2026-03-10T06:17:14.427 INFO:journalctl@ceph.mon.vm04.vm04.stdout:Mar 10 06:17:14 vm04 ceph-mon[51058]: from='mgr.14164 192.168.123.104:0/2' entity='mgr.vm04.exdvdb' cmd=[{"prefix":"config rm","who":"mgr","name":"mgr/rbd_support/vm04.exdvdb/trash_purge_schedule"}]: dispatch
2026-03-10T06:17:14.428 INFO:journalctl@ceph.mon.vm04.vm04.stdout:Mar 10 06:17:14 vm04 ceph-mon[51058]: from='mgr.14164 192.168.123.104:0/2' entity='mgr.vm04.exdvdb'
2026-03-10T06:17:14.428 INFO:journalctl@ceph.mon.vm04.vm04.stdout:Mar 10 06:17:14 vm04 ceph-mon[51058]: mgrmap e11: vm04.exdvdb(active, since 1.00984s)
2026-03-10T06:17:14.559 INFO:teuthology.orchestra.run.vm04.stdout:/usr/bin/ceph: stdout Self-signed certificate created
2026-03-10T06:17:14.559 INFO:teuthology.orchestra.run.vm04.stdout:/usr/bin/ceph: stderr
2026-03-10T06:17:14.368+0000 7f3d20b5b700 1 Processor -- start
2026-03-10T06:17:14.559 INFO:teuthology.orchestra.run.vm04.stdout:/usr/bin/ceph: stderr
2026-03-10T06:17:14.369+0000 7f3d20b5b700 1 -- start start
2026-03-10T06:17:14.559 INFO:teuthology.orchestra.run.vm04.stdout:/usr/bin/ceph: stderr
2026-03-10T06:17:14.369+0000 7f3d20b5b700 1 --2- >> [v2:192.168.123.104:3300/0,v1:192.168.123.104:6789/0] conn(0x7f3d1c107f20 0x7f3d1c108330 unknown :-1 s=NONE pgs=0 cs=0 l=0 rev1=0 crypto rx=0 tx=0 comp rx=0 tx=0).connect
2026-03-10T06:17:14.559 INFO:teuthology.orchestra.run.vm04.stdout:/usr/bin/ceph: stderr
2026-03-10T06:17:14.369+0000 7f3d20b5b700 1 -- --> [v2:192.168.123.104:3300/0,v1:192.168.123.104:6789/0] -- mon_getmap magic: 0 v1 -- 0x7f3d1c108870 con 0x7f3d1c107f20
2026-03-10T06:17:14.559 INFO:teuthology.orchestra.run.vm04.stdout:/usr/bin/ceph: stderr
2026-03-10T06:17:14.369+0000 7f3d1a59c700 1 --2- >> [v2:192.168.123.104:3300/0,v1:192.168.123.104:6789/0] conn(0x7f3d1c107f20 0x7f3d1c108330 unknown :-1 s=BANNER_CONNECTING pgs=0 cs=0 l=0 rev1=0 crypto rx=0 tx=0 comp rx=0 tx=0)._handle_peer_banner_payload supported=3 required=0
2026-03-10T06:17:14.559 INFO:teuthology.orchestra.run.vm04.stdout:/usr/bin/ceph: stderr
2026-03-10T06:17:14.369+0000 7f3d1a59c700 1 --2- >> [v2:192.168.123.104:3300/0,v1:192.168.123.104:6789/0] conn(0x7f3d1c107f20 0x7f3d1c108330 unknown :-1 s=HELLO_CONNECTING pgs=0 cs=0 l=0 rev1=1 crypto rx=0 tx=0 comp rx=0 tx=0).handle_hello peer v2:192.168.123.104:3300/0 says I am v2:192.168.123.104:35570/0 (socket says 192.168.123.104:35570)
2026-03-10T06:17:14.559 INFO:teuthology.orchestra.run.vm04.stdout:/usr/bin/ceph: stderr
2026-03-10T06:17:14.369+0000 7f3d1a59c700 1 -- 192.168.123.104:0/2035763906 learned_addr learned my addr 192.168.123.104:0/2035763906 (peer_addr_for_me v2:192.168.123.104:0/0)
2026-03-10T06:17:14.559 INFO:teuthology.orchestra.run.vm04.stdout:/usr/bin/ceph: stderr
2026-03-10T06:17:14.370+0000 7f3d1a59c700 1 -- 192.168.123.104:0/2035763906 --> [v2:192.168.123.104:3300/0,v1:192.168.123.104:6789/0] -- mon_subscribe({config=0+,monmap=0+}) v3 -- 0x7f3d1c1089b0 con 0x7f3d1c107f20
2026-03-10T06:17:14.559 INFO:teuthology.orchestra.run.vm04.stdout:/usr/bin/ceph: stderr
2026-03-10T06:17:14.370+0000 7f3d1a59c700 1 --2- 192.168.123.104:0/2035763906 >> [v2:192.168.123.104:3300/0,v1:192.168.123.104:6789/0] conn(0x7f3d1c107f20 0x7f3d1c108330 secure :-1 s=READY pgs=82 cs=0 l=1 rev1=1 crypto rx=0x7f3d04009cf0 tx=0x7f3d0400b0e0 comp rx=0 tx=0).ready entity=mon.0 client_cookie=d3870e7b4176cbaa server_cookie=0 in_seq=0 out_seq=0
2026-03-10T06:17:14.559 INFO:teuthology.orchestra.run.vm04.stdout:/usr/bin/ceph: stderr
2026-03-10T06:17:14.370+0000 7f3d1959a700 1 -- 192.168.123.104:0/2035763906 <== mon.0 v2:192.168.123.104:3300/0 1 ==== mon_map magic: 0 v1 ==== 214+0+0 (secure 0 0 0) 0x7f3d04004030 con 0x7f3d1c107f20
2026-03-10T06:17:14.559 INFO:teuthology.orchestra.run.vm04.stdout:/usr/bin/ceph: stderr
2026-03-10T06:17:14.370+0000 7f3d1959a700 1 -- 192.168.123.104:0/2035763906 <== mon.0 v2:192.168.123.104:3300/0 2 ==== config(28 keys) v1 ==== 1139+0+0 (secure 0 0 0) 0x7f3d0400b810 con 0x7f3d1c107f20
2026-03-10T06:17:14.559 INFO:teuthology.orchestra.run.vm04.stdout:/usr/bin/ceph: stderr
2026-03-10T06:17:14.371+0000 7f3d1959a700 1 -- 192.168.123.104:0/2035763906 <== mon.0 v2:192.168.123.104:3300/0 3 ==== mon_map magic: 0 v1 ==== 214+0+0 (secure 0 0 0) 0x7f3d04003b10 con 0x7f3d1c107f20
2026-03-10T06:17:14.559 INFO:teuthology.orchestra.run.vm04.stdout:/usr/bin/ceph: stderr
2026-03-10T06:17:14.371+0000 7f3d20b5b700 1 -- 192.168.123.104:0/2035763906 >> [v2:192.168.123.104:3300/0,v1:192.168.123.104:6789/0] conn(0x7f3d1c107f20 msgr2=0x7f3d1c108330 secure :-1 s=STATE_CONNECTION_ESTABLISHED l=1).mark_down
2026-03-10T06:17:14.559 INFO:teuthology.orchestra.run.vm04.stdout:/usr/bin/ceph: stderr
2026-03-10T06:17:14.371+0000 7f3d20b5b700 1 --2- 192.168.123.104:0/2035763906 >> [v2:192.168.123.104:3300/0,v1:192.168.123.104:6789/0] conn(0x7f3d1c107f20 0x7f3d1c108330 secure :-1 s=READY pgs=82 cs=0 l=1 rev1=1 crypto rx=0x7f3d04009cf0 tx=0x7f3d0400b0e0 comp rx=0 tx=0).stop
2026-03-10T06:17:14.559 INFO:teuthology.orchestra.run.vm04.stdout:/usr/bin/ceph: stderr
2026-03-10T06:17:14.371+0000 7f3d20b5b700 1 -- 192.168.123.104:0/2035763906 shutdown_connections
2026-03-10T06:17:14.559 INFO:teuthology.orchestra.run.vm04.stdout:/usr/bin/ceph: stderr
2026-03-10T06:17:14.371+0000 7f3d20b5b700 1 --2- 192.168.123.104:0/2035763906 >> [v2:192.168.123.104:3300/0,v1:192.168.123.104:6789/0] conn(0x7f3d1c107f20 0x7f3d1c108330 unknown :-1 s=CLOSED pgs=82 cs=0 l=1 rev1=1 crypto rx=0 tx=0 comp rx=0 tx=0).stop
2026-03-10T06:17:14.559 INFO:teuthology.orchestra.run.vm04.stdout:/usr/bin/ceph: stderr
2026-03-10T06:17:14.371+0000 7f3d20b5b700 1 -- 192.168.123.104:0/2035763906 >> 192.168.123.104:0/2035763906 conn(0x7f3d1c07b4b0 msgr2=0x7f3d1c07b8d0 unknown :-1 s=STATE_NONE l=0).mark_down
2026-03-10T06:17:14.559 INFO:teuthology.orchestra.run.vm04.stdout:/usr/bin/ceph: stderr
2026-03-10T06:17:14.371+0000 7f3d20b5b700 1 -- 192.168.123.104:0/2035763906 shutdown_connections
2026-03-10T06:17:14.559 INFO:teuthology.orchestra.run.vm04.stdout:/usr/bin/ceph: stderr
2026-03-10T06:17:14.371+0000 7f3d20b5b700 1 -- 192.168.123.104:0/2035763906 wait complete.
2026-03-10T06:17:14.559 INFO:teuthology.orchestra.run.vm04.stdout:/usr/bin/ceph: stderr
2026-03-10T06:17:14.372+0000 7f3d20b5b700 1 Processor -- start
2026-03-10T06:17:14.559 INFO:teuthology.orchestra.run.vm04.stdout:/usr/bin/ceph: stderr
2026-03-10T06:17:14.372+0000 7f3d20b5b700 1 -- start start
2026-03-10T06:17:14.559 INFO:teuthology.orchestra.run.vm04.stdout:/usr/bin/ceph: stderr
2026-03-10T06:17:14.372+0000 7f3d20b5b700 1 --2- >> [v2:192.168.123.104:3300/0,v1:192.168.123.104:6789/0] conn(0x7f3d1c07c6a0 0x7f3d1c07cab0 unknown :-1 s=NONE pgs=0 cs=0 l=1 rev1=0 crypto rx=0 tx=0 comp rx=0 tx=0).connect
2026-03-10T06:17:14.559 INFO:teuthology.orchestra.run.vm04.stdout:/usr/bin/ceph: stderr
2026-03-10T06:17:14.372+0000 7f3d20b5b700 1 -- --> [v2:192.168.123.104:3300/0,v1:192.168.123.104:6789/0] -- mon_getmap magic: 0 v1 -- 0x7f3d1c07cff0 con 0x7f3d1c07c6a0
2026-03-10T06:17:14.559 INFO:teuthology.orchestra.run.vm04.stdout:/usr/bin/ceph: stderr
2026-03-10T06:17:14.372+0000 7f3d1a59c700 1 --2- >> [v2:192.168.123.104:3300/0,v1:192.168.123.104:6789/0] conn(0x7f3d1c07c6a0 0x7f3d1c07cab0 unknown :-1 s=BANNER_CONNECTING pgs=0 cs=0 l=1 rev1=0 crypto rx=0 tx=0 comp rx=0 tx=0)._handle_peer_banner_payload supported=3 required=0
2026-03-10T06:17:14.559 INFO:teuthology.orchestra.run.vm04.stdout:/usr/bin/ceph: stderr
2026-03-10T06:17:14.372+0000 7f3d1a59c700 1 --2- >> [v2:192.168.123.104:3300/0,v1:192.168.123.104:6789/0] conn(0x7f3d1c07c6a0 0x7f3d1c07cab0 unknown :-1 s=HELLO_CONNECTING pgs=0 cs=0 l=1 rev1=1 crypto rx=0 tx=0 comp rx=0 tx=0).handle_hello peer v2:192.168.123.104:3300/0 says I am v2:192.168.123.104:35584/0 (socket says 192.168.123.104:35584)
2026-03-10T06:17:14.559 INFO:teuthology.orchestra.run.vm04.stdout:/usr/bin/ceph: stderr
2026-03-10T06:17:14.372+0000 7f3d1a59c700 1 -- 192.168.123.104:0/1277621123 learned_addr learned my addr 192.168.123.104:0/1277621123 (peer_addr_for_me v2:192.168.123.104:0/0)
2026-03-10T06:17:14.559 INFO:teuthology.orchestra.run.vm04.stdout:/usr/bin/ceph: stderr
2026-03-10T06:17:14.373+0000 7f3d1a59c700 1 -- 192.168.123.104:0/1277621123 --> [v2:192.168.123.104:3300/0,v1:192.168.123.104:6789/0] -- mon_subscribe({config=0+,monmap=0+}) v3 -- 0x7f3d04009740 con 0x7f3d1c07c6a0
2026-03-10T06:17:14.559 INFO:teuthology.orchestra.run.vm04.stdout:/usr/bin/ceph: stderr
2026-03-10T06:17:14.373+0000 7f3d1a59c700 1 --2- 192.168.123.104:0/1277621123 >> [v2:192.168.123.104:3300/0,v1:192.168.123.104:6789/0] conn(0x7f3d1c07c6a0 0x7f3d1c07cab0 secure :-1 s=READY pgs=83 cs=0 l=1 rev1=1 crypto rx=0x7f3d04003920 tx=0x7f3d04011770 comp rx=0 tx=0).ready entity=mon.0 client_cookie=0 server_cookie=0 in_seq=0 out_seq=0
2026-03-10T06:17:14.559 INFO:teuthology.orchestra.run.vm04.stdout:/usr/bin/ceph: stderr
2026-03-10T06:17:14.373+0000 7f3d137fe700 1 -- 192.168.123.104:0/1277621123 <== mon.0 v2:192.168.123.104:3300/0 1 ==== mon_map magic: 0 v1 ==== 214+0+0 (secure 0 0 0) 0x7f3d04011980 con 0x7f3d1c07c6a0
2026-03-10T06:17:14.559 INFO:teuthology.orchestra.run.vm04.stdout:/usr/bin/ceph: stderr
2026-03-10T06:17:14.373+0000 7f3d20b5b700 1 -- 192.168.123.104:0/1277621123 --> [v2:192.168.123.104:3300/0,v1:192.168.123.104:6789/0] -- mon_subscribe({mgrmap=0+}) v3 -- 0x7f3d1c07d1f0 con 0x7f3d1c07c6a0
2026-03-10T06:17:14.559 INFO:teuthology.orchestra.run.vm04.stdout:/usr/bin/ceph: stderr
2026-03-10T06:17:14.373+0000 7f3d20b5b700 1 -- 192.168.123.104:0/1277621123 --> [v2:192.168.123.104:3300/0,v1:192.168.123.104:6789/0] -- mon_subscribe({osdmap=0}) v3 -- 0x7f3d1c07fed0 con 0x7f3d1c07c6a0
2026-03-10T06:17:14.559 INFO:teuthology.orchestra.run.vm04.stdout:/usr/bin/ceph: stderr
2026-03-10T06:17:14.374+0000 7f3d137fe700 1 -- 192.168.123.104:0/1277621123 <== mon.0 v2:192.168.123.104:3300/0 2 ==== config(28 keys) v1 ==== 1139+0+0 (secure 0 0 0) 0x7f3d0401a440 con 0x7f3d1c07c6a0
2026-03-10T06:17:14.559 INFO:teuthology.orchestra.run.vm04.stdout:/usr/bin/ceph: stderr
2026-03-10T06:17:14.374+0000 7f3d137fe700 1 -- 192.168.123.104:0/1277621123 <== mon.0 v2:192.168.123.104:3300/0 3 ==== mon_map magic: 0 v1 ==== 214+0+0 (secure 0 0 0) 0x7f3d0401b440 con 0x7f3d1c07c6a0
2026-03-10T06:17:14.559 INFO:teuthology.orchestra.run.vm04.stdout:/usr/bin/ceph: stderr
2026-03-10T06:17:14.374+0000 7f3d137fe700 1 -- 192.168.123.104:0/1277621123 <== mon.0 v2:192.168.123.104:3300/0 4 ==== mgrmap(e 11) v1 ==== 44986+0+0 (secure 0 0 0) 0x7f3d0401b620 con 0x7f3d1c07c6a0
2026-03-10T06:17:14.559 INFO:teuthology.orchestra.run.vm04.stdout:/usr/bin/ceph: stderr
2026-03-10T06:17:14.375+0000 7f3d137fe700 1 --2- 192.168.123.104:0/1277621123 >> [v2:192.168.123.104:6800/2,v1:192.168.123.104:6801/2] conn(0x7f3d08038340 0x7f3d0803a7f0 unknown :-1 s=NONE pgs=0 cs=0 l=1 rev1=0 crypto rx=0 tx=0 comp rx=0 tx=0).connect
2026-03-10T06:17:14.559 INFO:teuthology.orchestra.run.vm04.stdout:/usr/bin/ceph: stderr
2026-03-10T06:17:14.375+0000 7f3d19d9b700 1 --2- 192.168.123.104:0/1277621123 >> [v2:192.168.123.104:6800/2,v1:192.168.123.104:6801/2] conn(0x7f3d08038340 0x7f3d0803a7f0 unknown :-1 s=BANNER_CONNECTING pgs=0 cs=0 l=1 rev1=0 crypto rx=0 tx=0 comp rx=0 tx=0)._handle_peer_banner_payload supported=3 required=0
2026-03-10T06:17:14.559 INFO:teuthology.orchestra.run.vm04.stdout:/usr/bin/ceph: stderr
2026-03-10T06:17:14.375+0000 7f3d20b5b700 1 -- 192.168.123.104:0/1277621123 --> [v2:192.168.123.104:3300/0,v1:192.168.123.104:6789/0] -- mon_command({"prefix": "get_command_descriptions"} v 0) v1 -- 0x7f3d1c04f9e0 con 0x7f3d1c07c6a0
2026-03-10T06:17:14.559 INFO:teuthology.orchestra.run.vm04.stdout:/usr/bin/ceph: stderr
2026-03-10T06:17:14.375+0000 7f3d19d9b700 1 --2- 192.168.123.104:0/1277621123 >> [v2:192.168.123.104:6800/2,v1:192.168.123.104:6801/2] conn(0x7f3d08038340 0x7f3d0803a7f0 secure :-1 s=READY pgs=7 cs=0 l=1 rev1=1 crypto rx=0x7f3d0c006fd0 tx=0x7f3d0c006e40 comp rx=0 tx=0).ready entity=mgr.14164 client_cookie=0 server_cookie=0 in_seq=0 out_seq=0
2026-03-10T06:17:14.559 INFO:teuthology.orchestra.run.vm04.stdout:/usr/bin/ceph: stderr
2026-03-10T06:17:14.378+0000 7f3d137fe700 1 -- 192.168.123.104:0/1277621123 <== mon.0 v2:192.168.123.104:3300/0 5 ==== osd_map(3..3 src has 1..3) v4 ==== 1069+0+0 (secure 0 0 0) 0x7f3d04021030 con 0x7f3d1c07c6a0
2026-03-10T06:17:14.559 INFO:teuthology.orchestra.run.vm04.stdout:/usr/bin/ceph: stderr
2026-03-10T06:17:14.378+0000 7f3d137fe700 1 -- 192.168.123.104:0/1277621123 <== mon.0 v2:192.168.123.104:3300/0 6 ==== mon_command_ack([{"prefix": "get_command_descriptions"}]=0 v0) v1 ==== 72+0+177933 (secure 0 0 0) 0x7f3d0407f720 con 0x7f3d1c07c6a0
2026-03-10T06:17:14.559 INFO:teuthology.orchestra.run.vm04.stdout:/usr/bin/ceph: stderr
2026-03-10T06:17:14.498+0000 7f3d20b5b700 1 -- 192.168.123.104:0/1277621123 --> [v2:192.168.123.104:6800/2,v1:192.168.123.104:6801/2] -- mgr_command(tid 0: {"prefix": "dashboard create-self-signed-cert", "target": ["mon-mgr", ""]}) v1 -- 0x7f3d1c105d90 con 0x7f3d08038340
2026-03-10T06:17:14.559 INFO:teuthology.orchestra.run.vm04.stdout:/usr/bin/ceph: stderr
2026-03-10T06:17:14.516+0000 7f3d137fe700 1 -- 192.168.123.104:0/1277621123 <== mgr.14164 v2:192.168.123.104:6800/2 1 ==== mgr_command_reply(tid 0: 0 ) v1 ==== 8+0+32 (secure 0 0 0) 0x7f3d1c105d90 con 0x7f3d08038340
2026-03-10T06:17:14.559 INFO:teuthology.orchestra.run.vm04.stdout:/usr/bin/ceph: stderr
2026-03-10T06:17:14.518+0000 7f3d20b5b700 1 -- 192.168.123.104:0/1277621123 >> [v2:192.168.123.104:6800/2,v1:192.168.123.104:6801/2] conn(0x7f3d08038340 msgr2=0x7f3d0803a7f0 secure :-1 s=STATE_CONNECTION_ESTABLISHED l=1).mark_down
2026-03-10T06:17:14.559 INFO:teuthology.orchestra.run.vm04.stdout:/usr/bin/ceph: stderr
2026-03-10T06:17:14.518+0000 7f3d20b5b700 1 --2- 192.168.123.104:0/1277621123 >> [v2:192.168.123.104:6800/2,v1:192.168.123.104:6801/2] conn(0x7f3d08038340 0x7f3d0803a7f0 secure :-1 s=READY pgs=7 cs=0 l=1 rev1=1 crypto rx=0x7f3d0c006fd0 tx=0x7f3d0c006e40 comp rx=0 tx=0).stop
2026-03-10T06:17:14.559 INFO:teuthology.orchestra.run.vm04.stdout:/usr/bin/ceph: stderr
2026-03-10T06:17:14.518+0000 7f3d20b5b700 1 -- 192.168.123.104:0/1277621123 >> [v2:192.168.123.104:3300/0,v1:192.168.123.104:6789/0] conn(0x7f3d1c07c6a0 msgr2=0x7f3d1c07cab0 secure :-1 s=STATE_CONNECTION_ESTABLISHED l=1).mark_down
2026-03-10T06:17:14.559 INFO:teuthology.orchestra.run.vm04.stdout:/usr/bin/ceph: stderr
2026-03-10T06:17:14.518+0000 7f3d20b5b700 1 --2- 192.168.123.104:0/1277621123 >> [v2:192.168.123.104:3300/0,v1:192.168.123.104:6789/0] conn(0x7f3d1c07c6a0 0x7f3d1c07cab0 secure :-1 s=READY pgs=83 cs=0 l=1 rev1=1 crypto rx=0x7f3d04003920 tx=0x7f3d04011770 comp rx=0 tx=0).stop
2026-03-10T06:17:14.559 INFO:teuthology.orchestra.run.vm04.stdout:/usr/bin/ceph: stderr
2026-03-10T06:17:14.518+0000 7f3d20b5b700 1 -- 192.168.123.104:0/1277621123 shutdown_connections
2026-03-10T06:17:14.559 INFO:teuthology.orchestra.run.vm04.stdout:/usr/bin/ceph: stderr
2026-03-10T06:17:14.518+0000 7f3d20b5b700 1 --2- 192.168.123.104:0/1277621123 >> [v2:192.168.123.104:6800/2,v1:192.168.123.104:6801/2] conn(0x7f3d08038340 0x7f3d0803a7f0 secure :-1 s=CLOSED pgs=7 cs=0 l=1 rev1=1 crypto rx=0x7f3d0c006fd0 tx=0x7f3d0c006e40 comp rx=0 tx=0).stop
2026-03-10T06:17:14.559 INFO:teuthology.orchestra.run.vm04.stdout:/usr/bin/ceph: stderr
2026-03-10T06:17:14.518+0000 7f3d20b5b700 1 --2- 192.168.123.104:0/1277621123 >> [v2:192.168.123.104:3300/0,v1:192.168.123.104:6789/0] conn(0x7f3d1c07c6a0 0x7f3d1c07cab0 unknown :-1 s=CLOSED pgs=83 cs=0 l=1 rev1=1 crypto rx=0 tx=0 comp rx=0 tx=0).stop
2026-03-10T06:17:14.559 INFO:teuthology.orchestra.run.vm04.stdout:/usr/bin/ceph: stderr
2026-03-10T06:17:14.518+0000 7f3d20b5b700 1 -- 192.168.123.104:0/1277621123 >> 192.168.123.104:0/1277621123 conn(0x7f3d1c07b4b0 msgr2=0x7f3d1c105680 unknown :-1 s=STATE_NONE l=0).mark_down
2026-03-10T06:17:14.560 INFO:teuthology.orchestra.run.vm04.stdout:/usr/bin/ceph: stderr
2026-03-10T06:17:14.519+0000 7f3d20b5b700 1 -- 192.168.123.104:0/1277621123 shutdown_connections
2026-03-10T06:17:14.560 INFO:teuthology.orchestra.run.vm04.stdout:/usr/bin/ceph: stderr
2026-03-10T06:17:14.519+0000 7f3d20b5b700 1 -- 192.168.123.104:0/1277621123 wait complete.
2026-03-10T06:17:14.560 INFO:teuthology.orchestra.run.vm04.stdout:Creating initial admin user...
2026-03-10T06:17:15.082 INFO:teuthology.orchestra.run.vm04.stdout:/usr/bin/ceph: stdout {"username": "admin", "password": "$2b$12$YCGXnrAgdpXKNL9552oSpOxL8lcZrYphH9aFSJhGlMuXnrDM4BfC6", "roles": ["administrator"], "name": null, "email": null, "lastUpdate": 1773123435, "enabled": true, "pwdExpirationDate": null, "pwdUpdateRequired": true}
2026-03-10T06:17:15.082 INFO:teuthology.orchestra.run.vm04.stdout:/usr/bin/ceph: stderr
2026-03-10T06:17:14.734+0000 7fd90e80b700 1 Processor -- start
2026-03-10T06:17:15.082 INFO:teuthology.orchestra.run.vm04.stdout:/usr/bin/ceph: stderr
2026-03-10T06:17:14.734+0000 7fd90e80b700 1 -- start start
2026-03-10T06:17:15.082 INFO:teuthology.orchestra.run.vm04.stdout:/usr/bin/ceph: stderr
2026-03-10T06:17:14.734+0000 7fd90e80b700 1 --2- >> [v2:192.168.123.104:3300/0,v1:192.168.123.104:6789/0] conn(0x7fd900095120 0x7fd900095530 unknown :-1 s=NONE pgs=0 cs=0 l=0 rev1=0 crypto rx=0 tx=0 comp rx=0 tx=0).connect
2026-03-10T06:17:15.082 INFO:teuthology.orchestra.run.vm04.stdout:/usr/bin/ceph: stderr
2026-03-10T06:17:14.734+0000 7fd90e80b700 1 -- --> [v2:192.168.123.104:3300/0,v1:192.168.123.104:6789/0] -- mon_getmap magic: 0 v1 -- 0x7fd900095b00 con 0x7fd900095120
2026-03-10T06:17:15.082 INFO:teuthology.orchestra.run.vm04.stdout:/usr/bin/ceph: stderr
2026-03-10T06:17:14.734+0000 7fd907fff700 1 --2- >> [v2:192.168.123.104:3300/0,v1:192.168.123.104:6789/0] conn(0x7fd900095120 0x7fd900095530 unknown :-1 s=BANNER_CONNECTING pgs=0 cs=0 l=0 rev1=0 crypto rx=0 tx=0 comp rx=0 tx=0)._handle_peer_banner_payload supported=3 required=0
2026-03-10T06:17:15.082 INFO:teuthology.orchestra.run.vm04.stdout:/usr/bin/ceph: stderr
2026-03-10T06:17:14.734+0000 7fd907fff700 1 --2- >> [v2:192.168.123.104:3300/0,v1:192.168.123.104:6789/0] conn(0x7fd900095120 0x7fd900095530 unknown :-1 s=HELLO_CONNECTING pgs=0 cs=0 l=0 rev1=1 crypto rx=0 tx=0 comp rx=0 tx=0).handle_hello peer v2:192.168.123.104:3300/0 says I am v2:192.168.123.104:35586/0 (socket says 192.168.123.104:35586)
2026-03-10T06:17:15.082 INFO:teuthology.orchestra.run.vm04.stdout:/usr/bin/ceph: stderr
2026-03-10T06:17:14.734+0000 7fd907fff700 1 -- 192.168.123.104:0/244595668 learned_addr learned my addr 192.168.123.104:0/244595668 (peer_addr_for_me v2:192.168.123.104:0/0)
2026-03-10T06:17:15.082 INFO:teuthology.orchestra.run.vm04.stdout:/usr/bin/ceph: stderr
2026-03-10T06:17:14.735+0000 7fd907fff700 1 -- 192.168.123.104:0/244595668 --> [v2:192.168.123.104:3300/0,v1:192.168.123.104:6789/0] -- mon_subscribe({config=0+,monmap=0+}) v3 -- 0x7fd900096320 con 0x7fd900095120
2026-03-10T06:17:15.082 INFO:teuthology.orchestra.run.vm04.stdout:/usr/bin/ceph: stderr
2026-03-10T06:17:14.735+0000 7fd907fff700 1 --2- 192.168.123.104:0/244595668 >> [v2:192.168.123.104:3300/0,v1:192.168.123.104:6789/0] conn(0x7fd900095120 0x7fd900095530 secure :-1 s=READY pgs=84 cs=0 l=1 rev1=1 crypto rx=0x7fd8fc009cf0 tx=0x7fd8fc00b0e0 comp rx=0 tx=0).ready entity=mon.0 client_cookie=e93b99936ad4a083 server_cookie=0 in_seq=0 out_seq=0
2026-03-10T06:17:15.082 INFO:teuthology.orchestra.run.vm04.stdout:/usr/bin/ceph: stderr
2026-03-10T06:17:14.735+0000 7fd906ffd700 1 -- 192.168.123.104:0/244595668 <== mon.0 v2:192.168.123.104:3300/0 1 ==== mon_map magic: 0 v1 ==== 214+0+0 (secure 0 0 0) 0x7fd8fc004030 con 0x7fd900095120
2026-03-10T06:17:15.082 INFO:teuthology.orchestra.run.vm04.stdout:/usr/bin/ceph: stderr
2026-03-10T06:17:14.735+0000 7fd906ffd700 1 -- 192.168.123.104:0/244595668 <== mon.0 v2:192.168.123.104:3300/0 2 ==== config(28 keys) v1 ==== 1139+0+0 (secure 0 0 0) 0x7fd8fc00b810 con 0x7fd900095120
2026-03-10T06:17:15.082 INFO:teuthology.orchestra.run.vm04.stdout:/usr/bin/ceph: stderr
2026-03-10T06:17:14.735+0000 7fd906ffd700 1 -- 192.168.123.104:0/244595668 <== mon.0 v2:192.168.123.104:3300/0 3 ==== mon_map magic: 0 v1 ==== 214+0+0 (secure 0 0 0) 0x7fd8fc003b10 con 0x7fd900095120
2026-03-10T06:17:15.082 INFO:teuthology.orchestra.run.vm04.stdout:/usr/bin/ceph: stderr
2026-03-10T06:17:14.735+0000 7fd90e80b700 1 -- 192.168.123.104:0/244595668 >> [v2:192.168.123.104:3300/0,v1:192.168.123.104:6789/0] conn(0x7fd900095120 msgr2=0x7fd900095530 secure :-1 s=STATE_CONNECTION_ESTABLISHED l=1).mark_down
2026-03-10T06:17:15.082 INFO:teuthology.orchestra.run.vm04.stdout:/usr/bin/ceph: stderr
2026-03-10T06:17:14.735+0000 7fd90e80b700 1 --2- 192.168.123.104:0/244595668 >> [v2:192.168.123.104:3300/0,v1:192.168.123.104:6789/0] conn(0x7fd900095120 0x7fd900095530 secure :-1 s=READY pgs=84 cs=0 l=1 rev1=1 crypto rx=0x7fd8fc009cf0 tx=0x7fd8fc00b0e0 comp rx=0 tx=0).stop
2026-03-10T06:17:15.082 INFO:teuthology.orchestra.run.vm04.stdout:/usr/bin/ceph: stderr
2026-03-10T06:17:14.735+0000 7fd90e80b700 1 -- 192.168.123.104:0/244595668 shutdown_connections
2026-03-10T06:17:15.082 INFO:teuthology.orchestra.run.vm04.stdout:/usr/bin/ceph: stderr
2026-03-10T06:17:14.735+0000 7fd90e80b700 1 --2- 192.168.123.104:0/244595668 >> [v2:192.168.123.104:3300/0,v1:192.168.123.104:6789/0] conn(0x7fd900095120 0x7fd900095530 unknown :-1 s=CLOSED pgs=84 cs=0 l=1 rev1=1 crypto rx=0 tx=0 comp rx=0 tx=0).stop
2026-03-10T06:17:15.082 INFO:teuthology.orchestra.run.vm04.stdout:/usr/bin/ceph: stderr
2026-03-10T06:17:14.735+0000 7fd90e80b700 1 -- 192.168.123.104:0/244595668 >> 192.168.123.104:0/244595668 conn(0x7fd9000906d0 msgr2=0x7fd900092b00 unknown :-1 s=STATE_NONE l=0).mark_down
2026-03-10T06:17:15.082 INFO:teuthology.orchestra.run.vm04.stdout:/usr/bin/ceph: stderr
2026-03-10T06:17:14.736+0000 7fd90e80b700 1 -- 192.168.123.104:0/244595668 shutdown_connections
2026-03-10T06:17:15.082 INFO:teuthology.orchestra.run.vm04.stdout:/usr/bin/ceph: stderr
2026-03-10T06:17:14.736+0000 7fd90e80b700 1 -- 192.168.123.104:0/244595668 wait complete.
2026-03-10T06:17:15.082 INFO:teuthology.orchestra.run.vm04.stdout:/usr/bin/ceph: stderr
2026-03-10T06:17:14.736+0000 7fd90e80b700 1 Processor -- start
2026-03-10T06:17:15.082 INFO:teuthology.orchestra.run.vm04.stdout:/usr/bin/ceph: stderr
2026-03-10T06:17:14.736+0000 7fd90e80b700 1 -- start start
2026-03-10T06:17:15.082 INFO:teuthology.orchestra.run.vm04.stdout:/usr/bin/ceph: stderr
2026-03-10T06:17:14.736+0000 7fd90e80b700 1 --2- >> [v2:192.168.123.104:3300/0,v1:192.168.123.104:6789/0] conn(0x7fd900095120 0x7fd900128dc0 unknown :-1 s=NONE pgs=0 cs=0 l=1 rev1=0 crypto rx=0 tx=0 comp rx=0 tx=0).connect
2026-03-10T06:17:15.082 INFO:teuthology.orchestra.run.vm04.stdout:/usr/bin/ceph: stderr
2026-03-10T06:17:14.736+0000 7fd90e80b700 1 -- --> [v2:192.168.123.104:3300/0,v1:192.168.123.104:6789/0] -- mon_getmap magic: 0 v1 -- 0x7fd900129300 con 0x7fd900095120
2026-03-10T06:17:15.082 INFO:teuthology.orchestra.run.vm04.stdout:/usr/bin/ceph: stderr
2026-03-10T06:17:14.736+0000 7fd907fff700 1 --2- >> [v2:192.168.123.104:3300/0,v1:192.168.123.104:6789/0] conn(0x7fd900095120 0x7fd900128dc0 unknown :-1 s=BANNER_CONNECTING pgs=0 cs=0 l=1 rev1=0 crypto rx=0 tx=0 comp rx=0 tx=0)._handle_peer_banner_payload supported=3 required=0
2026-03-10T06:17:15.082 INFO:teuthology.orchestra.run.vm04.stdout:/usr/bin/ceph: stderr
2026-03-10T06:17:14.736+0000 7fd907fff700 1 --2- >> [v2:192.168.123.104:3300/0,v1:192.168.123.104:6789/0] conn(0x7fd900095120 0x7fd900128dc0 unknown :-1 s=HELLO_CONNECTING pgs=0 cs=0 l=1 rev1=1 crypto rx=0 tx=0 comp rx=0 tx=0).handle_hello peer v2:192.168.123.104:3300/0 says I am v2:192.168.123.104:35590/0 (socket says 192.168.123.104:35590)
2026-03-10T06:17:15.082 INFO:teuthology.orchestra.run.vm04.stdout:/usr/bin/ceph: stderr
2026-03-10T06:17:14.736+0000 7fd907fff700 1 -- 192.168.123.104:0/1607655157 learned_addr learned my addr 192.168.123.104:0/1607655157 (peer_addr_for_me v2:192.168.123.104:0/0)
2026-03-10T06:17:15.082 INFO:teuthology.orchestra.run.vm04.stdout:/usr/bin/ceph: stderr
2026-03-10T06:17:14.737+0000 7fd907fff700 1 -- 192.168.123.104:0/1607655157 --> [v2:192.168.123.104:3300/0,v1:192.168.123.104:6789/0] -- mon_subscribe({config=0+,monmap=0+}) v3 -- 0x7fd8fc009740 con 0x7fd900095120
2026-03-10T06:17:15.082 INFO:teuthology.orchestra.run.vm04.stdout:/usr/bin/ceph: stderr
2026-03-10T06:17:14.737+0000 7fd907fff700 1 --2- 192.168.123.104:0/1607655157 >> [v2:192.168.123.104:3300/0,v1:192.168.123.104:6789/0] conn(0x7fd900095120 0x7fd900128dc0 secure :-1 s=READY pgs=85 cs=0 l=1 rev1=1 crypto rx=0x7fd8fc000c00 tx=0x7fd8fc011700 comp rx=0 tx=0).ready entity=mon.0 client_cookie=0 server_cookie=0 in_seq=0 out_seq=0
2026-03-10T06:17:15.082 INFO:teuthology.orchestra.run.vm04.stdout:/usr/bin/ceph: stderr
2026-03-10T06:17:14.737+0000 7fd9057fa700 1 -- 192.168.123.104:0/1607655157 <== mon.0 v2:192.168.123.104:3300/0 1 ==== mon_map magic: 0 v1 ==== 214+0+0 (secure 0 0 0) 0x7fd8fc0118e0 con 0x7fd900095120
2026-03-10T06:17:15.082 INFO:teuthology.orchestra.run.vm04.stdout:/usr/bin/ceph: stderr
2026-03-10T06:17:14.737+0000 7fd9057fa700 1 -- 192.168.123.104:0/1607655157 <== mon.0 v2:192.168.123.104:3300/0 2 ==== config(28 keys) v1 ==== 1139+0+0 (secure 0 0 0) 0x7fd8fc023450 con 0x7fd900095120
2026-03-10T06:17:15.082 INFO:teuthology.orchestra.run.vm04.stdout:/usr/bin/ceph: stderr
2026-03-10T06:17:14.737+0000 7fd9057fa700 1 -- 192.168.123.104:0/1607655157 <== mon.0 v2:192.168.123.104:3300/0 3 ==== mon_map magic: 0 v1 ==== 214+0+0 (secure 0 0 0) 0x7fd8fc01a430 con 0x7fd900095120
2026-03-10T06:17:15.082 INFO:teuthology.orchestra.run.vm04.stdout:/usr/bin/ceph: stderr
2026-03-10T06:17:14.738+0000 7fd90e80b700 1 -- 192.168.123.104:0/1607655157 --> [v2:192.168.123.104:3300/0,v1:192.168.123.104:6789/0] -- mon_subscribe({mgrmap=0+}) v3 -- 0x7fd900129500 con 0x7fd900095120
2026-03-10T06:17:15.082 INFO:teuthology.orchestra.run.vm04.stdout:/usr/bin/ceph: stderr
2026-03-10T06:17:14.738+0000 7fd9057fa700 1 -- 192.168.123.104:0/1607655157 <== mon.0 v2:192.168.123.104:3300/0 4 ==== mgrmap(e 11) v1 ==== 44986+0+0 (secure 0 0 0) 0x7fd8fc011a40 con 0x7fd900095120
2026-03-10T06:17:15.082 INFO:teuthology.orchestra.run.vm04.stdout:/usr/bin/ceph: stderr
2026-03-10T06:17:14.739+0000 7fd9057fa700 1 --2- 192.168.123.104:0/1607655157 >> [v2:192.168.123.104:6800/2,v1:192.168.123.104:6801/2] conn(0x7fd8f8038030 0x7fd8f803a4e0 unknown :-1 s=NONE pgs=0 cs=0 l=1 rev1=0 crypto rx=0 tx=0 comp rx=0 tx=0).connect
2026-03-10T06:17:15.082 INFO:teuthology.orchestra.run.vm04.stdout:/usr/bin/ceph: stderr
2026-03-10T06:17:14.739+0000 7fd9077fe700 1 --2- 192.168.123.104:0/1607655157 >> [v2:192.168.123.104:6800/2,v1:192.168.123.104:6801/2] conn(0x7fd8f8038030 0x7fd8f803a4e0 unknown :-1 s=BANNER_CONNECTING pgs=0 cs=0 l=1 rev1=0 crypto rx=0 tx=0 comp rx=0 tx=0)._handle_peer_banner_payload supported=3 required=0
2026-03-10T06:17:15.082 INFO:teuthology.orchestra.run.vm04.stdout:/usr/bin/ceph: stderr
2026-03-10T06:17:14.739+0000 7fd9077fe700 1 --2- 192.168.123.104:0/1607655157 >> [v2:192.168.123.104:6800/2,v1:192.168.123.104:6801/2] conn(0x7fd8f8038030 0x7fd8f803a4e0 secure :-1 s=READY pgs=8 cs=0 l=1 rev1=1 crypto rx=0x7fd8f4006fd0 tx=0x7fd8f4006e40 comp rx=0 tx=0).ready entity=mgr.14164 client_cookie=0 server_cookie=0 in_seq=0 out_seq=0
2026-03-10T06:17:15.082 INFO:teuthology.orchestra.run.vm04.stdout:/usr/bin/ceph: stderr
2026-03-10T06:17:14.740+0000 7fd90e80b700 1 -- 192.168.123.104:0/1607655157 --> [v2:192.168.123.104:3300/0,v1:192.168.123.104:6789/0] -- mon_subscribe({osdmap=0}) v3 -- 0x7fd9001298e0 con 0x7fd900095120
2026-03-10T06:17:15.082 INFO:teuthology.orchestra.run.vm04.stdout:/usr/bin/ceph: stderr
2026-03-10T06:17:14.740+0000 7fd9057fa700 1 -- 192.168.123.104:0/1607655157 <== mon.0 v2:192.168.123.104:3300/0 5 ==== osd_map(3..3 src has 1..3) v4 ==== 1069+0+0 (secure 0 0 0) 0x7fd8fc018710 con 0x7fd900095120
2026-03-10T06:17:15.083 INFO:teuthology.orchestra.run.vm04.stdout:/usr/bin/ceph: stderr
2026-03-10T06:17:14.743+0000 7fd8f2ffd700 1 -- 192.168.123.104:0/1607655157 --> [v2:192.168.123.104:3300/0,v1:192.168.123.104:6789/0] -- mon_command({"prefix": "get_command_descriptions"} v 0) v1 -- 0x7fd900004850 con 0x7fd900095120
2026-03-10T06:17:15.083 INFO:teuthology.orchestra.run.vm04.stdout:/usr/bin/ceph: stderr
2026-03-10T06:17:14.745+0000 7fd9057fa700 1 -- 192.168.123.104:0/1607655157 <== mon.0 v2:192.168.123.104:3300/0 6 ==== mon_command_ack([{"prefix": "get_command_descriptions"}]=0 v0) v1 ==== 72+0+177933 (secure 0 0 0) 0x7fd8fc018920 con 0x7fd900095120
2026-03-10T06:17:15.083 INFO:teuthology.orchestra.run.vm04.stdout:/usr/bin/ceph: stderr
2026-03-10T06:17:14.872+0000 7fd8f2ffd700 1 -- 192.168.123.104:0/1607655157 --> [v2:192.168.123.104:6800/2,v1:192.168.123.104:6801/2] -- mgr_command(tid 0: {"prefix": "dashboard ac-user-create", "username": "admin", "rolename": "administrator", "force_password": true, "pwd_update_required": true, "target": ["mon-mgr", ""]}) v1 -- 0x7fd900003640 con 0x7fd8f8038030
2026-03-10T06:17:15.083 INFO:teuthology.orchestra.run.vm04.stdout:/usr/bin/ceph: stderr
2026-03-10T06:17:15.026+0000 7fd9057fa700 1 -- 192.168.123.104:0/1607655157 <== mgr.14164 v2:192.168.123.104:6800/2 1 ==== mgr_command_reply(tid 0: 0 ) v1 ==== 8+0+252 (secure 0 0 0) 0x7fd900003640 con 0x7fd8f8038030
2026-03-10T06:17:15.083 INFO:teuthology.orchestra.run.vm04.stdout:/usr/bin/ceph: stderr
2026-03-10T06:17:15.029+0000 7fd8f2ffd700 1 -- 192.168.123.104:0/1607655157 >> [v2:192.168.123.104:6800/2,v1:192.168.123.104:6801/2] conn(0x7fd8f8038030 msgr2=0x7fd8f803a4e0 secure :-1 s=STATE_CONNECTION_ESTABLISHED l=1).mark_down
2026-03-10T06:17:15.083 INFO:teuthology.orchestra.run.vm04.stdout:/usr/bin/ceph: stderr
2026-03-10T06:17:15.029+0000 7fd8f2ffd700 1 --2- 192.168.123.104:0/1607655157 >> [v2:192.168.123.104:6800/2,v1:192.168.123.104:6801/2] conn(0x7fd8f8038030 0x7fd8f803a4e0 secure :-1 s=READY pgs=8 cs=0 l=1 rev1=1 crypto rx=0x7fd8f4006fd0 tx=0x7fd8f4006e40 comp rx=0 tx=0).stop
2026-03-10T06:17:15.083 INFO:teuthology.orchestra.run.vm04.stdout:/usr/bin/ceph: stderr
