2026-03-10T06:17:03.860+0000 7f1199499700 1 -- 192.168.123.104:0/2366751162 >> [v2:192.168.123.104:3300/0,v1:192.168.123.104:6789/0] conn(0x7f1194106830 msgr2=0x7f1194106190 secure :-1 s=STATE_CONNECTION_ESTABLISHED l=1).mark_down
2026-03-10T06:17:03.929 INFO:teuthology.orchestra.run.vm04.stdout:/usr/bin/ceph: stderr
2026-03-10T06:17:03.860+0000 7f1199499700 1 --2- 192.168.123.104:0/2366751162 >> [v2:192.168.123.104:3300/0,v1:192.168.123.104:6789/0] conn(0x7f1194106830 0x7f1194106190 secure :-1 s=READY pgs=46 cs=0 l=1 rev1=1 crypto rx=0x7f117c00bef0 tx=0x7f117c003b40 comp rx=0 tx=0).stop
2026-03-10T06:17:03.929 INFO:teuthology.orchestra.run.vm04.stdout:/usr/bin/ceph: stderr
2026-03-10T06:17:03.861+0000 7f1199499700 1 -- 192.168.123.104:0/2366751162 shutdown_connections
2026-03-10T06:17:03.929 INFO:teuthology.orchestra.run.vm04.stdout:/usr/bin/ceph: stderr
2026-03-10T06:17:03.861+0000 7f1199499700 1 --2- 192.168.123.104:0/2366751162 >> [v2:192.168.123.104:6800/2,v1:192.168.123.104:6801/2] conn(0x7f11800384c0 0x7f118003a970 unknown :-1 s=CLOSED pgs=11 cs=0 l=1 rev1=1 crypto rx=0 tx=0 comp rx=0 tx=0).stop
2026-03-10T06:17:03.929 INFO:teuthology.orchestra.run.vm04.stdout:/usr/bin/ceph: stderr
2026-03-10T06:17:03.861+0000 7f1199499700 1 --2- 192.168.123.104:0/2366751162 >> [v2:192.168.123.104:3300/0,v1:192.168.123.104:6789/0] conn(0x7f1194106830 0x7f1194106190 unknown :-1 s=CLOSED pgs=46 cs=0 l=1 rev1=1 crypto rx=0 tx=0 comp rx=0 tx=0).stop
2026-03-10T06:17:03.929 INFO:teuthology.orchestra.run.vm04.stdout:/usr/bin/ceph: stderr
2026-03-10T06:17:03.861+0000 7f1199499700 1 -- 192.168.123.104:0/2366751162 >> 192.168.123.104:0/2366751162 conn(0x7f1194100270 msgr2=0x7f1194100f70 unknown :-1 s=STATE_NONE l=0).mark_down
2026-03-10T06:17:03.929 INFO:teuthology.orchestra.run.vm04.stdout:/usr/bin/ceph: stderr
2026-03-10T06:17:03.861+0000 7f1199499700 1 -- 192.168.123.104:0/2366751162 shutdown_connections
2026-03-10T06:17:03.929 INFO:teuthology.orchestra.run.vm04.stdout:/usr/bin/ceph: stderr
2026-03-10T06:17:03.861+0000 7f1199499700 1 -- 192.168.123.104:0/2366751162 wait complete.
2026-03-10T06:17:03.929 INFO:teuthology.orchestra.run.vm04.stdout:Deploying mon service with default placement...
2026-03-10T06:17:04.255 INFO:teuthology.orchestra.run.vm04.stdout:/usr/bin/ceph: stdout Scheduled mon update...
2026-03-10T06:17:04.256 INFO:teuthology.orchestra.run.vm04.stdout:/usr/bin/ceph: stderr
2026-03-10T06:17:04.075+0000 7fe11d21a700 1 Processor -- start
2026-03-10T06:17:04.256 INFO:teuthology.orchestra.run.vm04.stdout:/usr/bin/ceph: stderr
2026-03-10T06:17:04.075+0000 7fe11d21a700 1 -- start start
2026-03-10T06:17:04.256 INFO:teuthology.orchestra.run.vm04.stdout:/usr/bin/ceph: stderr
2026-03-10T06:17:04.075+0000 7fe11d21a700 1 --2- >> [v2:192.168.123.104:3300/0,v1:192.168.123.104:6789/0] conn(0x7fe118071190 0x7fe1180715a0 unknown :-1 s=NONE pgs=0 cs=0 l=0 rev1=0 crypto rx=0 tx=0 comp rx=0 tx=0).connect
2026-03-10T06:17:04.256 INFO:teuthology.orchestra.run.vm04.stdout:/usr/bin/ceph: stderr
2026-03-10T06:17:04.075+0000 7fe11d21a700 1 -- --> [v2:192.168.123.104:3300/0,v1:192.168.123.104:6789/0] -- mon_getmap magic: 0 v1 -- 0x7fe118072c90 con 0x7fe118071190
2026-03-10T06:17:04.256 INFO:teuthology.orchestra.run.vm04.stdout:/usr/bin/ceph: stderr
2026-03-10T06:17:04.075+0000 7fe116d9d700 1 --2- >> [v2:192.168.123.104:3300/0,v1:192.168.123.104:6789/0] conn(0x7fe118071190 0x7fe1180715a0 unknown :-1 s=BANNER_CONNECTING pgs=0 cs=0 l=0 rev1=0 crypto rx=0 tx=0 comp rx=0 tx=0)._handle_peer_banner_payload supported=3 required=0
2026-03-10T06:17:04.256 INFO:teuthology.orchestra.run.vm04.stdout:/usr/bin/ceph: stderr
2026-03-10T06:17:04.075+0000 7fe116d9d700 1 --2- >> [v2:192.168.123.104:3300/0,v1:192.168.123.104:6789/0] conn(0x7fe118071190 0x7fe1180715a0 unknown :-1 s=HELLO_CONNECTING pgs=0 cs=0 l=0 rev1=1 crypto rx=0 tx=0 comp rx=0 tx=0).handle_hello peer v2:192.168.123.104:3300/0 says I am v2:192.168.123.104:60606/0 (socket says 192.168.123.104:60606)
2026-03-10T06:17:04.256 INFO:teuthology.orchestra.run.vm04.stdout:/usr/bin/ceph: stderr
2026-03-10T06:17:04.075+0000 7fe116d9d700 1 -- 192.168.123.104:0/2763202336 learned_addr learned my addr 192.168.123.104:0/2763202336 (peer_addr_for_me v2:192.168.123.104:0/0)
2026-03-10T06:17:04.256 INFO:teuthology.orchestra.run.vm04.stdout:/usr/bin/ceph: stderr
2026-03-10T06:17:04.076+0000 7fe116d9d700 1 -- 192.168.123.104:0/2763202336 --> [v2:192.168.123.104:3300/0,v1:192.168.123.104:6789/0] -- mon_subscribe({config=0+,monmap=0+}) v3 -- 0x7fe118072dd0 con 0x7fe118071190
2026-03-10T06:17:04.256 INFO:teuthology.orchestra.run.vm04.stdout:/usr/bin/ceph: stderr
2026-03-10T06:17:04.077+0000 7fe116d9d700 1 --2- 192.168.123.104:0/2763202336 >> [v2:192.168.123.104:3300/0,v1:192.168.123.104:6789/0] conn(0x7fe118071190 0x7fe1180715a0 secure :-1 s=READY pgs=47 cs=0 l=1 rev1=1 crypto rx=0x7fe10800ac30 tx=0x7fe108010730 comp rx=0 tx=0).ready entity=mon.0 client_cookie=90397465972df552 server_cookie=0 in_seq=0 out_seq=0
2026-03-10T06:17:04.256 INFO:teuthology.orchestra.run.vm04.stdout:/usr/bin/ceph: stderr
2026-03-10T06:17:04.077+0000 7fe115d9b700 1 -- 192.168.123.104:0/2763202336 <== mon.0 v2:192.168.123.104:3300/0 1 ==== mon_map magic: 0 v1 ==== 214+0+0 (secure 0 0 0) 0x7fe108010d40 con 0x7fe118071190
2026-03-10T06:17:04.256 INFO:teuthology.orchestra.run.vm04.stdout:/usr/bin/ceph: stderr
2026-03-10T06:17:04.077+0000 7fe115d9b700 1 -- 192.168.123.104:0/2763202336 <== mon.0 v2:192.168.123.104:3300/0 2 ==== config(28 keys) v1 ==== 1075+0+0 (secure 0 0 0) 0x7fe1080044c0 con 0x7fe118071190
2026-03-10T06:17:04.256 INFO:teuthology.orchestra.run.vm04.stdout:/usr/bin/ceph: stderr
2026-03-10T06:17:04.077+0000 7fe115d9b700 1 -- 192.168.123.104:0/2763202336 <== mon.0 v2:192.168.123.104:3300/0 3 ==== mon_map magic: 0 v1 ==== 214+0+0 (secure 0 0 0) 0x7fe10801a5c0 con 0x7fe118071190
2026-03-10T06:17:04.256 INFO:teuthology.orchestra.run.vm04.stdout:/usr/bin/ceph: stderr
2026-03-10T06:17:04.077+0000 7fe11d21a700 1 -- 192.168.123.104:0/2763202336 >> [v2:192.168.123.104:3300/0,v1:192.168.123.104:6789/0] conn(0x7fe118071190 msgr2=0x7fe1180715a0 secure :-1 s=STATE_CONNECTION_ESTABLISHED l=1).mark_down
2026-03-10T06:17:04.256 INFO:teuthology.orchestra.run.vm04.stdout:/usr/bin/ceph: stderr
2026-03-10T06:17:04.077+0000 7fe11d21a700 1 --2- 192.168.123.104:0/2763202336 >> [v2:192.168.123.104:3300/0,v1:192.168.123.104:6789/0] conn(0x7fe118071190 0x7fe1180715a0 secure :-1 s=READY pgs=47 cs=0 l=1 rev1=1 crypto rx=0x7fe10800ac30 tx=0x7fe108010730 comp rx=0 tx=0).stop
2026-03-10T06:17:04.256 INFO:teuthology.orchestra.run.vm04.stdout:/usr/bin/ceph: stderr
2026-03-10T06:17:04.077+0000 7fe11d21a700 1 -- 192.168.123.104:0/2763202336 shutdown_connections
2026-03-10T06:17:04.256 INFO:teuthology.orchestra.run.vm04.stdout:/usr/bin/ceph: stderr
2026-03-10T06:17:04.077+0000 7fe11d21a700 1 --2- 192.168.123.104:0/2763202336 >> [v2:192.168.123.104:3300/0,v1:192.168.123.104:6789/0] conn(0x7fe118071190 0x7fe1180715a0 unknown :-1 s=CLOSED pgs=47 cs=0 l=1 rev1=1 crypto rx=0 tx=0 comp rx=0 tx=0).stop
2026-03-10T06:17:04.256 INFO:teuthology.orchestra.run.vm04.stdout:/usr/bin/ceph: stderr
2026-03-10T06:17:04.077+0000 7fe11d21a700 1 -- 192.168.123.104:0/2763202336 >> 192.168.123.104:0/2763202336 conn(0x7fe11806cc30 msgr2=0x7fe11806f060 unknown :-1 s=STATE_NONE l=0).mark_down
2026-03-10T06:17:04.256 INFO:teuthology.orchestra.run.vm04.stdout:/usr/bin/ceph: stderr
2026-03-10T06:17:04.078+0000 7fe11d21a700 1 -- 192.168.123.104:0/2763202336 shutdown_connections
2026-03-10T06:17:04.256 INFO:teuthology.orchestra.run.vm04.stdout:/usr/bin/ceph: stderr
2026-03-10T06:17:04.078+0000 7fe11d21a700 1 -- 192.168.123.104:0/2763202336 wait complete.
2026-03-10T06:17:04.256 INFO:teuthology.orchestra.run.vm04.stdout:/usr/bin/ceph: stderr
2026-03-10T06:17:04.078+0000 7fe11d21a700 1 Processor -- start
2026-03-10T06:17:04.256 INFO:teuthology.orchestra.run.vm04.stdout:/usr/bin/ceph: stderr
2026-03-10T06:17:04.078+0000 7fe11d21a700 1 -- start start
2026-03-10T06:17:04.256 INFO:teuthology.orchestra.run.vm04.stdout:/usr/bin/ceph: stderr
2026-03-10T06:17:04.078+0000 7fe11d21a700 1 --2- >> [v2:192.168.123.104:3300/0,v1:192.168.123.104:6789/0] conn(0x7fe118071190 0x7fe1180865a0 unknown :-1 s=NONE pgs=0 cs=0 l=1 rev1=0 crypto rx=0 tx=0 comp rx=0 tx=0).connect
2026-03-10T06:17:04.256 INFO:teuthology.orchestra.run.vm04.stdout:/usr/bin/ceph: stderr
2026-03-10T06:17:04.078+0000 7fe11d21a700 1 -- --> [v2:192.168.123.104:3300/0,v1:192.168.123.104:6789/0] -- mon_getmap magic: 0 v1 -- 0x7fe118089b40 con 0x7fe118071190
2026-03-10T06:17:04.256 INFO:teuthology.orchestra.run.vm04.stdout:/usr/bin/ceph: stderr
2026-03-10T06:17:04.078+0000 7fe116d9d700 1 --2- >> [v2:192.168.123.104:3300/0,v1:192.168.123.104:6789/0] conn(0x7fe118071190 0x7fe1180865a0 unknown :-1 s=BANNER_CONNECTING pgs=0 cs=0 l=1 rev1=0 crypto rx=0 tx=0 comp rx=0 tx=0)._handle_peer_banner_payload supported=3 required=0
2026-03-10T06:17:04.256 INFO:teuthology.orchestra.run.vm04.stdout:/usr/bin/ceph: stderr
2026-03-10T06:17:04.078+0000 7fe116d9d700 1 --2- >> [v2:192.168.123.104:3300/0,v1:192.168.123.104:6789/0] conn(0x7fe118071190 0x7fe1180865a0 unknown :-1 s=HELLO_CONNECTING pgs=0 cs=0 l=1 rev1=1 crypto rx=0 tx=0 comp rx=0 tx=0).handle_hello peer v2:192.168.123.104:3300/0 says I am v2:192.168.123.104:60618/0 (socket says 192.168.123.104:60618)
2026-03-10T06:17:04.256 INFO:teuthology.orchestra.run.vm04.stdout:/usr/bin/ceph: stderr
2026-03-10T06:17:04.078+0000 7fe116d9d700 1 -- 192.168.123.104:0/2778120801 learned_addr learned my addr 192.168.123.104:0/2778120801 (peer_addr_for_me v2:192.168.123.104:0/0)
2026-03-10T06:17:04.256 INFO:teuthology.orchestra.run.vm04.stdout:/usr/bin/ceph: stderr
2026-03-10T06:17:04.079+0000 7fe116d9d700 1 -- 192.168.123.104:0/2778120801 --> [v2:192.168.123.104:3300/0,v1:192.168.123.104:6789/0] -- mon_subscribe({config=0+,monmap=0+}) v3 -- 0x7fe10800a8e0 con 0x7fe118071190
2026-03-10T06:17:04.256 INFO:teuthology.orchestra.run.vm04.stdout:/usr/bin/ceph: stderr
2026-03-10T06:17:04.079+0000 7fe116d9d700 1 --2- 192.168.123.104:0/2778120801 >> [v2:192.168.123.104:3300/0,v1:192.168.123.104:6789/0] conn(0x7fe118071190 0x7fe1180865a0 secure :-1 s=READY pgs=48 cs=0 l=1 rev1=1 crypto rx=0x7fe108003da0 tx=0x7fe108003980 comp rx=0 tx=0).ready entity=mon.0 client_cookie=0 server_cookie=0 in_seq=0 out_seq=0
2026-03-10T06:17:04.256 INFO:teuthology.orchestra.run.vm04.stdout:/usr/bin/ceph: stderr
2026-03-10T06:17:04.079+0000 7fe0fffff700 1 -- 192.168.123.104:0/2778120801 <== mon.0 v2:192.168.123.104:3300/0 1 ==== mon_map magic: 0 v1 ==== 214+0+0 (secure 0 0 0) 0x7fe108003fc0 con 0x7fe118071190
2026-03-10T06:17:04.256 INFO:teuthology.orchestra.run.vm04.stdout:/usr/bin/ceph: stderr
2026-03-10T06:17:04.079+0000 7fe0fffff700 1 -- 192.168.123.104:0/2778120801 <== mon.0 v2:192.168.123.104:3300/0 2 ==== config(28 keys) v1 ==== 1075+0+0 (secure 0 0 0) 0x7fe108004120 con 0x7fe118071190
2026-03-10T06:17:04.256 INFO:teuthology.orchestra.run.vm04.stdout:/usr/bin/ceph: stderr
2026-03-10T06:17:04.079+0000 7fe11d21a700 1 -- 192.168.123.104:0/2778120801 --> [v2:192.168.123.104:3300/0,v1:192.168.123.104:6789/0] -- mon_subscribe({mgrmap=0+}) v3 -- 0x7fe118089d40 con 0x7fe118071190
2026-03-10T06:17:04.256 INFO:teuthology.orchestra.run.vm04.stdout:/usr/bin/ceph: stderr
2026-03-10T06:17:04.079+0000 7fe0fffff700 1 -- 192.168.123.104:0/2778120801 <== mon.0 v2:192.168.123.104:3300/0 3 ==== mon_map magic: 0 v1 ==== 214+0+0 (secure 0 0 0) 0x7fe1080096f0 con 0x7fe118071190
2026-03-10T06:17:04.256 INFO:teuthology.orchestra.run.vm04.stdout:/usr/bin/ceph: stderr
2026-03-10T06:17:04.079+0000 7fe11d21a700 1 -- 192.168.123.104:0/2778120801 --> [v2:192.168.123.104:3300/0,v1:192.168.123.104:6789/0] -- mon_subscribe({osdmap=0}) v3 -- 0x7fe118086d30 con 0x7fe118071190
2026-03-10T06:17:04.256 INFO:teuthology.orchestra.run.vm04.stdout:/usr/bin/ceph: stderr
2026-03-10T06:17:04.080+0000 7fe11d21a700 1 -- 192.168.123.104:0/2778120801 --> [v2:192.168.123.104:3300/0,v1:192.168.123.104:6789/0] -- mon_command({"prefix": "get_command_descriptions"} v 0) v1 -- 0x7fe11804f9e0 con 0x7fe118071190
2026-03-10T06:17:04.256 INFO:teuthology.orchestra.run.vm04.stdout:/usr/bin/ceph: stderr
2026-03-10T06:17:04.081+0000 7fe0fffff700 1 -- 192.168.123.104:0/2778120801 <== mon.0 v2:192.168.123.104:3300/0 4 ==== mgrmap(e 8) v1 ==== 45079+0+0 (secure 0 0 0) 0x7fe108018070 con 0x7fe118071190
2026-03-10T06:17:04.256 INFO:teuthology.orchestra.run.vm04.stdout:/usr/bin/ceph: stderr
2026-03-10T06:17:04.081+0000 7fe0fffff700 1 --2- 192.168.123.104:0/2778120801 >> [v2:192.168.123.104:6800/2,v1:192.168.123.104:6801/2] conn(0x7fe1000384c0 0x7fe10003a970 unknown :-1 s=NONE pgs=0 cs=0 l=1 rev1=0 crypto rx=0 tx=0 comp rx=0 tx=0).connect
2026-03-10T06:17:04.256 INFO:teuthology.orchestra.run.vm04.stdout:/usr/bin/ceph: stderr
2026-03-10T06:17:04.083+0000 7fe0fffff700 1 -- 192.168.123.104:0/2778120801 <== mon.0 v2:192.168.123.104:3300/0 5 ==== osd_map(2..2 src has 1..2) v4 ==== 940+0+0 (secure 0 0 0) 0x7fe10804feb0 con 0x7fe118071190
2026-03-10T06:17:04.256 INFO:teuthology.orchestra.run.vm04.stdout:/usr/bin/ceph: stderr
2026-03-10T06:17:04.088+0000 7fe0fffff700 1 -- 192.168.123.104:0/2778120801 <== mon.0 v2:192.168.123.104:3300/0 6 ==== mon_command_ack([{"prefix": "get_command_descriptions"}]=0 v0) v1 ==== 72+0+177933 (secure 0 0 0) 0x7fe10801e020 con 0x7fe118071190
2026-03-10T06:17:04.256 INFO:teuthology.orchestra.run.vm04.stdout:/usr/bin/ceph: stderr
2026-03-10T06:17:04.088+0000 7fe11659c700 1 --2- 192.168.123.104:0/2778120801 >> [v2:192.168.123.104:6800/2,v1:192.168.123.104:6801/2] conn(0x7fe1000384c0 0x7fe10003a970 unknown :-1 s=BANNER_CONNECTING pgs=0 cs=0 l=1 rev1=0 crypto rx=0 tx=0 comp rx=0 tx=0)._handle_peer_banner_payload supported=3 required=0
2026-03-10T06:17:04.256 INFO:teuthology.orchestra.run.vm04.stdout:/usr/bin/ceph: stderr
2026-03-10T06:17:04.088+0000 7fe11659c700 1 --2- 192.168.123.104:0/2778120801 >> [v2:192.168.123.104:6800/2,v1:192.168.123.104:6801/2] conn(0x7fe1000384c0 0x7fe10003a970 secure :-1 s=READY pgs=12 cs=0 l=1 rev1=1 crypto rx=0x7fe10c006fd0 tx=0x7fe10c006e40 comp rx=0 tx=0).ready entity=mgr.14120 client_cookie=0 server_cookie=0 in_seq=0 out_seq=0
2026-03-10T06:17:04.257 INFO:teuthology.orchestra.run.vm04.stdout:/usr/bin/ceph: stderr
2026-03-10T06:17:04.206+0000 7fe11d21a700 1 -- 192.168.123.104:0/2778120801 --> [v2:192.168.123.104:6800/2,v1:192.168.123.104:6801/2] -- mgr_command(tid 0: {"prefix": "orch apply", "service_type": "mon", "target": ["mon-mgr", ""]}) v1 -- 0x7fe11806f0a0 con 0x7fe1000384c0
2026-03-10T06:17:04.257 INFO:teuthology.orchestra.run.vm04.stdout:/usr/bin/ceph: stderr
2026-03-10T06:17:04.212+0000 7fe0fffff700 1 -- 192.168.123.104:0/2778120801 <== mgr.14120 v2:192.168.123.104:6800/2 1 ==== mgr_command_reply(tid 0: 0 ) v1 ==== 8+0+24 (secure 0 0 0) 0x7fe11806f0a0 con 0x7fe1000384c0
2026-03-10T06:17:04.257 INFO:teuthology.orchestra.run.vm04.stdout:/usr/bin/ceph: stderr
2026-03-10T06:17:04.216+0000 7fe11d21a700 1 -- 192.168.123.104:0/2778120801 >> [v2:192.168.123.104:6800/2,v1:192.168.123.104:6801/2] conn(0x7fe1000384c0 msgr2=0x7fe10003a970 secure :-1 s=STATE_CONNECTION_ESTABLISHED l=1).mark_down
2026-03-10T06:17:04.257 INFO:teuthology.orchestra.run.vm04.stdout:/usr/bin/ceph: stderr
2026-03-10T06:17:04.216+0000 7fe11d21a700 1 --2- 192.168.123.104:0/2778120801 >> [v2:192.168.123.104:6800/2,v1:192.168.123.104:6801/2] conn(0x7fe1000384c0 0x7fe10003a970 secure :-1 s=READY pgs=12 cs=0 l=1 rev1=1 crypto rx=0x7fe10c006fd0 tx=0x7fe10c006e40 comp rx=0 tx=0).stop
2026-03-10T06:17:04.257 INFO:teuthology.orchestra.run.vm04.stdout:/usr/bin/ceph: stderr
2026-03-10T06:17:04.216+0000 7fe11d21a700 1 -- 192.168.123.104:0/2778120801 >> [v2:192.168.123.104:3300/0,v1:192.168.123.104:6789/0] conn(0x7fe118071190 msgr2=0x7fe1180865a0 secure :-1 s=STATE_CONNECTION_ESTABLISHED l=1).mark_down
2026-03-10T06:17:04.257 INFO:teuthology.orchestra.run.vm04.stdout:/usr/bin/ceph: stderr
2026-03-10T06:17:04.216+0000 7fe11d21a700 1 --2- 192.168.123.104:0/2778120801 >> [v2:192.168.123.104:3300/0,v1:192.168.123.104:6789/0] conn(0x7fe118071190 0x7fe1180865a0 secure :-1 s=READY pgs=48 cs=0 l=1 rev1=1 crypto rx=0x7fe108003da0 tx=0x7fe108003980 comp rx=0 tx=0).stop
2026-03-10T06:17:04.257 INFO:teuthology.orchestra.run.vm04.stdout:/usr/bin/ceph: stderr
2026-03-10T06:17:04.216+0000 7fe11d21a700 1 -- 192.168.123.104:0/2778120801 shutdown_connections
2026-03-10T06:17:04.257 INFO:teuthology.orchestra.run.vm04.stdout:/usr/bin/ceph: stderr
2026-03-10T06:17:04.216+0000 7fe11d21a700 1 --2- 192.168.123.104:0/2778120801 >> [v2:192.168.123.104:6800/2,v1:192.168.123.104:6801/2] conn(0x7fe1000384c0 0x7fe10003a970 secure :-1 s=CLOSED pgs=12 cs=0 l=1 rev1=1 crypto rx=0x7fe10c006fd0 tx=0x7fe10c006e40 comp rx=0 tx=0).stop
2026-03-10T06:17:04.257 INFO:teuthology.orchestra.run.vm04.stdout:/usr/bin/ceph: stderr
2026-03-10T06:17:04.216+0000 7fe11d21a700 1 --2- 192.168.123.104:0/2778120801 >> [v2:192.168.123.104:3300/0,v1:192.168.123.104:6789/0] conn(0x7fe118071190 0x7fe1180865a0 unknown :-1 s=CLOSED pgs=48 cs=0 l=1 rev1=1 crypto rx=0 tx=0 comp rx=0 tx=0).stop
2026-03-10T06:17:04.257 INFO:teuthology.orchestra.run.vm04.stdout:/usr/bin/ceph: stderr
2026-03-10T06:17:04.216+0000 7fe11d21a700 1 -- 192.168.123.104:0/2778120801 >> 192.168.123.104:0/2778120801 conn(0x7fe11806cc30 msgr2=0x7fe11806e990 unknown :-1 s=STATE_NONE l=0).mark_down
2026-03-10T06:17:04.257 INFO:teuthology.orchestra.run.vm04.stdout:/usr/bin/ceph: stderr
2026-03-10T06:17:04.217+0000 7fe11d21a700 1 -- 192.168.123.104:0/2778120801 shutdown_connections
2026-03-10T06:17:04.257 INFO:teuthology.orchestra.run.vm04.stdout:/usr/bin/ceph: stderr
2026-03-10T06:17:04.217+0000 7fe11d21a700 1 -- 192.168.123.104:0/2778120801 wait complete.
2026-03-10T06:17:04.257 INFO:teuthology.orchestra.run.vm04.stdout:Deploying mgr service with default placement...
2026-03-10T06:17:04.609 INFO:teuthology.orchestra.run.vm04.stdout:/usr/bin/ceph: stdout Scheduled mgr update...
2026-03-10T06:17:04.609 INFO:teuthology.orchestra.run.vm04.stdout:/usr/bin/ceph: stderr
2026-03-10T06:17:04.427+0000 7f58f73b0700 1 Processor -- start
2026-03-10T06:17:04.609 INFO:teuthology.orchestra.run.vm04.stdout:/usr/bin/ceph: stderr
2026-03-10T06:17:04.427+0000 7f58f73b0700 1 -- start start
2026-03-10T06:17:04.609 INFO:teuthology.orchestra.run.vm04.stdout:/usr/bin/ceph: stderr
2026-03-10T06:17:04.427+0000 7f58f73b0700 1 --2- >> [v2:192.168.123.104:3300/0,v1:192.168.123.104:6789/0] conn(0x7f58f0071200 0x7f58f0071610 unknown :-1 s=NONE pgs=0 cs=0 l=0 rev1=0 crypto rx=0 tx=0 comp rx=0 tx=0).connect
2026-03-10T06:17:04.609 INFO:teuthology.orchestra.run.vm04.stdout:/usr/bin/ceph: stderr
2026-03-10T06:17:04.427+0000 7f58f73b0700 1 -- --> [v2:192.168.123.104:3300/0,v1:192.168.123.104:6789/0] -- mon_getmap magic: 0 v1 -- 0x7f58f00728b0 con 0x7f58f0071200
2026-03-10T06:17:04.609 INFO:teuthology.orchestra.run.vm04.stdout:/usr/bin/ceph: stderr
2026-03-10T06:17:04.428+0000 7f58f514c700 1 --2- >> [v2:192.168.123.104:3300/0,v1:192.168.123.104:6789/0] conn(0x7f58f0071200 0x7f58f0071610 unknown :-1 s=BANNER_CONNECTING pgs=0 cs=0 l=0 rev1=0 crypto rx=0 tx=0 comp rx=0 tx=0)._handle_peer_banner_payload supported=3 required=0
2026-03-10T06:17:04.609 INFO:teuthology.orchestra.run.vm04.stdout:/usr/bin/ceph: stderr
2026-03-10T06:17:04.428+0000 7f58f514c700 1 --2- >> [v2:192.168.123.104:3300/0,v1:192.168.123.104:6789/0] conn(0x7f58f0071200 0x7f58f0071610 unknown :-1 s=HELLO_CONNECTING pgs=0 cs=0 l=0 rev1=1 crypto rx=0 tx=0 comp rx=0 tx=0).handle_hello peer v2:192.168.123.104:3300/0 says I am v2:192.168.123.104:60622/0 (socket says 192.168.123.104:60622)
2026-03-10T06:17:04.609 INFO:teuthology.orchestra.run.vm04.stdout:/usr/bin/ceph: stderr
2026-03-10T06:17:04.428+0000 7f58f514c700 1 -- 192.168.123.104:0/3135517865 learned_addr learned my addr 192.168.123.104:0/3135517865 (peer_addr_for_me v2:192.168.123.104:0/0)
2026-03-10T06:17:04.609 INFO:teuthology.orchestra.run.vm04.stdout:/usr/bin/ceph: stderr
2026-03-10T06:17:04.428+0000 7f58f514c700 1 -- 192.168.123.104:0/3135517865 --> [v2:192.168.123.104:3300/0,v1:192.168.123.104:6789/0] -- mon_subscribe({config=0+,monmap=0+}) v3 -- 0x7f58f00729f0 con 0x7f58f0071200
2026-03-10T06:17:04.609 INFO:teuthology.orchestra.run.vm04.stdout:/usr/bin/ceph: stderr
2026-03-10T06:17:04.429+0000 7f58f514c700 1 --2- 192.168.123.104:0/3135517865 >> [v2:192.168.123.104:3300/0,v1:192.168.123.104:6789/0] conn(0x7f58f0071200 0x7f58f0071610 secure :-1 s=READY pgs=49 cs=0 l=1 rev1=1 crypto rx=0x7f58ec009a90 tx=0x7f58ec009da0 comp rx=0 tx=0).ready entity=mon.0 client_cookie=cd8f6553cc50266 server_cookie=0 in_seq=0 out_seq=0
2026-03-10T06:17:04.609 INFO:teuthology.orchestra.run.vm04.stdout:/usr/bin/ceph: stderr
2026-03-10T06:17:04.429+0000 7f58e7fff700 1 -- 192.168.123.104:0/3135517865 <== mon.0 v2:192.168.123.104:3300/0 1 ==== mon_map magic: 0 v1 ==== 214+0+0 (secure 0 0 0) 0x7f58ec004030 con 0x7f58f0071200
2026-03-10T06:17:04.609 INFO:teuthology.orchestra.run.vm04.stdout:/usr/bin/ceph: stderr
2026-03-10T06:17:04.429+0000 7f58e7fff700 1 -- 192.168.123.104:0/3135517865 <== mon.0 v2:192.168.123.104:3300/0 2 ==== config(28 keys) v1 ==== 1139+0+0 (secure 0 0 0) 0x7f58ec00b7e0 con 0x7f58f0071200
2026-03-10T06:17:04.609 INFO:teuthology.orchestra.run.vm04.stdout:/usr/bin/ceph: stderr
2026-03-10T06:17:04.429+0000 7f58f73b0700 1 -- 192.168.123.104:0/3135517865 >> [v2:192.168.123.104:3300/0,v1:192.168.123.104:6789/0] conn(0x7f58f0071200 msgr2=0x7f58f0071610 secure :-1 s=STATE_CONNECTION_ESTABLISHED l=1).mark_down
2026-03-10T06:17:04.609 INFO:teuthology.orchestra.run.vm04.stdout:/usr/bin/ceph: stderr
2026-03-10T06:17:04.429+0000 7f58e7fff700 1 -- 192.168.123.104:0/3135517865 <== mon.0 v2:192.168.123.104:3300/0 3 ==== mon_map magic: 0 v1 ==== 214+0+0 (secure 0 0 0) 0x7f58ec004030 con 0x7f58f0071200
2026-03-10T06:17:04.609 INFO:teuthology.orchestra.run.vm04.stdout:/usr/bin/ceph: stderr
2026-03-10T06:17:04.429+0000 7f58f73b0700 1 --2- 192.168.123.104:0/3135517865 >> [v2:192.168.123.104:3300/0,v1:192.168.123.104:6789/0] conn(0x7f58f0071200 0x7f58f0071610 secure :-1 s=READY pgs=49 cs=0 l=1 rev1=1 crypto rx=0x7f58ec009a90 tx=0x7f58ec009da0 comp rx=0 tx=0).stop
2026-03-10T06:17:04.609 INFO:teuthology.orchestra.run.vm04.stdout:/usr/bin/ceph: stderr
2026-03-10T06:17:04.429+0000 7f58f73b0700 1 -- 192.168.123.104:0/3135517865 shutdown_connections
2026-03-10T06:17:04.609 INFO:teuthology.orchestra.run.vm04.stdout:/usr/bin/ceph: stderr
2026-03-10T06:17:04.429+0000 7f58f73b0700 1 --2- 192.168.123.104:0/3135517865 >> [v2:192.168.123.104:3300/0,v1:192.168.123.104:6789/0] conn(0x7f58f0071200 0x7f58f0071610 unknown :-1 s=CLOSED pgs=49 cs=0 l=1 rev1=1 crypto rx=0 tx=0 comp rx=0 tx=0).stop
2026-03-10T06:17:04.610 INFO:teuthology.orchestra.run.vm04.stdout:/usr/bin/ceph: stderr
2026-03-10T06:17:04.429+0000 7f58f73b0700 1 -- 192.168.123.104:0/3135517865 >> 192.168.123.104:0/3135517865 conn(0x7f58f006cc30 msgr2=0x7f58f006f060 unknown :-1 s=STATE_NONE l=0).mark_down
2026-03-10T06:17:04.612 INFO:teuthology.orchestra.run.vm04.stdout:/usr/bin/ceph: stderr
2026-03-10T06:17:04.430+0000 7f58f73b0700 1 -- 192.168.123.104:0/3135517865 shutdown_connections
2026-03-10T06:17:04.612 INFO:teuthology.orchestra.run.vm04.stdout:/usr/bin/ceph: stderr
2026-03-10T06:17:04.430+0000 7f58f73b0700 1 -- 192.168.123.104:0/3135517865 wait complete.
2026-03-10T06:17:04.612 INFO:teuthology.orchestra.run.vm04.stdout:/usr/bin/ceph: stderr
2026-03-10T06:17:04.431+0000 7f58f73b0700 1 Processor -- start
2026-03-10T06:17:04.612 INFO:teuthology.orchestra.run.vm04.stdout:/usr/bin/ceph: stderr
2026-03-10T06:17:04.431+0000 7f58f73b0700 1 -- start start
2026-03-10T06:17:04.612 INFO:teuthology.orchestra.run.vm04.stdout:/usr/bin/ceph: stderr
2026-03-10T06:17:04.431+0000 7f58f73b0700 1 --2- >> [v2:192.168.123.104:3300/0,v1:192.168.123.104:6789/0] conn(0x7f58f0071200 0x7f58f01a8970 unknown :-1 s=NONE pgs=0 cs=0 l=1 rev1=0 crypto rx=0 tx=0 comp rx=0 tx=0).connect
2026-03-10T06:17:04.612 INFO:teuthology.orchestra.run.vm04.stdout:/usr/bin/ceph: stderr
2026-03-10T06:17:04.431+0000 7f58f73b0700 1 -- --> [v2:192.168.123.104:3300/0,v1:192.168.123.104:6789/0] -- mon_getmap magic: 0 v1 -- 0x7f58f01a8eb0 con 0x7f58f0071200
2026-03-10T06:17:04.612 INFO:teuthology.orchestra.run.vm04.stdout:/usr/bin/ceph: stderr
2026-03-10T06:17:04.431+0000 7f58f514c700 1 --2- >> [v2:192.168.123.104:3300/0,v1:192.168.123.104:6789/0] conn(0x7f58f0071200 0x7f58f01a8970 unknown :-1 s=BANNER_CONNECTING pgs=0 cs=0 l=1 rev1=0 crypto rx=0 tx=0 comp rx=0 tx=0)._handle_peer_banner_payload supported=3 required=0
2026-03-10T06:17:04.612 INFO:teuthology.orchestra.run.vm04.stdout:/usr/bin/ceph: stderr
2026-03-10T06:17:04.431+0000 7f58f514c700 1 --2- >> [v2:192.168.123.104:3300/0,v1:192.168.123.104:6789/0] conn(0x7f58f0071200 0x7f58f01a8970 unknown :-1 s=HELLO_CONNECTING pgs=0 cs=0 l=1 rev1=1 crypto rx=0 tx=0 comp rx=0 tx=0).handle_hello peer v2:192.168.123.104:3300/0 says I am v2:192.168.123.104:60638/0 (socket says 192.168.123.104:60638)
2026-03-10T06:17:04.612 INFO:teuthology.orchestra.run.vm04.stdout:/usr/bin/ceph: stderr
2026-03-10T06:17:04.431+0000 7f58f514c700 1 -- 192.168.123.104:0/2786419883 learned_addr learned my addr 192.168.123.104:0/2786419883 (peer_addr_for_me v2:192.168.123.104:0/0)
2026-03-10T06:17:04.612 INFO:teuthology.orchestra.run.vm04.stdout:/usr/bin/ceph: stderr
2026-03-10T06:17:04.432+0000 7f58f514c700 1 -- 192.168.123.104:0/2786419883 --> [v2:192.168.123.104:3300/0,v1:192.168.123.104:6789/0] -- mon_subscribe({config=0+,monmap=0+}) v3 -- 0x7f58ec009740 con 0x7f58f0071200
2026-03-10T06:17:04.612 INFO:teuthology.orchestra.run.vm04.stdout:/usr/bin/ceph: stderr
2026-03-10T06:17:04.432+0000 7f58f514c700 1 --2- 192.168.123.104:0/2786419883 >> [v2:192.168.123.104:3300/0,v1:192.168.123.104:6789/0] conn(0x7f58f0071200 0x7f58f01a8970 secure :-1 s=READY pgs=50 cs=0 l=1 rev1=1 crypto rx=0x7f58ec009710 tx=0x7f58ec00bf80 comp rx=0 tx=0).ready entity=mon.0 client_cookie=0 server_cookie=0 in_seq=0 out_seq=0
2026-03-10T06:17:04.612 INFO:teuthology.orchestra.run.vm04.stdout:/usr/bin/ceph: stderr
2026-03-10T06:17:04.432+0000 7f58e67fc700 1 -- 192.168.123.104:0/2786419883 <== mon.0 v2:192.168.123.104:3300/0 1 ==== mon_map magic: 0 v1 ==== 214+0+0 (secure 0 0 0) 0x7f58ec0040b0 con 0x7f58f0071200
2026-03-10T06:17:04.612 INFO:teuthology.orchestra.run.vm04.stdout:/usr/bin/ceph: stderr
2026-03-10T06:17:04.432+0000 7f58e67fc700 1 -- 192.168.123.104:0/2786419883 <== mon.0 v2:192.168.123.104:3300/0 2 ==== config(28 keys) v1 ==== 1139+0+0 (secure 0 0 0) 0x7f58ec004210 con 0x7f58f0071200
2026-03-10T06:17:04.612 INFO:teuthology.orchestra.run.vm04.stdout:/usr/bin/ceph: stderr
2026-03-10T06:17:04.432+0000 7f58e67fc700 1 -- 192.168.123.104:0/2786419883 <== mon.0 v2:192.168.123.104:3300/0 3 ==== mon_map magic: 0 v1 ==== 214+0+0 (secure 0 0 0) 0x7f58ec0114c0 con 0x7f58f0071200
2026-03-10T06:17:04.612 INFO:teuthology.orchestra.run.vm04.stdout:/usr/bin/ceph: stderr
2026-03-10T06:17:04.432+0000 7f58f73b0700 1 -- 192.168.123.104:0/2786419883 --> [v2:192.168.123.104:3300/0,v1:192.168.123.104:6789/0] -- mon_subscribe({mgrmap=0+}) v3 -- 0x7f58f01a90b0 con 0x7f58f0071200
2026-03-10T06:17:04.613 INFO:teuthology.orchestra.run.vm04.stdout:/usr/bin/ceph: stderr
2026-03-10T06:17:04.432+0000 7f58f73b0700 1 -- 192.168.123.104:0/2786419883 --> [v2:192.168.123.104:3300/0,v1:192.168.123.104:6789/0] -- mon_subscribe({osdmap=0}) v3 -- 0x7f58f01a9550 con 0x7f58f0071200
2026-03-10T06:17:04.613 INFO:teuthology.orchestra.run.vm04.stdout:/usr/bin/ceph: stderr
2026-03-10T06:17:04.434+0000 7f58e67fc700 1 -- 192.168.123.104:0/2786419883 <== mon.0 v2:192.168.123.104:3300/0 4 ==== mgrmap(e 8) v1 ==== 45079+0+0 (secure 0 0 0) 0x7f58ec011620 con 0x7f58f0071200
2026-03-10T06:17:04.613 INFO:teuthology.orchestra.run.vm04.stdout:/usr/bin/ceph: stderr
2026-03-10T06:17:04.434+0000 7f58e67fc700 1 --2- 192.168.123.104:0/2786419883 >> [v2:192.168.123.104:6800/2,v1:192.168.123.104:6801/2] conn(0x7f58dc0384b0 0x7f58dc03a960 unknown :-1 s=NONE pgs=0 cs=0 l=1 rev1=0 crypto rx=0 tx=0 comp rx=0 tx=0).connect
2026-03-10T06:17:04.613 INFO:teuthology.orchestra.run.vm04.stdout:/usr/bin/ceph: stderr
2026-03-10T06:17:04.434+0000 7f58f494b700 1 --2- 192.168.123.104:0/2786419883 >> [v2:192.168.123.104:6800/2,v1:192.168.123.104:6801/2] conn(0x7f58dc0384b0 0x7f58dc03a960 unknown :-1 s=BANNER_CONNECTING pgs=0 cs=0 l=1 rev1=0 crypto rx=0 tx=0 comp rx=0 tx=0)._handle_peer_banner_payload supported=3 required=0
2026-03-10T06:17:04.613 INFO:teuthology.orchestra.run.vm04.stdout:/usr/bin/ceph: stderr
2026-03-10T06:17:04.434+0000 7f58e67fc700 1 -- 192.168.123.104:0/2786419883 <== mon.0 v2:192.168.123.104:3300/0 5 ==== osd_map(2..2 src has 1..2) v4 ==== 940+0+0 (secure 0 0 0) 0x7f58ec04cc10 con 0x7f58f0071200
2026-03-10T06:17:04.613 INFO:teuthology.orchestra.run.vm04.stdout:/usr/bin/ceph: stderr
2026-03-10T06:17:04.435+0000 7f58f494b700 1 --2- 192.168.123.104:0/2786419883 >> [v2:192.168.123.104:6800/2,v1:192.168.123.104:6801/2] conn(0x7f58dc0384b0 0x7f58dc03a960 secure :-1 s=READY pgs=13 cs=0 l=1 rev1=1 crypto rx=0x7f58e800ad80 tx=0x7f58e80093f0 comp rx=0 tx=0).ready entity=mgr.14120 client_cookie=0 server_cookie=0 in_seq=0 out_seq=0
2026-03-10T06:17:04.613 INFO:teuthology.orchestra.run.vm04.stdout:/usr/bin/ceph: stderr
2026-03-10T06:17:04.435+0000 7f58f73b0700 1 -- 192.168.123.104:0/2786419883 --> [v2:192.168.123.104:3300/0,v1:192.168.123.104:6789/0] -- mon_command({"prefix": "get_command_descriptions"} v 0) v1 -- 0x7f58f01a30a0 con 0x7f58f0071200
2026-03-10T06:17:04.613 INFO:teuthology.orchestra.run.vm04.stdout:/usr/bin/ceph: stderr
2026-03-10T06:17:04.438+0000 7f58e67fc700 1 -- 192.168.123.104:0/2786419883 <== mon.0 v2:192.168.123.104:3300/0 6 ==== mon_command_ack([{"prefix": "get_command_descriptions"}]=0 v0) v1 ==== 72+0+177933 (secure 0 0 0) 0x7f58ec01e070 con 0x7f58f0071200
2026-03-10T06:17:04.613 INFO:teuthology.orchestra.run.vm04.stdout:/usr/bin/ceph: stderr
2026-03-10T06:17:04.552+0000 7f58f73b0700 1 -- 192.168.123.104:0/2786419883 --> [v2:192.168.123.104:6800/2,v1:192.168.123.104:6801/2] -- mgr_command(tid 0: {"prefix": "orch apply", "service_type": "mgr", "target": ["mon-mgr", ""]}) v1 -- 0x7f58f0061190 con 0x7f58dc0384b0
2026-03-10T06:17:04.613 INFO:teuthology.orchestra.run.vm04.stdout:/usr/bin/ceph: stderr
2026-03-10T06:17:04.560+0000 7f58e67fc700 1 -- 192.168.123.104:0/2786419883 <== mgr.14120 v2:192.168.123.104:6800/2 1 ==== mgr_command_reply(tid 0: 0 ) v1 ==== 8+0+24 (secure 0 0 0) 0x7f58f0061190 con 0x7f58dc0384b0
2026-03-10T06:17:04.613 INFO:teuthology.orchestra.run.vm04.stdout:/usr/bin/ceph: stderr
2026-03-10T06:17:04.565+0000 7f58dbfff700 1 -- 192.168.123.104:0/2786419883 >> [v2:192.168.123.104:6800/2,v1:192.168.123.104:6801/2] conn(0x7f58dc0384b0 msgr2=0x7f58dc03a960 secure :-1 s=STATE_CONNECTION_ESTABLISHED l=1).mark_down
2026-03-10T06:17:04.613 INFO:teuthology.orchestra.run.vm04.stdout:/usr/bin/ceph: stderr
2026-03-10T06:17:04.565+0000 7f58dbfff700 1 --2- 192.168.123.104:0/2786419883 >> [v2:192.168.123.104:6800/2,v1:192.168.123.104:6801/2] conn(0x7f58dc0384b0 0x7f58dc03a960 secure :-1 s=READY pgs=13 cs=0 l=1 rev1=1 crypto rx=0x7f58e800ad80 tx=0x7f58e80093f0 comp rx=0 tx=0).stop
2026-03-10T06:17:04.613 INFO:teuthology.orchestra.run.vm04.stdout:/usr/bin/ceph: stderr
2026-03-10T06:17:04.565+0000 7f58dbfff700 1 -- 192.168.123.104:0/2786419883 >> [v2:192.168.123.104:3300/0,v1:192.168.123.104:6789/0] conn(0x7f58f0071200 msgr2=0x7f58f01a8970 secure :-1 s=STATE_CONNECTION_ESTABLISHED l=1).mark_down
2026-03-10T06:17:04.613 INFO:teuthology.orchestra.run.vm04.stdout:/usr/bin/ceph: stderr
2026-03-10T06:17:04.565+0000 7f58dbfff700 1 --2- 192.168.123.104:0/2786419883 >> [v2:192.168.123.104:3300/0,v1:192.168.123.104:6789/0] conn(0x7f58f0071200 0x7f58f01a8970 secure :-1 s=READY pgs=50 cs=0 l=1 rev1=1 crypto rx=0x7f58ec009710 tx=0x7f58ec00bf80 comp rx=0 tx=0).stop
2026-03-10T06:17:04.613 INFO:teuthology.orchestra.run.vm04.stdout:/usr/bin/ceph: stderr
2026-03-10T06:17:04.565+0000 7f58dbfff700 1 -- 192.168.123.104:0/2786419883 shutdown_connections
2026-03-10T06:17:04.613 INFO:teuthology.orchestra.run.vm04.stdout:/usr/bin/ceph: stderr
2026-03-10T06:17:04.565+0000 7f58dbfff700 1 --2- 192.168.123.104:0/2786419883 >> [v2:192.168.123.104:6800/2,v1:192.168.123.104:6801/2] conn(0x7f58dc0384b0 0x7f58dc03a960 unknown :-1 s=CLOSED pgs=13 cs=0 l=1 rev1=1 crypto rx=0 tx=0 comp rx=0 tx=0).stop
2026-03-10T06:17:04.613 INFO:teuthology.orchestra.run.vm04.stdout:/usr/bin/ceph: stderr
2026-03-10T06:17:04.565+0000 7f58dbfff700 1 --2- 192.168.123.104:0/2786419883 >> [v2:192.168.123.104:3300/0,v1:192.168.123.104:6789/0] conn(0x7f58f0071200 0x7f58f01a8970 unknown :-1 s=CLOSED pgs=50 cs=0 l=1 rev1=1 crypto rx=0 tx=0 comp rx=0 tx=0).stop
2026-03-10T06:17:04.613 INFO:teuthology.orchestra.run.vm04.stdout:/usr/bin/ceph: stderr
2026-03-10T06:17:04.565+0000 7f58dbfff700 1 -- 192.168.123.104:0/2786419883 >> 192.168.123.104:0/2786419883 conn(0x7f58f006cc30 msgr2=0x7f58f01130c0 unknown :-1 s=STATE_NONE l=0).mark_down
2026-03-10T06:17:04.613 INFO:teuthology.orchestra.run.vm04.stdout:/usr/bin/ceph: stderr
2026-03-10T06:17:04.565+0000 7f58dbfff700 1 -- 192.168.123.104:0/2786419883 shutdown_connections
2026-03-10T06:17:04.613 INFO:teuthology.orchestra.run.vm04.stdout:/usr/bin/ceph: stderr
2026-03-10T06:17:04.565+0000 7f58dbfff700 1 -- 192.168.123.104:0/2786419883 wait complete.
2026-03-10T06:17:04.613 INFO:teuthology.orchestra.run.vm04.stdout:Deploying crash service with default placement...
2026-03-10T06:17:04.957 INFO:teuthology.orchestra.run.vm04.stdout:/usr/bin/ceph: stdout Scheduled crash update...
2026-03-10T06:17:04.957 INFO:teuthology.orchestra.run.vm04.stdout:/usr/bin/ceph: stderr
2026-03-10T06:17:04.767+0000 7f806b377700 1 Processor -- start
2026-03-10T06:17:04.957 INFO:teuthology.orchestra.run.vm04.stdout:/usr/bin/ceph: stderr
2026-03-10T06:17:04.767+0000 7f806b377700 1 -- start start
2026-03-10T06:17:04.957 INFO:teuthology.orchestra.run.vm04.stdout:/usr/bin/ceph: stderr
2026-03-10T06:17:04.767+0000 7f806b377700 1 --2- >> [v2:192.168.123.104:3300/0,v1:192.168.123.104:6789/0] conn(0x7f8064071410 0x7f8064071820 unknown :-1 s=NONE pgs=0 cs=0 l=0 rev1=0 crypto rx=0 tx=0 comp rx=0 tx=0).connect
2026-03-10T06:17:04.957 INFO:teuthology.orchestra.run.vm04.stdout:/usr/bin/ceph: stderr
2026-03-10T06:17:04.767+0000 7f806b377700 1 -- --> [v2:192.168.123.104:3300/0,v1:192.168.123.104:6789/0] -- mon_getmap magic: 0 v1 -- 0x7f8064071d60 con 0x7f8064071410
2026-03-10T06:17:04.957 INFO:teuthology.orchestra.run.vm04.stdout:/usr/bin/ceph: stderr
2026-03-10T06:17:04.767+0000 7f806a375700 1 --2- >> [v2:192.168.123.104:3300/0,v1:192.168.123.104:6789/0] conn(0x7f8064071410 0x7f8064071820 unknown :-1 s=BANNER_CONNECTING pgs=0 cs=0 l=0 rev1=0 crypto rx=0 tx=0 comp rx=0 tx=0)._handle_peer_banner_payload supported=3 required=0
2026-03-10T06:17:04.958 INFO:teuthology.orchestra.run.vm04.stdout:/usr/bin/ceph: stderr
2026-03-10T06:17:04.767+0000 7f806a375700 1 --2- >> [v2:192.168.123.104:3300/0,v1:192.168.123.104:6789/0] conn(0x7f8064071410 0x7f8064071820 unknown :-1 s=HELLO_CONNECTING pgs=0 cs=0 l=0 rev1=1 crypto rx=0 tx=0 comp rx=0 tx=0).handle_hello peer v2:192.168.123.104:3300/0 says I am v2:192.168.123.104:60644/0 (socket says 192.168.123.104:60644)
2026-03-10T06:17:04.958 INFO:teuthology.orchestra.run.vm04.stdout:/usr/bin/ceph: stderr
2026-03-10T06:17:04.767+0000 7f806a375700 1 -- 192.168.123.104:0/2062780171 learned_addr learned my addr 192.168.123.104:0/2062780171 (peer_addr_for_me v2:192.168.123.104:0/0)
2026-03-10T06:17:04.958 INFO:teuthology.orchestra.run.vm04.stdout:/usr/bin/ceph: stderr
2026-03-10T06:17:04.768+0000 7f806a375700 1 -- 192.168.123.104:0/2062780171 --> [v2:192.168.123.104:3300/0,v1:192.168.123.104:6789/0] -- mon_subscribe({config=0+,monmap=0+}) v3 -- 0x7f8064071ea0 con 0x7f8064071410
2026-03-10T06:17:04.958 INFO:teuthology.orchestra.run.vm04.stdout:/usr/bin/ceph: stderr
2026-03-10T06:17:04.768+0000 7f806a375700 1 --2- 192.168.123.104:0/2062780171 >> [v2:192.168.123.104:3300/0,v1:192.168.123.104:6789/0] conn(0x7f8064071410 0x7f8064071820 secure :-1 s=READY pgs=51 cs=0 l=1 rev1=1 crypto rx=0x7f805c009b80 tx=0x7f805c009e90 comp rx=0 tx=0).ready entity=mon.0 client_cookie=10c1d7d6897b7a58 server_cookie=0 in_seq=0 out_seq=0
2026-03-10T06:17:04.958 INFO:teuthology.orchestra.run.vm04.stdout:/usr/bin/ceph: stderr
2026-03-10T06:17:04.768+0000 7f8069373700 1 -- 192.168.123.104:0/2062780171 <== mon.0 v2:192.168.123.104:3300/0 1 ==== mon_map magic: 0 v1 ==== 214+0+0 (secure 0 0 0) 0x7f805c00dc30 con 0x7f8064071410
2026-03-10T06:17:04.958 INFO:teuthology.orchestra.run.vm04.stdout:/usr/bin/ceph: stderr
2026-03-10T06:17:04.768+0000 7f8069373700 1 -- 192.168.123.104:0/2062780171 <== mon.0 v2:192.168.123.104:3300/0 2 ==== config(28 keys) v1 ==== 1139+0+0 (secure 0 0 0) 0x7f805c00dd90 con 0x7f8064071410
2026-03-10T06:17:04.958 INFO:teuthology.orchestra.run.vm04.stdout:/usr/bin/ceph: stderr
2026-03-10T06:17:04.768+0000 7f806b377700 1 -- 192.168.123.104:0/2062780171 >> [v2:192.168.123.104:3300/0,v1:192.168.123.104:6789/0] conn(0x7f8064071410 msgr2=0x7f8064071820 secure :-1 s=STATE_CONNECTION_ESTABLISHED l=1).mark_down
2026-03-10T06:17:04.958 INFO:teuthology.orchestra.run.vm04.stdout:/usr/bin/ceph: stderr
2026-03-10T06:17:04.768+0000 7f806b377700 1 --2- 192.168.123.104:0/2062780171 >> [v2:192.168.123.104:3300/0,v1:192.168.123.104:6789/0] conn(0x7f8064071410 0x7f8064071820 secure :-1 s=READY pgs=51 cs=0 l=1 rev1=1 crypto rx=0x7f805c009b80 tx=0x7f805c009e90 comp rx=0 tx=0).stop
2026-03-10T06:17:04.958 INFO:teuthology.orchestra.run.vm04.stdout:/usr/bin/ceph: stderr
2026-03-10T06:17:04.769+0000 7f806b377700 1 -- 192.168.123.104:0/2062780171 shutdown_connections
2026-03-10T06:17:04.958 INFO:teuthology.orchestra.run.vm04.stdout:/usr/bin/ceph: stderr
2026-03-10T06:17:04.769+0000 7f806b377700 1 --2- 192.168.123.104:0/2062780171 >> [v2:192.168.123.104:3300/0,v1:192.168.123.104:6789/0] conn(0x7f8064071410 0x7f8064071820 unknown :-1 s=CLOSED pgs=51 cs=0 l=1 rev1=1 crypto rx=0 tx=0 comp rx=0 tx=0).stop
2026-03-10T06:17:04.958 INFO:teuthology.orchestra.run.vm04.stdout:/usr/bin/ceph: stderr
2026-03-10T06:17:04.769+0000 7f806b377700 1 -- 192.168.123.104:0/2062780171 >> 192.168.123.104:0/2062780171 conn(0x7f806406c9d0 msgr2=0x7f806406ee00 unknown :-1 s=STATE_NONE l=0).mark_down
2026-03-10T06:17:04.958 INFO:teuthology.orchestra.run.vm04.stdout:/usr/bin/ceph: stderr
2026-03-10T06:17:04.769+0000 7f806b377700 1 -- 192.168.123.104:0/2062780171 shutdown_connections
2026-03-10T06:17:04.958 INFO:teuthology.orchestra.run.vm04.stdout:/usr/bin/ceph: stderr
2026-03-10T06:17:04.769+0000 7f806b377700 1 -- 192.168.123.104:0/2062780171 wait complete.
2026-03-10T06:17:04.958 INFO:teuthology.orchestra.run.vm04.stdout:/usr/bin/ceph: stderr
2026-03-10T06:17:04.769+0000 7f806b377700 1 Processor -- start
2026-03-10T06:17:04.958 INFO:teuthology.orchestra.run.vm04.stdout:/usr/bin/ceph: stderr
2026-03-10T06:17:04.769+0000 7f806b377700 1 -- start start
2026-03-10T06:17:04.958 INFO:teuthology.orchestra.run.vm04.stdout:/usr/bin/ceph: stderr
2026-03-10T06:17:04.769+0000 7f806b377700 1 --2- >> [v2:192.168.123.104:3300/0,v1:192.168.123.104:6789/0] conn(0x7f8064071410 0x7f8064112690 unknown :-1 s=NONE pgs=0 cs=0 l=1 rev1=0 crypto rx=0 tx=0 comp rx=0 tx=0).connect
2026-03-10T06:17:04.958 INFO:teuthology.orchestra.run.vm04.stdout:/usr/bin/ceph: stderr
2026-03-10T06:17:04.769+0000 7f806b377700 1 -- --> [v2:192.168.123.104:3300/0,v1:192.168.123.104:6789/0] -- mon_getmap magic: 0 v1 -- 0x7f805c004820 con 0x7f8064071410
2026-03-10T06:17:04.958 INFO:teuthology.orchestra.run.vm04.stdout:/usr/bin/ceph: stderr
2026-03-10T06:17:04.770+0000 7f806a375700 1 --2- >> [v2:192.168.123.104:3300/0,v1:192.168.123.104:6789/0] conn(0x7f8064071410 0x7f8064112690 unknown :-1 s=BANNER_CONNECTING pgs=0 cs=0 l=1 rev1=0 crypto rx=0 tx=0 comp rx=0 tx=0)._handle_peer_banner_payload supported=3 required=0
2026-03-10T06:17:04.958 INFO:teuthology.orchestra.run.vm04.stdout:/usr/bin/ceph: stderr
2026-03-10T06:17:04.770+0000 7f806a375700 1 --2- >> [v2:192.168.123.104:3300/0,v1:192.168.123.104:6789/0] conn(0x7f8064071410 0x7f8064112690 unknown :-1 s=HELLO_CONNECTING pgs=0 cs=0 l=1 rev1=1 crypto rx=0 tx=0 comp rx=0 tx=0).handle_hello peer v2:192.168.123.104:3300/0 says I am v2:192.168.123.104:60652/0 (socket says 192.168.123.104:60652)
2026-03-10T06:17:04.958 INFO:teuthology.orchestra.run.vm04.stdout:/usr/bin/ceph: stderr
2026-03-10T06:17:04.770+0000 7f806a375700 1 -- 192.168.123.104:0/2560549558 learned_addr learned my addr 192.168.123.104:0/2560549558 (peer_addr_for_me v2:192.168.123.104:0/0)
2026-03-10T06:17:04.958 INFO:teuthology.orchestra.run.vm04.stdout:/usr/bin/ceph: stderr
2026-03-10T06:17:04.770+0000 7f806a375700 1 -- 192.168.123.104:0/2560549558 --> [v2:192.168.123.104:3300/0,v1:192.168.123.104:6789/0] -- mon_subscribe({config=0+,monmap=0+}) v3 -- 0x7f805c009830 con 0x7f8064071410
2026-03-10T06:17:04.958 INFO:teuthology.orchestra.run.vm04.stdout:/usr/bin/ceph: stderr
2026-03-10T06:17:04.770+0000 7f806a375700 1 --2- 192.168.123.104:0/2560549558 >> [v2:192.168.123.104:3300/0,v1:192.168.123.104:6789/0] conn(0x7f8064071410 0x7f8064112690 secure :-1 s=READY pgs=52 cs=0 l=1 rev1=1 crypto rx=0x7f805c00d980 tx=0x7f805c015950 comp rx=0 tx=0).ready entity=mon.0 client_cookie=0 server_cookie=0 in_seq=0 out_seq=0
2026-03-10T06:17:04.958 INFO:teuthology.orchestra.run.vm04.stdout:/usr/bin/ceph: stderr
2026-03-10T06:17:04.770+0000 7f805b7fe700 1 -- 192.168.123.104:0/2560549558 <== mon.0 v2:192.168.123.104:3300/0 1 ==== mon_map magic: 0 v1 ==== 214+0+0 (secure 0 0 0) 0x7f805c00dc30 con 0x7f8064071410
2026-03-10T06:17:04.958 INFO:teuthology.orchestra.run.vm04.stdout:/usr/bin/ceph: stderr
2026-03-10T06:17:04.770+0000 7f805b7fe700 1 -- 192.168.123.104:0/2560549558 <== mon.0 v2:192.168.123.104:3300/0 2 ==== config(28 keys) v1 ==== 1139+0+0 (secure 0 0 0) 0x7f805c0043a0 con 0x7f8064071410
2026-03-10T06:17:04.958 INFO:teuthology.orchestra.run.vm04.stdout:/usr/bin/ceph: stderr
2026-03-10T06:17:04.770+0000 7f806b377700 1 -- 192.168.123.104:0/2560549558 --> [v2:192.168.123.104:3300/0,v1:192.168.123.104:6789/0] -- mon_subscribe({mgrmap=0+}) v3 -- 0x7f8064110ce0 con 0x7f8064071410
2026-03-10T06:17:04.958 INFO:teuthology.orchestra.run.vm04.stdout:/usr/bin/ceph: stderr
2026-03-10T06:17:04.770+0000 7f806b377700 1 -- 192.168.123.104:0/2560549558 --> [v2:192.168.123.104:3300/0,v1:192.168.123.104:6789/0] -- mon_subscribe({osdmap=0}) v3 -- 0x7f80641111e0 con 0x7f8064071410
2026-03-10T06:17:04.958 INFO:teuthology.orchestra.run.vm04.stdout:/usr/bin/ceph: stderr
2026-03-10T06:17:04.770+0000 7f805b7fe700 1 -- 192.168.123.104:0/2560549558 <== mon.0 v2:192.168.123.104:3300/0 3 ==== mon_map magic: 0 v1 ==== 214+0+0 (secure 0 0 0) 0x7f805c00cb00 con 0x7f8064071410
2026-03-10T06:17:04.958 INFO:teuthology.orchestra.run.vm04.stdout:/usr/bin/ceph: stderr
2026-03-10T06:17:04.773+0000 7f805b7fe700 1 -- 192.168.123.104:0/2560549558 <== mon.0 v2:192.168.123.104:3300/0 4 ==== mgrmap(e 8) v1 ==== 45079+0+0 (secure 0 0 0) 0x7f805c00cc60 con 0x7f8064071410
2026-03-10T06:17:04.958 INFO:teuthology.orchestra.run.vm04.stdout:/usr/bin/ceph: stderr
2026-03-10T06:17:04.773+0000 7f805b7fe700 1 --2- 192.168.123.104:0/2560549558 >> [v2:192.168.123.104:6800/2,v1:192.168.123.104:6801/2] conn(0x7f8050038460 0x7f805003a910 unknown :-1 s=NONE pgs=0 cs=0 l=1 rev1=0 crypto rx=0 tx=0 comp rx=0 tx=0).connect
2026-03-10T06:17:04.958 INFO:teuthology.orchestra.run.vm04.stdout:/usr/bin/ceph: stderr
2026-03-10T06:17:04.773+0000 7f8069b74700 1 --2- 192.168.123.104:0/2560549558 >> [v2:192.168.123.104:6800/2,v1:192.168.123.104:6801/2] conn(0x7f8050038460 0x7f805003a910 unknown :-1 s=BANNER_CONNECTING pgs=0 cs=0 l=1 rev1=0 crypto rx=0 tx=0 comp rx=0 tx=0)._handle_peer_banner_payload supported=3 required=0
2026-03-10T06:17:04.958 INFO:teuthology.orchestra.run.vm04.stdout:/usr/bin/ceph: stderr
2026-03-10T06:17:04.773+0000 7f805b7fe700 1 -- 192.168.123.104:0/2560549558 <== mon.0 v2:192.168.123.104:3300/0 5 ==== osd_map(2..2 src has 1..2) v4 ==== 940+0+0 (secure 0 0 0) 0x7f805c04c120 con 0x7f8064071410
2026-03-10T06:17:04.958 INFO:teuthology.orchestra.run.vm04.stdout:/usr/bin/ceph: stderr
2026-03-10T06:17:04.774+0000 7f806b377700 1 -- 192.168.123.104:0/2560549558 --> [v2:192.168.123.104:3300/0,v1:192.168.123.104:6789/0] -- mon_command({"prefix": "get_command_descriptions"} v 0) v1 -- 0x7f8048005320 con 0x7f8064071410
2026-03-10T06:17:04.958 INFO:teuthology.orchestra.run.vm04.stdout:/usr/bin/ceph: stderr
2026-03-10T06:17:04.777+0000 7f805b7fe700 1 -- 192.168.123.104:0/2560549558 <== mon.0 v2:192.168.123.104:3300/0 6 ==== mon_command_ack([{"prefix": "get_command_descriptions"}]=0 v0) v1 ==== 72+0+177933 (secure 0 0 0) 0x7f805c024020 con 0x7f8064071410
2026-03-10T06:17:04.958 INFO:teuthology.orchestra.run.vm04.stdout:/usr/bin/ceph: stderr
2026-03-10T06:17:04.777+0000 7f8069b74700 1 --2- 192.168.123.104:0/2560549558 >> [v2:192.168.123.104:6800/2,v1:192.168.123.104:6801/2] conn(0x7f8050038460 0x7f805003a910 secure :-1 s=READY pgs=14 cs=0 l=1 rev1=1 crypto rx=0x7f8054009940 tx=0x7f8054006e30 comp rx=0 tx=0).ready entity=mgr.14120 client_cookie=0 server_cookie=0 in_seq=0 out_seq=0
2026-03-10T06:17:04.958 INFO:teuthology.orchestra.run.vm04.stdout:/usr/bin/ceph: stderr
2026-03-10T06:17:04.898+0000 7f806b377700 1 -- 192.168.123.104:0/2560549558 --> [v2:192.168.123.104:6800/2,v1:192.168.123.104:6801/2] -- mgr_command(tid 0: {"prefix": "orch apply", "service_type": "crash", "target": ["mon-mgr", ""]}) v1 -- 0x7f8048000bf0 con 0x7f8050038460
2026-03-10T06:17:04.958 INFO:teuthology.orchestra.run.vm04.stdout:/usr/bin/ceph: stderr
2026-03-10T06:17:04.907+0000 7f805b7fe700 1 -- 192.168.123.104:0/2560549558 <== mgr.14120 v2:192.168.123.104:6800/2 1 ==== mgr_command_reply(tid 0: 0 ) v1 ==== 8+0+26 (secure 0 0 0) 0x7f8048000bf0 con 0x7f8050038460
2026-03-10T06:17:04.958 INFO:teuthology.orchestra.run.vm04.stdout:/usr/bin/ceph: stderr
2026-03-10T06:17:04.913+0000 7f806b377700 1 -- 192.168.123.104:0/2560549558 >> [v2:192.168.123.104:6800/2,v1:192.168.123.104:6801/2] conn(0x7f8050038460 msgr2=0x7f805003a910 secure :-1 s=STATE_CONNECTION_ESTABLISHED l=1).mark_down
2026-03-10T06:17:04.958 INFO:teuthology.orchestra.run.vm04.stdout:/usr/bin/ceph: stderr
2026-03-10T06:17:04.913+0000 7f806b377700 1 --2- 192.168.123.104:0/2560549558 >> [v2:192.168.123.104:6800/2,v1:192.168.123.104:6801/2] conn(0x7f8050038460 0x7f805003a910 secure :-1 s=READY pgs=14 cs=0 l=1 rev1=1 crypto rx=0x7f8054009940 tx=0x7f8054006e30 comp rx=0 tx=0).stop
2026-03-10T06:17:04.958 INFO:teuthology.orchestra.run.vm04.stdout:/usr/bin/ceph: stderr
2026-03-10T06:17:04.913+0000 7f806b377700 1 -- 192.168.123.104:0/2560549558 >> [v2:192.168.123.104:3300/0,v1:192.168.123.104:6789/0] conn(0x7f8064071410 msgr2=0x7f8064112690 secure :-1 s=STATE_CONNECTION_ESTABLISHED l=1).mark_down
2026-03-10T06:17:04.958 INFO:teuthology.orchestra.run.vm04.stdout:/usr/bin/ceph: stderr
2026-03-10T06:17:04.913+0000 7f806b377700 1 --2- 192.168.123.104:0/2560549558 >> [v2:192.168.123.104:3300/0,v1:192.168.123.104:6789/0] conn(0x7f8064071410 0x7f8064112690 secure :-1 s=READY pgs=52 cs=0 l=1 rev1=1 crypto rx=0x7f805c00d980 tx=0x7f805c015950 comp rx=0 tx=0).stop
2026-03-10T06:17:04.958 INFO:teuthology.orchestra.run.vm04.stdout:/usr/bin/ceph: stderr
2026-03-10T06:17:04.913+0000 7f806b377700 1 -- 192.168.123.104:0/2560549558 shutdown_connections
2026-03-10T06:17:04.958 INFO:teuthology.orchestra.run.vm04.stdout:/usr/bin/ceph: stderr
2026-03-10T06:17:04.913+0000 7f806b377700 1 --2- 192.168.123.104:0/2560549558 >> [v2:192.168.123.104:6800/2,v1:192.168.123.104:6801/2] conn(0x7f8050038460 0x7f805003a910 unknown :-1 s=CLOSED pgs=14 cs=0 l=1 rev1=1 crypto rx=0 tx=0 comp rx=0 tx=0).stop
2026-03-10T06:17:04.958 INFO:teuthology.orchestra.run.vm04.stdout:/usr/bin/ceph: stderr
2026-03-10T06:17:04.913+0000 7f806b377700 1 --2- 192.168.123.104:0/2560549558 >> [v2:192.168.123.104:3300/0,v1:192.168.123.104:6789/0] conn(0x7f8064071410 0x7f8064112690 unknown :-1 s=CLOSED pgs=52 cs=0 l=1 rev1=1 crypto rx=0 tx=0 comp rx=0 tx=0).stop
2026-03-10T06:17:04.958 INFO:teuthology.orchestra.run.vm04.stdout:/usr/bin/ceph: stderr
2026-03-10T06:17:04.913+0000 7f806b377700 1 -- 192.168.123.104:0/2560549558 >> 192.168.123.104:0/2560549558 conn(0x7f806406c9d0 msgr2=0x7f806406d6e0 unknown :-1 s=STATE_NONE l=0).mark_down
2026-03-10T06:17:04.958 INFO:teuthology.orchestra.run.vm04.stdout:/usr/bin/ceph: stderr
2026-03-10T06:17:04.913+0000 7f806b377700 1 -- 192.168.123.104:0/2560549558 shutdown_connections
2026-03-10T06:17:04.958 INFO:teuthology.orchestra.run.vm04.stdout:/usr/bin/ceph: stderr
2026-03-10T06:17:04.913+0000 7f806b377700 1 -- 192.168.123.104:0/2560549558 wait complete.
2026-03-10T06:17:04.959 INFO:teuthology.orchestra.run.vm04.stdout:Deploying ceph-exporter service with default placement...
2026-03-10T06:17:05.123 INFO:journalctl@ceph.mon.vm04.vm04.stdout:Mar 10 06:17:04 vm04 ceph-mon[51058]: from='mgr.14120 192.168.123.104:0/2' entity='mgr.vm04.exdvdb'
2026-03-10T06:17:05.123 INFO:journalctl@ceph.mon.vm04.vm04.stdout:Mar 10 06:17:04 vm04 ceph-mon[51058]: Added host vm04
2026-03-10T06:17:05.123 INFO:journalctl@ceph.mon.vm04.vm04.stdout:Mar 10 06:17:04 vm04 ceph-mon[51058]: from='mgr.14120 192.168.123.104:0/2' entity='mgr.vm04.exdvdb' cmd=[{"prefix": "config dump", "format": "json"}]: dispatch
2026-03-10T06:17:05.123 INFO:journalctl@ceph.mon.vm04.vm04.stdout:Mar 10 06:17:04 vm04 ceph-mon[51058]: from='client.14142 -' entity='client.admin' cmd=[{"prefix": "orch apply", "service_type": "mon", "target": ["mon-mgr", ""]}]: dispatch
2026-03-10T06:17:05.123 INFO:journalctl@ceph.mon.vm04.vm04.stdout:Mar 10 06:17:04 vm04 ceph-mon[51058]: Saving service mon spec with placement count:5
