2026-03-10T06:17:00.849+0000 7f424bffb700 1 --2- 192.168.123.104:0/1574706423 >> [v2:192.168.123.104:6800/2,v1:192.168.123.104:6801/2] conn(0x7f42300382d0 0x7f423003a780 unknown :-1 s=CLOSED pgs=8 cs=0 l=1 rev1=1 crypto rx=0 tx=0 comp rx=0 tx=0).stop
2026-03-10T06:17:00.908 INFO:teuthology.orchestra.run.vm04.stdout:/usr/bin/ceph: stderr
2026-03-10T06:17:00.849+0000 7f424bffb700 1 --2- 192.168.123.104:0/1574706423 >> [v2:192.168.123.104:3300/0,v1:192.168.123.104:6789/0] conn(0x7f4244107f40 0x7f424419c000 unknown :-1 s=CLOSED pgs=40 cs=0 l=1 rev1=1 crypto rx=0 tx=0 comp rx=0 tx=0).stop
2026-03-10T06:17:00.908 INFO:teuthology.orchestra.run.vm04.stdout:/usr/bin/ceph: stderr
2026-03-10T06:17:00.849+0000 7f424bffb700 1 -- 192.168.123.104:0/1574706423 >> 192.168.123.104:0/1574706423 conn(0x7f4244103770 msgr2=0x7f4244105f60 unknown :-1 s=STATE_NONE l=0).mark_down
2026-03-10T06:17:00.908 INFO:teuthology.orchestra.run.vm04.stdout:/usr/bin/ceph: stderr
2026-03-10T06:17:00.850+0000 7f424bffb700 1 -- 192.168.123.104:0/1574706423 shutdown_connections
2026-03-10T06:17:00.908 INFO:teuthology.orchestra.run.vm04.stdout:/usr/bin/ceph: stderr
2026-03-10T06:17:00.850+0000 7f424bffb700 1 -- 192.168.123.104:0/1574706423 wait complete.
2026-03-10T06:17:00.908 INFO:teuthology.orchestra.run.vm04.stdout:Generating ssh key...
2026-03-10T06:17:01.417 INFO:journalctl@ceph.mon.vm04.vm04.stdout:Mar 10 06:17:01 vm04 ceph-mon[51058]: [10/Mar/2026:06:16:59] ENGINE Bus STARTING
2026-03-10T06:17:01.418 INFO:journalctl@ceph.mon.vm04.vm04.stdout:Mar 10 06:17:01 vm04 ceph-mon[51058]: [10/Mar/2026:06:16:59] ENGINE Serving on https://192.168.123.104:7150
2026-03-10T06:17:01.418 INFO:journalctl@ceph.mon.vm04.vm04.stdout:Mar 10 06:17:01 vm04 ceph-mon[51058]: [10/Mar/2026:06:16:59] ENGINE Serving on http://192.168.123.104:8765
2026-03-10T06:17:01.418 INFO:journalctl@ceph.mon.vm04.vm04.stdout:Mar 10 06:17:01 vm04 ceph-mon[51058]: [10/Mar/2026:06:16:59] ENGINE Bus STARTED
2026-03-10T06:17:01.418 INFO:journalctl@ceph.mon.vm04.vm04.stdout:Mar 10 06:17:01 vm04 ceph-mon[51058]: from='client.14124 -' entity='client.admin' cmd=[{"prefix": "get_command_descriptions"}]: dispatch
2026-03-10T06:17:01.418 INFO:journalctl@ceph.mon.vm04.vm04.stdout:Mar 10 06:17:01 vm04 ceph-mon[51058]: from='client.14124 -' entity='client.admin' cmd=[{"prefix": "mgr_status"}]: dispatch
2026-03-10T06:17:01.418 INFO:journalctl@ceph.mon.vm04.vm04.stdout:Mar 10 06:17:01 vm04 ceph-mon[51058]: from='mgr.14120 192.168.123.104:0/2' entity='mgr.vm04.exdvdb'
2026-03-10T06:17:01.418 INFO:journalctl@ceph.mon.vm04.vm04.stdout:Mar 10 06:17:01 vm04 ceph-mon[51058]: from='mgr.14120 192.168.123.104:0/2' entity='mgr.vm04.exdvdb' cmd=[{"prefix": "config dump", "format": "json"}]: dispatch
2026-03-10T06:17:01.457 INFO:teuthology.orchestra.run.vm04.stdout:/usr/bin/ceph: stderr
2026-03-10T06:17:01.029+0000 7f7825d00700 1 Processor -- start
2026-03-10T06:17:01.457 INFO:teuthology.orchestra.run.vm04.stdout:/usr/bin/ceph: stderr
2026-03-10T06:17:01.029+0000 7f7825d00700 1 -- start start
2026-03-10T06:17:01.457 INFO:teuthology.orchestra.run.vm04.stdout:/usr/bin/ceph: stderr
2026-03-10T06:17:01.029+0000 7f7825d00700 1 --2- >> [v2:192.168.123.104:3300/0,v1:192.168.123.104:6789/0] conn(0x7f7820107f40 0x7f7820108350 unknown :-1 s=NONE pgs=0 cs=0 l=0 rev1=0 crypto rx=0 tx=0 comp rx=0 tx=0).connect
2026-03-10T06:17:01.457 INFO:teuthology.orchestra.run.vm04.stdout:/usr/bin/ceph: stderr
2026-03-10T06:17:01.029+0000 7f7825d00700 1 -- --> [v2:192.168.123.104:3300/0,v1:192.168.123.104:6789/0] -- mon_getmap magic: 0 v1 -- 0x7f7820108890 con 0x7f7820107f40
2026-03-10T06:17:01.457 INFO:teuthology.orchestra.run.vm04.stdout:/usr/bin/ceph: stderr
2026-03-10T06:17:01.030+0000 7f781f7fe700 1 --2- >> [v2:192.168.123.104:3300/0,v1:192.168.123.104:6789/0] conn(0x7f7820107f40 0x7f7820108350 unknown :-1 s=BANNER_CONNECTING pgs=0 cs=0 l=0 rev1=0 crypto rx=0 tx=0 comp rx=0 tx=0)._handle_peer_banner_payload supported=3 required=0
2026-03-10T06:17:01.457 INFO:teuthology.orchestra.run.vm04.stdout:/usr/bin/ceph: stderr
2026-03-10T06:17:01.030+0000 7f781f7fe700 1 --2- >> [v2:192.168.123.104:3300/0,v1:192.168.123.104:6789/0] conn(0x7f7820107f40 0x7f7820108350 unknown :-1 s=HELLO_CONNECTING pgs=0 cs=0 l=0 rev1=1 crypto rx=0 tx=0 comp rx=0 tx=0).handle_hello peer v2:192.168.123.104:3300/0 says I am v2:192.168.123.104:46684/0 (socket says 192.168.123.104:46684)
2026-03-10T06:17:01.457 INFO:teuthology.orchestra.run.vm04.stdout:/usr/bin/ceph: stderr
2026-03-10T06:17:01.030+0000 7f781f7fe700 1 -- 192.168.123.104:0/2717010787 learned_addr learned my addr 192.168.123.104:0/2717010787 (peer_addr_for_me v2:192.168.123.104:0/0)
2026-03-10T06:17:01.457 INFO:teuthology.orchestra.run.vm04.stdout:/usr/bin/ceph: stderr
2026-03-10T06:17:01.030+0000 7f781f7fe700 1 -- 192.168.123.104:0/2717010787 --> [v2:192.168.123.104:3300/0,v1:192.168.123.104:6789/0] -- mon_subscribe({config=0+,monmap=0+}) v3 -- 0x7f78201089d0 con 0x7f7820107f40
2026-03-10T06:17:01.457 INFO:teuthology.orchestra.run.vm04.stdout:/usr/bin/ceph: stderr
2026-03-10T06:17:01.030+0000 7f781f7fe700 1 --2- 192.168.123.104:0/2717010787 >> [v2:192.168.123.104:3300/0,v1:192.168.123.104:6789/0] conn(0x7f7820107f40 0x7f7820108350 secure :-1 s=READY pgs=41 cs=0 l=1 rev1=1 crypto rx=0x7f7810009cf0 tx=0x7f781000b0e0 comp rx=0 tx=0).ready entity=mon.0 client_cookie=18a1f449fed5a88 server_cookie=0 in_seq=0 out_seq=0
2026-03-10T06:17:01.457 INFO:teuthology.orchestra.run.vm04.stdout:/usr/bin/ceph: stderr
2026-03-10T06:17:01.031+0000 7f781effd700 1 -- 192.168.123.104:0/2717010787 <== mon.0 v2:192.168.123.104:3300/0 1 ==== mon_map magic: 0 v1 ==== 214+0+0 (secure 0 0 0) 0x7f7810004030 con 0x7f7820107f40
2026-03-10T06:17:01.457 INFO:teuthology.orchestra.run.vm04.stdout:/usr/bin/ceph: stderr
2026-03-10T06:17:01.031+0000 7f781effd700 1 -- 192.168.123.104:0/2717010787 <== mon.0 v2:192.168.123.104:3300/0 2 ==== config(28 keys) v1 ==== 1075+0+0 (secure 0 0 0) 0x7f781000b810 con 0x7f7820107f40
2026-03-10T06:17:01.457 INFO:teuthology.orchestra.run.vm04.stdout:/usr/bin/ceph: stderr
2026-03-10T06:17:01.031+0000 7f7825d00700 1 -- 192.168.123.104:0/2717010787 >> [v2:192.168.123.104:3300/0,v1:192.168.123.104:6789/0] conn(0x7f7820107f40 msgr2=0x7f7820108350 secure :-1 s=STATE_CONNECTION_ESTABLISHED l=1).mark_down
2026-03-10T06:17:01.457 INFO:teuthology.orchestra.run.vm04.stdout:/usr/bin/ceph: stderr
2026-03-10T06:17:01.031+0000 7f7825d00700 1 --2- 192.168.123.104:0/2717010787 >> [v2:192.168.123.104:3300/0,v1:192.168.123.104:6789/0] conn(0x7f7820107f40 0x7f7820108350 secure :-1 s=READY pgs=41 cs=0 l=1 rev1=1 crypto rx=0x7f7810009cf0 tx=0x7f781000b0e0 comp rx=0 tx=0).stop
2026-03-10T06:17:01.457 INFO:teuthology.orchestra.run.vm04.stdout:/usr/bin/ceph: stderr
2026-03-10T06:17:01.032+0000 7f7825d00700 1 -- 192.168.123.104:0/2717010787 shutdown_connections
2026-03-10T06:17:01.457 INFO:teuthology.orchestra.run.vm04.stdout:/usr/bin/ceph: stderr
2026-03-10T06:17:01.032+0000 7f7825d00700 1 --2- 192.168.123.104:0/2717010787 >> [v2:192.168.123.104:3300/0,v1:192.168.123.104:6789/0] conn(0x7f7820107f40 0x7f7820108350 unknown :-1 s=CLOSED pgs=41 cs=0 l=1 rev1=1 crypto rx=0 tx=0 comp rx=0 tx=0).stop
2026-03-10T06:17:01.457 INFO:teuthology.orchestra.run.vm04.stdout:/usr/bin/ceph: stderr
2026-03-10T06:17:01.032+0000 7f7825d00700 1 -- 192.168.123.104:0/2717010787 >> 192.168.123.104:0/2717010787 conn(0x7f7820103770 msgr2=0x7f7820105b50 unknown :-1 s=STATE_NONE l=0).mark_down
2026-03-10T06:17:01.457 INFO:teuthology.orchestra.run.vm04.stdout:/usr/bin/ceph: stderr
2026-03-10T06:17:01.032+0000 7f7825d00700 1 -- 192.168.123.104:0/2717010787 shutdown_connections
2026-03-10T06:17:01.457 INFO:teuthology.orchestra.run.vm04.stdout:/usr/bin/ceph: stderr
2026-03-10T06:17:01.032+0000 7f7825d00700 1 -- 192.168.123.104:0/2717010787 wait complete.
2026-03-10T06:17:01.457 INFO:teuthology.orchestra.run.vm04.stdout:/usr/bin/ceph: stderr
2026-03-10T06:17:01.032+0000 7f7825d00700 1 Processor -- start
2026-03-10T06:17:01.457 INFO:teuthology.orchestra.run.vm04.stdout:/usr/bin/ceph: stderr
2026-03-10T06:17:01.032+0000 7f7825d00700 1 -- start start
2026-03-10T06:17:01.457 INFO:teuthology.orchestra.run.vm04.stdout:/usr/bin/ceph: stderr
2026-03-10T06:17:01.033+0000 7f7825d00700 1 --2- >> [v2:192.168.123.104:3300/0,v1:192.168.123.104:6789/0] conn(0x7f7820107f40 0x7f782007eb70 unknown :-1 s=NONE pgs=0 cs=0 l=1 rev1=0 crypto rx=0 tx=0 comp rx=0 tx=0).connect
2026-03-10T06:17:01.457 INFO:teuthology.orchestra.run.vm04.stdout:/usr/bin/ceph: stderr
2026-03-10T06:17:01.033+0000 7f781f7fe700 1 --2- >> [v2:192.168.123.104:3300/0,v1:192.168.123.104:6789/0] conn(0x7f7820107f40 0x7f782007eb70 unknown :-1 s=BANNER_CONNECTING pgs=0 cs=0 l=1 rev1=0 crypto rx=0 tx=0 comp rx=0 tx=0)._handle_peer_banner_payload supported=3 required=0
2026-03-10T06:17:01.457 INFO:teuthology.orchestra.run.vm04.stdout:/usr/bin/ceph: stderr
2026-03-10T06:17:01.033+0000 7f781f7fe700 1 --2- >> [v2:192.168.123.104:3300/0,v1:192.168.123.104:6789/0] conn(0x7f7820107f40 0x7f782007eb70 unknown :-1 s=HELLO_CONNECTING pgs=0 cs=0 l=1 rev1=1 crypto rx=0 tx=0 comp rx=0 tx=0).handle_hello peer v2:192.168.123.104:3300/0 says I am v2:192.168.123.104:46698/0 (socket says 192.168.123.104:46698)
2026-03-10T06:17:01.457 INFO:teuthology.orchestra.run.vm04.stdout:/usr/bin/ceph: stderr
2026-03-10T06:17:01.033+0000 7f781f7fe700 1 -- 192.168.123.104:0/3610738988 learned_addr learned my addr 192.168.123.104:0/3610738988 (peer_addr_for_me v2:192.168.123.104:0/0)
2026-03-10T06:17:01.457 INFO:teuthology.orchestra.run.vm04.stdout:/usr/bin/ceph: stderr
2026-03-10T06:17:01.033+0000 7f7825d00700 1 -- 192.168.123.104:0/3610738988 --> [v2:192.168.123.104:3300/0,v1:192.168.123.104:6789/0] -- mon_getmap magic: 0 v1 -- 0x7f7820108890 con 0x7f7820107f40
2026-03-10T06:17:01.457 INFO:teuthology.orchestra.run.vm04.stdout:/usr/bin/ceph: stderr
2026-03-10T06:17:01.033+0000 7f781f7fe700 1 -- 192.168.123.104:0/3610738988 --> [v2:192.168.123.104:3300/0,v1:192.168.123.104:6789/0] -- mon_subscribe({config=0+,monmap=0+}) v3 -- 0x7f7810009740 con 0x7f7820107f40
2026-03-10T06:17:01.457 INFO:teuthology.orchestra.run.vm04.stdout:/usr/bin/ceph: stderr
2026-03-10T06:17:01.033+0000 7f781f7fe700 1 --2- 192.168.123.104:0/3610738988 >> [v2:192.168.123.104:3300/0,v1:192.168.123.104:6789/0] conn(0x7f7820107f40 0x7f782007eb70 secure :-1 s=READY pgs=42 cs=0 l=1 rev1=1 crypto rx=0x7f7810003ee0 tx=0x7f7810003fc0 comp rx=0 tx=0).ready entity=mon.0 client_cookie=0 server_cookie=0 in_seq=0 out_seq=0
2026-03-10T06:17:01.457 INFO:teuthology.orchestra.run.vm04.stdout:/usr/bin/ceph: stderr
2026-03-10T06:17:01.034+0000 7f781d7fa700 1 -- 192.168.123.104:0/3610738988 <== mon.0 v2:192.168.123.104:3300/0 1 ==== mon_map magic: 0 v1 ==== 214+0+0 (secure 0 0 0) 0x7f7810004320 con 0x7f7820107f40
2026-03-10T06:17:01.457 INFO:teuthology.orchestra.run.vm04.stdout:/usr/bin/ceph: stderr
2026-03-10T06:17:01.034+0000 7f7825d00700 1 -- 192.168.123.104:0/3610738988 --> [v2:192.168.123.104:3300/0,v1:192.168.123.104:6789/0] -- mon_subscribe({mgrmap=0+}) v3 -- 0x7f782007f0b0 con 0x7f7820107f40
2026-03-10T06:17:01.457 INFO:teuthology.orchestra.run.vm04.stdout:/usr/bin/ceph: stderr
2026-03-10T06:17:01.034+0000 7f7825d00700 1 -- 192.168.123.104:0/3610738988 --> [v2:192.168.123.104:3300/0,v1:192.168.123.104:6789/0] -- mon_subscribe({osdmap=0}) v3 -- 0x7f782007b5d0 con 0x7f7820107f40
2026-03-10T06:17:01.457 INFO:teuthology.orchestra.run.vm04.stdout:/usr/bin/ceph: stderr
2026-03-10T06:17:01.035+0000 7f7825d00700 1 -- 192.168.123.104:0/3610738988 --> [v2:192.168.123.104:3300/0,v1:192.168.123.104:6789/0] -- mon_command({"prefix": "get_command_descriptions"} v 0) v1 -- 0x7f782004f9e0 con 0x7f7820107f40
2026-03-10T06:17:01.457 INFO:teuthology.orchestra.run.vm04.stdout:/usr/bin/ceph: stderr
2026-03-10T06:17:01.036+0000 7f781d7fa700 1 -- 192.168.123.104:0/3610738988 <== mon.0 v2:192.168.123.104:3300/0 2 ==== config(28 keys) v1 ==== 1075+0+0 (secure 0 0 0) 0x7f7810004480 con 0x7f7820107f40
2026-03-10T06:17:01.457 INFO:teuthology.orchestra.run.vm04.stdout:/usr/bin/ceph: stderr
2026-03-10T06:17:01.036+0000 7f781d7fa700 1 -- 192.168.123.104:0/3610738988 <== mon.0 v2:192.168.123.104:3300/0 3 ==== mon_map magic: 0 v1 ==== 214+0+0 (secure 0 0 0) 0x7f781001a560 con 0x7f7820107f40
2026-03-10T06:17:01.457 INFO:teuthology.orchestra.run.vm04.stdout:/usr/bin/ceph: stderr
2026-03-10T06:17:01.036+0000 7f781d7fa700 1 -- 192.168.123.104:0/3610738988 <== mon.0 v2:192.168.123.104:3300/0 4 ==== mgrmap(e 7) v1 ==== 44973+0+0 (secure 0 0 0) 0x7f781001a780 con 0x7f7820107f40
2026-03-10T06:17:01.458 INFO:teuthology.orchestra.run.vm04.stdout:/usr/bin/ceph: stderr
2026-03-10T06:17:01.036+0000 7f781d7fa700 1 --2- 192.168.123.104:0/3610738988 >> [v2:192.168.123.104:6800/2,v1:192.168.123.104:6801/2] conn(0x7f780c038070 0x7f780c03a520 unknown :-1 s=NONE pgs=0 cs=0 l=1 rev1=0 crypto rx=0 tx=0 comp rx=0 tx=0).connect
2026-03-10T06:17:01.458 INFO:teuthology.orchestra.run.vm04.stdout:/usr/bin/ceph: stderr
2026-03-10T06:17:01.036+0000 7f781d7fa700 1 -- 192.168.123.104:0/3610738988 <== mon.0 v2:192.168.123.104:3300/0 5 ==== osd_map(2..2 src has 1..2) v4 ==== 940+0+0 (secure 0 0 0) 0x7f781001e070 con 0x7f7820107f40
2026-03-10T06:17:01.458 INFO:teuthology.orchestra.run.vm04.stdout:/usr/bin/ceph: stderr
2026-03-10T06:17:01.038+0000 7f7817fff700 1 --2- 192.168.123.104:0/3610738988 >> [v2:192.168.123.104:6800/2,v1:192.168.123.104:6801/2] conn(0x7f780c038070 0x7f780c03a520 unknown :-1 s=BANNER_CONNECTING pgs=0 cs=0 l=1 rev1=0 crypto rx=0 tx=0 comp rx=0 tx=0)._handle_peer_banner_payload supported=3 required=0
2026-03-10T06:17:01.458 INFO:teuthology.orchestra.run.vm04.stdout:/usr/bin/ceph: stderr
2026-03-10T06:17:01.038+0000 7f7817fff700 1 --2- 192.168.123.104:0/3610738988 >> [v2:192.168.123.104:6800/2,v1:192.168.123.104:6801/2] conn(0x7f780c038070 0x7f780c03a520 secure :-1 s=READY pgs=9 cs=0 l=1 rev1=1 crypto rx=0x7f7808006fd0 tx=0x7f7808006e40 comp rx=0 tx=0).ready entity=mgr.14120 client_cookie=0 server_cookie=0 in_seq=0 out_seq=0
2026-03-10T06:17:01.458 INFO:teuthology.orchestra.run.vm04.stdout:/usr/bin/ceph: stderr
2026-03-10T06:17:01.038+0000 7f781d7fa700 1 -- 192.168.123.104:0/3610738988 <== mon.0 v2:192.168.123.104:3300/0 6 ==== mon_command_ack([{"prefix": "get_command_descriptions"}]=0 v0) v1 ==== 72+0+177933 (secure 0 0 0) 0x7f781001aa30 con 0x7f7820107f40
2026-03-10T06:17:01.458 INFO:teuthology.orchestra.run.vm04.stdout:/usr/bin/ceph: stderr
2026-03-10T06:17:01.148+0000 7f7825d00700 1 -- 192.168.123.104:0/3610738988 --> [v2:192.168.123.104:6800/2,v1:192.168.123.104:6801/2] -- mgr_command(tid 0: {"prefix": "cephadm generate-key", "target": ["mon-mgr", ""]}) v1 -- 0x7f782007be90 con 0x7f780c038070
2026-03-10T06:17:01.458 INFO:teuthology.orchestra.run.vm04.stdout:/usr/bin/ceph: stderr
2026-03-10T06:17:01.424+0000 7f781d7fa700 1 -- 192.168.123.104:0/3610738988 <== mgr.14120 v2:192.168.123.104:6800/2 1 ==== mgr_command_reply(tid 0: 0 ) v1 ==== 8+0+0 (secure 0 0 0) 0x7f782007be90 con 0x7f780c038070
2026-03-10T06:17:01.458 INFO:teuthology.orchestra.run.vm04.stdout:/usr/bin/ceph: stderr
2026-03-10T06:17:01.427+0000 7f7825d00700 1 -- 192.168.123.104:0/3610738988 >> [v2:192.168.123.104:6800/2,v1:192.168.123.104:6801/2] conn(0x7f780c038070 msgr2=0x7f780c03a520 secure :-1 s=STATE_CONNECTION_ESTABLISHED l=1).mark_down
2026-03-10T06:17:01.458 INFO:teuthology.orchestra.run.vm04.stdout:/usr/bin/ceph: stderr
2026-03-10T06:17:01.427+0000 7f7825d00700 1 --2- 192.168.123.104:0/3610738988 >> [v2:192.168.123.104:6800/2,v1:192.168.123.104:6801/2] conn(0x7f780c038070 0x7f780c03a520 secure :-1 s=READY pgs=9 cs=0 l=1 rev1=1 crypto rx=0x7f7808006fd0 tx=0x7f7808006e40 comp rx=0 tx=0).stop
2026-03-10T06:17:01.458 INFO:teuthology.orchestra.run.vm04.stdout:/usr/bin/ceph: stderr
2026-03-10T06:17:01.427+0000 7f7825d00700 1 -- 192.168.123.104:0/3610738988 >> [v2:192.168.123.104:3300/0,v1:192.168.123.104:6789/0] conn(0x7f7820107f40 msgr2=0x7f782007eb70 secure :-1 s=STATE_CONNECTION_ESTABLISHED l=1).mark_down
2026-03-10T06:17:01.458 INFO:teuthology.orchestra.run.vm04.stdout:/usr/bin/ceph: stderr
2026-03-10T06:17:01.427+0000 7f7825d00700 1 --2- 192.168.123.104:0/3610738988 >> [v2:192.168.123.104:3300/0,v1:192.168.123.104:6789/0] conn(0x7f7820107f40 0x7f782007eb70 secure :-1 s=READY pgs=42 cs=0 l=1 rev1=1 crypto rx=0x7f7810003ee0 tx=0x7f7810003fc0 comp rx=0 tx=0).stop
2026-03-10T06:17:01.458 INFO:teuthology.orchestra.run.vm04.stdout:/usr/bin/ceph: stderr
2026-03-10T06:17:01.427+0000 7f7825d00700 1 -- 192.168.123.104:0/3610738988 shutdown_connections
2026-03-10T06:17:01.458 INFO:teuthology.orchestra.run.vm04.stdout:/usr/bin/ceph: stderr
2026-03-10T06:17:01.427+0000 7f7825d00700 1 --2- 192.168.123.104:0/3610738988 >> [v2:192.168.123.104:6800/2,v1:192.168.123.104:6801/2] conn(0x7f780c038070 0x7f780c03a520 unknown :-1 s=CLOSED pgs=9 cs=0 l=1 rev1=1 crypto rx=0 tx=0 comp rx=0 tx=0).stop
2026-03-10T06:17:01.458 INFO:teuthology.orchestra.run.vm04.stdout:/usr/bin/ceph: stderr
2026-03-10T06:17:01.427+0000 7f7825d00700 1 --2- 192.168.123.104:0/3610738988 >> [v2:192.168.123.104:3300/0,v1:192.168.123.104:6789/0] conn(0x7f7820107f40 0x7f782007eb70 unknown :-1 s=CLOSED pgs=42 cs=0 l=1 rev1=1 crypto rx=0 tx=0 comp rx=0 tx=0).stop
2026-03-10T06:17:01.458 INFO:teuthology.orchestra.run.vm04.stdout:/usr/bin/ceph: stderr
2026-03-10T06:17:01.427+0000 7f7825d00700 1 -- 192.168.123.104:0/3610738988 >> 192.168.123.104:0/3610738988 conn(0x7f7820103770 msgr2=0x7f7820105500 unknown :-1 s=STATE_NONE l=0).mark_down
2026-03-10T06:17:01.458 INFO:teuthology.orchestra.run.vm04.stdout:/usr/bin/ceph: stderr
2026-03-10T06:17:01.427+0000 7f7825d00700 1 -- 192.168.123.104:0/3610738988 shutdown_connections
2026-03-10T06:17:01.458 INFO:teuthology.orchestra.run.vm04.stdout:/usr/bin/ceph: stderr
2026-03-10T06:17:01.427+0000 7f7825d00700 1 -- 192.168.123.104:0/3610738988 wait complete.
2026-03-10T06:17:01.924 INFO:teuthology.orchestra.run.vm04.stdout:/usr/bin/ceph: stdout ssh-rsa AAAAB3NzaC1yc2EAAAADAQABAAABgQDB23dv+HsXxEfOHeT6j+84qNSP4Y7ONSep6uvtL71jND6dXQ8eR/GSMTGbbmy8ec0MPvVSTBrriUxdPW3Kqh4kl30X+Y2GuZdTR5dZGB5/gO5eVOg6al1oJpRs/cPIPfSxNlcFUXrRW9VHfuGY5fONK9hqFzPSK1Q/9jan/WHO7mag42yyp5ZH4kE8FHxHTjKTlgeCajuBfOUD+gXWxmoQBbICcKi+IO3+EzQTRh7oBqTD6FHZYWA/tq1uN1M2ZurBcUQOhnRVcKA17m49fIyYdh1JtGdydZ7sO59iSzw736+LDth0UxfwItidMKFhCtSGTJuCp+L0dk1Lzq+B6Bq2h1Id83lqkzCxMgn0H80e0+d8Wd61tCqaCkXG+U3xdfJKJFtn0EfGBeoFmdxrgYceqFKoS/sK107w1vLODuFqUswWc2GRYO878c9i1AgU1vc3PjDvbfgh8ufq4cjleARoqqJLoqVGKJ4vKZzen32DOvJXQ8aQaYESMdv7hUbsiyE= ceph-9c59102a-1c48-11f1-b618-035af535377d
2026-03-10T06:17:01.924 INFO:teuthology.orchestra.run.vm04.stdout:/usr/bin/ceph: stderr
2026-03-10T06:17:01.726+0000 7f48de349700 1 Processor -- start
2026-03-10T06:17:01.924 INFO:teuthology.orchestra.run.vm04.stdout:/usr/bin/ceph: stderr
2026-03-10T06:17:01.727+0000 7f48de349700 1 -- start start
2026-03-10T06:17:01.924 INFO:teuthology.orchestra.run.vm04.stdout:/usr/bin/ceph: stderr
2026-03-10T06:17:01.727+0000 7f48de349700 1 --2- >> [v2:192.168.123.104:3300/0,v1:192.168.123.104:6789/0] conn(0x7f48d0095120 0x7f48d0095530 unknown :-1 s=NONE pgs=0 cs=0 l=0 rev1=0 crypto rx=0 tx=0 comp rx=0 tx=0).connect
2026-03-10T06:17:01.924 INFO:teuthology.orchestra.run.vm04.stdout:/usr/bin/ceph: stderr
2026-03-10T06:17:01.727+0000 7f48d7fff700 1 --2- >> [v2:192.168.123.104:3300/0,v1:192.168.123.104:6789/0] conn(0x7f48d0095120 0x7f48d0095530 unknown :-1 s=BANNER_CONNECTING pgs=0 cs=0 l=0 rev1=0 crypto rx=0 tx=0 comp rx=0 tx=0)._handle_peer_banner_payload supported=3 required=0
2026-03-10T06:17:01.924 INFO:teuthology.orchestra.run.vm04.stdout:/usr/bin/ceph: stderr
2026-03-10T06:17:01.727+0000 7f48de349700 1 -- --> [v2:192.168.123.104:3300/0,v1:192.168.123.104:6789/0] -- mon_getmap magic: 0 v1 -- 0x7f48d0095b00 con 0x7f48d0095120
2026-03-10T06:17:01.924 INFO:teuthology.orchestra.run.vm04.stdout:/usr/bin/ceph: stderr
2026-03-10T06:17:01.727+0000 7f48d7fff700 1 --2- >> [v2:192.168.123.104:3300/0,v1:192.168.123.104:6789/0] conn(0x7f48d0095120 0x7f48d0095530 unknown :-1 s=HELLO_CONNECTING pgs=0 cs=0 l=0 rev1=1 crypto rx=0 tx=0 comp rx=0 tx=0).handle_hello peer v2:192.168.123.104:3300/0 says I am v2:192.168.123.104:46702/0 (socket says 192.168.123.104:46702)
2026-03-10T06:17:01.924 INFO:teuthology.orchestra.run.vm04.stdout:/usr/bin/ceph: stderr
2026-03-10T06:17:01.727+0000 7f48d7fff700 1 -- 192.168.123.104:0/894355704 learned_addr learned my addr 192.168.123.104:0/894355704 (peer_addr_for_me v2:192.168.123.104:0/0)
2026-03-10T06:17:01.924 INFO:teuthology.orchestra.run.vm04.stdout:/usr/bin/ceph: stderr
2026-03-10T06:17:01.728+0000 7f48d7fff700 1 -- 192.168.123.104:0/894355704 --> [v2:192.168.123.104:3300/0,v1:192.168.123.104:6789/0] -- mon_subscribe({config=0+,monmap=0+}) v3 -- 0x7f48d0096320 con 0x7f48d0095120
2026-03-10T06:17:01.924 INFO:teuthology.orchestra.run.vm04.stdout:/usr/bin/ceph: stderr
2026-03-10T06:17:01.728+0000 7f48d7fff700 1 --2- 192.168.123.104:0/894355704 >> [v2:192.168.123.104:3300/0,v1:192.168.123.104:6789/0] conn(0x7f48d0095120 0x7f48d0095530 secure :-1 s=READY pgs=43 cs=0 l=1 rev1=1 crypto rx=0x7f48cc009a90 tx=0x7f48cc009da0 comp rx=0 tx=0).ready entity=mon.0 client_cookie=78f99e51342d3c65 server_cookie=0 in_seq=0 out_seq=0
2026-03-10T06:17:01.924 INFO:teuthology.orchestra.run.vm04.stdout:/usr/bin/ceph: stderr
2026-03-10T06:17:01.728+0000 7f48d6ffd700 1 -- 192.168.123.104:0/894355704 <== mon.0 v2:192.168.123.104:3300/0 1 ==== mon_map magic: 0 v1 ==== 214+0+0 (secure 0 0 0) 0x7f48cc004030 con 0x7f48d0095120
2026-03-10T06:17:01.924 INFO:teuthology.orchestra.run.vm04.stdout:/usr/bin/ceph: stderr
2026-03-10T06:17:01.728+0000 7f48d6ffd700 1 -- 192.168.123.104:0/894355704 <== mon.0 v2:192.168.123.104:3300/0 2 ==== config(28 keys) v1 ==== 1075+0+0 (secure 0 0 0) 0x7f48cc00b7e0 con 0x7f48d0095120
2026-03-10T06:17:01.924 INFO:teuthology.orchestra.run.vm04.stdout:/usr/bin/ceph: stderr
2026-03-10T06:17:01.728+0000 7f48d6ffd700 1 -- 192.168.123.104:0/894355704 <== mon.0 v2:192.168.123.104:3300/0 3 ==== mon_map magic: 0 v1 ==== 214+0+0 (secure 0 0 0) 0x7f48cc003a40 con 0x7f48d0095120
2026-03-10T06:17:01.924 INFO:teuthology.orchestra.run.vm04.stdout:/usr/bin/ceph: stderr
2026-03-10T06:17:01.729+0000 7f48de349700 1 -- 192.168.123.104:0/894355704 >> [v2:192.168.123.104:3300/0,v1:192.168.123.104:6789/0] conn(0x7f48d0095120 msgr2=0x7f48d0095530 secure :-1 s=STATE_CONNECTION_ESTABLISHED l=1).mark_down
2026-03-10T06:17:01.924 INFO:teuthology.orchestra.run.vm04.stdout:/usr/bin/ceph: stderr
2026-03-10T06:17:01.729+0000 7f48de349700 1 --2- 192.168.123.104:0/894355704 >> [v2:192.168.123.104:3300/0,v1:192.168.123.104:6789/0] conn(0x7f48d0095120 0x7f48d0095530 secure :-1 s=READY pgs=43 cs=0 l=1 rev1=1 crypto rx=0x7f48cc009a90 tx=0x7f48cc009da0 comp rx=0 tx=0).stop
2026-03-10T06:17:01.924 INFO:teuthology.orchestra.run.vm04.stdout:/usr/bin/ceph: stderr
2026-03-10T06:17:01.729+0000 7f48de349700 1 -- 192.168.123.104:0/894355704 shutdown_connections
2026-03-10T06:17:01.924 INFO:teuthology.orchestra.run.vm04.stdout:/usr/bin/ceph: stderr
2026-03-10T06:17:01.729+0000 7f48de349700 1 --2- 192.168.123.104:0/894355704 >> [v2:192.168.123.104:3300/0,v1:192.168.123.104:6789/0] conn(0x7f48d0095120 0x7f48d0095530 unknown :-1 s=CLOSED pgs=43 cs=0 l=1 rev1=1 crypto rx=0 tx=0 comp rx=0 tx=0).stop
2026-03-10T06:17:01.924 INFO:teuthology.orchestra.run.vm04.stdout:/usr/bin/ceph: stderr
2026-03-10T06:17:01.729+0000 7f48de349700 1 -- 192.168.123.104:0/894355704 >> 192.168.123.104:0/894355704 conn(0x7f48d00906d0 msgr2=0x7f48d0092b00 unknown :-1 s=STATE_NONE l=0).mark_down
2026-03-10T06:17:01.924 INFO:teuthology.orchestra.run.vm04.stdout:/usr/bin/ceph: stderr
2026-03-10T06:17:01.729+0000 7f48de349700 1 -- 192.168.123.104:0/894355704 shutdown_connections
2026-03-10T06:17:01.924 INFO:teuthology.orchestra.run.vm04.stdout:/usr/bin/ceph: stderr
2026-03-10T06:17:01.729+0000 7f48de349700 1 -- 192.168.123.104:0/894355704 wait complete.
2026-03-10T06:17:01.924 INFO:teuthology.orchestra.run.vm04.stdout:/usr/bin/ceph: stderr
2026-03-10T06:17:01.730+0000 7f48de349700 1 Processor -- start
2026-03-10T06:17:01.924 INFO:teuthology.orchestra.run.vm04.stdout:/usr/bin/ceph: stderr
2026-03-10T06:17:01.730+0000 7f48de349700 1 -- start start
2026-03-10T06:17:01.924 INFO:teuthology.orchestra.run.vm04.stdout:/usr/bin/ceph: stderr
2026-03-10T06:17:01.730+0000 7f48de349700 1 --2- >> [v2:192.168.123.104:3300/0,v1:192.168.123.104:6789/0] conn(0x7f48d0095120 0x7f48d0128b20 unknown :-1 s=NONE pgs=0 cs=0 l=1 rev1=0 crypto rx=0 tx=0 comp rx=0 tx=0).connect
2026-03-10T06:17:01.924 INFO:teuthology.orchestra.run.vm04.stdout:/usr/bin/ceph: stderr
2026-03-10T06:17:01.730+0000 7f48de349700 1 -- --> [v2:192.168.123.104:3300/0,v1:192.168.123.104:6789/0] -- mon_getmap magic: 0 v1 -- 0x7f48d0129060 con 0x7f48d0095120
2026-03-10T06:17:01.924 INFO:teuthology.orchestra.run.vm04.stdout:/usr/bin/ceph: stderr
2026-03-10T06:17:01.730+0000 7f48d7fff700 1 --2- >> [v2:192.168.123.104:3300/0,v1:192.168.123.104:6789/0] conn(0x7f48d0095120 0x7f48d0128b20 unknown :-1 s=BANNER_CONNECTING pgs=0 cs=0 l=1 rev1=0 crypto rx=0 tx=0 comp rx=0 tx=0)._handle_peer_banner_payload supported=3 required=0
2026-03-10T06:17:01.924 INFO:teuthology.orchestra.run.vm04.stdout:/usr/bin/ceph: stderr
2026-03-10T06:17:01.730+0000 7f48d7fff700 1 --2- >> [v2:192.168.123.104:3300/0,v1:192.168.123.104:6789/0] conn(0x7f48d0095120 0x7f48d0128b20 unknown :-1 s=HELLO_CONNECTING pgs=0 cs=0 l=1 rev1=1 crypto rx=0 tx=0 comp rx=0 tx=0).handle_hello peer v2:192.168.123.104:3300/0 says I am v2:192.168.123.104:46716/0 (socket says 192.168.123.104:46716)
2026-03-10T06:17:01.924 INFO:teuthology.orchestra.run.vm04.stdout:/usr/bin/ceph: stderr
2026-03-10T06:17:01.730+0000 7f48d7fff700 1 -- 192.168.123.104:0/2313780212 learned_addr learned my addr 192.168.123.104:0/2313780212 (peer_addr_for_me v2:192.168.123.104:0/0)
2026-03-10T06:17:01.924 INFO:teuthology.orchestra.run.vm04.stdout:/usr/bin/ceph: stderr
2026-03-10T06:17:01.730+0000 7f48d7fff700 1 -- 192.168.123.104:0/2313780212 --> [v2:192.168.123.104:3300/0,v1:192.168.123.104:6789/0] -- mon_subscribe({config=0+,monmap=0+}) v3 -- 0x7f48cc009740 con 0x7f48d0095120
2026-03-10T06:17:01.924 INFO:teuthology.orchestra.run.vm04.stdout:/usr/bin/ceph: stderr
2026-03-10T06:17:01.731+0000 7f48d7fff700 1 --2- 192.168.123.104:0/2313780212 >> [v2:192.168.123.104:3300/0,v1:192.168.123.104:6789/0] conn(0x7f48d0095120 0x7f48d0128b20 secure :-1 s=READY pgs=44 cs=0 l=1 rev1=1 crypto rx=0x7f48cc003c10 tx=0x7f48cc003d60 comp rx=0 tx=0).ready entity=mon.0 client_cookie=0 server_cookie=0 in_seq=0 out_seq=0
2026-03-10T06:17:01.924 INFO:teuthology.orchestra.run.vm04.stdout:/usr/bin/ceph: stderr
2026-03-10T06:17:01.731+0000 7f48d57fa700 1 -- 192.168.123.104:0/2313780212 <== mon.0 v2:192.168.123.104:3300/0 1 ==== mon_map magic: 0 v1 ==== 214+0+0 (secure 0 0 0) 0x7f48cc004350 con 0x7f48d0095120
2026-03-10T06:17:01.924 INFO:teuthology.orchestra.run.vm04.stdout:/usr/bin/ceph: stderr
2026-03-10T06:17:01.731+0000 7f48de349700 1 -- 192.168.123.104:0/2313780212 --> [v2:192.168.123.104:3300/0,v1:192.168.123.104:6789/0] -- mon_subscribe({mgrmap=0+}) v3 -- 0x7f48d0129260 con 0x7f48d0095120
2026-03-10T06:17:01.924 INFO:teuthology.orchestra.run.vm04.stdout:/usr/bin/ceph: stderr
2026-03-10T06:17:01.731+0000 7f48de349700 1 -- 192.168.123.104:0/2313780212 --> [v2:192.168.123.104:3300/0,v1:192.168.123.104:6789/0] -- mon_subscribe({osdmap=0}) v3 -- 0x7f48d0129700 con 0x7f48d0095120
2026-03-10T06:17:01.924 INFO:teuthology.orchestra.run.vm04.stdout:/usr/bin/ceph: stderr
2026-03-10T06:17:01.732+0000 7f48d57fa700 1 -- 192.168.123.104:0/2313780212 <== mon.0 v2:192.168.123.104:3300/0 2 ==== config(28 keys) v1 ==== 1075+0+0 (secure 0 0 0) 0x7f48cc0044b0 con 0x7f48d0095120
2026-03-10T06:17:01.924 INFO:teuthology.orchestra.run.vm04.stdout:/usr/bin/ceph: stderr
2026-03-10T06:17:01.732+0000 7f48d57fa700 1 -- 192.168.123.104:0/2313780212 <== mon.0 v2:192.168.123.104:3300/0 3 ==== mon_map magic: 0 v1 ==== 214+0+0 (secure 0 0 0) 0x7f48cc01a770 con 0x7f48d0095120
2026-03-10T06:17:01.924 INFO:teuthology.orchestra.run.vm04.stdout:/usr/bin/ceph: stderr
2026-03-10T06:17:01.732+0000 7f48d57fa700 1 -- 192.168.123.104:0/2313780212 <== mon.0 v2:192.168.123.104:3300/0 4 ==== mgrmap(e 8) v1 ==== 45079+0+0 (secure 0 0 0) 0x7f48cc01a9e0 con 0x7f48d0095120
2026-03-10T06:17:01.924 INFO:teuthology.orchestra.run.vm04.stdout:/usr/bin/ceph: stderr
2026-03-10T06:17:01.732+0000 7f48d57fa700 1 --2- 192.168.123.104:0/2313780212 >> [v2:192.168.123.104:6800/2,v1:192.168.123.104:6801/2] conn(0x7f48c80384c0 0x7f48c803a970 unknown :-1 s=NONE pgs=0 cs=0 l=1 rev1=0 crypto rx=0 tx=0 comp rx=0 tx=0).connect
2026-03-10T06:17:01.924 INFO:teuthology.orchestra.run.vm04.stdout:/usr/bin/ceph: stderr
2026-03-10T06:17:01.732+0000 7f48d77fe700 1 --2- 192.168.123.104:0/2313780212 >> [v2:192.168.123.104:6800/2,v1:192.168.123.104:6801/2] conn(0x7f48c80384c0 0x7f48c803a970 unknown :-1 s=BANNER_CONNECTING pgs=0 cs=0 l=1 rev1=0 crypto rx=0 tx=0 comp rx=0 tx=0)._handle_peer_banner_payload supported=3 required=0
2026-03-10T06:17:01.924 INFO:teuthology.orchestra.run.vm04.stdout:/usr/bin/ceph: stderr
2026-03-10T06:17:01.733+0000 7f48d57fa700 1 -- 192.168.123.104:0/2313780212 <== mon.0 v2:192.168.123.104:3300/0 5 ==== osd_map(2..2 src has 1..2) v4 ==== 940+0+0 (secure 0 0 0) 0x7f48cc04d380 con 0x7f48d0095120
2026-03-10T06:17:01.924 INFO:teuthology.orchestra.run.vm04.stdout:/usr/bin/ceph: stderr
2026-03-10T06:17:01.733+0000 7f48d77fe700 1 --2- 192.168.123.104:0/2313780212 >> [v2:192.168.123.104:6800/2,v1:192.168.123.104:6801/2] conn(0x7f48c80384c0 0x7f48c803a970 secure :-1 s=READY pgs=10 cs=0 l=1 rev1=1 crypto rx=0x7f48c4006fd0 tx=0x7f48c4006e40 comp rx=0 tx=0).ready entity=mgr.14120 client_cookie=0 server_cookie=0 in_seq=0 out_seq=0
2026-03-10T06:17:01.924 INFO:teuthology.orchestra.run.vm04.stdout:/usr/bin/ceph: stderr
2026-03-10T06:17:01.733+0000 7f48de349700 1 -- 192.168.123.104:0/2313780212 --> [v2:192.168.123.104:3300/0,v1:192.168.123.104:6789/0] -- mon_command({"prefix": "get_command_descriptions"} v 0) v1 -- 0x7f48d00052d0 con 0x7f48d0095120
2026-03-10T06:17:01.924 INFO:teuthology.orchestra.run.vm04.stdout:/usr/bin/ceph: stderr
2026-03-10T06:17:01.737+0000 7f48d57fa700 1 -- 192.168.123.104:0/2313780212 <== mon.0 v2:192.168.123.104:3300/0 6 ==== mon_command_ack([{"prefix": "get_command_descriptions"}]=0 v0) v1 ==== 72+0+177933 (secure 0 0 0) 0x7f48cc011420 con 0x7f48d0095120
2026-03-10T06:17:01.924 INFO:teuthology.orchestra.run.vm04.stdout:/usr/bin/ceph: stderr
2026-03-10T06:17:01.844+0000 7f48de349700 1 -- 192.168.123.104:0/2313780212 --> [v2:192.168.123.104:6800/2,v1:192.168.123.104:6801/2] -- mgr_command(tid 0: {"prefix": "cephadm get-pub-key", "target": ["mon-mgr", ""]}) v1 -- 0x7f48d012c180 con 0x7f48c80384c0
2026-03-10T06:17:01.925 INFO:teuthology.orchestra.run.vm04.stdout:/usr/bin/ceph: stderr
2026-03-10T06:17:01.845+0000 7f48d57fa700 1 -- 192.168.123.104:0/2313780212 <== mgr.14120 v2:192.168.123.104:6800/2 1 ==== mgr_command_reply(tid 0: 0 ) v1 ==== 8+0+595 (secure 0 0 0) 0x7f48d012c180 con 0x7f48c80384c0
2026-03-10T06:17:01.925 INFO:teuthology.orchestra.run.vm04.stdout:/usr/bin/ceph: stderr
2026-03-10T06:17:01.848+0000 7f48de349700 1 -- 192.168.123.104:0/2313780212 >> [v2:192.168.123.104:6800/2,v1:192.168.123.104:6801/2] conn(0x7f48c80384c0 msgr2=0x7f48c803a970 secure :-1 s=STATE_CONNECTION_ESTABLISHED l=1).mark_down
2026-03-10T06:17:01.925 INFO:teuthology.orchestra.run.vm04.stdout:/usr/bin/ceph: stderr
2026-03-10T06:17:01.848+0000 7f48de349700 1 --2- 192.168.123.104:0/2313780212 >> [v2:192.168.123.104:6800/2,v1:192.168.123.104:6801/2] conn(0x7f48c80384c0 0x7f48c803a970 secure :-1 s=READY pgs=10 cs=0 l=1 rev1=1 crypto rx=0x7f48c4006fd0 tx=0x7f48c4006e40 comp rx=0 tx=0).stop
2026-03-10T06:17:01.925 INFO:teuthology.orchestra.run.vm04.stdout:/usr/bin/ceph: stderr
2026-03-10T06:17:01.848+0000 7f48de349700 1 -- 192.168.123.104:0/2313780212 >> [v2:192.168.123.104:3300/0,v1:192.168.123.104:6789/0] conn(0x7f48d0095120 msgr2=0x7f48d0128b20 secure :-1 s=STATE_CONNECTION_ESTABLISHED l=1).mark_down
2026-03-10T06:17:01.925 INFO:teuthology.orchestra.run.vm04.stdout:/usr/bin/ceph: stderr
2026-03-10T06:17:01.848+0000 7f48de349700 1 --2- 192.168.123.104:0/2313780212 >> [v2:192.168.123.104:3300/0,v1:192.168.123.104:6789/0] conn(0x7f48d0095120 0x7f48d0128b20 secure :-1 s=READY pgs=44 cs=0 l=1 rev1=1 crypto rx=0x7f48cc003c10 tx=0x7f48cc003d60 comp rx=0 tx=0).stop
2026-03-10T06:17:01.925 INFO:teuthology.orchestra.run.vm04.stdout:/usr/bin/ceph: stderr
2026-03-10T06:17:01.848+0000 7f48de349700 1 -- 192.168.123.104:0/2313780212 shutdown_connections
2026-03-10T06:17:01.925 INFO:teuthology.orchestra.run.vm04.stdout:/usr/bin/ceph: stderr
2026-03-10T06:17:01.848+0000 7f48de349700 1 --2- 192.168.123.104:0/2313780212 >> [v2:192.168.123.104:6800/2,v1:192.168.123.104:6801/2] conn(0x7f48c80384c0 0x7f48c803a970 unknown :-1 s=CLOSED pgs=10 cs=0 l=1 rev1=1 crypto rx=0 tx=0 comp rx=0 tx=0).stop
2026-03-10T06:17:01.925 INFO:teuthology.orchestra.run.vm04.stdout:/usr/bin/ceph: stderr
2026-03-10T06:17:01.848+0000 7f48de349700 1 --2- 192.168.123.104:0/2313780212 >> [v2:192.168.123.104:3300/0,v1:192.168.123.104:6789/0] conn(0x7f48d0095120 0x7f48d0128b20 unknown :-1 s=CLOSED pgs=44 cs=0 l=1 rev1=1 crypto rx=0 tx=0 comp rx=0 tx=0).stop
2026-03-10T06:17:01.925 INFO:teuthology.orchestra.run.vm04.stdout:/usr/bin/ceph: stderr
2026-03-10T06:17:01.849+0000 7f48de349700 1 -- 192.168.123.104:0/2313780212 >> 192.168.123.104:0/2313780212 conn(0x7f48d00906d0 msgr2=0x7f48d0091090 unknown :-1 s=STATE_NONE l=0).mark_down
2026-03-10T06:17:01.925 INFO:teuthology.orchestra.run.vm04.stdout:/usr/bin/ceph: stderr
2026-03-10T06:17:01.849+0000 7f48de349700 1 -- 192.168.123.104:0/2313780212 shutdown_connections
2026-03-10T06:17:01.925 INFO:teuthology.orchestra.run.vm04.stdout:/usr/bin/ceph: stderr
2026-03-10T06:17:01.849+0000 7f48de349700 1 -- 192.168.123.104:0/2313780212 wait complete.
2026-03-10T06:17:01.925 INFO:teuthology.orchestra.run.vm04.stdout:Wrote public SSH key to /home/ubuntu/cephtest/ceph.pub
2026-03-10T06:17:01.925 INFO:teuthology.orchestra.run.vm04.stdout:Adding key to root@localhost authorized_keys...
2026-03-10T06:17:01.925 INFO:teuthology.orchestra.run.vm04.stdout:Adding host vm04...
2026-03-10T06:17:02.781 INFO:journalctl@ceph.mon.vm04.vm04.stdout:Mar 10 06:17:02 vm04 ceph-mon[51058]: from='client.14132 -' entity='client.admin' cmd=[{"prefix": "orch set backend", "module_name": "cephadm", "target": ["mon-mgr", ""]}]: dispatch
2026-03-10T06:17:02.782 INFO:journalctl@ceph.mon.vm04.vm04.stdout:Mar 10 06:17:02 vm04 ceph-mon[51058]: from='client.14134 -' entity='client.admin' cmd=[{"prefix": "cephadm set-user", "user": "root", "target": ["mon-mgr", ""]}]: dispatch
2026-03-10T06:17:02.782 INFO:journalctl@ceph.mon.vm04.vm04.stdout:Mar 10 06:17:02 vm04 ceph-mon[51058]: from='client.14136 -' entity='client.admin' cmd=[{"prefix": "cephadm generate-key", "target": ["mon-mgr", ""]}]: dispatch
2026-03-10T06:17:02.782 INFO:journalctl@ceph.mon.vm04.vm04.stdout:Mar 10 06:17:02 vm04 ceph-mon[51058]: Generating ssh key...
2026-03-10T06:17:02.782 INFO:journalctl@ceph.mon.vm04.vm04.stdout:Mar 10 06:17:02 vm04 ceph-mon[51058]: from='mgr.14120 192.168.123.104:0/2' entity='mgr.vm04.exdvdb'
2026-03-10T06:17:02.782 INFO:journalctl@ceph.mon.vm04.vm04.stdout:Mar 10 06:17:02 vm04 ceph-mon[51058]: from='mgr.14120 192.168.123.104:0/2' entity='mgr.vm04.exdvdb'
2026-03-10T06:17:02.782 INFO:journalctl@ceph.mon.vm04.vm04.stdout:Mar 10 06:17:02 vm04 ceph-mon[51058]: mgrmap e8: vm04.exdvdb(active, since 2s)
2026-03-10T06:17:03.861 INFO:journalctl@ceph.mon.vm04.vm04.stdout:Mar 10 06:17:03 vm04 ceph-mon[51058]: from='client.14138 -' entity='client.admin' cmd=[{"prefix": "cephadm get-pub-key", "target": ["mon-mgr", ""]}]: dispatch
2026-03-10T06:17:03.861 INFO:journalctl@ceph.mon.vm04.vm04.stdout:Mar 10 06:17:03 vm04 ceph-mon[51058]: from='client.14140 -' entity='client.admin' cmd=[{"prefix": "orch host add", "hostname": "vm04", "addr": "192.168.123.104", "target": ["mon-mgr", ""]}]: dispatch
2026-03-10T06:17:03.861 INFO:journalctl@ceph.mon.vm04.vm04.stdout:Mar 10 06:17:03 vm04 ceph-mon[51058]: Deploying cephadm binary to vm04
2026-03-10T06:17:03.928 INFO:teuthology.orchestra.run.vm04.stdout:/usr/bin/ceph: stdout Added host 'vm04' with addr '192.168.123.104'
2026-03-10T06:17:03.929 INFO:teuthology.orchestra.run.vm04.stdout:/usr/bin/ceph: stderr
2026-03-10T06:17:02.056+0000 7f1199499700 1 Processor -- start
2026-03-10T06:17:03.929 INFO:teuthology.orchestra.run.vm04.stdout:/usr/bin/ceph: stderr
2026-03-10T06:17:02.057+0000 7f1199499700 1 -- start start
2026-03-10T06:17:03.929 INFO:teuthology.orchestra.run.vm04.stdout:/usr/bin/ceph: stderr
2026-03-10T06:17:02.057+0000 7f1199499700 1 --2- >> [v2:192.168.123.104:3300/0,v1:192.168.123.104:6789/0] conn(0x7f1194106830 0x7f1194108c10 unknown :-1 s=NONE pgs=0 cs=0 l=0 rev1=0 crypto rx=0 tx=0 comp rx=0 tx=0).connect
2026-03-10T06:17:03.929 INFO:teuthology.orchestra.run.vm04.stdout:/usr/bin/ceph: stderr
2026-03-10T06:17:02.057+0000 7f1199499700 1 -- --> [v2:192.168.123.104:3300/0,v1:192.168.123.104:6789/0] -- mon_getmap magic: 0 v1 -- 0x7f11940745b0 con 0x7f1194106830
2026-03-10T06:17:03.929 INFO:teuthology.orchestra.run.vm04.stdout:/usr/bin/ceph: stderr
2026-03-10T06:17:02.057+0000 7f1192ffd700 1 --2- >> [v2:192.168.123.104:3300/0,v1:192.168.123.104:6789/0] conn(0x7f1194106830 0x7f1194108c10 unknown :-1 s=BANNER_CONNECTING pgs=0 cs=0 l=0 rev1=0 crypto rx=0 tx=0 comp rx=0 tx=0)._handle_peer_banner_payload supported=3 required=0
2026-03-10T06:17:03.929 INFO:teuthology.orchestra.run.vm04.stdout:/usr/bin/ceph: stderr
2026-03-10T06:17:02.057+0000 7f1192ffd700 1 --2- >> [v2:192.168.123.104:3300/0,v1:192.168.123.104:6789/0] conn(0x7f1194106830 0x7f1194108c10 unknown :-1 s=HELLO_CONNECTING pgs=0 cs=0 l=0 rev1=1 crypto rx=0 tx=0 comp rx=0 tx=0).handle_hello peer v2:192.168.123.104:3300/0 says I am v2:192.168.123.104:46722/0 (socket says 192.168.123.104:46722)
2026-03-10T06:17:03.929 INFO:teuthology.orchestra.run.vm04.stdout:/usr/bin/ceph: stderr
2026-03-10T06:17:02.057+0000 7f1192ffd700 1 -- 192.168.123.104:0/3930588262 learned_addr learned my addr 192.168.123.104:0/3930588262 (peer_addr_for_me v2:192.168.123.104:0/0)
2026-03-10T06:17:03.929 INFO:teuthology.orchestra.run.vm04.stdout:/usr/bin/ceph: stderr
2026-03-10T06:17:02.058+0000 7f1192ffd700 1 -- 192.168.123.104:0/3930588262 --> [v2:192.168.123.104:3300/0,v1:192.168.123.104:6789/0] -- mon_subscribe({config=0+,monmap=0+}) v3 -- 0x7f11940746f0 con 0x7f1194106830
2026-03-10T06:17:03.929 INFO:teuthology.orchestra.run.vm04.stdout:/usr/bin/ceph: stderr
2026-03-10T06:17:02.058+0000 7f1192ffd700 1 --2- 192.168.123.104:0/3930588262 >> [v2:192.168.123.104:3300/0,v1:192.168.123.104:6789/0] conn(0x7f1194106830 0x7f1194108c10 secure :-1 s=READY pgs=45 cs=0 l=1 rev1=1 crypto rx=0x7f117c009a90 tx=0x7f117c009da0 comp rx=0 tx=0).ready entity=mon.0 client_cookie=608b7a4f47e9731c server_cookie=0 in_seq=0 out_seq=0
2026-03-10T06:17:03.929 INFO:teuthology.orchestra.run.vm04.stdout:/usr/bin/ceph: stderr
2026-03-10T06:17:02.058+0000 7f1191ffb700 1 -- 192.168.123.104:0/3930588262 <== mon.0 v2:192.168.123.104:3300/0 1 ==== mon_map magic: 0 v1 ==== 214+0+0 (secure 0 0 0) 0x7f117c004030 con 0x7f1194106830
2026-03-10T06:17:03.929 INFO:teuthology.orchestra.run.vm04.stdout:/usr/bin/ceph: stderr
2026-03-10T06:17:02.059+0000 7f1191ffb700 1 -- 192.168.123.104:0/3930588262 <== mon.0 v2:192.168.123.104:3300/0 2 ==== config(28 keys) v1 ==== 1075+0+0 (secure 0 0 0) 0x7f117c00b7e0 con 0x7f1194106830
2026-03-10T06:17:03.929 INFO:teuthology.orchestra.run.vm04.stdout:/usr/bin/ceph: stderr
2026-03-10T06:17:02.059+0000 7f1191ffb700 1 -- 192.168.123.104:0/3930588262 <== mon.0 v2:192.168.123.104:3300/0 3 ==== mon_map magic: 0 v1 ==== 214+0+0 (secure 0 0 0) 0x7f117c003a40 con 0x7f1194106830
2026-03-10T06:17:03.929 INFO:teuthology.orchestra.run.vm04.stdout:/usr/bin/ceph: stderr
2026-03-10T06:17:02.059+0000 7f1199499700 1 -- 192.168.123.104:0/3930588262 >> [v2:192.168.123.104:3300/0,v1:192.168.123.104:6789/0] conn(0x7f1194106830 msgr2=0x7f1194108c10 secure :-1 s=STATE_CONNECTION_ESTABLISHED l=1).mark_down
2026-03-10T06:17:03.929 INFO:teuthology.orchestra.run.vm04.stdout:/usr/bin/ceph: stderr
2026-03-10T06:17:02.059+0000 7f1199499700 1 --2- 192.168.123.104:0/3930588262 >> [v2:192.168.123.104:3300/0,v1:192.168.123.104:6789/0] conn(0x7f1194106830 0x7f1194108c10 secure :-1 s=READY pgs=45 cs=0 l=1 rev1=1 crypto rx=0x7f117c009a90 tx=0x7f117c009da0 comp rx=0 tx=0).stop
2026-03-10T06:17:03.929 INFO:teuthology.orchestra.run.vm04.stdout:/usr/bin/ceph: stderr
2026-03-10T06:17:02.059+0000 7f1199499700 1 -- 192.168.123.104:0/3930588262 shutdown_connections
2026-03-10T06:17:03.929 INFO:teuthology.orchestra.run.vm04.stdout:/usr/bin/ceph: stderr
2026-03-10T06:17:02.059+0000 7f1199499700 1 --2- 192.168.123.104:0/3930588262 >> [v2:192.168.123.104:3300/0,v1:192.168.123.104:6789/0] conn(0x7f1194106830 0x7f1194108c10 unknown :-1 s=CLOSED pgs=45 cs=0 l=1 rev1=1 crypto rx=0 tx=0 comp rx=0 tx=0).stop
2026-03-10T06:17:03.929 INFO:teuthology.orchestra.run.vm04.stdout:/usr/bin/ceph: stderr
2026-03-10T06:17:02.059+0000 7f1199499700 1 -- 192.168.123.104:0/3930588262 >> 192.168.123.104:0/3930588262 conn(0x7f1194100270 msgr2=0x7f11941026a0 unknown :-1 s=STATE_NONE l=0).mark_down
2026-03-10T06:17:03.929 INFO:teuthology.orchestra.run.vm04.stdout:/usr/bin/ceph: stderr
2026-03-10T06:17:02.060+0000 7f1199499700 1 -- 192.168.123.104:0/3930588262 shutdown_connections
2026-03-10T06:17:03.929 INFO:teuthology.orchestra.run.vm04.stdout:/usr/bin/ceph: stderr
2026-03-10T06:17:02.060+0000 7f1199499700 1 -- 192.168.123.104:0/3930588262 wait complete.
2026-03-10T06:17:03.929 INFO:teuthology.orchestra.run.vm04.stdout:/usr/bin/ceph: stderr
2026-03-10T06:17:02.060+0000 7f1199499700 1 Processor -- start
2026-03-10T06:17:03.929 INFO:teuthology.orchestra.run.vm04.stdout:/usr/bin/ceph: stderr
2026-03-10T06:17:02.060+0000 7f1199499700 1 -- start start
2026-03-10T06:17:03.929 INFO:teuthology.orchestra.run.vm04.stdout:/usr/bin/ceph: stderr
2026-03-10T06:17:02.061+0000 7f1199499700 1 --2- >> [v2:192.168.123.104:3300/0,v1:192.168.123.104:6789/0] conn(0x7f1194106830 0x7f1194106190 unknown :-1 s=NONE pgs=0 cs=0 l=1 rev1=0 crypto rx=0 tx=0 comp rx=0 tx=0).connect
2026-03-10T06:17:03.929 INFO:teuthology.orchestra.run.vm04.stdout:/usr/bin/ceph: stderr
2026-03-10T06:17:02.061+0000 7f1199499700 1 -- --> [v2:192.168.123.104:3300/0,v1:192.168.123.104:6789/0] -- mon_getmap magic: 0 v1 -- 0x7f11941066d0 con 0x7f1194106830
2026-03-10T06:17:03.929 INFO:teuthology.orchestra.run.vm04.stdout:/usr/bin/ceph: stderr
2026-03-10T06:17:02.061+0000 7f1192ffd700 1 --2- >> [v2:192.168.123.104:3300/0,v1:192.168.123.104:6789/0] conn(0x7f1194106830 0x7f1194106190 unknown :-1 s=BANNER_CONNECTING pgs=0 cs=0 l=1 rev1=0 crypto rx=0 tx=0 comp rx=0 tx=0)._handle_peer_banner_payload supported=3 required=0
2026-03-10T06:17:03.929 INFO:teuthology.orchestra.run.vm04.stdout:/usr/bin/ceph: stderr
2026-03-10T06:17:02.061+0000 7f1192ffd700 1 --2- >> [v2:192.168.123.104:3300/0,v1:192.168.123.104:6789/0] conn(0x7f1194106830 0x7f1194106190 unknown :-1 s=HELLO_CONNECTING pgs=0 cs=0 l=1 rev1=1 crypto rx=0 tx=0 comp rx=0 tx=0).handle_hello peer v2:192.168.123.104:3300/0 says I am v2:192.168.123.104:46738/0 (socket says 192.168.123.104:46738)
2026-03-10T06:17:03.929 INFO:teuthology.orchestra.run.vm04.stdout:/usr/bin/ceph: stderr
2026-03-10T06:17:02.061+0000 7f1192ffd700 1 -- 192.168.123.104:0/2366751162 learned_addr learned my addr 192.168.123.104:0/2366751162 (peer_addr_for_me v2:192.168.123.104:0/0)
2026-03-10T06:17:03.929 INFO:teuthology.orchestra.run.vm04.stdout:/usr/bin/ceph: stderr
2026-03-10T06:17:02.061+0000 7f1192ffd700 1 -- 192.168.123.104:0/2366751162 --> [v2:192.168.123.104:3300/0,v1:192.168.123.104:6789/0] -- mon_subscribe({config=0+,monmap=0+}) v3 -- 0x7f117c009740 con 0x7f1194106830
2026-03-10T06:17:03.929 INFO:teuthology.orchestra.run.vm04.stdout:/usr/bin/ceph: stderr
2026-03-10T06:17:02.061+0000 7f1192ffd700 1 --2- 192.168.123.104:0/2366751162 >> [v2:192.168.123.104:3300/0,v1:192.168.123.104:6789/0] conn(0x7f1194106830 0x7f1194106190 secure :-1 s=READY pgs=46 cs=0 l=1 rev1=1 crypto rx=0x7f117c00bef0 tx=0x7f117c003b40 comp rx=0 tx=0).ready entity=mon.0 client_cookie=0 server_cookie=0 in_seq=0 out_seq=0
2026-03-10T06:17:03.929 INFO:teuthology.orchestra.run.vm04.stdout:/usr/bin/ceph: stderr
2026-03-10T06:17:02.062+0000 7f118bfff700 1 -- 192.168.123.104:0/2366751162 <== mon.0 v2:192.168.123.104:3300/0 1 ==== mon_map magic: 0 v1 ==== 214+0+0 (secure 0 0 0) 0x7f117c004140 con 0x7f1194106830
2026-03-10T06:17:03.929 INFO:teuthology.orchestra.run.vm04.stdout:/usr/bin/ceph: stderr
2026-03-10T06:17:02.062+0000 7f118bfff700 1 -- 192.168.123.104:0/2366751162 <== mon.0 v2:192.168.123.104:3300/0 2 ==== config(28 keys) v1 ==== 1075+0+0 (secure 0 0 0) 0x7f117c0042a0 con 0x7f1194106830
2026-03-10T06:17:03.929 INFO:teuthology.orchestra.run.vm04.stdout:/usr/bin/ceph: stderr
2026-03-10T06:17:02.062+0000 7f118bfff700 1 -- 192.168.123.104:0/2366751162 <== mon.0 v2:192.168.123.104:3300/0 3 ==== mon_map magic: 0 v1 ==== 214+0+0 (secure 0 0 0) 0x7f117c011440 con 0x7f1194106830
2026-03-10T06:17:03.929 INFO:teuthology.orchestra.run.vm04.stdout:/usr/bin/ceph: stderr
2026-03-10T06:17:02.062+0000 7f1199499700 1 -- 192.168.123.104:0/2366751162 --> [v2:192.168.123.104:3300/0,v1:192.168.123.104:6789/0] -- mon_subscribe({mgrmap=0+}) v3 -- 0x7f11941047e0 con 0x7f1194106830
2026-03-10T06:17:03.929 INFO:teuthology.orchestra.run.vm04.stdout:/usr/bin/ceph: stderr
2026-03-10T06:17:02.062+0000 7f1199499700 1 -- 192.168.123.104:0/2366751162 --> [v2:192.168.123.104:3300/0,v1:192.168.123.104:6789/0] -- mon_subscribe({osdmap=0}) v3 -- 0x7f1194104c80 con 0x7f1194106830
2026-03-10T06:17:03.929 INFO:teuthology.orchestra.run.vm04.stdout:/usr/bin/ceph: stderr
2026-03-10T06:17:02.062+0000 7f118bfff700 1 -- 192.168.123.104:0/2366751162 <== mon.0 v2:192.168.123.104:3300/0 4 ==== mgrmap(e 8) v1 ==== 45079+0+0 (secure 0 0 0) 0x7f117c0115a0 con 0x7f1194106830
2026-03-10T06:17:03.929 INFO:teuthology.orchestra.run.vm04.stdout:/usr/bin/ceph: stderr
2026-03-10T06:17:02.063+0000 7f118bfff700 1 --2- 192.168.123.104:0/2366751162 >> [v2:192.168.123.104:6800/2,v1:192.168.123.104:6801/2] conn(0x7f11800384c0 0x7f118003a970 unknown :-1 s=NONE pgs=0 cs=0 l=1 rev1=0 crypto rx=0 tx=0 comp rx=0 tx=0).connect
2026-03-10T06:17:03.929 INFO:teuthology.orchestra.run.vm04.stdout:/usr/bin/ceph: stderr
2026-03-10T06:17:02.063+0000 7f11927fc700 1 --2- 192.168.123.104:0/2366751162 >> [v2:192.168.123.104:6800/2,v1:192.168.123.104:6801/2] conn(0x7f11800384c0 0x7f118003a970 unknown :-1 s=BANNER_CONNECTING pgs=0 cs=0 l=1 rev1=0 crypto rx=0 tx=0 comp rx=0 tx=0)._handle_peer_banner_payload supported=3 required=0
2026-03-10T06:17:03.929 INFO:teuthology.orchestra.run.vm04.stdout:/usr/bin/ceph: stderr
2026-03-10T06:17:02.064+0000 7f11927fc700 1 --2- 192.168.123.104:0/2366751162 >> [v2:192.168.123.104:6800/2,v1:192.168.123.104:6801/2] conn(0x7f11800384c0 0x7f118003a970 secure :-1 s=READY pgs=11 cs=0 l=1 rev1=1 crypto rx=0x7f1184006fd0 tx=0x7f1184006e40 comp rx=0 tx=0).ready entity=mgr.14120 client_cookie=0 server_cookie=0 in_seq=0 out_seq=0
2026-03-10T06:17:03.929 INFO:teuthology.orchestra.run.vm04.stdout:/usr/bin/ceph: stderr
2026-03-10T06:17:02.064+0000 7f118bfff700 1 -- 192.168.123.104:0/2366751162 <== mon.0 v2:192.168.123.104:3300/0 5 ==== osd_map(2..2 src has 1..2) v4 ==== 940+0+0 (secure 0 0 0) 0x7f117c04d120 con 0x7f1194106830
2026-03-10T06:17:03.929 INFO:teuthology.orchestra.run.vm04.stdout:/usr/bin/ceph: stderr
2026-03-10T06:17:02.064+0000 7f1199499700 1 -- 192.168.123.104:0/2366751162 --> [v2:192.168.123.104:3300/0,v1:192.168.123.104:6789/0] -- mon_command({"prefix": "get_command_descriptions"} v 0) v1 -- 0x7f119404fa50 con 0x7f1194106830
2026-03-10T06:17:03.929 INFO:teuthology.orchestra.run.vm04.stdout:/usr/bin/ceph: stderr
2026-03-10T06:17:02.067+0000 7f118bfff700 1 -- 192.168.123.104:0/2366751162 <== mon.0 v2:192.168.123.104:3300/0 6 ==== mon_command_ack([{"prefix": "get_command_descriptions"}]=0 v0) v1 ==== 72+0+177933 (secure 0 0 0) 0x7f117c02b430 con 0x7f1194106830
2026-03-10T06:17:03.929 INFO:teuthology.orchestra.run.vm04.stdout:/usr/bin/ceph: stderr
2026-03-10T06:17:02.173+0000 7f1199499700 1 -- 192.168.123.104:0/2366751162 --> [v2:192.168.123.104:6800/2,v1:192.168.123.104:6801/2] -- mgr_command(tid 0: {"prefix": "orch host add", "hostname": "vm04", "addr": "192.168.123.104", "target": ["mon-mgr", ""]}) v1 -- 0x7f11941054f0 con 0x7f11800384c0
2026-03-10T06:17:03.929 INFO:teuthology.orchestra.run.vm04.stdout:/usr/bin/ceph: stderr
2026-03-10T06:17:03.856+0000 7f118bfff700 1 -- 192.168.123.104:0/2366751162 <== mgr.14120 v2:192.168.123.104:6800/2 1 ==== mgr_command_reply(tid 0: 0 ) v1 ==== 8+0+46 (secure 0 0 0) 0x7f11941054f0 con 0x7f11800384c0
2026-03-10T06:17:03.929 INFO:teuthology.orchestra.run.vm04.stdout:/usr/bin/ceph: stderr
2026-03-10T06:17:03.860+0000 7f1199499700 1 -- 192.168.123.104:0/2366751162 >> [v2:192.168.123.104:6800/2,v1:192.168.123.104:6801/2] conn(0x7f11800384c0 msgr2=0x7f118003a970 secure :-1 s=STATE_CONNECTION_ESTABLISHED l=1).mark_down
2026-03-10T06:17:03.929 INFO:teuthology.orchestra.run.vm04.stdout:/usr/bin/ceph: stderr
2026-03-10T06:17:03.860+0000 7f1199499700 1 --2- 192.168.123.104:0/2366751162 >> [v2:192.168.123.104:6800/2,v1:192.168.123.104:6801/2] conn(0x7f11800384c0 0x7f118003a970 secure :-1 s=READY pgs=11 cs=0 l=1 rev1=1 crypto rx=0x7f1184006fd0 tx=0x7f1184006e40 comp rx=0 tx=0).stop
2026-03-10T06:17:03.929 INFO:teuthology.orchestra.run.vm04.stdout:/usr/bin/ceph: stderr
