2026-03-10T06:17:06.390 INFO:teuthology.orchestra.run.vm04.stdout:/usr/bin/ceph: stderr
2026-03-10T06:17:06.220+0000 7f0537fff700 1 --2- >> [v2:192.168.123.104:3300/0,v1:192.168.123.104:6789/0] conn(0x7f0538105c00 0x7f0538106010 unknown :-1 s=BANNER_CONNECTING pgs=0 cs=0 l=0 rev1=0 crypto rx=0 tx=0 comp rx=0 tx=0)._handle_peer_banner_payload supported=3 required=0
2026-03-10T06:17:06.390 INFO:teuthology.orchestra.run.vm04.stdout:/usr/bin/ceph: stderr
2026-03-10T06:17:06.220+0000 7f0537fff700 1 --2- >> [v2:192.168.123.104:3300/0,v1:192.168.123.104:6789/0] conn(0x7f0538105c00 0x7f0538106010 unknown :-1 s=HELLO_CONNECTING pgs=0 cs=0 l=0 rev1=1 crypto rx=0 tx=0 comp rx=0 tx=0).handle_hello peer v2:192.168.123.104:3300/0 says I am v2:192.168.123.104:60736/0 (socket says 192.168.123.104:60736)
2026-03-10T06:17:06.390 INFO:teuthology.orchestra.run.vm04.stdout:/usr/bin/ceph: stderr
2026-03-10T06:17:06.220+0000 7f0537fff700 1 -- 192.168.123.104:0/616189575 learned_addr learned my addr 192.168.123.104:0/616189575 (peer_addr_for_me v2:192.168.123.104:0/0)
2026-03-10T06:17:06.390 INFO:teuthology.orchestra.run.vm04.stdout:/usr/bin/ceph: stderr
2026-03-10T06:17:06.220+0000 7f0537fff700 1 -- 192.168.123.104:0/616189575 --> [v2:192.168.123.104:3300/0,v1:192.168.123.104:6789/0] -- mon_subscribe({config=0+,monmap=0+}) v3 -- 0x7f0538106690 con 0x7f0538105c00
2026-03-10T06:17:06.390 INFO:teuthology.orchestra.run.vm04.stdout:/usr/bin/ceph: stderr
2026-03-10T06:17:06.221+0000 7f0537fff700 1 --2- 192.168.123.104:0/616189575 >> [v2:192.168.123.104:3300/0,v1:192.168.123.104:6789/0] conn(0x7f0538105c00 0x7f0538106010 secure :-1 s=READY pgs=59 cs=0 l=1 rev1=1 crypto rx=0x7f0528009a90 tx=0x7f0528009da0 comp rx=0 tx=0).ready entity=mon.0 client_cookie=db242e4e5c2aff77 server_cookie=0 in_seq=0 out_seq=0
2026-03-10T06:17:06.390 INFO:teuthology.orchestra.run.vm04.stdout:/usr/bin/ceph: stderr
2026-03-10T06:17:06.222+0000 7f0536ffd700 1 -- 192.168.123.104:0/616189575 <== mon.0 v2:192.168.123.104:3300/0 1 ==== mon_map magic: 0 v1 ==== 214+0+0 (secure 0 0 0) 0x7f0528004030 con 0x7f0538105c00
2026-03-10T06:17:06.390 INFO:teuthology.orchestra.run.vm04.stdout:/usr/bin/ceph: stderr
2026-03-10T06:17:06.222+0000 7f0536ffd700 1 -- 192.168.123.104:0/616189575 <== mon.0 v2:192.168.123.104:3300/0 2 ==== config(28 keys) v1 ==== 1139+0+0 (secure 0 0 0) 0x7f052800b7e0 con 0x7f0538105c00
2026-03-10T06:17:06.390 INFO:teuthology.orchestra.run.vm04.stdout:/usr/bin/ceph: stderr
2026-03-10T06:17:06.222+0000 7f0536ffd700 1 -- 192.168.123.104:0/616189575 <== mon.0 v2:192.168.123.104:3300/0 3 ==== mon_map magic: 0 v1 ==== 214+0+0 (secure 0 0 0) 0x7f0528003ae0 con 0x7f0538105c00
2026-03-10T06:17:06.390 INFO:teuthology.orchestra.run.vm04.stdout:/usr/bin/ceph: stderr
2026-03-10T06:17:06.222+0000 7f053e5de700 1 -- 192.168.123.104:0/616189575 >> [v2:192.168.123.104:3300/0,v1:192.168.123.104:6789/0] conn(0x7f0538105c00 msgr2=0x7f0538106010 secure :-1 s=STATE_CONNECTION_ESTABLISHED l=1).mark_down
2026-03-10T06:17:06.390 INFO:teuthology.orchestra.run.vm04.stdout:/usr/bin/ceph: stderr
2026-03-10T06:17:06.222+0000 7f053e5de700 1 --2- 192.168.123.104:0/616189575 >> [v2:192.168.123.104:3300/0,v1:192.168.123.104:6789/0] conn(0x7f0538105c00 0x7f0538106010 secure :-1 s=READY pgs=59 cs=0 l=1 rev1=1 crypto rx=0x7f0528009a90 tx=0x7f0528009da0 comp rx=0 tx=0).stop
2026-03-10T06:17:06.390 INFO:teuthology.orchestra.run.vm04.stdout:/usr/bin/ceph: stderr
2026-03-10T06:17:06.222+0000 7f053e5de700 1 -- 192.168.123.104:0/616189575 shutdown_connections
2026-03-10T06:17:06.390 INFO:teuthology.orchestra.run.vm04.stdout:/usr/bin/ceph: stderr
2026-03-10T06:17:06.222+0000 7f053e5de700 1 --2- 192.168.123.104:0/616189575 >> [v2:192.168.123.104:3300/0,v1:192.168.123.104:6789/0] conn(0x7f0538105c00 0x7f0538106010 unknown :-1 s=CLOSED pgs=59 cs=0 l=1 rev1=1 crypto rx=0 tx=0 comp rx=0 tx=0).stop
2026-03-10T06:17:06.390 INFO:teuthology.orchestra.run.vm04.stdout:/usr/bin/ceph: stderr
2026-03-10T06:17:06.222+0000 7f053e5de700 1 -- 192.168.123.104:0/616189575 >> 192.168.123.104:0/616189575 conn(0x7f0538101250 msgr2=0x7f0538103680 unknown :-1 s=STATE_NONE l=0).mark_down
2026-03-10T06:17:06.390 INFO:teuthology.orchestra.run.vm04.stdout:/usr/bin/ceph: stderr
2026-03-10T06:17:06.223+0000 7f053e5de700 1 -- 192.168.123.104:0/616189575 shutdown_connections
2026-03-10T06:17:06.390 INFO:teuthology.orchestra.run.vm04.stdout:/usr/bin/ceph: stderr
2026-03-10T06:17:06.223+0000 7f053e5de700 1 -- 192.168.123.104:0/616189575 wait complete.
2026-03-10T06:17:06.390 INFO:teuthology.orchestra.run.vm04.stdout:/usr/bin/ceph: stderr
2026-03-10T06:17:06.223+0000 7f053e5de700 1 Processor -- start
2026-03-10T06:17:06.390 INFO:teuthology.orchestra.run.vm04.stdout:/usr/bin/ceph: stderr
2026-03-10T06:17:06.223+0000 7f053e5de700 1 -- start start
2026-03-10T06:17:06.390 INFO:teuthology.orchestra.run.vm04.stdout:/usr/bin/ceph: stderr
2026-03-10T06:17:06.223+0000 7f053e5de700 1 --2- >> [v2:192.168.123.104:3300/0,v1:192.168.123.104:6789/0] conn(0x7f0538105c00 0x7f053807bc70 unknown :-1 s=NONE pgs=0 cs=0 l=1 rev1=0 crypto rx=0 tx=0 comp rx=0 tx=0).connect
2026-03-10T06:17:06.390 INFO:teuthology.orchestra.run.vm04.stdout:/usr/bin/ceph: stderr
2026-03-10T06:17:06.223+0000 7f053e5de700 1 -- --> [v2:192.168.123.104:3300/0,v1:192.168.123.104:6789/0] -- mon_getmap magic: 0 v1 -- 0x7f053807c1b0 con 0x7f0538105c00
2026-03-10T06:17:06.390 INFO:teuthology.orchestra.run.vm04.stdout:/usr/bin/ceph: stderr
2026-03-10T06:17:06.224+0000 7f0537fff700 1 --2- >> [v2:192.168.123.104:3300/0,v1:192.168.123.104:6789/0] conn(0x7f0538105c00 0x7f053807bc70 unknown :-1 s=BANNER_CONNECTING pgs=0 cs=0 l=1 rev1=0 crypto rx=0 tx=0 comp rx=0 tx=0)._handle_peer_banner_payload supported=3 required=0
2026-03-10T06:17:06.390 INFO:teuthology.orchestra.run.vm04.stdout:/usr/bin/ceph: stderr
2026-03-10T06:17:06.224+0000 7f0537fff700 1 --2- >> [v2:192.168.123.104:3300/0,v1:192.168.123.104:6789/0] conn(0x7f0538105c00 0x7f053807bc70 unknown :-1 s=HELLO_CONNECTING pgs=0 cs=0 l=1 rev1=1 crypto rx=0 tx=0 comp rx=0 tx=0).handle_hello peer v2:192.168.123.104:3300/0 says I am v2:192.168.123.104:60740/0 (socket says 192.168.123.104:60740)
2026-03-10T06:17:06.390 INFO:teuthology.orchestra.run.vm04.stdout:/usr/bin/ceph: stderr
2026-03-10T06:17:06.224+0000 7f0537fff700 1 -- 192.168.123.104:0/4146989505 learned_addr learned my addr 192.168.123.104:0/4146989505 (peer_addr_for_me v2:192.168.123.104:0/0)
2026-03-10T06:17:06.390 INFO:teuthology.orchestra.run.vm04.stdout:/usr/bin/ceph: stderr
2026-03-10T06:17:06.224+0000 7f0537fff700 1 -- 192.168.123.104:0/4146989505 --> [v2:192.168.123.104:3300/0,v1:192.168.123.104:6789/0] -- mon_subscribe({config=0+,monmap=0+}) v3 -- 0x7f0528009740 con 0x7f0538105c00
2026-03-10T06:17:06.390 INFO:teuthology.orchestra.run.vm04.stdout:/usr/bin/ceph: stderr
2026-03-10T06:17:06.224+0000 7f0537fff700 1 --2- 192.168.123.104:0/4146989505 >> [v2:192.168.123.104:3300/0,v1:192.168.123.104:6789/0] conn(0x7f0538105c00 0x7f053807bc70 secure :-1 s=READY pgs=60 cs=0 l=1 rev1=1 crypto rx=0x7f0528000c00 tx=0x7f052800bfa0 comp rx=0 tx=0).ready entity=mon.0 client_cookie=0 server_cookie=0 in_seq=0 out_seq=0
2026-03-10T06:17:06.390 INFO:teuthology.orchestra.run.vm04.stdout:/usr/bin/ceph: stderr
2026-03-10T06:17:06.225+0000 7f05357fa700 1 -- 192.168.123.104:0/4146989505 <== mon.0 v2:192.168.123.104:3300/0 1 ==== mon_map magic: 0 v1 ==== 214+0+0 (secure 0 0 0) 0x7f05280041a0 con 0x7f0538105c00
2026-03-10T06:17:06.390 INFO:teuthology.orchestra.run.vm04.stdout:/usr/bin/ceph: stderr
2026-03-10T06:17:06.225+0000 7f053e5de700 1 -- 192.168.123.104:0/4146989505 --> [v2:192.168.123.104:3300/0,v1:192.168.123.104:6789/0] -- mon_subscribe({mgrmap=0+}) v3 -- 0x7f053807a2c0 con 0x7f0538105c00
2026-03-10T06:17:06.390 INFO:teuthology.orchestra.run.vm04.stdout:/usr/bin/ceph: stderr
2026-03-10T06:17:06.225+0000 7f053e5de700 1 -- 192.168.123.104:0/4146989505 --> [v2:192.168.123.104:3300/0,v1:192.168.123.104:6789/0] -- mon_subscribe({osdmap=0}) v3 -- 0x7f053807a760 con 0x7f0538105c00
2026-03-10T06:17:06.390 INFO:teuthology.orchestra.run.vm04.stdout:/usr/bin/ceph: stderr
2026-03-10T06:17:06.226+0000 7f05357fa700 1 -- 192.168.123.104:0/4146989505 <== mon.0 v2:192.168.123.104:3300/0 2 ==== config(28 keys) v1 ==== 1139+0+0 (secure 0 0 0) 0x7f0528004300 con 0x7f0538105c00
2026-03-10T06:17:06.391 INFO:teuthology.orchestra.run.vm04.stdout:/usr/bin/ceph: stderr
2026-03-10T06:17:06.226+0000 7f05357fa700 1 -- 192.168.123.104:0/4146989505 <== mon.0 v2:192.168.123.104:3300/0 3 ==== mon_map magic: 0 v1 ==== 214+0+0 (secure 0 0 0) 0x7f0528011550 con 0x7f0538105c00
2026-03-10T06:17:06.391 INFO:teuthology.orchestra.run.vm04.stdout:/usr/bin/ceph: stderr
2026-03-10T06:17:06.226+0000 7f05357fa700 1 -- 192.168.123.104:0/4146989505 <== mon.0 v2:192.168.123.104:3300/0 4 ==== mgrmap(e 8) v1 ==== 45079+0+0 (secure 0 0 0) 0x7f0528011770 con 0x7f0538105c00
2026-03-10T06:17:06.391 INFO:teuthology.orchestra.run.vm04.stdout:/usr/bin/ceph: stderr
2026-03-10T06:17:06.226+0000 7f05357fa700 1 --2- 192.168.123.104:0/4146989505 >> [v2:192.168.123.104:6800/2,v1:192.168.123.104:6801/2] conn(0x7f05200385d0 0x7f052003aa80 unknown :-1 s=NONE pgs=0 cs=0 l=1 rev1=0 crypto rx=0 tx=0 comp rx=0 tx=0).connect
2026-03-10T06:17:06.391 INFO:teuthology.orchestra.run.vm04.stdout:/usr/bin/ceph: stderr
2026-03-10T06:17:06.227+0000 7f053e5de700 1 -- 192.168.123.104:0/4146989505 --> [v2:192.168.123.104:3300/0,v1:192.168.123.104:6789/0] -- mon_command({"prefix": "get_command_descriptions"} v 0) v1 -- 0x7f053804efc0 con 0x7f0538105c00
2026-03-10T06:17:06.391 INFO:teuthology.orchestra.run.vm04.stdout:/usr/bin/ceph: stderr
2026-03-10T06:17:06.227+0000 7f05377fe700 1 --2- 192.168.123.104:0/4146989505 >> [v2:192.168.123.104:6800/2,v1:192.168.123.104:6801/2] conn(0x7f05200385d0 0x7f052003aa80 unknown :-1 s=BANNER_CONNECTING pgs=0 cs=0 l=1 rev1=0 crypto rx=0 tx=0 comp rx=0 tx=0)._handle_peer_banner_payload supported=3 required=0
2026-03-10T06:17:06.391 INFO:teuthology.orchestra.run.vm04.stdout:/usr/bin/ceph: stderr
2026-03-10T06:17:06.230+0000 7f05377fe700 1 --2- 192.168.123.104:0/4146989505 >> [v2:192.168.123.104:6800/2,v1:192.168.123.104:6801/2] conn(0x7f05200385d0 0x7f052003aa80 secure :-1 s=READY pgs=18 cs=0 l=1 rev1=1 crypto rx=0x7f052c006fd0 tx=0x7f052c006e40 comp rx=0 tx=0).ready entity=mgr.14120 client_cookie=0 server_cookie=0 in_seq=0 out_seq=0
2026-03-10T06:17:06.391 INFO:teuthology.orchestra.run.vm04.stdout:/usr/bin/ceph: stderr
2026-03-10T06:17:06.230+0000 7f05357fa700 1 -- 192.168.123.104:0/4146989505 <== mon.0 v2:192.168.123.104:3300/0 5 ==== osd_map(2..2 src has 1..2) v4 ==== 940+0+0 (secure 0 0 0) 0x7f052804d210 con 0x7f0538105c00
2026-03-10T06:17:06.391 INFO:teuthology.orchestra.run.vm04.stdout:/usr/bin/ceph: stderr
2026-03-10T06:17:06.230+0000 7f05357fa700 1 -- 192.168.123.104:0/4146989505 <== mon.0 v2:192.168.123.104:3300/0 6 ==== mon_command_ack([{"prefix": "get_command_descriptions"}]=0 v0) v1 ==== 72+0+177933 (secure 0 0 0) 0x7f05280531d0 con 0x7f0538105c00
2026-03-10T06:17:06.391 INFO:teuthology.orchestra.run.vm04.stdout:/usr/bin/ceph: stderr
2026-03-10T06:17:06.347+0000 7f053e5de700 1 -- 192.168.123.104:0/4146989505 --> [v2:192.168.123.104:6800/2,v1:192.168.123.104:6801/2] -- mgr_command(tid 0: {"prefix": "orch apply", "service_type": "node-exporter", "target": ["mon-mgr", ""]}) v1 -- 0x7f053807b060 con 0x7f05200385d0
2026-03-10T06:17:06.391 INFO:teuthology.orchestra.run.vm04.stdout:/usr/bin/ceph: stderr
2026-03-10T06:17:06.352+0000 7f05357fa700 1 -- 192.168.123.104:0/4146989505 <== mgr.14120 v2:192.168.123.104:6800/2 1 ==== mgr_command_reply(tid 0: 0 ) v1 ==== 8+0+34 (secure 0 0 0) 0x7f053807b060 con 0x7f05200385d0
2026-03-10T06:17:06.391 INFO:teuthology.orchestra.run.vm04.stdout:/usr/bin/ceph: stderr
2026-03-10T06:17:06.355+0000 7f053e5de700 1 -- 192.168.123.104:0/4146989505 >> [v2:192.168.123.104:6800/2,v1:192.168.123.104:6801/2] conn(0x7f05200385d0 msgr2=0x7f052003aa80 secure :-1 s=STATE_CONNECTION_ESTABLISHED l=1).mark_down
2026-03-10T06:17:06.391 INFO:teuthology.orchestra.run.vm04.stdout:/usr/bin/ceph: stderr
2026-03-10T06:17:06.355+0000 7f053e5de700 1 --2- 192.168.123.104:0/4146989505 >> [v2:192.168.123.104:6800/2,v1:192.168.123.104:6801/2] conn(0x7f05200385d0 0x7f052003aa80 secure :-1 s=READY pgs=18 cs=0 l=1 rev1=1 crypto rx=0x7f052c006fd0 tx=0x7f052c006e40 comp rx=0 tx=0).stop
2026-03-10T06:17:06.391 INFO:teuthology.orchestra.run.vm04.stdout:/usr/bin/ceph: stderr
2026-03-10T06:17:06.355+0000 7f053e5de700 1 -- 192.168.123.104:0/4146989505 >> [v2:192.168.123.104:3300/0,v1:192.168.123.104:6789/0] conn(0x7f0538105c00 msgr2=0x7f053807bc70 secure :-1 s=STATE_CONNECTION_ESTABLISHED l=1).mark_down
2026-03-10T06:17:06.391 INFO:teuthology.orchestra.run.vm04.stdout:/usr/bin/ceph: stderr
2026-03-10T06:17:06.355+0000 7f053e5de700 1 --2- 192.168.123.104:0/4146989505 >> [v2:192.168.123.104:3300/0,v1:192.168.123.104:6789/0] conn(0x7f0538105c00 0x7f053807bc70 secure :-1 s=READY pgs=60 cs=0 l=1 rev1=1 crypto rx=0x7f0528000c00 tx=0x7f052800bfa0 comp rx=0 tx=0).stop
2026-03-10T06:17:06.391 INFO:teuthology.orchestra.run.vm04.stdout:/usr/bin/ceph: stderr
2026-03-10T06:17:06.355+0000 7f053e5de700 1 -- 192.168.123.104:0/4146989505 shutdown_connections
2026-03-10T06:17:06.391 INFO:teuthology.orchestra.run.vm04.stdout:/usr/bin/ceph: stderr
2026-03-10T06:17:06.355+0000 7f053e5de700 1 --2- 192.168.123.104:0/4146989505 >> [v2:192.168.123.104:6800/2,v1:192.168.123.104:6801/2] conn(0x7f05200385d0 0x7f052003aa80 unknown :-1 s=CLOSED pgs=18 cs=0 l=1 rev1=1 crypto rx=0 tx=0 comp rx=0 tx=0).stop
2026-03-10T06:17:06.391 INFO:teuthology.orchestra.run.vm04.stdout:/usr/bin/ceph: stderr
2026-03-10T06:17:06.355+0000 7f053e5de700 1 --2- 192.168.123.104:0/4146989505 >> [v2:192.168.123.104:3300/0,v1:192.168.123.104:6789/0] conn(0x7f0538105c00 0x7f053807bc70 unknown :-1 s=CLOSED pgs=60 cs=0 l=1 rev1=1 crypto rx=0 tx=0 comp rx=0 tx=0).stop
2026-03-10T06:17:06.391 INFO:teuthology.orchestra.run.vm04.stdout:/usr/bin/ceph: stderr
2026-03-10T06:17:06.355+0000 7f053e5de700 1 -- 192.168.123.104:0/4146989505 >> 192.168.123.104:0/4146989505 conn(0x7f0538101250 msgr2=0x7f0538101d30 unknown :-1 s=STATE_NONE l=0).mark_down
2026-03-10T06:17:06.391 INFO:teuthology.orchestra.run.vm04.stdout:/usr/bin/ceph: stderr
2026-03-10T06:17:06.355+0000 7f053e5de700 1 -- 192.168.123.104:0/4146989505 shutdown_connections
2026-03-10T06:17:06.391 INFO:teuthology.orchestra.run.vm04.stdout:/usr/bin/ceph: stderr
2026-03-10T06:17:06.355+0000 7f053e5de700 1 -- 192.168.123.104:0/4146989505 wait complete.
2026-03-10T06:17:06.391 INFO:teuthology.orchestra.run.vm04.stdout:Deploying alertmanager service with default placement...
2026-03-10T06:17:06.689 INFO:teuthology.orchestra.run.vm04.stdout:/usr/bin/ceph: stdout Scheduled alertmanager update...
2026-03-10T06:17:06.689 INFO:teuthology.orchestra.run.vm04.stdout:/usr/bin/ceph: stderr
2026-03-10T06:17:06.517+0000 7f0a3ecbd700 1 Processor -- start
2026-03-10T06:17:06.689 INFO:teuthology.orchestra.run.vm04.stdout:/usr/bin/ceph: stderr
2026-03-10T06:17:06.517+0000 7f0a3ecbd700 1 -- start start
2026-03-10T06:17:06.689 INFO:teuthology.orchestra.run.vm04.stdout:/usr/bin/ceph: stderr
2026-03-10T06:17:06.517+0000 7f0a3ecbd700 1 --2- >> [v2:192.168.123.104:3300/0,v1:192.168.123.104:6789/0] conn(0x7f0a38072b50 0x7f0a38071050 unknown :-1 s=NONE pgs=0 cs=0 l=0 rev1=0 crypto rx=0 tx=0 comp rx=0 tx=0).connect
2026-03-10T06:17:06.689 INFO:teuthology.orchestra.run.vm04.stdout:/usr/bin/ceph: stderr
2026-03-10T06:17:06.517+0000 7f0a3ecbd700 1 -- --> [v2:192.168.123.104:3300/0,v1:192.168.123.104:6789/0] -- mon_getmap magic: 0 v1 -- 0x7f0a38071590 con 0x7f0a38072b50
2026-03-10T06:17:06.689 INFO:teuthology.orchestra.run.vm04.stdout:/usr/bin/ceph: stderr
2026-03-10T06:17:06.517+0000 7f0a3ca59700 1 --2- >> [v2:192.168.123.104:3300/0,v1:192.168.123.104:6789/0] conn(0x7f0a38072b50 0x7f0a38071050 unknown :-1 s=BANNER_CONNECTING pgs=0 cs=0 l=0 rev1=0 crypto rx=0 tx=0 comp rx=0 tx=0)._handle_peer_banner_payload supported=3 required=0
2026-03-10T06:17:06.689 INFO:teuthology.orchestra.run.vm04.stdout:/usr/bin/ceph: stderr
2026-03-10T06:17:06.517+0000 7f0a3ca59700 1 --2- >> [v2:192.168.123.104:3300/0,v1:192.168.123.104:6789/0] conn(0x7f0a38072b50 0x7f0a38071050 unknown :-1 s=HELLO_CONNECTING pgs=0 cs=0 l=0 rev1=1 crypto rx=0 tx=0 comp rx=0 tx=0).handle_hello peer v2:192.168.123.104:3300/0 says I am v2:192.168.123.104:60746/0 (socket says 192.168.123.104:60746)
2026-03-10T06:17:06.689 INFO:teuthology.orchestra.run.vm04.stdout:/usr/bin/ceph: stderr
2026-03-10T06:17:06.517+0000 7f0a3ca59700 1 -- 192.168.123.104:0/1140861406 learned_addr learned my addr 192.168.123.104:0/1140861406 (peer_addr_for_me v2:192.168.123.104:0/0)
2026-03-10T06:17:06.689 INFO:teuthology.orchestra.run.vm04.stdout:/usr/bin/ceph: stderr
2026-03-10T06:17:06.517+0000 7f0a3ca59700 1 -- 192.168.123.104:0/1140861406 --> [v2:192.168.123.104:3300/0,v1:192.168.123.104:6789/0] -- mon_subscribe({config=0+,monmap=0+}) v3 -- 0x7f0a380716d0 con 0x7f0a38072b50
2026-03-10T06:17:06.689 INFO:teuthology.orchestra.run.vm04.stdout:/usr/bin/ceph: stderr
2026-03-10T06:17:06.518+0000 7f0a3ca59700 1 --2- 192.168.123.104:0/1140861406 >> [v2:192.168.123.104:3300/0,v1:192.168.123.104:6789/0] conn(0x7f0a38072b50 0x7f0a38071050 secure :-1 s=READY pgs=61 cs=0 l=1 rev1=1 crypto rx=0x7f0a2c009a90 tx=0x7f0a2c009da0 comp rx=0 tx=0).ready entity=mon.0 client_cookie=43f135c3123d9fa8 server_cookie=0 in_seq=0 out_seq=0
2026-03-10T06:17:06.689 INFO:teuthology.orchestra.run.vm04.stdout:/usr/bin/ceph: stderr
2026-03-10T06:17:06.518+0000 7f0a377fe700 1 -- 192.168.123.104:0/1140861406 <== mon.0 v2:192.168.123.104:3300/0 1 ==== mon_map magic: 0 v1 ==== 214+0+0 (secure 0 0 0) 0x7f0a2c004030 con 0x7f0a38072b50
2026-03-10T06:17:06.689 INFO:teuthology.orchestra.run.vm04.stdout:/usr/bin/ceph: stderr
2026-03-10T06:17:06.518+0000 7f0a377fe700 1 -- 192.168.123.104:0/1140861406 <== mon.0 v2:192.168.123.104:3300/0 2 ==== config(28 keys) v1 ==== 1139+0+0 (secure 0 0 0) 0x7f0a2c00b7e0 con 0x7f0a38072b50
2026-03-10T06:17:06.689 INFO:teuthology.orchestra.run.vm04.stdout:/usr/bin/ceph: stderr
2026-03-10T06:17:06.518+0000 7f0a3ecbd700 1 -- 192.168.123.104:0/1140861406 >> [v2:192.168.123.104:3300/0,v1:192.168.123.104:6789/0] conn(0x7f0a38072b50 msgr2=0x7f0a38071050 secure :-1 s=STATE_CONNECTION_ESTABLISHED l=1).mark_down
2026-03-10T06:17:06.689 INFO:teuthology.orchestra.run.vm04.stdout:/usr/bin/ceph: stderr
2026-03-10T06:17:06.518+0000 7f0a3ecbd700 1 --2- 192.168.123.104:0/1140861406 >> [v2:192.168.123.104:3300/0,v1:192.168.123.104:6789/0] conn(0x7f0a38072b50 0x7f0a38071050 secure :-1 s=READY pgs=61 cs=0 l=1 rev1=1 crypto rx=0x7f0a2c009a90 tx=0x7f0a2c009da0 comp rx=0 tx=0).stop
2026-03-10T06:17:06.689 INFO:teuthology.orchestra.run.vm04.stdout:/usr/bin/ceph: stderr
2026-03-10T06:17:06.519+0000 7f0a3ecbd700 1 -- 192.168.123.104:0/1140861406 shutdown_connections
2026-03-10T06:17:06.689 INFO:teuthology.orchestra.run.vm04.stdout:/usr/bin/ceph: stderr
2026-03-10T06:17:06.519+0000 7f0a3ecbd700 1 --2- 192.168.123.104:0/1140861406 >> [v2:192.168.123.104:3300/0,v1:192.168.123.104:6789/0] conn(0x7f0a38072b50 0x7f0a38071050 unknown :-1 s=CLOSED pgs=61 cs=0 l=1 rev1=1 crypto rx=0 tx=0 comp rx=0 tx=0).stop
2026-03-10T06:17:06.689 INFO:teuthology.orchestra.run.vm04.stdout:/usr/bin/ceph: stderr
2026-03-10T06:17:06.519+0000 7f0a3ecbd700 1 -- 192.168.123.104:0/1140861406 >> 192.168.123.104:0/1140861406 conn(0x7f0a3806c970 msgr2=0x7f0a3806eda0 unknown :-1 s=STATE_NONE l=0).mark_down
2026-03-10T06:17:06.689 INFO:teuthology.orchestra.run.vm04.stdout:/usr/bin/ceph: stderr
2026-03-10T06:17:06.519+0000 7f0a3ecbd700 1 -- 192.168.123.104:0/1140861406 shutdown_connections
2026-03-10T06:17:06.689 INFO:teuthology.orchestra.run.vm04.stdout:/usr/bin/ceph: stderr
2026-03-10T06:17:06.519+0000 7f0a3ecbd700 1 -- 192.168.123.104:0/1140861406 wait complete.
2026-03-10T06:17:06.690 INFO:teuthology.orchestra.run.vm04.stdout:/usr/bin/ceph: stderr
2026-03-10T06:17:06.519+0000 7f0a3ecbd700 1 Processor -- start
2026-03-10T06:17:06.690 INFO:teuthology.orchestra.run.vm04.stdout:/usr/bin/ceph: stderr
2026-03-10T06:17:06.519+0000 7f0a3ecbd700 1 -- start start
2026-03-10T06:17:06.690 INFO:teuthology.orchestra.run.vm04.stdout:/usr/bin/ceph: stderr
2026-03-10T06:17:06.519+0000 7f0a3ecbd700 1 --2- >> [v2:192.168.123.104:3300/0,v1:192.168.123.104:6789/0] conn(0x7f0a3811b150 0x7f0a3811b560 unknown :-1 s=NONE pgs=0 cs=0 l=1 rev1=0 crypto rx=0 tx=0 comp rx=0 tx=0).connect
2026-03-10T06:17:06.690 INFO:teuthology.orchestra.run.vm04.stdout:/usr/bin/ceph: stderr
2026-03-10T06:17:06.519+0000 7f0a3ecbd700 1 -- --> [v2:192.168.123.104:3300/0,v1:192.168.123.104:6789/0] -- mon_getmap magic: 0 v1 -- 0x7f0a38071590 con 0x7f0a3811b150
2026-03-10T06:17:06.690 INFO:teuthology.orchestra.run.vm04.stdout:/usr/bin/ceph: stderr
2026-03-10T06:17:06.519+0000 7f0a3ca59700 1 --2- >> [v2:192.168.123.104:3300/0,v1:192.168.123.104:6789/0] conn(0x7f0a3811b150 0x7f0a3811b560 unknown :-1 s=BANNER_CONNECTING pgs=0 cs=0 l=1 rev1=0 crypto rx=0 tx=0 comp rx=0 tx=0)._handle_peer_banner_payload supported=3 required=0
2026-03-10T06:17:06.690 INFO:teuthology.orchestra.run.vm04.stdout:/usr/bin/ceph: stderr
2026-03-10T06:17:06.519+0000 7f0a3ca59700 1 --2- >> [v2:192.168.123.104:3300/0,v1:192.168.123.104:6789/0] conn(0x7f0a3811b150 0x7f0a3811b560 unknown :-1 s=HELLO_CONNECTING pgs=0 cs=0 l=1 rev1=1 crypto rx=0 tx=0 comp rx=0 tx=0).handle_hello peer v2:192.168.123.104:3300/0 says I am v2:192.168.123.104:60756/0 (socket says 192.168.123.104:60756)
2026-03-10T06:17:06.690 INFO:teuthology.orchestra.run.vm04.stdout:/usr/bin/ceph: stderr
2026-03-10T06:17:06.519+0000 7f0a3ca59700 1 -- 192.168.123.104:0/1464657085 learned_addr learned my addr 192.168.123.104:0/1464657085 (peer_addr_for_me v2:192.168.123.104:0/0)
2026-03-10T06:17:06.690 INFO:teuthology.orchestra.run.vm04.stdout:/usr/bin/ceph: stderr
2026-03-10T06:17:06.520+0000 7f0a3ca59700 1 -- 192.168.123.104:0/1464657085 --> [v2:192.168.123.104:3300/0,v1:192.168.123.104:6789/0] -- mon_subscribe({config=0+,monmap=0+}) v3 -- 0x7f0a2c009740 con 0x7f0a3811b150
2026-03-10T06:17:06.690 INFO:teuthology.orchestra.run.vm04.stdout:/usr/bin/ceph: stderr
2026-03-10T06:17:06.520+0000 7f0a3ca59700 1 --2- 192.168.123.104:0/1464657085 >> [v2:192.168.123.104:3300/0,v1:192.168.123.104:6789/0] conn(0x7f0a3811b150 0x7f0a3811b560 secure :-1 s=READY pgs=62 cs=0 l=1 rev1=1 crypto rx=0x7f0a2c00bdb0 tx=0x7f0a2c00be90 comp rx=0 tx=0).ready entity=mon.0 client_cookie=0 server_cookie=0 in_seq=0 out_seq=0
2026-03-10T06:17:06.690 INFO:teuthology.orchestra.run.vm04.stdout:/usr/bin/ceph: stderr
2026-03-10T06:17:06.520+0000 7f0a35ffb700 1 -- 192.168.123.104:0/1464657085 <== mon.0 v2:192.168.123.104:3300/0 1 ==== mon_map magic: 0 v1 ==== 214+0+0 (secure 0 0 0) 0x7f0a2c003750 con 0x7f0a3811b150
2026-03-10T06:17:06.690 INFO:teuthology.orchestra.run.vm04.stdout:/usr/bin/ceph: stderr
2026-03-10T06:17:06.520+0000 7f0a3ecbd700 1 -- 192.168.123.104:0/1464657085 --> [v2:192.168.123.104:3300/0,v1:192.168.123.104:6789/0] -- mon_subscribe({mgrmap=0+}) v3 -- 0x7f0a3811baa0 con 0x7f0a3811b150
2026-03-10T06:17:06.690 INFO:teuthology.orchestra.run.vm04.stdout:/usr/bin/ceph: stderr
2026-03-10T06:17:06.520+0000 7f0a3ecbd700 1 -- 192.168.123.104:0/1464657085 --> [v2:192.168.123.104:3300/0,v1:192.168.123.104:6789/0] -- mon_subscribe({osdmap=0}) v3 -- 0x7f0a3811bf40 con 0x7f0a3811b150
2026-03-10T06:17:06.690 INFO:teuthology.orchestra.run.vm04.stdout:/usr/bin/ceph: stderr
2026-03-10T06:17:06.521+0000 7f0a3ecbd700 1 -- 192.168.123.104:0/1464657085 --> [v2:192.168.123.104:3300/0,v1:192.168.123.104:6789/0] -- mon_command({"prefix": "get_command_descriptions"} v 0) v1 -- 0x7f0a38062380 con 0x7f0a3811b150
2026-03-10T06:17:06.690 INFO:teuthology.orchestra.run.vm04.stdout:/usr/bin/ceph: stderr
2026-03-10T06:17:06.524+0000 7f0a35ffb700 1 -- 192.168.123.104:0/1464657085 <== mon.0 v2:192.168.123.104:3300/0 2 ==== config(28 keys) v1 ==== 1139+0+0 (secure 0 0 0) 0x7f0a2c004440 con 0x7f0a3811b150
2026-03-10T06:17:06.690 INFO:teuthology.orchestra.run.vm04.stdout:/usr/bin/ceph: stderr
2026-03-10T06:17:06.524+0000 7f0a35ffb700 1 -- 192.168.123.104:0/1464657085 <== mon.0 v2:192.168.123.104:3300/0 3 ==== mon_map magic: 0 v1 ==== 214+0+0 (secure 0 0 0) 0x7f0a2c01acb0 con 0x7f0a3811b150
2026-03-10T06:17:06.690 INFO:teuthology.orchestra.run.vm04.stdout:/usr/bin/ceph: stderr
2026-03-10T06:17:06.524+0000 7f0a35ffb700 1 -- 192.168.123.104:0/1464657085 <== mon.0 v2:192.168.123.104:3300/0 4 ==== mgrmap(e 8) v1 ==== 45079+0+0 (secure 0 0 0) 0x7f0a2c011420 con 0x7f0a3811b150
2026-03-10T06:17:06.690 INFO:teuthology.orchestra.run.vm04.stdout:/usr/bin/ceph: stderr
2026-03-10T06:17:06.524+0000 7f0a35ffb700 1 --2- 192.168.123.104:0/1464657085 >> [v2:192.168.123.104:6800/2,v1:192.168.123.104:6801/2] conn(0x7f0a200384e0 0x7f0a2003a990 unknown :-1 s=NONE pgs=0 cs=0 l=1 rev1=0 crypto rx=0 tx=0 comp rx=0 tx=0).connect
2026-03-10T06:17:06.690 INFO:teuthology.orchestra.run.vm04.stdout:/usr/bin/ceph: stderr
2026-03-10T06:17:06.525+0000 7f0a37fff700 1 --2- 192.168.123.104:0/1464657085 >> [v2:192.168.123.104:6800/2,v1:192.168.123.104:6801/2] conn(0x7f0a200384e0 0x7f0a2003a990 unknown :-1 s=BANNER_CONNECTING pgs=0 cs=0 l=1 rev1=0 crypto rx=0 tx=0 comp rx=0 tx=0)._handle_peer_banner_payload supported=3 required=0
2026-03-10T06:17:06.690 INFO:teuthology.orchestra.run.vm04.stdout:/usr/bin/ceph: stderr
2026-03-10T06:17:06.525+0000 7f0a35ffb700 1 -- 192.168.123.104:0/1464657085 <== mon.0 v2:192.168.123.104:3300/0 5 ==== osd_map(2..2 src has 1..2) v4 ==== 940+0+0 (secure 0 0 0) 0x7f0a2c04c910 con 0x7f0a3811b150
2026-03-10T06:17:06.690 INFO:teuthology.orchestra.run.vm04.stdout:/usr/bin/ceph: stderr
2026-03-10T06:17:06.525+0000 7f0a35ffb700 1 -- 192.168.123.104:0/1464657085 <== mon.0 v2:192.168.123.104:3300/0 6 ==== mon_command_ack([{"prefix": "get_command_descriptions"}]=0 v0) v1 ==== 72+0+177933 (secure 0 0 0) 0x7f0a2c0502a0 con 0x7f0a3811b150
2026-03-10T06:17:06.690 INFO:teuthology.orchestra.run.vm04.stdout:/usr/bin/ceph: stderr
2026-03-10T06:17:06.526+0000 7f0a37fff700 1 --2- 192.168.123.104:0/1464657085 >> [v2:192.168.123.104:6800/2,v1:192.168.123.104:6801/2] conn(0x7f0a200384e0 0x7f0a2003a990 secure :-1 s=READY pgs=19 cs=0 l=1 rev1=1 crypto rx=0x7f0a3000ad80 tx=0x7f0a300093f0 comp rx=0 tx=0).ready entity=mgr.14120 client_cookie=0 server_cookie=0 in_seq=0 out_seq=0
2026-03-10T06:17:06.690 INFO:teuthology.orchestra.run.vm04.stdout:/usr/bin/ceph: stderr
2026-03-10T06:17:06.638+0000 7f0a3ecbd700 1 -- 192.168.123.104:0/1464657085 --> [v2:192.168.123.104:6800/2,v1:192.168.123.104:6801/2] -- mgr_command(tid 0: {"prefix": "orch apply", "service_type": "alertmanager", "target": ["mon-mgr", ""]}) v1 -- 0x7f0a3806dc60 con 0x7f0a200384e0
2026-03-10T06:17:06.690 INFO:teuthology.orchestra.run.vm04.stdout:/usr/bin/ceph: stderr
2026-03-10T06:17:06.644+0000 7f0a35ffb700 1 -- 192.168.123.104:0/1464657085 <== mgr.14120 v2:192.168.123.104:6800/2 1 ==== mgr_command_reply(tid 0: 0 ) v1 ==== 8+0+33 (secure 0 0 0) 0x7f0a3806dc60 con 0x7f0a200384e0
2026-03-10T06:17:06.690 INFO:teuthology.orchestra.run.vm04.stdout:/usr/bin/ceph: stderr
2026-03-10T06:17:06.648+0000 7f0a1f7fe700 1 -- 192.168.123.104:0/1464657085 >> [v2:192.168.123.104:6800/2,v1:192.168.123.104:6801/2] conn(0x7f0a200384e0 msgr2=0x7f0a2003a990 secure :-1 s=STATE_CONNECTION_ESTABLISHED l=1).mark_down
2026-03-10T06:17:06.690 INFO:teuthology.orchestra.run.vm04.stdout:/usr/bin/ceph: stderr
2026-03-10T06:17:06.648+0000 7f0a1f7fe700 1 --2- 192.168.123.104:0/1464657085 >> [v2:192.168.123.104:6800/2,v1:192.168.123.104:6801/2] conn(0x7f0a200384e0 0x7f0a2003a990 secure :-1 s=READY pgs=19 cs=0 l=1 rev1=1 crypto rx=0x7f0a3000ad80 tx=0x7f0a300093f0 comp rx=0 tx=0).stop
2026-03-10T06:17:06.690 INFO:teuthology.orchestra.run.vm04.stdout:/usr/bin/ceph: stderr
2026-03-10T06:17:06.648+0000 7f0a1f7fe700 1 -- 192.168.123.104:0/1464657085 >> [v2:192.168.123.104:3300/0,v1:192.168.123.104:6789/0] conn(0x7f0a3811b150 msgr2=0x7f0a3811b560 secure :-1 s=STATE_CONNECTION_ESTABLISHED l=1).mark_down
2026-03-10T06:17:06.690 INFO:teuthology.orchestra.run.vm04.stdout:/usr/bin/ceph: stderr
2026-03-10T06:17:06.648+0000 7f0a1f7fe700 1 --2- 192.168.123.104:0/1464657085 >> [v2:192.168.123.104:3300/0,v1:192.168.123.104:6789/0] conn(0x7f0a3811b150 0x7f0a3811b560 secure :-1 s=READY pgs=62 cs=0 l=1 rev1=1 crypto rx=0x7f0a2c00bdb0 tx=0x7f0a2c00be90 comp rx=0 tx=0).stop
2026-03-10T06:17:06.690 INFO:teuthology.orchestra.run.vm04.stdout:/usr/bin/ceph: stderr
2026-03-10T06:17:06.648+0000 7f0a1f7fe700 1 -- 192.168.123.104:0/1464657085 shutdown_connections
2026-03-10T06:17:06.690 INFO:teuthology.orchestra.run.vm04.stdout:/usr/bin/ceph: stderr
2026-03-10T06:17:06.648+0000 7f0a1f7fe700 1 --2- 192.168.123.104:0/1464657085 >> [v2:192.168.123.104:6800/2,v1:192.168.123.104:6801/2] conn(0x7f0a200384e0 0x7f0a2003a990 secure :-1 s=CLOSED pgs=19 cs=0 l=1 rev1=1 crypto rx=0x7f0a3000ad80 tx=0x7f0a300093f0 comp rx=0 tx=0).stop
2026-03-10T06:17:06.690 INFO:teuthology.orchestra.run.vm04.stdout:/usr/bin/ceph: stderr
2026-03-10T06:17:06.648+0000 7f0a1f7fe700 1 --2- 192.168.123.104:0/1464657085 >> [v2:192.168.123.104:3300/0,v1:192.168.123.104:6789/0] conn(0x7f0a3811b150 0x7f0a3811b560 unknown :-1 s=CLOSED pgs=62 cs=0 l=1 rev1=1 crypto rx=0 tx=0 comp rx=0 tx=0).stop
2026-03-10T06:17:06.690 INFO:teuthology.orchestra.run.vm04.stdout:/usr/bin/ceph: stderr
2026-03-10T06:17:06.648+0000 7f0a1f7fe700 1 -- 192.168.123.104:0/1464657085 >> 192.168.123.104:0/1464657085 conn(0x7f0a3806c970 msgr2=0x7f0a3806d550 unknown :-1 s=STATE_NONE l=0).mark_down
2026-03-10T06:17:06.690 INFO:teuthology.orchestra.run.vm04.stdout:/usr/bin/ceph: stderr
2026-03-10T06:17:06.649+0000 7f0a1f7fe700 1 -- 192.168.123.104:0/1464657085 shutdown_connections
2026-03-10T06:17:06.690 INFO:teuthology.orchestra.run.vm04.stdout:/usr/bin/ceph: stderr
2026-03-10T06:17:06.649+0000 7f0a1f7fe700 1 -- 192.168.123.104:0/1464657085 wait complete.
2026-03-10T06:17:07.025 INFO:teuthology.orchestra.run.vm04.stdout:/usr/bin/ceph: stderr
2026-03-10T06:17:06.855+0000 7f208824d700 1 Processor -- start
2026-03-10T06:17:07.025 INFO:teuthology.orchestra.run.vm04.stdout:/usr/bin/ceph: stderr
2026-03-10T06:17:06.856+0000 7f208824d700 1 -- start start
2026-03-10T06:17:07.025 INFO:teuthology.orchestra.run.vm04.stdout:/usr/bin/ceph: stderr
2026-03-10T06:17:06.856+0000 7f208824d700 1 --2- >> [v2:192.168.123.104:3300/0,v1:192.168.123.104:6789/0] conn(0x7f2080074510 0x7f208010ace0 unknown :-1 s=NONE pgs=0 cs=0 l=0 rev1=0 crypto rx=0 tx=0 comp rx=0 tx=0).connect
2026-03-10T06:17:07.025 INFO:teuthology.orchestra.run.vm04.stdout:/usr/bin/ceph: stderr
2026-03-10T06:17:06.856+0000 7f208824d700 1 -- --> [v2:192.168.123.104:3300/0,v1:192.168.123.104:6789/0] -- mon_getmap magic: 0 v1 -- 0x7f20801066d0 con 0x7f2080074510
2026-03-10T06:17:07.025 INFO:teuthology.orchestra.run.vm04.stdout:/usr/bin/ceph: stderr
2026-03-10T06:17:06.856+0000 7f2085fe9700 1 --2- >> [v2:192.168.123.104:3300/0,v1:192.168.123.104:6789/0] conn(0x7f2080074510 0x7f208010ace0 unknown :-1 s=BANNER_CONNECTING pgs=0 cs=0 l=0 rev1=0 crypto rx=0 tx=0 comp rx=0 tx=0)._handle_peer_banner_payload supported=3 required=0
2026-03-10T06:17:07.025 INFO:teuthology.orchestra.run.vm04.stdout:/usr/bin/ceph: stderr
2026-03-10T06:17:06.856+0000 7f2085fe9700 1 --2- >> [v2:192.168.123.104:3300/0,v1:192.168.123.104:6789/0] conn(0x7f2080074510 0x7f208010ace0 unknown :-1 s=HELLO_CONNECTING pgs=0 cs=0 l=0 rev1=1 crypto rx=0 tx=0 comp rx=0 tx=0).handle_hello peer v2:192.168.123.104:3300/0 says I am v2:192.168.123.104:60772/0 (socket says 192.168.123.104:60772)
2026-03-10T06:17:07.025 INFO:teuthology.orchestra.run.vm04.stdout:/usr/bin/ceph: stderr
2026-03-10T06:17:06.856+0000 7f2085fe9700 1 -- 192.168.123.104:0/4118215173 learned_addr learned my addr 192.168.123.104:0/4118215173 (peer_addr_for_me v2:192.168.123.104:0/0)
2026-03-10T06:17:07.025 INFO:teuthology.orchestra.run.vm04.stdout:/usr/bin/ceph: stderr
2026-03-10T06:17:06.856+0000 7f2085fe9700 1 -- 192.168.123.104:0/4118215173 --> [v2:192.168.123.104:3300/0,v1:192.168.123.104:6789/0] -- mon_subscribe({config=0+,monmap=0+}) v3 -- 0x7f2080106810 con 0x7f2080074510
2026-03-10T06:17:07.025 INFO:teuthology.orchestra.run.vm04.stdout:/usr/bin/ceph: stderr
2026-03-10T06:17:06.857+0000 7f2085fe9700 1 --2- 192.168.123.104:0/4118215173 >> [v2:192.168.123.104:3300/0,v1:192.168.123.104:6789/0] conn(0x7f2080074510 0x7f208010ace0 secure :-1 s=READY pgs=63 cs=0 l=1 rev1=1 crypto rx=0x7f2070009a90 tx=0x7f2070009da0 comp rx=0 tx=0).ready entity=mon.0 client_cookie=14d2ff977dc8bf4e server_cookie=0 in_seq=0 out_seq=0
2026-03-10T06:17:07.026 INFO:teuthology.orchestra.run.vm04.stdout:/usr/bin/ceph: stderr
2026-03-10T06:17:06.857+0000 7f2084fe7700 1 -- 192.168.123.104:0/4118215173 <== mon.0 v2:192.168.123.104:3300/0 1 ==== mon_map magic: 0 v1 ==== 214+0+0 (secure 0 0 0) 0x7f2070004030 con 0x7f2080074510
2026-03-10T06:17:07.026 INFO:teuthology.orchestra.run.vm04.stdout:/usr/bin/ceph: stderr
2026-03-10T06:17:06.857+0000 7f2084fe7700 1 -- 192.168.123.104:0/4118215173 <== mon.0 v2:192.168.123.104:3300/0 2 ==== config(28 keys) v1 ==== 1139+0+0 (secure 0 0 0) 0x7f207000b7e0 con 0x7f2080074510
2026-03-10T06:17:07.026 INFO:teuthology.orchestra.run.vm04.stdout:/usr/bin/ceph: stderr
2026-03-10T06:17:06.857+0000 7f208824d700 1 -- 192.168.123.104:0/4118215173 >> [v2:192.168.123.104:3300/0,v1:192.168.123.104:6789/0] conn(0x7f2080074510 msgr2=0x7f208010ace0 secure :-1 s=STATE_CONNECTION_ESTABLISHED l=1).mark_down
2026-03-10T06:17:07.026 INFO:teuthology.orchestra.run.vm04.stdout:/usr/bin/ceph: stderr
2026-03-10T06:17:06.857+0000 7f208824d700 1 --2- 192.168.123.104:0/4118215173 >> [v2:192.168.123.104:3300/0,v1:192.168.123.104:6789/0] conn(0x7f2080074510 0x7f208010ace0 secure :-1 s=READY pgs=63 cs=0 l=1 rev1=1 crypto rx=0x7f2070009a90 tx=0x7f2070009da0 comp rx=0 tx=0).stop
2026-03-10T06:17:07.026 INFO:teuthology.orchestra.run.vm04.stdout:/usr/bin/ceph: stderr
2026-03-10T06:17:06.857+0000 7f208824d700 1 -- 192.168.123.104:0/4118215173 shutdown_connections
2026-03-10T06:17:07.026 INFO:teuthology.orchestra.run.vm04.stdout:/usr/bin/ceph: stderr
2026-03-10T06:17:06.857+0000 7f208824d700 1 --2- 192.168.123.104:0/4118215173 >> [v2:192.168.123.104:3300/0,v1:192.168.123.104:6789/0] conn(0x7f2080074510 0x7f208010ace0 unknown :-1 s=CLOSED pgs=63 cs=0 l=1 rev1=1 crypto rx=0 tx=0 comp rx=0 tx=0).stop
2026-03-10T06:17:07.026 INFO:teuthology.orchestra.run.vm04.stdout:/usr/bin/ceph: stderr
2026-03-10T06:17:06.857+0000 7f208824d700 1 -- 192.168.123.104:0/4118215173 >> 192.168.123.104:0/4118215173 conn(0x7f2080100270 msgr2=0x7f20801026a0 unknown :-1 s=STATE_NONE l=0).mark_down
2026-03-10T06:17:07.026 INFO:teuthology.orchestra.run.vm04.stdout:/usr/bin/ceph: stderr
2026-03-10T06:17:06.858+0000 7f208824d700 1 -- 192.168.123.104:0/4118215173 shutdown_connections
2026-03-10T06:17:07.026 INFO:teuthology.orchestra.run.vm04.stdout:/usr/bin/ceph: stderr
2026-03-10T06:17:06.858+0000 7f208824d700 1 -- 192.168.123.104:0/4118215173 wait complete.
2026-03-10T06:17:07.026 INFO:teuthology.orchestra.run.vm04.stdout:/usr/bin/ceph: stderr
2026-03-10T06:17:06.858+0000 7f208824d700 1 Processor -- start
2026-03-10T06:17:07.026 INFO:teuthology.orchestra.run.vm04.stdout:/usr/bin/ceph: stderr
2026-03-10T06:17:06.858+0000 7f208824d700 1 -- start start
2026-03-10T06:17:07.026 INFO:teuthology.orchestra.run.vm04.stdout:/usr/bin/ceph: stderr
2026-03-10T06:17:06.858+0000 7f208824d700 1 --2- >> [v2:192.168.123.104:3300/0,v1:192.168.123.104:6789/0] conn(0x7f2080074510 0x7f20801a04a0 unknown :-1 s=NONE pgs=0 cs=0 l=1 rev1=0 crypto rx=0 tx=0 comp rx=0 tx=0).connect
2026-03-10T06:17:07.026 INFO:teuthology.orchestra.run.vm04.stdout:/usr/bin/ceph: stderr
2026-03-10T06:17:06.859+0000 7f208824d700 1 -- --> [v2:192.168.123.104:3300/0,v1:192.168.123.104:6789/0] -- mon_getmap magic: 0 v1 -- 0x7f20801066d0 con 0x7f2080074510
2026-03-10T06:17:07.026 INFO:teuthology.orchestra.run.vm04.stdout:/usr/bin/ceph: stderr
2026-03-10T06:17:06.859+0000 7f2085fe9700 1 --2- >> [v2:192.168.123.104:3300/0,v1:192.168.123.104:6789/0] conn(0x7f2080074510 0x7f20801a04a0 unknown :-1 s=BANNER_CONNECTING pgs=0 cs=0 l=1 rev1=0 crypto rx=0 tx=0 comp rx=0 tx=0)._handle_peer_banner_payload supported=3 required=0
2026-03-10T06:17:07.026 INFO:teuthology.orchestra.run.vm04.stdout:/usr/bin/ceph: stderr
2026-03-10T06:17:06.859+0000 7f2085fe9700 1 --2- >> [v2:192.168.123.104:3300/0,v1:192.168.123.104:6789/0] conn(0x7f2080074510 0x7f20801a04a0 unknown :-1 s=HELLO_CONNECTING pgs=0 cs=0 l=1 rev1=1 crypto rx=0 tx=0 comp rx=0 tx=0).handle_hello peer v2:192.168.123.104:3300/0 says I am v2:192.168.123.104:60780/0 (socket says 192.168.123.104:60780)
2026-03-10T06:17:07.026 INFO:teuthology.orchestra.run.vm04.stdout:/usr/bin/ceph: stderr
2026-03-10T06:17:06.859+0000 7f2085fe9700 1 -- 192.168.123.104:0/3475266183 learned_addr learned my addr 192.168.123.104:0/3475266183 (peer_addr_for_me v2:192.168.123.104:0/0)
2026-03-10T06:17:07.026 INFO:teuthology.orchestra.run.vm04.stdout:/usr/bin/ceph: stderr
2026-03-10T06:17:06.859+0000 7f2085fe9700 1 -- 192.168.123.104:0/3475266183 --> [v2:192.168.123.104:3300/0,v1:192.168.123.104:6789/0] -- mon_subscribe({config=0+,monmap=0+}) v3 -- 0x7f2070009740 con 0x7f2080074510
2026-03-10T06:17:07.027 INFO:teuthology.orchestra.run.vm04.stdout:/usr/bin/ceph: stderr
2026-03-10T06:17:06.859+0000 7f2085fe9700 1 --2- 192.168.123.104:0/3475266183 >> [v2:192.168.123.104:3300/0,v1:192.168.123.104:6789/0] conn(0x7f2080074510 0x7f20801a04a0 secure :-1 s=READY pgs=64 cs=0 l=1 rev1=1 crypto rx=0x7f207000bd00 tx=0x7f207000bde0 comp rx=0 tx=0).ready entity=mon.0 client_cookie=0 server_cookie=0 in_seq=0 out_seq=0
2026-03-10T06:17:07.027 INFO:teuthology.orchestra.run.vm04.stdout:/usr/bin/ceph: stderr
2026-03-10T06:17:06.859+0000 7f2076ffd700 1 -- 192.168.123.104:0/3475266183 <== mon.0 v2:192.168.123.104:3300/0 1 ==== mon_map magic: 0 v1 ==== 214+0+0 (secure 0 0 0) 0x7f2070003f60 con 0x7f2080074510
2026-03-10T06:17:07.027 INFO:teuthology.orchestra.run.vm04.stdout:/usr/bin/ceph: stderr
2026-03-10T06:17:06.859+0000 7f208824d700 1 -- 192.168.123.104:0/3475266183 --> [v2:192.168.123.104:3300/0,v1:192.168.123.104:6789/0] -- mon_subscribe({mgrmap=0+}) v3 -- 0x7f20801a09e0 con 0x7f2080074510
2026-03-10T06:17:07.027 INFO:teuthology.orchestra.run.vm04.stdout:/usr/bin/ceph: stderr
2026-03-10T06:17:06.859+0000 7f208824d700 1 -- 192.168.123.104:0/3475266183 --> [v2:192.168.123.104:3300/0,v1:192.168.123.104:6789/0] -- mon_subscribe({osdmap=0}) v3 -- 0x7f20801a0e80 con 0x7f2080074510
2026-03-10T06:17:07.027 INFO:teuthology.orchestra.run.vm04.stdout:/usr/bin/ceph: stderr
2026-03-10T06:17:06.860+0000 7f2076ffd700 1 -- 192.168.123.104:0/3475266183 <== mon.0 v2:192.168.123.104:3300/0 2 ==== config(28 keys) v1 ==== 1139+0+0 (secure 0 0 0) 0x7f20700045a0 con 0x7f2080074510
2026-03-10T06:17:07.027 INFO:teuthology.orchestra.run.vm04.stdout:/usr/bin/ceph: stderr
2026-03-10T06:17:06.860+0000 7f2076ffd700 1 -- 192.168.123.104:0/3475266183 <== mon.0 v2:192.168.123.104:3300/0 3 ==== mon_map magic: 0 v1 ==== 214+0+0 (secure 0 0 0) 0x7f2070024dc0 con 0x7f2080074510
2026-03-10T06:17:07.027 INFO:teuthology.orchestra.run.vm04.stdout:/usr/bin/ceph: stderr
2026-03-10T06:17:06.860+0000 7f2076ffd700 1 -- 192.168.123.104:0/3475266183 <== mon.0 v2:192.168.123.104:3300/0 4 ==== mgrmap(e 8) v1 ==== 45079+0+0 (secure 0 0 0) 0x7f207001b440 con 0x7f2080074510
2026-03-10T06:17:07.027 INFO:teuthology.orchestra.run.vm04.stdout:/usr/bin/ceph: stderr
2026-03-10T06:17:06.860+0000 7f2076ffd700 1 --2- 192.168.123.104:0/3475266183 >> [v2:192.168.123.104:6800/2,v1:192.168.123.104:6801/2] conn(0x7f206c0384b0 0x7f206c03a960 unknown :-1 s=NONE pgs=0 cs=0 l=1 rev1=0 crypto rx=0 tx=0 comp rx=0 tx=0).connect
2026-03-10T06:17:07.027 INFO:teuthology.orchestra.run.vm04.stdout:/usr/bin/ceph: stderr
2026-03-10T06:17:06.860+0000 7f2076ffd700 1 -- 192.168.123.104:0/3475266183 <== mon.0 v2:192.168.123.104:3300/0 5 ==== osd_map(2..2 src has 1..2) v4 ==== 940+0+0 (secure 0 0 0) 0x7f207004d080 con 0x7f2080074510
2026-03-10T06:17:07.027 INFO:teuthology.orchestra.run.vm04.stdout:/usr/bin/ceph: stderr
2026-03-10T06:17:06.860+0000 7f20857e8700 1 --2- 192.168.123.104:0/3475266183 >> [v2:192.168.123.104:6800/2,v1:192.168.123.104:6801/2] conn(0x7f206c0384b0 0x7f206c03a960 unknown :-1 s=BANNER_CONNECTING pgs=0 cs=0 l=1 rev1=0 crypto rx=0 tx=0 comp rx=0 tx=0)._handle_peer_banner_payload supported=3 required=0
2026-03-10T06:17:07.027 INFO:teuthology.orchestra.run.vm04.stdout:/usr/bin/ceph: stderr
2026-03-10T06:17:06.861+0000 7f208824d700 1 -- 192.168.123.104:0/3475266183 --> [v2:192.168.123.104:3300/0,v1:192.168.123.104:6789/0] -- mon_command({"prefix": "get_command_descriptions"} v 0) v1 -- 0x7f2064005320 con 0x7f2080074510
2026-03-10T06:17:07.028 INFO:teuthology.orchestra.run.vm04.stdout:/usr/bin/ceph: stderr
2026-03-10T06:17:06.863+0000 7f20857e8700 1 --2- 192.168.123.104:0/3475266183 >> [v2:192.168.123.104:6800/2,v1:192.168.123.104:6801/2] conn(0x7f206c0384b0 0x7f206c03a960 secure :-1 s=READY pgs=20 cs=0 l=1 rev1=1 crypto rx=0x7f207c006fd0 tx=0x7f207c006e40 comp rx=0 tx=0).ready entity=mgr.14120 client_cookie=0 server_cookie=0 in_seq=0 out_seq=0
2026-03-10T06:17:07.028 INFO:teuthology.orchestra.run.vm04.stdout:/usr/bin/ceph: stderr
2026-03-10T06:17:06.863+0000 7f2076ffd700 1 -- 192.168.123.104:0/3475266183 <== mon.0 v2:192.168.123.104:3300/0 6 ==== mon_command_ack([{"prefix": "get_command_descriptions"}]=0 v0) v1 ==== 72+0+177933 (secure 0 0 0) 0x7f207001f080 con 0x7f2080074510
2026-03-10T06:17:07.028 INFO:teuthology.orchestra.run.vm04.stdout:/usr/bin/ceph: stderr
2026-03-10T06:17:06.965+0000 7f208824d700 1 -- 192.168.123.104:0/3475266183 --> [v2:192.168.123.104:3300/0,v1:192.168.123.104:6789/0] -- mon_command([{prefix=config set, name=mgr/cephadm/container_init}] v 0) v1 -- 0x7f2064005190 con 0x7f2080074510
2026-03-10T06:17:07.028 INFO:teuthology.orchestra.run.vm04.stdout:/usr/bin/ceph: stderr
2026-03-10T06:17:06.972+0000 7f2076ffd700 1 -- 192.168.123.104:0/3475266183 <== mon.0 v2:192.168.123.104:3300/0 7 ==== mon_command_ack([{prefix=config set, name=mgr/cephadm/container_init}]=0 v7)=0 v7) v1 ==== 142+0+0 (secure 0 0 0) 0x7f207004b0d0 con 0x7f2080074510
2026-03-10T06:17:07.028 INFO:teuthology.orchestra.run.vm04.stdout:/usr/bin/ceph: stderr
2026-03-10T06:17:06.975+0000 7f208824d700 1 -- 192.168.123.104:0/3475266183 >> [v2:192.168.123.104:6800/2,v1:192.168.123.104:6801/2] conn(0x7f206c0384b0 msgr2=0x7f206c03a960 secure :-1 s=STATE_CONNECTION_ESTABLISHED l=1).mark_down
2026-03-10T06:17:07.029 INFO:teuthology.orchestra.run.vm04.stdout:/usr/bin/ceph: stderr
2026-03-10T06:17:06.975+0000 7f208824d700 1 --2- 192.168.123.104:0/3475266183 >> [v2:192.168.123.104:6800/2,v1:192.168.123.104:6801/2] conn(0x7f206c0384b0 0x7f206c03a960 secure :-1 s=READY pgs=20 cs=0 l=1 rev1=1 crypto rx=0x7f207c006fd0 tx=0x7f207c006e40 comp rx=0 tx=0).stop
2026-03-10T06:17:07.029 INFO:teuthology.orchestra.run.vm04.stdout:/usr/bin/ceph: stderr
2026-03-10T06:17:06.975+0000 7f208824d700 1 -- 192.168.123.104:0/3475266183 >> [v2:192.168.123.104:3300/0,v1:192.168.123.104:6789/0] conn(0x7f2080074510 msgr2=0x7f20801a04a0 secure :-1 s=STATE_CONNECTION_ESTABLISHED l=1).mark_down
2026-03-10T06:17:07.029 INFO:teuthology.orchestra.run.vm04.stdout:/usr/bin/ceph: stderr
2026-03-10T06:17:06.975+0000 7f208824d700 1 --2- 192.168.123.104:0/3475266183 >> [v2:192.168.123.104:3300/0,v1:192.168.123.104:6789/0] conn(0x7f2080074510 0x7f20801a04a0 secure :-1 s=READY pgs=64 cs=0 l=1 rev1=1 crypto rx=0x7f207000bd00 tx=0x7f207000bde0 comp rx=0 tx=0).stop
2026-03-10T06:17:07.029 INFO:teuthology.orchestra.run.vm04.stdout:/usr/bin/ceph: stderr
2026-03-10T06:17:06.975+0000 7f208824d700 1 -- 192.168.123.104:0/3475266183 shutdown_connections
2026-03-10T06:17:07.031 INFO:teuthology.orchestra.run.vm04.stdout:/usr/bin/ceph: stderr
2026-03-10T06:17:06.975+0000 7f208824d700 1 --2- 192.168.123.104:0/3475266183 >> [v2:192.168.123.104:6800/2,v1:192.168.123.104:6801/2] conn(0x7f206c0384b0 0x7f206c03a960 unknown :-1 s=CLOSED pgs=20 cs=0 l=1 rev1=1 crypto rx=0 tx=0 comp rx=0 tx=0).stop
2026-03-10T06:17:07.031 INFO:teuthology.orchestra.run.vm04.stdout:/usr/bin/ceph: stderr
2026-03-10T06:17:06.975+0000 7f208824d700 1 --2- 192.168.123.104:0/3475266183 >> [v2:192.168.123.104:3300/0,v1:192.168.123.104:6789/0] conn(0x7f2080074510 0x7f20801a04a0 unknown :-1 s=CLOSED pgs=64 cs=0 l=1 rev1=1 crypto rx=0 tx=0 comp rx=0 tx=0).stop
2026-03-10T06:17:07.031 INFO:teuthology.orchestra.run.vm04.stdout:/usr/bin/ceph: stderr
2026-03-10T06:17:06.975+0000 7f208824d700 1 -- 192.168.123.104:0/3475266183 >> 192.168.123.104:0/3475266183 conn(0x7f2080100270 msgr2=0x7f2080101d70 unknown :-1 s=STATE_NONE l=0).mark_down
2026-03-10T06:17:07.031 INFO:teuthology.orchestra.run.vm04.stdout:/usr/bin/ceph: stderr
2026-03-10T06:17:06.975+0000 7f208824d700 1 -- 192.168.123.104:0/3475266183 shutdown_connections
2026-03-10T06:17:07.031 INFO:teuthology.orchestra.run.vm04.stdout:/usr/bin/ceph: stderr
2026-03-10T06:17:06.975+0000 7f208824d700 1 -- 192.168.123.104:0/3475266183 wait complete.
2026-03-10T06:17:07.283 INFO:journalctl@ceph.mon.vm04.vm04.stdout:Mar 10 06:17:07 vm04 ceph-mon[51058]: from='client.14150 -' entity='client.admin' cmd=[{"prefix": "orch apply", "service_type": "prometheus", "target": ["mon-mgr", ""]}]: dispatch
2026-03-10T06:17:07.283 INFO:journalctl@ceph.mon.vm04.vm04.stdout:Mar 10 06:17:07 vm04 ceph-mon[51058]: Saving service prometheus spec with placement count:1
2026-03-10T06:17:07.283 INFO:journalctl@ceph.mon.vm04.vm04.stdout:Mar 10 06:17:07 vm04 ceph-mon[51058]: from='client.14152 -' entity='client.admin' cmd=[{"prefix": "orch apply", "service_type": "grafana", "target": ["mon-mgr", ""]}]: dispatch
2026-03-10T06:17:07.283 INFO:journalctl@ceph.mon.vm04.vm04.stdout:Mar 10 06:17:07 vm04 ceph-mon[51058]: Saving service grafana spec with placement count:1
2026-03-10T06:17:07.283 INFO:journalctl@ceph.mon.vm04.vm04.stdout:Mar 10 06:17:07 vm04 ceph-mon[51058]: from='mgr.14120 192.168.123.104:0/2' entity='mgr.vm04.exdvdb'
2026-03-10T06:17:07.283 INFO:journalctl@ceph.mon.vm04.vm04.stdout:Mar 10 06:17:07 vm04 ceph-mon[51058]: from='client.14154 -' entity='client.admin' cmd=[{"prefix": "orch apply", "service_type": "node-exporter", "target": ["mon-mgr", ""]}]: dispatch
2026-03-10T06:17:07.283 INFO:journalctl@ceph.mon.vm04.vm04.stdout:Mar 10 06:17:07 vm04 ceph-mon[51058]: Saving service node-exporter spec with placement *
2026-03-10T06:17:07.283 INFO:journalctl@ceph.mon.vm04.vm04.stdout:Mar 10 06:17:07 vm04 ceph-mon[51058]: from='mgr.14120 192.168.123.104:0/2' entity='mgr.vm04.exdvdb'
2026-03-10T06:17:07.284 INFO:journalctl@ceph.mon.vm04.vm04.stdout:Mar 10 06:17:07 vm04 ceph-mon[51058]: from='mgr.14120 192.168.123.104:0/2' entity='mgr.vm04.exdvdb'
2026-03-10T06:17:07.284 INFO:journalctl@ceph.mon.vm04.vm04.stdout:Mar 10 06:17:07 vm04 ceph-mon[51058]: from='mgr.14120 192.168.123.104:0/2' entity='mgr.vm04.exdvdb'
2026-03-10T06:17:07.284 INFO:journalctl@ceph.mon.vm04.vm04.stdout:Mar 10 06:17:07 vm04 ceph-mon[51058]: from='client.? 192.168.123.104:0/3475266183' entity='client.admin'
2026-03-10T06:17:07.344 INFO:teuthology.orchestra.run.vm04.stdout:/usr/bin/ceph: stderr
2026-03-10T06:17:07.169+0000 7f2234fe4700 1 Processor -- start
2026-03-10T06:17:07.344 INFO:teuthology.orchestra.run.vm04.stdout:/usr/bin/ceph: stderr
2026-03-10T06:17:07.169+0000 7f2234fe4700 1 -- start start
2026-03-10T06:17:07.344 INFO:teuthology.orchestra.run.vm04.stdout:/usr/bin/ceph: stderr
2026-03-10T06:17:07.169+0000 7f2234fe4700 1 --2- >> [v2:192.168.123.104:3300/0,v1:192.168.123.104:6789/0] conn(0x7f2230107f40 0x7f2230108350 unknown :-1 s=NONE pgs=0 cs=0 l=0 rev1=0 crypto rx=0 tx=0 comp rx=0 tx=0).connect
2026-03-10T06:17:07.344 INFO:teuthology.orchestra.run.vm04.stdout:/usr/bin/ceph: stderr
2026-03-10T06:17:07.169+0000 7f2234fe4700 1 -- --> [v2:192.168.123.104:3300/0,v1:192.168.123.104:6789/0] -- mon_getmap magic: 0 v1 -- 0x7f2230108890 con 0x7f2230107f40
2026-03-10T06:17:07.344 INFO:teuthology.orchestra.run.vm04.stdout:/usr/bin/ceph: stderr
2026-03-10T06:17:07.170+0000 7f222e59c700 1 --2- >> [v2:192.168.123.104:3300/0,v1:192.168.123.104:6789/0] conn(0x7f2230107f40 0x7f2230108350 unknown :-1 s=BANNER_CONNECTING pgs=0 cs=0 l=0 rev1=0 crypto rx=0 tx=0 comp rx=0 tx=0)._handle_peer_banner_payload supported=3 required=0
2026-03-10T06:17:07.344 INFO:teuthology.orchestra.run.vm04.stdout:/usr/bin/ceph: stderr
2026-03-10T06:17:07.170+0000 7f222e59c700 1 --2- >> [v2:192.168.123.104:3300/0,v1:192.168.123.104:6789/0] conn(0x7f2230107f40 0x7f2230108350 unknown :-1 s=HELLO_CONNECTING pgs=0 cs=0 l=0 rev1=1 crypto rx=0 tx=0 comp rx=0 tx=0).handle_hello peer v2:192.168.123.104:3300/0 says I am v2:192.168.123.104:60784/0 (socket says 192.168.123.104:60784)
2026-03-10T06:17:07.344 INFO:teuthology.orchestra.run.vm04.stdout:/usr/bin/ceph: stderr
2026-03-10T06:17:07.170+0000 7f222e59c700 1 -- 192.168.123.104:0/1590389903 learned_addr learned my addr 192.168.123.104:0/1590389903 (peer_addr_for_me v2:192.168.123.104:0/0)
2026-03-10T06:17:07.344 INFO:teuthology.orchestra.run.vm04.stdout:/usr/bin/ceph: stderr
2026-03-10T06:17:07.170+0000 7f222e59c700 1 -- 192.168.123.104:0/1590389903 --> [v2:192.168.123.104:3300/0,v1:192.168.123.104:6789/0] -- mon_subscribe({config=0+,monmap=0+}) v3 -- 0x7f22301089d0 con 0x7f2230107f40
2026-03-10T06:17:07.344 INFO:teuthology.orchestra.run.vm04.stdout:/usr/bin/ceph: stderr
2026-03-10T06:17:07.170+0000 7f222e59c700 1 --2- 192.168.123.104:0/1590389903 >> [v2:192.168.123.104:3300/0,v1:192.168.123.104:6789/0] conn(0x7f2230107f40 0x7f2230108350 secure :-1 s=READY pgs=65 cs=0 l=1 rev1=1 crypto rx=0x7f2220009cf0 tx=0x7f222000b0e0 comp rx=0 tx=0).ready entity=mon.0 client_cookie=692d6a10a46b5ef server_cookie=0 in_seq=0 out_seq=0
