2026-03-10T06:16:54.991+0000 7f737b7fe700 1 --2- >> [v2:192.168.123.104:3300/0,v1:192.168.123.104:6789/0] conn(0x7f737c10e510 0x7f737c10e920 unknown :-1 s=HELLO_CONNECTING pgs=0 cs=0 l=0 rev1=1 crypto rx=0 tx=0 comp rx=0 tx=0).handle_hello peer v2:192.168.123.104:3300/0 says I am v2:192.168.123.104:46548/0 (socket says 192.168.123.104:46548)
2026-03-10T06:17:00.291 INFO:teuthology.orchestra.run.vm04.stdout:/usr/bin/ceph: stderr
2026-03-10T06:16:54.991+0000 7f737b7fe700 1 -- 192.168.123.104:0/1902714373 learned_addr learned my addr 192.168.123.104:0/1902714373 (peer_addr_for_me v2:192.168.123.104:0/0)
2026-03-10T06:17:00.291 INFO:teuthology.orchestra.run.vm04.stdout:/usr/bin/ceph: stderr
2026-03-10T06:16:54.992+0000 7f737b7fe700 1 -- 192.168.123.104:0/1902714373 --> [v2:192.168.123.104:3300/0,v1:192.168.123.104:6789/0] -- mon_subscribe({config=0+,monmap=0+}) v3 -- 0x7f737c10efa0 con 0x7f737c10e510
2026-03-10T06:17:00.291 INFO:teuthology.orchestra.run.vm04.stdout:/usr/bin/ceph: stderr
2026-03-10T06:16:54.992+0000 7f737b7fe700 1 --2- 192.168.123.104:0/1902714373 >> [v2:192.168.123.104:3300/0,v1:192.168.123.104:6789/0] conn(0x7f737c10e510 0x7f737c10e920 secure :-1 s=READY pgs=28 cs=0 l=1 rev1=1 crypto rx=0x7f736c009a90 tx=0x7f736c009da0 comp rx=0 tx=0).ready entity=mon.0 client_cookie=fc71242c5e3b0f71 server_cookie=0 in_seq=0 out_seq=0
2026-03-10T06:17:00.291 INFO:teuthology.orchestra.run.vm04.stdout:/usr/bin/ceph: stderr
2026-03-10T06:16:54.994+0000 7f737a7fc700 1 -- 192.168.123.104:0/1902714373 <== mon.0 v2:192.168.123.104:3300/0 1 ==== mon_map magic: 0 v1 ==== 214+0+0 (secure 0 0 0) 0x7f736c004030 con 0x7f737c10e510
2026-03-10T06:17:00.291 INFO:teuthology.orchestra.run.vm04.stdout:/usr/bin/ceph: stderr
2026-03-10T06:16:54.994+0000 7f737a7fc700 1 -- 192.168.123.104:0/1902714373 <== mon.0 v2:192.168.123.104:3300/0 2 ==== config(28 keys) v1 ==== 1075+0+0 (secure 0 0 0) 0x7f736c00b7e0 con 0x7f737c10e510
2026-03-10T06:17:00.291 INFO:teuthology.orchestra.run.vm04.stdout:/usr/bin/ceph: stderr
2026-03-10T06:16:54.994+0000 7f738216a700 1 -- 192.168.123.104:0/1902714373 >> [v2:192.168.123.104:3300/0,v1:192.168.123.104:6789/0] conn(0x7f737c10e510 msgr2=0x7f737c10e920 secure :-1 s=STATE_CONNECTION_ESTABLISHED l=1).mark_down
2026-03-10T06:17:00.291 INFO:teuthology.orchestra.run.vm04.stdout:/usr/bin/ceph: stderr
2026-03-10T06:16:54.994+0000 7f738216a700 1 --2- 192.168.123.104:0/1902714373 >> [v2:192.168.123.104:3300/0,v1:192.168.123.104:6789/0] conn(0x7f737c10e510 0x7f737c10e920 secure :-1 s=READY pgs=28 cs=0 l=1 rev1=1 crypto rx=0x7f736c009a90 tx=0x7f736c009da0 comp rx=0 tx=0).stop
2026-03-10T06:17:00.291 INFO:teuthology.orchestra.run.vm04.stdout:/usr/bin/ceph: stderr
2026-03-10T06:16:54.994+0000 7f738216a700 1 -- 192.168.123.104:0/1902714373 shutdown_connections
2026-03-10T06:17:00.291 INFO:teuthology.orchestra.run.vm04.stdout:/usr/bin/ceph: stderr
2026-03-10T06:16:54.994+0000 7f738216a700 1 --2- 192.168.123.104:0/1902714373 >> [v2:192.168.123.104:3300/0,v1:192.168.123.104:6789/0] conn(0x7f737c10e510 0x7f737c10e920 unknown :-1 s=CLOSED pgs=28 cs=0 l=1 rev1=1 crypto rx=0 tx=0 comp rx=0 tx=0).stop
2026-03-10T06:17:00.291 INFO:teuthology.orchestra.run.vm04.stdout:/usr/bin/ceph: stderr
2026-03-10T06:16:54.994+0000 7f738216a700 1 -- 192.168.123.104:0/1902714373 >> 192.168.123.104:0/1902714373 conn(0x7f737c06ed20 msgr2=0x7f737c071150 unknown :-1 s=STATE_NONE l=0).mark_down
2026-03-10T06:17:00.291 INFO:teuthology.orchestra.run.vm04.stdout:/usr/bin/ceph: stderr
2026-03-10T06:16:54.995+0000 7f738216a700 1 -- 192.168.123.104:0/1902714373 shutdown_connections
2026-03-10T06:17:00.291 INFO:teuthology.orchestra.run.vm04.stdout:/usr/bin/ceph: stderr
2026-03-10T06:16:54.995+0000 7f738216a700 1 -- 192.168.123.104:0/1902714373 wait complete.
2026-03-10T06:17:00.291 INFO:teuthology.orchestra.run.vm04.stdout:/usr/bin/ceph: stderr
2026-03-10T06:16:54.995+0000 7f738216a700 1 Processor -- start
2026-03-10T06:17:00.291 INFO:teuthology.orchestra.run.vm04.stdout:/usr/bin/ceph: stderr
2026-03-10T06:16:54.995+0000 7f738216a700 1 -- start start
2026-03-10T06:17:00.291 INFO:teuthology.orchestra.run.vm04.stdout:/usr/bin/ceph: stderr
2026-03-10T06:16:54.995+0000 7f738216a700 1 --2- >> [v2:192.168.123.104:3300/0,v1:192.168.123.104:6789/0] conn(0x7f737c10e510 0x7f737c1a0000 unknown :-1 s=NONE pgs=0 cs=0 l=1 rev1=0 crypto rx=0 tx=0 comp rx=0 tx=0).connect
2026-03-10T06:17:00.291 INFO:teuthology.orchestra.run.vm04.stdout:/usr/bin/ceph: stderr
2026-03-10T06:16:54.995+0000 7f738216a700 1 -- --> [v2:192.168.123.104:3300/0,v1:192.168.123.104:6789/0] -- mon_getmap magic: 0 v1 -- 0x7f737c10ee60 con 0x7f737c10e510
2026-03-10T06:17:00.291 INFO:teuthology.orchestra.run.vm04.stdout:/usr/bin/ceph: stderr
2026-03-10T06:16:54.996+0000 7f737b7fe700 1 --2- >> [v2:192.168.123.104:3300/0,v1:192.168.123.104:6789/0] conn(0x7f737c10e510 0x7f737c1a0000 unknown :-1 s=BANNER_CONNECTING pgs=0 cs=0 l=1 rev1=0 crypto rx=0 tx=0 comp rx=0 tx=0)._handle_peer_banner_payload supported=3 required=0
2026-03-10T06:17:00.291 INFO:teuthology.orchestra.run.vm04.stdout:/usr/bin/ceph: stderr
2026-03-10T06:16:54.996+0000 7f737b7fe700 1 --2- >> [v2:192.168.123.104:3300/0,v1:192.168.123.104:6789/0] conn(0x7f737c10e510 0x7f737c1a0000 unknown :-1 s=HELLO_CONNECTING pgs=0 cs=0 l=1 rev1=1 crypto rx=0 tx=0 comp rx=0 tx=0).handle_hello peer v2:192.168.123.104:3300/0 says I am v2:192.168.123.104:46560/0 (socket says 192.168.123.104:46560)
2026-03-10T06:17:00.291 INFO:teuthology.orchestra.run.vm04.stdout:/usr/bin/ceph: stderr
2026-03-10T06:16:54.996+0000 7f737b7fe700 1 -- 192.168.123.104:0/1264802732 learned_addr learned my addr 192.168.123.104:0/1264802732 (peer_addr_for_me v2:192.168.123.104:0/0)
2026-03-10T06:17:00.291 INFO:teuthology.orchestra.run.vm04.stdout:/usr/bin/ceph: stderr
2026-03-10T06:16:54.996+0000 7f737b7fe700 1 -- 192.168.123.104:0/1264802732 --> [v2:192.168.123.104:3300/0,v1:192.168.123.104:6789/0] -- mon_subscribe({config=0+,monmap=0+}) v3 -- 0x7f736c009740 con 0x7f737c10e510
2026-03-10T06:17:00.291 INFO:teuthology.orchestra.run.vm04.stdout:/usr/bin/ceph: stderr
2026-03-10T06:16:54.996+0000 7f737b7fe700 1 --2- 192.168.123.104:0/1264802732 >> [v2:192.168.123.104:3300/0,v1:192.168.123.104:6789/0] conn(0x7f737c10e510 0x7f737c1a0000 secure :-1 s=READY pgs=29 cs=0 l=1 rev1=1 crypto rx=0x7f736c003e90 tx=0x7f736c003f70 comp rx=0 tx=0).ready entity=mon.0 client_cookie=0 server_cookie=0 in_seq=0 out_seq=0
2026-03-10T06:17:00.291 INFO:teuthology.orchestra.run.vm04.stdout:/usr/bin/ceph: stderr
2026-03-10T06:16:54.997+0000 7f7378ff9700 1 -- 192.168.123.104:0/1264802732 <== mon.0 v2:192.168.123.104:3300/0 1 ==== mon_map magic: 0 v1 ==== 214+0+0 (secure 0 0 0) 0x7f736c0043d0 con 0x7f737c10e510
2026-03-10T06:17:00.291 INFO:teuthology.orchestra.run.vm04.stdout:/usr/bin/ceph: stderr
2026-03-10T06:16:54.997+0000 7f7378ff9700 1 -- 192.168.123.104:0/1264802732 <== mon.0 v2:192.168.123.104:3300/0 2 ==== config(28 keys) v1 ==== 1075+0+0 (secure 0 0 0) 0x7f736c004530 con 0x7f737c10e510
2026-03-10T06:17:00.291 INFO:teuthology.orchestra.run.vm04.stdout:/usr/bin/ceph: stderr
2026-03-10T06:16:54.997+0000 7f7378ff9700 1 -- 192.168.123.104:0/1264802732 <== mon.0 v2:192.168.123.104:3300/0 3 ==== mon_map magic: 0 v1 ==== 214+0+0 (secure 0 0 0) 0x7f736c011620 con 0x7f737c10e510
2026-03-10T06:17:00.291 INFO:teuthology.orchestra.run.vm04.stdout:/usr/bin/ceph: stderr
2026-03-10T06:16:54.997+0000 7f738216a700 1 -- 192.168.123.104:0/1264802732 --> [v2:192.168.123.104:3300/0,v1:192.168.123.104:6789/0] -- mon_subscribe({mgrmap=0+}) v3 -- 0x7f737c1a05a0 con 0x7f737c10e510
2026-03-10T06:17:00.291 INFO:teuthology.orchestra.run.vm04.stdout:/usr/bin/ceph: stderr
2026-03-10T06:16:54.997+0000 7f738216a700 1 -- 192.168.123.104:0/1264802732 --> [v2:192.168.123.104:3300/0,v1:192.168.123.104:6789/0] -- mon_subscribe({osdmap=0}) v3 -- 0x7f737c1a09c0 con 0x7f737c10e510
2026-03-10T06:17:00.291 INFO:teuthology.orchestra.run.vm04.stdout:/usr/bin/ceph: stderr
2026-03-10T06:16:54.998+0000 7f7378ff9700 1 -- 192.168.123.104:0/1264802732 <== mon.0 v2:192.168.123.104:3300/0 4 ==== mgrmap(e 5) v1 ==== 45079+0+0 (secure 0 0 0) 0x7f736c028020 con 0x7f737c10e510
2026-03-10T06:17:00.291 INFO:teuthology.orchestra.run.vm04.stdout:/usr/bin/ceph: stderr
2026-03-10T06:16:54.998+0000 7f7378ff9700 1 --2- 192.168.123.104:0/1264802732 >> [v2:192.168.123.104:6800/2,v1:192.168.123.104:6801/2] conn(0x7f736403c8c0 0x7f736403ed70 unknown :-1 s=NONE pgs=0 cs=0 l=1 rev1=0 crypto rx=0 tx=0 comp rx=0 tx=0).connect
2026-03-10T06:17:00.291 INFO:teuthology.orchestra.run.vm04.stdout:/usr/bin/ceph: stderr
2026-03-10T06:16:54.998+0000 7f7378ff9700 1 -- 192.168.123.104:0/1264802732 --> [v2:192.168.123.104:6800/2,v1:192.168.123.104:6801/2] -- command(tid 0: {"prefix": "get_command_descriptions"}) v1 -- 0x7f736403f480 con 0x7f736403c8c0
2026-03-10T06:17:00.291 INFO:teuthology.orchestra.run.vm04.stdout:/usr/bin/ceph: stderr
2026-03-10T06:16:54.998+0000 7f7378ff9700 1 -- 192.168.123.104:0/1264802732 <== mon.0 v2:192.168.123.104:3300/0 5 ==== osd_map(1..1 src has 1..1) v4 ==== 725+0+0 (secure 0 0 0) 0x7f736c04bd90 con 0x7f737c10e510
2026-03-10T06:17:00.291 INFO:teuthology.orchestra.run.vm04.stdout:/usr/bin/ceph: stderr
2026-03-10T06:16:54.999+0000 7f737affd700 1 -- 192.168.123.104:0/1264802732 >> [v2:192.168.123.104:6800/2,v1:192.168.123.104:6801/2] conn(0x7f736403c8c0 msgr2=0x7f736403ed70 unknown :-1 s=STATE_CONNECTING_RE l=1).process reconnect failed to v2:192.168.123.104:6800/2
2026-03-10T06:17:00.291 INFO:teuthology.orchestra.run.vm04.stdout:/usr/bin/ceph: stderr
2026-03-10T06:16:54.999+0000 7f737affd700 1 --2- 192.168.123.104:0/1264802732 >> [v2:192.168.123.104:6800/2,v1:192.168.123.104:6801/2] conn(0x7f736403c8c0 0x7f736403ed70 unknown :-1 s=START_CONNECT pgs=0 cs=0 l=1 rev1=0 crypto rx=0 tx=0 comp rx=0 tx=0)._fault waiting 0.200000
2026-03-10T06:17:00.291 INFO:teuthology.orchestra.run.vm04.stdout:/usr/bin/ceph: stderr
2026-03-10T06:16:55.199+0000 7f737affd700 1 -- 192.168.123.104:0/1264802732 >> [v2:192.168.123.104:6800/2,v1:192.168.123.104:6801/2] conn(0x7f736403c8c0 msgr2=0x7f736403ed70 unknown :-1 s=STATE_CONNECTING_RE l=1).process reconnect failed to v2:192.168.123.104:6800/2
2026-03-10T06:17:00.291 INFO:teuthology.orchestra.run.vm04.stdout:/usr/bin/ceph: stderr
2026-03-10T06:16:55.199+0000 7f737affd700 1 --2- 192.168.123.104:0/1264802732 >> [v2:192.168.123.104:6800/2,v1:192.168.123.104:6801/2] conn(0x7f736403c8c0 0x7f736403ed70 unknown :-1 s=START_CONNECT pgs=0 cs=0 l=1 rev1=0 crypto rx=0 tx=0 comp rx=0 tx=0)._fault waiting 0.400000
2026-03-10T06:17:00.291 INFO:teuthology.orchestra.run.vm04.stdout:/usr/bin/ceph: stderr
2026-03-10T06:16:55.600+0000 7f737affd700 1 -- 192.168.123.104:0/1264802732 >> [v2:192.168.123.104:6800/2,v1:192.168.123.104:6801/2] conn(0x7f736403c8c0 msgr2=0x7f736403ed70 unknown :-1 s=STATE_CONNECTING_RE l=1).process reconnect failed to v2:192.168.123.104:6800/2
2026-03-10T06:17:00.291 INFO:teuthology.orchestra.run.vm04.stdout:/usr/bin/ceph: stderr
2026-03-10T06:16:55.600+0000 7f737affd700 1 --2- 192.168.123.104:0/1264802732 >> [v2:192.168.123.104:6800/2,v1:192.168.123.104:6801/2] conn(0x7f736403c8c0 0x7f736403ed70 unknown :-1 s=START_CONNECT pgs=0 cs=0 l=1 rev1=0 crypto rx=0 tx=0 comp rx=0 tx=0)._fault waiting 0.800000
2026-03-10T06:17:00.291 INFO:teuthology.orchestra.run.vm04.stdout:/usr/bin/ceph: stderr
2026-03-10T06:16:56.401+0000 7f737affd700 1 -- 192.168.123.104:0/1264802732 >> [v2:192.168.123.104:6800/2,v1:192.168.123.104:6801/2] conn(0x7f736403c8c0 msgr2=0x7f736403ed70 unknown :-1 s=STATE_CONNECTING_RE l=1).process reconnect failed to v2:192.168.123.104:6800/2
2026-03-10T06:17:00.292 INFO:teuthology.orchestra.run.vm04.stdout:/usr/bin/ceph: stderr
2026-03-10T06:16:56.401+0000 7f737affd700 1 --2- 192.168.123.104:0/1264802732 >> [v2:192.168.123.104:6800/2,v1:192.168.123.104:6801/2] conn(0x7f736403c8c0 0x7f736403ed70 unknown :-1 s=START_CONNECT pgs=0 cs=0 l=1 rev1=0 crypto rx=0 tx=0 comp rx=0 tx=0)._fault waiting 1.600000
2026-03-10T06:17:00.292 INFO:teuthology.orchestra.run.vm04.stdout:/usr/bin/ceph: stderr
2026-03-10T06:16:58.003+0000 7f737affd700 1 -- 192.168.123.104:0/1264802732 >> [v2:192.168.123.104:6800/2,v1:192.168.123.104:6801/2] conn(0x7f736403c8c0 msgr2=0x7f736403ed70 unknown :-1 s=STATE_CONNECTING_RE l=1).process reconnect failed to v2:192.168.123.104:6800/2
2026-03-10T06:17:00.292 INFO:teuthology.orchestra.run.vm04.stdout:/usr/bin/ceph: stderr
2026-03-10T06:16:58.003+0000 7f737affd700 1 --2- 192.168.123.104:0/1264802732 >> [v2:192.168.123.104:6800/2,v1:192.168.123.104:6801/2] conn(0x7f736403c8c0 0x7f736403ed70 unknown :-1 s=START_CONNECT pgs=0 cs=0 l=1 rev1=0 crypto rx=0 tx=0 comp rx=0 tx=0)._fault waiting 3.200000
2026-03-10T06:17:00.292 INFO:teuthology.orchestra.run.vm04.stdout:/usr/bin/ceph: stderr
2026-03-10T06:16:59.247+0000 7f7378ff9700 1 -- 192.168.123.104:0/1264802732 <== mon.0 v2:192.168.123.104:3300/0 6 ==== mgrmap(e 6) v1 ==== 44846+0+0 (secure 0 0 0) 0x7f736c01a430 con 0x7f737c10e510
2026-03-10T06:17:00.292 INFO:teuthology.orchestra.run.vm04.stdout:/usr/bin/ceph: stderr
2026-03-10T06:16:59.247+0000 7f7378ff9700 1 -- 192.168.123.104:0/1264802732 >> [v2:192.168.123.104:6800/2,v1:192.168.123.104:6801/2] conn(0x7f736403c8c0 msgr2=0x7f736403ed70 unknown :-1 s=STATE_CONNECTING l=1).mark_down
2026-03-10T06:17:00.292 INFO:teuthology.orchestra.run.vm04.stdout:/usr/bin/ceph: stderr
2026-03-10T06:16:59.247+0000 7f7378ff9700 1 --2- 192.168.123.104:0/1264802732 >> [v2:192.168.123.104:6800/2,v1:192.168.123.104:6801/2] conn(0x7f736403c8c0 0x7f736403ed70 unknown :-1 s=START_CONNECT pgs=0 cs=0 l=1 rev1=0 crypto rx=0 tx=0 comp rx=0 tx=0).stop
2026-03-10T06:17:00.292 INFO:teuthology.orchestra.run.vm04.stdout:/usr/bin/ceph: stderr
2026-03-10T06:17:00.250+0000 7f7378ff9700 1 -- 192.168.123.104:0/1264802732 <== mon.0 v2:192.168.123.104:3300/0 7 ==== mgrmap(e 7) v1 ==== 44973+0+0 (secure 0 0 0) 0x7f736c04d4d0 con 0x7f737c10e510
2026-03-10T06:17:00.292 INFO:teuthology.orchestra.run.vm04.stdout:/usr/bin/ceph: stderr
2026-03-10T06:17:00.250+0000 7f7378ff9700 1 --2- 192.168.123.104:0/1264802732 >> [v2:192.168.123.104:6800/2,v1:192.168.123.104:6801/2] conn(0x7f736403c8c0 0x7f736403ed70 unknown :-1 s=NONE pgs=0 cs=0 l=1 rev1=0 crypto rx=0 tx=0 comp rx=0 tx=0).connect
2026-03-10T06:17:00.292 INFO:teuthology.orchestra.run.vm04.stdout:/usr/bin/ceph: stderr
2026-03-10T06:17:00.250+0000 7f7378ff9700 1 -- 192.168.123.104:0/1264802732 --> [v2:192.168.123.104:6800/2,v1:192.168.123.104:6801/2] -- command(tid 0: {"prefix": "get_command_descriptions"}) v1 -- 0x7f736403f480 con 0x7f736403c8c0
2026-03-10T06:17:00.292 INFO:teuthology.orchestra.run.vm04.stdout:/usr/bin/ceph: stderr
2026-03-10T06:17:00.252+0000 7f737affd700 1 --2- 192.168.123.104:0/1264802732 >> [v2:192.168.123.104:6800/2,v1:192.168.123.104:6801/2] conn(0x7f736403c8c0 0x7f736403ed70 unknown :-1 s=BANNER_CONNECTING pgs=0 cs=0 l=1 rev1=0 crypto rx=0 tx=0 comp rx=0 tx=0)._handle_peer_banner_payload supported=3 required=0
2026-03-10T06:17:00.292 INFO:teuthology.orchestra.run.vm04.stdout:/usr/bin/ceph: stderr
2026-03-10T06:17:00.253+0000 7f737affd700 1 --2- 192.168.123.104:0/1264802732 >> [v2:192.168.123.104:6800/2,v1:192.168.123.104:6801/2] conn(0x7f736403c8c0 0x7f736403ed70 secure :-1 s=READY pgs=1 cs=0 l=1 rev1=1 crypto rx=0x7f7370003a10 tx=0x7f73700092b0 comp rx=0 tx=0).ready entity=mgr.14120 client_cookie=0 server_cookie=0 in_seq=0 out_seq=0
2026-03-10T06:17:00.292 INFO:teuthology.orchestra.run.vm04.stdout:/usr/bin/ceph: stderr
2026-03-10T06:17:00.254+0000 7f7378ff9700 1 -- 192.168.123.104:0/1264802732 <== mgr.14120 v2:192.168.123.104:6800/2 1 ==== command_reply(tid 0: 0 ) v1 ==== 8+0+6910 (secure 0 0 0) 0x7f736403f480 con 0x7f736403c8c0
2026-03-10T06:17:00.292 INFO:teuthology.orchestra.run.vm04.stdout:/usr/bin/ceph: stderr
2026-03-10T06:17:00.258+0000 7f738216a700 1 -- 192.168.123.104:0/1264802732 --> [v2:192.168.123.104:6800/2,v1:192.168.123.104:6801/2] -- command(tid 1: {"prefix": "mgr_status"}) v1 -- 0x7f737c1a1380 con 0x7f736403c8c0
2026-03-10T06:17:00.292 INFO:teuthology.orchestra.run.vm04.stdout:/usr/bin/ceph: stderr
2026-03-10T06:17:00.259+0000 7f7378ff9700 1 -- 192.168.123.104:0/1264802732 <== mgr.14120 v2:192.168.123.104:6800/2 2 ==== command_reply(tid 1: 0 ) v1 ==== 8+0+51 (secure 0 0 0) 0x7f737c1a1380 con 0x7f736403c8c0
2026-03-10T06:17:00.292 INFO:teuthology.orchestra.run.vm04.stdout:/usr/bin/ceph: stderr
2026-03-10T06:17:00.259+0000 7f738216a700 1 -- 192.168.123.104:0/1264802732 >> [v2:192.168.123.104:6800/2,v1:192.168.123.104:6801/2] conn(0x7f736403c8c0 msgr2=0x7f736403ed70 secure :-1 s=STATE_CONNECTION_ESTABLISHED l=1).mark_down
2026-03-10T06:17:00.292 INFO:teuthology.orchestra.run.vm04.stdout:/usr/bin/ceph: stderr
2026-03-10T06:17:00.259+0000 7f738216a700 1 --2- 192.168.123.104:0/1264802732 >> [v2:192.168.123.104:6800/2,v1:192.168.123.104:6801/2] conn(0x7f736403c8c0 0x7f736403ed70 secure :-1 s=READY pgs=1 cs=0 l=1 rev1=1 crypto rx=0x7f7370003a10 tx=0x7f73700092b0 comp rx=0 tx=0).stop
2026-03-10T06:17:00.292 INFO:teuthology.orchestra.run.vm04.stdout:/usr/bin/ceph: stderr
2026-03-10T06:17:00.259+0000 7f738216a700 1 -- 192.168.123.104:0/1264802732 >> [v2:192.168.123.104:3300/0,v1:192.168.123.104:6789/0] conn(0x7f737c10e510 msgr2=0x7f737c1a0000 secure :-1 s=STATE_CONNECTION_ESTABLISHED l=1).mark_down
2026-03-10T06:17:00.292 INFO:teuthology.orchestra.run.vm04.stdout:/usr/bin/ceph: stderr
2026-03-10T06:17:00.259+0000 7f738216a700 1 --2- 192.168.123.104:0/1264802732 >> [v2:192.168.123.104:3300/0,v1:192.168.123.104:6789/0] conn(0x7f737c10e510 0x7f737c1a0000 secure :-1 s=READY pgs=29 cs=0 l=1 rev1=1 crypto rx=0x7f736c003e90 tx=0x7f736c003f70 comp rx=0 tx=0).stop
2026-03-10T06:17:00.292 INFO:teuthology.orchestra.run.vm04.stdout:/usr/bin/ceph: stderr
2026-03-10T06:17:00.259+0000 7f738216a700 1 -- 192.168.123.104:0/1264802732 shutdown_connections
2026-03-10T06:17:00.292 INFO:teuthology.orchestra.run.vm04.stdout:/usr/bin/ceph: stderr
2026-03-10T06:17:00.259+0000 7f738216a700 1 --2- 192.168.123.104:0/1264802732 >> [v2:192.168.123.104:6800/2,v1:192.168.123.104:6801/2] conn(0x7f736403c8c0 0x7f736403ed70 unknown :-1 s=CLOSED pgs=1 cs=0 l=1 rev1=1 crypto rx=0 tx=0 comp rx=0 tx=0).stop
2026-03-10T06:17:00.292 INFO:teuthology.orchestra.run.vm04.stdout:/usr/bin/ceph: stderr
2026-03-10T06:17:00.259+0000 7f738216a700 1 --2- 192.168.123.104:0/1264802732 >> [v2:192.168.123.104:3300/0,v1:192.168.123.104:6789/0] conn(0x7f737c10e510 0x7f737c1a0000 unknown :-1 s=CLOSED pgs=29 cs=0 l=1 rev1=1 crypto rx=0 tx=0 comp rx=0 tx=0).stop
2026-03-10T06:17:00.292 INFO:teuthology.orchestra.run.vm04.stdout:/usr/bin/ceph: stderr
2026-03-10T06:17:00.259+0000 7f738216a700 1 -- 192.168.123.104:0/1264802732 >> 192.168.123.104:0/1264802732 conn(0x7f737c06ed20 msgr2=0x7f737c0705c0 unknown :-1 s=STATE_NONE l=0).mark_down
2026-03-10T06:17:00.292 INFO:teuthology.orchestra.run.vm04.stdout:/usr/bin/ceph: stderr
2026-03-10T06:17:00.260+0000 7f738216a700 1 -- 192.168.123.104:0/1264802732 shutdown_connections
2026-03-10T06:17:00.292 INFO:teuthology.orchestra.run.vm04.stdout:/usr/bin/ceph: stderr
2026-03-10T06:17:00.260+0000 7f738216a700 1 -- 192.168.123.104:0/1264802732 wait complete.
2026-03-10T06:17:00.292 INFO:teuthology.orchestra.run.vm04.stdout:mgr epoch 5 is available
2026-03-10T06:17:00.292 INFO:teuthology.orchestra.run.vm04.stdout:Setting orchestrator backend to cephadm...
2026-03-10T06:17:00.552 INFO:journalctl@ceph.mon.vm04.vm04.stdout:Mar 10 06:17:00 vm04 ceph-mon[51058]: Found migration_current of "None". Setting to last migration.
2026-03-10T06:17:00.552 INFO:journalctl@ceph.mon.vm04.vm04.stdout:Mar 10 06:17:00 vm04 ceph-mon[51058]: from='mgr.14120 192.168.123.104:0/2' entity='mgr.vm04.exdvdb' cmd=[{"prefix": "config dump", "format": "json"}]: dispatch
2026-03-10T06:17:00.552 INFO:journalctl@ceph.mon.vm04.vm04.stdout:Mar 10 06:17:00 vm04 ceph-mon[51058]: from='mgr.14120 192.168.123.104:0/2' entity='mgr.vm04.exdvdb' cmd=[{"prefix":"config rm","who":"mgr","name":"mgr/rbd_support/vm04.exdvdb/trash_purge_schedule"}]: dispatch
2026-03-10T06:17:00.552 INFO:journalctl@ceph.mon.vm04.vm04.stdout:Mar 10 06:17:00 vm04 ceph-mon[51058]: from='mgr.14120 192.168.123.104:0/2' entity='mgr.vm04.exdvdb'
2026-03-10T06:17:00.552 INFO:journalctl@ceph.mon.vm04.vm04.stdout:Mar 10 06:17:00 vm04 ceph-mon[51058]: from='mgr.14120 192.168.123.104:0/2' entity='mgr.vm04.exdvdb'
2026-03-10T06:17:00.552 INFO:journalctl@ceph.mon.vm04.vm04.stdout:Mar 10 06:17:00 vm04 ceph-mon[51058]: from='mgr.14120 192.168.123.104:0/2' entity='mgr.vm04.exdvdb' cmd=[{"prefix": "config dump", "format": "json"}]: dispatch
2026-03-10T06:17:00.552 INFO:journalctl@ceph.mon.vm04.vm04.stdout:Mar 10 06:17:00 vm04 ceph-mon[51058]: mgrmap e7: vm04.exdvdb(active, since 1.00957s)
2026-03-10T06:17:00.598 INFO:teuthology.orchestra.run.vm04.stdout:/usr/bin/ceph: stderr
2026-03-10T06:17:00.421+0000 7efe547da700 1 Processor -- start
2026-03-10T06:17:00.598 INFO:teuthology.orchestra.run.vm04.stdout:/usr/bin/ceph: stderr
2026-03-10T06:17:00.421+0000 7efe547da700 1 -- start start
2026-03-10T06:17:00.598 INFO:teuthology.orchestra.run.vm04.stdout:/usr/bin/ceph: stderr
2026-03-10T06:17:00.421+0000 7efe547da700 1 --2- >> [v2:192.168.123.104:3300/0,v1:192.168.123.104:6789/0] conn(0x7efe4c104c30 0x7efe4c105040 unknown :-1 s=NONE pgs=0 cs=0 l=0 rev1=0 crypto rx=0 tx=0 comp rx=0 tx=0).connect
2026-03-10T06:17:00.598 INFO:teuthology.orchestra.run.vm04.stdout:/usr/bin/ceph: stderr
2026-03-10T06:17:00.421+0000 7efe547da700 1 -- --> [v2:192.168.123.104:3300/0,v1:192.168.123.104:6789/0] -- mon_getmap magic: 0 v1 -- 0x7efe4c105580 con 0x7efe4c104c30
2026-03-10T06:17:00.598 INFO:teuthology.orchestra.run.vm04.stdout:/usr/bin/ceph: stderr
2026-03-10T06:17:00.422+0000 7efe52576700 1 --2- >> [v2:192.168.123.104:3300/0,v1:192.168.123.104:6789/0] conn(0x7efe4c104c30 0x7efe4c105040 unknown :-1 s=BANNER_CONNECTING pgs=0 cs=0 l=0 rev1=0 crypto rx=0 tx=0 comp rx=0 tx=0)._handle_peer_banner_payload supported=3 required=0
2026-03-10T06:17:00.598 INFO:teuthology.orchestra.run.vm04.stdout:/usr/bin/ceph: stderr
2026-03-10T06:17:00.422+0000 7efe52576700 1 --2- >> [v2:192.168.123.104:3300/0,v1:192.168.123.104:6789/0] conn(0x7efe4c104c30 0x7efe4c105040 unknown :-1 s=HELLO_CONNECTING pgs=0 cs=0 l=0 rev1=1 crypto rx=0 tx=0 comp rx=0 tx=0).handle_hello peer v2:192.168.123.104:3300/0 says I am v2:192.168.123.104:46640/0 (socket says 192.168.123.104:46640)
2026-03-10T06:17:00.599 INFO:teuthology.orchestra.run.vm04.stdout:/usr/bin/ceph: stderr
2026-03-10T06:17:00.422+0000 7efe52576700 1 -- 192.168.123.104:0/4154525371 learned_addr learned my addr 192.168.123.104:0/4154525371 (peer_addr_for_me v2:192.168.123.104:0/0)
2026-03-10T06:17:00.599 INFO:teuthology.orchestra.run.vm04.stdout:/usr/bin/ceph: stderr
2026-03-10T06:17:00.423+0000 7efe52576700 1 -- 192.168.123.104:0/4154525371 --> [v2:192.168.123.104:3300/0,v1:192.168.123.104:6789/0] -- mon_subscribe({config=0+,monmap=0+}) v3 -- 0x7efe4c1056c0 con 0x7efe4c104c30
2026-03-10T06:17:00.599 INFO:teuthology.orchestra.run.vm04.stdout:/usr/bin/ceph: stderr
2026-03-10T06:17:00.423+0000 7efe52576700 1 --2- 192.168.123.104:0/4154525371 >> [v2:192.168.123.104:3300/0,v1:192.168.123.104:6789/0] conn(0x7efe4c104c30 0x7efe4c105040 secure :-1 s=READY pgs=37 cs=0 l=1 rev1=1 crypto rx=0x7efe48009a90 tx=0x7efe48009da0 comp rx=0 tx=0).ready entity=mon.0 client_cookie=8bf1949f12e4ae0d server_cookie=0 in_seq=0 out_seq=0
2026-03-10T06:17:00.599 INFO:teuthology.orchestra.run.vm04.stdout:/usr/bin/ceph: stderr
2026-03-10T06:17:00.424+0000 7efe51574700 1 -- 192.168.123.104:0/4154525371 <== mon.0 v2:192.168.123.104:3300/0 1 ==== mon_map magic: 0 v1 ==== 214+0+0 (secure 0 0 0) 0x7efe48004030 con 0x7efe4c104c30
2026-03-10T06:17:00.599 INFO:teuthology.orchestra.run.vm04.stdout:/usr/bin/ceph: stderr
2026-03-10T06:17:00.424+0000 7efe51574700 1 -- 192.168.123.104:0/4154525371 <== mon.0 v2:192.168.123.104:3300/0 2 ==== config(28 keys) v1 ==== 1075+0+0 (secure 0 0 0) 0x7efe4800b7e0 con 0x7efe4c104c30
2026-03-10T06:17:00.599 INFO:teuthology.orchestra.run.vm04.stdout:/usr/bin/ceph: stderr
2026-03-10T06:17:00.424+0000 7efe547da700 1 -- 192.168.123.104:0/4154525371 >> [v2:192.168.123.104:3300/0,v1:192.168.123.104:6789/0] conn(0x7efe4c104c30 msgr2=0x7efe4c105040 secure :-1 s=STATE_CONNECTION_ESTABLISHED l=1).mark_down
2026-03-10T06:17:00.599 INFO:teuthology.orchestra.run.vm04.stdout:/usr/bin/ceph: stderr
2026-03-10T06:17:00.424+0000 7efe547da700 1 --2- 192.168.123.104:0/4154525371 >> [v2:192.168.123.104:3300/0,v1:192.168.123.104:6789/0] conn(0x7efe4c104c30 0x7efe4c105040 secure :-1 s=READY pgs=37 cs=0 l=1 rev1=1 crypto rx=0x7efe48009a90 tx=0x7efe48009da0 comp rx=0 tx=0).stop
2026-03-10T06:17:00.599 INFO:teuthology.orchestra.run.vm04.stdout:/usr/bin/ceph: stderr
2026-03-10T06:17:00.424+0000 7efe547da700 1 -- 192.168.123.104:0/4154525371 shutdown_connections
2026-03-10T06:17:00.599 INFO:teuthology.orchestra.run.vm04.stdout:/usr/bin/ceph: stderr
2026-03-10T06:17:00.424+0000 7efe547da700 1 --2- 192.168.123.104:0/4154525371 >> [v2:192.168.123.104:3300/0,v1:192.168.123.104:6789/0] conn(0x7efe4c104c30 0x7efe4c105040 unknown :-1 s=CLOSED pgs=37 cs=0 l=1 rev1=1 crypto rx=0 tx=0 comp rx=0 tx=0).stop
2026-03-10T06:17:00.599 INFO:teuthology.orchestra.run.vm04.stdout:/usr/bin/ceph: stderr
2026-03-10T06:17:00.424+0000 7efe547da700 1 -- 192.168.123.104:0/4154525371 >> 192.168.123.104:0/4154525371 conn(0x7efe4c1002a0 msgr2=0x7efe4c1026b0 unknown :-1 s=STATE_NONE l=0).mark_down
2026-03-10T06:17:00.599 INFO:teuthology.orchestra.run.vm04.stdout:/usr/bin/ceph: stderr
2026-03-10T06:17:00.425+0000 7efe547da700 1 -- 192.168.123.104:0/4154525371 shutdown_connections
2026-03-10T06:17:00.599 INFO:teuthology.orchestra.run.vm04.stdout:/usr/bin/ceph: stderr
2026-03-10T06:17:00.425+0000 7efe547da700 1 -- 192.168.123.104:0/4154525371 wait complete.
2026-03-10T06:17:00.599 INFO:teuthology.orchestra.run.vm04.stdout:/usr/bin/ceph: stderr
2026-03-10T06:17:00.425+0000 7efe547da700 1 Processor -- start
2026-03-10T06:17:00.599 INFO:teuthology.orchestra.run.vm04.stdout:/usr/bin/ceph: stderr
2026-03-10T06:17:00.425+0000 7efe547da700 1 -- start start
2026-03-10T06:17:00.599 INFO:teuthology.orchestra.run.vm04.stdout:/usr/bin/ceph: stderr
2026-03-10T06:17:00.426+0000 7efe547da700 1 --2- >> [v2:192.168.123.104:3300/0,v1:192.168.123.104:6789/0] conn(0x7efe4c197980 0x7efe4c197d90 unknown :-1 s=NONE pgs=0 cs=0 l=1 rev1=0 crypto rx=0 tx=0 comp rx=0 tx=0).connect
2026-03-10T06:17:00.599 INFO:teuthology.orchestra.run.vm04.stdout:/usr/bin/ceph: stderr
2026-03-10T06:17:00.426+0000 7efe547da700 1 -- --> [v2:192.168.123.104:3300/0,v1:192.168.123.104:6789/0] -- mon_getmap magic: 0 v1 -- 0x7efe4c105580 con 0x7efe4c197980
2026-03-10T06:17:00.599 INFO:teuthology.orchestra.run.vm04.stdout:/usr/bin/ceph: stderr
2026-03-10T06:17:00.426+0000 7efe52576700 1 --2- >> [v2:192.168.123.104:3300/0,v1:192.168.123.104:6789/0] conn(0x7efe4c197980 0x7efe4c197d90 unknown :-1 s=BANNER_CONNECTING pgs=0 cs=0 l=1 rev1=0 crypto rx=0 tx=0 comp rx=0 tx=0)._handle_peer_banner_payload supported=3 required=0
2026-03-10T06:17:00.599 INFO:teuthology.orchestra.run.vm04.stdout:/usr/bin/ceph: stderr
2026-03-10T06:17:00.426+0000 7efe52576700 1 --2- >> [v2:192.168.123.104:3300/0,v1:192.168.123.104:6789/0] conn(0x7efe4c197980 0x7efe4c197d90 unknown :-1 s=HELLO_CONNECTING pgs=0 cs=0 l=1 rev1=1 crypto rx=0 tx=0 comp rx=0 tx=0).handle_hello peer v2:192.168.123.104:3300/0 says I am v2:192.168.123.104:46654/0 (socket says 192.168.123.104:46654)
2026-03-10T06:17:00.599 INFO:teuthology.orchestra.run.vm04.stdout:/usr/bin/ceph: stderr
2026-03-10T06:17:00.426+0000 7efe52576700 1 -- 192.168.123.104:0/2734241813 learned_addr learned my addr 192.168.123.104:0/2734241813 (peer_addr_for_me v2:192.168.123.104:0/0)
2026-03-10T06:17:00.599 INFO:teuthology.orchestra.run.vm04.stdout:/usr/bin/ceph: stderr
2026-03-10T06:17:00.426+0000 7efe52576700 1 -- 192.168.123.104:0/2734241813 --> [v2:192.168.123.104:3300/0,v1:192.168.123.104:6789/0] -- mon_subscribe({config=0+,monmap=0+}) v3 -- 0x7efe48009740 con 0x7efe4c197980
2026-03-10T06:17:00.599 INFO:teuthology.orchestra.run.vm04.stdout:/usr/bin/ceph: stderr
2026-03-10T06:17:00.427+0000 7efe52576700 1 --2- 192.168.123.104:0/2734241813 >> [v2:192.168.123.104:3300/0,v1:192.168.123.104:6789/0] conn(0x7efe4c197980 0x7efe4c197d90 secure :-1 s=READY pgs=38 cs=0 l=1 rev1=1 crypto rx=0x7efe48009130 tx=0x7efe4800be80 comp rx=0 tx=0).ready entity=mon.0 client_cookie=0 server_cookie=0 in_seq=0 out_seq=0
2026-03-10T06:17:00.599 INFO:teuthology.orchestra.run.vm04.stdout:/usr/bin/ceph: stderr
2026-03-10T06:17:00.427+0000 7efe437fe700 1 -- 192.168.123.104:0/2734241813 <== mon.0 v2:192.168.123.104:3300/0 1 ==== mon_map magic: 0 v1 ==== 214+0+0 (secure 0 0 0) 0x7efe4801a670 con 0x7efe4c197980
2026-03-10T06:17:00.599 INFO:teuthology.orchestra.run.vm04.stdout:/usr/bin/ceph: stderr
2026-03-10T06:17:00.427+0000 7efe437fe700 1 -- 192.168.123.104:0/2734241813 <== mon.0 v2:192.168.123.104:3300/0 2 ==== config(28 keys) v1 ==== 1075+0+0 (secure 0 0 0) 0x7efe4801ac70 con 0x7efe4c197980
2026-03-10T06:17:00.599 INFO:teuthology.orchestra.run.vm04.stdout:/usr/bin/ceph: stderr
2026-03-10T06:17:00.427+0000 7efe437fe700 1 -- 192.168.123.104:0/2734241813 <== mon.0 v2:192.168.123.104:3300/0 3 ==== mon_map magic: 0 v1 ==== 214+0+0 (secure 0 0 0) 0x7efe480044b0 con 0x7efe4c197980
2026-03-10T06:17:00.599 INFO:teuthology.orchestra.run.vm04.stdout:/usr/bin/ceph: stderr
2026-03-10T06:17:00.427+0000 7efe547da700 1 -- 192.168.123.104:0/2734241813 --> [v2:192.168.123.104:3300/0,v1:192.168.123.104:6789/0] -- mon_subscribe({mgrmap=0+}) v3 -- 0x7efe4c1982d0 con 0x7efe4c197980
2026-03-10T06:17:00.599 INFO:teuthology.orchestra.run.vm04.stdout:/usr/bin/ceph: stderr
2026-03-10T06:17:00.427+0000 7efe547da700 1 -- 192.168.123.104:0/2734241813 --> [v2:192.168.123.104:3300/0,v1:192.168.123.104:6789/0] -- mon_subscribe({osdmap=0}) v3 -- 0x7efe4c19af60 con 0x7efe4c197980
2026-03-10T06:17:00.599 INFO:teuthology.orchestra.run.vm04.stdout:/usr/bin/ceph: stderr
2026-03-10T06:17:00.428+0000 7efe437fe700 1 -- 192.168.123.104:0/2734241813 <== mon.0 v2:192.168.123.104:3300/0 4 ==== mgrmap(e 7) v1 ==== 44973+0+0 (secure 0 0 0) 0x7efe48011420 con 0x7efe4c197980
2026-03-10T06:17:00.599 INFO:teuthology.orchestra.run.vm04.stdout:/usr/bin/ceph: stderr
2026-03-10T06:17:00.429+0000 7efe437fe700 1 --2- 192.168.123.104:0/2734241813 >> [v2:192.168.123.104:6800/2,v1:192.168.123.104:6801/2] conn(0x7efe38038340 0x7efe3803a7f0 unknown :-1 s=NONE pgs=0 cs=0 l=1 rev1=0 crypto rx=0 tx=0 comp rx=0 tx=0).connect
2026-03-10T06:17:00.599 INFO:teuthology.orchestra.run.vm04.stdout:/usr/bin/ceph: stderr
2026-03-10T06:17:00.429+0000 7efe437fe700 1 -- 192.168.123.104:0/2734241813 <== mon.0 v2:192.168.123.104:3300/0 5 ==== osd_map(2..2 src has 1..2) v4 ==== 940+0+0 (secure 0 0 0) 0x7efe4804c650 con 0x7efe4c197980
2026-03-10T06:17:00.599 INFO:teuthology.orchestra.run.vm04.stdout:/usr/bin/ceph: stderr
2026-03-10T06:17:00.429+0000 7efe51d75700 1 --2- 192.168.123.104:0/2734241813 >> [v2:192.168.123.104:6800/2,v1:192.168.123.104:6801/2] conn(0x7efe38038340 0x7efe3803a7f0 unknown :-1 s=BANNER_CONNECTING pgs=0 cs=0 l=1 rev1=0 crypto rx=0 tx=0 comp rx=0 tx=0)._handle_peer_banner_payload supported=3 required=0
2026-03-10T06:17:00.599 INFO:teuthology.orchestra.run.vm04.stdout:/usr/bin/ceph: stderr
2026-03-10T06:17:00.430+0000 7efe51d75700 1 --2- 192.168.123.104:0/2734241813 >> [v2:192.168.123.104:6800/2,v1:192.168.123.104:6801/2] conn(0x7efe38038340 0x7efe3803a7f0 secure :-1 s=READY pgs=7 cs=0 l=1 rev1=1 crypto rx=0x7efe3c006fd0 tx=0x7efe3c006e40 comp rx=0 tx=0).ready entity=mgr.14120 client_cookie=0 server_cookie=0 in_seq=0 out_seq=0
2026-03-10T06:17:00.599 INFO:teuthology.orchestra.run.vm04.stdout:/usr/bin/ceph: stderr
2026-03-10T06:17:00.430+0000 7efe547da700 1 -- 192.168.123.104:0/2734241813 --> [v2:192.168.123.104:3300/0,v1:192.168.123.104:6789/0] -- mon_command({"prefix": "get_command_descriptions"} v 0) v1 -- 0x7efe4c04f9e0 con 0x7efe4c197980
2026-03-10T06:17:00.599 INFO:teuthology.orchestra.run.vm04.stdout:/usr/bin/ceph: stderr
2026-03-10T06:17:00.433+0000 7efe437fe700 1 -- 192.168.123.104:0/2734241813 <== mon.0 v2:192.168.123.104:3300/0 6 ==== mon_command_ack([{"prefix": "get_command_descriptions"}]=0 v0) v1 ==== 72+0+177933 (secure 0 0 0) 0x7efe48004610 con 0x7efe4c197980
2026-03-10T06:17:00.599 INFO:teuthology.orchestra.run.vm04.stdout:/usr/bin/ceph: stderr
2026-03-10T06:17:00.550+0000 7efe547da700 1 -- 192.168.123.104:0/2734241813 --> [v2:192.168.123.104:6800/2,v1:192.168.123.104:6801/2] -- mgr_command(tid 0: {"prefix": "orch set backend", "module_name": "cephadm", "target": ["mon-mgr", ""]}) v1 -- 0x7efe4c10aee0 con 0x7efe38038340
2026-03-10T06:17:00.599 INFO:teuthology.orchestra.run.vm04.stdout:/usr/bin/ceph: stderr
2026-03-10T06:17:00.559+0000 7efe437fe700 1 -- 192.168.123.104:0/2734241813 <== mgr.14120 v2:192.168.123.104:6800/2 1 ==== mgr_command_reply(tid 0: 0 ) v1 ==== 8+0+0 (secure 0 0 0) 0x7efe4c10aee0 con 0x7efe38038340
2026-03-10T06:17:00.599 INFO:teuthology.orchestra.run.vm04.stdout:/usr/bin/ceph: stderr
2026-03-10T06:17:00.564+0000 7efe547da700 1 -- 192.168.123.104:0/2734241813 >> [v2:192.168.123.104:6800/2,v1:192.168.123.104:6801/2] conn(0x7efe38038340 msgr2=0x7efe3803a7f0 secure :-1 s=STATE_CONNECTION_ESTABLISHED l=1).mark_down
2026-03-10T06:17:00.599 INFO:teuthology.orchestra.run.vm04.stdout:/usr/bin/ceph: stderr
2026-03-10T06:17:00.564+0000 7efe547da700 1 --2- 192.168.123.104:0/2734241813 >> [v2:192.168.123.104:6800/2,v1:192.168.123.104:6801/2] conn(0x7efe38038340 0x7efe3803a7f0 secure :-1 s=READY pgs=7 cs=0 l=1 rev1=1 crypto rx=0x7efe3c006fd0 tx=0x7efe3c006e40 comp rx=0 tx=0).stop
2026-03-10T06:17:00.599 INFO:teuthology.orchestra.run.vm04.stdout:/usr/bin/ceph: stderr
2026-03-10T06:17:00.564+0000 7efe547da700 1 -- 192.168.123.104:0/2734241813 >> [v2:192.168.123.104:3300/0,v1:192.168.123.104:6789/0] conn(0x7efe4c197980 msgr2=0x7efe4c197d90 secure :-1 s=STATE_CONNECTION_ESTABLISHED l=1).mark_down
2026-03-10T06:17:00.599 INFO:teuthology.orchestra.run.vm04.stdout:/usr/bin/ceph: stderr
2026-03-10T06:17:00.564+0000 7efe547da700 1 --2- 192.168.123.104:0/2734241813 >> [v2:192.168.123.104:3300/0,v1:192.168.123.104:6789/0] conn(0x7efe4c197980 0x7efe4c197d90 secure :-1 s=READY pgs=38 cs=0 l=1 rev1=1 crypto rx=0x7efe48009130 tx=0x7efe4800be80 comp rx=0 tx=0).stop
2026-03-10T06:17:00.599 INFO:teuthology.orchestra.run.vm04.stdout:/usr/bin/ceph: stderr
2026-03-10T06:17:00.564+0000 7efe547da700 1 -- 192.168.123.104:0/2734241813 shutdown_connections
2026-03-10T06:17:00.600 INFO:teuthology.orchestra.run.vm04.stdout:/usr/bin/ceph: stderr
2026-03-10T06:17:00.564+0000 7efe547da700 1 --2- 192.168.123.104:0/2734241813 >> [v2:192.168.123.104:6800/2,v1:192.168.123.104:6801/2] conn(0x7efe38038340 0x7efe3803a7f0 unknown :-1 s=CLOSED pgs=7 cs=0 l=1 rev1=1 crypto rx=0 tx=0 comp rx=0 tx=0).stop
2026-03-10T06:17:00.600 INFO:teuthology.orchestra.run.vm04.stdout:/usr/bin/ceph: stderr
2026-03-10T06:17:00.564+0000 7efe547da700 1 --2- 192.168.123.104:0/2734241813 >> [v2:192.168.123.104:3300/0,v1:192.168.123.104:6789/0] conn(0x7efe4c197980 0x7efe4c197d90 unknown :-1 s=CLOSED pgs=38 cs=0 l=1 rev1=1 crypto rx=0 tx=0 comp rx=0 tx=0).stop
2026-03-10T06:17:00.600 INFO:teuthology.orchestra.run.vm04.stdout:/usr/bin/ceph: stderr
2026-03-10T06:17:00.564+0000 7efe547da700 1 -- 192.168.123.104:0/2734241813 >> 192.168.123.104:0/2734241813 conn(0x7efe4c1002a0 msgr2=0x7efe4c1026b0 unknown :-1 s=STATE_NONE l=0).mark_down
2026-03-10T06:17:00.600 INFO:teuthology.orchestra.run.vm04.stdout:/usr/bin/ceph: stderr
2026-03-10T06:17:00.564+0000 7efe547da700 1 -- 192.168.123.104:0/2734241813 shutdown_connections
2026-03-10T06:17:00.600 INFO:teuthology.orchestra.run.vm04.stdout:/usr/bin/ceph: stderr
2026-03-10T06:17:00.564+0000 7efe547da700 1 -- 192.168.123.104:0/2734241813 wait complete.
2026-03-10T06:17:00.907 INFO:teuthology.orchestra.run.vm04.stdout:/usr/bin/ceph: stdout value unchanged
2026-03-10T06:17:00.907 INFO:teuthology.orchestra.run.vm04.stdout:/usr/bin/ceph: stderr
2026-03-10T06:17:00.731+0000 7f424bffb700 1 Processor -- start
2026-03-10T06:17:00.907 INFO:teuthology.orchestra.run.vm04.stdout:/usr/bin/ceph: stderr
2026-03-10T06:17:00.731+0000 7f424bffb700 1 -- start start
2026-03-10T06:17:00.907 INFO:teuthology.orchestra.run.vm04.stdout:/usr/bin/ceph: stderr
2026-03-10T06:17:00.731+0000 7f424bffb700 1 --2- >> [v2:192.168.123.104:3300/0,v1:192.168.123.104:6789/0] conn(0x7f4244107f40 0x7f4244108350 unknown :-1 s=NONE pgs=0 cs=0 l=0 rev1=0 crypto rx=0 tx=0 comp rx=0 tx=0).connect
2026-03-10T06:17:00.907 INFO:teuthology.orchestra.run.vm04.stdout:/usr/bin/ceph: stderr
2026-03-10T06:17:00.731+0000 7f424bffb700 1 -- --> [v2:192.168.123.104:3300/0,v1:192.168.123.104:6789/0] -- mon_getmap magic: 0 v1 -- 0x7f4244108890 con 0x7f4244107f40
2026-03-10T06:17:00.907 INFO:teuthology.orchestra.run.vm04.stdout:/usr/bin/ceph: stderr
2026-03-10T06:17:00.732+0000 7f4249d97700 1 --2- >> [v2:192.168.123.104:3300/0,v1:192.168.123.104:6789/0] conn(0x7f4244107f40 0x7f4244108350 unknown :-1 s=BANNER_CONNECTING pgs=0 cs=0 l=0 rev1=0 crypto rx=0 tx=0 comp rx=0 tx=0)._handle_peer_banner_payload supported=3 required=0
2026-03-10T06:17:00.907 INFO:teuthology.orchestra.run.vm04.stdout:/usr/bin/ceph: stderr
2026-03-10T06:17:00.732+0000 7f4249d97700 1 --2- >> [v2:192.168.123.104:3300/0,v1:192.168.123.104:6789/0] conn(0x7f4244107f40 0x7f4244108350 unknown :-1 s=HELLO_CONNECTING pgs=0 cs=0 l=0 rev1=1 crypto rx=0 tx=0 comp rx=0 tx=0).handle_hello peer v2:192.168.123.104:3300/0 says I am v2:192.168.123.104:46666/0 (socket says 192.168.123.104:46666)
2026-03-10T06:17:00.907 INFO:teuthology.orchestra.run.vm04.stdout:/usr/bin/ceph: stderr
2026-03-10T06:17:00.732+0000 7f4249d97700 1 -- 192.168.123.104:0/1388537937 learned_addr learned my addr 192.168.123.104:0/1388537937 (peer_addr_for_me v2:192.168.123.104:0/0)
2026-03-10T06:17:00.907 INFO:teuthology.orchestra.run.vm04.stdout:/usr/bin/ceph: stderr
2026-03-10T06:17:00.732+0000 7f4249d97700 1 -- 192.168.123.104:0/1388537937 --> [v2:192.168.123.104:3300/0,v1:192.168.123.104:6789/0] -- mon_subscribe({config=0+,monmap=0+}) v3 -- 0x7f42441089d0 con 0x7f4244107f40
2026-03-10T06:17:00.907 INFO:teuthology.orchestra.run.vm04.stdout:/usr/bin/ceph: stderr
2026-03-10T06:17:00.732+0000 7f4249d97700 1 --2- 192.168.123.104:0/1388537937 >> [v2:192.168.123.104:3300/0,v1:192.168.123.104:6789/0] conn(0x7f4244107f40 0x7f4244108350 secure :-1 s=READY pgs=39 cs=0 l=1 rev1=1 crypto rx=0x7f4234009cf0 tx=0x7f423400b0e0 comp rx=0 tx=0).ready entity=mon.0 client_cookie=b6f8e763425d9623 server_cookie=0 in_seq=0 out_seq=0
2026-03-10T06:17:00.907 INFO:teuthology.orchestra.run.vm04.stdout:/usr/bin/ceph: stderr
2026-03-10T06:17:00.732+0000 7f4248d95700 1 -- 192.168.123.104:0/1388537937 <== mon.0 v2:192.168.123.104:3300/0 1 ==== mon_map magic: 0 v1 ==== 214+0+0 (secure 0 0 0) 0x7f4234004030 con 0x7f4244107f40
2026-03-10T06:17:00.907 INFO:teuthology.orchestra.run.vm04.stdout:/usr/bin/ceph: stderr
2026-03-10T06:17:00.732+0000 7f4248d95700 1 -- 192.168.123.104:0/1388537937 <== mon.0 v2:192.168.123.104:3300/0 2 ==== config(28 keys) v1 ==== 1075+0+0 (secure 0 0 0) 0x7f423400b810 con 0x7f4244107f40
2026-03-10T06:17:00.907 INFO:teuthology.orchestra.run.vm04.stdout:/usr/bin/ceph: stderr
2026-03-10T06:17:00.733+0000 7f424bffb700 1 -- 192.168.123.104:0/1388537937 >> [v2:192.168.123.104:3300/0,v1:192.168.123.104:6789/0] conn(0x7f4244107f40 msgr2=0x7f4244108350 secure :-1 s=STATE_CONNECTION_ESTABLISHED l=1).mark_down
2026-03-10T06:17:00.907 INFO:teuthology.orchestra.run.vm04.stdout:/usr/bin/ceph: stderr
2026-03-10T06:17:00.733+0000 7f424bffb700 1 --2- 192.168.123.104:0/1388537937 >> [v2:192.168.123.104:3300/0,v1:192.168.123.104:6789/0] conn(0x7f4244107f40 0x7f4244108350 secure :-1 s=READY pgs=39 cs=0 l=1 rev1=1 crypto rx=0x7f4234009cf0 tx=0x7f423400b0e0 comp rx=0 tx=0).stop
2026-03-10T06:17:00.907 INFO:teuthology.orchestra.run.vm04.stdout:/usr/bin/ceph: stderr
2026-03-10T06:17:00.733+0000 7f424bffb700 1 -- 192.168.123.104:0/1388537937 shutdown_connections
2026-03-10T06:17:00.907 INFO:teuthology.orchestra.run.vm04.stdout:/usr/bin/ceph: stderr
2026-03-10T06:17:00.733+0000 7f424bffb700 1 --2- 192.168.123.104:0/1388537937 >> [v2:192.168.123.104:3300/0,v1:192.168.123.104:6789/0] conn(0x7f4244107f40 0x7f4244108350 unknown :-1 s=CLOSED pgs=39 cs=0 l=1 rev1=1 crypto rx=0 tx=0 comp rx=0 tx=0).stop
2026-03-10T06:17:00.907 INFO:teuthology.orchestra.run.vm04.stdout:/usr/bin/ceph: stderr
2026-03-10T06:17:00.733+0000 7f424bffb700 1 -- 192.168.123.104:0/1388537937 >> 192.168.123.104:0/1388537937 conn(0x7f4244103770 msgr2=0x7f4244105b50 unknown :-1 s=STATE_NONE l=0).mark_down
2026-03-10T06:17:00.907 INFO:teuthology.orchestra.run.vm04.stdout:/usr/bin/ceph: stderr
2026-03-10T06:17:00.733+0000 7f424bffb700 1 -- 192.168.123.104:0/1388537937 shutdown_connections
2026-03-10T06:17:00.907 INFO:teuthology.orchestra.run.vm04.stdout:/usr/bin/ceph: stderr
2026-03-10T06:17:00.733+0000 7f424bffb700 1 -- 192.168.123.104:0/1388537937 wait complete.
2026-03-10T06:17:00.907 INFO:teuthology.orchestra.run.vm04.stdout:/usr/bin/ceph: stderr
2026-03-10T06:17:00.733+0000 7f424bffb700 1 Processor -- start
2026-03-10T06:17:00.907 INFO:teuthology.orchestra.run.vm04.stdout:/usr/bin/ceph: stderr
2026-03-10T06:17:00.733+0000 7f424bffb700 1 -- start start
2026-03-10T06:17:00.907 INFO:teuthology.orchestra.run.vm04.stdout:/usr/bin/ceph: stderr
2026-03-10T06:17:00.734+0000 7f424bffb700 1 --2- >> [v2:192.168.123.104:3300/0,v1:192.168.123.104:6789/0] conn(0x7f4244107f40 0x7f424419c000 unknown :-1 s=NONE pgs=0 cs=0 l=1 rev1=0 crypto rx=0 tx=0 comp rx=0 tx=0).connect
2026-03-10T06:17:00.907 INFO:teuthology.orchestra.run.vm04.stdout:/usr/bin/ceph: stderr
2026-03-10T06:17:00.734+0000 7f424bffb700 1 -- --> [v2:192.168.123.104:3300/0,v1:192.168.123.104:6789/0] -- mon_getmap magic: 0 v1 -- 0x7f4244108890 con 0x7f4244107f40
2026-03-10T06:17:00.907 INFO:teuthology.orchestra.run.vm04.stdout:/usr/bin/ceph: stderr
2026-03-10T06:17:00.734+0000 7f4249d97700 1 --2- >> [v2:192.168.123.104:3300/0,v1:192.168.123.104:6789/0] conn(0x7f4244107f40 0x7f424419c000 unknown :-1 s=BANNER_CONNECTING pgs=0 cs=0 l=1 rev1=0 crypto rx=0 tx=0 comp rx=0 tx=0)._handle_peer_banner_payload supported=3 required=0
2026-03-10T06:17:00.907 INFO:teuthology.orchestra.run.vm04.stdout:/usr/bin/ceph: stderr
2026-03-10T06:17:00.734+0000 7f4249d97700 1 --2- >> [v2:192.168.123.104:3300/0,v1:192.168.123.104:6789/0] conn(0x7f4244107f40 0x7f424419c000 unknown :-1 s=HELLO_CONNECTING pgs=0 cs=0 l=1 rev1=1 crypto rx=0 tx=0 comp rx=0 tx=0).handle_hello peer v2:192.168.123.104:3300/0 says I am v2:192.168.123.104:46674/0 (socket says 192.168.123.104:46674)
2026-03-10T06:17:00.907 INFO:teuthology.orchestra.run.vm04.stdout:/usr/bin/ceph: stderr
2026-03-10T06:17:00.734+0000 7f4249d97700 1 -- 192.168.123.104:0/1574706423 learned_addr learned my addr 192.168.123.104:0/1574706423 (peer_addr_for_me v2:192.168.123.104:0/0)
2026-03-10T06:17:00.907 INFO:teuthology.orchestra.run.vm04.stdout:/usr/bin/ceph: stderr
2026-03-10T06:17:00.734+0000 7f4249d97700 1 -- 192.168.123.104:0/1574706423 --> [v2:192.168.123.104:3300/0,v1:192.168.123.104:6789/0] -- mon_subscribe({config=0+,monmap=0+}) v3 -- 0x7f4234009740 con 0x7f4244107f40
2026-03-10T06:17:00.907 INFO:teuthology.orchestra.run.vm04.stdout:/usr/bin/ceph: stderr
2026-03-10T06:17:00.734+0000 7f4249d97700 1 --2- 192.168.123.104:0/1574706423 >> [v2:192.168.123.104:3300/0,v1:192.168.123.104:6789/0] conn(0x7f4244107f40 0x7f424419c000 secure :-1 s=READY pgs=40 cs=0 l=1 rev1=1 crypto rx=0x7f4234003f30 tx=0x7f4234004010 comp rx=0 tx=0).ready entity=mon.0 client_cookie=0 server_cookie=0 in_seq=0 out_seq=0
2026-03-10T06:17:00.907 INFO:teuthology.orchestra.run.vm04.stdout:/usr/bin/ceph: stderr
2026-03-10T06:17:00.734+0000 7f423affd700 1 -- 192.168.123.104:0/1574706423 <== mon.0 v2:192.168.123.104:3300/0 1 ==== mon_map magic: 0 v1 ==== 214+0+0 (secure 0 0 0) 0x7f423400bed0 con 0x7f4244107f40
2026-03-10T06:17:00.907 INFO:teuthology.orchestra.run.vm04.stdout:/usr/bin/ceph: stderr
2026-03-10T06:17:00.734+0000 7f423affd700 1 -- 192.168.123.104:0/1574706423 <== mon.0 v2:192.168.123.104:3300/0 2 ==== config(28 keys) v1 ==== 1075+0+0 (secure 0 0 0) 0x7f4234003710 con 0x7f4244107f40
2026-03-10T06:17:00.907 INFO:teuthology.orchestra.run.vm04.stdout:/usr/bin/ceph: stderr
2026-03-10T06:17:00.734+0000 7f423affd700 1 -- 192.168.123.104:0/1574706423 <== mon.0 v2:192.168.123.104:3300/0 3 ==== mon_map magic: 0 v1 ==== 214+0+0 (secure 0 0 0) 0x7f423401ae20 con 0x7f4244107f40
2026-03-10T06:17:00.907 INFO:teuthology.orchestra.run.vm04.stdout:/usr/bin/ceph: stderr
2026-03-10T06:17:00.734+0000 7f424bffb700 1 -- 192.168.123.104:0/1574706423 --> [v2:192.168.123.104:3300/0,v1:192.168.123.104:6789/0] -- mon_subscribe({mgrmap=0+}) v3 -- 0x7f424419c540 con 0x7f4244107f40
2026-03-10T06:17:00.907 INFO:teuthology.orchestra.run.vm04.stdout:/usr/bin/ceph: stderr
2026-03-10T06:17:00.734+0000 7f424bffb700 1 -- 192.168.123.104:0/1574706423 --> [v2:192.168.123.104:3300/0,v1:192.168.123.104:6789/0] -- mon_subscribe({osdmap=0}) v3 -- 0x7f424419c9e0 con 0x7f4244107f40
2026-03-10T06:17:00.907 INFO:teuthology.orchestra.run.vm04.stdout:/usr/bin/ceph: stderr
2026-03-10T06:17:00.735+0000 7f424bffb700 1 -- 192.168.123.104:0/1574706423 --> [v2:192.168.123.104:3300/0,v1:192.168.123.104:6789/0] -- mon_command({"prefix": "get_command_descriptions"} v 0) v1 -- 0x7f4244195ea0 con 0x7f4244107f40
2026-03-10T06:17:00.907 INFO:teuthology.orchestra.run.vm04.stdout:/usr/bin/ceph: stderr
2026-03-10T06:17:00.735+0000 7f423affd700 1 -- 192.168.123.104:0/1574706423 <== mon.0 v2:192.168.123.104:3300/0 4 ==== mgrmap(e 7) v1 ==== 44973+0+0 (secure 0 0 0) 0x7f4234004260 con 0x7f4244107f40
2026-03-10T06:17:00.907 INFO:teuthology.orchestra.run.vm04.stdout:/usr/bin/ceph: stderr
2026-03-10T06:17:00.736+0000 7f423affd700 1 --2- 192.168.123.104:0/1574706423 >> [v2:192.168.123.104:6800/2,v1:192.168.123.104:6801/2] conn(0x7f42300382d0 0x7f423003a780 unknown :-1 s=NONE pgs=0 cs=0 l=1 rev1=0 crypto rx=0 tx=0 comp rx=0 tx=0).connect
2026-03-10T06:17:00.907 INFO:teuthology.orchestra.run.vm04.stdout:/usr/bin/ceph: stderr
2026-03-10T06:17:00.736+0000 7f423affd700 1 -- 192.168.123.104:0/1574706423 <== mon.0 v2:192.168.123.104:3300/0 5 ==== osd_map(2..2 src has 1..2) v4 ==== 940+0+0 (secure 0 0 0) 0x7f423404b990 con 0x7f4244107f40
2026-03-10T06:17:00.907 INFO:teuthology.orchestra.run.vm04.stdout:/usr/bin/ceph: stderr
2026-03-10T06:17:00.738+0000 7f423affd700 1 -- 192.168.123.104:0/1574706423 <== mon.0 v2:192.168.123.104:3300/0 6 ==== mon_command_ack([{"prefix": "get_command_descriptions"}]=0 v0) v1 ==== 72+0+177933 (secure 0 0 0) 0x7f4234018b40 con 0x7f4244107f40
2026-03-10T06:17:00.907 INFO:teuthology.orchestra.run.vm04.stdout:/usr/bin/ceph: stderr
2026-03-10T06:17:00.738+0000 7f4249596700 1 --2- 192.168.123.104:0/1574706423 >> [v2:192.168.123.104:6800/2,v1:192.168.123.104:6801/2] conn(0x7f42300382d0 0x7f423003a780 unknown :-1 s=BANNER_CONNECTING pgs=0 cs=0 l=1 rev1=0 crypto rx=0 tx=0 comp rx=0 tx=0)._handle_peer_banner_payload supported=3 required=0
2026-03-10T06:17:00.907 INFO:teuthology.orchestra.run.vm04.stdout:/usr/bin/ceph: stderr
2026-03-10T06:17:00.739+0000 7f4249596700 1 --2- 192.168.123.104:0/1574706423 >> [v2:192.168.123.104:6800/2,v1:192.168.123.104:6801/2] conn(0x7f42300382d0 0x7f423003a780 secure :-1 s=READY pgs=8 cs=0 l=1 rev1=1 crypto rx=0x7f4240006fd0 tx=0x7f4240006e40 comp rx=0 tx=0).ready entity=mgr.14120 client_cookie=0 server_cookie=0 in_seq=0 out_seq=0
2026-03-10T06:17:00.908 INFO:teuthology.orchestra.run.vm04.stdout:/usr/bin/ceph: stderr
2026-03-10T06:17:00.844+0000 7f424bffb700 1 -- 192.168.123.104:0/1574706423 --> [v2:192.168.123.104:6800/2,v1:192.168.123.104:6801/2] -- mgr_command(tid 0: {"prefix": "cephadm set-user", "user": "root", "target": ["mon-mgr", ""]}) v1 -- 0x7f42440008d0 con 0x7f42300382d0
2026-03-10T06:17:00.908 INFO:teuthology.orchestra.run.vm04.stdout:/usr/bin/ceph: stderr
2026-03-10T06:17:00.845+0000 7f423affd700 1 -- 192.168.123.104:0/1574706423 <== mgr.14120 v2:192.168.123.104:6800/2 1 ==== mgr_command_reply(tid 0: 0 ) v1 ==== 8+0+16 (secure 0 0 0) 0x7f42440008d0 con 0x7f42300382d0
2026-03-10T06:17:00.908 INFO:teuthology.orchestra.run.vm04.stdout:/usr/bin/ceph: stderr
2026-03-10T06:17:00.848+0000 7f424bffb700 1 -- 192.168.123.104:0/1574706423 >> [v2:192.168.123.104:6800/2,v1:192.168.123.104:6801/2] conn(0x7f42300382d0 msgr2=0x7f423003a780 secure :-1 s=STATE_CONNECTION_ESTABLISHED l=1).mark_down
2026-03-10T06:17:00.908 INFO:teuthology.orchestra.run.vm04.stdout:/usr/bin/ceph: stderr
2026-03-10T06:17:00.848+0000 7f424bffb700 1 --2- 192.168.123.104:0/1574706423 >> [v2:192.168.123.104:6800/2,v1:192.168.123.104:6801/2] conn(0x7f42300382d0 0x7f423003a780 secure :-1 s=READY pgs=8 cs=0 l=1 rev1=1 crypto rx=0x7f4240006fd0 tx=0x7f4240006e40 comp rx=0 tx=0).stop
2026-03-10T06:17:00.908 INFO:teuthology.orchestra.run.vm04.stdout:/usr/bin/ceph: stderr
2026-03-10T06:17:00.849+0000 7f424bffb700 1 -- 192.168.123.104:0/1574706423 >> [v2:192.168.123.104:3300/0,v1:192.168.123.104:6789/0] conn(0x7f4244107f40 msgr2=0x7f424419c000 secure :-1 s=STATE_CONNECTION_ESTABLISHED l=1).mark_down
2026-03-10T06:17:00.908 INFO:teuthology.orchestra.run.vm04.stdout:/usr/bin/ceph: stderr
2026-03-10T06:17:00.849+0000 7f424bffb700 1 --2- 192.168.123.104:0/1574706423 >> [v2:192.168.123.104:3300/0,v1:192.168.123.104:6789/0] conn(0x7f4244107f40 0x7f424419c000 secure :-1 s=READY pgs=40 cs=0 l=1 rev1=1 crypto rx=0x7f4234003f30 tx=0x7f4234004010 comp rx=0 tx=0).stop
2026-03-10T06:17:00.908 INFO:teuthology.orchestra.run.vm04.stdout:/usr/bin/ceph: stderr
2026-03-10T06:17:00.849+0000 7f424bffb700 1 -- 192.168.123.104:0/1574706423 shutdown_connections
2026-03-10T06:17:00.908 INFO:teuthology.orchestra.run.vm04.stdout:/usr/bin/ceph: stderr
