2026-03-10T06:17:07.344 INFO:teuthology.orchestra.run.vm04.stdout:/usr/bin/ceph: stderr
2026-03-10T06:17:07.170+0000 7f222d59a700 1 -- 192.168.123.104:0/1590389903 <== mon.0 v2:192.168.123.104:3300/0 1 ==== mon_map magic: 0 v1 ==== 214+0+0 (secure 0 0 0) 0x7f2220004030 con 0x7f2230107f40
2026-03-10T06:17:07.344 INFO:teuthology.orchestra.run.vm04.stdout:/usr/bin/ceph: stderr
2026-03-10T06:17:07.170+0000 7f222d59a700 1 -- 192.168.123.104:0/1590389903 <== mon.0 v2:192.168.123.104:3300/0 2 ==== config(28 keys) v1 ==== 1139+0+0 (secure 0 0 0) 0x7f222000b810 con 0x7f2230107f40
2026-03-10T06:17:07.344 INFO:teuthology.orchestra.run.vm04.stdout:/usr/bin/ceph: stderr
2026-03-10T06:17:07.171+0000 7f222d59a700 1 -- 192.168.123.104:0/1590389903 <== mon.0 v2:192.168.123.104:3300/0 3 ==== mon_map magic: 0 v1 ==== 214+0+0 (secure 0 0 0) 0x7f2220003b10 con 0x7f2230107f40
2026-03-10T06:17:07.344 INFO:teuthology.orchestra.run.vm04.stdout:/usr/bin/ceph: stderr
2026-03-10T06:17:07.171+0000 7f2234fe4700 1 -- 192.168.123.104:0/1590389903 >> [v2:192.168.123.104:3300/0,v1:192.168.123.104:6789/0] conn(0x7f2230107f40 msgr2=0x7f2230108350 secure :-1 s=STATE_CONNECTION_ESTABLISHED l=1).mark_down
2026-03-10T06:17:07.344 INFO:teuthology.orchestra.run.vm04.stdout:/usr/bin/ceph: stderr
2026-03-10T06:17:07.171+0000 7f2234fe4700 1 --2- 192.168.123.104:0/1590389903 >> [v2:192.168.123.104:3300/0,v1:192.168.123.104:6789/0] conn(0x7f2230107f40 0x7f2230108350 secure :-1 s=READY pgs=65 cs=0 l=1 rev1=1 crypto rx=0x7f2220009cf0 tx=0x7f222000b0e0 comp rx=0 tx=0).stop
2026-03-10T06:17:07.344 INFO:teuthology.orchestra.run.vm04.stdout:/usr/bin/ceph: stderr
2026-03-10T06:17:07.171+0000 7f2234fe4700 1 -- 192.168.123.104:0/1590389903 shutdown_connections
2026-03-10T06:17:07.344 INFO:teuthology.orchestra.run.vm04.stdout:/usr/bin/ceph: stderr
2026-03-10T06:17:07.171+0000 7f2234fe4700 1 --2- 192.168.123.104:0/1590389903 >> [v2:192.168.123.104:3300/0,v1:192.168.123.104:6789/0] conn(0x7f2230107f40 0x7f2230108350 unknown :-1 s=CLOSED pgs=65 cs=0 l=1 rev1=1 crypto rx=0 tx=0 comp rx=0 tx=0).stop
2026-03-10T06:17:07.344 INFO:teuthology.orchestra.run.vm04.stdout:/usr/bin/ceph: stderr
2026-03-10T06:17:07.171+0000 7f2234fe4700 1 -- 192.168.123.104:0/1590389903 >> 192.168.123.104:0/1590389903 conn(0x7f223007b4b0 msgr2=0x7f223007b8d0 unknown :-1 s=STATE_NONE l=0).mark_down
2026-03-10T06:17:07.344 INFO:teuthology.orchestra.run.vm04.stdout:/usr/bin/ceph: stderr
2026-03-10T06:17:07.171+0000 7f2234fe4700 1 -- 192.168.123.104:0/1590389903 shutdown_connections
2026-03-10T06:17:07.344 INFO:teuthology.orchestra.run.vm04.stdout:/usr/bin/ceph: stderr
2026-03-10T06:17:07.172+0000 7f2234fe4700 1 -- 192.168.123.104:0/1590389903 wait complete.
2026-03-10T06:17:07.344 INFO:teuthology.orchestra.run.vm04.stdout:/usr/bin/ceph: stderr
2026-03-10T06:17:07.172+0000 7f2234fe4700 1 Processor -- start
2026-03-10T06:17:07.344 INFO:teuthology.orchestra.run.vm04.stdout:/usr/bin/ceph: stderr
2026-03-10T06:17:07.172+0000 7f2234fe4700 1 -- start start
2026-03-10T06:17:07.344 INFO:teuthology.orchestra.run.vm04.stdout:/usr/bin/ceph: stderr
2026-03-10T06:17:07.172+0000 7f2234fe4700 1 --2- >> [v2:192.168.123.104:3300/0,v1:192.168.123.104:6789/0] conn(0x7f2230107f40 0x7f223019bb40 unknown :-1 s=NONE pgs=0 cs=0 l=1 rev1=0 crypto rx=0 tx=0 comp rx=0 tx=0).connect
2026-03-10T06:17:07.344 INFO:teuthology.orchestra.run.vm04.stdout:/usr/bin/ceph: stderr
2026-03-10T06:17:07.172+0000 7f2234fe4700 1 -- --> [v2:192.168.123.104:3300/0,v1:192.168.123.104:6789/0] -- mon_getmap magic: 0 v1 -- 0x7f223019c080 con 0x7f2230107f40
2026-03-10T06:17:07.344 INFO:teuthology.orchestra.run.vm04.stdout:/usr/bin/ceph: stderr
2026-03-10T06:17:07.172+0000 7f222e59c700 1 --2- >> [v2:192.168.123.104:3300/0,v1:192.168.123.104:6789/0] conn(0x7f2230107f40 0x7f223019bb40 unknown :-1 s=BANNER_CONNECTING pgs=0 cs=0 l=1 rev1=0 crypto rx=0 tx=0 comp rx=0 tx=0)._handle_peer_banner_payload supported=3 required=0
2026-03-10T06:17:07.344 INFO:teuthology.orchestra.run.vm04.stdout:/usr/bin/ceph: stderr
2026-03-10T06:17:07.173+0000 7f222e59c700 1 --2- >> [v2:192.168.123.104:3300/0,v1:192.168.123.104:6789/0] conn(0x7f2230107f40 0x7f223019bb40 unknown :-1 s=HELLO_CONNECTING pgs=0 cs=0 l=1 rev1=1 crypto rx=0 tx=0 comp rx=0 tx=0).handle_hello peer v2:192.168.123.104:3300/0 says I am v2:192.168.123.104:60798/0 (socket says 192.168.123.104:60798)
2026-03-10T06:17:07.344 INFO:teuthology.orchestra.run.vm04.stdout:/usr/bin/ceph: stderr
2026-03-10T06:17:07.173+0000 7f222e59c700 1 -- 192.168.123.104:0/3303711853 learned_addr learned my addr 192.168.123.104:0/3303711853 (peer_addr_for_me v2:192.168.123.104:0/0)
2026-03-10T06:17:07.344 INFO:teuthology.orchestra.run.vm04.stdout:/usr/bin/ceph: stderr
2026-03-10T06:17:07.173+0000 7f222e59c700 1 -- 192.168.123.104:0/3303711853 --> [v2:192.168.123.104:3300/0,v1:192.168.123.104:6789/0] -- mon_subscribe({config=0+,monmap=0+}) v3 -- 0x7f2220009740 con 0x7f2230107f40
2026-03-10T06:17:07.344 INFO:teuthology.orchestra.run.vm04.stdout:/usr/bin/ceph: stderr
2026-03-10T06:17:07.173+0000 7f222e59c700 1 --2- 192.168.123.104:0/3303711853 >> [v2:192.168.123.104:3300/0,v1:192.168.123.104:6789/0] conn(0x7f2230107f40 0x7f223019bb40 secure :-1 s=READY pgs=66 cs=0 l=1 rev1=1 crypto rx=0x7f22200037e0 tx=0x7f2220011770 comp rx=0 tx=0).ready entity=mon.0 client_cookie=0 server_cookie=0 in_seq=0 out_seq=0
2026-03-10T06:17:07.344 INFO:teuthology.orchestra.run.vm04.stdout:/usr/bin/ceph: stderr
2026-03-10T06:17:07.173+0000 7f221f7fe700 1 -- 192.168.123.104:0/3303711853 <== mon.0 v2:192.168.123.104:3300/0 1 ==== mon_map magic: 0 v1 ==== 214+0+0 (secure 0 0 0) 0x7f2220011a10 con 0x7f2230107f40
2026-03-10T06:17:07.344 INFO:teuthology.orchestra.run.vm04.stdout:/usr/bin/ceph: stderr
2026-03-10T06:17:07.173+0000 7f221f7fe700 1 -- 192.168.123.104:0/3303711853 <== mon.0 v2:192.168.123.104:3300/0 2 ==== config(28 keys) v1 ==== 1139+0+0 (secure 0 0 0) 0x7f2220011b70 con 0x7f2230107f40
2026-03-10T06:17:07.344 INFO:teuthology.orchestra.run.vm04.stdout:/usr/bin/ceph: stderr
2026-03-10T06:17:07.173+0000 7f221f7fe700 1 -- 192.168.123.104:0/3303711853 <== mon.0 v2:192.168.123.104:3300/0 3 ==== mon_map magic: 0 v1 ==== 214+0+0 (secure 0 0 0) 0x7f222001a520 con 0x7f2230107f40
2026-03-10T06:17:07.344 INFO:teuthology.orchestra.run.vm04.stdout:/usr/bin/ceph: stderr
2026-03-10T06:17:07.173+0000 7f2234fe4700 1 -- 192.168.123.104:0/3303711853 --> [v2:192.168.123.104:3300/0,v1:192.168.123.104:6789/0] -- mon_subscribe({mgrmap=0+}) v3 -- 0x7f223019c280 con 0x7f2230107f40
2026-03-10T06:17:07.344 INFO:teuthology.orchestra.run.vm04.stdout:/usr/bin/ceph: stderr
2026-03-10T06:17:07.173+0000 7f2234fe4700 1 -- 192.168.123.104:0/3303711853 --> [v2:192.168.123.104:3300/0,v1:192.168.123.104:6789/0] -- mon_subscribe({osdmap=0}) v3 -- 0x7f223019c660 con 0x7f2230107f40
2026-03-10T06:17:07.344 INFO:teuthology.orchestra.run.vm04.stdout:/usr/bin/ceph: stderr
2026-03-10T06:17:07.174+0000 7f2234fe4700 1 -- 192.168.123.104:0/3303711853 --> [v2:192.168.123.104:3300/0,v1:192.168.123.104:6789/0] -- mon_command({"prefix": "get_command_descriptions"} v 0) v1 -- 0x7f223004f9e0 con 0x7f2230107f40
2026-03-10T06:17:07.344 INFO:teuthology.orchestra.run.vm04.stdout:/usr/bin/ceph: stderr
2026-03-10T06:17:07.177+0000 7f221f7fe700 1 -- 192.168.123.104:0/3303711853 <== mon.0 v2:192.168.123.104:3300/0 4 ==== mgrmap(e 8) v1 ==== 45079+0+0 (secure 0 0 0) 0x7f2220011ce0 con 0x7f2230107f40
2026-03-10T06:17:07.344 INFO:teuthology.orchestra.run.vm04.stdout:/usr/bin/ceph: stderr
2026-03-10T06:17:07.178+0000 7f221f7fe700 1 --2- 192.168.123.104:0/3303711853 >> [v2:192.168.123.104:6800/2,v1:192.168.123.104:6801/2] conn(0x7f2218038580 0x7f221803aa30 unknown :-1 s=NONE pgs=0 cs=0 l=1 rev1=0 crypto rx=0 tx=0 comp rx=0 tx=0).connect
2026-03-10T06:17:07.344 INFO:teuthology.orchestra.run.vm04.stdout:/usr/bin/ceph: stderr
2026-03-10T06:17:07.178+0000 7f221f7fe700 1 -- 192.168.123.104:0/3303711853 <== mon.0 v2:192.168.123.104:3300/0 5 ==== osd_map(2..2 src has 1..2) v4 ==== 940+0+0 (secure 0 0 0) 0x7f2220028030 con 0x7f2230107f40
2026-03-10T06:17:07.344 INFO:teuthology.orchestra.run.vm04.stdout:/usr/bin/ceph: stderr
2026-03-10T06:17:07.178+0000 7f222dd9b700 1 --2- 192.168.123.104:0/3303711853 >> [v2:192.168.123.104:6800/2,v1:192.168.123.104:6801/2] conn(0x7f2218038580 0x7f221803aa30 unknown :-1 s=BANNER_CONNECTING pgs=0 cs=0 l=1 rev1=0 crypto rx=0 tx=0 comp rx=0 tx=0)._handle_peer_banner_payload supported=3 required=0
2026-03-10T06:17:07.344 INFO:teuthology.orchestra.run.vm04.stdout:/usr/bin/ceph: stderr
2026-03-10T06:17:07.178+0000 7f221f7fe700 1 -- 192.168.123.104:0/3303711853 <== mon.0 v2:192.168.123.104:3300/0 6 ==== mon_command_ack([{"prefix": "get_command_descriptions"}]=0 v0) v1 ==== 72+0+177933 (secure 0 0 0) 0x7f222004c850 con 0x7f2230107f40
2026-03-10T06:17:07.344 INFO:teuthology.orchestra.run.vm04.stdout:/usr/bin/ceph: stderr
2026-03-10T06:17:07.178+0000 7f222dd9b700 1 --2- 192.168.123.104:0/3303711853 >> [v2:192.168.123.104:6800/2,v1:192.168.123.104:6801/2] conn(0x7f2218038580 0x7f221803aa30 secure :-1 s=READY pgs=21 cs=0 l=1 rev1=1 crypto rx=0x7f2224006fd0 tx=0x7f2224006e40 comp rx=0 tx=0).ready entity=mgr.14120 client_cookie=0 server_cookie=0 in_seq=0 out_seq=0
2026-03-10T06:17:07.344 INFO:teuthology.orchestra.run.vm04.stdout:/usr/bin/ceph: stderr
2026-03-10T06:17:07.282+0000 7f2234fe4700 1 -- 192.168.123.104:0/3303711853 --> [v2:192.168.123.104:3300/0,v1:192.168.123.104:6789/0] -- mon_command([{prefix=config set, name=mgr/dashboard/ssl_server_port}] v 0) v1 -- 0x7f223010c410 con 0x7f2230107f40
2026-03-10T06:17:07.344 INFO:teuthology.orchestra.run.vm04.stdout:/usr/bin/ceph: stderr
2026-03-10T06:17:07.288+0000 7f221f7fe700 1 -- 192.168.123.104:0/3303711853 <== mon.0 v2:192.168.123.104:3300/0 7 ==== mon_command_ack([{prefix=config set, name=mgr/dashboard/ssl_server_port}]=0 v8)=0 v8) v1 ==== 130+0+0 (secure 0 0 0) 0x7f222001a680 con 0x7f2230107f40
2026-03-10T06:17:07.344 INFO:teuthology.orchestra.run.vm04.stdout:/usr/bin/ceph: stderr
2026-03-10T06:17:07.293+0000 7f2234fe4700 1 -- 192.168.123.104:0/3303711853 >> [v2:192.168.123.104:6800/2,v1:192.168.123.104:6801/2] conn(0x7f2218038580 msgr2=0x7f221803aa30 secure :-1 s=STATE_CONNECTION_ESTABLISHED l=1).mark_down
2026-03-10T06:17:07.344 INFO:teuthology.orchestra.run.vm04.stdout:/usr/bin/ceph: stderr
2026-03-10T06:17:07.293+0000 7f2234fe4700 1 --2- 192.168.123.104:0/3303711853 >> [v2:192.168.123.104:6800/2,v1:192.168.123.104:6801/2] conn(0x7f2218038580 0x7f221803aa30 secure :-1 s=READY pgs=21 cs=0 l=1 rev1=1 crypto rx=0x7f2224006fd0 tx=0x7f2224006e40 comp rx=0 tx=0).stop
2026-03-10T06:17:07.344 INFO:teuthology.orchestra.run.vm04.stdout:/usr/bin/ceph: stderr
2026-03-10T06:17:07.293+0000 7f2234fe4700 1 -- 192.168.123.104:0/3303711853 >> [v2:192.168.123.104:3300/0,v1:192.168.123.104:6789/0] conn(0x7f2230107f40 msgr2=0x7f223019bb40 secure :-1 s=STATE_CONNECTION_ESTABLISHED l=1).mark_down
2026-03-10T06:17:07.344 INFO:teuthology.orchestra.run.vm04.stdout:/usr/bin/ceph: stderr
2026-03-10T06:17:07.293+0000 7f2234fe4700 1 --2- 192.168.123.104:0/3303711853 >> [v2:192.168.123.104:3300/0,v1:192.168.123.104:6789/0] conn(0x7f2230107f40 0x7f223019bb40 secure :-1 s=READY pgs=66 cs=0 l=1 rev1=1 crypto rx=0x7f22200037e0 tx=0x7f2220011770 comp rx=0 tx=0).stop
2026-03-10T06:17:07.344 INFO:teuthology.orchestra.run.vm04.stdout:/usr/bin/ceph: stderr
2026-03-10T06:17:07.293+0000 7f2234fe4700 1 -- 192.168.123.104:0/3303711853 shutdown_connections
2026-03-10T06:17:07.344 INFO:teuthology.orchestra.run.vm04.stdout:/usr/bin/ceph: stderr
2026-03-10T06:17:07.293+0000 7f2234fe4700 1 --2- 192.168.123.104:0/3303711853 >> [v2:192.168.123.104:6800/2,v1:192.168.123.104:6801/2] conn(0x7f2218038580 0x7f221803aa30 unknown :-1 s=CLOSED pgs=21 cs=0 l=1 rev1=1 crypto rx=0 tx=0 comp rx=0 tx=0).stop
2026-03-10T06:17:07.344 INFO:teuthology.orchestra.run.vm04.stdout:/usr/bin/ceph: stderr
2026-03-10T06:17:07.293+0000 7f2234fe4700 1 --2- 192.168.123.104:0/3303711853 >> [v2:192.168.123.104:3300/0,v1:192.168.123.104:6789/0] conn(0x7f2230107f40 0x7f223019bb40 unknown :-1 s=CLOSED pgs=66 cs=0 l=1 rev1=1 crypto rx=0 tx=0 comp rx=0 tx=0).stop
2026-03-10T06:17:07.344 INFO:teuthology.orchestra.run.vm04.stdout:/usr/bin/ceph: stderr
2026-03-10T06:17:07.293+0000 7f2234fe4700 1 -- 192.168.123.104:0/3303711853 >> 192.168.123.104:0/3303711853 conn(0x7f223007b4b0 msgr2=0x7f22301054d0 unknown :-1 s=STATE_NONE l=0).mark_down
2026-03-10T06:17:07.344 INFO:teuthology.orchestra.run.vm04.stdout:/usr/bin/ceph: stderr
2026-03-10T06:17:07.293+0000 7f2234fe4700 1 -- 192.168.123.104:0/3303711853 shutdown_connections
2026-03-10T06:17:07.344 INFO:teuthology.orchestra.run.vm04.stdout:/usr/bin/ceph: stderr
2026-03-10T06:17:07.293+0000 7f2234fe4700 1 -- 192.168.123.104:0/3303711853 wait complete.
2026-03-10T06:17:07.345 INFO:teuthology.orchestra.run.vm04.stdout:Enabling the dashboard module...
2026-03-10T06:17:08.338 INFO:teuthology.orchestra.run.vm04.stdout:/usr/bin/ceph: stderr
2026-03-10T06:17:07.469+0000 7fb34810f700 1 Processor -- start
2026-03-10T06:17:08.338 INFO:teuthology.orchestra.run.vm04.stdout:/usr/bin/ceph: stderr
2026-03-10T06:17:07.470+0000 7fb34810f700 1 -- start start
2026-03-10T06:17:08.338 INFO:teuthology.orchestra.run.vm04.stdout:/usr/bin/ceph: stderr
2026-03-10T06:17:07.470+0000 7fb34810f700 1 --2- >> [v2:192.168.123.104:3300/0,v1:192.168.123.104:6789/0] conn(0x7fb340105d10 0x7fb340106120 unknown :-1 s=NONE pgs=0 cs=0 l=0 rev1=0 crypto rx=0 tx=0 comp rx=0 tx=0).connect
2026-03-10T06:17:08.338 INFO:teuthology.orchestra.run.vm04.stdout:/usr/bin/ceph: stderr
2026-03-10T06:17:07.470+0000 7fb34810f700 1 -- --> [v2:192.168.123.104:3300/0,v1:192.168.123.104:6789/0] -- mon_getmap magic: 0 v1 -- 0x7fb340106660 con 0x7fb340105d10
2026-03-10T06:17:08.338 INFO:teuthology.orchestra.run.vm04.stdout:/usr/bin/ceph: stderr
2026-03-10T06:17:07.470+0000 7fb345eab700 1 --2- >> [v2:192.168.123.104:3300/0,v1:192.168.123.104:6789/0] conn(0x7fb340105d10 0x7fb340106120 unknown :-1 s=BANNER_CONNECTING pgs=0 cs=0 l=0 rev1=0 crypto rx=0 tx=0 comp rx=0 tx=0)._handle_peer_banner_payload supported=3 required=0
2026-03-10T06:17:08.338 INFO:teuthology.orchestra.run.vm04.stdout:/usr/bin/ceph: stderr
2026-03-10T06:17:07.470+0000 7fb345eab700 1 --2- >> [v2:192.168.123.104:3300/0,v1:192.168.123.104:6789/0] conn(0x7fb340105d10 0x7fb340106120 unknown :-1 s=HELLO_CONNECTING pgs=0 cs=0 l=0 rev1=1 crypto rx=0 tx=0 comp rx=0 tx=0).handle_hello peer v2:192.168.123.104:3300/0 says I am v2:192.168.123.104:60802/0 (socket says 192.168.123.104:60802)
2026-03-10T06:17:08.338 INFO:teuthology.orchestra.run.vm04.stdout:/usr/bin/ceph: stderr
2026-03-10T06:17:07.470+0000 7fb345eab700 1 -- 192.168.123.104:0/1435566873 learned_addr learned my addr 192.168.123.104:0/1435566873 (peer_addr_for_me v2:192.168.123.104:0/0)
2026-03-10T06:17:08.338 INFO:teuthology.orchestra.run.vm04.stdout:/usr/bin/ceph: stderr
2026-03-10T06:17:07.470+0000 7fb345eab700 1 -- 192.168.123.104:0/1435566873 --> [v2:192.168.123.104:3300/0,v1:192.168.123.104:6789/0] -- mon_subscribe({config=0+,monmap=0+}) v3 -- 0x7fb3401067a0 con 0x7fb340105d10
2026-03-10T06:17:08.338 INFO:teuthology.orchestra.run.vm04.stdout:/usr/bin/ceph: stderr
2026-03-10T06:17:07.471+0000 7fb345eab700 1 --2- 192.168.123.104:0/1435566873 >> [v2:192.168.123.104:3300/0,v1:192.168.123.104:6789/0] conn(0x7fb340105d10 0x7fb340106120 secure :-1 s=READY pgs=67 cs=0 l=1 rev1=1 crypto rx=0x7fb330009cf0 tx=0x7fb33000b0e0 comp rx=0 tx=0).ready entity=mon.0 client_cookie=ecb1dacb6e62a30 server_cookie=0 in_seq=0 out_seq=0
2026-03-10T06:17:08.338 INFO:teuthology.orchestra.run.vm04.stdout:/usr/bin/ceph: stderr
2026-03-10T06:17:07.471+0000 7fb344ea9700 1 -- 192.168.123.104:0/1435566873 <== mon.0 v2:192.168.123.104:3300/0 1 ==== mon_map magic: 0 v1 ==== 214+0+0 (secure 0 0 0) 0x7fb330004030 con 0x7fb340105d10
2026-03-10T06:17:08.338 INFO:teuthology.orchestra.run.vm04.stdout:/usr/bin/ceph: stderr
2026-03-10T06:17:07.471+0000 7fb344ea9700 1 -- 192.168.123.104:0/1435566873 <== mon.0 v2:192.168.123.104:3300/0 2 ==== config(28 keys) v1 ==== 1139+0+0 (secure 0 0 0) 0x7fb33000b810 con 0x7fb340105d10
2026-03-10T06:17:08.338 INFO:teuthology.orchestra.run.vm04.stdout:/usr/bin/ceph: stderr
2026-03-10T06:17:07.471+0000 7fb344ea9700 1 -- 192.168.123.104:0/1435566873 <== mon.0 v2:192.168.123.104:3300/0 3 ==== mon_map magic: 0 v1 ==== 214+0+0 (secure 0 0 0) 0x7fb330003b10 con 0x7fb340105d10
2026-03-10T06:17:08.338 INFO:teuthology.orchestra.run.vm04.stdout:/usr/bin/ceph: stderr
2026-03-10T06:17:07.471+0000 7fb34810f700 1 -- 192.168.123.104:0/1435566873 >> [v2:192.168.123.104:3300/0,v1:192.168.123.104:6789/0] conn(0x7fb340105d10 msgr2=0x7fb340106120 secure :-1 s=STATE_CONNECTION_ESTABLISHED l=1).mark_down
2026-03-10T06:17:08.338 INFO:teuthology.orchestra.run.vm04.stdout:/usr/bin/ceph: stderr
2026-03-10T06:17:07.471+0000 7fb34810f700 1 --2- 192.168.123.104:0/1435566873 >> [v2:192.168.123.104:3300/0,v1:192.168.123.104:6789/0] conn(0x7fb340105d10 0x7fb340106120 secure :-1 s=READY pgs=67 cs=0 l=1 rev1=1 crypto rx=0x7fb330009cf0 tx=0x7fb33000b0e0 comp rx=0 tx=0).stop
2026-03-10T06:17:08.338 INFO:teuthology.orchestra.run.vm04.stdout:/usr/bin/ceph: stderr
2026-03-10T06:17:07.472+0000 7fb34810f700 1 -- 192.168.123.104:0/1435566873 shutdown_connections
2026-03-10T06:17:08.338 INFO:teuthology.orchestra.run.vm04.stdout:/usr/bin/ceph: stderr
2026-03-10T06:17:07.472+0000 7fb34810f700 1 --2- 192.168.123.104:0/1435566873 >> [v2:192.168.123.104:3300/0,v1:192.168.123.104:6789/0] conn(0x7fb340105d10 0x7fb340106120 unknown :-1 s=CLOSED pgs=67 cs=0 l=1 rev1=1 crypto rx=0 tx=0 comp rx=0 tx=0).stop
2026-03-10T06:17:08.338 INFO:teuthology.orchestra.run.vm04.stdout:/usr/bin/ceph: stderr
2026-03-10T06:17:07.472+0000 7fb34810f700 1 -- 192.168.123.104:0/1435566873 >> 192.168.123.104:0/1435566873 conn(0x7fb340101360 msgr2=0x7fb340103790 unknown :-1 s=STATE_NONE l=0).mark_down
2026-03-10T06:17:08.338 INFO:teuthology.orchestra.run.vm04.stdout:/usr/bin/ceph: stderr
2026-03-10T06:17:07.472+0000 7fb34810f700 1 -- 192.168.123.104:0/1435566873 shutdown_connections
2026-03-10T06:17:08.338 INFO:teuthology.orchestra.run.vm04.stdout:/usr/bin/ceph: stderr
2026-03-10T06:17:07.472+0000 7fb34810f700 1 -- 192.168.123.104:0/1435566873 wait complete.
2026-03-10T06:17:08.338 INFO:teuthology.orchestra.run.vm04.stdout:/usr/bin/ceph: stderr
2026-03-10T06:17:07.472+0000 7fb34810f700 1 Processor -- start
2026-03-10T06:17:08.338 INFO:teuthology.orchestra.run.vm04.stdout:/usr/bin/ceph: stderr
2026-03-10T06:17:07.472+0000 7fb34810f700 1 -- start start
2026-03-10T06:17:08.339 INFO:teuthology.orchestra.run.vm04.stdout:/usr/bin/ceph: stderr
2026-03-10T06:17:07.472+0000 7fb34810f700 1 --2- >> [v2:192.168.123.104:3300/0,v1:192.168.123.104:6789/0] conn(0x7fb340105d10 0x7fb34019bc70 unknown :-1 s=NONE pgs=0 cs=0 l=1 rev1=0 crypto rx=0 tx=0 comp rx=0 tx=0).connect
2026-03-10T06:17:08.339 INFO:teuthology.orchestra.run.vm04.stdout:/usr/bin/ceph: stderr
2026-03-10T06:17:07.472+0000 7fb34810f700 1 -- --> [v2:192.168.123.104:3300/0,v1:192.168.123.104:6789/0] -- mon_getmap magic: 0 v1 -- 0x7fb34019c1b0 con 0x7fb340105d10
2026-03-10T06:17:08.339 INFO:teuthology.orchestra.run.vm04.stdout:/usr/bin/ceph: stderr
2026-03-10T06:17:07.473+0000 7fb345eab700 1 --2- >> [v2:192.168.123.104:3300/0,v1:192.168.123.104:6789/0] conn(0x7fb340105d10 0x7fb34019bc70 unknown :-1 s=BANNER_CONNECTING pgs=0 cs=0 l=1 rev1=0 crypto rx=0 tx=0 comp rx=0 tx=0)._handle_peer_banner_payload supported=3 required=0
2026-03-10T06:17:08.339 INFO:teuthology.orchestra.run.vm04.stdout:/usr/bin/ceph: stderr
2026-03-10T06:17:07.473+0000 7fb345eab700 1 --2- >> [v2:192.168.123.104:3300/0,v1:192.168.123.104:6789/0] conn(0x7fb340105d10 0x7fb34019bc70 unknown :-1 s=HELLO_CONNECTING pgs=0 cs=0 l=1 rev1=1 crypto rx=0 tx=0 comp rx=0 tx=0).handle_hello peer v2:192.168.123.104:3300/0 says I am v2:192.168.123.104:60804/0 (socket says 192.168.123.104:60804)
2026-03-10T06:17:08.339 INFO:teuthology.orchestra.run.vm04.stdout:/usr/bin/ceph: stderr
2026-03-10T06:17:07.473+0000 7fb345eab700 1 -- 192.168.123.104:0/2875191519 learned_addr learned my addr 192.168.123.104:0/2875191519 (peer_addr_for_me v2:192.168.123.104:0/0)
2026-03-10T06:17:08.339 INFO:teuthology.orchestra.run.vm04.stdout:/usr/bin/ceph: stderr
2026-03-10T06:17:07.473+0000 7fb345eab700 1 -- 192.168.123.104:0/2875191519 --> [v2:192.168.123.104:3300/0,v1:192.168.123.104:6789/0] -- mon_subscribe({config=0+,monmap=0+}) v3 -- 0x7fb330009740 con 0x7fb340105d10
2026-03-10T06:17:08.339 INFO:teuthology.orchestra.run.vm04.stdout:/usr/bin/ceph: stderr
2026-03-10T06:17:07.473+0000 7fb345eab700 1 --2- 192.168.123.104:0/2875191519 >> [v2:192.168.123.104:3300/0,v1:192.168.123.104:6789/0] conn(0x7fb340105d10 0x7fb34019bc70 secure :-1 s=READY pgs=68 cs=0 l=1 rev1=1 crypto rx=0x7fb330009cc0 tx=0x7fb330011840 comp rx=0 tx=0).ready entity=mon.0 client_cookie=0 server_cookie=0 in_seq=0 out_seq=0
2026-03-10T06:17:08.339 INFO:teuthology.orchestra.run.vm04.stdout:/usr/bin/ceph: stderr
2026-03-10T06:17:07.473+0000 7fb336ffd700 1 -- 192.168.123.104:0/2875191519 <== mon.0 v2:192.168.123.104:3300/0 1 ==== mon_map magic: 0 v1 ==== 214+0+0 (secure 0 0 0) 0x7fb330011a60 con 0x7fb340105d10
2026-03-10T06:17:08.339 INFO:teuthology.orchestra.run.vm04.stdout:/usr/bin/ceph: stderr
2026-03-10T06:17:07.473+0000 7fb336ffd700 1 -- 192.168.123.104:0/2875191519 <== mon.0 v2:192.168.123.104:3300/0 2 ==== config(28 keys) v1 ==== 1139+0+0 (secure 0 0 0) 0x7fb330011bc0 con 0x7fb340105d10
2026-03-10T06:17:08.339 INFO:teuthology.orchestra.run.vm04.stdout:/usr/bin/ceph: stderr
2026-03-10T06:17:07.473+0000 7fb336ffd700 1 -- 192.168.123.104:0/2875191519 <== mon.0 v2:192.168.123.104:3300/0 3 ==== mon_map magic: 0 v1 ==== 214+0+0 (secure 0 0 0) 0x7fb33001a500 con 0x7fb340105d10
2026-03-10T06:17:08.339 INFO:teuthology.orchestra.run.vm04.stdout:/usr/bin/ceph: stderr
2026-03-10T06:17:07.473+0000 7fb34810f700 1 -- 192.168.123.104:0/2875191519 --> [v2:192.168.123.104:3300/0,v1:192.168.123.104:6789/0] -- mon_subscribe({mgrmap=0+}) v3 -- 0x7fb34019c3b0 con 0x7fb340105d10
2026-03-10T06:17:08.339 INFO:teuthology.orchestra.run.vm04.stdout:/usr/bin/ceph: stderr
2026-03-10T06:17:07.473+0000 7fb34810f700 1 -- 192.168.123.104:0/2875191519 --> [v2:192.168.123.104:3300/0,v1:192.168.123.104:6789/0] -- mon_subscribe({osdmap=0}) v3 -- 0x7fb34019c850 con 0x7fb340105d10
2026-03-10T06:17:08.339 INFO:teuthology.orchestra.run.vm04.stdout:/usr/bin/ceph: stderr
2026-03-10T06:17:07.474+0000 7fb336ffd700 1 -- 192.168.123.104:0/2875191519 <== mon.0 v2:192.168.123.104:3300/0 4 ==== mgrmap(e 8) v1 ==== 45079+0+0 (secure 0 0 0) 0x7fb33001a660 con 0x7fb340105d10
2026-03-10T06:17:08.339 INFO:teuthology.orchestra.run.vm04.stdout:/usr/bin/ceph: stderr
2026-03-10T06:17:07.474+0000 7fb34810f700 1 -- 192.168.123.104:0/2875191519 --> [v2:192.168.123.104:3300/0,v1:192.168.123.104:6789/0] -- mon_command({"prefix": "get_command_descriptions"} v 0) v1 -- 0x7fb34004f9e0 con 0x7fb340105d10
2026-03-10T06:17:08.339 INFO:teuthology.orchestra.run.vm04.stdout:/usr/bin/ceph: stderr
2026-03-10T06:17:07.475+0000 7fb336ffd700 1 --2- 192.168.123.104:0/2875191519 >> [v2:192.168.123.104:6800/2,v1:192.168.123.104:6801/2] conn(0x7fb32c038450 0x7fb32c03a900 unknown :-1 s=NONE pgs=0 cs=0 l=1 rev1=0 crypto rx=0 tx=0 comp rx=0 tx=0).connect
2026-03-10T06:17:08.339 INFO:teuthology.orchestra.run.vm04.stdout:/usr/bin/ceph: stderr
2026-03-10T06:17:07.475+0000 7fb336ffd700 1 -- 192.168.123.104:0/2875191519 <== mon.0 v2:192.168.123.104:3300/0 5 ==== osd_map(2..2 src has 1..2) v4 ==== 940+0+0 (secure 0 0 0) 0x7fb33004c090 con 0x7fb340105d10
2026-03-10T06:17:08.339 INFO:teuthology.orchestra.run.vm04.stdout:/usr/bin/ceph: stderr
2026-03-10T06:17:07.475+0000 7fb3456aa700 1 --2- 192.168.123.104:0/2875191519 >> [v2:192.168.123.104:6800/2,v1:192.168.123.104:6801/2] conn(0x7fb32c038450 0x7fb32c03a900 unknown :-1 s=BANNER_CONNECTING pgs=0 cs=0 l=1 rev1=0 crypto rx=0 tx=0 comp rx=0 tx=0)._handle_peer_banner_payload supported=3 required=0
2026-03-10T06:17:08.339 INFO:teuthology.orchestra.run.vm04.stdout:/usr/bin/ceph: stderr
2026-03-10T06:17:07.476+0000 7fb3456aa700 1 --2- 192.168.123.104:0/2875191519 >> [v2:192.168.123.104:6800/2,v1:192.168.123.104:6801/2] conn(0x7fb32c038450 0x7fb32c03a900 secure :-1 s=READY pgs=22 cs=0 l=1 rev1=1 crypto rx=0x7fb33c006fd0 tx=0x7fb33c006e40 comp rx=0 tx=0).ready entity=mgr.14120 client_cookie=0 server_cookie=0 in_seq=0 out_seq=0
2026-03-10T06:17:08.339 INFO:teuthology.orchestra.run.vm04.stdout:/usr/bin/ceph: stderr
2026-03-10T06:17:07.478+0000 7fb336ffd700 1 -- 192.168.123.104:0/2875191519 <== mon.0 v2:192.168.123.104:3300/0 6 ==== mon_command_ack([{"prefix": "get_command_descriptions"}]=0 v0) v1 ==== 72+0+177933 (secure 0 0 0) 0x7fb33002c700 con 0x7fb340105d10
2026-03-10T06:17:08.339 INFO:teuthology.orchestra.run.vm04.stdout:/usr/bin/ceph: stderr
2026-03-10T06:17:07.609+0000 7fb34810f700 1 -- 192.168.123.104:0/2875191519 --> [v2:192.168.123.104:3300/0,v1:192.168.123.104:6789/0] -- mon_command({"prefix": "mgr module enable", "module": "dashboard"} v 0) v1 -- 0x7fb340062380 con 0x7fb340105d10
2026-03-10T06:17:08.339 INFO:teuthology.orchestra.run.vm04.stdout:/usr/bin/ceph: stderr
2026-03-10T06:17:08.292+0000 7fb336ffd700 1 -- 192.168.123.104:0/2875191519 <== mon.0 v2:192.168.123.104:3300/0 7 ==== mgrmap(e 9) v1 ==== 45092+0+0 (secure 0 0 0) 0x7fb330011d30 con 0x7fb340105d10
2026-03-10T06:17:08.339 INFO:teuthology.orchestra.run.vm04.stdout:/usr/bin/ceph: stderr
2026-03-10T06:17:08.293+0000 7fb336ffd700 1 -- 192.168.123.104:0/2875191519 <== mon.0 v2:192.168.123.104:3300/0 8 ==== mon_command_ack([{"prefix": "mgr module enable", "module": "dashboard"}]=0 v9) v1 ==== 88+0+0 (secure 0 0 0) 0x7fb330022720 con 0x7fb340105d10
2026-03-10T06:17:08.339 INFO:teuthology.orchestra.run.vm04.stdout:/usr/bin/ceph: stderr
2026-03-10T06:17:08.297+0000 7fb34810f700 1 -- 192.168.123.104:0/2875191519 >> [v2:192.168.123.104:6800/2,v1:192.168.123.104:6801/2] conn(0x7fb32c038450 msgr2=0x7fb32c03a900 secure :-1 s=STATE_CONNECTION_ESTABLISHED l=1).mark_down
2026-03-10T06:17:08.339 INFO:teuthology.orchestra.run.vm04.stdout:/usr/bin/ceph: stderr
2026-03-10T06:17:08.297+0000 7fb34810f700 1 --2- 192.168.123.104:0/2875191519 >> [v2:192.168.123.104:6800/2,v1:192.168.123.104:6801/2] conn(0x7fb32c038450 0x7fb32c03a900 secure :-1 s=READY pgs=22 cs=0 l=1 rev1=1 crypto rx=0x7fb33c006fd0 tx=0x7fb33c006e40 comp rx=0 tx=0).stop
2026-03-10T06:17:08.339 INFO:teuthology.orchestra.run.vm04.stdout:/usr/bin/ceph: stderr
2026-03-10T06:17:08.297+0000 7fb34810f700 1 -- 192.168.123.104:0/2875191519 >> [v2:192.168.123.104:3300/0,v1:192.168.123.104:6789/0] conn(0x7fb340105d10 msgr2=0x7fb34019bc70 secure :-1 s=STATE_CONNECTION_ESTABLISHED l=1).mark_down
2026-03-10T06:17:08.339 INFO:teuthology.orchestra.run.vm04.stdout:/usr/bin/ceph: stderr
2026-03-10T06:17:08.297+0000 7fb34810f700 1 --2- 192.168.123.104:0/2875191519 >> [v2:192.168.123.104:3300/0,v1:192.168.123.104:6789/0] conn(0x7fb340105d10 0x7fb34019bc70 secure :-1 s=READY pgs=68 cs=0 l=1 rev1=1 crypto rx=0x7fb330009cc0 tx=0x7fb330011840 comp rx=0 tx=0).stop
2026-03-10T06:17:08.339 INFO:teuthology.orchestra.run.vm04.stdout:/usr/bin/ceph: stderr
2026-03-10T06:17:08.301+0000 7fb34810f700 1 -- 192.168.123.104:0/2875191519 shutdown_connections
2026-03-10T06:17:08.339 INFO:teuthology.orchestra.run.vm04.stdout:/usr/bin/ceph: stderr
2026-03-10T06:17:08.301+0000 7fb34810f700 1 --2- 192.168.123.104:0/2875191519 >> [v2:192.168.123.104:6800/2,v1:192.168.123.104:6801/2] conn(0x7fb32c038450 0x7fb32c03a900 unknown :-1 s=CLOSED pgs=22 cs=0 l=1 rev1=1 crypto rx=0 tx=0 comp rx=0 tx=0).stop
2026-03-10T06:17:08.339 INFO:teuthology.orchestra.run.vm04.stdout:/usr/bin/ceph: stderr
2026-03-10T06:17:08.301+0000 7fb34810f700 1 --2- 192.168.123.104:0/2875191519 >> [v2:192.168.123.104:3300/0,v1:192.168.123.104:6789/0] conn(0x7fb340105d10 0x7fb34019bc70 unknown :-1 s=CLOSED pgs=68 cs=0 l=1 rev1=1 crypto rx=0 tx=0 comp rx=0 tx=0).stop
2026-03-10T06:17:08.339 INFO:teuthology.orchestra.run.vm04.stdout:/usr/bin/ceph: stderr
2026-03-10T06:17:08.301+0000 7fb34810f700 1 -- 192.168.123.104:0/2875191519 >> 192.168.123.104:0/2875191519 conn(0x7fb340101360 msgr2=0x7fb340102020 unknown :-1 s=STATE_NONE l=0).mark_down
2026-03-10T06:17:08.339 INFO:teuthology.orchestra.run.vm04.stdout:/usr/bin/ceph: stderr
2026-03-10T06:17:08.301+0000 7fb34810f700 1 -- 192.168.123.104:0/2875191519 shutdown_connections
2026-03-10T06:17:08.339 INFO:teuthology.orchestra.run.vm04.stdout:/usr/bin/ceph: stderr
2026-03-10T06:17:08.301+0000 7fb34810f700 1 -- 192.168.123.104:0/2875191519 wait complete.
2026-03-10T06:17:08.562 INFO:journalctl@ceph.mon.vm04.vm04.stdout:Mar 10 06:17:08 vm04 ceph-mon[51058]: from='client.14156 -' entity='client.admin' cmd=[{"prefix": "orch apply", "service_type": "alertmanager", "target": ["mon-mgr", ""]}]: dispatch
2026-03-10T06:17:08.562 INFO:journalctl@ceph.mon.vm04.vm04.stdout:Mar 10 06:17:08 vm04 ceph-mon[51058]: Saving service alertmanager spec with placement count:1
2026-03-10T06:17:08.562 INFO:journalctl@ceph.mon.vm04.vm04.stdout:Mar 10 06:17:08 vm04 ceph-mon[51058]: from='client.? 192.168.123.104:0/3303711853' entity='client.admin'
2026-03-10T06:17:08.562 INFO:journalctl@ceph.mon.vm04.vm04.stdout:Mar 10 06:17:08 vm04 ceph-mon[51058]: from='client.? 192.168.123.104:0/2875191519' entity='client.admin' cmd=[{"prefix": "mgr module enable", "module": "dashboard"}]: dispatch
2026-03-10T06:17:08.720 INFO:teuthology.orchestra.run.vm04.stdout:/usr/bin/ceph: stdout {
2026-03-10T06:17:08.720 INFO:teuthology.orchestra.run.vm04.stdout:/usr/bin/ceph: stdout "epoch": 9,
2026-03-10T06:17:08.720 INFO:teuthology.orchestra.run.vm04.stdout:/usr/bin/ceph: stdout "available": true,
2026-03-10T06:17:08.720 INFO:teuthology.orchestra.run.vm04.stdout:/usr/bin/ceph: stdout "active_name": "vm04.exdvdb",
2026-03-10T06:17:08.720 INFO:teuthology.orchestra.run.vm04.stdout:/usr/bin/ceph: stdout "num_standby": 0
2026-03-10T06:17:08.720 INFO:teuthology.orchestra.run.vm04.stdout:/usr/bin/ceph: stdout }
2026-03-10T06:17:08.720 INFO:teuthology.orchestra.run.vm04.stdout:/usr/bin/ceph: stderr
2026-03-10T06:17:08.501+0000 7f235f59e700 1 Processor -- start
2026-03-10T06:17:08.720 INFO:teuthology.orchestra.run.vm04.stdout:/usr/bin/ceph: stderr
2026-03-10T06:17:08.501+0000 7f235f59e700 1 -- start start
2026-03-10T06:17:08.720 INFO:teuthology.orchestra.run.vm04.stdout:/usr/bin/ceph: stderr
2026-03-10T06:17:08.501+0000 7f235f59e700 1 --2- >> [v2:192.168.123.104:3300/0,v1:192.168.123.104:6789/0] conn(0x7f2360071410 0x7f2360071820 unknown :-1 s=NONE pgs=0 cs=0 l=0 rev1=0 crypto rx=0 tx=0 comp rx=0 tx=0).connect
2026-03-10T06:17:08.721 INFO:teuthology.orchestra.run.vm04.stdout:/usr/bin/ceph: stderr
2026-03-10T06:17:08.501+0000 7f235f59e700 1 -- --> [v2:192.168.123.104:3300/0,v1:192.168.123.104:6789/0] -- mon_getmap magic: 0 v1 -- 0x7f2360071d60 con 0x7f2360071410
2026-03-10T06:17:08.721 INFO:teuthology.orchestra.run.vm04.stdout:/usr/bin/ceph: stderr
2026-03-10T06:17:08.501+0000 7f235e59c700 1 --2- >> [v2:192.168.123.104:3300/0,v1:192.168.123.104:6789/0] conn(0x7f2360071410 0x7f2360071820 unknown :-1 s=BANNER_CONNECTING pgs=0 cs=0 l=0 rev1=0 crypto rx=0 tx=0 comp rx=0 tx=0)._handle_peer_banner_payload supported=3 required=0
2026-03-10T06:17:08.721 INFO:teuthology.orchestra.run.vm04.stdout:/usr/bin/ceph: stderr
2026-03-10T06:17:08.502+0000 7f235e59c700 1 --2- >> [v2:192.168.123.104:3300/0,v1:192.168.123.104:6789/0] conn(0x7f2360071410 0x7f2360071820 unknown :-1 s=HELLO_CONNECTING pgs=0 cs=0 l=0 rev1=1 crypto rx=0 tx=0 comp rx=0 tx=0).handle_hello peer v2:192.168.123.104:3300/0 says I am v2:192.168.123.104:60828/0 (socket says 192.168.123.104:60828)
2026-03-10T06:17:08.721 INFO:teuthology.orchestra.run.vm04.stdout:/usr/bin/ceph: stderr
2026-03-10T06:17:08.502+0000 7f235e59c700 1 -- 192.168.123.104:0/1313682274 learned_addr learned my addr 192.168.123.104:0/1313682274 (peer_addr_for_me v2:192.168.123.104:0/0)
2026-03-10T06:17:08.721 INFO:teuthology.orchestra.run.vm04.stdout:/usr/bin/ceph: stderr
2026-03-10T06:17:08.502+0000 7f235e59c700 1 -- 192.168.123.104:0/1313682274 --> [v2:192.168.123.104:3300/0,v1:192.168.123.104:6789/0] -- mon_subscribe({config=0+,monmap=0+}) v3 -- 0x7f2360071ea0 con 0x7f2360071410
2026-03-10T06:17:08.721 INFO:teuthology.orchestra.run.vm04.stdout:/usr/bin/ceph: stderr
2026-03-10T06:17:08.503+0000 7f235e59c700 1 --2- 192.168.123.104:0/1313682274 >> [v2:192.168.123.104:3300/0,v1:192.168.123.104:6789/0] conn(0x7f2360071410 0x7f2360071820 secure :-1 s=READY pgs=71 cs=0 l=1 rev1=1 crypto rx=0x7f2350009480 tx=0x7f2350009790 comp rx=0 tx=0).ready entity=mon.0 client_cookie=d72ead0c960ed853 server_cookie=0 in_seq=0 out_seq=0
2026-03-10T06:17:08.721 INFO:teuthology.orchestra.run.vm04.stdout:/usr/bin/ceph: stderr
2026-03-10T06:17:08.503+0000 7f235d59a700 1 -- 192.168.123.104:0/1313682274 <== mon.0 v2:192.168.123.104:3300/0 1 ==== mon_map magic: 0 v1 ==== 214+0+0 (secure 0 0 0) 0x7f2350004030 con 0x7f2360071410
2026-03-10T06:17:08.721 INFO:teuthology.orchestra.run.vm04.stdout:/usr/bin/ceph: stderr
2026-03-10T06:17:08.503+0000 7f235d59a700 1 -- 192.168.123.104:0/1313682274 <== mon.0 v2:192.168.123.104:3300/0 2 ==== config(28 keys) v1 ==== 1139+0+0 (secure 0 0 0) 0x7f235000c8f0 con 0x7f2360071410
2026-03-10T06:17:08.721 INFO:teuthology.orchestra.run.vm04.stdout:/usr/bin/ceph: stderr
2026-03-10T06:17:08.503+0000 7f235f59e700 1 -- 192.168.123.104:0/1313682274 >> [v2:192.168.123.104:3300/0,v1:192.168.123.104:6789/0] conn(0x7f2360071410 msgr2=0x7f2360071820 secure :-1 s=STATE_CONNECTION_ESTABLISHED l=1).mark_down
2026-03-10T06:17:08.721 INFO:teuthology.orchestra.run.vm04.stdout:/usr/bin/ceph: stderr
2026-03-10T06:17:08.503+0000 7f235f59e700 1 --2- 192.168.123.104:0/1313682274 >> [v2:192.168.123.104:3300/0,v1:192.168.123.104:6789/0] conn(0x7f2360071410 0x7f2360071820 secure :-1 s=READY pgs=71 cs=0 l=1 rev1=1 crypto rx=0x7f2350009480 tx=0x7f2350009790 comp rx=0 tx=0).stop
2026-03-10T06:17:08.721 INFO:teuthology.orchestra.run.vm04.stdout:/usr/bin/ceph: stderr
2026-03-10T06:17:08.503+0000 7f235f59e700 1 -- 192.168.123.104:0/1313682274 shutdown_connections
2026-03-10T06:17:08.721 INFO:teuthology.orchestra.run.vm04.stdout:/usr/bin/ceph: stderr
2026-03-10T06:17:08.503+0000 7f235f59e700 1 --2- 192.168.123.104:0/1313682274 >> [v2:192.168.123.104:3300/0,v1:192.168.123.104:6789/0] conn(0x7f2360071410 0x7f2360071820 unknown :-1 s=CLOSED pgs=71 cs=0 l=1 rev1=1 crypto rx=0 tx=0 comp rx=0 tx=0).stop
2026-03-10T06:17:08.721 INFO:teuthology.orchestra.run.vm04.stdout:/usr/bin/ceph: stderr
2026-03-10T06:17:08.503+0000 7f235f59e700 1 -- 192.168.123.104:0/1313682274 >> 192.168.123.104:0/1313682274 conn(0x7f236006c9d0 msgr2=0x7f236006ee00 unknown :-1 s=STATE_NONE l=0).mark_down
2026-03-10T06:17:08.721 INFO:teuthology.orchestra.run.vm04.stdout:/usr/bin/ceph: stderr
2026-03-10T06:17:08.504+0000 7f235f59e700 1 -- 192.168.123.104:0/1313682274 shutdown_connections
2026-03-10T06:17:08.721 INFO:teuthology.orchestra.run.vm04.stdout:/usr/bin/ceph: stderr
2026-03-10T06:17:08.504+0000 7f235f59e700 1 -- 192.168.123.104:0/1313682274 wait complete.
2026-03-10T06:17:08.721 INFO:teuthology.orchestra.run.vm04.stdout:/usr/bin/ceph: stderr
2026-03-10T06:17:08.504+0000 7f235f59e700 1 Processor -- start
2026-03-10T06:17:08.721 INFO:teuthology.orchestra.run.vm04.stdout:/usr/bin/ceph: stderr
2026-03-10T06:17:08.504+0000 7f235f59e700 1 -- start start
2026-03-10T06:17:08.721 INFO:teuthology.orchestra.run.vm04.stdout:/usr/bin/ceph: stderr
2026-03-10T06:17:08.504+0000 7f235f59e700 1 --2- >> [v2:192.168.123.104:3300/0,v1:192.168.123.104:6789/0] conn(0x7f23601126b0 0x7f2360110d40 unknown :-1 s=NONE pgs=0 cs=0 l=1 rev1=0 crypto rx=0 tx=0 comp rx=0 tx=0).connect
2026-03-10T06:17:08.721 INFO:teuthology.orchestra.run.vm04.stdout:/usr/bin/ceph: stderr
2026-03-10T06:17:08.504+0000 7f235f59e700 1 -- --> [v2:192.168.123.104:3300/0,v1:192.168.123.104:6789/0] -- mon_getmap magic: 0 v1 -- 0x7f2350013070 con 0x7f23601126b0
2026-03-10T06:17:08.721 INFO:teuthology.orchestra.run.vm04.stdout:/usr/bin/ceph: stderr
2026-03-10T06:17:08.504+0000 7f235e59c700 1 --2- >> [v2:192.168.123.104:3300/0,v1:192.168.123.104:6789/0] conn(0x7f23601126b0 0x7f2360110d40 unknown :-1 s=BANNER_CONNECTING pgs=0 cs=0 l=1 rev1=0 crypto rx=0 tx=0 comp rx=0 tx=0)._handle_peer_banner_payload supported=3 required=0
2026-03-10T06:17:08.721 INFO:teuthology.orchestra.run.vm04.stdout:/usr/bin/ceph: stderr
2026-03-10T06:17:08.504+0000 7f235e59c700 1 --2- >> [v2:192.168.123.104:3300/0,v1:192.168.123.104:6789/0] conn(0x7f23601126b0 0x7f2360110d40 unknown :-1 s=HELLO_CONNECTING pgs=0 cs=0 l=1 rev1=1 crypto rx=0 tx=0 comp rx=0 tx=0).handle_hello peer v2:192.168.123.104:3300/0 says I am v2:192.168.123.104:60842/0 (socket says 192.168.123.104:60842)
2026-03-10T06:17:08.721 INFO:teuthology.orchestra.run.vm04.stdout:/usr/bin/ceph: stderr
2026-03-10T06:17:08.504+0000 7f235e59c700 1 -- 192.168.123.104:0/326564844 learned_addr learned my addr 192.168.123.104:0/326564844 (peer_addr_for_me v2:192.168.123.104:0/0)
2026-03-10T06:17:08.721 INFO:teuthology.orchestra.run.vm04.stdout:/usr/bin/ceph: stderr
2026-03-10T06:17:08.505+0000 7f235e59c700 1 -- 192.168.123.104:0/326564844 --> [v2:192.168.123.104:3300/0,v1:192.168.123.104:6789/0] -- mon_subscribe({config=0+,monmap=0+}) v3 -- 0x7f2350009160 con 0x7f23601126b0
2026-03-10T06:17:08.721 INFO:teuthology.orchestra.run.vm04.stdout:/usr/bin/ceph: stderr
2026-03-10T06:17:08.505+0000 7f235e59c700 1 --2- 192.168.123.104:0/326564844 >> [v2:192.168.123.104:3300/0,v1:192.168.123.104:6789/0] conn(0x7f23601126b0 0x7f2360110d40 secure :-1 s=READY pgs=72 cs=0 l=1 rev1=1 crypto rx=0x7f23500038d0 tx=0x7f2350003e10 comp rx=0 tx=0).ready entity=mon.0 client_cookie=0 server_cookie=0 in_seq=0 out_seq=0
2026-03-10T06:17:08.721 INFO:teuthology.orchestra.run.vm04.stdout:/usr/bin/ceph: stderr
2026-03-10T06:17:08.505+0000 7f234f7fe700 1 -- 192.168.123.104:0/326564844 <== mon.0 v2:192.168.123.104:3300/0 1 ==== mon_map magic: 0 v1 ==== 214+0+0 (secure 0 0 0) 0x7f2350004060 con 0x7f23601126b0
2026-03-10T06:17:08.721 INFO:teuthology.orchestra.run.vm04.stdout:/usr/bin/ceph: stderr
2026-03-10T06:17:08.505+0000 7f235f59e700 1 -- 192.168.123.104:0/326564844 --> [v2:192.168.123.104:3300/0,v1:192.168.123.104:6789/0] -- mon_subscribe({mgrmap=0+}) v3 -- 0x7f2360112ac0 con 0x7f23601126b0
2026-03-10T06:17:08.721 INFO:teuthology.orchestra.run.vm04.stdout:/usr/bin/ceph: stderr
2026-03-10T06:17:08.505+0000 7f235f59e700 1 -- 192.168.123.104:0/326564844 --> [v2:192.168.123.104:3300/0,v1:192.168.123.104:6789/0] -- mon_subscribe({osdmap=0}) v3 -- 0x7f2360111450 con 0x7f23601126b0
2026-03-10T06:17:08.721 INFO:teuthology.orchestra.run.vm04.stdout:/usr/bin/ceph: stderr
2026-03-10T06:17:08.506+0000 7f234f7fe700 1 -- 192.168.123.104:0/326564844 <== mon.0 v2:192.168.123.104:3300/0 2 ==== config(28 keys) v1 ==== 1139+0+0 (secure 0 0 0) 0x7f235001c070 con 0x7f23601126b0
2026-03-10T06:17:08.721 INFO:teuthology.orchestra.run.vm04.stdout:/usr/bin/ceph: stderr
2026-03-10T06:17:08.506+0000 7f234f7fe700 1 -- 192.168.123.104:0/326564844 <== mon.0 v2:192.168.123.104:3300/0 3 ==== mon_map magic: 0 v1 ==== 214+0+0 (secure 0 0 0) 0x7f23500183f0 con 0x7f23601126b0
2026-03-10T06:17:08.721 INFO:teuthology.orchestra.run.vm04.stdout:/usr/bin/ceph: stderr
2026-03-10T06:17:08.507+0000 7f235f59e700 1 -- 192.168.123.104:0/326564844 --> [v2:192.168.123.104:3300/0,v1:192.168.123.104:6789/0] -- mon_command({"prefix": "get_command_descriptions"} v 0) v1 -- 0x7f236004f030 con 0x7f23601126b0
2026-03-10T06:17:08.721 INFO:teuthology.orchestra.run.vm04.stdout:/usr/bin/ceph: stderr
2026-03-10T06:17:08.510+0000 7f234f7fe700 1 -- 192.168.123.104:0/326564844 <== mon.0 v2:192.168.123.104:3300/0 4 ==== mgrmap(e 9) v1 ==== 45092+0+0 (secure 0 0 0) 0x7f235001e030 con 0x7f23601126b0
2026-03-10T06:17:08.721 INFO:teuthology.orchestra.run.vm04.stdout:/usr/bin/ceph: stderr
2026-03-10T06:17:08.510+0000 7f234f7fe700 1 --2- 192.168.123.104:0/326564844 >> [v2:192.168.123.104:6800/2,v1:192.168.123.104:6801/2] conn(0x7f2348038500 0x7f234803a9b0 unknown :-1 s=NONE pgs=0 cs=0 l=1 rev1=0 crypto rx=0 tx=0 comp rx=0 tx=0).connect
2026-03-10T06:17:08.721 INFO:teuthology.orchestra.run.vm04.stdout:/usr/bin/ceph: stderr
2026-03-10T06:17:08.510+0000 7f235dd9b700 1 -- 192.168.123.104:0/326564844 >> [v2:192.168.123.104:6800/2,v1:192.168.123.104:6801/2] conn(0x7f2348038500 msgr2=0x7f234803a9b0 unknown :-1 s=STATE_CONNECTING_RE l=1).process reconnect failed to v2:192.168.123.104:6800/2
2026-03-10T06:17:08.721 INFO:teuthology.orchestra.run.vm04.stdout:/usr/bin/ceph: stderr
2026-03-10T06:17:08.510+0000 7f235dd9b700 1 --2- 192.168.123.104:0/326564844 >> [v2:192.168.123.104:6800/2,v1:192.168.123.104:6801/2] conn(0x7f2348038500 0x7f234803a9b0 unknown :-1 s=START_CONNECT pgs=0 cs=0 l=1 rev1=0 crypto rx=0 tx=0 comp rx=0 tx=0)._fault waiting 0.200000
2026-03-10T06:17:08.721 INFO:teuthology.orchestra.run.vm04.stdout:/usr/bin/ceph: stderr
2026-03-10T06:17:08.510+0000 7f234f7fe700 1 -- 192.168.123.104:0/326564844 <== mon.0 v2:192.168.123.104:3300/0 5 ==== osd_map(2..2 src has 1..2) v4 ==== 940+0+0 (secure 0 0 0) 0x7f235004ba90 con 0x7f23601126b0
2026-03-10T06:17:08.721 INFO:teuthology.orchestra.run.vm04.stdout:/usr/bin/ceph: stderr
2026-03-10T06:17:08.512+0000 7f234f7fe700 1 -- 192.168.123.104:0/326564844 <== mon.0 v2:192.168.123.104:3300/0 6 ==== mon_command_ack([{"prefix": "get_command_descriptions"}]=0 v0) v1 ==== 72+0+177933 (secure 0 0 0) 0x7f2350010780 con 0x7f23601126b0
2026-03-10T06:17:08.721 INFO:teuthology.orchestra.run.vm04.stdout:/usr/bin/ceph: stderr
2026-03-10T06:17:08.649+0000 7f235f59e700 1 -- 192.168.123.104:0/326564844 --> [v2:192.168.123.104:3300/0,v1:192.168.123.104:6789/0] -- mon_command({"prefix": "mgr stat"} v 0) v1 -- 0x7f23601117f0 con 0x7f23601126b0
2026-03-10T06:17:08.721 INFO:teuthology.orchestra.run.vm04.stdout:/usr/bin/ceph: stderr
2026-03-10T06:17:08.650+0000 7f234f7fe700 1 -- 192.168.123.104:0/326564844 <== mon.0 v2:192.168.123.104:3300/0 7 ==== mon_command_ack([{"prefix": "mgr stat"}]=0 v9) v1 ==== 56+0+98 (secure 0 0 0) 0x7f2350029390 con 0x7f23601126b0
2026-03-10T06:17:08.721 INFO:teuthology.orchestra.run.vm04.stdout:/usr/bin/ceph: stderr
2026-03-10T06:17:08.653+0000 7f235f59e700 1 -- 192.168.123.104:0/326564844 >> [v2:192.168.123.104:6800/2,v1:192.168.123.104:6801/2] conn(0x7f2348038500 msgr2=0x7f234803a9b0 unknown :-1 s=STATE_CONNECTING l=1).mark_down
2026-03-10T06:17:08.721 INFO:teuthology.orchestra.run.vm04.stdout:/usr/bin/ceph: stderr
2026-03-10T06:17:08.653+0000 7f235f59e700 1 --2- 192.168.123.104:0/326564844 >> [v2:192.168.123.104:6800/2,v1:192.168.123.104:6801/2] conn(0x7f2348038500 0x7f234803a9b0 unknown :-1 s=START_CONNECT pgs=0 cs=0 l=1 rev1=0 crypto rx=0 tx=0 comp rx=0 tx=0).stop
2026-03-10T06:17:08.721 INFO:teuthology.orchestra.run.vm04.stdout:/usr/bin/ceph: stderr
2026-03-10T06:17:08.653+0000 7f235f59e700 1 -- 192.168.123.104:0/326564844 >> [v2:192.168.123.104:3300/0,v1:192.168.123.104:6789/0] conn(0x7f23601126b0 msgr2=0x7f2360110d40 secure :-1 s=STATE_CONNECTION_ESTABLISHED l=1).mark_down
2026-03-10T06:17:08.721 INFO:teuthology.orchestra.run.vm04.stdout:/usr/bin/ceph: stderr
2026-03-10T06:17:08.653+0000 7f235f59e700 1 --2- 192.168.123.104:0/326564844 >> [v2:192.168.123.104:3300/0,v1:192.168.123.104:6789/0] conn(0x7f23601126b0 0x7f2360110d40 secure :-1 s=READY pgs=72 cs=0 l=1 rev1=1 crypto rx=0x7f23500038d0 tx=0x7f2350003e10 comp rx=0 tx=0).stop
2026-03-10T06:17:08.721 INFO:teuthology.orchestra.run.vm04.stdout:/usr/bin/ceph: stderr
2026-03-10T06:17:08.654+0000 7f235f59e700 1 -- 192.168.123.104:0/326564844 shutdown_connections
2026-03-10T06:17:08.721 INFO:teuthology.orchestra.run.vm04.stdout:/usr/bin/ceph: stderr
2026-03-10T06:17:08.654+0000 7f235f59e700 1 --2- 192.168.123.104:0/326564844 >> [v2:192.168.123.104:6800/2,v1:192.168.123.104:6801/2] conn(0x7f2348038500 0x7f234803a9b0 unknown :-1 s=CLOSED pgs=0 cs=0 l=1 rev1=0 crypto rx=0 tx=0 comp rx=0 tx=0).stop
2026-03-10T06:17:08.721 INFO:teuthology.orchestra.run.vm04.stdout:/usr/bin/ceph: stderr
2026-03-10T06:17:08.654+0000 7f235f59e700 1 --2- 192.168.123.104:0/326564844 >> [v2:192.168.123.104:3300/0,v1:192.168.123.104:6789/0] conn(0x7f23601126b0 0x7f2360110d40 unknown :-1 s=CLOSED pgs=72 cs=0 l=1 rev1=1 crypto rx=0 tx=0 comp rx=0 tx=0).stop
2026-03-10T06:17:08.721 INFO:teuthology.orchestra.run.vm04.stdout:/usr/bin/ceph: stderr
2026-03-10T06:17:08.654+0000 7f235f59e700 1 -- 192.168.123.104:0/326564844 >> 192.168.123.104:0/326564844 conn(0x7f236006c9d0 msgr2=0x7f236006d490 unknown :-1 s=STATE_NONE l=0).mark_down
2026-03-10T06:17:08.721 INFO:teuthology.orchestra.run.vm04.stdout:/usr/bin/ceph: stderr
2026-03-10T06:17:08.655+0000 7f235f59e700 1 -- 192.168.123.104:0/326564844 shutdown_connections
2026-03-10T06:17:08.721 INFO:teuthology.orchestra.run.vm04.stdout:/usr/bin/ceph: stderr
2026-03-10T06:17:08.655+0000 7f235f59e700 1 -- 192.168.123.104:0/326564844 wait complete.
2026-03-10T06:17:08.721 INFO:teuthology.orchestra.run.vm04.stdout:Waiting for the mgr to restart...
2026-03-10T06:17:08.721 INFO:teuthology.orchestra.run.vm04.stdout:Waiting for mgr epoch 9...
2026-03-10T06:17:09.427 INFO:journalctl@ceph.mon.vm04.vm04.stdout:Mar 10 06:17:09 vm04 ceph-mon[51058]: from='client.? 192.168.123.104:0/2875191519' entity='client.admin' cmd='[{"prefix": "mgr module enable", "module": "dashboard"}]': finished
2026-03-10T06:17:09.427 INFO:journalctl@ceph.mon.vm04.vm04.stdout:Mar 10 06:17:09 vm04 ceph-mon[51058]: mgrmap e9: vm04.exdvdb(active, since 9s)
2026-03-10T06:17:09.428 INFO:journalctl@ceph.mon.vm04.vm04.stdout:Mar 10 06:17:09 vm04 ceph-mon[51058]: from='client.? 192.168.123.104:0/326564844' entity='client.admin' cmd=[{"prefix": "mgr stat"}]: dispatch
2026-03-10T06:17:13.428 INFO:journalctl@ceph.mon.vm04.vm04.stdout:Mar 10 06:17:13 vm04 ceph-mon[51058]: Active manager daemon vm04.exdvdb restarted
2026-03-10T06:17:13.428 INFO:journalctl@ceph.mon.vm04.vm04.stdout:Mar 10 06:17:13 vm04 ceph-mon[51058]: Activating manager daemon vm04.exdvdb
2026-03-10T06:17:13.428 INFO:journalctl@ceph.mon.vm04.vm04.stdout:Mar 10 06:17:13 vm04 ceph-mon[51058]: osdmap e3: 0 total, 0 up, 0 in
2026-03-10T06:17:13.428 INFO:journalctl@ceph.mon.vm04.vm04.stdout:Mar 10 06:17:13 vm04 ceph-mon[51058]: mgrmap e10: vm04.exdvdb(active, starting, since 0.00434398s)
2026-03-10T06:17:13.428 INFO:journalctl@ceph.mon.vm04.vm04.stdout:Mar 10 06:17:13 vm04 ceph-mon[51058]: from='mgr.14164 192.168.123.104:0/2' entity='mgr.vm04.exdvdb' cmd=[{"prefix": "mon metadata", "id": "vm04"}]: dispatch
2026-03-10T06:17:13.428 INFO:journalctl@ceph.mon.vm04.vm04.stdout:Mar 10 06:17:13 vm04 ceph-mon[51058]: from='mgr.14164 192.168.123.104:0/2' entity='mgr.vm04.exdvdb' cmd=[{"prefix": "mgr metadata", "who": "vm04.exdvdb", "id": "vm04.exdvdb"}]: dispatch
2026-03-10T06:17:13.428 INFO:journalctl@ceph.mon.vm04.vm04.stdout:Mar 10 06:17:13 vm04 ceph-mon[51058]: from='mgr.14164 192.168.123.104:0/2' entity='mgr.vm04.exdvdb' cmd=[{"prefix": "mds metadata"}]: dispatch
2026-03-10T06:17:13.428 INFO:journalctl@ceph.mon.vm04.vm04.stdout:Mar 10 06:17:13 vm04 ceph-mon[51058]: from='mgr.14164 192.168.123.104:0/2' entity='mgr.vm04.exdvdb' cmd=[{"prefix": "osd metadata"}]: dispatch
2026-03-10T06:17:13.428 INFO:journalctl@ceph.mon.vm04.vm04.stdout:Mar 10 06:17:13 vm04 ceph-mon[51058]: from='mgr.14164 192.168.123.104:0/2' entity='mgr.vm04.exdvdb' cmd=[{"prefix": "mon metadata"}]: dispatch
2026-03-10T06:17:13.428 INFO:journalctl@ceph.mon.vm04.vm04.stdout:Mar 10 06:17:13 vm04 ceph-mon[51058]: Manager daemon vm04.exdvdb is now available
2026-03-10T06:17:13.428 INFO:journalctl@ceph.mon.vm04.vm04.stdout:Mar 10 06:17:13 vm04 ceph-mon[51058]: from='mgr.14164 192.168.123.104:0/2' entity='mgr.vm04.exdvdb' cmd=[{"prefix": "config dump", "format": "json"}]: dispatch
2026-03-10T06:17:13.428 INFO:journalctl@ceph.mon.vm04.vm04.stdout:Mar 10 06:17:13 vm04 ceph-mon[51058]: from='mgr.14164 192.168.123.104:0/2' entity='mgr.vm04.exdvdb' cmd=[{"prefix":"config rm","who":"mgr","name":"mgr/rbd_support/vm04.exdvdb/mirror_snapshot_schedule"}]: dispatch
2026-03-10T06:17:13.428 INFO:journalctl@ceph.mon.vm04.vm04.stdout:Mar 10 06:17:13 vm04 ceph-mon[51058]: from='mgr.14164 192.168.123.104:0/2' entity='mgr.vm04.exdvdb' cmd=[{"prefix": "config dump", "format": "json"}]: dispatch
2026-03-10T06:17:14.193 INFO:teuthology.orchestra.run.vm04.stdout:/usr/bin/ceph: stdout {
2026-03-10T06:17:14.195 INFO:teuthology.orchestra.run.vm04.stdout:/usr/bin/ceph: stdout "mgrmap_epoch": 11,
2026-03-10T06:17:14.195 INFO:teuthology.orchestra.run.vm04.stdout:/usr/bin/ceph: stdout "initialized": true
2026-03-10T06:17:14.195 INFO:teuthology.orchestra.run.vm04.stdout:/usr/bin/ceph: stdout }
2026-03-10T06:17:14.195 INFO:teuthology.orchestra.run.vm04.stdout:/usr/bin/ceph: stderr
2026-03-10T06:17:08.879+0000 7f4bd44b5700 1 Processor -- start
2026-03-10T06:17:14.195 INFO:teuthology.orchestra.run.vm04.stdout:/usr/bin/ceph: stderr
2026-03-10T06:17:08.879+0000 7f4bd44b5700 1 -- start start
2026-03-10T06:17:14.195 INFO:teuthology.orchestra.run.vm04.stdout:/usr/bin/ceph: stderr
2026-03-10T06:17:08.879+0000 7f4bd44b5700 1 --2- >> [v2:192.168.123.104:3300/0,v1:192.168.123.104:6789/0] conn(0x7f4bcc071200 0x7f4bcc071610 unknown :-1 s=NONE pgs=0 cs=0 l=0 rev1=0 crypto rx=0 tx=0 comp rx=0 tx=0).connect
2026-03-10T06:17:14.195 INFO:teuthology.orchestra.run.vm04.stdout:/usr/bin/ceph: stderr
2026-03-10T06:17:08.879+0000 7f4bd44b5700 1 -- --> [v2:192.168.123.104:3300/0,v1:192.168.123.104:6789/0] -- mon_getmap magic: 0 v1 -- 0x7f4bcc0728b0 con 0x7f4bcc071200
2026-03-10T06:17:14.195 INFO:teuthology.orchestra.run.vm04.stdout:/usr/bin/ceph: stderr
