2026-03-10T07:19:37.853+0000 7f6fd57fa640 1 -- 192.168.123.100:0/4044655961 <== mon.0 v2:192.168.123.100:3300/0 2 ==== config(23 keys) ==== 947+0+0 (secure 0 0 0) 0x7f6fc8038440 con 0x7f6fd81a3e20
2026-03-10T07:19:41.708 INFO:teuthology.orchestra.run.vm00.stdout:/usr/bin/ceph: stderr
2026-03-10T07:19:37.853+0000 7f6fde471640 1 -- 192.168.123.100:0/4044655961 --> [v2:192.168.123.100:3300/0,v1:192.168.123.100:6789/0] -- mon_subscribe({mgrmap=0+}) -- 0x7f6fd81a2ad0 con 0x7f6fd81a3e20
2026-03-10T07:19:41.708 INFO:teuthology.orchestra.run.vm00.stdout:/usr/bin/ceph: stderr
2026-03-10T07:19:37.853+0000 7f6fde471640 1 -- 192.168.123.100:0/4044655961 --> [v2:192.168.123.100:3300/0,v1:192.168.123.100:6789/0] -- mon_subscribe({osdmap=0}) -- 0x7f6fd81a2f50 con 0x7f6fd81a3e20
2026-03-10T07:19:41.708 INFO:teuthology.orchestra.run.vm00.stdout:/usr/bin/ceph: stderr
2026-03-10T07:19:37.853+0000 7f6fd57fa640 1 -- 192.168.123.100:0/4044655961 <== mon.0 v2:192.168.123.100:3300/0 3 ==== mon_map magic: 0 ==== 205+0+0 (secure 0 0 0) 0x7f6fc8041400 con 0x7f6fd81a3e20
2026-03-10T07:19:41.708 INFO:teuthology.orchestra.run.vm00.stdout:/usr/bin/ceph: stderr
2026-03-10T07:19:37.853+0000 7f6fd57fa640 1 -- 192.168.123.100:0/4044655961 <== mon.0 v2:192.168.123.100:3300/0 4 ==== mgrmap(e 4) ==== 50247+0+0 (secure 0 0 0) 0x7f6fc80416b0 con 0x7f6fd81a3e20
2026-03-10T07:19:41.708 INFO:teuthology.orchestra.run.vm00.stdout:/usr/bin/ceph: stderr
2026-03-10T07:19:37.853+0000 7f6fd57fa640 1 --2- 192.168.123.100:0/4044655961 >> [v2:192.168.123.100:6800/2344477988,v1:192.168.123.100:6801/2344477988] conn(0x7f6fc403dcc0 0x7f6fc4040180 unknown :-1 s=NONE pgs=0 cs=0 l=1 rev1=0 crypto rx=0 tx=0 comp rx=0 tx=0).connect
2026-03-10T07:19:41.708 INFO:teuthology.orchestra.run.vm00.stdout:/usr/bin/ceph: stderr
2026-03-10T07:19:37.853+0000 7f6fd57fa640 1 -- 192.168.123.100:0/4044655961 --> [v2:192.168.123.100:6800/2344477988,v1:192.168.123.100:6801/2344477988] -- command(tid 0: {"prefix": "get_command_descriptions"}) -- 0x7f6fc4040890 con 0x7f6fc403dcc0
2026-03-10T07:19:41.708 INFO:teuthology.orchestra.run.vm00.stdout:/usr/bin/ceph: stderr
2026-03-10T07:19:37.853+0000 7f6fd77fe640 1 -- 192.168.123.100:0/4044655961 >> [v2:192.168.123.100:6800/2344477988,v1:192.168.123.100:6801/2344477988] conn(0x7f6fc403dcc0 msgr2=0x7f6fc4040180 unknown :-1 s=STATE_CONNECTING_RE l=1).process reconnect failed to v2:192.168.123.100:6800/2344477988
2026-03-10T07:19:41.708 INFO:teuthology.orchestra.run.vm00.stdout:/usr/bin/ceph: stderr
2026-03-10T07:19:37.853+0000 7f6fd57fa640 1 -- 192.168.123.100:0/4044655961 <== mon.0 v2:192.168.123.100:3300/0 5 ==== osd_map(1..1 src has 1..1) ==== 725+0+0 (secure 0 0 0) 0x7f6fc80775f0 con 0x7f6fd81a3e20
2026-03-10T07:19:41.708 INFO:teuthology.orchestra.run.vm00.stdout:/usr/bin/ceph: stderr
2026-03-10T07:19:37.853+0000 7f6fd77fe640 1 --2- 192.168.123.100:0/4044655961 >> [v2:192.168.123.100:6800/2344477988,v1:192.168.123.100:6801/2344477988] conn(0x7f6fc403dcc0 0x7f6fc4040180 unknown :-1 s=START_CONNECT pgs=0 cs=0 l=1 rev1=0 crypto rx=0 tx=0 comp rx=0 tx=0)._fault waiting 0.200000
2026-03-10T07:19:41.708 INFO:teuthology.orchestra.run.vm00.stdout:/usr/bin/ceph: stderr
2026-03-10T07:19:38.053+0000 7f6fd77fe640 1 -- 192.168.123.100:0/4044655961 >> [v2:192.168.123.100:6800/2344477988,v1:192.168.123.100:6801/2344477988] conn(0x7f6fc403dcc0 msgr2=0x7f6fc4040180 unknown :-1 s=STATE_CONNECTING_RE l=1).process reconnect failed to v2:192.168.123.100:6800/2344477988
2026-03-10T07:19:41.708 INFO:teuthology.orchestra.run.vm00.stdout:/usr/bin/ceph: stderr
2026-03-10T07:19:38.053+0000 7f6fd77fe640 1 --2- 192.168.123.100:0/4044655961 >> [v2:192.168.123.100:6800/2344477988,v1:192.168.123.100:6801/2344477988] conn(0x7f6fc403dcc0 0x7f6fc4040180 unknown :-1 s=START_CONNECT pgs=0 cs=0 l=1 rev1=0 crypto rx=0 tx=0 comp rx=0 tx=0)._fault waiting 0.400000
2026-03-10T07:19:41.708 INFO:teuthology.orchestra.run.vm00.stdout:/usr/bin/ceph: stderr
2026-03-10T07:19:38.457+0000 7f6fd77fe640 1 -- 192.168.123.100:0/4044655961 >> [v2:192.168.123.100:6800/2344477988,v1:192.168.123.100:6801/2344477988] conn(0x7f6fc403dcc0 msgr2=0x7f6fc4040180 unknown :-1 s=STATE_CONNECTING_RE l=1).process reconnect failed to v2:192.168.123.100:6800/2344477988
2026-03-10T07:19:41.709 INFO:teuthology.orchestra.run.vm00.stdout:/usr/bin/ceph: stderr
2026-03-10T07:19:38.457+0000 7f6fd77fe640 1 --2- 192.168.123.100:0/4044655961 >> [v2:192.168.123.100:6800/2344477988,v1:192.168.123.100:6801/2344477988] conn(0x7f6fc403dcc0 0x7f6fc4040180 unknown :-1 s=START_CONNECT pgs=0 cs=0 l=1 rev1=0 crypto rx=0 tx=0 comp rx=0 tx=0)._fault waiting 0.800000
2026-03-10T07:19:41.709 INFO:teuthology.orchestra.run.vm00.stdout:/usr/bin/ceph: stderr
2026-03-10T07:19:39.257+0000 7f6fd77fe640 1 -- 192.168.123.100:0/4044655961 >> [v2:192.168.123.100:6800/2344477988,v1:192.168.123.100:6801/2344477988] conn(0x7f6fc403dcc0 msgr2=0x7f6fc4040180 unknown :-1 s=STATE_CONNECTING_RE l=1).process reconnect failed to v2:192.168.123.100:6800/2344477988
2026-03-10T07:19:41.709 INFO:teuthology.orchestra.run.vm00.stdout:/usr/bin/ceph: stderr
2026-03-10T07:19:39.257+0000 7f6fd77fe640 1 --2- 192.168.123.100:0/4044655961 >> [v2:192.168.123.100:6800/2344477988,v1:192.168.123.100:6801/2344477988] conn(0x7f6fc403dcc0 0x7f6fc4040180 unknown :-1 s=START_CONNECT pgs=0 cs=0 l=1 rev1=0 crypto rx=0 tx=0 comp rx=0 tx=0)._fault waiting 1.600000
2026-03-10T07:19:41.709 INFO:teuthology.orchestra.run.vm00.stdout:/usr/bin/ceph: stderr
2026-03-10T07:19:40.637+0000 7f6fd57fa640 1 -- 192.168.123.100:0/4044655961 <== mon.0 v2:192.168.123.100:3300/0 6 ==== mgrmap(e 5) ==== 50014+0+0 (secure 0 0 0) 0x7f6fc80763f0 con 0x7f6fd81a3e20
2026-03-10T07:19:41.709 INFO:teuthology.orchestra.run.vm00.stdout:/usr/bin/ceph: stderr
2026-03-10T07:19:40.637+0000 7f6fd57fa640 1 -- 192.168.123.100:0/4044655961 >> [v2:192.168.123.100:6800/2344477988,v1:192.168.123.100:6801/2344477988] conn(0x7f6fc403dcc0 msgr2=0x7f6fc4040180 unknown :-1 s=STATE_CONNECTING l=1).mark_down
2026-03-10T07:19:41.709 INFO:teuthology.orchestra.run.vm00.stdout:/usr/bin/ceph: stderr
2026-03-10T07:19:40.637+0000 7f6fd57fa640 1 --2- 192.168.123.100:0/4044655961 >> [v2:192.168.123.100:6800/2344477988,v1:192.168.123.100:6801/2344477988] conn(0x7f6fc403dcc0 0x7f6fc4040180 unknown :-1 s=START_CONNECT pgs=0 cs=0 l=1 rev1=0 crypto rx=0 tx=0 comp rx=0 tx=0).stop
2026-03-10T07:19:41.709 INFO:teuthology.orchestra.run.vm00.stdout:/usr/bin/ceph: stderr
2026-03-10T07:19:41.645+0000 7f6fd57fa640 1 -- 192.168.123.100:0/4044655961 <== mon.0 v2:192.168.123.100:3300/0 7 ==== mgrmap(e 6) ==== 50141+0+0 (secure 0 0 0) 0x7f6fc8076e70 con 0x7f6fd81a3e20
2026-03-10T07:19:41.709 INFO:teuthology.orchestra.run.vm00.stdout:/usr/bin/ceph: stderr
2026-03-10T07:19:41.645+0000 7f6fd57fa640 1 --2- 192.168.123.100:0/4044655961 >> [v2:192.168.123.100:6800/1944661180,v1:192.168.123.100:6801/1944661180] conn(0x7f6fc4041610 0x7f6fc4043a00 unknown :-1 s=NONE pgs=0 cs=0 l=1 rev1=0 crypto rx=0 tx=0 comp rx=0 tx=0).connect
2026-03-10T07:19:41.709 INFO:teuthology.orchestra.run.vm00.stdout:/usr/bin/ceph: stderr
2026-03-10T07:19:41.645+0000 7f6fd57fa640 1 -- 192.168.123.100:0/4044655961 --> [v2:192.168.123.100:6800/1944661180,v1:192.168.123.100:6801/1944661180] -- command(tid 0: {"prefix": "get_command_descriptions"}) -- 0x7f6fc4040890 con 0x7f6fc4041610
2026-03-10T07:19:41.709 INFO:teuthology.orchestra.run.vm00.stdout:/usr/bin/ceph: stderr
2026-03-10T07:19:41.645+0000 7f6fd77fe640 1 --2- 192.168.123.100:0/4044655961 >> [v2:192.168.123.100:6800/1944661180,v1:192.168.123.100:6801/1944661180] conn(0x7f6fc4041610 0x7f6fc4043a00 unknown :-1 s=BANNER_CONNECTING pgs=0 cs=0 l=1 rev1=0 crypto rx=0 tx=0 comp rx=0 tx=0)._handle_peer_banner_payload supported=3 required=0
2026-03-10T07:19:41.709 INFO:teuthology.orchestra.run.vm00.stdout:/usr/bin/ceph: stderr
2026-03-10T07:19:41.645+0000 7f6fd77fe640 1 --2- 192.168.123.100:0/4044655961 >> [v2:192.168.123.100:6800/1944661180,v1:192.168.123.100:6801/1944661180] conn(0x7f6fc4041610 0x7f6fc4043a00 secure :-1 s=READY pgs=1 cs=0 l=1 rev1=1 crypto rx=0x7f6fd0003e00 tx=0x7f6fd0007410 comp rx=0 tx=0).ready entity=mgr.14118 client_cookie=0 server_cookie=0 in_seq=0 out_seq=0
2026-03-10T07:19:41.709 INFO:teuthology.orchestra.run.vm00.stdout:/usr/bin/ceph: stderr
2026-03-10T07:19:41.645+0000 7f6fd57fa640 1 -- 192.168.123.100:0/4044655961 <== mgr.14118 v2:192.168.123.100:6800/1944661180 1 ==== command_reply(tid 0: 0 ) ==== 8+0+8901 (secure 0 0 0) 0x7f6fc4040890 con 0x7f6fc4041610
2026-03-10T07:19:41.709 INFO:teuthology.orchestra.run.vm00.stdout:/usr/bin/ceph: stderr
2026-03-10T07:19:41.649+0000 7f6fde471640 1 -- 192.168.123.100:0/4044655961 --> [v2:192.168.123.100:6800/1944661180,v1:192.168.123.100:6801/1944661180] -- command(tid 1: {"prefix": "mgr_status"}) -- 0x7f6fd8074730 con 0x7f6fc4041610
2026-03-10T07:19:41.709 INFO:teuthology.orchestra.run.vm00.stdout:/usr/bin/ceph: stderr
2026-03-10T07:19:41.653+0000 7f6fd57fa640 1 -- 192.168.123.100:0/4044655961 <== mgr.14118 v2:192.168.123.100:6800/1944661180 2 ==== command_reply(tid 1: 0 ) ==== 8+0+51 (secure 0 0 0) 0x7f6fd8074730 con 0x7f6fc4041610
2026-03-10T07:19:41.709 INFO:teuthology.orchestra.run.vm00.stdout:/usr/bin/ceph: stderr
2026-03-10T07:19:41.653+0000 7f6fde471640 1 -- 192.168.123.100:0/4044655961 >> [v2:192.168.123.100:6800/1944661180,v1:192.168.123.100:6801/1944661180] conn(0x7f6fc4041610 msgr2=0x7f6fc4043a00 secure :-1 s=STATE_CONNECTION_ESTABLISHED l=1).mark_down
2026-03-10T07:19:41.709 INFO:teuthology.orchestra.run.vm00.stdout:/usr/bin/ceph: stderr
2026-03-10T07:19:41.653+0000 7f6fde471640 1 --2- 192.168.123.100:0/4044655961 >> [v2:192.168.123.100:6800/1944661180,v1:192.168.123.100:6801/1944661180] conn(0x7f6fc4041610 0x7f6fc4043a00 secure :-1 s=READY pgs=1 cs=0 l=1 rev1=1 crypto rx=0x7f6fd0003e00 tx=0x7f6fd0007410 comp rx=0 tx=0).stop
2026-03-10T07:19:41.709 INFO:teuthology.orchestra.run.vm00.stdout:/usr/bin/ceph: stderr
2026-03-10T07:19:41.653+0000 7f6fde471640 1 -- 192.168.123.100:0/4044655961 >> [v2:192.168.123.100:3300/0,v1:192.168.123.100:6789/0] conn(0x7f6fd81a3e20 msgr2=0x7f6fd81a2590 secure :-1 s=STATE_CONNECTION_ESTABLISHED l=1).mark_down
2026-03-10T07:19:41.709 INFO:teuthology.orchestra.run.vm00.stdout:/usr/bin/ceph: stderr
2026-03-10T07:19:41.653+0000 7f6fde471640 1 --2- 192.168.123.100:0/4044655961 >> [v2:192.168.123.100:3300/0,v1:192.168.123.100:6789/0] conn(0x7f6fd81a3e20 0x7f6fd81a2590 secure :-1 s=READY pgs=27 cs=0 l=1 rev1=1 crypto rx=0x7f6fc8030780 tx=0x7f6fc8037640 comp rx=0 tx=0).stop
2026-03-10T07:19:41.709 INFO:teuthology.orchestra.run.vm00.stdout:/usr/bin/ceph: stderr
2026-03-10T07:19:41.653+0000 7f6fde471640 1 -- 192.168.123.100:0/4044655961 shutdown_connections
2026-03-10T07:19:41.709 INFO:teuthology.orchestra.run.vm00.stdout:/usr/bin/ceph: stderr
2026-03-10T07:19:41.653+0000 7f6fde471640 1 --2- 192.168.123.100:0/4044655961 >> [v2:192.168.123.100:6800/1944661180,v1:192.168.123.100:6801/1944661180] conn(0x7f6fc4041610 0x7f6fc4043a00 unknown :-1 s=CLOSED pgs=1 cs=0 l=1 rev1=1 crypto rx=0 tx=0 comp rx=0 tx=0).stop
2026-03-10T07:19:41.709 INFO:teuthology.orchestra.run.vm00.stdout:/usr/bin/ceph: stderr
2026-03-10T07:19:41.653+0000 7f6fde471640 1 --2- 192.168.123.100:0/4044655961 >> [v2:192.168.123.100:6800/2344477988,v1:192.168.123.100:6801/2344477988] conn(0x7f6fc403dcc0 0x7f6fc4040180 unknown :-1 s=CLOSED pgs=0 cs=0 l=1 rev1=0 crypto rx=0 tx=0 comp rx=0 tx=0).stop
2026-03-10T07:19:41.709 INFO:teuthology.orchestra.run.vm00.stdout:/usr/bin/ceph: stderr
2026-03-10T07:19:41.653+0000 7f6fde471640 1 --2- 192.168.123.100:0/4044655961 >> [v2:192.168.123.100:3300/0,v1:192.168.123.100:6789/0] conn(0x7f6fd81a3e20 0x7f6fd81a2590 unknown :-1 s=CLOSED pgs=27 cs=0 l=1 rev1=1 crypto rx=0 tx=0 comp rx=0 tx=0).stop
2026-03-10T07:19:41.709 INFO:teuthology.orchestra.run.vm00.stdout:/usr/bin/ceph: stderr
2026-03-10T07:19:41.653+0000 7f6fde471640 1 -- 192.168.123.100:0/4044655961 >> 192.168.123.100:0/4044655961 conn(0x7f6fd806fa60 msgr2=0x7f6fd8070390 unknown :-1 s=STATE_NONE l=0).mark_down
2026-03-10T07:19:41.709 INFO:teuthology.orchestra.run.vm00.stdout:/usr/bin/ceph: stderr
2026-03-10T07:19:41.653+0000 7f6fde471640 1 -- 192.168.123.100:0/4044655961 shutdown_connections
2026-03-10T07:19:41.709 INFO:teuthology.orchestra.run.vm00.stdout:/usr/bin/ceph: stderr
2026-03-10T07:19:41.653+0000 7f6fde471640 1 -- 192.168.123.100:0/4044655961 wait complete.
2026-03-10T07:19:41.709 INFO:teuthology.orchestra.run.vm00.stdout:mgr epoch 4 is available
2026-03-10T07:19:41.709 INFO:teuthology.orchestra.run.vm00.stdout:Setting orchestrator backend to cephadm...
2026-03-10T07:19:42.081 INFO:journalctl@ceph.mon.a.vm00.stdout:Mar 10 07:19:41 vm00 bash[20701]: cephadm
2026-03-10T07:19:40.660275+0000 mgr.y (mgr.14118) 1 : cephadm [INF] Found migration_current of "None". Setting to last migration.
2026-03-10T07:19:42.081 INFO:journalctl@ceph.mon.a.vm00.stdout:Mar 10 07:19:41 vm00 bash[20701]: cephadm
2026-03-10T07:19:40.660275+0000 mgr.y (mgr.14118) 1 : cephadm [INF] Found migration_current of "None". Setting to last migration.
2026-03-10T07:19:42.081 INFO:journalctl@ceph.mon.a.vm00.stdout:Mar 10 07:19:41 vm00 bash[20701]: audit
2026-03-10T07:19:40.694601+0000 mon.a (mon.0) 50 : audit [INF] from='mgr.14118 192.168.123.100:0/3853501618' entity='mgr.y' cmd=[{"prefix":"config rm","who":"mgr","name":"mgr/rbd_support/y/trash_purge_schedule"}]: dispatch
2026-03-10T07:19:42.081 INFO:journalctl@ceph.mon.a.vm00.stdout:Mar 10 07:19:41 vm00 bash[20701]: audit
2026-03-10T07:19:40.694601+0000 mon.a (mon.0) 50 : audit [INF] from='mgr.14118 192.168.123.100:0/3853501618' entity='mgr.y' cmd=[{"prefix":"config rm","who":"mgr","name":"mgr/rbd_support/y/trash_purge_schedule"}]: dispatch
2026-03-10T07:19:42.081 INFO:journalctl@ceph.mon.a.vm00.stdout:Mar 10 07:19:41 vm00 bash[20701]: audit
2026-03-10T07:19:41.118591+0000 mon.a (mon.0) 51 : audit [INF] from='mgr.14118 192.168.123.100:0/3853501618' entity='mgr.y'
2026-03-10T07:19:42.081 INFO:journalctl@ceph.mon.a.vm00.stdout:Mar 10 07:19:41 vm00 bash[20701]: audit
2026-03-10T07:19:41.118591+0000 mon.a (mon.0) 51 : audit [INF] from='mgr.14118 192.168.123.100:0/3853501618' entity='mgr.y'
2026-03-10T07:19:42.081 INFO:journalctl@ceph.mon.a.vm00.stdout:Mar 10 07:19:41 vm00 bash[20701]: audit
2026-03-10T07:19:41.121524+0000 mon.a (mon.0) 52 : audit [INF] from='mgr.14118 192.168.123.100:0/3853501618' entity='mgr.y'
2026-03-10T07:19:42.081 INFO:journalctl@ceph.mon.a.vm00.stdout:Mar 10 07:19:41 vm00 bash[20701]: audit
2026-03-10T07:19:41.121524+0000 mon.a (mon.0) 52 : audit [INF] from='mgr.14118 192.168.123.100:0/3853501618' entity='mgr.y'
2026-03-10T07:19:42.081 INFO:journalctl@ceph.mon.a.vm00.stdout:Mar 10 07:19:41 vm00 bash[20701]: cluster
2026-03-10T07:19:41.652321+0000 mon.a (mon.0) 53 : cluster [DBG] mgrmap e6: y(active, since 1.0141s)
2026-03-10T07:19:42.081 INFO:journalctl@ceph.mon.a.vm00.stdout:Mar 10 07:19:41 vm00 bash[20701]: cluster
2026-03-10T07:19:41.652321+0000 mon.a (mon.0) 53 : cluster [DBG] mgrmap e6: y(active, since 1.0141s)
2026-03-10T07:19:42.182 INFO:teuthology.orchestra.run.vm00.stdout:/usr/bin/ceph: stderr
2026-03-10T07:19:41.845+0000 7f61a1741640 1 Processor -- start
2026-03-10T07:19:42.182 INFO:teuthology.orchestra.run.vm00.stdout:/usr/bin/ceph: stderr
2026-03-10T07:19:41.845+0000 7f61a1741640 1 -- start start
2026-03-10T07:19:42.182 INFO:teuthology.orchestra.run.vm00.stdout:/usr/bin/ceph: stderr
2026-03-10T07:19:41.845+0000 7f61a1741640 1 --2- >> [v2:192.168.123.100:3300/0,v1:192.168.123.100:6789/0] conn(0x7f619c07d170 0x7f619c07d570 unknown :-1 s=NONE pgs=0 cs=0 l=0 rev1=0 crypto rx=0 tx=0 comp rx=0 tx=0).connect
2026-03-10T07:19:42.182 INFO:teuthology.orchestra.run.vm00.stdout:/usr/bin/ceph: stderr
2026-03-10T07:19:41.845+0000 7f61a1741640 1 -- --> [v2:192.168.123.100:3300/0,v1:192.168.123.100:6789/0] -- mon_getmap magic: 0 -- 0x7f619c07db40 con 0x7f619c07d170
2026-03-10T07:19:42.182 INFO:teuthology.orchestra.run.vm00.stdout:/usr/bin/ceph: stderr
2026-03-10T07:19:41.853+0000 7f619affd640 1 --2- >> [v2:192.168.123.100:3300/0,v1:192.168.123.100:6789/0] conn(0x7f619c07d170 0x7f619c07d570 unknown :-1 s=BANNER_CONNECTING pgs=0 cs=0 l=0 rev1=0 crypto rx=0 tx=0 comp rx=0 tx=0)._handle_peer_banner_payload supported=3 required=0
2026-03-10T07:19:42.182 INFO:teuthology.orchestra.run.vm00.stdout:/usr/bin/ceph: stderr
2026-03-10T07:19:41.853+0000 7f619affd640 1 --2- >> [v2:192.168.123.100:3300/0,v1:192.168.123.100:6789/0] conn(0x7f619c07d170 0x7f619c07d570 unknown :-1 s=HELLO_CONNECTING pgs=0 cs=0 l=0 rev1=1 crypto rx=0 tx=0 comp rx=0 tx=0).handle_hello peer v2:192.168.123.100:3300/0 says I am v2:192.168.123.100:40292/0 (socket says 192.168.123.100:40292)
2026-03-10T07:19:42.182 INFO:teuthology.orchestra.run.vm00.stdout:/usr/bin/ceph: stderr
2026-03-10T07:19:41.853+0000 7f619affd640 1 -- 192.168.123.100:0/3425927920 learned_addr learned my addr 192.168.123.100:0/3425927920 (peer_addr_for_me v2:192.168.123.100:0/0)
2026-03-10T07:19:42.182 INFO:teuthology.orchestra.run.vm00.stdout:/usr/bin/ceph: stderr
2026-03-10T07:19:41.853+0000 7f619affd640 1 -- 192.168.123.100:0/3425927920 --> [v2:192.168.123.100:3300/0,v1:192.168.123.100:6789/0] -- mon_subscribe({config=0+,monmap=0+}) -- 0x7f619c07e3c0 con 0x7f619c07d170
2026-03-10T07:19:42.182 INFO:teuthology.orchestra.run.vm00.stdout:/usr/bin/ceph: stderr
2026-03-10T07:19:41.853+0000 7f619affd640 1 --2- 192.168.123.100:0/3425927920 >> [v2:192.168.123.100:3300/0,v1:192.168.123.100:6789/0] conn(0x7f619c07d170 0x7f619c07d570 secure :-1 s=READY pgs=35 cs=0 l=1 rev1=1 crypto rx=0x7f6184009920 tx=0x7f618402ef20 comp rx=0 tx=0).ready entity=mon.0 client_cookie=27a43ccd00972638 server_cookie=0 in_seq=0 out_seq=0
2026-03-10T07:19:42.182 INFO:teuthology.orchestra.run.vm00.stdout:/usr/bin/ceph: stderr
2026-03-10T07:19:41.853+0000 7f6199ffb640 1 -- 192.168.123.100:0/3425927920 <== mon.0 v2:192.168.123.100:3300/0 1 ==== mon_map magic: 0 ==== 205+0+0 (secure 0 0 0) 0x7f618403c070 con 0x7f619c07d170
2026-03-10T07:19:42.182 INFO:teuthology.orchestra.run.vm00.stdout:/usr/bin/ceph: stderr
2026-03-10T07:19:41.853+0000 7f6199ffb640 1 -- 192.168.123.100:0/3425927920 <== mon.0 v2:192.168.123.100:3300/0 2 ==== config(23 keys) ==== 947+0+0 (secure 0 0 0) 0x7f6184037440 con 0x7f619c07d170
2026-03-10T07:19:42.182 INFO:teuthology.orchestra.run.vm00.stdout:/usr/bin/ceph: stderr
2026-03-10T07:19:41.853+0000 7f61a1741640 1 -- 192.168.123.100:0/3425927920 >> [v2:192.168.123.100:3300/0,v1:192.168.123.100:6789/0] conn(0x7f619c07d170 msgr2=0x7f619c07d570 secure :-1 s=STATE_CONNECTION_ESTABLISHED l=1).mark_down
2026-03-10T07:19:42.182 INFO:teuthology.orchestra.run.vm00.stdout:/usr/bin/ceph: stderr
2026-03-10T07:19:41.853+0000 7f61a1741640 1 --2- 192.168.123.100:0/3425927920 >> [v2:192.168.123.100:3300/0,v1:192.168.123.100:6789/0] conn(0x7f619c07d170 0x7f619c07d570 secure :-1 s=READY pgs=35 cs=0 l=1 rev1=1 crypto rx=0x7f6184009920 tx=0x7f618402ef20 comp rx=0 tx=0).stop
2026-03-10T07:19:42.182 INFO:teuthology.orchestra.run.vm00.stdout:/usr/bin/ceph: stderr
2026-03-10T07:19:41.853+0000 7f61a1741640 1 -- 192.168.123.100:0/3425927920 shutdown_connections
2026-03-10T07:19:42.182 INFO:teuthology.orchestra.run.vm00.stdout:/usr/bin/ceph: stderr
2026-03-10T07:19:41.853+0000 7f61a1741640 1 --2- 192.168.123.100:0/3425927920 >> [v2:192.168.123.100:3300/0,v1:192.168.123.100:6789/0] conn(0x7f619c07d170 0x7f619c07d570 unknown :-1 s=CLOSED pgs=35 cs=0 l=1 rev1=1 crypto rx=0 tx=0 comp rx=0 tx=0).stop
2026-03-10T07:19:42.182 INFO:teuthology.orchestra.run.vm00.stdout:/usr/bin/ceph: stderr
2026-03-10T07:19:41.853+0000 7f61a1741640 1 -- 192.168.123.100:0/3425927920 >> 192.168.123.100:0/3425927920 conn(0x7f619c07bd50 msgr2=0x7f619c07c1a0 unknown :-1 s=STATE_NONE l=0).mark_down
2026-03-10T07:19:42.182 INFO:teuthology.orchestra.run.vm00.stdout:/usr/bin/ceph: stderr
2026-03-10T07:19:41.853+0000 7f61a1741640 1 -- 192.168.123.100:0/3425927920 shutdown_connections
2026-03-10T07:19:42.182 INFO:teuthology.orchestra.run.vm00.stdout:/usr/bin/ceph: stderr
2026-03-10T07:19:41.853+0000 7f61a1741640 1 -- 192.168.123.100:0/3425927920 wait complete.
2026-03-10T07:19:42.182 INFO:teuthology.orchestra.run.vm00.stdout:/usr/bin/ceph: stderr
2026-03-10T07:19:41.853+0000 7f61a1741640 1 Processor -- start
2026-03-10T07:19:42.182 INFO:teuthology.orchestra.run.vm00.stdout:/usr/bin/ceph: stderr
2026-03-10T07:19:41.853+0000 7f61a1741640 1 -- start start
2026-03-10T07:19:42.182 INFO:teuthology.orchestra.run.vm00.stdout:/usr/bin/ceph: stderr
2026-03-10T07:19:41.853+0000 7f61a1741640 1 --2- >> [v2:192.168.123.100:3300/0,v1:192.168.123.100:6789/0] conn(0x7f619c197c40 0x7f619c198060 unknown :-1 s=NONE pgs=0 cs=0 l=1 rev1=0 crypto rx=0 tx=0 comp rx=0 tx=0).connect
2026-03-10T07:19:42.182 INFO:teuthology.orchestra.run.vm00.stdout:/usr/bin/ceph: stderr
2026-03-10T07:19:41.853+0000 7f61a1741640 1 -- --> [v2:192.168.123.100:3300/0,v1:192.168.123.100:6789/0] -- mon_getmap magic: 0 -- 0x7f619c07f0c0 con 0x7f619c197c40
2026-03-10T07:19:42.182 INFO:teuthology.orchestra.run.vm00.stdout:/usr/bin/ceph: stderr
2026-03-10T07:19:41.853+0000 7f619affd640 1 --2- >> [v2:192.168.123.100:3300/0,v1:192.168.123.100:6789/0] conn(0x7f619c197c40 0x7f619c198060 unknown :-1 s=BANNER_CONNECTING pgs=0 cs=0 l=1 rev1=0 crypto rx=0 tx=0 comp rx=0 tx=0)._handle_peer_banner_payload supported=3 required=0
2026-03-10T07:19:42.182 INFO:teuthology.orchestra.run.vm00.stdout:/usr/bin/ceph: stderr
2026-03-10T07:19:41.853+0000 7f619affd640 1 --2- >> [v2:192.168.123.100:3300/0,v1:192.168.123.100:6789/0] conn(0x7f619c197c40 0x7f619c198060 unknown :-1 s=HELLO_CONNECTING pgs=0 cs=0 l=1 rev1=1 crypto rx=0 tx=0 comp rx=0 tx=0).handle_hello peer v2:192.168.123.100:3300/0 says I am v2:192.168.123.100:40302/0 (socket says 192.168.123.100:40302)
2026-03-10T07:19:42.182 INFO:teuthology.orchestra.run.vm00.stdout:/usr/bin/ceph: stderr
2026-03-10T07:19:41.853+0000 7f619affd640 1 -- 192.168.123.100:0/1067087805 learned_addr learned my addr 192.168.123.100:0/1067087805 (peer_addr_for_me v2:192.168.123.100:0/0)
2026-03-10T07:19:42.182 INFO:teuthology.orchestra.run.vm00.stdout:/usr/bin/ceph: stderr
2026-03-10T07:19:41.853+0000 7f619affd640 1 -- 192.168.123.100:0/1067087805 --> [v2:192.168.123.100:3300/0,v1:192.168.123.100:6789/0] -- mon_subscribe({config=0+,monmap=0+}) -- 0x7f619c1985a0 con 0x7f619c197c40
2026-03-10T07:19:42.182 INFO:teuthology.orchestra.run.vm00.stdout:/usr/bin/ceph: stderr
2026-03-10T07:19:41.853+0000 7f619affd640 1 --2- 192.168.123.100:0/1067087805 >> [v2:192.168.123.100:3300/0,v1:192.168.123.100:6789/0] conn(0x7f619c197c40 0x7f619c198060 secure :-1 s=READY pgs=36 cs=0 l=1 rev1=1 crypto rx=0x7f6184035b50 tx=0x7f6184035b80 comp rx=0 tx=0).ready entity=mon.0 client_cookie=0 server_cookie=0 in_seq=0 out_seq=0
2026-03-10T07:19:42.182 INFO:teuthology.orchestra.run.vm00.stdout:/usr/bin/ceph: stderr
2026-03-10T07:19:41.853+0000 7f617bfff640 1 -- 192.168.123.100:0/1067087805 <== mon.0 v2:192.168.123.100:3300/0 1 ==== mon_map magic: 0 ==== 205+0+0 (secure 0 0 0) 0x7f6184045070 con 0x7f619c197c40
2026-03-10T07:19:42.182 INFO:teuthology.orchestra.run.vm00.stdout:/usr/bin/ceph: stderr
2026-03-10T07:19:41.853+0000 7f617bfff640 1 -- 192.168.123.100:0/1067087805 <== mon.0 v2:192.168.123.100:3300/0 2 ==== config(23 keys) ==== 947+0+0 (secure 0 0 0) 0x7f618402fdd0 con 0x7f619c197c40
2026-03-10T07:19:42.182 INFO:teuthology.orchestra.run.vm00.stdout:/usr/bin/ceph: stderr
2026-03-10T07:19:41.853+0000 7f617bfff640 1 -- 192.168.123.100:0/1067087805 <== mon.0 v2:192.168.123.100:3300/0 3 ==== mon_map magic: 0 ==== 205+0+0 (secure 0 0 0) 0x7f618403c050 con 0x7f619c197c40
2026-03-10T07:19:42.182 INFO:teuthology.orchestra.run.vm00.stdout:/usr/bin/ceph: stderr
2026-03-10T07:19:41.853+0000 7f61a1741640 1 -- 192.168.123.100:0/1067087805 --> [v2:192.168.123.100:3300/0,v1:192.168.123.100:6789/0] -- mon_subscribe({mgrmap=0+}) -- 0x7f619c198830 con 0x7f619c197c40
2026-03-10T07:19:42.182 INFO:teuthology.orchestra.run.vm00.stdout:/usr/bin/ceph: stderr
2026-03-10T07:19:41.853+0000 7f61a1741640 1 -- 192.168.123.100:0/1067087805 --> [v2:192.168.123.100:3300/0,v1:192.168.123.100:6789/0] -- mon_subscribe({osdmap=0}) -- 0x7f619c19b390 con 0x7f619c197c40
2026-03-10T07:19:42.182 INFO:teuthology.orchestra.run.vm00.stdout:/usr/bin/ceph: stderr
2026-03-10T07:19:41.853+0000 7f617bfff640 1 -- 192.168.123.100:0/1067087805 <== mon.0 v2:192.168.123.100:3300/0 4 ==== mgrmap(e 6) ==== 50141+0+0 (secure 0 0 0) 0x7f618404a430 con 0x7f619c197c40
2026-03-10T07:19:42.182 INFO:teuthology.orchestra.run.vm00.stdout:/usr/bin/ceph: stderr
2026-03-10T07:19:41.857+0000 7f61a1741640 1 -- 192.168.123.100:0/1067087805 --> [v2:192.168.123.100:3300/0,v1:192.168.123.100:6789/0] -- mon_command({"prefix": "get_command_descriptions"} v 0) -- 0x7f6160005180 con 0x7f619c197c40
2026-03-10T07:19:42.182 INFO:teuthology.orchestra.run.vm00.stdout:/usr/bin/ceph: stderr
2026-03-10T07:19:41.857+0000 7f617bfff640 1 --2- 192.168.123.100:0/1067087805 >> [v2:192.168.123.100:6800/1944661180,v1:192.168.123.100:6801/1944661180] conn(0x7f617003db20 0x7f617003ffe0 unknown :-1 s=NONE pgs=0 cs=0 l=1 rev1=0 crypto rx=0 tx=0 comp rx=0 tx=0).connect
2026-03-10T07:19:42.182 INFO:teuthology.orchestra.run.vm00.stdout:/usr/bin/ceph: stderr
2026-03-10T07:19:41.857+0000 7f617bfff640 1 -- 192.168.123.100:0/1067087805 <== mon.0 v2:192.168.123.100:3300/0 5 ==== osd_map(2..2 src has 1..2) ==== 940+0+0 (secure 0 0 0) 0x7f6184076d30 con 0x7f619c197c40
2026-03-10T07:19:42.182 INFO:teuthology.orchestra.run.vm00.stdout:/usr/bin/ceph: stderr
2026-03-10T07:19:41.857+0000 7f619a7fc640 1 --2- 192.168.123.100:0/1067087805 >> [v2:192.168.123.100:6800/1944661180,v1:192.168.123.100:6801/1944661180] conn(0x7f617003db20 0x7f617003ffe0 unknown :-1 s=BANNER_CONNECTING pgs=0 cs=0 l=1 rev1=0 crypto rx=0 tx=0 comp rx=0 tx=0)._handle_peer_banner_payload supported=3 required=0
2026-03-10T07:19:42.182 INFO:teuthology.orchestra.run.vm00.stdout:/usr/bin/ceph: stderr
2026-03-10T07:19:41.861+0000 7f617bfff640 1 -- 192.168.123.100:0/1067087805 <== mon.0 v2:192.168.123.100:3300/0 6 ==== mon_command_ack([{"prefix": "get_command_descriptions"}]=0 v0) ==== 72+0+195034 (secure 0 0 0) 0x7f618403c1f0 con 0x7f619c197c40
2026-03-10T07:19:42.182 INFO:teuthology.orchestra.run.vm00.stdout:/usr/bin/ceph: stderr
2026-03-10T07:19:41.861+0000 7f619a7fc640 1 --2- 192.168.123.100:0/1067087805 >> [v2:192.168.123.100:6800/1944661180,v1:192.168.123.100:6801/1944661180] conn(0x7f617003db20 0x7f617003ffe0 secure :-1 s=READY pgs=7 cs=0 l=1 rev1=1 crypto rx=0x7f618c00ad30 tx=0x7f618c0093f0 comp rx=0 tx=0).ready entity=mgr.14118 client_cookie=0 server_cookie=0 in_seq=0 out_seq=0
2026-03-10T07:19:42.182 INFO:teuthology.orchestra.run.vm00.stdout:/usr/bin/ceph: stderr
2026-03-10T07:19:41.973+0000 7f61a1741640 1 -- 192.168.123.100:0/1067087805 --> [v2:192.168.123.100:6800/1944661180,v1:192.168.123.100:6801/1944661180] -- mgr_command(tid 0: {"prefix": "orch set backend", "module_name": "cephadm", "target": ["mon-mgr", ""]}) -- 0x7f6160002bf0 con 0x7f617003db20
2026-03-10T07:19:42.182 INFO:teuthology.orchestra.run.vm00.stdout:/usr/bin/ceph: stderr
2026-03-10T07:19:42.057+0000 7f617bfff640 1 -- 192.168.123.100:0/1067087805 <== mgr.14118 v2:192.168.123.100:6800/1944661180 1 ==== mgr_command_reply(tid 0: 0 ) ==== 8+0+0 (secure 0 0 0) 0x7f6160002bf0 con 0x7f617003db20
2026-03-10T07:19:42.182 INFO:teuthology.orchestra.run.vm00.stdout:/usr/bin/ceph: stderr
2026-03-10T07:19:42.061+0000 7f61a1741640 1 -- 192.168.123.100:0/1067087805 >> [v2:192.168.123.100:6800/1944661180,v1:192.168.123.100:6801/1944661180] conn(0x7f617003db20 msgr2=0x7f617003ffe0 secure :-1 s=STATE_CONNECTION_ESTABLISHED l=1).mark_down
2026-03-10T07:19:42.182 INFO:teuthology.orchestra.run.vm00.stdout:/usr/bin/ceph: stderr
2026-03-10T07:19:42.061+0000 7f61a1741640 1 --2- 192.168.123.100:0/1067087805 >> [v2:192.168.123.100:6800/1944661180,v1:192.168.123.100:6801/1944661180] conn(0x7f617003db20 0x7f617003ffe0 secure :-1 s=READY pgs=7 cs=0 l=1 rev1=1 crypto rx=0x7f618c00ad30 tx=0x7f618c0093f0 comp rx=0 tx=0).stop
2026-03-10T07:19:42.182 INFO:teuthology.orchestra.run.vm00.stdout:/usr/bin/ceph: stderr
2026-03-10T07:19:42.061+0000 7f61a1741640 1 -- 192.168.123.100:0/1067087805 >> [v2:192.168.123.100:3300/0,v1:192.168.123.100:6789/0] conn(0x7f619c197c40 msgr2=0x7f619c198060 secure :-1 s=STATE_CONNECTION_ESTABLISHED l=1).mark_down
2026-03-10T07:19:42.182 INFO:teuthology.orchestra.run.vm00.stdout:/usr/bin/ceph: stderr
2026-03-10T07:19:42.061+0000 7f61a1741640 1 --2- 192.168.123.100:0/1067087805 >> [v2:192.168.123.100:3300/0,v1:192.168.123.100:6789/0] conn(0x7f619c197c40 0x7f619c198060 secure :-1 s=READY pgs=36 cs=0 l=1 rev1=1 crypto rx=0x7f6184035b50 tx=0x7f6184035b80 comp rx=0 tx=0).stop
2026-03-10T07:19:42.182 INFO:teuthology.orchestra.run.vm00.stdout:/usr/bin/ceph: stderr
2026-03-10T07:19:42.061+0000 7f61a1741640 1 -- 192.168.123.100:0/1067087805 shutdown_connections
2026-03-10T07:19:42.182 INFO:teuthology.orchestra.run.vm00.stdout:/usr/bin/ceph: stderr
2026-03-10T07:19:42.061+0000 7f61a1741640 1 --2- 192.168.123.100:0/1067087805 >> [v2:192.168.123.100:6800/1944661180,v1:192.168.123.100:6801/1944661180] conn(0x7f617003db20 0x7f617003ffe0 unknown :-1 s=CLOSED pgs=7 cs=0 l=1 rev1=1 crypto rx=0 tx=0 comp rx=0 tx=0).stop
2026-03-10T07:19:42.183 INFO:teuthology.orchestra.run.vm00.stdout:/usr/bin/ceph: stderr
2026-03-10T07:19:42.061+0000 7f61a1741640 1 --2- 192.168.123.100:0/1067087805 >> [v2:192.168.123.100:3300/0,v1:192.168.123.100:6789/0] conn(0x7f619c197c40 0x7f619c198060 unknown :-1 s=CLOSED pgs=36 cs=0 l=1 rev1=1 crypto rx=0 tx=0 comp rx=0 tx=0).stop
2026-03-10T07:19:42.183 INFO:teuthology.orchestra.run.vm00.stdout:/usr/bin/ceph: stderr
2026-03-10T07:19:42.061+0000 7f61a1741640 1 -- 192.168.123.100:0/1067087805 >> 192.168.123.100:0/1067087805 conn(0x7f619c07bd50 msgr2=0x7f619c106eb0 unknown :-1 s=STATE_NONE l=0).mark_down
2026-03-10T07:19:42.183 INFO:teuthology.orchestra.run.vm00.stdout:/usr/bin/ceph: stderr
2026-03-10T07:19:42.061+0000 7f61a1741640 1 -- 192.168.123.100:0/1067087805 shutdown_connections
2026-03-10T07:19:42.183 INFO:teuthology.orchestra.run.vm00.stdout:/usr/bin/ceph: stderr
2026-03-10T07:19:42.061+0000 7f61a1741640 1 -- 192.168.123.100:0/1067087805 wait complete.
2026-03-10T07:19:42.650 INFO:teuthology.orchestra.run.vm00.stdout:/usr/bin/ceph: stdout value unchanged
2026-03-10T07:19:42.650 INFO:teuthology.orchestra.run.vm00.stdout:/usr/bin/ceph: stderr
2026-03-10T07:19:42.385+0000 7f017d163640 1 Processor -- start
2026-03-10T07:19:42.651 INFO:teuthology.orchestra.run.vm00.stdout:/usr/bin/ceph: stderr
2026-03-10T07:19:42.385+0000 7f017d163640 1 -- start start
2026-03-10T07:19:42.651 INFO:teuthology.orchestra.run.vm00.stdout:/usr/bin/ceph: stderr
2026-03-10T07:19:42.385+0000 7f017d163640 1 --2- >> [v2:192.168.123.100:3300/0,v1:192.168.123.100:6789/0] conn(0x7f017807c750 0x7f017807abb0 unknown :-1 s=NONE pgs=0 cs=0 l=0 rev1=0 crypto rx=0 tx=0 comp rx=0 tx=0).connect
2026-03-10T07:19:42.651 INFO:teuthology.orchestra.run.vm00.stdout:/usr/bin/ceph: stderr
2026-03-10T07:19:42.385+0000 7f017d163640 1 -- --> [v2:192.168.123.100:3300/0,v1:192.168.123.100:6789/0] -- mon_getmap magic: 0 -- 0x7f017807b0f0 con 0x7f017807c750
2026-03-10T07:19:42.651 INFO:teuthology.orchestra.run.vm00.stdout:/usr/bin/ceph: stderr
2026-03-10T07:19:42.385+0000 7f0176d76640 1 --2- >> [v2:192.168.123.100:3300/0,v1:192.168.123.100:6789/0] conn(0x7f017807c750 0x7f017807abb0 unknown :-1 s=BANNER_CONNECTING pgs=0 cs=0 l=0 rev1=0 crypto rx=0 tx=0 comp rx=0 tx=0)._handle_peer_banner_payload supported=3 required=0
2026-03-10T07:19:42.651 INFO:teuthology.orchestra.run.vm00.stdout:/usr/bin/ceph: stderr
2026-03-10T07:19:42.385+0000 7f0176d76640 1 --2- >> [v2:192.168.123.100:3300/0,v1:192.168.123.100:6789/0] conn(0x7f017807c750 0x7f017807abb0 unknown :-1 s=HELLO_CONNECTING pgs=0 cs=0 l=0 rev1=1 crypto rx=0 tx=0 comp rx=0 tx=0).handle_hello peer v2:192.168.123.100:3300/0 says I am v2:192.168.123.100:40312/0 (socket says 192.168.123.100:40312)
2026-03-10T07:19:42.651 INFO:teuthology.orchestra.run.vm00.stdout:/usr/bin/ceph: stderr
2026-03-10T07:19:42.385+0000 7f0176d76640 1 -- 192.168.123.100:0/1511451298 learned_addr learned my addr 192.168.123.100:0/1511451298 (peer_addr_for_me v2:192.168.123.100:0/0)
2026-03-10T07:19:42.651 INFO:teuthology.orchestra.run.vm00.stdout:/usr/bin/ceph: stderr
2026-03-10T07:19:42.385+0000 7f0176d76640 1 -- 192.168.123.100:0/1511451298 --> [v2:192.168.123.100:3300/0,v1:192.168.123.100:6789/0] -- mon_subscribe({config=0+,monmap=0+}) -- 0x7f017807b270 con 0x7f017807c750
2026-03-10T07:19:42.651 INFO:teuthology.orchestra.run.vm00.stdout:/usr/bin/ceph: stderr
2026-03-10T07:19:42.389+0000 7f0176d76640 1 --2- 192.168.123.100:0/1511451298 >> [v2:192.168.123.100:3300/0,v1:192.168.123.100:6789/0] conn(0x7f017807c750 0x7f017807abb0 secure :-1 s=READY pgs=37 cs=0 l=1 rev1=1 crypto rx=0x7f0160009920 tx=0x7f016002ef20 comp rx=0 tx=0).ready entity=mon.0 client_cookie=d6d3fa5b12665c27 server_cookie=0 in_seq=0 out_seq=0
2026-03-10T07:19:42.651 INFO:teuthology.orchestra.run.vm00.stdout:/usr/bin/ceph: stderr
2026-03-10T07:19:42.389+0000 7f0175d74640 1 -- 192.168.123.100:0/1511451298 <== mon.0 v2:192.168.123.100:3300/0 1 ==== mon_map magic: 0 ==== 205+0+0 (secure 0 0 0) 0x7f016003c070 con 0x7f017807c750
2026-03-10T07:19:42.651 INFO:teuthology.orchestra.run.vm00.stdout:/usr/bin/ceph: stderr
2026-03-10T07:19:42.389+0000 7f0175d74640 1 -- 192.168.123.100:0/1511451298 <== mon.0 v2:192.168.123.100:3300/0 2 ==== config(23 keys) ==== 947+0+0 (secure 0 0 0) 0x7f0160037440 con 0x7f017807c750
2026-03-10T07:19:42.651 INFO:teuthology.orchestra.run.vm00.stdout:/usr/bin/ceph: stderr
2026-03-10T07:19:42.389+0000 7f017d163640 1 -- 192.168.123.100:0/1511451298 >> [v2:192.168.123.100:3300/0,v1:192.168.123.100:6789/0] conn(0x7f017807c750 msgr2=0x7f017807abb0 secure :-1 s=STATE_CONNECTION_ESTABLISHED l=1).mark_down
2026-03-10T07:19:42.651 INFO:teuthology.orchestra.run.vm00.stdout:/usr/bin/ceph: stderr
2026-03-10T07:19:42.389+0000 7f017d163640 1 --2- 192.168.123.100:0/1511451298 >> [v2:192.168.123.100:3300/0,v1:192.168.123.100:6789/0] conn(0x7f017807c750 0x7f017807abb0 secure :-1 s=READY pgs=37 cs=0 l=1 rev1=1 crypto rx=0x7f0160009920 tx=0x7f016002ef20 comp rx=0 tx=0).stop
2026-03-10T07:19:42.651 INFO:teuthology.orchestra.run.vm00.stdout:/usr/bin/ceph: stderr
2026-03-10T07:19:42.389+0000 7f017d163640 1 -- 192.168.123.100:0/1511451298 shutdown_connections
2026-03-10T07:19:42.651 INFO:teuthology.orchestra.run.vm00.stdout:/usr/bin/ceph: stderr
2026-03-10T07:19:42.389+0000 7f017d163640 1 --2- 192.168.123.100:0/1511451298 >> [v2:192.168.123.100:3300/0,v1:192.168.123.100:6789/0] conn(0x7f017807c750 0x7f017807abb0 unknown :-1 s=CLOSED pgs=37 cs=0 l=1 rev1=1 crypto rx=0 tx=0 comp rx=0 tx=0).stop
2026-03-10T07:19:42.651 INFO:teuthology.orchestra.run.vm00.stdout:/usr/bin/ceph: stderr
2026-03-10T07:19:42.389+0000 7f017d163640 1 -- 192.168.123.100:0/1511451298 >> 192.168.123.100:0/1511451298 conn(0x7f0178101d30 msgr2=0x7f0178104170 unknown :-1 s=STATE_NONE l=0).mark_down
2026-03-10T07:19:42.651 INFO:teuthology.orchestra.run.vm00.stdout:/usr/bin/ceph: stderr
2026-03-10T07:19:42.389+0000 7f017d163640 1 -- 192.168.123.100:0/1511451298 shutdown_connections
2026-03-10T07:19:42.651 INFO:teuthology.orchestra.run.vm00.stdout:/usr/bin/ceph: stderr
2026-03-10T07:19:42.389+0000 7f017d163640 1 -- 192.168.123.100:0/1511451298 wait complete.
2026-03-10T07:19:42.651 INFO:teuthology.orchestra.run.vm00.stdout:/usr/bin/ceph: stderr
2026-03-10T07:19:42.389+0000 7f017d163640 1 Processor -- start
2026-03-10T07:19:42.651 INFO:teuthology.orchestra.run.vm00.stdout:/usr/bin/ceph: stderr
2026-03-10T07:19:42.389+0000 7f017d163640 1 -- start start
2026-03-10T07:19:42.651 INFO:teuthology.orchestra.run.vm00.stdout:/usr/bin/ceph: stderr
2026-03-10T07:19:42.389+0000 7f017d163640 1 --2- >> [v2:192.168.123.100:3300/0,v1:192.168.123.100:6789/0] conn(0x7f017807c750 0x7f01781a2ba0 unknown :-1 s=NONE pgs=0 cs=0 l=1 rev1=0 crypto rx=0 tx=0 comp rx=0 tx=0).connect
2026-03-10T07:19:42.651 INFO:teuthology.orchestra.run.vm00.stdout:/usr/bin/ceph: stderr
2026-03-10T07:19:42.389+0000 7f017d163640 1 -- --> [v2:192.168.123.100:3300/0,v1:192.168.123.100:6789/0] -- mon_getmap magic: 0 -- 0x7f01781084a0 con 0x7f017807c750
2026-03-10T07:19:42.651 INFO:teuthology.orchestra.run.vm00.stdout:/usr/bin/ceph: stderr
2026-03-10T07:19:42.389+0000 7f0176d76640 1 --2- >> [v2:192.168.123.100:3300/0,v1:192.168.123.100:6789/0] conn(0x7f017807c750 0x7f01781a2ba0 unknown :-1 s=BANNER_CONNECTING pgs=0 cs=0 l=1 rev1=0 crypto rx=0 tx=0 comp rx=0 tx=0)._handle_peer_banner_payload supported=3 required=0
2026-03-10T07:19:42.651 INFO:teuthology.orchestra.run.vm00.stdout:/usr/bin/ceph: stderr
2026-03-10T07:19:42.389+0000 7f0176d76640 1 --2- >> [v2:192.168.123.100:3300/0,v1:192.168.123.100:6789/0] conn(0x7f017807c750 0x7f01781a2ba0 unknown :-1 s=HELLO_CONNECTING pgs=0 cs=0 l=1 rev1=1 crypto rx=0 tx=0 comp rx=0 tx=0).handle_hello peer v2:192.168.123.100:3300/0 says I am v2:192.168.123.100:40322/0 (socket says 192.168.123.100:40322)
2026-03-10T07:19:42.651 INFO:teuthology.orchestra.run.vm00.stdout:/usr/bin/ceph: stderr
2026-03-10T07:19:42.389+0000 7f0176d76640 1 -- 192.168.123.100:0/969240899 learned_addr learned my addr 192.168.123.100:0/969240899 (peer_addr_for_me v2:192.168.123.100:0/0)
2026-03-10T07:19:42.651 INFO:teuthology.orchestra.run.vm00.stdout:/usr/bin/ceph: stderr
2026-03-10T07:19:42.389+0000 7f0176d76640 1 -- 192.168.123.100:0/969240899 --> [v2:192.168.123.100:3300/0,v1:192.168.123.100:6789/0] -- mon_subscribe({config=0+,monmap=0+}) -- 0x7f01781a30e0 con 0x7f017807c750
2026-03-10T07:19:42.651 INFO:teuthology.orchestra.run.vm00.stdout:/usr/bin/ceph: stderr
2026-03-10T07:19:42.389+0000 7f0176d76640 1 --2- 192.168.123.100:0/969240899 >> [v2:192.168.123.100:3300/0,v1:192.168.123.100:6789/0] conn(0x7f017807c750 0x7f01781a2ba0 secure :-1 s=READY pgs=38 cs=0 l=1 rev1=1 crypto rx=0x7f0160037b40 tx=0x7f0160037b70 comp rx=0 tx=0).ready entity=mon.0 client_cookie=0 server_cookie=0 in_seq=0 out_seq=0
2026-03-10T07:19:42.651 INFO:teuthology.orchestra.run.vm00.stdout:/usr/bin/ceph: stderr
2026-03-10T07:19:42.389+0000 7f0157fff640 1 -- 192.168.123.100:0/969240899 <== mon.0 v2:192.168.123.100:3300/0 1 ==== mon_map magic: 0 ==== 205+0+0 (secure 0 0 0) 0x7f016003c070 con 0x7f017807c750
2026-03-10T07:19:42.651 INFO:teuthology.orchestra.run.vm00.stdout:/usr/bin/ceph: stderr
2026-03-10T07:19:42.389+0000 7f017d163640 1 -- 192.168.123.100:0/969240899 --> [v2:192.168.123.100:3300/0,v1:192.168.123.100:6789/0] -- mon_subscribe({mgrmap=0+}) -- 0x7f01781a3370 con 0x7f017807c750
2026-03-10T07:19:42.651 INFO:teuthology.orchestra.run.vm00.stdout:/usr/bin/ceph: stderr
2026-03-10T07:19:42.389+0000 7f017d163640 1 -- 192.168.123.100:0/969240899 --> [v2:192.168.123.100:3300/0,v1:192.168.123.100:6789/0] -- mon_subscribe({osdmap=0}) -- 0x7f01781a6060 con 0x7f017807c750
2026-03-10T07:19:42.651 INFO:teuthology.orchestra.run.vm00.stdout:/usr/bin/ceph: stderr
2026-03-10T07:19:42.389+0000 7f0157fff640 1 -- 192.168.123.100:0/969240899 <== mon.0 v2:192.168.123.100:3300/0 2 ==== config(23 keys) ==== 947+0+0 (secure 0 0 0) 0x7f0160045070 con 0x7f017807c750
2026-03-10T07:19:42.651 INFO:teuthology.orchestra.run.vm00.stdout:/usr/bin/ceph: stderr
2026-03-10T07:19:42.389+0000 7f0157fff640 1 -- 192.168.123.100:0/969240899 <== mon.0 v2:192.168.123.100:3300/0 3 ==== mon_map magic: 0 ==== 205+0+0 (secure 0 0 0) 0x7f0160040a60 con 0x7f017807c750
2026-03-10T07:19:42.651 INFO:teuthology.orchestra.run.vm00.stdout:/usr/bin/ceph: stderr
2026-03-10T07:19:42.393+0000 7f0157fff640 1 -- 192.168.123.100:0/969240899 <== mon.0 v2:192.168.123.100:3300/0 4 ==== mgrmap(e 6) ==== 50141+0+0 (secure 0 0 0) 0x7f016004a460 con 0x7f017807c750
2026-03-10T07:19:42.651 INFO:teuthology.orchestra.run.vm00.stdout:/usr/bin/ceph: stderr
2026-03-10T07:19:42.393+0000 7f0157fff640 1 --2- 192.168.123.100:0/969240899 >> [v2:192.168.123.100:6800/1944661180,v1:192.168.123.100:6801/1944661180] conn(0x7f014803db70 0x7f0148040030 unknown :-1 s=NONE pgs=0 cs=0 l=1 rev1=0 crypto rx=0 tx=0 comp rx=0 tx=0).connect
2026-03-10T07:19:42.651 INFO:teuthology.orchestra.run.vm00.stdout:/usr/bin/ceph: stderr
2026-03-10T07:19:42.393+0000 7f0157fff640 1 -- 192.168.123.100:0/969240899 <== mon.0 v2:192.168.123.100:3300/0 5 ==== osd_map(2..2 src has 1..2) ==== 940+0+0 (secure 0 0 0) 0x7f0160077410 con 0x7f017807c750
2026-03-10T07:19:42.651 INFO:teuthology.orchestra.run.vm00.stdout:/usr/bin/ceph: stderr
2026-03-10T07:19:42.393+0000 7f0176575640 1 --2- 192.168.123.100:0/969240899 >> [v2:192.168.123.100:6800/1944661180,v1:192.168.123.100:6801/1944661180] conn(0x7f014803db70 0x7f0148040030 unknown :-1 s=BANNER_CONNECTING pgs=0 cs=0 l=1 rev1=0 crypto rx=0 tx=0 comp rx=0 tx=0)._handle_peer_banner_payload supported=3 required=0
2026-03-10T07:19:42.651 INFO:teuthology.orchestra.run.vm00.stdout:/usr/bin/ceph: stderr
2026-03-10T07:19:42.393+0000 7f0176575640 1 --2- 192.168.123.100:0/969240899 >> [v2:192.168.123.100:6800/1944661180,v1:192.168.123.100:6801/1944661180] conn(0x7f014803db70 0x7f0148040030 secure :-1 s=READY pgs=8 cs=0 l=1 rev1=1 crypto rx=0x7f016c0099c0 tx=0x7f016c006eb0 comp rx=0 tx=0).ready entity=mgr.14118 client_cookie=0 server_cookie=0 in_seq=0 out_seq=0
2026-03-10T07:19:42.651 INFO:teuthology.orchestra.run.vm00.stdout:/usr/bin/ceph: stderr
2026-03-10T07:19:42.393+0000 7f0155ffb640 1 -- 192.168.123.100:0/969240899 --> [v2:192.168.123.100:3300/0,v1:192.168.123.100:6789/0] -- mon_command({"prefix": "get_command_descriptions"} v 0) -- 0x7f0134005180 con 0x7f017807c750
2026-03-10T07:19:42.651 INFO:teuthology.orchestra.run.vm00.stdout:/usr/bin/ceph: stderr
2026-03-10T07:19:42.397+0000 7f0157fff640 1 -- 192.168.123.100:0/969240899 <== mon.0 v2:192.168.123.100:3300/0 6 ==== mon_command_ack([{"prefix": "get_command_descriptions"}]=0 v0) ==== 72+0+195034 (secure 0 0 0) 0x7f0160036e20 con 0x7f017807c750
2026-03-10T07:19:42.651 INFO:teuthology.orchestra.run.vm00.stdout:/usr/bin/ceph: stderr
2026-03-10T07:19:42.497+0000 7f0155ffb640 1 -- 192.168.123.100:0/969240899 --> [v2:192.168.123.100:6800/1944661180,v1:192.168.123.100:6801/1944661180] -- mgr_command(tid 0: {"prefix": "cephadm set-user", "user": "root", "target": ["mon-mgr", ""]}) -- 0x7f0134002bf0 con 0x7f014803db70
2026-03-10T07:19:42.651 INFO:teuthology.orchestra.run.vm00.stdout:/usr/bin/ceph: stderr
2026-03-10T07:19:42.497+0000 7f0157fff640 1 -- 192.168.123.100:0/969240899 <== mgr.14118 v2:192.168.123.100:6800/1944661180 1 ==== mgr_command_reply(tid 0: 0 ) ==== 8+0+16 (secure 0 0 0) 0x7f0134002bf0 con 0x7f014803db70
2026-03-10T07:19:42.651 INFO:teuthology.orchestra.run.vm00.stdout:/usr/bin/ceph: stderr
2026-03-10T07:19:42.501+0000 7f0155ffb640 1 -- 192.168.123.100:0/969240899 >> [v2:192.168.123.100:6800/1944661180,v1:192.168.123.100:6801/1944661180] conn(0x7f014803db70 msgr2=0x7f0148040030 secure :-1 s=STATE_CONNECTION_ESTABLISHED l=1).mark_down
2026-03-10T07:19:42.651 INFO:teuthology.orchestra.run.vm00.stdout:/usr/bin/ceph: stderr
2026-03-10T07:19:42.501+0000 7f0155ffb640 1 --2- 192.168.123.100:0/969240899 >> [v2:192.168.123.100:6800/1944661180,v1:192.168.123.100:6801/1944661180] conn(0x7f014803db70 0x7f0148040030 secure :-1 s=READY pgs=8 cs=0 l=1 rev1=1 crypto rx=0x7f016c0099c0 tx=0x7f016c006eb0 comp rx=0 tx=0).stop
2026-03-10T07:19:42.651 INFO:teuthology.orchestra.run.vm00.stdout:/usr/bin/ceph: stderr
2026-03-10T07:19:42.501+0000 7f0155ffb640 1 -- 192.168.123.100:0/969240899 >> [v2:192.168.123.100:3300/0,v1:192.168.123.100:6789/0] conn(0x7f017807c750 msgr2=0x7f01781a2ba0 secure :-1 s=STATE_CONNECTION_ESTABLISHED l=1).mark_down
2026-03-10T07:19:42.651 INFO:teuthology.orchestra.run.vm00.stdout:/usr/bin/ceph: stderr
2026-03-10T07:19:42.501+0000 7f0155ffb640 1 --2- 192.168.123.100:0/969240899 >> [v2:192.168.123.100:3300/0,v1:192.168.123.100:6789/0] conn(0x7f017807c750 0x7f01781a2ba0 secure :-1 s=READY pgs=38 cs=0 l=1 rev1=1 crypto rx=0x7f0160037b40 tx=0x7f0160037b70 comp rx=0 tx=0).stop
2026-03-10T07:19:42.651 INFO:teuthology.orchestra.run.vm00.stdout:/usr/bin/ceph: stderr
2026-03-10T07:19:42.501+0000 7f0155ffb640 1 -- 192.168.123.100:0/969240899 shutdown_connections
2026-03-10T07:19:42.651 INFO:teuthology.orchestra.run.vm00.stdout:/usr/bin/ceph: stderr
2026-03-10T07:19:42.501+0000 7f0155ffb640 1 --2- 192.168.123.100:0/969240899 >> [v2:192.168.123.100:6800/1944661180,v1:192.168.123.100:6801/1944661180] conn(0x7f014803db70 0x7f0148040030 unknown :-1 s=CLOSED pgs=8 cs=0 l=1 rev1=1 crypto rx=0 tx=0 comp rx=0 tx=0).stop
2026-03-10T07:19:42.651 INFO:teuthology.orchestra.run.vm00.stdout:/usr/bin/ceph: stderr
2026-03-10T07:19:42.501+0000 7f0155ffb640 1 --2- 192.168.123.100:0/969240899 >> [v2:192.168.123.100:3300/0,v1:192.168.123.100:6789/0] conn(0x7f017807c750 0x7f01781a2ba0 unknown :-1 s=CLOSED pgs=38 cs=0 l=1 rev1=1 crypto rx=0 tx=0 comp rx=0 tx=0).stop
2026-03-10T07:19:42.651 INFO:teuthology.orchestra.run.vm00.stdout:/usr/bin/ceph: stderr
2026-03-10T07:19:42.501+0000 7f0155ffb640 1 -- 192.168.123.100:0/969240899 >> 192.168.123.100:0/969240899 conn(0x7f0178101d30 msgr2=0x7f0178107810 unknown :-1 s=STATE_NONE l=0).mark_down
2026-03-10T07:19:42.651 INFO:teuthology.orchestra.run.vm00.stdout:/usr/bin/ceph: stderr
2026-03-10T07:19:42.501+0000 7f0155ffb640 1 -- 192.168.123.100:0/969240899 shutdown_connections
2026-03-10T07:19:42.651 INFO:teuthology.orchestra.run.vm00.stdout:/usr/bin/ceph: stderr
2026-03-10T07:19:42.501+0000 7f0155ffb640 1 -- 192.168.123.100:0/969240899 wait complete.
2026-03-10T07:19:42.651 INFO:teuthology.orchestra.run.vm00.stdout:Generating ssh key...
2026-03-10T07:19:42.892 INFO:journalctl@ceph.mon.a.vm00.stdout:Mar 10 07:19:42 vm00 bash[20701]: cephadm
2026-03-10T07:19:41.641762+0000 mgr.y (mgr.14118) 2 : cephadm [INF] [10/Mar/2026:07:19:41] ENGINE Bus STARTING
2026-03-10T07:19:42.892 INFO:journalctl@ceph.mon.a.vm00.stdout:Mar 10 07:19:42 vm00 bash[20701]: cephadm
2026-03-10T07:19:41.641762+0000 mgr.y (mgr.14118) 2 : cephadm [INF] [10/Mar/2026:07:19:41] ENGINE Bus STARTING
2026-03-10T07:19:42.892 INFO:journalctl@ceph.mon.a.vm00.stdout:Mar 10 07:19:42 vm00 bash[20701]: audit
2026-03-10T07:19:41.653098+0000 mgr.y (mgr.14118) 3 : audit [DBG] from='client.14122 -' entity='client.admin' cmd=[{"prefix": "get_command_descriptions"}]: dispatch
2026-03-10T07:19:42.892 INFO:journalctl@ceph.mon.a.vm00.stdout:Mar 10 07:19:42 vm00 bash[20701]: audit
2026-03-10T07:19:41.653098+0000 mgr.y (mgr.14118) 3 : audit [DBG] from='client.14122 -' entity='client.admin' cmd=[{"prefix": "get_command_descriptions"}]: dispatch
2026-03-10T07:19:42.892 INFO:journalctl@ceph.mon.a.vm00.stdout:Mar 10 07:19:42 vm00 bash[20701]: audit
2026-03-10T07:19:41.657577+0000 mgr.y (mgr.14118) 4 : audit [DBG] from='client.14122 -' entity='client.admin' cmd=[{"prefix": "mgr_status"}]: dispatch
2026-03-10T07:19:42.892 INFO:journalctl@ceph.mon.a.vm00.stdout:Mar 10 07:19:42 vm00 bash[20701]: audit
2026-03-10T07:19:41.657577+0000 mgr.y (mgr.14118) 4 : audit [DBG] from='client.14122 -' entity='client.admin' cmd=[{"prefix": "mgr_status"}]: dispatch
2026-03-10T07:19:42.892 INFO:journalctl@ceph.mon.a.vm00.stdout:Mar 10 07:19:42 vm00 bash[20701]: cephadm
2026-03-10T07:19:41.743167+0000 mgr.y (mgr.14118) 5 : cephadm [INF] [10/Mar/2026:07:19:41] ENGINE Serving on http://192.168.123.100:8765
2026-03-10T07:19:42.892 INFO:journalctl@ceph.mon.a.vm00.stdout:Mar 10 07:19:42 vm00 bash[20701]: cephadm
2026-03-10T07:19:41.743167+0000 mgr.y (mgr.14118) 5 : cephadm [INF] [10/Mar/2026:07:19:41] ENGINE Serving on http://192.168.123.100:8765
2026-03-10T07:19:42.892 INFO:journalctl@ceph.mon.a.vm00.stdout:Mar 10 07:19:42 vm00 bash[20701]: cephadm
2026-03-10T07:19:41.852692+0000 mgr.y (mgr.14118) 6 : cephadm [INF] [10/Mar/2026:07:19:41] ENGINE Serving on https://192.168.123.100:7150
2026-03-10T07:19:42.892 INFO:journalctl@ceph.mon.a.vm00.stdout:Mar 10 07:19:42 vm00 bash[20701]: cephadm
2026-03-10T07:19:41.852692+0000 mgr.y (mgr.14118) 6 : cephadm [INF] [10/Mar/2026:07:19:41] ENGINE Serving on https://192.168.123.100:7150
2026-03-10T07:19:42.892 INFO:journalctl@ceph.mon.a.vm00.stdout:Mar 10 07:19:42 vm00 bash[20701]: cephadm
2026-03-10T07:19:41.852777+0000 mgr.y (mgr.14118) 7 : cephadm [INF] [10/Mar/2026:07:19:41] ENGINE Bus STARTED
2026-03-10T07:19:42.892 INFO:journalctl@ceph.mon.a.vm00.stdout:Mar 10 07:19:42 vm00 bash[20701]: cephadm
2026-03-10T07:19:41.852777+0000 mgr.y (mgr.14118) 7 : cephadm [INF] [10/Mar/2026:07:19:41] ENGINE Bus STARTED
2026-03-10T07:19:42.892 INFO:journalctl@ceph.mon.a.vm00.stdout:Mar 10 07:19:42 vm00 bash[20701]: audit
2026-03-10T07:19:41.855366+0000 mon.a (mon.0) 54 : audit [DBG] from='mgr.14118 192.168.123.100:0/3853501618' entity='mgr.y' cmd=[{"prefix": "config dump", "format": "json"}]: dispatch
2026-03-10T07:19:42.892 INFO:journalctl@ceph.mon.a.vm00.stdout:Mar 10 07:19:42 vm00 bash[20701]: audit
2026-03-10T07:19:41.855366+0000 mon.a (mon.0) 54 : audit [DBG] from='mgr.14118 192.168.123.100:0/3853501618' entity='mgr.y' cmd=[{"prefix": "config dump", "format": "json"}]: dispatch
2026-03-10T07:19:42.892 INFO:journalctl@ceph.mon.a.vm00.stdout:Mar 10 07:19:42 vm00 bash[20701]: cephadm
2026-03-10T07:19:41.855980+0000 mgr.y (mgr.14118) 8 : cephadm [INF] [10/Mar/2026:07:19:41] ENGINE Client ('192.168.123.100', 56074) lost — peer dropped the TLS connection suddenly, during handshake: (6, 'TLS/SSL connection has been closed (EOF) (_ssl.c:1147)')
2026-03-10T07:19:42.892 INFO:journalctl@ceph.mon.a.vm00.stdout:Mar 10 07:19:42 vm00 bash[20701]: cephadm
2026-03-10T07:19:41.855980+0000 mgr.y (mgr.14118) 8 : cephadm [INF] [10/Mar/2026:07:19:41] ENGINE Client ('192.168.123.100', 56074) lost — peer dropped the TLS connection suddenly, during handshake: (6, 'TLS/SSL connection has been closed (EOF) (_ssl.c:1147)')
2026-03-10T07:19:42.892 INFO:journalctl@ceph.mon.a.vm00.stdout:Mar 10 07:19:42 vm00 bash[20701]: audit
