2026-03-10T07:19:41.978812+0000 mgr.y (mgr.14118) 9 : audit [DBG] from='client.14130 -' entity='client.admin' cmd=[{"prefix": "orch set backend", "module_name": "cephadm", "target": ["mon-mgr", ""]}]: dispatch
2026-03-10T07:19:42.892 INFO:journalctl@ceph.mon.a.vm00.stdout:Mar 10 07:19:42 vm00 bash[20701]: audit
2026-03-10T07:19:41.978812+0000 mgr.y (mgr.14118) 9 : audit [DBG] from='client.14130 -' entity='client.admin' cmd=[{"prefix": "orch set backend", "module_name": "cephadm", "target": ["mon-mgr", ""]}]: dispatch
2026-03-10T07:19:42.892 INFO:journalctl@ceph.mon.a.vm00.stdout:Mar 10 07:19:42 vm00 bash[20701]: audit
2026-03-10T07:19:42.055510+0000 mon.a (mon.0) 55 : audit [INF] from='mgr.14118 192.168.123.100:0/3853501618' entity='mgr.y'
2026-03-10T07:19:42.892 INFO:journalctl@ceph.mon.a.vm00.stdout:Mar 10 07:19:42 vm00 bash[20701]: audit
2026-03-10T07:19:42.055510+0000 mon.a (mon.0) 55 : audit [INF] from='mgr.14118 192.168.123.100:0/3853501618' entity='mgr.y'
2026-03-10T07:19:42.892 INFO:journalctl@ceph.mon.a.vm00.stdout:Mar 10 07:19:42 vm00 bash[20701]: audit
2026-03-10T07:19:42.065236+0000 mon.a (mon.0) 56 : audit [DBG] from='mgr.14118 192.168.123.100:0/3853501618' entity='mgr.y' cmd=[{"prefix": "config dump", "format": "json"}]: dispatch
2026-03-10T07:19:42.892 INFO:journalctl@ceph.mon.a.vm00.stdout:Mar 10 07:19:42 vm00 bash[20701]: audit
2026-03-10T07:19:42.065236+0000 mon.a (mon.0) 56 : audit [DBG] from='mgr.14118 192.168.123.100:0/3853501618' entity='mgr.y' cmd=[{"prefix": "config dump", "format": "json"}]: dispatch
2026-03-10T07:19:43.330 INFO:teuthology.orchestra.run.vm00.stdout:/usr/bin/ceph: stderr
2026-03-10T07:19:43.149+0000 7f42b94ae640 1 Processor -- start
2026-03-10T07:19:43.331 INFO:teuthology.orchestra.run.vm00.stdout:/usr/bin/ceph: stderr
2026-03-10T07:19:43.149+0000 7f42b94ae640 1 -- start start
2026-03-10T07:19:43.331 INFO:teuthology.orchestra.run.vm00.stdout:/usr/bin/ceph: stderr
2026-03-10T07:19:43.149+0000 7f42b94ae640 1 --2- >> [v2:192.168.123.100:3300/0,v1:192.168.123.100:6789/0] conn(0x7f42b4108860 0x7f42b4108c60 unknown :-1 s=NONE pgs=0 cs=0 l=0 rev1=0 crypto rx=0 tx=0 comp rx=0 tx=0).connect
2026-03-10T07:19:43.331 INFO:teuthology.orchestra.run.vm00.stdout:/usr/bin/ceph: stderr
2026-03-10T07:19:43.149+0000 7f42b94ae640 1 -- --> [v2:192.168.123.100:3300/0,v1:192.168.123.100:6789/0] -- mon_getmap magic: 0 -- 0x7f42b4109230 con 0x7f42b4108860
2026-03-10T07:19:43.331 INFO:teuthology.orchestra.run.vm00.stdout:/usr/bin/ceph: stderr
2026-03-10T07:19:43.149+0000 7f42b2ffd640 1 --2- >> [v2:192.168.123.100:3300/0,v1:192.168.123.100:6789/0] conn(0x7f42b4108860 0x7f42b4108c60 unknown :-1 s=BANNER_CONNECTING pgs=0 cs=0 l=0 rev1=0 crypto rx=0 tx=0 comp rx=0 tx=0)._handle_peer_banner_payload supported=3 required=0
2026-03-10T07:19:43.331 INFO:teuthology.orchestra.run.vm00.stdout:/usr/bin/ceph: stderr
2026-03-10T07:19:43.149+0000 7f42b2ffd640 1 --2- >> [v2:192.168.123.100:3300/0,v1:192.168.123.100:6789/0] conn(0x7f42b4108860 0x7f42b4108c60 unknown :-1 s=HELLO_CONNECTING pgs=0 cs=0 l=0 rev1=1 crypto rx=0 tx=0 comp rx=0 tx=0).handle_hello peer v2:192.168.123.100:3300/0 says I am v2:192.168.123.100:40332/0 (socket says 192.168.123.100:40332)
2026-03-10T07:19:43.331 INFO:teuthology.orchestra.run.vm00.stdout:/usr/bin/ceph: stderr
2026-03-10T07:19:43.149+0000 7f42b2ffd640 1 -- 192.168.123.100:0/3447997215 learned_addr learned my addr 192.168.123.100:0/3447997215 (peer_addr_for_me v2:192.168.123.100:0/0)
2026-03-10T07:19:43.331 INFO:teuthology.orchestra.run.vm00.stdout:/usr/bin/ceph: stderr
2026-03-10T07:19:43.153+0000 7f42b2ffd640 1 -- 192.168.123.100:0/3447997215 --> [v2:192.168.123.100:3300/0,v1:192.168.123.100:6789/0] -- mon_subscribe({config=0+,monmap=0+}) -- 0x7f42b4109a60 con 0x7f42b4108860
2026-03-10T07:19:43.331 INFO:teuthology.orchestra.run.vm00.stdout:/usr/bin/ceph: stderr
2026-03-10T07:19:43.153+0000 7f42b2ffd640 1 --2- 192.168.123.100:0/3447997215 >> [v2:192.168.123.100:3300/0,v1:192.168.123.100:6789/0] conn(0x7f42b4108860 0x7f42b4108c60 secure :-1 s=READY pgs=39 cs=0 l=1 rev1=1 crypto rx=0x7f42a8009b80 tx=0x7f42a802f190 comp rx=0 tx=0).ready entity=mon.0 client_cookie=90c9e7c9abfb7cce server_cookie=0 in_seq=0 out_seq=0
2026-03-10T07:19:43.331 INFO:teuthology.orchestra.run.vm00.stdout:/usr/bin/ceph: stderr
2026-03-10T07:19:43.153+0000 7f42b1ffb640 1 -- 192.168.123.100:0/3447997215 <== mon.0 v2:192.168.123.100:3300/0 1 ==== mon_map magic: 0 ==== 205+0+0 (secure 0 0 0) 0x7f42a803c070 con 0x7f42b4108860
2026-03-10T07:19:43.331 INFO:teuthology.orchestra.run.vm00.stdout:/usr/bin/ceph: stderr
2026-03-10T07:19:43.153+0000 7f42b1ffb640 1 -- 192.168.123.100:0/3447997215 <== mon.0 v2:192.168.123.100:3300/0 2 ==== config(23 keys) ==== 947+0+0 (secure 0 0 0) 0x7f42a8037440 con 0x7f42b4108860
2026-03-10T07:19:43.331 INFO:teuthology.orchestra.run.vm00.stdout:/usr/bin/ceph: stderr
2026-03-10T07:19:43.153+0000 7f42b94ae640 1 -- 192.168.123.100:0/3447997215 >> [v2:192.168.123.100:3300/0,v1:192.168.123.100:6789/0] conn(0x7f42b4108860 msgr2=0x7f42b4108c60 secure :-1 s=STATE_CONNECTION_ESTABLISHED l=1).mark_down
2026-03-10T07:19:43.331 INFO:teuthology.orchestra.run.vm00.stdout:/usr/bin/ceph: stderr
2026-03-10T07:19:43.153+0000 7f42b94ae640 1 --2- 192.168.123.100:0/3447997215 >> [v2:192.168.123.100:3300/0,v1:192.168.123.100:6789/0] conn(0x7f42b4108860 0x7f42b4108c60 secure :-1 s=READY pgs=39 cs=0 l=1 rev1=1 crypto rx=0x7f42a8009b80 tx=0x7f42a802f190 comp rx=0 tx=0).stop
2026-03-10T07:19:43.331 INFO:teuthology.orchestra.run.vm00.stdout:/usr/bin/ceph: stderr
2026-03-10T07:19:43.153+0000 7f42b94ae640 1 -- 192.168.123.100:0/3447997215 shutdown_connections
2026-03-10T07:19:43.331 INFO:teuthology.orchestra.run.vm00.stdout:/usr/bin/ceph: stderr
2026-03-10T07:19:43.153+0000 7f42b94ae640 1 --2- 192.168.123.100:0/3447997215 >> [v2:192.168.123.100:3300/0,v1:192.168.123.100:6789/0] conn(0x7f42b4108860 0x7f42b4108c60 unknown :-1 s=CLOSED pgs=39 cs=0 l=1 rev1=1 crypto rx=0 tx=0 comp rx=0 tx=0).stop
2026-03-10T07:19:43.331 INFO:teuthology.orchestra.run.vm00.stdout:/usr/bin/ceph: stderr
2026-03-10T07:19:43.153+0000 7f42b94ae640 1 -- 192.168.123.100:0/3447997215 >> 192.168.123.100:0/3447997215 conn(0x7f42b407bda0 msgr2=0x7f42b407c1b0 unknown :-1 s=STATE_NONE l=0).mark_down
2026-03-10T07:19:43.331 INFO:teuthology.orchestra.run.vm00.stdout:/usr/bin/ceph: stderr
2026-03-10T07:19:43.153+0000 7f42b94ae640 1 -- 192.168.123.100:0/3447997215 shutdown_connections
2026-03-10T07:19:43.331 INFO:teuthology.orchestra.run.vm00.stdout:/usr/bin/ceph: stderr
2026-03-10T07:19:43.153+0000 7f42b94ae640 1 -- 192.168.123.100:0/3447997215 wait complete.
2026-03-10T07:19:43.331 INFO:teuthology.orchestra.run.vm00.stdout:/usr/bin/ceph: stderr
2026-03-10T07:19:43.153+0000 7f42b94ae640 1 Processor -- start
2026-03-10T07:19:43.331 INFO:teuthology.orchestra.run.vm00.stdout:/usr/bin/ceph: stderr
2026-03-10T07:19:43.153+0000 7f42b94ae640 1 -- start start
2026-03-10T07:19:43.331 INFO:teuthology.orchestra.run.vm00.stdout:/usr/bin/ceph: stderr
2026-03-10T07:19:43.153+0000 7f42b94ae640 1 --2- >> [v2:192.168.123.100:3300/0,v1:192.168.123.100:6789/0] conn(0x7f42b4108860 0x7f42b419e540 unknown :-1 s=NONE pgs=0 cs=0 l=1 rev1=0 crypto rx=0 tx=0 comp rx=0 tx=0).connect
2026-03-10T07:19:43.331 INFO:teuthology.orchestra.run.vm00.stdout:/usr/bin/ceph: stderr
2026-03-10T07:19:43.153+0000 7f42b94ae640 1 -- --> [v2:192.168.123.100:3300/0,v1:192.168.123.100:6789/0] -- mon_getmap magic: 0 -- 0x7f42b410a760 con 0x7f42b4108860
2026-03-10T07:19:43.331 INFO:teuthology.orchestra.run.vm00.stdout:/usr/bin/ceph: stderr
2026-03-10T07:19:43.153+0000 7f42b2ffd640 1 --2- >> [v2:192.168.123.100:3300/0,v1:192.168.123.100:6789/0] conn(0x7f42b4108860 0x7f42b419e540 unknown :-1 s=BANNER_CONNECTING pgs=0 cs=0 l=1 rev1=0 crypto rx=0 tx=0 comp rx=0 tx=0)._handle_peer_banner_payload supported=3 required=0
2026-03-10T07:19:43.331 INFO:teuthology.orchestra.run.vm00.stdout:/usr/bin/ceph: stderr
2026-03-10T07:19:43.153+0000 7f42b2ffd640 1 --2- >> [v2:192.168.123.100:3300/0,v1:192.168.123.100:6789/0] conn(0x7f42b4108860 0x7f42b419e540 unknown :-1 s=HELLO_CONNECTING pgs=0 cs=0 l=1 rev1=1 crypto rx=0 tx=0 comp rx=0 tx=0).handle_hello peer v2:192.168.123.100:3300/0 says I am v2:192.168.123.100:40348/0 (socket says 192.168.123.100:40348)
2026-03-10T07:19:43.331 INFO:teuthology.orchestra.run.vm00.stdout:/usr/bin/ceph: stderr
2026-03-10T07:19:43.153+0000 7f42b2ffd640 1 -- 192.168.123.100:0/2649076609 learned_addr learned my addr 192.168.123.100:0/2649076609 (peer_addr_for_me v2:192.168.123.100:0/0)
2026-03-10T07:19:43.331 INFO:teuthology.orchestra.run.vm00.stdout:/usr/bin/ceph: stderr
2026-03-10T07:19:43.153+0000 7f42b2ffd640 1 -- 192.168.123.100:0/2649076609 --> [v2:192.168.123.100:3300/0,v1:192.168.123.100:6789/0] -- mon_subscribe({config=0+,monmap=0+}) -- 0x7f42b419ea80 con 0x7f42b4108860
2026-03-10T07:19:43.331 INFO:teuthology.orchestra.run.vm00.stdout:/usr/bin/ceph: stderr
2026-03-10T07:19:43.153+0000 7f42b2ffd640 1 --2- 192.168.123.100:0/2649076609 >> [v2:192.168.123.100:3300/0,v1:192.168.123.100:6789/0] conn(0x7f42b4108860 0x7f42b419e540 secure :-1 s=READY pgs=40 cs=0 l=1 rev1=1 crypto rx=0x7f42a803a040 tx=0x7f42a80043e0 comp rx=0 tx=0).ready entity=mon.0 client_cookie=0 server_cookie=0 in_seq=0 out_seq=0
2026-03-10T07:19:43.331 INFO:teuthology.orchestra.run.vm00.stdout:/usr/bin/ceph: stderr
2026-03-10T07:19:43.153+0000 7f4293fff640 1 -- 192.168.123.100:0/2649076609 <== mon.0 v2:192.168.123.100:3300/0 1 ==== mon_map magic: 0 ==== 205+0+0 (secure 0 0 0) 0x7f42a8045070 con 0x7f42b4108860
2026-03-10T07:19:43.331 INFO:teuthology.orchestra.run.vm00.stdout:/usr/bin/ceph: stderr
2026-03-10T07:19:43.153+0000 7f4293fff640 1 -- 192.168.123.100:0/2649076609 <== mon.0 v2:192.168.123.100:3300/0 2 ==== config(23 keys) ==== 947+0+0 (secure 0 0 0) 0x7f42a8003b30 con 0x7f42b4108860
2026-03-10T07:19:43.331 INFO:teuthology.orchestra.run.vm00.stdout:/usr/bin/ceph: stderr
2026-03-10T07:19:43.157+0000 7f4293fff640 1 -- 192.168.123.100:0/2649076609 <== mon.0 v2:192.168.123.100:3300/0 3 ==== mon_map magic: 0 ==== 205+0+0 (secure 0 0 0) 0x7f42a803c040 con 0x7f42b4108860
2026-03-10T07:19:43.331 INFO:teuthology.orchestra.run.vm00.stdout:/usr/bin/ceph: stderr
2026-03-10T07:19:43.157+0000 7f42b94ae640 1 -- 192.168.123.100:0/2649076609 --> [v2:192.168.123.100:3300/0,v1:192.168.123.100:6789/0] -- mon_subscribe({mgrmap=0+}) -- 0x7f42b419ed10 con 0x7f42b4108860
2026-03-10T07:19:43.331 INFO:teuthology.orchestra.run.vm00.stdout:/usr/bin/ceph: stderr
2026-03-10T07:19:43.157+0000 7f42b94ae640 1 -- 192.168.123.100:0/2649076609 --> [v2:192.168.123.100:3300/0,v1:192.168.123.100:6789/0] -- mon_subscribe({osdmap=0}) -- 0x7f42b41a1a00 con 0x7f42b4108860
2026-03-10T07:19:43.331 INFO:teuthology.orchestra.run.vm00.stdout:/usr/bin/ceph: stderr
2026-03-10T07:19:43.157+0000 7f42b94ae640 1 -- 192.168.123.100:0/2649076609 --> [v2:192.168.123.100:3300/0,v1:192.168.123.100:6789/0] -- mon_command({"prefix": "get_command_descriptions"} v 0) -- 0x7f4278005180 con 0x7f42b4108860
2026-03-10T07:19:43.331 INFO:teuthology.orchestra.run.vm00.stdout:/usr/bin/ceph: stderr
2026-03-10T07:19:43.157+0000 7f4293fff640 1 -- 192.168.123.100:0/2649076609 <== mon.0 v2:192.168.123.100:3300/0 4 ==== mgrmap(e 7) ==== 50247+0+0 (secure 0 0 0) 0x7f42a8003710 con 0x7f42b4108860
2026-03-10T07:19:43.331 INFO:teuthology.orchestra.run.vm00.stdout:/usr/bin/ceph: stderr
2026-03-10T07:19:43.157+0000 7f4293fff640 1 --2- 192.168.123.100:0/2649076609 >> [v2:192.168.123.100:6800/1944661180,v1:192.168.123.100:6801/1944661180] conn(0x7f428803d8d0 0x7f428803fd90 unknown :-1 s=NONE pgs=0 cs=0 l=1 rev1=0 crypto rx=0 tx=0 comp rx=0 tx=0).connect
2026-03-10T07:19:43.331 INFO:teuthology.orchestra.run.vm00.stdout:/usr/bin/ceph: stderr
2026-03-10T07:19:43.157+0000 7f4293fff640 1 -- 192.168.123.100:0/2649076609 <== mon.0 v2:192.168.123.100:3300/0 5 ==== osd_map(2..2 src has 1..2) ==== 940+0+0 (secure 0 0 0) 0x7f42a8076100 con 0x7f42b4108860
2026-03-10T07:19:43.331 INFO:teuthology.orchestra.run.vm00.stdout:/usr/bin/ceph: stderr
2026-03-10T07:19:43.161+0000 7f42b27fc640 1 --2- 192.168.123.100:0/2649076609 >> [v2:192.168.123.100:6800/1944661180,v1:192.168.123.100:6801/1944661180] conn(0x7f428803d8d0 0x7f428803fd90 unknown :-1 s=BANNER_CONNECTING pgs=0 cs=0 l=1 rev1=0 crypto rx=0 tx=0 comp rx=0 tx=0)._handle_peer_banner_payload supported=3 required=0
2026-03-10T07:19:43.331 INFO:teuthology.orchestra.run.vm00.stdout:/usr/bin/ceph: stderr
2026-03-10T07:19:43.161+0000 7f42b27fc640 1 --2- 192.168.123.100:0/2649076609 >> [v2:192.168.123.100:6800/1944661180,v1:192.168.123.100:6801/1944661180] conn(0x7f428803d8d0 0x7f428803fd90 secure :-1 s=READY pgs=9 cs=0 l=1 rev1=1 crypto rx=0x7f429c0099c0 tx=0x7f429c006eb0 comp rx=0 tx=0).ready entity=mgr.14118 client_cookie=0 server_cookie=0 in_seq=0 out_seq=0
2026-03-10T07:19:43.331 INFO:teuthology.orchestra.run.vm00.stdout:/usr/bin/ceph: stderr
2026-03-10T07:19:43.161+0000 7f4293fff640 1 -- 192.168.123.100:0/2649076609 <== mon.0 v2:192.168.123.100:3300/0 6 ==== mon_command_ack([{"prefix": "get_command_descriptions"}]=0 v0) ==== 72+0+195034 (secure 0 0 0) 0x7f42a803d280 con 0x7f42b4108860
2026-03-10T07:19:43.331 INFO:teuthology.orchestra.run.vm00.stdout:/usr/bin/ceph: stderr
2026-03-10T07:19:43.257+0000 7f42b94ae640 1 -- 192.168.123.100:0/2649076609 --> [v2:192.168.123.100:6800/1944661180,v1:192.168.123.100:6801/1944661180] -- mgr_command(tid 0: {"prefix": "cephadm generate-key", "target": ["mon-mgr", ""]}) -- 0x7f4278002bf0 con 0x7f428803d8d0
2026-03-10T07:19:43.331 INFO:teuthology.orchestra.run.vm00.stdout:/usr/bin/ceph: stderr
2026-03-10T07:19:43.277+0000 7f4293fff640 1 -- 192.168.123.100:0/2649076609 <== mgr.14118 v2:192.168.123.100:6800/1944661180 1 ==== mgr_command_reply(tid 0: 0 ) ==== 8+0+0 (secure 0 0 0) 0x7f4278002bf0 con 0x7f428803d8d0
2026-03-10T07:19:43.331 INFO:teuthology.orchestra.run.vm00.stdout:/usr/bin/ceph: stderr
2026-03-10T07:19:43.281+0000 7f42b94ae640 1 -- 192.168.123.100:0/2649076609 >> [v2:192.168.123.100:6800/1944661180,v1:192.168.123.100:6801/1944661180] conn(0x7f428803d8d0 msgr2=0x7f428803fd90 secure :-1 s=STATE_CONNECTION_ESTABLISHED l=1).mark_down
2026-03-10T07:19:43.331 INFO:teuthology.orchestra.run.vm00.stdout:/usr/bin/ceph: stderr
2026-03-10T07:19:43.281+0000 7f42b94ae640 1 --2- 192.168.123.100:0/2649076609 >> [v2:192.168.123.100:6800/1944661180,v1:192.168.123.100:6801/1944661180] conn(0x7f428803d8d0 0x7f428803fd90 secure :-1 s=READY pgs=9 cs=0 l=1 rev1=1 crypto rx=0x7f429c0099c0 tx=0x7f429c006eb0 comp rx=0 tx=0).stop
2026-03-10T07:19:43.331 INFO:teuthology.orchestra.run.vm00.stdout:/usr/bin/ceph: stderr
2026-03-10T07:19:43.281+0000 7f42b94ae640 1 -- 192.168.123.100:0/2649076609 >> [v2:192.168.123.100:3300/0,v1:192.168.123.100:6789/0] conn(0x7f42b4108860 msgr2=0x7f42b419e540 secure :-1 s=STATE_CONNECTION_ESTABLISHED l=1).mark_down
2026-03-10T07:19:43.331 INFO:teuthology.orchestra.run.vm00.stdout:/usr/bin/ceph: stderr
2026-03-10T07:19:43.281+0000 7f42b94ae640 1 --2- 192.168.123.100:0/2649076609 >> [v2:192.168.123.100:3300/0,v1:192.168.123.100:6789/0] conn(0x7f42b4108860 0x7f42b419e540 secure :-1 s=READY pgs=40 cs=0 l=1 rev1=1 crypto rx=0x7f42a803a040 tx=0x7f42a80043e0 comp rx=0 tx=0).stop
2026-03-10T07:19:43.331 INFO:teuthology.orchestra.run.vm00.stdout:/usr/bin/ceph: stderr
2026-03-10T07:19:43.281+0000 7f42b94ae640 1 -- 192.168.123.100:0/2649076609 shutdown_connections
2026-03-10T07:19:43.331 INFO:teuthology.orchestra.run.vm00.stdout:/usr/bin/ceph: stderr
2026-03-10T07:19:43.281+0000 7f42b94ae640 1 --2- 192.168.123.100:0/2649076609 >> [v2:192.168.123.100:6800/1944661180,v1:192.168.123.100:6801/1944661180] conn(0x7f428803d8d0 0x7f428803fd90 unknown :-1 s=CLOSED pgs=9 cs=0 l=1 rev1=1 crypto rx=0 tx=0 comp rx=0 tx=0).stop
2026-03-10T07:19:43.331 INFO:teuthology.orchestra.run.vm00.stdout:/usr/bin/ceph: stderr
2026-03-10T07:19:43.281+0000 7f42b94ae640 1 --2- 192.168.123.100:0/2649076609 >> [v2:192.168.123.100:3300/0,v1:192.168.123.100:6789/0] conn(0x7f42b4108860 0x7f42b419e540 unknown :-1 s=CLOSED pgs=40 cs=0 l=1 rev1=1 crypto rx=0 tx=0 comp rx=0 tx=0).stop
2026-03-10T07:19:43.331 INFO:teuthology.orchestra.run.vm00.stdout:/usr/bin/ceph: stderr
2026-03-10T07:19:43.281+0000 7f42b94ae640 1 -- 192.168.123.100:0/2649076609 >> 192.168.123.100:0/2649076609 conn(0x7f42b407bda0 msgr2=0x7f42b4105e00 unknown :-1 s=STATE_NONE l=0).mark_down
2026-03-10T07:19:43.331 INFO:teuthology.orchestra.run.vm00.stdout:/usr/bin/ceph: stderr
2026-03-10T07:19:43.281+0000 7f42b94ae640 1 -- 192.168.123.100:0/2649076609 shutdown_connections
2026-03-10T07:19:43.331 INFO:teuthology.orchestra.run.vm00.stdout:/usr/bin/ceph: stderr
2026-03-10T07:19:43.281+0000 7f42b94ae640 1 -- 192.168.123.100:0/2649076609 wait complete.
2026-03-10T07:19:43.582 INFO:journalctl@ceph.mgr.y.vm00.stdout:Mar 10 07:19:43 vm00 bash[20971]: Generating public/private ed25519 key pair.
2026-03-10T07:19:43.582 INFO:journalctl@ceph.mgr.y.vm00.stdout:Mar 10 07:19:43 vm00 bash[20971]: Your identification has been saved in /tmp/tmpyox2pcu4/key
2026-03-10T07:19:43.582 INFO:journalctl@ceph.mgr.y.vm00.stdout:Mar 10 07:19:43 vm00 bash[20971]: Your public key has been saved in /tmp/tmpyox2pcu4/key.pub
2026-03-10T07:19:43.582 INFO:journalctl@ceph.mgr.y.vm00.stdout:Mar 10 07:19:43 vm00 bash[20971]: The key fingerprint is:
2026-03-10T07:19:43.582 INFO:journalctl@ceph.mgr.y.vm00.stdout:Mar 10 07:19:43 vm00 bash[20971]: SHA256:oFKhyCVXouVMG1r1dvOj8oxxmtq7K/riISTOejardUA ceph-534d9c8a-1c51-11f1-ac87-d1fb9a119953
2026-03-10T07:19:43.582 INFO:journalctl@ceph.mgr.y.vm00.stdout:Mar 10 07:19:43 vm00 bash[20971]: The key's randomart image is:
2026-03-10T07:19:43.582 INFO:journalctl@ceph.mgr.y.vm00.stdout:Mar 10 07:19:43 vm00 bash[20971]: +--[ED25519 256]--+
2026-03-10T07:19:43.582 INFO:journalctl@ceph.mgr.y.vm00.stdout:Mar 10 07:19:43 vm00 bash[20971]: | . O+o |
2026-03-10T07:19:43.582 INFO:journalctl@ceph.mgr.y.vm00.stdout:Mar 10 07:19:43 vm00 bash[20971]: |..%.+.. |
2026-03-10T07:19:43.582 INFO:journalctl@ceph.mgr.y.vm00.stdout:Mar 10 07:19:43 vm00 bash[20971]: |.+E+. .o o |
2026-03-10T07:19:43.582 INFO:journalctl@ceph.mgr.y.vm00.stdout:Mar 10 07:19:43 vm00 bash[20971]: | . . .... o |
2026-03-10T07:19:43.582 INFO:journalctl@ceph.mgr.y.vm00.stdout:Mar 10 07:19:43 vm00 bash[20971]: |..o . S o |
2026-03-10T07:19:43.582 INFO:journalctl@ceph.mgr.y.vm00.stdout:Mar 10 07:19:43 vm00 bash[20971]: |= o . . |
2026-03-10T07:19:43.582 INFO:journalctl@ceph.mgr.y.vm00.stdout:Mar 10 07:19:43 vm00 bash[20971]: | +... o o |
2026-03-10T07:19:43.582 INFO:journalctl@ceph.mgr.y.vm00.stdout:Mar 10 07:19:43 vm00 bash[20971]: |..=o... X |
2026-03-10T07:19:43.582 INFO:journalctl@ceph.mgr.y.vm00.stdout:Mar 10 07:19:43 vm00 bash[20971]: |o+o=+ooO+o |
2026-03-10T07:19:43.582 INFO:journalctl@ceph.mgr.y.vm00.stdout:Mar 10 07:19:43 vm00 bash[20971]: +----[SHA256]-----+
2026-03-10T07:19:43.614 INFO:teuthology.orchestra.run.vm00.stdout:/usr/bin/ceph: stdout ssh-ed25519 AAAAC3NzaC1lZDI1NTE5AAAAINYKws7A3YDjLcL26+Og+43ogqH5B/3kceilbHXDMvGQ ceph-534d9c8a-1c51-11f1-ac87-d1fb9a119953
2026-03-10T07:19:43.614 INFO:teuthology.orchestra.run.vm00.stdout:/usr/bin/ceph: stderr
2026-03-10T07:19:43.449+0000 7f9a14113640 1 Processor -- start
2026-03-10T07:19:43.614 INFO:teuthology.orchestra.run.vm00.stdout:/usr/bin/ceph: stderr
2026-03-10T07:19:43.449+0000 7f9a14113640 1 -- start start
2026-03-10T07:19:43.614 INFO:teuthology.orchestra.run.vm00.stdout:/usr/bin/ceph: stderr
2026-03-10T07:19:43.449+0000 7f9a14113640 1 --2- >> [v2:192.168.123.100:3300/0,v1:192.168.123.100:6789/0] conn(0x7f9a0c104dc0 0x7f9a0c1071d0 unknown :-1 s=NONE pgs=0 cs=0 l=0 rev1=0 crypto rx=0 tx=0 comp rx=0 tx=0).connect
2026-03-10T07:19:43.614 INFO:teuthology.orchestra.run.vm00.stdout:/usr/bin/ceph: stderr
2026-03-10T07:19:43.449+0000 7f9a14113640 1 -- --> [v2:192.168.123.100:3300/0,v1:192.168.123.100:6789/0] -- mon_getmap magic: 0 -- 0x7f9a0c079e30 con 0x7f9a0c104dc0
2026-03-10T07:19:43.614 INFO:teuthology.orchestra.run.vm00.stdout:/usr/bin/ceph: stderr
2026-03-10T07:19:43.449+0000 7f9a11e88640 1 --2- >> [v2:192.168.123.100:3300/0,v1:192.168.123.100:6789/0] conn(0x7f9a0c104dc0 0x7f9a0c1071d0 unknown :-1 s=BANNER_CONNECTING pgs=0 cs=0 l=0 rev1=0 crypto rx=0 tx=0 comp rx=0 tx=0)._handle_peer_banner_payload supported=3 required=0
2026-03-10T07:19:43.614 INFO:teuthology.orchestra.run.vm00.stdout:/usr/bin/ceph: stderr
2026-03-10T07:19:43.449+0000 7f9a11e88640 1 --2- >> [v2:192.168.123.100:3300/0,v1:192.168.123.100:6789/0] conn(0x7f9a0c104dc0 0x7f9a0c1071d0 unknown :-1 s=HELLO_CONNECTING pgs=0 cs=0 l=0 rev1=1 crypto rx=0 tx=0 comp rx=0 tx=0).handle_hello peer v2:192.168.123.100:3300/0 says I am v2:192.168.123.100:40350/0 (socket says 192.168.123.100:40350)
2026-03-10T07:19:43.614 INFO:teuthology.orchestra.run.vm00.stdout:/usr/bin/ceph: stderr
2026-03-10T07:19:43.449+0000 7f9a11e88640 1 -- 192.168.123.100:0/2040336350 learned_addr learned my addr 192.168.123.100:0/2040336350 (peer_addr_for_me v2:192.168.123.100:0/0)
2026-03-10T07:19:43.614 INFO:teuthology.orchestra.run.vm00.stdout:/usr/bin/ceph: stderr
2026-03-10T07:19:43.449+0000 7f9a11e88640 1 -- 192.168.123.100:0/2040336350 --> [v2:192.168.123.100:3300/0,v1:192.168.123.100:6789/0] -- mon_subscribe({config=0+,monmap=0+}) -- 0x7f9a0c107710 con 0x7f9a0c104dc0
2026-03-10T07:19:43.614 INFO:teuthology.orchestra.run.vm00.stdout:/usr/bin/ceph: stderr
2026-03-10T07:19:43.449+0000 7f9a11e88640 1 --2- 192.168.123.100:0/2040336350 >> [v2:192.168.123.100:3300/0,v1:192.168.123.100:6789/0] conn(0x7f9a0c104dc0 0x7f9a0c1071d0 secure :-1 s=READY pgs=41 cs=0 l=1 rev1=1 crypto rx=0x7f9a00009920 tx=0x7f9a0002ef20 comp rx=0 tx=0).ready entity=mon.0 client_cookie=5ac7d0267d4700c server_cookie=0 in_seq=0 out_seq=0
2026-03-10T07:19:43.614 INFO:teuthology.orchestra.run.vm00.stdout:/usr/bin/ceph: stderr
2026-03-10T07:19:43.449+0000 7f9a10e86640 1 -- 192.168.123.100:0/2040336350 <== mon.0 v2:192.168.123.100:3300/0 1 ==== mon_map magic: 0 ==== 205+0+0 (secure 0 0 0) 0x7f9a0003c070 con 0x7f9a0c104dc0
2026-03-10T07:19:43.614 INFO:teuthology.orchestra.run.vm00.stdout:/usr/bin/ceph: stderr
2026-03-10T07:19:43.449+0000 7f9a10e86640 1 -- 192.168.123.100:0/2040336350 <== mon.0 v2:192.168.123.100:3300/0 2 ==== config(23 keys) ==== 947+0+0 (secure 0 0 0) 0x7f9a00037440 con 0x7f9a0c104dc0
2026-03-10T07:19:43.614 INFO:teuthology.orchestra.run.vm00.stdout:/usr/bin/ceph: stderr
2026-03-10T07:19:43.449+0000 7f9a14113640 1 -- 192.168.123.100:0/2040336350 >> [v2:192.168.123.100:3300/0,v1:192.168.123.100:6789/0] conn(0x7f9a0c104dc0 msgr2=0x7f9a0c1071d0 secure :-1 s=STATE_CONNECTION_ESTABLISHED l=1).mark_down
2026-03-10T07:19:43.614 INFO:teuthology.orchestra.run.vm00.stdout:/usr/bin/ceph: stderr
2026-03-10T07:19:43.449+0000 7f9a14113640 1 --2- 192.168.123.100:0/2040336350 >> [v2:192.168.123.100:3300/0,v1:192.168.123.100:6789/0] conn(0x7f9a0c104dc0 0x7f9a0c1071d0 secure :-1 s=READY pgs=41 cs=0 l=1 rev1=1 crypto rx=0x7f9a00009920 tx=0x7f9a0002ef20 comp rx=0 tx=0).stop
2026-03-10T07:19:43.614 INFO:teuthology.orchestra.run.vm00.stdout:/usr/bin/ceph: stderr
2026-03-10T07:19:43.449+0000 7f9a14113640 1 -- 192.168.123.100:0/2040336350 shutdown_connections
2026-03-10T07:19:43.614 INFO:teuthology.orchestra.run.vm00.stdout:/usr/bin/ceph: stderr
2026-03-10T07:19:43.449+0000 7f9a14113640 1 --2- 192.168.123.100:0/2040336350 >> [v2:192.168.123.100:3300/0,v1:192.168.123.100:6789/0] conn(0x7f9a0c104dc0 0x7f9a0c1071d0 unknown :-1 s=CLOSED pgs=41 cs=0 l=1 rev1=1 crypto rx=0 tx=0 comp rx=0 tx=0).stop
2026-03-10T07:19:43.614 INFO:teuthology.orchestra.run.vm00.stdout:/usr/bin/ceph: stderr
2026-03-10T07:19:43.449+0000 7f9a14113640 1 -- 192.168.123.100:0/2040336350 >> 192.168.123.100:0/2040336350 conn(0x7f9a0c100bf0 msgr2=0x7f9a0c103030 unknown :-1 s=STATE_NONE l=0).mark_down
2026-03-10T07:19:43.614 INFO:teuthology.orchestra.run.vm00.stdout:/usr/bin/ceph: stderr
2026-03-10T07:19:43.453+0000 7f9a14113640 1 -- 192.168.123.100:0/2040336350 shutdown_connections
2026-03-10T07:19:43.614 INFO:teuthology.orchestra.run.vm00.stdout:/usr/bin/ceph: stderr
2026-03-10T07:19:43.453+0000 7f9a14113640 1 -- 192.168.123.100:0/2040336350 wait complete.
2026-03-10T07:19:43.614 INFO:teuthology.orchestra.run.vm00.stdout:/usr/bin/ceph: stderr
2026-03-10T07:19:43.453+0000 7f9a14113640 1 Processor -- start
2026-03-10T07:19:43.614 INFO:teuthology.orchestra.run.vm00.stdout:/usr/bin/ceph: stderr
2026-03-10T07:19:43.453+0000 7f9a14113640 1 -- start start
2026-03-10T07:19:43.614 INFO:teuthology.orchestra.run.vm00.stdout:/usr/bin/ceph: stderr
2026-03-10T07:19:43.453+0000 7f9a14113640 1 --2- >> [v2:192.168.123.100:3300/0,v1:192.168.123.100:6789/0] conn(0x7f9a0c104dc0 0x7f9a0c1a29d0 unknown :-1 s=NONE pgs=0 cs=0 l=1 rev1=0 crypto rx=0 tx=0 comp rx=0 tx=0).connect
2026-03-10T07:19:43.614 INFO:teuthology.orchestra.run.vm00.stdout:/usr/bin/ceph: stderr
2026-03-10T07:19:43.453+0000 7f9a14113640 1 -- --> [v2:192.168.123.100:3300/0,v1:192.168.123.100:6789/0] -- mon_getmap magic: 0 -- 0x7f9a0c108590 con 0x7f9a0c104dc0
2026-03-10T07:19:43.614 INFO:teuthology.orchestra.run.vm00.stdout:/usr/bin/ceph: stderr
2026-03-10T07:19:43.453+0000 7f9a11e88640 1 --2- >> [v2:192.168.123.100:3300/0,v1:192.168.123.100:6789/0] conn(0x7f9a0c104dc0 0x7f9a0c1a29d0 unknown :-1 s=BANNER_CONNECTING pgs=0 cs=0 l=1 rev1=0 crypto rx=0 tx=0 comp rx=0 tx=0)._handle_peer_banner_payload supported=3 required=0
2026-03-10T07:19:43.614 INFO:teuthology.orchestra.run.vm00.stdout:/usr/bin/ceph: stderr
2026-03-10T07:19:43.453+0000 7f9a11e88640 1 --2- >> [v2:192.168.123.100:3300/0,v1:192.168.123.100:6789/0] conn(0x7f9a0c104dc0 0x7f9a0c1a29d0 unknown :-1 s=HELLO_CONNECTING pgs=0 cs=0 l=1 rev1=1 crypto rx=0 tx=0 comp rx=0 tx=0).handle_hello peer v2:192.168.123.100:3300/0 says I am v2:192.168.123.100:40366/0 (socket says 192.168.123.100:40366)
2026-03-10T07:19:43.615 INFO:teuthology.orchestra.run.vm00.stdout:/usr/bin/ceph: stderr
2026-03-10T07:19:43.453+0000 7f9a11e88640 1 -- 192.168.123.100:0/2899020192 learned_addr learned my addr 192.168.123.100:0/2899020192 (peer_addr_for_me v2:192.168.123.100:0/0)
2026-03-10T07:19:43.615 INFO:teuthology.orchestra.run.vm00.stdout:/usr/bin/ceph: stderr
2026-03-10T07:19:43.453+0000 7f9a11e88640 1 -- 192.168.123.100:0/2899020192 --> [v2:192.168.123.100:3300/0,v1:192.168.123.100:6789/0] -- mon_subscribe({config=0+,monmap=0+}) -- 0x7f9a0c1a2f10 con 0x7f9a0c104dc0
2026-03-10T07:19:43.615 INFO:teuthology.orchestra.run.vm00.stdout:/usr/bin/ceph: stderr
2026-03-10T07:19:43.453+0000 7f9a11e88640 1 --2- 192.168.123.100:0/2899020192 >> [v2:192.168.123.100:3300/0,v1:192.168.123.100:6789/0] conn(0x7f9a0c104dc0 0x7f9a0c1a29d0 secure :-1 s=READY pgs=42 cs=0 l=1 rev1=1 crypto rx=0x7f9a00035d50 tx=0x7f9a00035d80 comp rx=0 tx=0).ready entity=mon.0 client_cookie=0 server_cookie=0 in_seq=0 out_seq=0
2026-03-10T07:19:43.615 INFO:teuthology.orchestra.run.vm00.stdout:/usr/bin/ceph: stderr
2026-03-10T07:19:43.453+0000 7f99faffd640 1 -- 192.168.123.100:0/2899020192 <== mon.0 v2:192.168.123.100:3300/0 1 ==== mon_map magic: 0 ==== 205+0+0 (secure 0 0 0) 0x7f9a00045070 con 0x7f9a0c104dc0
2026-03-10T07:19:43.615 INFO:teuthology.orchestra.run.vm00.stdout:/usr/bin/ceph: stderr
2026-03-10T07:19:43.453+0000 7f99faffd640 1 -- 192.168.123.100:0/2899020192 <== mon.0 v2:192.168.123.100:3300/0 2 ==== config(23 keys) ==== 947+0+0 (secure 0 0 0) 0x7f9a00040430 con 0x7f9a0c104dc0
2026-03-10T07:19:43.615 INFO:teuthology.orchestra.run.vm00.stdout:/usr/bin/ceph: stderr
2026-03-10T07:19:43.453+0000 7f99faffd640 1 -- 192.168.123.100:0/2899020192 <== mon.0 v2:192.168.123.100:3300/0 3 ==== mon_map magic: 0 ==== 205+0+0 (secure 0 0 0) 0x7f9a0003c050 con 0x7f9a0c104dc0
2026-03-10T07:19:43.615 INFO:teuthology.orchestra.run.vm00.stdout:/usr/bin/ceph: stderr
2026-03-10T07:19:43.453+0000 7f9a14113640 1 -- 192.168.123.100:0/2899020192 --> [v2:192.168.123.100:3300/0,v1:192.168.123.100:6789/0] -- mon_subscribe({mgrmap=0+}) -- 0x7f9a0c1a31a0 con 0x7f9a0c104dc0
2026-03-10T07:19:43.615 INFO:teuthology.orchestra.run.vm00.stdout:/usr/bin/ceph: stderr
2026-03-10T07:19:43.453+0000 7f9a14113640 1 -- 192.168.123.100:0/2899020192 --> [v2:192.168.123.100:3300/0,v1:192.168.123.100:6789/0] -- mon_subscribe({osdmap=0}) -- 0x7f9a0c1a5e90 con 0x7f9a0c104dc0
2026-03-10T07:19:43.615 INFO:teuthology.orchestra.run.vm00.stdout:/usr/bin/ceph: stderr
2026-03-10T07:19:43.453+0000 7f99faffd640 1 -- 192.168.123.100:0/2899020192 <== mon.0 v2:192.168.123.100:3300/0 4 ==== mgrmap(e 7) ==== 50247+0+0 (secure 0 0 0) 0x7f9a0003f3d0 con 0x7f9a0c104dc0
2026-03-10T07:19:43.615 INFO:teuthology.orchestra.run.vm00.stdout:/usr/bin/ceph: stderr
2026-03-10T07:19:43.453+0000 7f99faffd640 1 --2- 192.168.123.100:0/2899020192 >> [v2:192.168.123.100:6800/1944661180,v1:192.168.123.100:6801/1944661180] conn(0x7f99e403dc40 0x7f99e4040100 unknown :-1 s=NONE pgs=0 cs=0 l=1 rev1=0 crypto rx=0 tx=0 comp rx=0 tx=0).connect
2026-03-10T07:19:43.615 INFO:teuthology.orchestra.run.vm00.stdout:/usr/bin/ceph: stderr
2026-03-10T07:19:43.453+0000 7f99faffd640 1 -- 192.168.123.100:0/2899020192 <== mon.0 v2:192.168.123.100:3300/0 5 ==== osd_map(2..2 src has 1..2) ==== 940+0+0 (secure 0 0 0) 0x7f9a00077250 con 0x7f9a0c104dc0
2026-03-10T07:19:43.615 INFO:teuthology.orchestra.run.vm00.stdout:/usr/bin/ceph: stderr
2026-03-10T07:19:43.457+0000 7f9a11687640 1 --2- 192.168.123.100:0/2899020192 >> [v2:192.168.123.100:6800/1944661180,v1:192.168.123.100:6801/1944661180] conn(0x7f99e403dc40 0x7f99e4040100 unknown :-1 s=BANNER_CONNECTING pgs=0 cs=0 l=1 rev1=0 crypto rx=0 tx=0 comp rx=0 tx=0)._handle_peer_banner_payload supported=3 required=0
2026-03-10T07:19:43.615 INFO:teuthology.orchestra.run.vm00.stdout:/usr/bin/ceph: stderr
2026-03-10T07:19:43.457+0000 7f9a14113640 1 -- 192.168.123.100:0/2899020192 --> [v2:192.168.123.100:3300/0,v1:192.168.123.100:6789/0] -- mon_command({"prefix": "get_command_descriptions"} v 0) -- 0x7f99d4005180 con 0x7f9a0c104dc0
2026-03-10T07:19:43.615 INFO:teuthology.orchestra.run.vm00.stdout:/usr/bin/ceph: stderr
2026-03-10T07:19:43.461+0000 7f9a11687640 1 --2- 192.168.123.100:0/2899020192 >> [v2:192.168.123.100:6800/1944661180,v1:192.168.123.100:6801/1944661180] conn(0x7f99e403dc40 0x7f99e4040100 secure :-1 s=READY pgs=10 cs=0 l=1 rev1=1 crypto rx=0x7f99fc0099c0 tx=0x7f99fc006eb0 comp rx=0 tx=0).ready entity=mgr.14118 client_cookie=0 server_cookie=0 in_seq=0 out_seq=0
2026-03-10T07:19:43.615 INFO:teuthology.orchestra.run.vm00.stdout:/usr/bin/ceph: stderr
2026-03-10T07:19:43.461+0000 7f99faffd640 1 -- 192.168.123.100:0/2899020192 <== mon.0 v2:192.168.123.100:3300/0 6 ==== mon_command_ack([{"prefix": "get_command_descriptions"}]=0 v0) ==== 72+0+195034 (secure 0 0 0) 0x7f9a00076ba0 con 0x7f9a0c104dc0
2026-03-10T07:19:43.615 INFO:teuthology.orchestra.run.vm00.stdout:/usr/bin/ceph: stderr
2026-03-10T07:19:43.557+0000 7f9a14113640 1 -- 192.168.123.100:0/2899020192 --> [v2:192.168.123.100:6800/1944661180,v1:192.168.123.100:6801/1944661180] -- mgr_command(tid 0: {"prefix": "cephadm get-pub-key", "target": ["mon-mgr", ""]}) -- 0x7f99d4002bf0 con 0x7f99e403dc40
2026-03-10T07:19:43.615 INFO:teuthology.orchestra.run.vm00.stdout:/usr/bin/ceph: stderr
2026-03-10T07:19:43.557+0000 7f99faffd640 1 -- 192.168.123.100:0/2899020192 <== mgr.14118 v2:192.168.123.100:6800/1944661180 1 ==== mgr_command_reply(tid 0: 0 ) ==== 8+0+123 (secure 0 0 0) 0x7f99d4002bf0 con 0x7f99e403dc40
2026-03-10T07:19:43.615 INFO:teuthology.orchestra.run.vm00.stdout:/usr/bin/ceph: stderr
2026-03-10T07:19:43.561+0000 7f9a14113640 1 -- 192.168.123.100:0/2899020192 >> [v2:192.168.123.100:6800/1944661180,v1:192.168.123.100:6801/1944661180] conn(0x7f99e403dc40 msgr2=0x7f99e4040100 secure :-1 s=STATE_CONNECTION_ESTABLISHED l=1).mark_down
2026-03-10T07:19:43.615 INFO:teuthology.orchestra.run.vm00.stdout:/usr/bin/ceph: stderr
2026-03-10T07:19:43.561+0000 7f9a14113640 1 --2- 192.168.123.100:0/2899020192 >> [v2:192.168.123.100:6800/1944661180,v1:192.168.123.100:6801/1944661180] conn(0x7f99e403dc40 0x7f99e4040100 secure :-1 s=READY pgs=10 cs=0 l=1 rev1=1 crypto rx=0x7f99fc0099c0 tx=0x7f99fc006eb0 comp rx=0 tx=0).stop
2026-03-10T07:19:43.615 INFO:teuthology.orchestra.run.vm00.stdout:/usr/bin/ceph: stderr
2026-03-10T07:19:43.561+0000 7f9a14113640 1 -- 192.168.123.100:0/2899020192 >> [v2:192.168.123.100:3300/0,v1:192.168.123.100:6789/0] conn(0x7f9a0c104dc0 msgr2=0x7f9a0c1a29d0 secure :-1 s=STATE_CONNECTION_ESTABLISHED l=1).mark_down
2026-03-10T07:19:43.615 INFO:teuthology.orchestra.run.vm00.stdout:/usr/bin/ceph: stderr
2026-03-10T07:19:43.561+0000 7f9a14113640 1 --2- 192.168.123.100:0/2899020192 >> [v2:192.168.123.100:3300/0,v1:192.168.123.100:6789/0] conn(0x7f9a0c104dc0 0x7f9a0c1a29d0 secure :-1 s=READY pgs=42 cs=0 l=1 rev1=1 crypto rx=0x7f9a00035d50 tx=0x7f9a00035d80 comp rx=0 tx=0).stop
2026-03-10T07:19:43.615 INFO:teuthology.orchestra.run.vm00.stdout:/usr/bin/ceph: stderr
2026-03-10T07:19:43.561+0000 7f9a14113640 1 -- 192.168.123.100:0/2899020192 shutdown_connections
2026-03-10T07:19:43.615 INFO:teuthology.orchestra.run.vm00.stdout:/usr/bin/ceph: stderr
2026-03-10T07:19:43.561+0000 7f9a14113640 1 --2- 192.168.123.100:0/2899020192 >> [v2:192.168.123.100:6800/1944661180,v1:192.168.123.100:6801/1944661180] conn(0x7f99e403dc40 0x7f99e4040100 unknown :-1 s=CLOSED pgs=10 cs=0 l=1 rev1=1 crypto rx=0 tx=0 comp rx=0 tx=0).stop
2026-03-10T07:19:43.615 INFO:teuthology.orchestra.run.vm00.stdout:/usr/bin/ceph: stderr
2026-03-10T07:19:43.561+0000 7f9a14113640 1 --2- 192.168.123.100:0/2899020192 >> [v2:192.168.123.100:3300/0,v1:192.168.123.100:6789/0] conn(0x7f9a0c104dc0 0x7f9a0c1a29d0 unknown :-1 s=CLOSED pgs=42 cs=0 l=1 rev1=1 crypto rx=0 tx=0 comp rx=0 tx=0).stop
2026-03-10T07:19:43.615 INFO:teuthology.orchestra.run.vm00.stdout:/usr/bin/ceph: stderr
2026-03-10T07:19:43.561+0000 7f9a14113640 1 -- 192.168.123.100:0/2899020192 >> 192.168.123.100:0/2899020192 conn(0x7f9a0c100bf0 msgr2=0x7f9a0c10acd0 unknown :-1 s=STATE_NONE l=0).mark_down
2026-03-10T07:19:43.615 INFO:teuthology.orchestra.run.vm00.stdout:/usr/bin/ceph: stderr
2026-03-10T07:19:43.561+0000 7f9a14113640 1 -- 192.168.123.100:0/2899020192 shutdown_connections
2026-03-10T07:19:43.615 INFO:teuthology.orchestra.run.vm00.stdout:/usr/bin/ceph: stderr
2026-03-10T07:19:43.561+0000 7f9a14113640 1 -- 192.168.123.100:0/2899020192 wait complete.
2026-03-10T07:19:43.615 INFO:teuthology.orchestra.run.vm00.stdout:Wrote public SSH key to /home/ubuntu/cephtest/ceph.pub
2026-03-10T07:19:43.615 INFO:teuthology.orchestra.run.vm00.stdout:Adding key to root@localhost authorized_keys...
2026-03-10T07:19:43.615 INFO:teuthology.orchestra.run.vm00.stdout:Adding host vm00...
2026-03-10T07:19:44.141 INFO:journalctl@ceph.mon.a.vm00.stdout:Mar 10 07:19:44 vm00 bash[20701]: audit
2026-03-10T07:19:42.504687+0000 mgr.y (mgr.14118) 10 : audit [DBG] from='client.14132 -' entity='client.admin' cmd=[{"prefix": "cephadm set-user", "user": "root", "target": ["mon-mgr", ""]}]: dispatch
2026-03-10T07:19:44.141 INFO:journalctl@ceph.mon.a.vm00.stdout:Mar 10 07:19:44 vm00 bash[20701]: audit
2026-03-10T07:19:42.504687+0000 mgr.y (mgr.14118) 10 : audit [DBG] from='client.14132 -' entity='client.admin' cmd=[{"prefix": "cephadm set-user", "user": "root", "target": ["mon-mgr", ""]}]: dispatch
2026-03-10T07:19:44.142 INFO:journalctl@ceph.mon.a.vm00.stdout:Mar 10 07:19:44 vm00 bash[20701]: cluster
2026-03-10T07:19:43.062726+0000 mon.a (mon.0) 57 : cluster [DBG] mgrmap e7: y(active, since 2s)
2026-03-10T07:19:44.142 INFO:journalctl@ceph.mon.a.vm00.stdout:Mar 10 07:19:44 vm00 bash[20701]: cluster
2026-03-10T07:19:43.062726+0000 mon.a (mon.0) 57 : cluster [DBG] mgrmap e7: y(active, since 2s)
2026-03-10T07:19:44.142 INFO:journalctl@ceph.mon.a.vm00.stdout:Mar 10 07:19:44 vm00 bash[20701]: audit
2026-03-10T07:19:43.263574+0000 mgr.y (mgr.14118) 11 : audit [DBG] from='client.14134 -' entity='client.admin' cmd=[{"prefix": "cephadm generate-key", "target": ["mon-mgr", ""]}]: dispatch
2026-03-10T07:19:44.142 INFO:journalctl@ceph.mon.a.vm00.stdout:Mar 10 07:19:44 vm00 bash[20701]: audit
2026-03-10T07:19:43.263574+0000 mgr.y (mgr.14118) 11 : audit [DBG] from='client.14134 -' entity='client.admin' cmd=[{"prefix": "cephadm generate-key", "target": ["mon-mgr", ""]}]: dispatch
2026-03-10T07:19:44.142 INFO:journalctl@ceph.mon.a.vm00.stdout:Mar 10 07:19:44 vm00 bash[20701]: cephadm
2026-03-10T07:19:43.263810+0000 mgr.y (mgr.14118) 12 : cephadm [INF] Generating ssh key...
2026-03-10T07:19:44.142 INFO:journalctl@ceph.mon.a.vm00.stdout:Mar 10 07:19:44 vm00 bash[20701]: cephadm
2026-03-10T07:19:43.263810+0000 mgr.y (mgr.14118) 12 : cephadm [INF] Generating ssh key...
2026-03-10T07:19:44.142 INFO:journalctl@ceph.mon.a.vm00.stdout:Mar 10 07:19:44 vm00 bash[20701]: audit
2026-03-10T07:19:43.281493+0000 mon.a (mon.0) 58 : audit [INF] from='mgr.14118 192.168.123.100:0/3853501618' entity='mgr.y'
2026-03-10T07:19:44.142 INFO:journalctl@ceph.mon.a.vm00.stdout:Mar 10 07:19:44 vm00 bash[20701]: audit
2026-03-10T07:19:43.281493+0000 mon.a (mon.0) 58 : audit [INF] from='mgr.14118 192.168.123.100:0/3853501618' entity='mgr.y'
2026-03-10T07:19:44.142 INFO:journalctl@ceph.mon.a.vm00.stdout:Mar 10 07:19:44 vm00 bash[20701]: audit
2026-03-10T07:19:43.283919+0000 mon.a (mon.0) 59 : audit [INF] from='mgr.14118 192.168.123.100:0/3853501618' entity='mgr.y'
2026-03-10T07:19:44.142 INFO:journalctl@ceph.mon.a.vm00.stdout:Mar 10 07:19:44 vm00 bash[20701]: audit
2026-03-10T07:19:43.283919+0000 mon.a (mon.0) 59 : audit [INF] from='mgr.14118 192.168.123.100:0/3853501618' entity='mgr.y'
2026-03-10T07:19:45.141 INFO:journalctl@ceph.mon.a.vm00.stdout:Mar 10 07:19:45 vm00 bash[20701]: audit
2026-03-10T07:19:43.564658+0000 mgr.y (mgr.14118) 13 : audit [DBG] from='client.14136 -' entity='client.admin' cmd=[{"prefix": "cephadm get-pub-key", "target": ["mon-mgr", ""]}]: dispatch
2026-03-10T07:19:45.141 INFO:journalctl@ceph.mon.a.vm00.stdout:Mar 10 07:19:45 vm00 bash[20701]: audit
2026-03-10T07:19:43.564658+0000 mgr.y (mgr.14118) 13 : audit [DBG] from='client.14136 -' entity='client.admin' cmd=[{"prefix": "cephadm get-pub-key", "target": ["mon-mgr", ""]}]: dispatch
2026-03-10T07:19:45.141 INFO:journalctl@ceph.mon.a.vm00.stdout:Mar 10 07:19:45 vm00 bash[20701]: audit
2026-03-10T07:19:43.836016+0000 mgr.y (mgr.14118) 14 : audit [DBG] from='client.14138 -' entity='client.admin' cmd=[{"prefix": "orch host add", "hostname": "vm00", "addr": "192.168.123.100", "target": ["mon-mgr", ""]}]: dispatch
2026-03-10T07:19:45.141 INFO:journalctl@ceph.mon.a.vm00.stdout:Mar 10 07:19:45 vm00 bash[20701]: audit
2026-03-10T07:19:43.836016+0000 mgr.y (mgr.14118) 14 : audit [DBG] from='client.14138 -' entity='client.admin' cmd=[{"prefix": "orch host add", "hostname": "vm00", "addr": "192.168.123.100", "target": ["mon-mgr", ""]}]: dispatch
2026-03-10T07:19:45.891 INFO:teuthology.orchestra.run.vm00.stdout:/usr/bin/ceph: stdout Added host 'vm00' with addr '192.168.123.100'
2026-03-10T07:19:45.891 INFO:teuthology.orchestra.run.vm00.stdout:/usr/bin/ceph: stderr
2026-03-10T07:19:43.721+0000 7feaec745640 1 Processor -- start
2026-03-10T07:19:45.891 INFO:teuthology.orchestra.run.vm00.stdout:/usr/bin/ceph: stderr
2026-03-10T07:19:43.721+0000 7feaec745640 1 -- start start
2026-03-10T07:19:45.891 INFO:teuthology.orchestra.run.vm00.stdout:/usr/bin/ceph: stderr
2026-03-10T07:19:43.721+0000 7feaec745640 1 --2- >> [v2:192.168.123.100:3300/0,v1:192.168.123.100:6789/0] conn(0x7feae4108860 0x7feae4108c60 unknown :-1 s=NONE pgs=0 cs=0 l=0 rev1=0 crypto rx=0 tx=0 comp rx=0 tx=0).connect
2026-03-10T07:19:45.891 INFO:teuthology.orchestra.run.vm00.stdout:/usr/bin/ceph: stderr
2026-03-10T07:19:43.721+0000 7feaec745640 1 -- --> [v2:192.168.123.100:3300/0,v1:192.168.123.100:6789/0] -- mon_getmap magic: 0 -- 0x7feae4109230 con 0x7feae4108860
2026-03-10T07:19:45.891 INFO:teuthology.orchestra.run.vm00.stdout:/usr/bin/ceph: stderr
2026-03-10T07:19:43.721+0000 7feaea4ba640 1 --2- >> [v2:192.168.123.100:3300/0,v1:192.168.123.100:6789/0] conn(0x7feae4108860 0x7feae4108c60 unknown :-1 s=BANNER_CONNECTING pgs=0 cs=0 l=0 rev1=0 crypto rx=0 tx=0 comp rx=0 tx=0)._handle_peer_banner_payload supported=3 required=0
2026-03-10T07:19:45.891 INFO:teuthology.orchestra.run.vm00.stdout:/usr/bin/ceph: stderr
2026-03-10T07:19:43.721+0000 7feaea4ba640 1 --2- >> [v2:192.168.123.100:3300/0,v1:192.168.123.100:6789/0] conn(0x7feae4108860 0x7feae4108c60 unknown :-1 s=HELLO_CONNECTING pgs=0 cs=0 l=0 rev1=1 crypto rx=0 tx=0 comp rx=0 tx=0).handle_hello peer v2:192.168.123.100:3300/0 says I am v2:192.168.123.100:40368/0 (socket says 192.168.123.100:40368)
2026-03-10T07:19:45.891 INFO:teuthology.orchestra.run.vm00.stdout:/usr/bin/ceph: stderr
2026-03-10T07:19:43.721+0000 7feaea4ba640 1 -- 192.168.123.100:0/1484005422 learned_addr learned my addr 192.168.123.100:0/1484005422 (peer_addr_for_me v2:192.168.123.100:0/0)
2026-03-10T07:19:45.891 INFO:teuthology.orchestra.run.vm00.stdout:/usr/bin/ceph: stderr
2026-03-10T07:19:43.721+0000 7feaea4ba640 1 -- 192.168.123.100:0/1484005422 --> [v2:192.168.123.100:3300/0,v1:192.168.123.100:6789/0] -- mon_subscribe({config=0+,monmap=0+}) -- 0x7feae4109a60 con 0x7feae4108860
2026-03-10T07:19:45.891 INFO:teuthology.orchestra.run.vm00.stdout:/usr/bin/ceph: stderr
2026-03-10T07:19:43.725+0000 7feaea4ba640 1 --2- 192.168.123.100:0/1484005422 >> [v2:192.168.123.100:3300/0,v1:192.168.123.100:6789/0] conn(0x7feae4108860 0x7feae4108c60 secure :-1 s=READY pgs=43 cs=0 l=1 rev1=1 crypto rx=0x7fead8009b80 tx=0x7fead802f190 comp rx=0 tx=0).ready entity=mon.0 client_cookie=c044c7d84628a225 server_cookie=0 in_seq=0 out_seq=0
2026-03-10T07:19:45.891 INFO:teuthology.orchestra.run.vm00.stdout:/usr/bin/ceph: stderr
2026-03-10T07:19:43.725+0000 7feae94b8640 1 -- 192.168.123.100:0/1484005422 <== mon.0 v2:192.168.123.100:3300/0 1 ==== mon_map magic: 0 ==== 205+0+0 (secure 0 0 0) 0x7fead803c070 con 0x7feae4108860
2026-03-10T07:19:45.891 INFO:teuthology.orchestra.run.vm00.stdout:/usr/bin/ceph: stderr
2026-03-10T07:19:43.725+0000 7feae94b8640 1 -- 192.168.123.100:0/1484005422 <== mon.0 v2:192.168.123.100:3300/0 2 ==== config(23 keys) ==== 947+0+0 (secure 0 0 0) 0x7fead8037440 con 0x7feae4108860
2026-03-10T07:19:45.891 INFO:teuthology.orchestra.run.vm00.stdout:/usr/bin/ceph: stderr
2026-03-10T07:19:43.725+0000 7feae94b8640 1 -- 192.168.123.100:0/1484005422 <== mon.0 v2:192.168.123.100:3300/0 3 ==== mon_map magic: 0 ==== 205+0+0 (secure 0 0 0) 0x7fead8035340 con 0x7feae4108860
2026-03-10T07:19:45.891 INFO:teuthology.orchestra.run.vm00.stdout:/usr/bin/ceph: stderr
2026-03-10T07:19:43.725+0000 7feaec745640 1 -- 192.168.123.100:0/1484005422 >> [v2:192.168.123.100:3300/0,v1:192.168.123.100:6789/0] conn(0x7feae4108860 msgr2=0x7feae4108c60 secure :-1 s=STATE_CONNECTION_ESTABLISHED l=1).mark_down
2026-03-10T07:19:45.891 INFO:teuthology.orchestra.run.vm00.stdout:/usr/bin/ceph: stderr
2026-03-10T07:19:43.725+0000 7feaec745640 1 --2- 192.168.123.100:0/1484005422 >> [v2:192.168.123.100:3300/0,v1:192.168.123.100:6789/0] conn(0x7feae4108860 0x7feae4108c60 secure :-1 s=READY pgs=43 cs=0 l=1 rev1=1 crypto rx=0x7fead8009b80 tx=0x7fead802f190 comp rx=0 tx=0).stop
2026-03-10T07:19:45.891 INFO:teuthology.orchestra.run.vm00.stdout:/usr/bin/ceph: stderr
2026-03-10T07:19:43.725+0000 7feaec745640 1 -- 192.168.123.100:0/1484005422 shutdown_connections
2026-03-10T07:19:45.891 INFO:teuthology.orchestra.run.vm00.stdout:/usr/bin/ceph: stderr
2026-03-10T07:19:43.725+0000 7feaec745640 1 --2- 192.168.123.100:0/1484005422 >> [v2:192.168.123.100:3300/0,v1:192.168.123.100:6789/0] conn(0x7feae4108860 0x7feae4108c60 unknown :-1 s=CLOSED pgs=43 cs=0 l=1 rev1=1 crypto rx=0 tx=0 comp rx=0 tx=0).stop
2026-03-10T07:19:45.891 INFO:teuthology.orchestra.run.vm00.stdout:/usr/bin/ceph: stderr
2026-03-10T07:19:43.725+0000 7feaec745640 1 -- 192.168.123.100:0/1484005422 >> 192.168.123.100:0/1484005422 conn(0x7feae407bda0 msgr2=0x7feae407c1b0 unknown :-1 s=STATE_NONE l=0).mark_down
2026-03-10T07:19:45.891 INFO:teuthology.orchestra.run.vm00.stdout:/usr/bin/ceph: stderr
2026-03-10T07:19:43.725+0000 7feaec745640 1 -- 192.168.123.100:0/1484005422 shutdown_connections
2026-03-10T07:19:45.891 INFO:teuthology.orchestra.run.vm00.stdout:/usr/bin/ceph: stderr
2026-03-10T07:19:43.725+0000 7feaec745640 1 -- 192.168.123.100:0/1484005422 wait complete.
2026-03-10T07:19:45.891 INFO:teuthology.orchestra.run.vm00.stdout:/usr/bin/ceph: stderr
2026-03-10T07:19:43.725+0000 7feaec745640 1 Processor -- start
2026-03-10T07:19:45.891 INFO:teuthology.orchestra.run.vm00.stdout:/usr/bin/ceph: stderr
2026-03-10T07:19:43.725+0000 7feaec745640 1 -- start start
2026-03-10T07:19:45.891 INFO:teuthology.orchestra.run.vm00.stdout:/usr/bin/ceph: stderr
2026-03-10T07:19:43.725+0000 7feaec745640 1 --2- >> [v2:192.168.123.100:3300/0,v1:192.168.123.100:6789/0] conn(0x7feae4108860 0x7feae4080470 unknown :-1 s=NONE pgs=0 cs=0 l=1 rev1=0 crypto rx=0 tx=0 comp rx=0 tx=0).connect
2026-03-10T07:19:45.891 INFO:teuthology.orchestra.run.vm00.stdout:/usr/bin/ceph: stderr
2026-03-10T07:19:43.725+0000 7feaea4ba640 1 --2- >> [v2:192.168.123.100:3300/0,v1:192.168.123.100:6789/0] conn(0x7feae4108860 0x7feae4080470 unknown :-1 s=BANNER_CONNECTING pgs=0 cs=0 l=1 rev1=0 crypto rx=0 tx=0 comp rx=0 tx=0)._handle_peer_banner_payload supported=3 required=0
2026-03-10T07:19:45.891 INFO:teuthology.orchestra.run.vm00.stdout:/usr/bin/ceph: stderr
2026-03-10T07:19:43.725+0000 7feaea4ba640 1 --2- >> [v2:192.168.123.100:3300/0,v1:192.168.123.100:6789/0] conn(0x7feae4108860 0x7feae4080470 unknown :-1 s=HELLO_CONNECTING pgs=0 cs=0 l=1 rev1=1 crypto rx=0 tx=0 comp rx=0 tx=0).handle_hello peer v2:192.168.123.100:3300/0 says I am v2:192.168.123.100:40380/0 (socket says 192.168.123.100:40380)
2026-03-10T07:19:45.891 INFO:teuthology.orchestra.run.vm00.stdout:/usr/bin/ceph: stderr
2026-03-10T07:19:43.725+0000 7feaea4ba640 1 -- 192.168.123.100:0/1016689697 learned_addr learned my addr 192.168.123.100:0/1016689697 (peer_addr_for_me v2:192.168.123.100:0/0)
2026-03-10T07:19:45.891 INFO:teuthology.orchestra.run.vm00.stdout:/usr/bin/ceph: stderr
2026-03-10T07:19:43.725+0000 7feaec745640 1 -- --> [v2:192.168.123.100:3300/0,v1:192.168.123.100:6789/0] -- mon_getmap magic: 0 -- 0x7feae410a760 con 0x7feae4108860
2026-03-10T07:19:45.891 INFO:teuthology.orchestra.run.vm00.stdout:/usr/bin/ceph: stderr
2026-03-10T07:19:43.725+0000 7feaea4ba640 1 -- 192.168.123.100:0/1016689697 --> [v2:192.168.123.100:3300/0,v1:192.168.123.100:6789/0] -- mon_subscribe({config=0+,monmap=0+}) -- 0x7feae40809b0 con 0x7feae4108860
2026-03-10T07:19:45.891 INFO:teuthology.orchestra.run.vm00.stdout:/usr/bin/ceph: stderr
2026-03-10T07:19:43.725+0000 7feaea4ba640 1 --2- 192.168.123.100:0/1016689697 >> [v2:192.168.123.100:3300/0,v1:192.168.123.100:6789/0] conn(0x7feae4108860 0x7feae4080470 secure :-1 s=READY pgs=44 cs=0 l=1 rev1=1 crypto rx=0x7fead8036970 tx=0x7fead80369a0 comp rx=0 tx=0).ready entity=mon.0 client_cookie=0 server_cookie=0 in_seq=0 out_seq=0
2026-03-10T07:19:45.891 INFO:teuthology.orchestra.run.vm00.stdout:/usr/bin/ceph: stderr
2026-03-10T07:19:43.725+0000 7fead37fe640 1 -- 192.168.123.100:0/1016689697 <== mon.0 v2:192.168.123.100:3300/0 1 ==== mon_map magic: 0 ==== 205+0+0 (secure 0 0 0) 0x7fead803c070 con 0x7feae4108860
2026-03-10T07:19:45.891 INFO:teuthology.orchestra.run.vm00.stdout:/usr/bin/ceph: stderr
2026-03-10T07:19:43.725+0000 7fead37fe640 1 -- 192.168.123.100:0/1016689697 <== mon.0 v2:192.168.123.100:3300/0 2 ==== config(23 keys) ==== 947+0+0 (secure 0 0 0) 0x7fead8045070 con 0x7feae4108860
2026-03-10T07:19:45.892 INFO:teuthology.orchestra.run.vm00.stdout:/usr/bin/ceph: stderr
2026-03-10T07:19:43.725+0000 7fead37fe640 1 -- 192.168.123.100:0/1016689697 <== mon.0 v2:192.168.123.100:3300/0 3 ==== mon_map magic: 0 ==== 205+0+0 (secure 0 0 0) 0x7fead8040c80 con 0x7feae4108860
2026-03-10T07:19:45.892 INFO:teuthology.orchestra.run.vm00.stdout:/usr/bin/ceph: stderr
2026-03-10T07:19:43.725+0000 7feaec745640 1 -- 192.168.123.100:0/1016689697 --> [v2:192.168.123.100:3300/0,v1:192.168.123.100:6789/0] -- mon_subscribe({mgrmap=0+}) -- 0x7feae4080c40 con 0x7feae4108860
2026-03-10T07:19:45.892 INFO:teuthology.orchestra.run.vm00.stdout:/usr/bin/ceph: stderr
2026-03-10T07:19:43.725+0000 7feaec745640 1 -- 192.168.123.100:0/1016689697 --> [v2:192.168.123.100:3300/0,v1:192.168.123.100:6789/0] -- mon_subscribe({osdmap=0}) -- 0x7feae407cfb0 con 0x7feae4108860
2026-03-10T07:19:45.892 INFO:teuthology.orchestra.run.vm00.stdout:/usr/bin/ceph: stderr
2026-03-10T07:19:43.729+0000 7fead37fe640 1 -- 192.168.123.100:0/1016689697 <== mon.0 v2:192.168.123.100:3300/0 4 ==== mgrmap(e 7) ==== 50247+0+0 (secure 0 0 0) 0x7fead804a460 con 0x7feae4108860
2026-03-10T07:19:45.892 INFO:teuthology.orchestra.run.vm00.stdout:/usr/bin/ceph: stderr
2026-03-10T07:19:43.729+0000 7feaec745640 1 -- 192.168.123.100:0/1016689697 --> [v2:192.168.123.100:3300/0,v1:192.168.123.100:6789/0] -- mon_command({"prefix": "get_command_descriptions"} v 0) -- 0x7feaac005180 con 0x7feae4108860
2026-03-10T07:19:45.892 INFO:teuthology.orchestra.run.vm00.stdout:/usr/bin/ceph: stderr
2026-03-10T07:19:43.729+0000 7fead37fe640 1 --2- 192.168.123.100:0/1016689697 >> [v2:192.168.123.100:6800/1944661180,v1:192.168.123.100:6801/1944661180] conn(0x7feac003dc40 0x7feac0040100 unknown :-1 s=NONE pgs=0 cs=0 l=1 rev1=0 crypto rx=0 tx=0 comp rx=0 tx=0).connect
2026-03-10T07:19:45.892 INFO:teuthology.orchestra.run.vm00.stdout:/usr/bin/ceph: stderr
2026-03-10T07:19:43.729+0000 7feae9cb9640 1 --2- 192.168.123.100:0/1016689697 >> [v2:192.168.123.100:6800/1944661180,v1:192.168.123.100:6801/1944661180] conn(0x7feac003dc40 0x7feac0040100 unknown :-1 s=BANNER_CONNECTING pgs=0 cs=0 l=1 rev1=0 crypto rx=0 tx=0 comp rx=0 tx=0)._handle_peer_banner_payload supported=3 required=0
2026-03-10T07:19:45.892 INFO:teuthology.orchestra.run.vm00.stdout:/usr/bin/ceph: stderr
