2026-03-10T07:19:43.733+0000 7fead37fe640 1 -- 192.168.123.100:0/1016689697 <== mon.0 v2:192.168.123.100:3300/0 5 ==== osd_map(2..2 src has 1..2) ==== 940+0+0 (secure 0 0 0) 0x7fead8077820 con 0x7feae4108860
2026-03-10T07:19:45.892 INFO:teuthology.orchestra.run.vm00.stdout:/usr/bin/ceph: stderr
2026-03-10T07:19:43.733+0000 7fead37fe640 1 -- 192.168.123.100:0/1016689697 <== mon.0 v2:192.168.123.100:3300/0 6 ==== mon_command_ack([{"prefix": "get_command_descriptions"}]=0 v0) ==== 72+0+195034 (secure 0 0 0) 0x7fead8035340 con 0x7feae4108860
2026-03-10T07:19:45.892 INFO:teuthology.orchestra.run.vm00.stdout:/usr/bin/ceph: stderr
2026-03-10T07:19:43.733+0000 7feae9cb9640 1 --2- 192.168.123.100:0/1016689697 >> [v2:192.168.123.100:6800/1944661180,v1:192.168.123.100:6801/1944661180] conn(0x7feac003dc40 0x7feac0040100 secure :-1 s=READY pgs=11 cs=0 l=1 rev1=1 crypto rx=0x7fead4009a10 tx=0x7fead4006eb0 comp rx=0 tx=0).ready entity=mgr.14118 client_cookie=0 server_cookie=0 in_seq=0 out_seq=0
2026-03-10T07:19:45.892 INFO:teuthology.orchestra.run.vm00.stdout:/usr/bin/ceph: stderr
2026-03-10T07:19:43.829+0000 7feaec745640 1 -- 192.168.123.100:0/1016689697 --> [v2:192.168.123.100:6800/1944661180,v1:192.168.123.100:6801/1944661180] -- mgr_command(tid 0: {"prefix": "orch host add", "hostname": "vm00", "addr": "192.168.123.100", "target": ["mon-mgr", ""]}) -- 0x7feaac002bf0 con 0x7feac003dc40
2026-03-10T07:19:45.892 INFO:teuthology.orchestra.run.vm00.stdout:/usr/bin/ceph: stderr
2026-03-10T07:19:45.813+0000 7fead37fe640 1 -- 192.168.123.100:0/1016689697 <== mgr.14118 v2:192.168.123.100:6800/1944661180 1 ==== mgr_command_reply(tid 0: 0 ) ==== 8+0+46 (secure 0 0 0) 0x7feaac002bf0 con 0x7feac003dc40
2026-03-10T07:19:45.892 INFO:teuthology.orchestra.run.vm00.stdout:/usr/bin/ceph: stderr
2026-03-10T07:19:45.817+0000 7feaec745640 1 -- 192.168.123.100:0/1016689697 >> [v2:192.168.123.100:6800/1944661180,v1:192.168.123.100:6801/1944661180] conn(0x7feac003dc40 msgr2=0x7feac0040100 secure :-1 s=STATE_CONNECTION_ESTABLISHED l=1).mark_down
2026-03-10T07:19:45.892 INFO:teuthology.orchestra.run.vm00.stdout:/usr/bin/ceph: stderr
2026-03-10T07:19:45.817+0000 7feaec745640 1 --2- 192.168.123.100:0/1016689697 >> [v2:192.168.123.100:6800/1944661180,v1:192.168.123.100:6801/1944661180] conn(0x7feac003dc40 0x7feac0040100 secure :-1 s=READY pgs=11 cs=0 l=1 rev1=1 crypto rx=0x7fead4009a10 tx=0x7fead4006eb0 comp rx=0 tx=0).stop
2026-03-10T07:19:45.892 INFO:teuthology.orchestra.run.vm00.stdout:/usr/bin/ceph: stderr
2026-03-10T07:19:45.817+0000 7feaec745640 1 -- 192.168.123.100:0/1016689697 >> [v2:192.168.123.100:3300/0,v1:192.168.123.100:6789/0] conn(0x7feae4108860 msgr2=0x7feae4080470 secure :-1 s=STATE_CONNECTION_ESTABLISHED l=1).mark_down
2026-03-10T07:19:45.892 INFO:teuthology.orchestra.run.vm00.stdout:/usr/bin/ceph: stderr
2026-03-10T07:19:45.817+0000 7feaec745640 1 --2- 192.168.123.100:0/1016689697 >> [v2:192.168.123.100:3300/0,v1:192.168.123.100:6789/0] conn(0x7feae4108860 0x7feae4080470 secure :-1 s=READY pgs=44 cs=0 l=1 rev1=1 crypto rx=0x7fead8036970 tx=0x7fead80369a0 comp rx=0 tx=0).stop
2026-03-10T07:19:45.892 INFO:teuthology.orchestra.run.vm00.stdout:/usr/bin/ceph: stderr
2026-03-10T07:19:45.817+0000 7feaec745640 1 -- 192.168.123.100:0/1016689697 shutdown_connections
2026-03-10T07:19:45.892 INFO:teuthology.orchestra.run.vm00.stdout:/usr/bin/ceph: stderr
2026-03-10T07:19:45.817+0000 7feaec745640 1 --2- 192.168.123.100:0/1016689697 >> [v2:192.168.123.100:6800/1944661180,v1:192.168.123.100:6801/1944661180] conn(0x7feac003dc40 0x7feac0040100 unknown :-1 s=CLOSED pgs=11 cs=0 l=1 rev1=1 crypto rx=0 tx=0 comp rx=0 tx=0).stop
2026-03-10T07:19:45.892 INFO:teuthology.orchestra.run.vm00.stdout:/usr/bin/ceph: stderr
2026-03-10T07:19:45.817+0000 7feaec745640 1 --2- 192.168.123.100:0/1016689697 >> [v2:192.168.123.100:3300/0,v1:192.168.123.100:6789/0] conn(0x7feae4108860 0x7feae4080470 unknown :-1 s=CLOSED pgs=44 cs=0 l=1 rev1=1 crypto rx=0 tx=0 comp rx=0 tx=0).stop
2026-03-10T07:19:45.892 INFO:teuthology.orchestra.run.vm00.stdout:/usr/bin/ceph: stderr
2026-03-10T07:19:45.817+0000 7feaec745640 1 -- 192.168.123.100:0/1016689697 >> 192.168.123.100:0/1016689697 conn(0x7feae407bda0 msgr2=0x7feae4105cf0 unknown :-1 s=STATE_NONE l=0).mark_down
2026-03-10T07:19:45.892 INFO:teuthology.orchestra.run.vm00.stdout:/usr/bin/ceph: stderr
2026-03-10T07:19:45.817+0000 7feaec745640 1 -- 192.168.123.100:0/1016689697 shutdown_connections
2026-03-10T07:19:45.892 INFO:teuthology.orchestra.run.vm00.stdout:/usr/bin/ceph: stderr
2026-03-10T07:19:45.817+0000 7feaec745640 1 -- 192.168.123.100:0/1016689697 wait complete.
2026-03-10T07:19:45.892 INFO:teuthology.orchestra.run.vm00.stdout:Deploying unmanaged mon service...
2026-03-10T07:19:46.141 INFO:journalctl@ceph.mon.a.vm00.stdout:Mar 10 07:19:46 vm00 bash[20701]: cephadm
2026-03-10T07:19:44.511428+0000 mgr.y (mgr.14118) 15 : cephadm [INF] Deploying cephadm binary to vm00
2026-03-10T07:19:46.142 INFO:journalctl@ceph.mon.a.vm00.stdout:Mar 10 07:19:46 vm00 bash[20701]: cephadm
2026-03-10T07:19:44.511428+0000 mgr.y (mgr.14118) 15 : cephadm [INF] Deploying cephadm binary to vm00
2026-03-10T07:19:46.142 INFO:journalctl@ceph.mon.a.vm00.stdout:Mar 10 07:19:46 vm00 bash[20701]: audit
2026-03-10T07:19:45.819023+0000 mon.a (mon.0) 60 : audit [INF] from='mgr.14118 192.168.123.100:0/3853501618' entity='mgr.y'
2026-03-10T07:19:46.142 INFO:journalctl@ceph.mon.a.vm00.stdout:Mar 10 07:19:46 vm00 bash[20701]: audit
2026-03-10T07:19:45.819023+0000 mon.a (mon.0) 60 : audit [INF] from='mgr.14118 192.168.123.100:0/3853501618' entity='mgr.y'
2026-03-10T07:19:46.142 INFO:journalctl@ceph.mon.a.vm00.stdout:Mar 10 07:19:46 vm00 bash[20701]: audit
2026-03-10T07:19:45.820354+0000 mon.a (mon.0) 61 : audit [DBG] from='mgr.14118 192.168.123.100:0/3853501618' entity='mgr.y' cmd=[{"prefix": "config dump", "format": "json"}]: dispatch
2026-03-10T07:19:46.142 INFO:journalctl@ceph.mon.a.vm00.stdout:Mar 10 07:19:46 vm00 bash[20701]: audit
2026-03-10T07:19:45.820354+0000 mon.a (mon.0) 61 : audit [DBG] from='mgr.14118 192.168.123.100:0/3853501618' entity='mgr.y' cmd=[{"prefix": "config dump", "format": "json"}]: dispatch
2026-03-10T07:19:46.237 INFO:teuthology.orchestra.run.vm00.stdout:/usr/bin/ceph: stdout Scheduled mon update...
2026-03-10T07:19:46.237 INFO:teuthology.orchestra.run.vm00.stdout:/usr/bin/ceph: stderr
2026-03-10T07:19:46.033+0000 7fd2d677e640 1 Processor -- start
2026-03-10T07:19:46.237 INFO:teuthology.orchestra.run.vm00.stdout:/usr/bin/ceph: stderr
2026-03-10T07:19:46.037+0000 7fd2d677e640 1 -- start start
2026-03-10T07:19:46.237 INFO:teuthology.orchestra.run.vm00.stdout:/usr/bin/ceph: stderr
2026-03-10T07:19:46.037+0000 7fd2d677e640 1 --2- >> [v2:192.168.123.100:3300/0,v1:192.168.123.100:6789/0] conn(0x7fd2c80a4930 0x7fd2c80a4d30 unknown :-1 s=NONE pgs=0 cs=0 l=0 rev1=0 crypto rx=0 tx=0 comp rx=0 tx=0).connect
2026-03-10T07:19:46.237 INFO:teuthology.orchestra.run.vm00.stdout:/usr/bin/ceph: stderr
2026-03-10T07:19:46.037+0000 7fd2d677e640 1 -- --> [v2:192.168.123.100:3300/0,v1:192.168.123.100:6789/0] -- mon_getmap magic: 0 -- 0x7fd2c80a5300 con 0x7fd2c80a4930
2026-03-10T07:19:46.237 INFO:teuthology.orchestra.run.vm00.stdout:/usr/bin/ceph: stderr
2026-03-10T07:19:46.037+0000 7fd2d577c640 1 --2- >> [v2:192.168.123.100:3300/0,v1:192.168.123.100:6789/0] conn(0x7fd2c80a4930 0x7fd2c80a4d30 unknown :-1 s=BANNER_CONNECTING pgs=0 cs=0 l=0 rev1=0 crypto rx=0 tx=0 comp rx=0 tx=0)._handle_peer_banner_payload supported=3 required=0
2026-03-10T07:19:46.237 INFO:teuthology.orchestra.run.vm00.stdout:/usr/bin/ceph: stderr
2026-03-10T07:19:46.037+0000 7fd2d577c640 1 --2- >> [v2:192.168.123.100:3300/0,v1:192.168.123.100:6789/0] conn(0x7fd2c80a4930 0x7fd2c80a4d30 unknown :-1 s=HELLO_CONNECTING pgs=0 cs=0 l=0 rev1=1 crypto rx=0 tx=0 comp rx=0 tx=0).handle_hello peer v2:192.168.123.100:3300/0 says I am v2:192.168.123.100:53878/0 (socket says 192.168.123.100:53878)
2026-03-10T07:19:46.237 INFO:teuthology.orchestra.run.vm00.stdout:/usr/bin/ceph: stderr
2026-03-10T07:19:46.037+0000 7fd2d577c640 1 -- 192.168.123.100:0/3916706159 learned_addr learned my addr 192.168.123.100:0/3916706159 (peer_addr_for_me v2:192.168.123.100:0/0)
2026-03-10T07:19:46.237 INFO:teuthology.orchestra.run.vm00.stdout:/usr/bin/ceph: stderr
2026-03-10T07:19:46.037+0000 7fd2d577c640 1 -- 192.168.123.100:0/3916706159 --> [v2:192.168.123.100:3300/0,v1:192.168.123.100:6789/0] -- mon_subscribe({config=0+,monmap=0+}) -- 0x7fd2c80a5b30 con 0x7fd2c80a4930
2026-03-10T07:19:46.237 INFO:teuthology.orchestra.run.vm00.stdout:/usr/bin/ceph: stderr
2026-03-10T07:19:46.037+0000 7fd2d577c640 1 --2- 192.168.123.100:0/3916706159 >> [v2:192.168.123.100:3300/0,v1:192.168.123.100:6789/0] conn(0x7fd2c80a4930 0x7fd2c80a4d30 secure :-1 s=READY pgs=45 cs=0 l=1 rev1=1 crypto rx=0x7fd2cc009b80 tx=0x7fd2cc02f190 comp rx=0 tx=0).ready entity=mon.0 client_cookie=2698da11dfc6a872 server_cookie=0 in_seq=0 out_seq=0
2026-03-10T07:19:46.237 INFO:teuthology.orchestra.run.vm00.stdout:/usr/bin/ceph: stderr
2026-03-10T07:19:46.037+0000 7fd2bffff640 1 -- 192.168.123.100:0/3916706159 <== mon.0 v2:192.168.123.100:3300/0 1 ==== mon_map magic: 0 ==== 205+0+0 (secure 0 0 0) 0x7fd2cc03c070 con 0x7fd2c80a4930
2026-03-10T07:19:46.237 INFO:teuthology.orchestra.run.vm00.stdout:/usr/bin/ceph: stderr
2026-03-10T07:19:46.037+0000 7fd2bffff640 1 -- 192.168.123.100:0/3916706159 <== mon.0 v2:192.168.123.100:3300/0 2 ==== config(23 keys) ==== 947+0+0 (secure 0 0 0) 0x7fd2cc037440 con 0x7fd2c80a4930
2026-03-10T07:19:46.237 INFO:teuthology.orchestra.run.vm00.stdout:/usr/bin/ceph: stderr
2026-03-10T07:19:46.037+0000 7fd2d677e640 1 -- 192.168.123.100:0/3916706159 >> [v2:192.168.123.100:3300/0,v1:192.168.123.100:6789/0] conn(0x7fd2c80a4930 msgr2=0x7fd2c80a4d30 secure :-1 s=STATE_CONNECTION_ESTABLISHED l=1).mark_down
2026-03-10T07:19:46.237 INFO:teuthology.orchestra.run.vm00.stdout:/usr/bin/ceph: stderr
2026-03-10T07:19:46.037+0000 7fd2d677e640 1 --2- 192.168.123.100:0/3916706159 >> [v2:192.168.123.100:3300/0,v1:192.168.123.100:6789/0] conn(0x7fd2c80a4930 0x7fd2c80a4d30 secure :-1 s=READY pgs=45 cs=0 l=1 rev1=1 crypto rx=0x7fd2cc009b80 tx=0x7fd2cc02f190 comp rx=0 tx=0).stop
2026-03-10T07:19:46.237 INFO:teuthology.orchestra.run.vm00.stdout:/usr/bin/ceph: stderr
2026-03-10T07:19:46.037+0000 7fd2d677e640 1 -- 192.168.123.100:0/3916706159 shutdown_connections
2026-03-10T07:19:46.237 INFO:teuthology.orchestra.run.vm00.stdout:/usr/bin/ceph: stderr
2026-03-10T07:19:46.037+0000 7fd2d677e640 1 --2- 192.168.123.100:0/3916706159 >> [v2:192.168.123.100:3300/0,v1:192.168.123.100:6789/0] conn(0x7fd2c80a4930 0x7fd2c80a4d30 unknown :-1 s=CLOSED pgs=45 cs=0 l=1 rev1=1 crypto rx=0 tx=0 comp rx=0 tx=0).stop
2026-03-10T07:19:46.237 INFO:teuthology.orchestra.run.vm00.stdout:/usr/bin/ceph: stderr
2026-03-10T07:19:46.037+0000 7fd2d677e640 1 -- 192.168.123.100:0/3916706159 >> 192.168.123.100:0/3916706159 conn(0x7fd2c809fc40 msgr2=0x7fd2c80a20a0 unknown :-1 s=STATE_NONE l=0).mark_down
2026-03-10T07:19:46.237 INFO:teuthology.orchestra.run.vm00.stdout:/usr/bin/ceph: stderr
2026-03-10T07:19:46.037+0000 7fd2d677e640 1 -- 192.168.123.100:0/3916706159 shutdown_connections
2026-03-10T07:19:46.237 INFO:teuthology.orchestra.run.vm00.stdout:/usr/bin/ceph: stderr
2026-03-10T07:19:46.037+0000 7fd2d677e640 1 -- 192.168.123.100:0/3916706159 wait complete.
2026-03-10T07:19:46.237 INFO:teuthology.orchestra.run.vm00.stdout:/usr/bin/ceph: stderr
2026-03-10T07:19:46.037+0000 7fd2d677e640 1 Processor -- start
2026-03-10T07:19:46.237 INFO:teuthology.orchestra.run.vm00.stdout:/usr/bin/ceph: stderr
2026-03-10T07:19:46.037+0000 7fd2d677e640 1 -- start start
2026-03-10T07:19:46.237 INFO:teuthology.orchestra.run.vm00.stdout:/usr/bin/ceph: stderr
2026-03-10T07:19:46.041+0000 7fd2d677e640 1 --2- >> [v2:192.168.123.100:3300/0,v1:192.168.123.100:6789/0] conn(0x7fd2c813b1f0 0x7fd2c813b610 unknown :-1 s=NONE pgs=0 cs=0 l=1 rev1=0 crypto rx=0 tx=0 comp rx=0 tx=0).connect
2026-03-10T07:19:46.237 INFO:teuthology.orchestra.run.vm00.stdout:/usr/bin/ceph: stderr
2026-03-10T07:19:46.041+0000 7fd2d677e640 1 -- --> [v2:192.168.123.100:3300/0,v1:192.168.123.100:6789/0] -- mon_getmap magic: 0 -- 0x7fd2c80a6830 con 0x7fd2c813b1f0
2026-03-10T07:19:46.237 INFO:teuthology.orchestra.run.vm00.stdout:/usr/bin/ceph: stderr
2026-03-10T07:19:46.041+0000 7fd2d577c640 1 --2- >> [v2:192.168.123.100:3300/0,v1:192.168.123.100:6789/0] conn(0x7fd2c813b1f0 0x7fd2c813b610 unknown :-1 s=BANNER_CONNECTING pgs=0 cs=0 l=1 rev1=0 crypto rx=0 tx=0 comp rx=0 tx=0)._handle_peer_banner_payload supported=3 required=0
2026-03-10T07:19:46.237 INFO:teuthology.orchestra.run.vm00.stdout:/usr/bin/ceph: stderr
2026-03-10T07:19:46.041+0000 7fd2d577c640 1 --2- >> [v2:192.168.123.100:3300/0,v1:192.168.123.100:6789/0] conn(0x7fd2c813b1f0 0x7fd2c813b610 unknown :-1 s=HELLO_CONNECTING pgs=0 cs=0 l=1 rev1=1 crypto rx=0 tx=0 comp rx=0 tx=0).handle_hello peer v2:192.168.123.100:3300/0 says I am v2:192.168.123.100:53882/0 (socket says 192.168.123.100:53882)
2026-03-10T07:19:46.237 INFO:teuthology.orchestra.run.vm00.stdout:/usr/bin/ceph: stderr
2026-03-10T07:19:46.041+0000 7fd2d577c640 1 -- 192.168.123.100:0/412412977 learned_addr learned my addr 192.168.123.100:0/412412977 (peer_addr_for_me v2:192.168.123.100:0/0)
2026-03-10T07:19:46.237 INFO:teuthology.orchestra.run.vm00.stdout:/usr/bin/ceph: stderr
2026-03-10T07:19:46.041+0000 7fd2d577c640 1 -- 192.168.123.100:0/412412977 --> [v2:192.168.123.100:3300/0,v1:192.168.123.100:6789/0] -- mon_subscribe({config=0+,monmap=0+}) -- 0x7fd2c813bb50 con 0x7fd2c813b1f0
2026-03-10T07:19:46.237 INFO:teuthology.orchestra.run.vm00.stdout:/usr/bin/ceph: stderr
2026-03-10T07:19:46.041+0000 7fd2d577c640 1 --2- 192.168.123.100:0/412412977 >> [v2:192.168.123.100:3300/0,v1:192.168.123.100:6789/0] conn(0x7fd2c813b1f0 0x7fd2c813b610 secure :-1 s=READY pgs=46 cs=0 l=1 rev1=1 crypto rx=0x7fd2cc02f6c0 tx=0x7fd2cc003940 comp rx=0 tx=0).ready entity=mon.0 client_cookie=0 server_cookie=0 in_seq=0 out_seq=0
2026-03-10T07:19:46.237 INFO:teuthology.orchestra.run.vm00.stdout:/usr/bin/ceph: stderr
2026-03-10T07:19:46.041+0000 7fd2be7fc640 1 -- 192.168.123.100:0/412412977 <== mon.0 v2:192.168.123.100:3300/0 1 ==== mon_map magic: 0 ==== 205+0+0 (secure 0 0 0) 0x7fd2cc03c070 con 0x7fd2c813b1f0
2026-03-10T07:19:46.237 INFO:teuthology.orchestra.run.vm00.stdout:/usr/bin/ceph: stderr
2026-03-10T07:19:46.041+0000 7fd2d677e640 1 -- 192.168.123.100:0/412412977 --> [v2:192.168.123.100:3300/0,v1:192.168.123.100:6789/0] -- mon_subscribe({mgrmap=0+}) -- 0x7fd2c813bde0 con 0x7fd2c813b1f0
2026-03-10T07:19:46.237 INFO:teuthology.orchestra.run.vm00.stdout:/usr/bin/ceph: stderr
2026-03-10T07:19:46.041+0000 7fd2d677e640 1 -- 192.168.123.100:0/412412977 --> [v2:192.168.123.100:3300/0,v1:192.168.123.100:6789/0] -- mon_subscribe({osdmap=0}) -- 0x7fd2c80a9ae0 con 0x7fd2c813b1f0
2026-03-10T07:19:46.237 INFO:teuthology.orchestra.run.vm00.stdout:/usr/bin/ceph: stderr
2026-03-10T07:19:46.041+0000 7fd2be7fc640 1 -- 192.168.123.100:0/412412977 <== mon.0 v2:192.168.123.100:3300/0 2 ==== config(23 keys) ==== 947+0+0 (secure 0 0 0) 0x7fd2cc044070 con 0x7fd2c813b1f0
2026-03-10T07:19:46.237 INFO:teuthology.orchestra.run.vm00.stdout:/usr/bin/ceph: stderr
2026-03-10T07:19:46.041+0000 7fd2be7fc640 1 -- 192.168.123.100:0/412412977 <== mon.0 v2:192.168.123.100:3300/0 3 ==== mon_map magic: 0 ==== 205+0+0 (secure 0 0 0) 0x7fd2cc035560 con 0x7fd2c813b1f0
2026-03-10T07:19:46.237 INFO:teuthology.orchestra.run.vm00.stdout:/usr/bin/ceph: stderr
2026-03-10T07:19:46.041+0000 7fd2be7fc640 1 -- 192.168.123.100:0/412412977 <== mon.0 v2:192.168.123.100:3300/0 4 ==== mgrmap(e 7) ==== 50247+0+0 (secure 0 0 0) 0x7fd2cc0357c0 con 0x7fd2c813b1f0
2026-03-10T07:19:46.237 INFO:teuthology.orchestra.run.vm00.stdout:/usr/bin/ceph: stderr
2026-03-10T07:19:46.041+0000 7fd2be7fc640 1 --2- 192.168.123.100:0/412412977 >> [v2:192.168.123.100:6800/1944661180,v1:192.168.123.100:6801/1944661180] conn(0x7fd2b803dd10 0x7fd2b80401d0 unknown :-1 s=NONE pgs=0 cs=0 l=1 rev1=0 crypto rx=0 tx=0 comp rx=0 tx=0).connect
2026-03-10T07:19:46.237 INFO:teuthology.orchestra.run.vm00.stdout:/usr/bin/ceph: stderr
2026-03-10T07:19:46.041+0000 7fd2be7fc640 1 -- 192.168.123.100:0/412412977 <== mon.0 v2:192.168.123.100:3300/0 5 ==== osd_map(2..2 src has 1..2) ==== 940+0+0 (secure 0 0 0) 0x7fd2cc0771a0 con 0x7fd2c813b1f0
2026-03-10T07:19:46.238 INFO:teuthology.orchestra.run.vm00.stdout:/usr/bin/ceph: stderr
2026-03-10T07:19:46.041+0000 7fd2d4f7b640 1 --2- 192.168.123.100:0/412412977 >> [v2:192.168.123.100:6800/1944661180,v1:192.168.123.100:6801/1944661180] conn(0x7fd2b803dd10 0x7fd2b80401d0 unknown :-1 s=BANNER_CONNECTING pgs=0 cs=0 l=1 rev1=0 crypto rx=0 tx=0 comp rx=0 tx=0)._handle_peer_banner_payload supported=3 required=0
2026-03-10T07:19:46.238 INFO:teuthology.orchestra.run.vm00.stdout:/usr/bin/ceph: stderr
2026-03-10T07:19:46.045+0000 7fd2d677e640 1 -- 192.168.123.100:0/412412977 --> [v2:192.168.123.100:3300/0,v1:192.168.123.100:6789/0] -- mon_command({"prefix": "get_command_descriptions"} v 0) -- 0x7fd298005180 con 0x7fd2c813b1f0
2026-03-10T07:19:46.238 INFO:teuthology.orchestra.run.vm00.stdout:/usr/bin/ceph: stderr
2026-03-10T07:19:46.045+0000 7fd2d4f7b640 1 --2- 192.168.123.100:0/412412977 >> [v2:192.168.123.100:6800/1944661180,v1:192.168.123.100:6801/1944661180] conn(0x7fd2b803dd10 0x7fd2b80401d0 secure :-1 s=READY pgs=12 cs=0 l=1 rev1=1 crypto rx=0x7fd2d00521f0 tx=0x7fd2d006a800 comp rx=0 tx=0).ready entity=mgr.14118 client_cookie=0 server_cookie=0 in_seq=0 out_seq=0
2026-03-10T07:19:46.238 INFO:teuthology.orchestra.run.vm00.stdout:/usr/bin/ceph: stderr
2026-03-10T07:19:46.049+0000 7fd2be7fc640 1 -- 192.168.123.100:0/412412977 <== mon.0 v2:192.168.123.100:3300/0 6 ==== mon_command_ack([{"prefix": "get_command_descriptions"}]=0 v0) ==== 72+0+195034 (secure 0 0 0) 0x7fd2cc044220 con 0x7fd2c813b1f0
2026-03-10T07:19:46.238 INFO:teuthology.orchestra.run.vm00.stdout:/usr/bin/ceph: stderr
2026-03-10T07:19:46.173+0000 7fd2d677e640 1 -- 192.168.123.100:0/412412977 --> [v2:192.168.123.100:6800/1944661180,v1:192.168.123.100:6801/1944661180] -- mgr_command(tid 0: {"prefix": "orch apply", "service_type": "mon", "unmanaged": true, "target": ["mon-mgr", ""]}) -- 0x7fd298002bf0 con 0x7fd2b803dd10
2026-03-10T07:19:46.238 INFO:teuthology.orchestra.run.vm00.stdout:/usr/bin/ceph: stderr
2026-03-10T07:19:46.177+0000 7fd2be7fc640 1 -- 192.168.123.100:0/412412977 <== mgr.14118 v2:192.168.123.100:6800/1944661180 1 ==== mgr_command_reply(tid 0: 0 ) ==== 8+0+24 (secure 0 0 0) 0x7fd298002bf0 con 0x7fd2b803dd10
2026-03-10T07:19:46.238 INFO:teuthology.orchestra.run.vm00.stdout:/usr/bin/ceph: stderr
2026-03-10T07:19:46.181+0000 7fd2d677e640 1 -- 192.168.123.100:0/412412977 >> [v2:192.168.123.100:6800/1944661180,v1:192.168.123.100:6801/1944661180] conn(0x7fd2b803dd10 msgr2=0x7fd2b80401d0 secure :-1 s=STATE_CONNECTION_ESTABLISHED l=1).mark_down
2026-03-10T07:19:46.238 INFO:teuthology.orchestra.run.vm00.stdout:/usr/bin/ceph: stderr
2026-03-10T07:19:46.181+0000 7fd2d677e640 1 --2- 192.168.123.100:0/412412977 >> [v2:192.168.123.100:6800/1944661180,v1:192.168.123.100:6801/1944661180] conn(0x7fd2b803dd10 0x7fd2b80401d0 secure :-1 s=READY pgs=12 cs=0 l=1 rev1=1 crypto rx=0x7fd2d00521f0 tx=0x7fd2d006a800 comp rx=0 tx=0).stop
2026-03-10T07:19:46.238 INFO:teuthology.orchestra.run.vm00.stdout:/usr/bin/ceph: stderr
2026-03-10T07:19:46.181+0000 7fd2d677e640 1 -- 192.168.123.100:0/412412977 >> [v2:192.168.123.100:3300/0,v1:192.168.123.100:6789/0] conn(0x7fd2c813b1f0 msgr2=0x7fd2c813b610 secure :-1 s=STATE_CONNECTION_ESTABLISHED l=1).mark_down
2026-03-10T07:19:46.238 INFO:teuthology.orchestra.run.vm00.stdout:/usr/bin/ceph: stderr
2026-03-10T07:19:46.181+0000 7fd2d677e640 1 --2- 192.168.123.100:0/412412977 >> [v2:192.168.123.100:3300/0,v1:192.168.123.100:6789/0] conn(0x7fd2c813b1f0 0x7fd2c813b610 secure :-1 s=READY pgs=46 cs=0 l=1 rev1=1 crypto rx=0x7fd2cc02f6c0 tx=0x7fd2cc003940 comp rx=0 tx=0).stop
2026-03-10T07:19:46.238 INFO:teuthology.orchestra.run.vm00.stdout:/usr/bin/ceph: stderr
2026-03-10T07:19:46.185+0000 7fd2d677e640 1 -- 192.168.123.100:0/412412977 shutdown_connections
2026-03-10T07:19:46.238 INFO:teuthology.orchestra.run.vm00.stdout:/usr/bin/ceph: stderr
2026-03-10T07:19:46.185+0000 7fd2d677e640 1 --2- 192.168.123.100:0/412412977 >> [v2:192.168.123.100:6800/1944661180,v1:192.168.123.100:6801/1944661180] conn(0x7fd2b803dd10 0x7fd2b80401d0 unknown :-1 s=CLOSED pgs=12 cs=0 l=1 rev1=1 crypto rx=0 tx=0 comp rx=0 tx=0).stop
2026-03-10T07:19:46.238 INFO:teuthology.orchestra.run.vm00.stdout:/usr/bin/ceph: stderr
2026-03-10T07:19:46.185+0000 7fd2d677e640 1 --2- 192.168.123.100:0/412412977 >> [v2:192.168.123.100:3300/0,v1:192.168.123.100:6789/0] conn(0x7fd2c813b1f0 0x7fd2c813b610 unknown :-1 s=CLOSED pgs=46 cs=0 l=1 rev1=1 crypto rx=0 tx=0 comp rx=0 tx=0).stop
2026-03-10T07:19:46.238 INFO:teuthology.orchestra.run.vm00.stdout:/usr/bin/ceph: stderr
2026-03-10T07:19:46.185+0000 7fd2d677e640 1 -- 192.168.123.100:0/412412977 >> 192.168.123.100:0/412412977 conn(0x7fd2c809fc40 msgr2=0x7fd2c80a08b0 unknown :-1 s=STATE_NONE l=0).mark_down
2026-03-10T07:19:46.238 INFO:teuthology.orchestra.run.vm00.stdout:/usr/bin/ceph: stderr
2026-03-10T07:19:46.185+0000 7fd2d677e640 1 -- 192.168.123.100:0/412412977 shutdown_connections
2026-03-10T07:19:46.238 INFO:teuthology.orchestra.run.vm00.stdout:/usr/bin/ceph: stderr
2026-03-10T07:19:46.185+0000 7fd2d677e640 1 -- 192.168.123.100:0/412412977 wait complete.
2026-03-10T07:19:46.238 INFO:teuthology.orchestra.run.vm00.stdout:Deploying unmanaged mgr service...
2026-03-10T07:19:46.523 INFO:teuthology.orchestra.run.vm00.stdout:/usr/bin/ceph: stdout Scheduled mgr update...
2026-03-10T07:19:46.523 INFO:teuthology.orchestra.run.vm00.stdout:/usr/bin/ceph: stderr
2026-03-10T07:19:46.341+0000 7fe50ee5a640 1 Processor -- start
2026-03-10T07:19:46.523 INFO:teuthology.orchestra.run.vm00.stdout:/usr/bin/ceph: stderr
2026-03-10T07:19:46.341+0000 7fe50ee5a640 1 -- start start
2026-03-10T07:19:46.523 INFO:teuthology.orchestra.run.vm00.stdout:/usr/bin/ceph: stderr
2026-03-10T07:19:46.341+0000 7fe50ee5a640 1 --2- >> [v2:192.168.123.100:3300/0,v1:192.168.123.100:6789/0] conn(0x7fe508105460 0x7fe508105860 unknown :-1 s=NONE pgs=0 cs=0 l=0 rev1=0 crypto rx=0 tx=0 comp rx=0 tx=0).connect
2026-03-10T07:19:46.523 INFO:teuthology.orchestra.run.vm00.stdout:/usr/bin/ceph: stderr
2026-03-10T07:19:46.341+0000 7fe50ee5a640 1 -- --> [v2:192.168.123.100:3300/0,v1:192.168.123.100:6789/0] -- mon_getmap magic: 0 -- 0x7fe508105e30 con 0x7fe508105460
2026-03-10T07:19:46.523 INFO:teuthology.orchestra.run.vm00.stdout:/usr/bin/ceph: stderr
2026-03-10T07:19:46.341+0000 7fe50cbcf640 1 --2- >> [v2:192.168.123.100:3300/0,v1:192.168.123.100:6789/0] conn(0x7fe508105460 0x7fe508105860 unknown :-1 s=BANNER_CONNECTING pgs=0 cs=0 l=0 rev1=0 crypto rx=0 tx=0 comp rx=0 tx=0)._handle_peer_banner_payload supported=3 required=0
2026-03-10T07:19:46.523 INFO:teuthology.orchestra.run.vm00.stdout:/usr/bin/ceph: stderr
2026-03-10T07:19:46.341+0000 7fe50cbcf640 1 --2- >> [v2:192.168.123.100:3300/0,v1:192.168.123.100:6789/0] conn(0x7fe508105460 0x7fe508105860 unknown :-1 s=HELLO_CONNECTING pgs=0 cs=0 l=0 rev1=1 crypto rx=0 tx=0 comp rx=0 tx=0).handle_hello peer v2:192.168.123.100:3300/0 says I am v2:192.168.123.100:53894/0 (socket says 192.168.123.100:53894)
2026-03-10T07:19:46.523 INFO:teuthology.orchestra.run.vm00.stdout:/usr/bin/ceph: stderr
2026-03-10T07:19:46.341+0000 7fe50cbcf640 1 -- 192.168.123.100:0/2927524959 learned_addr learned my addr 192.168.123.100:0/2927524959 (peer_addr_for_me v2:192.168.123.100:0/0)
2026-03-10T07:19:46.523 INFO:teuthology.orchestra.run.vm00.stdout:/usr/bin/ceph: stderr
2026-03-10T07:19:46.341+0000 7fe50cbcf640 1 -- 192.168.123.100:0/2927524959 --> [v2:192.168.123.100:3300/0,v1:192.168.123.100:6789/0] -- mon_subscribe({config=0+,monmap=0+}) -- 0x7fe508106660 con 0x7fe508105460
2026-03-10T07:19:46.523 INFO:teuthology.orchestra.run.vm00.stdout:/usr/bin/ceph: stderr
2026-03-10T07:19:46.341+0000 7fe50cbcf640 1 --2- 192.168.123.100:0/2927524959 >> [v2:192.168.123.100:3300/0,v1:192.168.123.100:6789/0] conn(0x7fe508105460 0x7fe508105860 secure :-1 s=READY pgs=47 cs=0 l=1 rev1=1 crypto rx=0x7fe4f800bc40 tx=0x7fe4f8031760 comp rx=0 tx=0).ready entity=mon.0 client_cookie=750fe958fb060df server_cookie=0 in_seq=0 out_seq=0
2026-03-10T07:19:46.523 INFO:teuthology.orchestra.run.vm00.stdout:/usr/bin/ceph: stderr
2026-03-10T07:19:46.345+0000 7fe4ff7fe640 1 -- 192.168.123.100:0/2927524959 <== mon.0 v2:192.168.123.100:3300/0 1 ==== mon_map magic: 0 ==== 205+0+0 (secure 0 0 0) 0x7fe4f8036640 con 0x7fe508105460
2026-03-10T07:19:46.523 INFO:teuthology.orchestra.run.vm00.stdout:/usr/bin/ceph: stderr
2026-03-10T07:19:46.345+0000 7fe4ff7fe640 1 -- 192.168.123.100:0/2927524959 <== mon.0 v2:192.168.123.100:3300/0 2 ==== config(23 keys) ==== 947+0+0 (secure 0 0 0) 0x7fe4f8036c00 con 0x7fe508105460
2026-03-10T07:19:46.523 INFO:teuthology.orchestra.run.vm00.stdout:/usr/bin/ceph: stderr
2026-03-10T07:19:46.345+0000 7fe50ee5a640 1 -- 192.168.123.100:0/2927524959 >> [v2:192.168.123.100:3300/0,v1:192.168.123.100:6789/0] conn(0x7fe508105460 msgr2=0x7fe508105860 secure :-1 s=STATE_CONNECTION_ESTABLISHED l=1).mark_down
2026-03-10T07:19:46.523 INFO:teuthology.orchestra.run.vm00.stdout:/usr/bin/ceph: stderr
2026-03-10T07:19:46.345+0000 7fe50ee5a640 1 --2- 192.168.123.100:0/2927524959 >> [v2:192.168.123.100:3300/0,v1:192.168.123.100:6789/0] conn(0x7fe508105460 0x7fe508105860 secure :-1 s=READY pgs=47 cs=0 l=1 rev1=1 crypto rx=0x7fe4f800bc40 tx=0x7fe4f8031760 comp rx=0 tx=0).stop
2026-03-10T07:19:46.523 INFO:teuthology.orchestra.run.vm00.stdout:/usr/bin/ceph: stderr
2026-03-10T07:19:46.345+0000 7fe50ee5a640 1 -- 192.168.123.100:0/2927524959 shutdown_connections
2026-03-10T07:19:46.523 INFO:teuthology.orchestra.run.vm00.stdout:/usr/bin/ceph: stderr
2026-03-10T07:19:46.345+0000 7fe50ee5a640 1 --2- 192.168.123.100:0/2927524959 >> [v2:192.168.123.100:3300/0,v1:192.168.123.100:6789/0] conn(0x7fe508105460 0x7fe508105860 unknown :-1 s=CLOSED pgs=47 cs=0 l=1 rev1=1 crypto rx=0 tx=0 comp rx=0 tx=0).stop
2026-03-10T07:19:46.523 INFO:teuthology.orchestra.run.vm00.stdout:/usr/bin/ceph: stderr
2026-03-10T07:19:46.345+0000 7fe50ee5a640 1 -- 192.168.123.100:0/2927524959 >> 192.168.123.100:0/2927524959 conn(0x7fe508100bf0 msgr2=0x7fe508103030 unknown :-1 s=STATE_NONE l=0).mark_down
2026-03-10T07:19:46.523 INFO:teuthology.orchestra.run.vm00.stdout:/usr/bin/ceph: stderr
2026-03-10T07:19:46.345+0000 7fe50ee5a640 1 -- 192.168.123.100:0/2927524959 shutdown_connections
2026-03-10T07:19:46.523 INFO:teuthology.orchestra.run.vm00.stdout:/usr/bin/ceph: stderr
2026-03-10T07:19:46.345+0000 7fe50ee5a640 1 -- 192.168.123.100:0/2927524959 wait complete.
2026-03-10T07:19:46.523 INFO:teuthology.orchestra.run.vm00.stdout:/usr/bin/ceph: stderr
2026-03-10T07:19:46.345+0000 7fe50ee5a640 1 Processor -- start
2026-03-10T07:19:46.523 INFO:teuthology.orchestra.run.vm00.stdout:/usr/bin/ceph: stderr
2026-03-10T07:19:46.345+0000 7fe50ee5a640 1 -- start start
2026-03-10T07:19:46.523 INFO:teuthology.orchestra.run.vm00.stdout:/usr/bin/ceph: stderr
2026-03-10T07:19:46.345+0000 7fe50ee5a640 1 --2- >> [v2:192.168.123.100:3300/0,v1:192.168.123.100:6789/0] conn(0x7fe508105460 0x7fe50819e6f0 unknown :-1 s=NONE pgs=0 cs=0 l=1 rev1=0 crypto rx=0 tx=0 comp rx=0 tx=0).connect
2026-03-10T07:19:46.523 INFO:teuthology.orchestra.run.vm00.stdout:/usr/bin/ceph: stderr
2026-03-10T07:19:46.345+0000 7fe50cbcf640 1 --2- >> [v2:192.168.123.100:3300/0,v1:192.168.123.100:6789/0] conn(0x7fe508105460 0x7fe50819e6f0 unknown :-1 s=BANNER_CONNECTING pgs=0 cs=0 l=1 rev1=0 crypto rx=0 tx=0 comp rx=0 tx=0)._handle_peer_banner_payload supported=3 required=0
2026-03-10T07:19:46.523 INFO:teuthology.orchestra.run.vm00.stdout:/usr/bin/ceph: stderr
2026-03-10T07:19:46.345+0000 7fe50cbcf640 1 --2- >> [v2:192.168.123.100:3300/0,v1:192.168.123.100:6789/0] conn(0x7fe508105460 0x7fe50819e6f0 unknown :-1 s=HELLO_CONNECTING pgs=0 cs=0 l=1 rev1=1 crypto rx=0 tx=0 comp rx=0 tx=0).handle_hello peer v2:192.168.123.100:3300/0 says I am v2:192.168.123.100:53904/0 (socket says 192.168.123.100:53904)
2026-03-10T07:19:46.523 INFO:teuthology.orchestra.run.vm00.stdout:/usr/bin/ceph: stderr
2026-03-10T07:19:46.345+0000 7fe50cbcf640 1 -- 192.168.123.100:0/3414411352 learned_addr learned my addr 192.168.123.100:0/3414411352 (peer_addr_for_me v2:192.168.123.100:0/0)
2026-03-10T07:19:46.523 INFO:teuthology.orchestra.run.vm00.stdout:/usr/bin/ceph: stderr
2026-03-10T07:19:46.345+0000 7fe50ee5a640 1 -- 192.168.123.100:0/3414411352 --> [v2:192.168.123.100:3300/0,v1:192.168.123.100:6789/0] -- mon_getmap magic: 0 -- 0x7fe508107420 con 0x7fe508105460
2026-03-10T07:19:46.523 INFO:teuthology.orchestra.run.vm00.stdout:/usr/bin/ceph: stderr
2026-03-10T07:19:46.345+0000 7fe50cbcf640 1 -- 192.168.123.100:0/3414411352 --> [v2:192.168.123.100:3300/0,v1:192.168.123.100:6789/0] -- mon_subscribe({config=0+,monmap=0+}) -- 0x7fe50819ec30 con 0x7fe508105460
2026-03-10T07:19:46.523 INFO:teuthology.orchestra.run.vm00.stdout:/usr/bin/ceph: stderr
2026-03-10T07:19:46.345+0000 7fe50cbcf640 1 --2- 192.168.123.100:0/3414411352 >> [v2:192.168.123.100:3300/0,v1:192.168.123.100:6789/0] conn(0x7fe508105460 0x7fe50819e6f0 secure :-1 s=READY pgs=48 cs=0 l=1 rev1=1 crypto rx=0x7fe4f8006fd0 tx=0x7fe4f8036d30 comp rx=0 tx=0).ready entity=mon.0 client_cookie=0 server_cookie=0 in_seq=0 out_seq=0
2026-03-10T07:19:46.523 INFO:teuthology.orchestra.run.vm00.stdout:/usr/bin/ceph: stderr
2026-03-10T07:19:46.345+0000 7fe4fdffb640 1 -- 192.168.123.100:0/3414411352 <== mon.0 v2:192.168.123.100:3300/0 1 ==== mon_map magic: 0 ==== 205+0+0 (secure 0 0 0) 0x7fe4f8045070 con 0x7fe508105460
2026-03-10T07:19:46.523 INFO:teuthology.orchestra.run.vm00.stdout:/usr/bin/ceph: stderr
2026-03-10T07:19:46.345+0000 7fe4fdffb640 1 -- 192.168.123.100:0/3414411352 <== mon.0 v2:192.168.123.100:3300/0 2 ==== config(23 keys) ==== 947+0+0 (secure 0 0 0) 0x7fe4f8041990 con 0x7fe508105460
2026-03-10T07:19:46.523 INFO:teuthology.orchestra.run.vm00.stdout:/usr/bin/ceph: stderr
2026-03-10T07:19:46.345+0000 7fe50ee5a640 1 -- 192.168.123.100:0/3414411352 --> [v2:192.168.123.100:3300/0,v1:192.168.123.100:6789/0] -- mon_subscribe({mgrmap=0+}) -- 0x7fe50819eec0 con 0x7fe508105460
2026-03-10T07:19:46.523 INFO:teuthology.orchestra.run.vm00.stdout:/usr/bin/ceph: stderr
2026-03-10T07:19:46.345+0000 7fe50ee5a640 1 -- 192.168.123.100:0/3414411352 --> [v2:192.168.123.100:3300/0,v1:192.168.123.100:6789/0] -- mon_subscribe({osdmap=0}) -- 0x7fe5081a1bb0 con 0x7fe508105460
2026-03-10T07:19:46.523 INFO:teuthology.orchestra.run.vm00.stdout:/usr/bin/ceph: stderr
2026-03-10T07:19:46.345+0000 7fe4fdffb640 1 -- 192.168.123.100:0/3414411352 <== mon.0 v2:192.168.123.100:3300/0 3 ==== mon_map magic: 0 ==== 205+0+0 (secure 0 0 0) 0x7fe4f80407e0 con 0x7fe508105460
2026-03-10T07:19:46.523 INFO:teuthology.orchestra.run.vm00.stdout:/usr/bin/ceph: stderr
2026-03-10T07:19:46.349+0000 7fe50ee5a640 1 -- 192.168.123.100:0/3414411352 --> [v2:192.168.123.100:3300/0,v1:192.168.123.100:6789/0] -- mon_command({"prefix": "get_command_descriptions"} v 0) -- 0x7fe508105860 con 0x7fe508105460
2026-03-10T07:19:46.523 INFO:teuthology.orchestra.run.vm00.stdout:/usr/bin/ceph: stderr
2026-03-10T07:19:46.349+0000 7fe4fdffb640 1 -- 192.168.123.100:0/3414411352 <== mon.0 v2:192.168.123.100:3300/0 4 ==== mgrmap(e 7) ==== 50247+0+0 (secure 0 0 0) 0x7fe4f800c040 con 0x7fe508105460
2026-03-10T07:19:46.523 INFO:teuthology.orchestra.run.vm00.stdout:/usr/bin/ceph: stderr
2026-03-10T07:19:46.349+0000 7fe4fdffb640 1 --2- 192.168.123.100:0/3414411352 >> [v2:192.168.123.100:6800/1944661180,v1:192.168.123.100:6801/1944661180] conn(0x7fe4e403d920 0x7fe4e403fde0 unknown :-1 s=NONE pgs=0 cs=0 l=1 rev1=0 crypto rx=0 tx=0 comp rx=0 tx=0).connect
2026-03-10T07:19:46.523 INFO:teuthology.orchestra.run.vm00.stdout:/usr/bin/ceph: stderr
2026-03-10T07:19:46.349+0000 7fe4fffff640 1 --2- 192.168.123.100:0/3414411352 >> [v2:192.168.123.100:6800/1944661180,v1:192.168.123.100:6801/1944661180] conn(0x7fe4e403d920 0x7fe4e403fde0 unknown :-1 s=BANNER_CONNECTING pgs=0 cs=0 l=1 rev1=0 crypto rx=0 tx=0 comp rx=0 tx=0)._handle_peer_banner_payload supported=3 required=0
2026-03-10T07:19:46.523 INFO:teuthology.orchestra.run.vm00.stdout:/usr/bin/ceph: stderr
2026-03-10T07:19:46.349+0000 7fe4fffff640 1 --2- 192.168.123.100:0/3414411352 >> [v2:192.168.123.100:6800/1944661180,v1:192.168.123.100:6801/1944661180] conn(0x7fe4e403d920 0x7fe4e403fde0 secure :-1 s=READY pgs=13 cs=0 l=1 rev1=1 crypto rx=0x7fe4f0009a10 tx=0x7fe4f0006eb0 comp rx=0 tx=0).ready entity=mgr.14118 client_cookie=0 server_cookie=0 in_seq=0 out_seq=0
2026-03-10T07:19:46.523 INFO:teuthology.orchestra.run.vm00.stdout:/usr/bin/ceph: stderr
2026-03-10T07:19:46.349+0000 7fe4fdffb640 1 -- 192.168.123.100:0/3414411352 <== mon.0 v2:192.168.123.100:3300/0 5 ==== osd_map(2..2 src has 1..2) ==== 940+0+0 (secure 0 0 0) 0x7fe4f8041b40 con 0x7fe508105460
2026-03-10T07:19:46.523 INFO:teuthology.orchestra.run.vm00.stdout:/usr/bin/ceph: stderr
2026-03-10T07:19:46.353+0000 7fe4fdffb640 1 -- 192.168.123.100:0/3414411352 <== mon.0 v2:192.168.123.100:3300/0 6 ==== mon_command_ack([{"prefix": "get_command_descriptions"}]=0 v0) ==== 72+0+195034 (secure 0 0 0) 0x7fe4f803ed40 con 0x7fe508105460
2026-03-10T07:19:46.523 INFO:teuthology.orchestra.run.vm00.stdout:/usr/bin/ceph: stderr
2026-03-10T07:19:46.465+0000 7fe50ee5a640 1 -- 192.168.123.100:0/3414411352 --> [v2:192.168.123.100:6800/1944661180,v1:192.168.123.100:6801/1944661180] -- mgr_command(tid 0: {"prefix": "orch apply", "service_type": "mgr", "unmanaged": true, "target": ["mon-mgr", ""]}) -- 0x7fe5080630c0 con 0x7fe4e403d920
2026-03-10T07:19:46.523 INFO:teuthology.orchestra.run.vm00.stdout:/usr/bin/ceph: stderr
2026-03-10T07:19:46.469+0000 7fe4fdffb640 1 -- 192.168.123.100:0/3414411352 <== mgr.14118 v2:192.168.123.100:6800/1944661180 1 ==== mgr_command_reply(tid 0: 0 ) ==== 8+0+24 (secure 0 0 0) 0x7fe5080630c0 con 0x7fe4e403d920
2026-03-10T07:19:46.523 INFO:teuthology.orchestra.run.vm00.stdout:/usr/bin/ceph: stderr
2026-03-10T07:19:46.469+0000 7fe50ee5a640 1 -- 192.168.123.100:0/3414411352 >> [v2:192.168.123.100:6800/1944661180,v1:192.168.123.100:6801/1944661180] conn(0x7fe4e403d920 msgr2=0x7fe4e403fde0 secure :-1 s=STATE_CONNECTION_ESTABLISHED l=1).mark_down
2026-03-10T07:19:46.523 INFO:teuthology.orchestra.run.vm00.stdout:/usr/bin/ceph: stderr
2026-03-10T07:19:46.469+0000 7fe50ee5a640 1 --2- 192.168.123.100:0/3414411352 >> [v2:192.168.123.100:6800/1944661180,v1:192.168.123.100:6801/1944661180] conn(0x7fe4e403d920 0x7fe4e403fde0 secure :-1 s=READY pgs=13 cs=0 l=1 rev1=1 crypto rx=0x7fe4f0009a10 tx=0x7fe4f0006eb0 comp rx=0 tx=0).stop
2026-03-10T07:19:46.523 INFO:teuthology.orchestra.run.vm00.stdout:/usr/bin/ceph: stderr
2026-03-10T07:19:46.469+0000 7fe50ee5a640 1 -- 192.168.123.100:0/3414411352 >> [v2:192.168.123.100:3300/0,v1:192.168.123.100:6789/0] conn(0x7fe508105460 msgr2=0x7fe50819e6f0 secure :-1 s=STATE_CONNECTION_ESTABLISHED l=1).mark_down
2026-03-10T07:19:46.523 INFO:teuthology.orchestra.run.vm00.stdout:/usr/bin/ceph: stderr
2026-03-10T07:19:46.469+0000 7fe50ee5a640 1 --2- 192.168.123.100:0/3414411352 >> [v2:192.168.123.100:3300/0,v1:192.168.123.100:6789/0] conn(0x7fe508105460 0x7fe50819e6f0 secure :-1 s=READY pgs=48 cs=0 l=1 rev1=1 crypto rx=0x7fe4f8006fd0 tx=0x7fe4f8036d30 comp rx=0 tx=0).stop
2026-03-10T07:19:46.523 INFO:teuthology.orchestra.run.vm00.stdout:/usr/bin/ceph: stderr
2026-03-10T07:19:46.469+0000 7fe50ee5a640 1 -- 192.168.123.100:0/3414411352 shutdown_connections
2026-03-10T07:19:46.523 INFO:teuthology.orchestra.run.vm00.stdout:/usr/bin/ceph: stderr
2026-03-10T07:19:46.469+0000 7fe50ee5a640 1 --2- 192.168.123.100:0/3414411352 >> [v2:192.168.123.100:6800/1944661180,v1:192.168.123.100:6801/1944661180] conn(0x7fe4e403d920 0x7fe4e403fde0 unknown :-1 s=CLOSED pgs=13 cs=0 l=1 rev1=1 crypto rx=0 tx=0 comp rx=0 tx=0).stop
2026-03-10T07:19:46.523 INFO:teuthology.orchestra.run.vm00.stdout:/usr/bin/ceph: stderr
2026-03-10T07:19:46.469+0000 7fe50ee5a640 1 --2- 192.168.123.100:0/3414411352 >> [v2:192.168.123.100:3300/0,v1:192.168.123.100:6789/0] conn(0x7fe508105460 0x7fe50819e6f0 unknown :-1 s=CLOSED pgs=48 cs=0 l=1 rev1=1 crypto rx=0 tx=0 comp rx=0 tx=0).stop
2026-03-10T07:19:46.523 INFO:teuthology.orchestra.run.vm00.stdout:/usr/bin/ceph: stderr
2026-03-10T07:19:46.469+0000 7fe50ee5a640 1 -- 192.168.123.100:0/3414411352 >> 192.168.123.100:0/3414411352 conn(0x7fe508100bf0 msgr2=0x7fe508194cd0 unknown :-1 s=STATE_NONE l=0).mark_down
2026-03-10T07:19:46.524 INFO:teuthology.orchestra.run.vm00.stdout:/usr/bin/ceph: stderr
2026-03-10T07:19:46.473+0000 7fe50ee5a640 1 -- 192.168.123.100:0/3414411352 shutdown_connections
2026-03-10T07:19:46.524 INFO:teuthology.orchestra.run.vm00.stdout:/usr/bin/ceph: stderr
2026-03-10T07:19:46.473+0000 7fe50ee5a640 1 -- 192.168.123.100:0/3414411352 wait complete.
2026-03-10T07:19:46.824 INFO:teuthology.orchestra.run.vm00.stdout:/usr/bin/ceph: stderr
2026-03-10T07:19:46.649+0000 7f004807d640 1 Processor -- start
2026-03-10T07:19:46.824 INFO:teuthology.orchestra.run.vm00.stdout:/usr/bin/ceph: stderr
2026-03-10T07:19:46.649+0000 7f004807d640 1 -- start start
2026-03-10T07:19:46.824 INFO:teuthology.orchestra.run.vm00.stdout:/usr/bin/ceph: stderr
2026-03-10T07:19:46.649+0000 7f004807d640 1 --2- >> [v2:192.168.123.100:3300/0,v1:192.168.123.100:6789/0] conn(0x7f00401065b0 0x7f00401069b0 unknown :-1 s=NONE pgs=0 cs=0 l=0 rev1=0 crypto rx=0 tx=0 comp rx=0 tx=0).connect
2026-03-10T07:19:46.824 INFO:teuthology.orchestra.run.vm00.stdout:/usr/bin/ceph: stderr
2026-03-10T07:19:46.649+0000 7f004807d640 1 -- --> [v2:192.168.123.100:3300/0,v1:192.168.123.100:6789/0] -- mon_getmap magic: 0 -- 0x7f0040106f80 con 0x7f00401065b0
2026-03-10T07:19:46.824 INFO:teuthology.orchestra.run.vm00.stdout:/usr/bin/ceph: stderr
2026-03-10T07:19:46.649+0000 7f0045df2640 1 --2- >> [v2:192.168.123.100:3300/0,v1:192.168.123.100:6789/0] conn(0x7f00401065b0 0x7f00401069b0 unknown :-1 s=BANNER_CONNECTING pgs=0 cs=0 l=0 rev1=0 crypto rx=0 tx=0 comp rx=0 tx=0)._handle_peer_banner_payload supported=3 required=0
2026-03-10T07:19:46.824 INFO:teuthology.orchestra.run.vm00.stdout:/usr/bin/ceph: stderr
2026-03-10T07:19:46.649+0000 7f0045df2640 1 --2- >> [v2:192.168.123.100:3300/0,v1:192.168.123.100:6789/0] conn(0x7f00401065b0 0x7f00401069b0 unknown :-1 s=HELLO_CONNECTING pgs=0 cs=0 l=0 rev1=1 crypto rx=0 tx=0 comp rx=0 tx=0).handle_hello peer v2:192.168.123.100:3300/0 says I am v2:192.168.123.100:53908/0 (socket says 192.168.123.100:53908)
2026-03-10T07:19:46.824 INFO:teuthology.orchestra.run.vm00.stdout:/usr/bin/ceph: stderr
2026-03-10T07:19:46.649+0000 7f0045df2640 1 -- 192.168.123.100:0/1173811684 learned_addr learned my addr 192.168.123.100:0/1173811684 (peer_addr_for_me v2:192.168.123.100:0/0)
2026-03-10T07:19:46.824 INFO:teuthology.orchestra.run.vm00.stdout:/usr/bin/ceph: stderr
2026-03-10T07:19:46.649+0000 7f0045df2640 1 -- 192.168.123.100:0/1173811684 --> [v2:192.168.123.100:3300/0,v1:192.168.123.100:6789/0] -- mon_subscribe({config=0+,monmap=0+}) -- 0x7f00401077b0 con 0x7f00401065b0
2026-03-10T07:19:46.824 INFO:teuthology.orchestra.run.vm00.stdout:/usr/bin/ceph: stderr
2026-03-10T07:19:46.649+0000 7f0045df2640 1 --2- 192.168.123.100:0/1173811684 >> [v2:192.168.123.100:3300/0,v1:192.168.123.100:6789/0] conn(0x7f00401065b0 0x7f00401069b0 secure :-1 s=READY pgs=49 cs=0 l=1 rev1=1 crypto rx=0x7f0028009920 tx=0x7f002802ef20 comp rx=0 tx=0).ready entity=mon.0 client_cookie=168cf4b225f66be2 server_cookie=0 in_seq=0 out_seq=0
2026-03-10T07:19:46.824 INFO:teuthology.orchestra.run.vm00.stdout:/usr/bin/ceph: stderr
2026-03-10T07:19:46.649+0000 7f0044df0640 1 -- 192.168.123.100:0/1173811684 <== mon.0 v2:192.168.123.100:3300/0 1 ==== mon_map magic: 0 ==== 205+0+0 (secure 0 0 0) 0x7f002803c070 con 0x7f00401065b0
2026-03-10T07:19:46.824 INFO:teuthology.orchestra.run.vm00.stdout:/usr/bin/ceph: stderr
2026-03-10T07:19:46.649+0000 7f0044df0640 1 -- 192.168.123.100:0/1173811684 <== mon.0 v2:192.168.123.100:3300/0 2 ==== config(23 keys) ==== 947+0+0 (secure 0 0 0) 0x7f0028037440 con 0x7f00401065b0
2026-03-10T07:19:46.824 INFO:teuthology.orchestra.run.vm00.stdout:/usr/bin/ceph: stderr
2026-03-10T07:19:46.653+0000 7f004807d640 1 -- 192.168.123.100:0/1173811684 >> [v2:192.168.123.100:3300/0,v1:192.168.123.100:6789/0] conn(0x7f00401065b0 msgr2=0x7f00401069b0 secure :-1 s=STATE_CONNECTION_ESTABLISHED l=1).mark_down
2026-03-10T07:19:46.825 INFO:teuthology.orchestra.run.vm00.stdout:/usr/bin/ceph: stderr
2026-03-10T07:19:46.653+0000 7f004807d640 1 --2- 192.168.123.100:0/1173811684 >> [v2:192.168.123.100:3300/0,v1:192.168.123.100:6789/0] conn(0x7f00401065b0 0x7f00401069b0 secure :-1 s=READY pgs=49 cs=0 l=1 rev1=1 crypto rx=0x7f0028009920 tx=0x7f002802ef20 comp rx=0 tx=0).stop
2026-03-10T07:19:46.825 INFO:teuthology.orchestra.run.vm00.stdout:/usr/bin/ceph: stderr
2026-03-10T07:19:46.653+0000 7f004807d640 1 -- 192.168.123.100:0/1173811684 shutdown_connections
2026-03-10T07:19:46.825 INFO:teuthology.orchestra.run.vm00.stdout:/usr/bin/ceph: stderr
2026-03-10T07:19:46.653+0000 7f004807d640 1 --2- 192.168.123.100:0/1173811684 >> [v2:192.168.123.100:3300/0,v1:192.168.123.100:6789/0] conn(0x7f00401065b0 0x7f00401069b0 unknown :-1 s=CLOSED pgs=49 cs=0 l=1 rev1=1 crypto rx=0 tx=0 comp rx=0 tx=0).stop
2026-03-10T07:19:46.825 INFO:teuthology.orchestra.run.vm00.stdout:/usr/bin/ceph: stderr
2026-03-10T07:19:46.653+0000 7f004807d640 1 -- 192.168.123.100:0/1173811684 >> 192.168.123.100:0/1173811684 conn(0x7f0040101d20 msgr2=0x7f0040104180 unknown :-1 s=STATE_NONE l=0).mark_down
2026-03-10T07:19:46.825 INFO:teuthology.orchestra.run.vm00.stdout:/usr/bin/ceph: stderr
2026-03-10T07:19:46.653+0000 7f004807d640 1 -- 192.168.123.100:0/1173811684 shutdown_connections
2026-03-10T07:19:46.825 INFO:teuthology.orchestra.run.vm00.stdout:/usr/bin/ceph: stderr
2026-03-10T07:19:46.653+0000 7f004807d640 1 -- 192.168.123.100:0/1173811684 wait complete.
2026-03-10T07:19:46.825 INFO:teuthology.orchestra.run.vm00.stdout:/usr/bin/ceph: stderr
2026-03-10T07:19:46.653+0000 7f004807d640 1 Processor -- start
2026-03-10T07:19:46.825 INFO:teuthology.orchestra.run.vm00.stdout:/usr/bin/ceph: stderr
2026-03-10T07:19:46.653+0000 7f004807d640 1 -- start start
2026-03-10T07:19:46.825 INFO:teuthology.orchestra.run.vm00.stdout:/usr/bin/ceph: stderr
2026-03-10T07:19:46.653+0000 7f004807d640 1 --2- >> [v2:192.168.123.100:3300/0,v1:192.168.123.100:6789/0] conn(0x7f00401065b0 0x7f004007c3e0 unknown :-1 s=NONE pgs=0 cs=0 l=1 rev1=0 crypto rx=0 tx=0 comp rx=0 tx=0).connect
2026-03-10T07:19:46.825 INFO:teuthology.orchestra.run.vm00.stdout:/usr/bin/ceph: stderr
2026-03-10T07:19:46.653+0000 7f004807d640 1 -- --> [v2:192.168.123.100:3300/0,v1:192.168.123.100:6789/0] -- mon_getmap magic: 0 -- 0x7f00401084b0 con 0x7f00401065b0
2026-03-10T07:19:46.825 INFO:teuthology.orchestra.run.vm00.stdout:/usr/bin/ceph: stderr
2026-03-10T07:19:46.653+0000 7f0045df2640 1 --2- >> [v2:192.168.123.100:3300/0,v1:192.168.123.100:6789/0] conn(0x7f00401065b0 0x7f004007c3e0 unknown :-1 s=BANNER_CONNECTING pgs=0 cs=0 l=1 rev1=0 crypto rx=0 tx=0 comp rx=0 tx=0)._handle_peer_banner_payload supported=3 required=0
2026-03-10T07:19:46.825 INFO:teuthology.orchestra.run.vm00.stdout:/usr/bin/ceph: stderr
2026-03-10T07:19:46.653+0000 7f0045df2640 1 --2- >> [v2:192.168.123.100:3300/0,v1:192.168.123.100:6789/0] conn(0x7f00401065b0 0x7f004007c3e0 unknown :-1 s=HELLO_CONNECTING pgs=0 cs=0 l=1 rev1=1 crypto rx=0 tx=0 comp rx=0 tx=0).handle_hello peer v2:192.168.123.100:3300/0 says I am v2:192.168.123.100:53916/0 (socket says 192.168.123.100:53916)
2026-03-10T07:19:46.825 INFO:teuthology.orchestra.run.vm00.stdout:/usr/bin/ceph: stderr
2026-03-10T07:19:46.653+0000 7f0045df2640 1 -- 192.168.123.100:0/1899807121 learned_addr learned my addr 192.168.123.100:0/1899807121 (peer_addr_for_me v2:192.168.123.100:0/0)
2026-03-10T07:19:46.825 INFO:teuthology.orchestra.run.vm00.stdout:/usr/bin/ceph: stderr
2026-03-10T07:19:46.653+0000 7f0045df2640 1 -- 192.168.123.100:0/1899807121 --> [v2:192.168.123.100:3300/0,v1:192.168.123.100:6789/0] -- mon_subscribe({config=0+,monmap=0+}) -- 0x7f004007c920 con 0x7f00401065b0
2026-03-10T07:19:46.825 INFO:teuthology.orchestra.run.vm00.stdout:/usr/bin/ceph: stderr
2026-03-10T07:19:46.653+0000 7f0045df2640 1 --2- 192.168.123.100:0/1899807121 >> [v2:192.168.123.100:3300/0,v1:192.168.123.100:6789/0] conn(0x7f00401065b0 0x7f004007c3e0 secure :-1 s=READY pgs=50 cs=0 l=1 rev1=1 crypto rx=0x7f0028037b80 tx=0x7f0028037bb0 comp rx=0 tx=0).ready entity=mon.0 client_cookie=0 server_cookie=0 in_seq=0 out_seq=0
2026-03-10T07:19:46.825 INFO:teuthology.orchestra.run.vm00.stdout:/usr/bin/ceph: stderr
2026-03-10T07:19:46.653+0000 7f0036ffd640 1 -- 192.168.123.100:0/1899807121 <== mon.0 v2:192.168.123.100:3300/0 1 ==== mon_map magic: 0 ==== 205+0+0 (secure 0 0 0) 0x7f002803c070 con 0x7f00401065b0
2026-03-10T07:19:46.825 INFO:teuthology.orchestra.run.vm00.stdout:/usr/bin/ceph: stderr
2026-03-10T07:19:46.653+0000 7f0036ffd640 1 -- 192.168.123.100:0/1899807121 <== mon.0 v2:192.168.123.100:3300/0 2 ==== config(23 keys) ==== 947+0+0 (secure 0 0 0) 0x7f0028045070 con 0x7f00401065b0
2026-03-10T07:19:46.825 INFO:teuthology.orchestra.run.vm00.stdout:/usr/bin/ceph: stderr
2026-03-10T07:19:46.653+0000 7f0036ffd640 1 -- 192.168.123.100:0/1899807121 <== mon.0 v2:192.168.123.100:3300/0 3 ==== mon_map magic: 0 ==== 205+0+0 (secure 0 0 0) 0x7f00280409c0 con 0x7f00401065b0
2026-03-10T07:19:46.825 INFO:teuthology.orchestra.run.vm00.stdout:/usr/bin/ceph: stderr
2026-03-10T07:19:46.653+0000 7f004807d640 1 -- 192.168.123.100:0/1899807121 --> [v2:192.168.123.100:3300/0,v1:192.168.123.100:6789/0] -- mon_subscribe({mgrmap=0+}) -- 0x7f004007ab10 con 0x7f00401065b0
2026-03-10T07:19:46.825 INFO:teuthology.orchestra.run.vm00.stdout:/usr/bin/ceph: stderr
2026-03-10T07:19:46.653+0000 7f004807d640 1 -- 192.168.123.100:0/1899807121 --> [v2:192.168.123.100:3300/0,v1:192.168.123.100:6789/0] -- mon_subscribe({osdmap=0}) -- 0x7f004007aff0 con 0x7f00401065b0
2026-03-10T07:19:46.825 INFO:teuthology.orchestra.run.vm00.stdout:/usr/bin/ceph: stderr
2026-03-10T07:19:46.657+0000 7f0036ffd640 1 -- 192.168.123.100:0/1899807121 <== mon.0 v2:192.168.123.100:3300/0 4 ==== mgrmap(e 7) ==== 50247+0+0 (secure 0 0 0) 0x7f0028040c70 con 0x7f00401065b0
2026-03-10T07:19:46.825 INFO:teuthology.orchestra.run.vm00.stdout:/usr/bin/ceph: stderr
2026-03-10T07:19:46.657+0000 7f0036ffd640 1 --2- 192.168.123.100:0/1899807121 >> [v2:192.168.123.100:6800/1944661180,v1:192.168.123.100:6801/1944661180] conn(0x7f001c03dc40 0x7f001c040100 unknown :-1 s=NONE pgs=0 cs=0 l=1 rev1=0 crypto rx=0 tx=0 comp rx=0 tx=0).connect
2026-03-10T07:19:46.825 INFO:teuthology.orchestra.run.vm00.stdout:/usr/bin/ceph: stderr
2026-03-10T07:19:46.657+0000 7f00455f1640 1 --2- 192.168.123.100:0/1899807121 >> [v2:192.168.123.100:6800/1944661180,v1:192.168.123.100:6801/1944661180] conn(0x7f001c03dc40 0x7f001c040100 unknown :-1 s=BANNER_CONNECTING pgs=0 cs=0 l=1 rev1=0 crypto rx=0 tx=0 comp rx=0 tx=0)._handle_peer_banner_payload supported=3 required=0
2026-03-10T07:19:46.825 INFO:teuthology.orchestra.run.vm00.stdout:/usr/bin/ceph: stderr
2026-03-10T07:19:46.657+0000 7f0036ffd640 1 -- 192.168.123.100:0/1899807121 <== mon.0 v2:192.168.123.100:3300/0 5 ==== osd_map(2..2 src has 1..2) ==== 940+0+0 (secure 0 0 0) 0x7f002807c580 con 0x7f00401065b0
2026-03-10T07:19:46.825 INFO:teuthology.orchestra.run.vm00.stdout:/usr/bin/ceph: stderr
2026-03-10T07:19:46.657+0000 7f00455f1640 1 --2- 192.168.123.100:0/1899807121 >> [v2:192.168.123.100:6800/1944661180,v1:192.168.123.100:6801/1944661180] conn(0x7f001c03dc40 0x7f001c040100 secure :-1 s=READY pgs=14 cs=0 l=1 rev1=1 crypto rx=0x7f0030009a10 tx=0x7f0030006eb0 comp rx=0 tx=0).ready entity=mgr.14118 client_cookie=0 server_cookie=0 in_seq=0 out_seq=0
2026-03-10T07:19:46.825 INFO:teuthology.orchestra.run.vm00.stdout:/usr/bin/ceph: stderr
2026-03-10T07:19:46.657+0000 7f004807d640 1 -- 192.168.123.100:0/1899807121 --> [v2:192.168.123.100:3300/0,v1:192.168.123.100:6789/0] -- mon_command({"prefix": "get_command_descriptions"} v 0) -- 0x7f00401069b0 con 0x7f00401065b0
2026-03-10T07:19:46.825 INFO:teuthology.orchestra.run.vm00.stdout:/usr/bin/ceph: stderr
2026-03-10T07:19:46.661+0000 7f0036ffd640 1 -- 192.168.123.100:0/1899807121 <== mon.0 v2:192.168.123.100:3300/0 6 ==== mon_command_ack([{"prefix": "get_command_descriptions"}]=0 v0) ==== 72+0+195034 (secure 0 0 0) 0x7f002803e330 con 0x7f00401065b0
2026-03-10T07:19:46.825 INFO:teuthology.orchestra.run.vm00.stdout:/usr/bin/ceph: stderr
2026-03-10T07:19:46.761+0000 7f004807d640 1 -- 192.168.123.100:0/1899807121 --> [v2:192.168.123.100:3300/0,v1:192.168.123.100:6789/0] -- mon_command([{prefix=config set, name=mgr/cephadm/container_init}] v 0) -- 0x7f004007b4e0 con 0x7f00401065b0
2026-03-10T07:19:46.825 INFO:teuthology.orchestra.run.vm00.stdout:/usr/bin/ceph: stderr
2026-03-10T07:19:46.765+0000 7f0036ffd640 1 -- 192.168.123.100:0/1899807121 <== mon.0 v2:192.168.123.100:3300/0 7 ==== mon_command_ack([{prefix=config set, name=mgr/cephadm/container_init}]=0 v6)=0 v6) ==== 142+0+0 (secure 0 0 0) 0x7f0028036920 con 0x7f00401065b0
2026-03-10T07:19:46.825 INFO:teuthology.orchestra.run.vm00.stdout:/usr/bin/ceph: stderr
2026-03-10T07:19:46.769+0000 7f004807d640 1 -- 192.168.123.100:0/1899807121 >> [v2:192.168.123.100:6800/1944661180,v1:192.168.123.100:6801/1944661180] conn(0x7f001c03dc40 msgr2=0x7f001c040100 secure :-1 s=STATE_CONNECTION_ESTABLISHED l=1).mark_down
2026-03-10T07:19:46.825 INFO:teuthology.orchestra.run.vm00.stdout:/usr/bin/ceph: stderr
