2026-03-10T07:19:35.392 INFO:journalctl@ceph.mon.a.vm00.stdout:Mar 10 07:19:35 vm00 bash[20701]: audit
2026-03-10T07:19:35.039190+0000 mon.a (mon.0) 21 : audit [DBG] from='mgr.14100 192.168.123.100:0/374434072' entity='mgr.y' cmd=[{"prefix": "mon metadata"}]: dispatch
2026-03-10T07:19:35.392 INFO:journalctl@ceph.mon.a.vm00.stdout:Mar 10 07:19:35 vm00 bash[20701]: audit
2026-03-10T07:19:35.039190+0000 mon.a (mon.0) 21 : audit [DBG] from='mgr.14100 192.168.123.100:0/374434072' entity='mgr.y' cmd=[{"prefix": "mon metadata"}]: dispatch
2026-03-10T07:19:35.392 INFO:journalctl@ceph.mon.a.vm00.stdout:Mar 10 07:19:35 vm00 bash[20701]: cluster
2026-03-10T07:19:35.047116+0000 mon.a (mon.0) 22 : cluster [INF] Manager daemon y is now available
2026-03-10T07:19:35.392 INFO:journalctl@ceph.mon.a.vm00.stdout:Mar 10 07:19:35 vm00 bash[20701]: cluster
2026-03-10T07:19:35.047116+0000 mon.a (mon.0) 22 : cluster [INF] Manager daemon y is now available
2026-03-10T07:19:36.392 INFO:journalctl@ceph.mon.a.vm00.stdout:Mar 10 07:19:36 vm00 bash[20701]: audit
2026-03-10T07:19:35.088146+0000 mon.a (mon.0) 23 : audit [INF] from='mgr.14100 192.168.123.100:0/374434072' entity='mgr.y' cmd=[{"prefix":"config rm","who":"mgr","name":"mgr/rbd_support/y/mirror_snapshot_schedule"}]: dispatch
2026-03-10T07:19:36.392 INFO:journalctl@ceph.mon.a.vm00.stdout:Mar 10 07:19:36 vm00 bash[20701]: audit
2026-03-10T07:19:35.088146+0000 mon.a (mon.0) 23 : audit [INF] from='mgr.14100 192.168.123.100:0/374434072' entity='mgr.y' cmd=[{"prefix":"config rm","who":"mgr","name":"mgr/rbd_support/y/mirror_snapshot_schedule"}]: dispatch
2026-03-10T07:19:36.392 INFO:journalctl@ceph.mon.a.vm00.stdout:Mar 10 07:19:36 vm00 bash[20701]: audit
2026-03-10T07:19:35.091384+0000 mon.a (mon.0) 24 : audit [INF] from='mgr.14100 192.168.123.100:0/374434072' entity='mgr.y'
2026-03-10T07:19:36.392 INFO:journalctl@ceph.mon.a.vm00.stdout:Mar 10 07:19:36 vm00 bash[20701]: audit
2026-03-10T07:19:35.091384+0000 mon.a (mon.0) 24 : audit [INF] from='mgr.14100 192.168.123.100:0/374434072' entity='mgr.y'
2026-03-10T07:19:36.392 INFO:journalctl@ceph.mon.a.vm00.stdout:Mar 10 07:19:36 vm00 bash[20701]: audit
2026-03-10T07:19:35.091738+0000 mon.a (mon.0) 25 : audit [INF] from='mgr.14100 192.168.123.100:0/374434072' entity='mgr.y' cmd=[{"prefix":"config rm","who":"mgr","name":"mgr/rbd_support/y/trash_purge_schedule"}]: dispatch
2026-03-10T07:19:36.392 INFO:journalctl@ceph.mon.a.vm00.stdout:Mar 10 07:19:36 vm00 bash[20701]: audit
2026-03-10T07:19:35.091738+0000 mon.a (mon.0) 25 : audit [INF] from='mgr.14100 192.168.123.100:0/374434072' entity='mgr.y' cmd=[{"prefix":"config rm","who":"mgr","name":"mgr/rbd_support/y/trash_purge_schedule"}]: dispatch
2026-03-10T07:19:36.392 INFO:journalctl@ceph.mon.a.vm00.stdout:Mar 10 07:19:36 vm00 bash[20701]: audit
2026-03-10T07:19:35.094694+0000 mon.a (mon.0) 26 : audit [INF] from='mgr.14100 192.168.123.100:0/374434072' entity='mgr.y'
2026-03-10T07:19:36.392 INFO:journalctl@ceph.mon.a.vm00.stdout:Mar 10 07:19:36 vm00 bash[20701]: audit
2026-03-10T07:19:35.094694+0000 mon.a (mon.0) 26 : audit [INF] from='mgr.14100 192.168.123.100:0/374434072' entity='mgr.y'
2026-03-10T07:19:36.392 INFO:journalctl@ceph.mon.a.vm00.stdout:Mar 10 07:19:36 vm00 bash[20701]: audit
2026-03-10T07:19:35.099324+0000 mon.a (mon.0) 27 : audit [INF] from='mgr.14100 192.168.123.100:0/374434072' entity='mgr.y'
2026-03-10T07:19:36.392 INFO:journalctl@ceph.mon.a.vm00.stdout:Mar 10 07:19:36 vm00 bash[20701]: audit
2026-03-10T07:19:35.099324+0000 mon.a (mon.0) 27 : audit [INF] from='mgr.14100 192.168.123.100:0/374434072' entity='mgr.y'
2026-03-10T07:19:36.392 INFO:journalctl@ceph.mon.a.vm00.stdout:Mar 10 07:19:36 vm00 bash[20701]: cluster
2026-03-10T07:19:36.061876+0000 mon.a (mon.0) 28 : cluster [DBG] mgrmap e3: y(active, since 1.03785s)
2026-03-10T07:19:36.392 INFO:journalctl@ceph.mon.a.vm00.stdout:Mar 10 07:19:36 vm00 bash[20701]: cluster
2026-03-10T07:19:36.061876+0000 mon.a (mon.0) 28 : cluster [DBG] mgrmap e3: y(active, since 1.03785s)
2026-03-10T07:19:36.436 INFO:teuthology.orchestra.run.vm00.stdout:/usr/bin/ceph: stdout
2026-03-10T07:19:36.436 INFO:teuthology.orchestra.run.vm00.stdout:/usr/bin/ceph: stdout {
2026-03-10T07:19:36.436 INFO:teuthology.orchestra.run.vm00.stdout:/usr/bin/ceph: stdout "fsid": "534d9c8a-1c51-11f1-ac87-d1fb9a119953",
2026-03-10T07:19:36.436 INFO:teuthology.orchestra.run.vm00.stdout:/usr/bin/ceph: stdout "health": {
2026-03-10T07:19:36.437 INFO:teuthology.orchestra.run.vm00.stdout:/usr/bin/ceph: stdout "status": "HEALTH_OK",
2026-03-10T07:19:36.437 INFO:teuthology.orchestra.run.vm00.stdout:/usr/bin/ceph: stdout "checks": {},
2026-03-10T07:19:36.437 INFO:teuthology.orchestra.run.vm00.stdout:/usr/bin/ceph: stdout "mutes": []
2026-03-10T07:19:36.437 INFO:teuthology.orchestra.run.vm00.stdout:/usr/bin/ceph: stdout },
2026-03-10T07:19:36.437 INFO:teuthology.orchestra.run.vm00.stdout:/usr/bin/ceph: stdout "election_epoch": 5,
2026-03-10T07:19:36.437 INFO:teuthology.orchestra.run.vm00.stdout:/usr/bin/ceph: stdout "quorum": [
2026-03-10T07:19:36.437 INFO:teuthology.orchestra.run.vm00.stdout:/usr/bin/ceph: stdout 0
2026-03-10T07:19:36.437 INFO:teuthology.orchestra.run.vm00.stdout:/usr/bin/ceph: stdout ],
2026-03-10T07:19:36.437 INFO:teuthology.orchestra.run.vm00.stdout:/usr/bin/ceph: stdout "quorum_names": [
2026-03-10T07:19:36.437 INFO:teuthology.orchestra.run.vm00.stdout:/usr/bin/ceph: stdout "a"
2026-03-10T07:19:36.437 INFO:teuthology.orchestra.run.vm00.stdout:/usr/bin/ceph: stdout ],
2026-03-10T07:19:36.437 INFO:teuthology.orchestra.run.vm00.stdout:/usr/bin/ceph: stdout "quorum_age": 5,
2026-03-10T07:19:36.437 INFO:teuthology.orchestra.run.vm00.stdout:/usr/bin/ceph: stdout "monmap": {
2026-03-10T07:19:36.437 INFO:teuthology.orchestra.run.vm00.stdout:/usr/bin/ceph: stdout "epoch": 1,
2026-03-10T07:19:36.438 INFO:teuthology.orchestra.run.vm00.stdout:/usr/bin/ceph: stdout "min_mon_release_name": "squid",
2026-03-10T07:19:36.438 INFO:teuthology.orchestra.run.vm00.stdout:/usr/bin/ceph: stdout "num_mons": 1
2026-03-10T07:19:36.438 INFO:teuthology.orchestra.run.vm00.stdout:/usr/bin/ceph: stdout },
2026-03-10T07:19:36.438 INFO:teuthology.orchestra.run.vm00.stdout:/usr/bin/ceph: stdout "osdmap": {
2026-03-10T07:19:36.438 INFO:teuthology.orchestra.run.vm00.stdout:/usr/bin/ceph: stdout "epoch": 1,
2026-03-10T07:19:36.438 INFO:teuthology.orchestra.run.vm00.stdout:/usr/bin/ceph: stdout "num_osds": 0,
2026-03-10T07:19:36.438 INFO:teuthology.orchestra.run.vm00.stdout:/usr/bin/ceph: stdout "num_up_osds": 0,
2026-03-10T07:19:36.438 INFO:teuthology.orchestra.run.vm00.stdout:/usr/bin/ceph: stdout "osd_up_since": 0,
2026-03-10T07:19:36.438 INFO:teuthology.orchestra.run.vm00.stdout:/usr/bin/ceph: stdout "num_in_osds": 0,
2026-03-10T07:19:36.438 INFO:teuthology.orchestra.run.vm00.stdout:/usr/bin/ceph: stdout "osd_in_since": 0,
2026-03-10T07:19:36.438 INFO:teuthology.orchestra.run.vm00.stdout:/usr/bin/ceph: stdout "num_remapped_pgs": 0
2026-03-10T07:19:36.438 INFO:teuthology.orchestra.run.vm00.stdout:/usr/bin/ceph: stdout },
2026-03-10T07:19:36.438 INFO:teuthology.orchestra.run.vm00.stdout:/usr/bin/ceph: stdout "pgmap": {
2026-03-10T07:19:36.438 INFO:teuthology.orchestra.run.vm00.stdout:/usr/bin/ceph: stdout "pgs_by_state": [],
2026-03-10T07:19:36.438 INFO:teuthology.orchestra.run.vm00.stdout:/usr/bin/ceph: stdout "num_pgs": 0,
2026-03-10T07:19:36.438 INFO:teuthology.orchestra.run.vm00.stdout:/usr/bin/ceph: stdout "num_pools": 0,
2026-03-10T07:19:36.438 INFO:teuthology.orchestra.run.vm00.stdout:/usr/bin/ceph: stdout "num_objects": 0,
2026-03-10T07:19:36.439 INFO:teuthology.orchestra.run.vm00.stdout:/usr/bin/ceph: stdout "data_bytes": 0,
2026-03-10T07:19:36.439 INFO:teuthology.orchestra.run.vm00.stdout:/usr/bin/ceph: stdout "bytes_used": 0,
2026-03-10T07:19:36.439 INFO:teuthology.orchestra.run.vm00.stdout:/usr/bin/ceph: stdout "bytes_avail": 0,
2026-03-10T07:19:36.439 INFO:teuthology.orchestra.run.vm00.stdout:/usr/bin/ceph: stdout "bytes_total": 0
2026-03-10T07:19:36.439 INFO:teuthology.orchestra.run.vm00.stdout:/usr/bin/ceph: stdout },
2026-03-10T07:19:36.439 INFO:teuthology.orchestra.run.vm00.stdout:/usr/bin/ceph: stdout "fsmap": {
2026-03-10T07:19:36.439 INFO:teuthology.orchestra.run.vm00.stdout:/usr/bin/ceph: stdout "epoch": 1,
2026-03-10T07:19:36.439 INFO:teuthology.orchestra.run.vm00.stdout:/usr/bin/ceph: stdout "btime": "2026-03-10T07:19:29:469789+0000",
2026-03-10T07:19:36.439 INFO:teuthology.orchestra.run.vm00.stdout:/usr/bin/ceph: stdout "by_rank": [],
2026-03-10T07:19:36.439 INFO:teuthology.orchestra.run.vm00.stdout:/usr/bin/ceph: stdout "up:standby": 0
2026-03-10T07:19:36.439 INFO:teuthology.orchestra.run.vm00.stdout:/usr/bin/ceph: stdout },
2026-03-10T07:19:36.439 INFO:teuthology.orchestra.run.vm00.stdout:/usr/bin/ceph: stdout "mgrmap": {
2026-03-10T07:19:36.439 INFO:teuthology.orchestra.run.vm00.stdout:/usr/bin/ceph: stdout "available": true,
2026-03-10T07:19:36.439 INFO:teuthology.orchestra.run.vm00.stdout:/usr/bin/ceph: stdout "num_standbys": 0,
2026-03-10T07:19:36.439 INFO:teuthology.orchestra.run.vm00.stdout:/usr/bin/ceph: stdout "modules": [
2026-03-10T07:19:36.439 INFO:teuthology.orchestra.run.vm00.stdout:/usr/bin/ceph: stdout "iostat",
2026-03-10T07:19:36.439 INFO:teuthology.orchestra.run.vm00.stdout:/usr/bin/ceph: stdout "nfs",
2026-03-10T07:19:36.439 INFO:teuthology.orchestra.run.vm00.stdout:/usr/bin/ceph: stdout "restful"
2026-03-10T07:19:36.439 INFO:teuthology.orchestra.run.vm00.stdout:/usr/bin/ceph: stdout ],
2026-03-10T07:19:36.439 INFO:teuthology.orchestra.run.vm00.stdout:/usr/bin/ceph: stdout "services": {}
2026-03-10T07:19:36.439 INFO:teuthology.orchestra.run.vm00.stdout:/usr/bin/ceph: stdout },
2026-03-10T07:19:36.440 INFO:teuthology.orchestra.run.vm00.stdout:/usr/bin/ceph: stdout "servicemap": {
2026-03-10T07:19:36.440 INFO:teuthology.orchestra.run.vm00.stdout:/usr/bin/ceph: stdout "epoch": 1,
2026-03-10T07:19:36.440 INFO:teuthology.orchestra.run.vm00.stdout:/usr/bin/ceph: stdout "modified": "2026-03-10T07:19:29.470592+0000",
2026-03-10T07:19:36.440 INFO:teuthology.orchestra.run.vm00.stdout:/usr/bin/ceph: stdout "services": {}
2026-03-10T07:19:36.440 INFO:teuthology.orchestra.run.vm00.stdout:/usr/bin/ceph: stdout },
2026-03-10T07:19:36.440 INFO:teuthology.orchestra.run.vm00.stdout:/usr/bin/ceph: stdout "progress_events": {}
2026-03-10T07:19:36.440 INFO:teuthology.orchestra.run.vm00.stdout:/usr/bin/ceph: stdout }
2026-03-10T07:19:36.440 INFO:teuthology.orchestra.run.vm00.stdout:/usr/bin/ceph: stderr
2026-03-10T07:19:36.177+0000 7f4488ece640 1 Processor -- start
2026-03-10T07:19:36.440 INFO:teuthology.orchestra.run.vm00.stdout:/usr/bin/ceph: stderr
2026-03-10T07:19:36.177+0000 7f4488ece640 1 -- start start
2026-03-10T07:19:36.440 INFO:teuthology.orchestra.run.vm00.stdout:/usr/bin/ceph: stderr
2026-03-10T07:19:36.177+0000 7f4488ece640 1 --2- >> [v2:192.168.123.100:3300/0,v1:192.168.123.100:6789/0] conn(0x7f4484108860 0x7f4484108c60 unknown :-1 s=NONE pgs=0 cs=0 l=0 rev1=0 crypto rx=0 tx=0 comp rx=0 tx=0).connect
2026-03-10T07:19:36.440 INFO:teuthology.orchestra.run.vm00.stdout:/usr/bin/ceph: stderr
2026-03-10T07:19:36.177+0000 7f4488ece640 1 -- --> [v2:192.168.123.100:3300/0,v1:192.168.123.100:6789/0] -- mon_getmap magic: 0 -- 0x7f4484109230 con 0x7f4484108860
2026-03-10T07:19:36.440 INFO:teuthology.orchestra.run.vm00.stdout:/usr/bin/ceph: stderr
2026-03-10T07:19:36.177+0000 7f4482575640 1 --2- >> [v2:192.168.123.100:3300/0,v1:192.168.123.100:6789/0] conn(0x7f4484108860 0x7f4484108c60 unknown :-1 s=BANNER_CONNECTING pgs=0 cs=0 l=0 rev1=0 crypto rx=0 tx=0 comp rx=0 tx=0)._handle_peer_banner_payload supported=3 required=0
2026-03-10T07:19:36.440 INFO:teuthology.orchestra.run.vm00.stdout:/usr/bin/ceph: stderr
2026-03-10T07:19:36.177+0000 7f4482575640 1 --2- >> [v2:192.168.123.100:3300/0,v1:192.168.123.100:6789/0] conn(0x7f4484108860 0x7f4484108c60 unknown :-1 s=HELLO_CONNECTING pgs=0 cs=0 l=0 rev1=1 crypto rx=0 tx=0 comp rx=0 tx=0).handle_hello peer v2:192.168.123.100:3300/0 says I am v2:192.168.123.100:40108/0 (socket says 192.168.123.100:40108)
2026-03-10T07:19:36.440 INFO:teuthology.orchestra.run.vm00.stdout:/usr/bin/ceph: stderr
2026-03-10T07:19:36.177+0000 7f4482575640 1 -- 192.168.123.100:0/818245568 learned_addr learned my addr 192.168.123.100:0/818245568 (peer_addr_for_me v2:192.168.123.100:0/0)
2026-03-10T07:19:36.440 INFO:teuthology.orchestra.run.vm00.stdout:/usr/bin/ceph: stderr
2026-03-10T07:19:36.177+0000 7f4482575640 1 -- 192.168.123.100:0/818245568 --> [v2:192.168.123.100:3300/0,v1:192.168.123.100:6789/0] -- mon_subscribe({config=0+,monmap=0+}) -- 0x7f4484109a60 con 0x7f4484108860
2026-03-10T07:19:36.440 INFO:teuthology.orchestra.run.vm00.stdout:/usr/bin/ceph: stderr
2026-03-10T07:19:36.181+0000 7f4482575640 1 --2- 192.168.123.100:0/818245568 >> [v2:192.168.123.100:3300/0,v1:192.168.123.100:6789/0] conn(0x7f4484108860 0x7f4484108c60 secure :-1 s=READY pgs=16 cs=0 l=1 rev1=1 crypto rx=0x7f4470009920 tx=0x7f447002ef20 comp rx=0 tx=0).ready entity=mon.0 client_cookie=e12e129d2adb717f server_cookie=0 in_seq=0 out_seq=0
2026-03-10T07:19:36.440 INFO:teuthology.orchestra.run.vm00.stdout:/usr/bin/ceph: stderr
2026-03-10T07:19:36.181+0000 7f4481573640 1 -- 192.168.123.100:0/818245568 <== mon.0 v2:192.168.123.100:3300/0 1 ==== mon_map magic: 0 ==== 205+0+0 (secure 0 0 0) 0x7f447003c070 con 0x7f4484108860
2026-03-10T07:19:36.440 INFO:teuthology.orchestra.run.vm00.stdout:/usr/bin/ceph: stderr
2026-03-10T07:19:36.181+0000 7f4481573640 1 -- 192.168.123.100:0/818245568 <== mon.0 v2:192.168.123.100:3300/0 2 ==== config(23 keys) ==== 947+0+0 (secure 0 0 0) 0x7f4470037440 con 0x7f4484108860
2026-03-10T07:19:36.440 INFO:teuthology.orchestra.run.vm00.stdout:/usr/bin/ceph: stderr
2026-03-10T07:19:36.181+0000 7f4488ece640 1 -- 192.168.123.100:0/818245568 >> [v2:192.168.123.100:3300/0,v1:192.168.123.100:6789/0] conn(0x7f4484108860 msgr2=0x7f4484108c60 secure :-1 s=STATE_CONNECTION_ESTABLISHED l=1).mark_down
2026-03-10T07:19:36.440 INFO:teuthology.orchestra.run.vm00.stdout:/usr/bin/ceph: stderr
2026-03-10T07:19:36.181+0000 7f4488ece640 1 --2- 192.168.123.100:0/818245568 >> [v2:192.168.123.100:3300/0,v1:192.168.123.100:6789/0] conn(0x7f4484108860 0x7f4484108c60 secure :-1 s=READY pgs=16 cs=0 l=1 rev1=1 crypto rx=0x7f4470009920 tx=0x7f447002ef20 comp rx=0 tx=0).stop
2026-03-10T07:19:36.440 INFO:teuthology.orchestra.run.vm00.stdout:/usr/bin/ceph: stderr
2026-03-10T07:19:36.181+0000 7f4488ece640 1 -- 192.168.123.100:0/818245568 shutdown_connections
2026-03-10T07:19:36.440 INFO:teuthology.orchestra.run.vm00.stdout:/usr/bin/ceph: stderr
2026-03-10T07:19:36.181+0000 7f4488ece640 1 --2- 192.168.123.100:0/818245568 >> [v2:192.168.123.100:3300/0,v1:192.168.123.100:6789/0] conn(0x7f4484108860 0x7f4484108c60 unknown :-1 s=CLOSED pgs=16 cs=0 l=1 rev1=1 crypto rx=0 tx=0 comp rx=0 tx=0).stop
2026-03-10T07:19:36.440 INFO:teuthology.orchestra.run.vm00.stdout:/usr/bin/ceph: stderr
2026-03-10T07:19:36.181+0000 7f4488ece640 1 -- 192.168.123.100:0/818245568 >> 192.168.123.100:0/818245568 conn(0x7f448407bda0 msgr2=0x7f448407c1b0 unknown :-1 s=STATE_NONE l=0).mark_down
2026-03-10T07:19:36.441 INFO:teuthology.orchestra.run.vm00.stdout:/usr/bin/ceph: stderr
2026-03-10T07:19:36.181+0000 7f4488ece640 1 -- 192.168.123.100:0/818245568 shutdown_connections
2026-03-10T07:19:36.441 INFO:teuthology.orchestra.run.vm00.stdout:/usr/bin/ceph: stderr
2026-03-10T07:19:36.181+0000 7f4488ece640 1 -- 192.168.123.100:0/818245568 wait complete.
2026-03-10T07:19:36.441 INFO:teuthology.orchestra.run.vm00.stdout:/usr/bin/ceph: stderr
2026-03-10T07:19:36.181+0000 7f4488ece640 1 Processor -- start
2026-03-10T07:19:36.441 INFO:teuthology.orchestra.run.vm00.stdout:/usr/bin/ceph: stderr
2026-03-10T07:19:36.181+0000 7f4488ece640 1 -- start start
2026-03-10T07:19:36.441 INFO:teuthology.orchestra.run.vm00.stdout:/usr/bin/ceph: stderr
2026-03-10T07:19:36.181+0000 7f4488ece640 1 --2- >> [v2:192.168.123.100:3300/0,v1:192.168.123.100:6789/0] conn(0x7f4484108860 0x7f4484080470 unknown :-1 s=NONE pgs=0 cs=0 l=1 rev1=0 crypto rx=0 tx=0 comp rx=0 tx=0).connect
2026-03-10T07:19:36.441 INFO:teuthology.orchestra.run.vm00.stdout:/usr/bin/ceph: stderr
2026-03-10T07:19:36.181+0000 7f4488ece640 1 -- --> [v2:192.168.123.100:3300/0,v1:192.168.123.100:6789/0] -- mon_getmap magic: 0 -- 0x7f448410a760 con 0x7f4484108860
2026-03-10T07:19:36.441 INFO:teuthology.orchestra.run.vm00.stdout:/usr/bin/ceph: stderr
2026-03-10T07:19:36.181+0000 7f4482575640 1 --2- >> [v2:192.168.123.100:3300/0,v1:192.168.123.100:6789/0] conn(0x7f4484108860 0x7f4484080470 unknown :-1 s=BANNER_CONNECTING pgs=0 cs=0 l=1 rev1=0 crypto rx=0 tx=0 comp rx=0 tx=0)._handle_peer_banner_payload supported=3 required=0
2026-03-10T07:19:36.441 INFO:teuthology.orchestra.run.vm00.stdout:/usr/bin/ceph: stderr
2026-03-10T07:19:36.181+0000 7f4482575640 1 --2- >> [v2:192.168.123.100:3300/0,v1:192.168.123.100:6789/0] conn(0x7f4484108860 0x7f4484080470 unknown :-1 s=HELLO_CONNECTING pgs=0 cs=0 l=1 rev1=1 crypto rx=0 tx=0 comp rx=0 tx=0).handle_hello peer v2:192.168.123.100:3300/0 says I am v2:192.168.123.100:40124/0 (socket says 192.168.123.100:40124)
2026-03-10T07:19:36.441 INFO:teuthology.orchestra.run.vm00.stdout:/usr/bin/ceph: stderr
2026-03-10T07:19:36.181+0000 7f4482575640 1 -- 192.168.123.100:0/3766816708 learned_addr learned my addr 192.168.123.100:0/3766816708 (peer_addr_for_me v2:192.168.123.100:0/0)
2026-03-10T07:19:36.441 INFO:teuthology.orchestra.run.vm00.stdout:/usr/bin/ceph: stderr
2026-03-10T07:19:36.181+0000 7f4482575640 1 -- 192.168.123.100:0/3766816708 --> [v2:192.168.123.100:3300/0,v1:192.168.123.100:6789/0] -- mon_subscribe({config=0+,monmap=0+}) -- 0x7f44840809b0 con 0x7f4484108860
2026-03-10T07:19:36.441 INFO:teuthology.orchestra.run.vm00.stdout:/usr/bin/ceph: stderr
2026-03-10T07:19:36.181+0000 7f4482575640 1 --2- 192.168.123.100:0/3766816708 >> [v2:192.168.123.100:3300/0,v1:192.168.123.100:6789/0] conn(0x7f4484108860 0x7f4484080470 secure :-1 s=READY pgs=17 cs=0 l=1 rev1=1 crypto rx=0x7f4470037b80 tx=0x7f4470037bb0 comp rx=0 tx=0).ready entity=mon.0 client_cookie=0 server_cookie=0 in_seq=0 out_seq=0
2026-03-10T07:19:36.441 INFO:teuthology.orchestra.run.vm00.stdout:/usr/bin/ceph: stderr
2026-03-10T07:19:36.181+0000 7f446f7fe640 1 -- 192.168.123.100:0/3766816708 <== mon.0 v2:192.168.123.100:3300/0 1 ==== mon_map magic: 0 ==== 205+0+0 (secure 0 0 0) 0x7f447003c070 con 0x7f4484108860
2026-03-10T07:19:36.441 INFO:teuthology.orchestra.run.vm00.stdout:/usr/bin/ceph: stderr
2026-03-10T07:19:36.181+0000 7f446f7fe640 1 -- 192.168.123.100:0/3766816708 <== mon.0 v2:192.168.123.100:3300/0 2 ==== config(23 keys) ==== 947+0+0 (secure 0 0 0) 0x7f4470045070 con 0x7f4484108860
2026-03-10T07:19:36.441 INFO:teuthology.orchestra.run.vm00.stdout:/usr/bin/ceph: stderr
2026-03-10T07:19:36.181+0000 7f4488ece640 1 -- 192.168.123.100:0/3766816708 --> [v2:192.168.123.100:3300/0,v1:192.168.123.100:6789/0] -- mon_subscribe({mgrmap=0+}) -- 0x7f4484080c40 con 0x7f4484108860
2026-03-10T07:19:36.441 INFO:teuthology.orchestra.run.vm00.stdout:/usr/bin/ceph: stderr
2026-03-10T07:19:36.181+0000 7f4488ece640 1 -- 192.168.123.100:0/3766816708 --> [v2:192.168.123.100:3300/0,v1:192.168.123.100:6789/0] -- mon_subscribe({osdmap=0}) -- 0x7f448407cfb0 con 0x7f4484108860
2026-03-10T07:19:36.441 INFO:teuthology.orchestra.run.vm00.stdout:/usr/bin/ceph: stderr
2026-03-10T07:19:36.185+0000 7f446f7fe640 1 -- 192.168.123.100:0/3766816708 <== mon.0 v2:192.168.123.100:3300/0 3 ==== mon_map magic: 0 ==== 205+0+0 (secure 0 0 0) 0x7f4470040a10 con 0x7f4484108860
2026-03-10T07:19:36.441 INFO:teuthology.orchestra.run.vm00.stdout:/usr/bin/ceph: stderr
2026-03-10T07:19:36.185+0000 7f4488ece640 1 -- 192.168.123.100:0/3766816708 --> [v2:192.168.123.100:3300/0,v1:192.168.123.100:6789/0] -- mon_command({"prefix": "get_command_descriptions"} v 0) -- 0x7f4448005180 con 0x7f4484108860
2026-03-10T07:19:36.441 INFO:teuthology.orchestra.run.vm00.stdout:/usr/bin/ceph: stderr
2026-03-10T07:19:36.189+0000 7f446f7fe640 1 -- 192.168.123.100:0/3766816708 <== mon.0 v2:192.168.123.100:3300/0 4 ==== mgrmap(e 3) ==== 50130+0+0 (secure 0 0 0) 0x7f4470040c70 con 0x7f4484108860
2026-03-10T07:19:36.441 INFO:teuthology.orchestra.run.vm00.stdout:/usr/bin/ceph: stderr
2026-03-10T07:19:36.189+0000 7f446f7fe640 1 --2- 192.168.123.100:0/3766816708 >> [v2:192.168.123.100:6800/2344477988,v1:192.168.123.100:6801/2344477988] conn(0x7f445803d760 0x7f445803fc20 unknown :-1 s=NONE pgs=0 cs=0 l=1 rev1=0 crypto rx=0 tx=0 comp rx=0 tx=0).connect
2026-03-10T07:19:36.441 INFO:teuthology.orchestra.run.vm00.stdout:/usr/bin/ceph: stderr
2026-03-10T07:19:36.189+0000 7f4481d74640 1 --2- 192.168.123.100:0/3766816708 >> [v2:192.168.123.100:6800/2344477988,v1:192.168.123.100:6801/2344477988] conn(0x7f445803d760 0x7f445803fc20 unknown :-1 s=BANNER_CONNECTING pgs=0 cs=0 l=1 rev1=0 crypto rx=0 tx=0 comp rx=0 tx=0)._handle_peer_banner_payload supported=3 required=0
2026-03-10T07:19:36.441 INFO:teuthology.orchestra.run.vm00.stdout:/usr/bin/ceph: stderr
2026-03-10T07:19:36.189+0000 7f446f7fe640 1 -- 192.168.123.100:0/3766816708 <== mon.0 v2:192.168.123.100:3300/0 5 ==== osd_map(1..1 src has 1..1) ==== 725+0+0 (secure 0 0 0) 0x7f44700770a0 con 0x7f4484108860
2026-03-10T07:19:36.442 INFO:teuthology.orchestra.run.vm00.stdout:/usr/bin/ceph: stderr
2026-03-10T07:19:36.189+0000 7f4481d74640 1 --2- 192.168.123.100:0/3766816708 >> [v2:192.168.123.100:6800/2344477988,v1:192.168.123.100:6801/2344477988] conn(0x7f445803d760 0x7f445803fc20 secure :-1 s=READY pgs=6 cs=0 l=1 rev1=1 crypto rx=0x7f44780099c0 tx=0x7f4478006eb0 comp rx=0 tx=0).ready entity=mgr.14100 client_cookie=0 server_cookie=0 in_seq=0 out_seq=0
2026-03-10T07:19:36.442 INFO:teuthology.orchestra.run.vm00.stdout:/usr/bin/ceph: stderr
2026-03-10T07:19:36.189+0000 7f446f7fe640 1 -- 192.168.123.100:0/3766816708 <== mon.0 v2:192.168.123.100:3300/0 6 ==== mon_command_ack([{"prefix": "get_command_descriptions"}]=0 v0) ==== 72+0+195034 (secure 0 0 0) 0x7f4470035860 con 0x7f4484108860
2026-03-10T07:19:36.442 INFO:teuthology.orchestra.run.vm00.stdout:/usr/bin/ceph: stderr
2026-03-10T07:19:36.377+0000 7f4488ece640 1 -- 192.168.123.100:0/3766816708 --> [v2:192.168.123.100:3300/0,v1:192.168.123.100:6789/0] -- mon_command({"prefix": "status", "format": "json-pretty"} v 0) -- 0x7f4448005470 con 0x7f4484108860
2026-03-10T07:19:36.442 INFO:teuthology.orchestra.run.vm00.stdout:/usr/bin/ceph: stderr
2026-03-10T07:19:36.381+0000 7f446f7fe640 1 -- 192.168.123.100:0/3766816708 <== mon.0 v2:192.168.123.100:3300/0 7 ==== mon_command_ack([{"prefix": "status", "format": "json-pretty"}]=0 v0) ==== 79+0+1290 (secure 0 0 0) 0x7f4470036e20 con 0x7f4484108860
2026-03-10T07:19:36.442 INFO:teuthology.orchestra.run.vm00.stdout:/usr/bin/ceph: stderr
2026-03-10T07:19:36.381+0000 7f4488ece640 1 -- 192.168.123.100:0/3766816708 >> [v2:192.168.123.100:6800/2344477988,v1:192.168.123.100:6801/2344477988] conn(0x7f445803d760 msgr2=0x7f445803fc20 secure :-1 s=STATE_CONNECTION_ESTABLISHED l=1).mark_down
2026-03-10T07:19:36.442 INFO:teuthology.orchestra.run.vm00.stdout:/usr/bin/ceph: stderr
2026-03-10T07:19:36.381+0000 7f4488ece640 1 --2- 192.168.123.100:0/3766816708 >> [v2:192.168.123.100:6800/2344477988,v1:192.168.123.100:6801/2344477988] conn(0x7f445803d760 0x7f445803fc20 secure :-1 s=READY pgs=6 cs=0 l=1 rev1=1 crypto rx=0x7f44780099c0 tx=0x7f4478006eb0 comp rx=0 tx=0).stop
2026-03-10T07:19:36.442 INFO:teuthology.orchestra.run.vm00.stdout:/usr/bin/ceph: stderr
2026-03-10T07:19:36.381+0000 7f4488ece640 1 -- 192.168.123.100:0/3766816708 >> [v2:192.168.123.100:3300/0,v1:192.168.123.100:6789/0] conn(0x7f4484108860 msgr2=0x7f4484080470 secure :-1 s=STATE_CONNECTION_ESTABLISHED l=1).mark_down
2026-03-10T07:19:36.442 INFO:teuthology.orchestra.run.vm00.stdout:/usr/bin/ceph: stderr
2026-03-10T07:19:36.381+0000 7f4488ece640 1 --2- 192.168.123.100:0/3766816708 >> [v2:192.168.123.100:3300/0,v1:192.168.123.100:6789/0] conn(0x7f4484108860 0x7f4484080470 secure :-1 s=READY pgs=17 cs=0 l=1 rev1=1 crypto rx=0x7f4470037b80 tx=0x7f4470037bb0 comp rx=0 tx=0).stop
2026-03-10T07:19:36.442 INFO:teuthology.orchestra.run.vm00.stdout:/usr/bin/ceph: stderr
2026-03-10T07:19:36.385+0000 7f4488ece640 1 -- 192.168.123.100:0/3766816708 shutdown_connections
2026-03-10T07:19:36.442 INFO:teuthology.orchestra.run.vm00.stdout:/usr/bin/ceph: stderr
2026-03-10T07:19:36.385+0000 7f4488ece640 1 --2- 192.168.123.100:0/3766816708 >> [v2:192.168.123.100:6800/2344477988,v1:192.168.123.100:6801/2344477988] conn(0x7f445803d760 0x7f445803fc20 unknown :-1 s=CLOSED pgs=6 cs=0 l=1 rev1=1 crypto rx=0 tx=0 comp rx=0 tx=0).stop
2026-03-10T07:19:36.442 INFO:teuthology.orchestra.run.vm00.stdout:/usr/bin/ceph: stderr
2026-03-10T07:19:36.385+0000 7f4488ece640 1 --2- 192.168.123.100:0/3766816708 >> [v2:192.168.123.100:3300/0,v1:192.168.123.100:6789/0] conn(0x7f4484108860 0x7f4484080470 unknown :-1 s=CLOSED pgs=17 cs=0 l=1 rev1=1 crypto rx=0 tx=0 comp rx=0 tx=0).stop
2026-03-10T07:19:36.442 INFO:teuthology.orchestra.run.vm00.stdout:/usr/bin/ceph: stderr
2026-03-10T07:19:36.385+0000 7f4488ece640 1 -- 192.168.123.100:0/3766816708 >> 192.168.123.100:0/3766816708 conn(0x7f448407bda0 msgr2=0x7f4484106050 unknown :-1 s=STATE_NONE l=0).mark_down
2026-03-10T07:19:36.442 INFO:teuthology.orchestra.run.vm00.stdout:/usr/bin/ceph: stderr
2026-03-10T07:19:36.385+0000 7f4488ece640 1 -- 192.168.123.100:0/3766816708 shutdown_connections
2026-03-10T07:19:36.442 INFO:teuthology.orchestra.run.vm00.stdout:/usr/bin/ceph: stderr
2026-03-10T07:19:36.385+0000 7f4488ece640 1 -- 192.168.123.100:0/3766816708 wait complete.
2026-03-10T07:19:36.442 INFO:teuthology.orchestra.run.vm00.stdout:mgr is available
2026-03-10T07:19:36.714 INFO:teuthology.orchestra.run.vm00.stdout:/usr/bin/ceph: stdout
2026-03-10T07:19:36.714 INFO:teuthology.orchestra.run.vm00.stdout:/usr/bin/ceph: stdout [global]
2026-03-10T07:19:36.714 INFO:teuthology.orchestra.run.vm00.stdout:/usr/bin/ceph: stdout fsid = 534d9c8a-1c51-11f1-ac87-d1fb9a119953
2026-03-10T07:19:36.714 INFO:teuthology.orchestra.run.vm00.stdout:/usr/bin/ceph: stdout mon_cluster_log_file_level = debug
2026-03-10T07:19:36.714 INFO:teuthology.orchestra.run.vm00.stdout:/usr/bin/ceph: stdout mon_host = [v2:192.168.123.100:3300,v1:192.168.123.100:6789]
2026-03-10T07:19:36.714 INFO:teuthology.orchestra.run.vm00.stdout:/usr/bin/ceph: stdout mon_osd_allow_pg_remap = true
2026-03-10T07:19:36.714 INFO:teuthology.orchestra.run.vm00.stdout:/usr/bin/ceph: stdout mon_osd_allow_primary_affinity = true
2026-03-10T07:19:36.714 INFO:teuthology.orchestra.run.vm00.stdout:/usr/bin/ceph: stdout mon_warn_on_no_sortbitwise = false
2026-03-10T07:19:36.714 INFO:teuthology.orchestra.run.vm00.stdout:/usr/bin/ceph: stdout osd_crush_chooseleaf_type = 0
2026-03-10T07:19:36.714 INFO:teuthology.orchestra.run.vm00.stdout:/usr/bin/ceph: stdout
2026-03-10T07:19:36.714 INFO:teuthology.orchestra.run.vm00.stdout:/usr/bin/ceph: stdout [mgr]
2026-03-10T07:19:36.714 INFO:teuthology.orchestra.run.vm00.stdout:/usr/bin/ceph: stdout mgr/telemetry/nag = false
2026-03-10T07:19:36.714 INFO:teuthology.orchestra.run.vm00.stdout:/usr/bin/ceph: stdout
2026-03-10T07:19:36.714 INFO:teuthology.orchestra.run.vm00.stdout:/usr/bin/ceph: stdout [osd]
2026-03-10T07:19:36.714 INFO:teuthology.orchestra.run.vm00.stdout:/usr/bin/ceph: stdout osd_map_max_advance = 10
2026-03-10T07:19:36.714 INFO:teuthology.orchestra.run.vm00.stdout:/usr/bin/ceph: stdout osd_sloppy_crc = true
2026-03-10T07:19:36.714 INFO:teuthology.orchestra.run.vm00.stdout:/usr/bin/ceph: stderr
2026-03-10T07:19:36.557+0000 7f2478d61640 1 Processor -- start
2026-03-10T07:19:36.714 INFO:teuthology.orchestra.run.vm00.stdout:/usr/bin/ceph: stderr
2026-03-10T07:19:36.557+0000 7f2478d61640 1 -- start start
2026-03-10T07:19:36.714 INFO:teuthology.orchestra.run.vm00.stdout:/usr/bin/ceph: stderr
2026-03-10T07:19:36.557+0000 7f2478d61640 1 --2- >> [v2:192.168.123.100:3300/0,v1:192.168.123.100:6789/0] conn(0x7f2474108860 0x7f2474108c60 unknown :-1 s=NONE pgs=0 cs=0 l=0 rev1=0 crypto rx=0 tx=0 comp rx=0 tx=0).connect
2026-03-10T07:19:36.714 INFO:teuthology.orchestra.run.vm00.stdout:/usr/bin/ceph: stderr
2026-03-10T07:19:36.557+0000 7f2478d61640 1 -- --> [v2:192.168.123.100:3300/0,v1:192.168.123.100:6789/0] -- mon_getmap magic: 0 -- 0x7f2474109230 con 0x7f2474108860
2026-03-10T07:19:36.714 INFO:teuthology.orchestra.run.vm00.stdout:/usr/bin/ceph: stderr
2026-03-10T07:19:36.557+0000 7f2472575640 1 --2- >> [v2:192.168.123.100:3300/0,v1:192.168.123.100:6789/0] conn(0x7f2474108860 0x7f2474108c60 unknown :-1 s=BANNER_CONNECTING pgs=0 cs=0 l=0 rev1=0 crypto rx=0 tx=0 comp rx=0 tx=0)._handle_peer_banner_payload supported=3 required=0
2026-03-10T07:19:36.714 INFO:teuthology.orchestra.run.vm00.stdout:/usr/bin/ceph: stderr
2026-03-10T07:19:36.557+0000 7f2472575640 1 --2- >> [v2:192.168.123.100:3300/0,v1:192.168.123.100:6789/0] conn(0x7f2474108860 0x7f2474108c60 unknown :-1 s=HELLO_CONNECTING pgs=0 cs=0 l=0 rev1=1 crypto rx=0 tx=0 comp rx=0 tx=0).handle_hello peer v2:192.168.123.100:3300/0 says I am v2:192.168.123.100:40130/0 (socket says 192.168.123.100:40130)
2026-03-10T07:19:36.714 INFO:teuthology.orchestra.run.vm00.stdout:/usr/bin/ceph: stderr
2026-03-10T07:19:36.557+0000 7f2472575640 1 -- 192.168.123.100:0/2306608243 learned_addr learned my addr 192.168.123.100:0/2306608243 (peer_addr_for_me v2:192.168.123.100:0/0)
2026-03-10T07:19:36.714 INFO:teuthology.orchestra.run.vm00.stdout:/usr/bin/ceph: stderr
2026-03-10T07:19:36.557+0000 7f2472575640 1 -- 192.168.123.100:0/2306608243 --> [v2:192.168.123.100:3300/0,v1:192.168.123.100:6789/0] -- mon_subscribe({config=0+,monmap=0+}) -- 0x7f2474109a60 con 0x7f2474108860
2026-03-10T07:19:36.715 INFO:teuthology.orchestra.run.vm00.stdout:/usr/bin/ceph: stderr
2026-03-10T07:19:36.557+0000 7f2472575640 1 --2- 192.168.123.100:0/2306608243 >> [v2:192.168.123.100:3300/0,v1:192.168.123.100:6789/0] conn(0x7f2474108860 0x7f2474108c60 secure :-1 s=READY pgs=18 cs=0 l=1 rev1=1 crypto rx=0x7f2468009920 tx=0x7f246802ef20 comp rx=0 tx=0).ready entity=mon.0 client_cookie=9e2edf69b5e24071 server_cookie=0 in_seq=0 out_seq=0
2026-03-10T07:19:36.715 INFO:teuthology.orchestra.run.vm00.stdout:/usr/bin/ceph: stderr
2026-03-10T07:19:36.557+0000 7f2471573640 1 -- 192.168.123.100:0/2306608243 <== mon.0 v2:192.168.123.100:3300/0 1 ==== mon_map magic: 0 ==== 205+0+0 (secure 0 0 0) 0x7f246803c070 con 0x7f2474108860
2026-03-10T07:19:36.715 INFO:teuthology.orchestra.run.vm00.stdout:/usr/bin/ceph: stderr
2026-03-10T07:19:36.557+0000 7f2471573640 1 -- 192.168.123.100:0/2306608243 <== mon.0 v2:192.168.123.100:3300/0 2 ==== config(23 keys) ==== 947+0+0 (secure 0 0 0) 0x7f2468037440 con 0x7f2474108860
2026-03-10T07:19:36.715 INFO:teuthology.orchestra.run.vm00.stdout:/usr/bin/ceph: stderr
2026-03-10T07:19:36.557+0000 7f2478d61640 1 -- 192.168.123.100:0/2306608243 >> [v2:192.168.123.100:3300/0,v1:192.168.123.100:6789/0] conn(0x7f2474108860 msgr2=0x7f2474108c60 secure :-1 s=STATE_CONNECTION_ESTABLISHED l=1).mark_down
2026-03-10T07:19:36.715 INFO:teuthology.orchestra.run.vm00.stdout:/usr/bin/ceph: stderr
2026-03-10T07:19:36.557+0000 7f2478d61640 1 --2- 192.168.123.100:0/2306608243 >> [v2:192.168.123.100:3300/0,v1:192.168.123.100:6789/0] conn(0x7f2474108860 0x7f2474108c60 secure :-1 s=READY pgs=18 cs=0 l=1 rev1=1 crypto rx=0x7f2468009920 tx=0x7f246802ef20 comp rx=0 tx=0).stop
2026-03-10T07:19:36.715 INFO:teuthology.orchestra.run.vm00.stdout:/usr/bin/ceph: stderr
2026-03-10T07:19:36.557+0000 7f2478d61640 1 -- 192.168.123.100:0/2306608243 shutdown_connections
2026-03-10T07:19:36.715 INFO:teuthology.orchestra.run.vm00.stdout:/usr/bin/ceph: stderr
2026-03-10T07:19:36.561+0000 7f2478d61640 1 --2- 192.168.123.100:0/2306608243 >> [v2:192.168.123.100:3300/0,v1:192.168.123.100:6789/0] conn(0x7f2474108860 0x7f2474108c60 unknown :-1 s=CLOSED pgs=18 cs=0 l=1 rev1=1 crypto rx=0 tx=0 comp rx=0 tx=0).stop
2026-03-10T07:19:36.715 INFO:teuthology.orchestra.run.vm00.stdout:/usr/bin/ceph: stderr
2026-03-10T07:19:36.561+0000 7f2478d61640 1 -- 192.168.123.100:0/2306608243 >> 192.168.123.100:0/2306608243 conn(0x7f247407bda0 msgr2=0x7f247407c1b0 unknown :-1 s=STATE_NONE l=0).mark_down
2026-03-10T07:19:36.715 INFO:teuthology.orchestra.run.vm00.stdout:/usr/bin/ceph: stderr
2026-03-10T07:19:36.561+0000 7f2478d61640 1 -- 192.168.123.100:0/2306608243 shutdown_connections
2026-03-10T07:19:36.715 INFO:teuthology.orchestra.run.vm00.stdout:/usr/bin/ceph: stderr
2026-03-10T07:19:36.561+0000 7f2478d61640 1 -- 192.168.123.100:0/2306608243 wait complete.
2026-03-10T07:19:36.715 INFO:teuthology.orchestra.run.vm00.stdout:/usr/bin/ceph: stderr
2026-03-10T07:19:36.561+0000 7f2478d61640 1 Processor -- start
2026-03-10T07:19:36.715 INFO:teuthology.orchestra.run.vm00.stdout:/usr/bin/ceph: stderr
2026-03-10T07:19:36.561+0000 7f2478d61640 1 -- start start
2026-03-10T07:19:36.715 INFO:teuthology.orchestra.run.vm00.stdout:/usr/bin/ceph: stderr
2026-03-10T07:19:36.561+0000 7f2478d61640 1 --2- >> [v2:192.168.123.100:3300/0,v1:192.168.123.100:6789/0] conn(0x7f2474108860 0x7f247419e510 unknown :-1 s=NONE pgs=0 cs=0 l=1 rev1=0 crypto rx=0 tx=0 comp rx=0 tx=0).connect
2026-03-10T07:19:36.715 INFO:teuthology.orchestra.run.vm00.stdout:/usr/bin/ceph: stderr
2026-03-10T07:19:36.561+0000 7f2478d61640 1 -- --> [v2:192.168.123.100:3300/0,v1:192.168.123.100:6789/0] -- mon_getmap magic: 0 -- 0x7f247410a760 con 0x7f2474108860
2026-03-10T07:19:36.715 INFO:teuthology.orchestra.run.vm00.stdout:/usr/bin/ceph: stderr
2026-03-10T07:19:36.561+0000 7f2472575640 1 --2- >> [v2:192.168.123.100:3300/0,v1:192.168.123.100:6789/0] conn(0x7f2474108860 0x7f247419e510 unknown :-1 s=BANNER_CONNECTING pgs=0 cs=0 l=1 rev1=0 crypto rx=0 tx=0 comp rx=0 tx=0)._handle_peer_banner_payload supported=3 required=0
2026-03-10T07:19:36.715 INFO:teuthology.orchestra.run.vm00.stdout:/usr/bin/ceph: stderr
2026-03-10T07:19:36.561+0000 7f2472575640 1 --2- >> [v2:192.168.123.100:3300/0,v1:192.168.123.100:6789/0] conn(0x7f2474108860 0x7f247419e510 unknown :-1 s=HELLO_CONNECTING pgs=0 cs=0 l=1 rev1=1 crypto rx=0 tx=0 comp rx=0 tx=0).handle_hello peer v2:192.168.123.100:3300/0 says I am v2:192.168.123.100:40146/0 (socket says 192.168.123.100:40146)
2026-03-10T07:19:36.715 INFO:teuthology.orchestra.run.vm00.stdout:/usr/bin/ceph: stderr
2026-03-10T07:19:36.561+0000 7f2472575640 1 -- 192.168.123.100:0/2353862342 learned_addr learned my addr 192.168.123.100:0/2353862342 (peer_addr_for_me v2:192.168.123.100:0/0)
2026-03-10T07:19:36.715 INFO:teuthology.orchestra.run.vm00.stdout:/usr/bin/ceph: stderr
2026-03-10T07:19:36.561+0000 7f2472575640 1 -- 192.168.123.100:0/2353862342 --> [v2:192.168.123.100:3300/0,v1:192.168.123.100:6789/0] -- mon_subscribe({config=0+,monmap=0+}) -- 0x7f247419ea50 con 0x7f2474108860
2026-03-10T07:19:36.715 INFO:teuthology.orchestra.run.vm00.stdout:/usr/bin/ceph: stderr
2026-03-10T07:19:36.561+0000 7f2472575640 1 --2- 192.168.123.100:0/2353862342 >> [v2:192.168.123.100:3300/0,v1:192.168.123.100:6789/0] conn(0x7f2474108860 0x7f247419e510 secure :-1 s=READY pgs=19 cs=0 l=1 rev1=1 crypto rx=0x7f2468006fd0 tx=0x7f2468035d50 comp rx=0 tx=0).ready entity=mon.0 client_cookie=0 server_cookie=0 in_seq=0 out_seq=0
2026-03-10T07:19:36.715 INFO:teuthology.orchestra.run.vm00.stdout:/usr/bin/ceph: stderr
2026-03-10T07:19:36.561+0000 7f245b7fe640 1 -- 192.168.123.100:0/2353862342 <== mon.0 v2:192.168.123.100:3300/0 1 ==== mon_map magic: 0 ==== 205+0+0 (secure 0 0 0) 0x7f2468045070 con 0x7f2474108860
2026-03-10T07:19:36.715 INFO:teuthology.orchestra.run.vm00.stdout:/usr/bin/ceph: stderr
2026-03-10T07:19:36.561+0000 7f245b7fe640 1 -- 192.168.123.100:0/2353862342 <== mon.0 v2:192.168.123.100:3300/0 2 ==== config(23 keys) ==== 947+0+0 (secure 0 0 0) 0x7f2468040430 con 0x7f2474108860
2026-03-10T07:19:36.715 INFO:teuthology.orchestra.run.vm00.stdout:/usr/bin/ceph: stderr
2026-03-10T07:19:36.561+0000 7f245b7fe640 1 -- 192.168.123.100:0/2353862342 <== mon.0 v2:192.168.123.100:3300/0 3 ==== mon_map magic: 0 ==== 205+0+0 (secure 0 0 0) 0x7f246803c050 con 0x7f2474108860
2026-03-10T07:19:36.715 INFO:teuthology.orchestra.run.vm00.stdout:/usr/bin/ceph: stderr
2026-03-10T07:19:36.561+0000 7f2478d61640 1 -- 192.168.123.100:0/2353862342 --> [v2:192.168.123.100:3300/0,v1:192.168.123.100:6789/0] -- mon_subscribe({mgrmap=0+}) -- 0x7f247419ece0 con 0x7f2474108860
2026-03-10T07:19:36.715 INFO:teuthology.orchestra.run.vm00.stdout:/usr/bin/ceph: stderr
2026-03-10T07:19:36.561+0000 7f2478d61640 1 -- 192.168.123.100:0/2353862342 --> [v2:192.168.123.100:3300/0,v1:192.168.123.100:6789/0] -- mon_subscribe({osdmap=0}) -- 0x7f24741a19d0 con 0x7f2474108860
2026-03-10T07:19:36.715 INFO:teuthology.orchestra.run.vm00.stdout:/usr/bin/ceph: stderr
2026-03-10T07:19:36.561+0000 7f2478d61640 1 -- 192.168.123.100:0/2353862342 --> [v2:192.168.123.100:3300/0,v1:192.168.123.100:6789/0] -- mon_command({"prefix": "get_command_descriptions"} v 0) -- 0x7f247410cc90 con 0x7f2474108860
2026-03-10T07:19:36.715 INFO:teuthology.orchestra.run.vm00.stdout:/usr/bin/ceph: stderr
2026-03-10T07:19:36.561+0000 7f245b7fe640 1 -- 192.168.123.100:0/2353862342 <== mon.0 v2:192.168.123.100:3300/0 4 ==== mgrmap(e 3) ==== 50130+0+0 (secure 0 0 0) 0x7f24680405e0 con 0x7f2474108860
2026-03-10T07:19:36.715 INFO:teuthology.orchestra.run.vm00.stdout:/usr/bin/ceph: stderr
2026-03-10T07:19:36.561+0000 7f245b7fe640 1 --2- 192.168.123.100:0/2353862342 >> [v2:192.168.123.100:6800/2344477988,v1:192.168.123.100:6801/2344477988] conn(0x7f245003d6c0 0x7f245003fb80 unknown :-1 s=NONE pgs=0 cs=0 l=1 rev1=0 crypto rx=0 tx=0 comp rx=0 tx=0).connect
2026-03-10T07:19:36.715 INFO:teuthology.orchestra.run.vm00.stdout:/usr/bin/ceph: stderr
2026-03-10T07:19:36.561+0000 7f245b7fe640 1 -- 192.168.123.100:0/2353862342 <== mon.0 v2:192.168.123.100:3300/0 5 ==== osd_map(1..1 src has 1..1) ==== 725+0+0 (secure 0 0 0) 0x7f246803f8f0 con 0x7f2474108860
2026-03-10T07:19:36.715 INFO:teuthology.orchestra.run.vm00.stdout:/usr/bin/ceph: stderr
2026-03-10T07:19:36.565+0000 7f2471d74640 1 --2- 192.168.123.100:0/2353862342 >> [v2:192.168.123.100:6800/2344477988,v1:192.168.123.100:6801/2344477988] conn(0x7f245003d6c0 0x7f245003fb80 unknown :-1 s=BANNER_CONNECTING pgs=0 cs=0 l=1 rev1=0 crypto rx=0 tx=0 comp rx=0 tx=0)._handle_peer_banner_payload supported=3 required=0
2026-03-10T07:19:36.715 INFO:teuthology.orchestra.run.vm00.stdout:/usr/bin/ceph: stderr
2026-03-10T07:19:36.565+0000 7f245b7fe640 1 -- 192.168.123.100:0/2353862342 <== mon.0 v2:192.168.123.100:3300/0 6 ==== mon_command_ack([{"prefix": "get_command_descriptions"}]=0 v0) ==== 72+0+195034 (secure 0 0 0) 0x7f2468072580 con 0x7f2474108860
2026-03-10T07:19:36.715 INFO:teuthology.orchestra.run.vm00.stdout:/usr/bin/ceph: stderr
2026-03-10T07:19:36.565+0000 7f2471d74640 1 --2- 192.168.123.100:0/2353862342 >> [v2:192.168.123.100:6800/2344477988,v1:192.168.123.100:6801/2344477988] conn(0x7f245003d6c0 0x7f245003fb80 secure :-1 s=READY pgs=7 cs=0 l=1 rev1=1 crypto rx=0x7f245c009a10 tx=0x7f245c006eb0 comp rx=0 tx=0).ready entity=mgr.14100 client_cookie=0 server_cookie=0 in_seq=0 out_seq=0
2026-03-10T07:19:36.715 INFO:teuthology.orchestra.run.vm00.stdout:/usr/bin/ceph: stderr
2026-03-10T07:19:36.661+0000 7f2478d61640 1 -- 192.168.123.100:0/2353862342 --> [v2:192.168.123.100:3300/0,v1:192.168.123.100:6789/0] -- mon_command({"prefix": "config assimilate-conf"} v 0) -- 0x7f2474108c60 con 0x7f2474108860
2026-03-10T07:19:36.715 INFO:teuthology.orchestra.run.vm00.stdout:/usr/bin/ceph: stderr
2026-03-10T07:19:36.665+0000 7f245b7fe640 1 -- 192.168.123.100:0/2353862342 <== mon.0 v2:192.168.123.100:3300/0 7 ==== mon_command_ack([{"prefix": "config assimilate-conf"}]=0 v3) ==== 70+0+380 (secure 0 0 0) 0x7f2468048e40 con 0x7f2474108860
2026-03-10T07:19:36.715 INFO:teuthology.orchestra.run.vm00.stdout:/usr/bin/ceph: stderr
2026-03-10T07:19:36.665+0000 7f2478d61640 1 -- 192.168.123.100:0/2353862342 >> [v2:192.168.123.100:6800/2344477988,v1:192.168.123.100:6801/2344477988] conn(0x7f245003d6c0 msgr2=0x7f245003fb80 secure :-1 s=STATE_CONNECTION_ESTABLISHED l=1).mark_down
2026-03-10T07:19:36.715 INFO:teuthology.orchestra.run.vm00.stdout:/usr/bin/ceph: stderr
2026-03-10T07:19:36.665+0000 7f2478d61640 1 --2- 192.168.123.100:0/2353862342 >> [v2:192.168.123.100:6800/2344477988,v1:192.168.123.100:6801/2344477988] conn(0x7f245003d6c0 0x7f245003fb80 secure :-1 s=READY pgs=7 cs=0 l=1 rev1=1 crypto rx=0x7f245c009a10 tx=0x7f245c006eb0 comp rx=0 tx=0).stop
2026-03-10T07:19:36.715 INFO:teuthology.orchestra.run.vm00.stdout:/usr/bin/ceph: stderr
2026-03-10T07:19:36.665+0000 7f2478d61640 1 -- 192.168.123.100:0/2353862342 >> [v2:192.168.123.100:3300/0,v1:192.168.123.100:6789/0] conn(0x7f2474108860 msgr2=0x7f247419e510 secure :-1 s=STATE_CONNECTION_ESTABLISHED l=1).mark_down
2026-03-10T07:19:36.715 INFO:teuthology.orchestra.run.vm00.stdout:/usr/bin/ceph: stderr
2026-03-10T07:19:36.665+0000 7f2478d61640 1 --2- 192.168.123.100:0/2353862342 >> [v2:192.168.123.100:3300/0,v1:192.168.123.100:6789/0] conn(0x7f2474108860 0x7f247419e510 secure :-1 s=READY pgs=19 cs=0 l=1 rev1=1 crypto rx=0x7f2468006fd0 tx=0x7f2468035d50 comp rx=0 tx=0).stop
2026-03-10T07:19:36.715 INFO:teuthology.orchestra.run.vm00.stdout:/usr/bin/ceph: stderr
2026-03-10T07:19:36.665+0000 7f2478d61640 1 -- 192.168.123.100:0/2353862342 shutdown_connections
2026-03-10T07:19:36.715 INFO:teuthology.orchestra.run.vm00.stdout:/usr/bin/ceph: stderr
2026-03-10T07:19:36.665+0000 7f2478d61640 1 --2- 192.168.123.100:0/2353862342 >> [v2:192.168.123.100:6800/2344477988,v1:192.168.123.100:6801/2344477988] conn(0x7f245003d6c0 0x7f245003fb80 unknown :-1 s=CLOSED pgs=7 cs=0 l=1 rev1=1 crypto rx=0 tx=0 comp rx=0 tx=0).stop
2026-03-10T07:19:36.715 INFO:teuthology.orchestra.run.vm00.stdout:/usr/bin/ceph: stderr
2026-03-10T07:19:36.665+0000 7f2478d61640 1 --2- 192.168.123.100:0/2353862342 >> [v2:192.168.123.100:3300/0,v1:192.168.123.100:6789/0] conn(0x7f2474108860 0x7f247419e510 unknown :-1 s=CLOSED pgs=19 cs=0 l=1 rev1=1 crypto rx=0 tx=0 comp rx=0 tx=0).stop
2026-03-10T07:19:36.715 INFO:teuthology.orchestra.run.vm00.stdout:/usr/bin/ceph: stderr
2026-03-10T07:19:36.665+0000 7f2478d61640 1 -- 192.168.123.100:0/2353862342 >> 192.168.123.100:0/2353862342 conn(0x7f247407bda0 msgr2=0x7f2474105dc0 unknown :-1 s=STATE_NONE l=0).mark_down
2026-03-10T07:19:36.715 INFO:teuthology.orchestra.run.vm00.stdout:/usr/bin/ceph: stderr
2026-03-10T07:19:36.665+0000 7f2478d61640 1 -- 192.168.123.100:0/2353862342 shutdown_connections
2026-03-10T07:19:36.715 INFO:teuthology.orchestra.run.vm00.stdout:/usr/bin/ceph: stderr
2026-03-10T07:19:36.665+0000 7f2478d61640 1 -- 192.168.123.100:0/2353862342 wait complete.
2026-03-10T07:19:36.715 INFO:teuthology.orchestra.run.vm00.stdout:Enabling cephadm module...
2026-03-10T07:19:37.394 INFO:teuthology.orchestra.run.vm00.stdout:/usr/bin/ceph: stderr
2026-03-10T07:19:36.833+0000 7fae14993640 1 Processor -- start
2026-03-10T07:19:37.394 INFO:teuthology.orchestra.run.vm00.stdout:/usr/bin/ceph: stderr
2026-03-10T07:19:36.833+0000 7fae14993640 1 -- start start
2026-03-10T07:19:37.394 INFO:teuthology.orchestra.run.vm00.stdout:/usr/bin/ceph: stderr
2026-03-10T07:19:36.833+0000 7fae14993640 1 --2- >> [v2:192.168.123.100:3300/0,v1:192.168.123.100:6789/0] conn(0x7fae10108860 0x7fae10108c60 unknown :-1 s=NONE pgs=0 cs=0 l=0 rev1=0 crypto rx=0 tx=0 comp rx=0 tx=0).connect
2026-03-10T07:19:37.394 INFO:teuthology.orchestra.run.vm00.stdout:/usr/bin/ceph: stderr
2026-03-10T07:19:36.833+0000 7fae14993640 1 -- --> [v2:192.168.123.100:3300/0,v1:192.168.123.100:6789/0] -- mon_getmap magic: 0 -- 0x7fae10109230 con 0x7fae10108860
2026-03-10T07:19:37.394 INFO:teuthology.orchestra.run.vm00.stdout:/usr/bin/ceph: stderr
2026-03-10T07:19:36.833+0000 7fae0e575640 1 --2- >> [v2:192.168.123.100:3300/0,v1:192.168.123.100:6789/0] conn(0x7fae10108860 0x7fae10108c60 unknown :-1 s=BANNER_CONNECTING pgs=0 cs=0 l=0 rev1=0 crypto rx=0 tx=0 comp rx=0 tx=0)._handle_peer_banner_payload supported=3 required=0
2026-03-10T07:19:37.394 INFO:teuthology.orchestra.run.vm00.stdout:/usr/bin/ceph: stderr
2026-03-10T07:19:36.833+0000 7fae0e575640 1 --2- >> [v2:192.168.123.100:3300/0,v1:192.168.123.100:6789/0] conn(0x7fae10108860 0x7fae10108c60 unknown :-1 s=HELLO_CONNECTING pgs=0 cs=0 l=0 rev1=1 crypto rx=0 tx=0 comp rx=0 tx=0).handle_hello peer v2:192.168.123.100:3300/0 says I am v2:192.168.123.100:40156/0 (socket says 192.168.123.100:40156)
2026-03-10T07:19:37.394 INFO:teuthology.orchestra.run.vm00.stdout:/usr/bin/ceph: stderr
2026-03-10T07:19:36.833+0000 7fae0e575640 1 -- 192.168.123.100:0/1734110024 learned_addr learned my addr 192.168.123.100:0/1734110024 (peer_addr_for_me v2:192.168.123.100:0/0)
2026-03-10T07:19:37.394 INFO:teuthology.orchestra.run.vm00.stdout:/usr/bin/ceph: stderr
2026-03-10T07:19:36.833+0000 7fae0e575640 1 -- 192.168.123.100:0/1734110024 --> [v2:192.168.123.100:3300/0,v1:192.168.123.100:6789/0] -- mon_subscribe({config=0+,monmap=0+}) -- 0x7fae10109a60 con 0x7fae10108860
2026-03-10T07:19:37.394 INFO:teuthology.orchestra.run.vm00.stdout:/usr/bin/ceph: stderr
2026-03-10T07:19:36.833+0000 7fae0e575640 1 --2- 192.168.123.100:0/1734110024 >> [v2:192.168.123.100:3300/0,v1:192.168.123.100:6789/0] conn(0x7fae10108860 0x7fae10108c60 secure :-1 s=READY pgs=20 cs=0 l=1 rev1=1 crypto rx=0x7fadf8009b80 tx=0x7fadf802f190 comp rx=0 tx=0).ready entity=mon.0 client_cookie=eda7e67c1d7dd9c1 server_cookie=0 in_seq=0 out_seq=0
2026-03-10T07:19:37.394 INFO:teuthology.orchestra.run.vm00.stdout:/usr/bin/ceph: stderr
2026-03-10T07:19:36.833+0000 7fae0d573640 1 -- 192.168.123.100:0/1734110024 <== mon.0 v2:192.168.123.100:3300/0 1 ==== mon_map magic: 0 ==== 205+0+0 (secure 0 0 0) 0x7fadf803c070 con 0x7fae10108860
2026-03-10T07:19:37.394 INFO:teuthology.orchestra.run.vm00.stdout:/usr/bin/ceph: stderr
2026-03-10T07:19:36.833+0000 7fae0d573640 1 -- 192.168.123.100:0/1734110024 <== mon.0 v2:192.168.123.100:3300/0 2 ==== config(23 keys) ==== 947+0+0 (secure 0 0 0) 0x7fadf8037440 con 0x7fae10108860
2026-03-10T07:19:37.394 INFO:teuthology.orchestra.run.vm00.stdout:/usr/bin/ceph: stderr
2026-03-10T07:19:36.833+0000 7fae14993640 1 -- 192.168.123.100:0/1734110024 >> [v2:192.168.123.100:3300/0,v1:192.168.123.100:6789/0] conn(0x7fae10108860 msgr2=0x7fae10108c60 secure :-1 s=STATE_CONNECTION_ESTABLISHED l=1).mark_down
2026-03-10T07:19:37.394 INFO:teuthology.orchestra.run.vm00.stdout:/usr/bin/ceph: stderr
2026-03-10T07:19:36.833+0000 7fae14993640 1 --2- 192.168.123.100:0/1734110024 >> [v2:192.168.123.100:3300/0,v1:192.168.123.100:6789/0] conn(0x7fae10108860 0x7fae10108c60 secure :-1 s=READY pgs=20 cs=0 l=1 rev1=1 crypto rx=0x7fadf8009b80 tx=0x7fadf802f190 comp rx=0 tx=0).stop
2026-03-10T07:19:37.394 INFO:teuthology.orchestra.run.vm00.stdout:/usr/bin/ceph: stderr
2026-03-10T07:19:36.833+0000 7fae14993640 1 -- 192.168.123.100:0/1734110024 shutdown_connections
2026-03-10T07:19:37.394 INFO:teuthology.orchestra.run.vm00.stdout:/usr/bin/ceph: stderr
2026-03-10T07:19:36.833+0000 7fae14993640 1 --2- 192.168.123.100:0/1734110024 >> [v2:192.168.123.100:3300/0,v1:192.168.123.100:6789/0] conn(0x7fae10108860 0x7fae10108c60 unknown :-1 s=CLOSED pgs=20 cs=0 l=1 rev1=1 crypto rx=0 tx=0 comp rx=0 tx=0).stop
2026-03-10T07:19:37.394 INFO:teuthology.orchestra.run.vm00.stdout:/usr/bin/ceph: stderr
2026-03-10T07:19:36.833+0000 7fae14993640 1 -- 192.168.123.100:0/1734110024 >> 192.168.123.100:0/1734110024 conn(0x7fae1007bda0 msgr2=0x7fae1007c1b0 unknown :-1 s=STATE_NONE l=0).mark_down
2026-03-10T07:19:37.394 INFO:teuthology.orchestra.run.vm00.stdout:/usr/bin/ceph: stderr
2026-03-10T07:19:36.833+0000 7fae14993640 1 -- 192.168.123.100:0/1734110024 shutdown_connections
2026-03-10T07:19:37.394 INFO:teuthology.orchestra.run.vm00.stdout:/usr/bin/ceph: stderr
2026-03-10T07:19:36.833+0000 7fae14993640 1 -- 192.168.123.100:0/1734110024 wait complete.
2026-03-10T07:19:37.395 INFO:teuthology.orchestra.run.vm00.stdout:/usr/bin/ceph: stderr
2026-03-10T07:19:36.837+0000 7fae14993640 1 Processor -- start
2026-03-10T07:19:37.395 INFO:teuthology.orchestra.run.vm00.stdout:/usr/bin/ceph: stderr
2026-03-10T07:19:36.837+0000 7fae14993640 1 -- start start
2026-03-10T07:19:37.395 INFO:teuthology.orchestra.run.vm00.stdout:/usr/bin/ceph: stderr
2026-03-10T07:19:36.837+0000 7fae14993640 1 --2- >> [v2:192.168.123.100:3300/0,v1:192.168.123.100:6789/0] conn(0x7fae10108860 0x7fae1019e6f0 unknown :-1 s=NONE pgs=0 cs=0 l=1 rev1=0 crypto rx=0 tx=0 comp rx=0 tx=0).connect
2026-03-10T07:19:37.395 INFO:teuthology.orchestra.run.vm00.stdout:/usr/bin/ceph: stderr
2026-03-10T07:19:36.837+0000 7fae14993640 1 -- --> [v2:192.168.123.100:3300/0,v1:192.168.123.100:6789/0] -- mon_getmap magic: 0 -- 0x7fae1010a760 con 0x7fae10108860
2026-03-10T07:19:37.395 INFO:teuthology.orchestra.run.vm00.stdout:/usr/bin/ceph: stderr
2026-03-10T07:19:36.837+0000 7fae0e575640 1 --2- >> [v2:192.168.123.100:3300/0,v1:192.168.123.100:6789/0] conn(0x7fae10108860 0x7fae1019e6f0 unknown :-1 s=BANNER_CONNECTING pgs=0 cs=0 l=1 rev1=0 crypto rx=0 tx=0 comp rx=0 tx=0)._handle_peer_banner_payload supported=3 required=0
2026-03-10T07:19:37.395 INFO:teuthology.orchestra.run.vm00.stdout:/usr/bin/ceph: stderr
2026-03-10T07:19:36.837+0000 7fae0e575640 1 --2- >> [v2:192.168.123.100:3300/0,v1:192.168.123.100:6789/0] conn(0x7fae10108860 0x7fae1019e6f0 unknown :-1 s=HELLO_CONNECTING pgs=0 cs=0 l=1 rev1=1 crypto rx=0 tx=0 comp rx=0 tx=0).handle_hello peer v2:192.168.123.100:3300/0 says I am v2:192.168.123.100:40170/0 (socket says 192.168.123.100:40170)
2026-03-10T07:19:37.395 INFO:teuthology.orchestra.run.vm00.stdout:/usr/bin/ceph: stderr
2026-03-10T07:19:36.837+0000 7fae0e575640 1 -- 192.168.123.100:0/4069365900 learned_addr learned my addr 192.168.123.100:0/4069365900 (peer_addr_for_me v2:192.168.123.100:0/0)
2026-03-10T07:19:37.395 INFO:teuthology.orchestra.run.vm00.stdout:/usr/bin/ceph: stderr
