2026-03-10T07:19:53.049+0000 7ff38bfff640 1 -- 192.168.123.100:0/3880802023 --> [v2:192.168.123.100:3300/0,v1:192.168.123.100:6789/0] -- mon_subscribe({config=0+,monmap=0+}) -- 0x7ff38c19c8d0 con 0x7ff38c1065b0
2026-03-10T07:19:53.299 INFO:teuthology.orchestra.run.vm00.stdout:/usr/bin/ceph: stderr
2026-03-10T07:19:53.049+0000 7ff38bfff640 1 --2- 192.168.123.100:0/3880802023 >> [v2:192.168.123.100:3300/0,v1:192.168.123.100:6789/0] conn(0x7ff38c1065b0 0x7ff38c19c390 secure :-1 s=READY pgs=69 cs=0 l=1 rev1=1 crypto rx=0x7ff370009cb0 tx=0x7ff370036940 comp rx=0 tx=0).ready entity=mon.0 client_cookie=0 server_cookie=0 in_seq=0 out_seq=0
2026-03-10T07:19:53.299 INFO:teuthology.orchestra.run.vm00.stdout:/usr/bin/ceph: stderr
2026-03-10T07:19:53.049+0000 7ff3897fa640 1 -- 192.168.123.100:0/3880802023 <== mon.0 v2:192.168.123.100:3300/0 1 ==== mon_map magic: 0 ==== 205+0+0 (secure 0 0 0) 0x7ff3700375f0 con 0x7ff38c1065b0
2026-03-10T07:19:53.299 INFO:teuthology.orchestra.run.vm00.stdout:/usr/bin/ceph: stderr
2026-03-10T07:19:53.049+0000 7ff3897fa640 1 -- 192.168.123.100:0/3880802023 <== mon.0 v2:192.168.123.100:3300/0 2 ==== config(23 keys) ==== 978+0+0 (secure 0 0 0) 0x7ff370036ec0 con 0x7ff38c1065b0
2026-03-10T07:19:53.299 INFO:teuthology.orchestra.run.vm00.stdout:/usr/bin/ceph: stderr
2026-03-10T07:19:53.049+0000 7ff3897fa640 1 -- 192.168.123.100:0/3880802023 <== mon.0 v2:192.168.123.100:3300/0 3 ==== mon_map magic: 0 ==== 205+0+0 (secure 0 0 0) 0x7ff370048390 con 0x7ff38c1065b0
2026-03-10T07:19:53.299 INFO:teuthology.orchestra.run.vm00.stdout:/usr/bin/ceph: stderr
2026-03-10T07:19:53.049+0000 7ff392537640 1 -- 192.168.123.100:0/3880802023 --> [v2:192.168.123.100:3300/0,v1:192.168.123.100:6789/0] -- mon_subscribe({mgrmap=0+}) -- 0x7ff38c19cb60 con 0x7ff38c1065b0
2026-03-10T07:19:53.299 INFO:teuthology.orchestra.run.vm00.stdout:/usr/bin/ceph: stderr
2026-03-10T07:19:53.049+0000 7ff392537640 1 -- 192.168.123.100:0/3880802023 --> [v2:192.168.123.100:3300/0,v1:192.168.123.100:6789/0] -- mon_subscribe({osdmap=0}) -- 0x7ff38c07a950 con 0x7ff38c1065b0
2026-03-10T07:19:53.299 INFO:teuthology.orchestra.run.vm00.stdout:/usr/bin/ceph: stderr
2026-03-10T07:19:53.053+0000 7ff392537640 1 -- 192.168.123.100:0/3880802023 --> [v2:192.168.123.100:3300/0,v1:192.168.123.100:6789/0] -- mon_command({"prefix": "get_command_descriptions"} v 0) -- 0x7ff350005180 con 0x7ff38c1065b0
2026-03-10T07:19:53.299 INFO:teuthology.orchestra.run.vm00.stdout:/usr/bin/ceph: stderr
2026-03-10T07:19:53.057+0000 7ff3897fa640 1 -- 192.168.123.100:0/3880802023 <== mon.0 v2:192.168.123.100:3300/0 4 ==== mgrmap(e 10) ==== 50154+0+0 (secure 0 0 0) 0x7ff370036a80 con 0x7ff38c1065b0
2026-03-10T07:19:53.299 INFO:teuthology.orchestra.run.vm00.stdout:/usr/bin/ceph: stderr
2026-03-10T07:19:53.057+0000 7ff3897fa640 1 --2- 192.168.123.100:0/3880802023 >> [v2:192.168.123.100:6800/2669938860,v1:192.168.123.100:6801/2669938860] conn(0x7ff36003dbc0 0x7ff360040080 unknown :-1 s=NONE pgs=0 cs=0 l=1 rev1=0 crypto rx=0 tx=0 comp rx=0 tx=0).connect
2026-03-10T07:19:53.299 INFO:teuthology.orchestra.run.vm00.stdout:/usr/bin/ceph: stderr
2026-03-10T07:19:53.057+0000 7ff3897fa640 1 -- 192.168.123.100:0/3880802023 <== mon.0 v2:192.168.123.100:3300/0 5 ==== osd_map(3..3 src has 1..3) ==== 1155+0+0 (secure 0 0 0) 0x7ff37007b400 con 0x7ff38c1065b0
2026-03-10T07:19:53.299 INFO:teuthology.orchestra.run.vm00.stdout:/usr/bin/ceph: stderr
2026-03-10T07:19:53.057+0000 7ff3897fa640 1 -- 192.168.123.100:0/3880802023 <== mon.0 v2:192.168.123.100:3300/0 6 ==== mon_command_ack([{"prefix": "get_command_descriptions"}]=0 v0) ==== 72+0+195034 (secure 0 0 0) 0x7ff37007b8c0 con 0x7ff38c1065b0
2026-03-10T07:19:53.299 INFO:teuthology.orchestra.run.vm00.stdout:/usr/bin/ceph: stderr
2026-03-10T07:19:53.057+0000 7ff38b7fe640 1 --2- 192.168.123.100:0/3880802023 >> [v2:192.168.123.100:6800/2669938860,v1:192.168.123.100:6801/2669938860] conn(0x7ff36003dbc0 0x7ff360040080 unknown :-1 s=BANNER_CONNECTING pgs=0 cs=0 l=1 rev1=0 crypto rx=0 tx=0 comp rx=0 tx=0)._handle_peer_banner_payload supported=3 required=0
2026-03-10T07:19:53.299 INFO:teuthology.orchestra.run.vm00.stdout:/usr/bin/ceph: stderr
2026-03-10T07:19:53.057+0000 7ff38b7fe640 1 --2- 192.168.123.100:0/3880802023 >> [v2:192.168.123.100:6800/2669938860,v1:192.168.123.100:6801/2669938860] conn(0x7ff36003dbc0 0x7ff360040080 secure :-1 s=READY pgs=7 cs=0 l=1 rev1=1 crypto rx=0x7ff378009a10 tx=0x7ff378006eb0 comp rx=0 tx=0).ready entity=mgr.14150 client_cookie=0 server_cookie=0 in_seq=0 out_seq=0
2026-03-10T07:19:53.299 INFO:teuthology.orchestra.run.vm00.stdout:/usr/bin/ceph: stderr
2026-03-10T07:19:53.161+0000 7ff392537640 1 -- 192.168.123.100:0/3880802023 --> [v2:192.168.123.100:6800/2669938860,v1:192.168.123.100:6801/2669938860] -- mgr_command(tid 0: {"prefix": "dashboard create-self-signed-cert", "target": ["mon-mgr", ""]}) -- 0x7ff350002bf0 con 0x7ff36003dbc0
2026-03-10T07:19:53.300 INFO:teuthology.orchestra.run.vm00.stdout:/usr/bin/ceph: stderr
2026-03-10T07:19:53.229+0000 7ff3897fa640 1 -- 192.168.123.100:0/3880802023 <== mgr.14150 v2:192.168.123.100:6800/2669938860 1 ==== mgr_command_reply(tid 0: 0 ) ==== 8+0+32 (secure 0 0 0) 0x7ff350002bf0 con 0x7ff36003dbc0
2026-03-10T07:19:53.300 INFO:teuthology.orchestra.run.vm00.stdout:/usr/bin/ceph: stderr
2026-03-10T07:19:53.233+0000 7ff392537640 1 -- 192.168.123.100:0/3880802023 >> [v2:192.168.123.100:6800/2669938860,v1:192.168.123.100:6801/2669938860] conn(0x7ff36003dbc0 msgr2=0x7ff360040080 secure :-1 s=STATE_CONNECTION_ESTABLISHED l=1).mark_down
2026-03-10T07:19:53.300 INFO:teuthology.orchestra.run.vm00.stdout:/usr/bin/ceph: stderr
2026-03-10T07:19:53.233+0000 7ff392537640 1 --2- 192.168.123.100:0/3880802023 >> [v2:192.168.123.100:6800/2669938860,v1:192.168.123.100:6801/2669938860] conn(0x7ff36003dbc0 0x7ff360040080 secure :-1 s=READY pgs=7 cs=0 l=1 rev1=1 crypto rx=0x7ff378009a10 tx=0x7ff378006eb0 comp rx=0 tx=0).stop
2026-03-10T07:19:53.300 INFO:teuthology.orchestra.run.vm00.stdout:/usr/bin/ceph: stderr
2026-03-10T07:19:53.233+0000 7ff392537640 1 -- 192.168.123.100:0/3880802023 >> [v2:192.168.123.100:3300/0,v1:192.168.123.100:6789/0] conn(0x7ff38c1065b0 msgr2=0x7ff38c19c390 secure :-1 s=STATE_CONNECTION_ESTABLISHED l=1).mark_down
2026-03-10T07:19:53.300 INFO:teuthology.orchestra.run.vm00.stdout:/usr/bin/ceph: stderr
2026-03-10T07:19:53.233+0000 7ff392537640 1 --2- 192.168.123.100:0/3880802023 >> [v2:192.168.123.100:3300/0,v1:192.168.123.100:6789/0] conn(0x7ff38c1065b0 0x7ff38c19c390 secure :-1 s=READY pgs=69 cs=0 l=1 rev1=1 crypto rx=0x7ff370009cb0 tx=0x7ff370036940 comp rx=0 tx=0).stop
2026-03-10T07:19:53.300 INFO:teuthology.orchestra.run.vm00.stdout:/usr/bin/ceph: stderr
2026-03-10T07:19:53.233+0000 7ff392537640 1 -- 192.168.123.100:0/3880802023 shutdown_connections
2026-03-10T07:19:53.300 INFO:teuthology.orchestra.run.vm00.stdout:/usr/bin/ceph: stderr
2026-03-10T07:19:53.233+0000 7ff392537640 1 --2- 192.168.123.100:0/3880802023 >> [v2:192.168.123.100:6800/2669938860,v1:192.168.123.100:6801/2669938860] conn(0x7ff36003dbc0 0x7ff360040080 unknown :-1 s=CLOSED pgs=7 cs=0 l=1 rev1=1 crypto rx=0 tx=0 comp rx=0 tx=0).stop
2026-03-10T07:19:53.300 INFO:teuthology.orchestra.run.vm00.stdout:/usr/bin/ceph: stderr
2026-03-10T07:19:53.233+0000 7ff392537640 1 --2- 192.168.123.100:0/3880802023 >> [v2:192.168.123.100:3300/0,v1:192.168.123.100:6789/0] conn(0x7ff38c1065b0 0x7ff38c19c390 unknown :-1 s=CLOSED pgs=69 cs=0 l=1 rev1=1 crypto rx=0 tx=0 comp rx=0 tx=0).stop
2026-03-10T07:19:53.300 INFO:teuthology.orchestra.run.vm00.stdout:/usr/bin/ceph: stderr
2026-03-10T07:19:53.233+0000 7ff392537640 1 -- 192.168.123.100:0/3880802023 >> 192.168.123.100:0/3880802023 conn(0x7ff38c101d20 msgr2=0x7ff38c102920 unknown :-1 s=STATE_NONE l=0).mark_down
2026-03-10T07:19:53.300 INFO:teuthology.orchestra.run.vm00.stdout:/usr/bin/ceph: stderr
2026-03-10T07:19:53.233+0000 7ff392537640 1 -- 192.168.123.100:0/3880802023 shutdown_connections
2026-03-10T07:19:53.300 INFO:teuthology.orchestra.run.vm00.stdout:/usr/bin/ceph: stderr
2026-03-10T07:19:53.233+0000 7ff392537640 1 -- 192.168.123.100:0/3880802023 wait complete.
2026-03-10T07:19:53.300 INFO:teuthology.orchestra.run.vm00.stdout:Creating initial admin user...
2026-03-10T07:19:53.738 INFO:teuthology.orchestra.run.vm00.stdout:/usr/bin/ceph: stdout {"username": "admin", "password": "$2b$12$2NaZOHTuePEwxzRMDTFwPOFFlklA0CuZz2gKrSZYPTz0tY/UI6N0C", "roles": ["administrator"], "name": null, "email": null, "lastUpdate": 1773127193, "enabled": true, "pwdExpirationDate": null, "pwdUpdateRequired": true}
2026-03-10T07:19:53.738 INFO:teuthology.orchestra.run.vm00.stdout:/usr/bin/ceph: stderr
2026-03-10T07:19:53.421+0000 7f3adbca6640 1 Processor -- start
2026-03-10T07:19:53.738 INFO:teuthology.orchestra.run.vm00.stdout:/usr/bin/ceph: stderr
2026-03-10T07:19:53.421+0000 7f3adbca6640 1 -- start start
2026-03-10T07:19:53.738 INFO:teuthology.orchestra.run.vm00.stdout:/usr/bin/ceph: stderr
2026-03-10T07:19:53.421+0000 7f3adbca6640 1 --2- >> [v2:192.168.123.100:3300/0,v1:192.168.123.100:6789/0] conn(0x7f3ad4108830 0x7f3ad4108c30 unknown :-1 s=NONE pgs=0 cs=0 l=0 rev1=0 crypto rx=0 tx=0 comp rx=0 tx=0).connect
2026-03-10T07:19:53.738 INFO:teuthology.orchestra.run.vm00.stdout:/usr/bin/ceph: stderr
2026-03-10T07:19:53.421+0000 7f3adbca6640 1 -- --> [v2:192.168.123.100:3300/0,v1:192.168.123.100:6789/0] -- mon_getmap magic: 0 -- 0x7f3ad4109200 con 0x7f3ad4108830
2026-03-10T07:19:53.738 INFO:teuthology.orchestra.run.vm00.stdout:/usr/bin/ceph: stderr
2026-03-10T07:19:53.421+0000 7f3ad9a1b640 1 --2- >> [v2:192.168.123.100:3300/0,v1:192.168.123.100:6789/0] conn(0x7f3ad4108830 0x7f3ad4108c30 unknown :-1 s=BANNER_CONNECTING pgs=0 cs=0 l=0 rev1=0 crypto rx=0 tx=0 comp rx=0 tx=0)._handle_peer_banner_payload supported=3 required=0
2026-03-10T07:19:53.738 INFO:teuthology.orchestra.run.vm00.stdout:/usr/bin/ceph: stderr
2026-03-10T07:19:53.421+0000 7f3ad9a1b640 1 --2- >> [v2:192.168.123.100:3300/0,v1:192.168.123.100:6789/0] conn(0x7f3ad4108830 0x7f3ad4108c30 unknown :-1 s=HELLO_CONNECTING pgs=0 cs=0 l=0 rev1=1 crypto rx=0 tx=0 comp rx=0 tx=0).handle_hello peer v2:192.168.123.100:3300/0 says I am v2:192.168.123.100:54120/0 (socket says 192.168.123.100:54120)
2026-03-10T07:19:53.738 INFO:teuthology.orchestra.run.vm00.stdout:/usr/bin/ceph: stderr
2026-03-10T07:19:53.421+0000 7f3ad9a1b640 1 -- 192.168.123.100:0/3937888075 learned_addr learned my addr 192.168.123.100:0/3937888075 (peer_addr_for_me v2:192.168.123.100:0/0)
2026-03-10T07:19:53.738 INFO:teuthology.orchestra.run.vm00.stdout:/usr/bin/ceph: stderr
2026-03-10T07:19:53.421+0000 7f3ad9a1b640 1 -- 192.168.123.100:0/3937888075 --> [v2:192.168.123.100:3300/0,v1:192.168.123.100:6789/0] -- mon_subscribe({config=0+,monmap=0+}) -- 0x7f3ad4109a30 con 0x7f3ad4108830
2026-03-10T07:19:53.738 INFO:teuthology.orchestra.run.vm00.stdout:/usr/bin/ceph: stderr
2026-03-10T07:19:53.421+0000 7f3ad9a1b640 1 --2- 192.168.123.100:0/3937888075 >> [v2:192.168.123.100:3300/0,v1:192.168.123.100:6789/0] conn(0x7f3ad4108830 0x7f3ad4108c30 secure :-1 s=READY pgs=70 cs=0 l=1 rev1=1 crypto rx=0x7f3ac4009920 tx=0x7f3ac402ef20 comp rx=0 tx=0).ready entity=mon.0 client_cookie=47c639edaef2975f server_cookie=0 in_seq=0 out_seq=0
2026-03-10T07:19:53.738 INFO:teuthology.orchestra.run.vm00.stdout:/usr/bin/ceph: stderr
2026-03-10T07:19:53.421+0000 7f3ad8a19640 1 -- 192.168.123.100:0/3937888075 <== mon.0 v2:192.168.123.100:3300/0 1 ==== mon_map magic: 0 ==== 205+0+0 (secure 0 0 0) 0x7f3ac403c070 con 0x7f3ad4108830
2026-03-10T07:19:53.738 INFO:teuthology.orchestra.run.vm00.stdout:/usr/bin/ceph: stderr
2026-03-10T07:19:53.421+0000 7f3ad8a19640 1 -- 192.168.123.100:0/3937888075 <== mon.0 v2:192.168.123.100:3300/0 2 ==== config(23 keys) ==== 978+0+0 (secure 0 0 0) 0x7f3ac4037440 con 0x7f3ad4108830
2026-03-10T07:19:53.738 INFO:teuthology.orchestra.run.vm00.stdout:/usr/bin/ceph: stderr
2026-03-10T07:19:53.421+0000 7f3adbca6640 1 -- 192.168.123.100:0/3937888075 >> [v2:192.168.123.100:3300/0,v1:192.168.123.100:6789/0] conn(0x7f3ad4108830 msgr2=0x7f3ad4108c30 secure :-1 s=STATE_CONNECTION_ESTABLISHED l=1).mark_down
2026-03-10T07:19:53.738 INFO:teuthology.orchestra.run.vm00.stdout:/usr/bin/ceph: stderr
2026-03-10T07:19:53.421+0000 7f3adbca6640 1 --2- 192.168.123.100:0/3937888075 >> [v2:192.168.123.100:3300/0,v1:192.168.123.100:6789/0] conn(0x7f3ad4108830 0x7f3ad4108c30 secure :-1 s=READY pgs=70 cs=0 l=1 rev1=1 crypto rx=0x7f3ac4009920 tx=0x7f3ac402ef20 comp rx=0 tx=0).stop
2026-03-10T07:19:53.738 INFO:teuthology.orchestra.run.vm00.stdout:/usr/bin/ceph: stderr
2026-03-10T07:19:53.425+0000 7f3adbca6640 1 -- 192.168.123.100:0/3937888075 shutdown_connections
2026-03-10T07:19:53.739 INFO:teuthology.orchestra.run.vm00.stdout:/usr/bin/ceph: stderr
2026-03-10T07:19:53.425+0000 7f3adbca6640 1 --2- 192.168.123.100:0/3937888075 >> [v2:192.168.123.100:3300/0,v1:192.168.123.100:6789/0] conn(0x7f3ad4108830 0x7f3ad4108c30 unknown :-1 s=CLOSED pgs=70 cs=0 l=1 rev1=1 crypto rx=0 tx=0 comp rx=0 tx=0).stop
2026-03-10T07:19:53.739 INFO:teuthology.orchestra.run.vm00.stdout:/usr/bin/ceph: stderr
2026-03-10T07:19:53.425+0000 7f3adbca6640 1 -- 192.168.123.100:0/3937888075 >> 192.168.123.100:0/3937888075 conn(0x7f3ad407bd50 msgr2=0x7f3ad407c1a0 unknown :-1 s=STATE_NONE l=0).mark_down
2026-03-10T07:19:53.739 INFO:teuthology.orchestra.run.vm00.stdout:/usr/bin/ceph: stderr
2026-03-10T07:19:53.425+0000 7f3adbca6640 1 -- 192.168.123.100:0/3937888075 shutdown_connections
2026-03-10T07:19:53.739 INFO:teuthology.orchestra.run.vm00.stdout:/usr/bin/ceph: stderr
2026-03-10T07:19:53.425+0000 7f3adbca6640 1 -- 192.168.123.100:0/3937888075 wait complete.
2026-03-10T07:19:53.739 INFO:teuthology.orchestra.run.vm00.stdout:/usr/bin/ceph: stderr
2026-03-10T07:19:53.425+0000 7f3adbca6640 1 Processor -- start
2026-03-10T07:19:53.739 INFO:teuthology.orchestra.run.vm00.stdout:/usr/bin/ceph: stderr
2026-03-10T07:19:53.425+0000 7f3adbca6640 1 -- start start
2026-03-10T07:19:53.739 INFO:teuthology.orchestra.run.vm00.stdout:/usr/bin/ceph: stderr
2026-03-10T07:19:53.425+0000 7f3adbca6640 1 --2- >> [v2:192.168.123.100:3300/0,v1:192.168.123.100:6789/0] conn(0x7f3ad4108830 0x7f3ad419e780 unknown :-1 s=NONE pgs=0 cs=0 l=1 rev1=0 crypto rx=0 tx=0 comp rx=0 tx=0).connect
2026-03-10T07:19:53.739 INFO:teuthology.orchestra.run.vm00.stdout:/usr/bin/ceph: stderr
2026-03-10T07:19:53.425+0000 7f3adbca6640 1 -- --> [v2:192.168.123.100:3300/0,v1:192.168.123.100:6789/0] -- mon_getmap magic: 0 -- 0x7f3ad410cc60 con 0x7f3ad4108830
2026-03-10T07:19:53.739 INFO:teuthology.orchestra.run.vm00.stdout:/usr/bin/ceph: stderr
2026-03-10T07:19:53.425+0000 7f3ad9a1b640 1 --2- >> [v2:192.168.123.100:3300/0,v1:192.168.123.100:6789/0] conn(0x7f3ad4108830 0x7f3ad419e780 unknown :-1 s=BANNER_CONNECTING pgs=0 cs=0 l=1 rev1=0 crypto rx=0 tx=0 comp rx=0 tx=0)._handle_peer_banner_payload supported=3 required=0
2026-03-10T07:19:53.739 INFO:teuthology.orchestra.run.vm00.stdout:/usr/bin/ceph: stderr
2026-03-10T07:19:53.425+0000 7f3ad9a1b640 1 --2- >> [v2:192.168.123.100:3300/0,v1:192.168.123.100:6789/0] conn(0x7f3ad4108830 0x7f3ad419e780 unknown :-1 s=HELLO_CONNECTING pgs=0 cs=0 l=1 rev1=1 crypto rx=0 tx=0 comp rx=0 tx=0).handle_hello peer v2:192.168.123.100:3300/0 says I am v2:192.168.123.100:54126/0 (socket says 192.168.123.100:54126)
2026-03-10T07:19:53.739 INFO:teuthology.orchestra.run.vm00.stdout:/usr/bin/ceph: stderr
2026-03-10T07:19:53.425+0000 7f3ad9a1b640 1 -- 192.168.123.100:0/2634327584 learned_addr learned my addr 192.168.123.100:0/2634327584 (peer_addr_for_me v2:192.168.123.100:0/0)
2026-03-10T07:19:53.739 INFO:teuthology.orchestra.run.vm00.stdout:/usr/bin/ceph: stderr
2026-03-10T07:19:53.425+0000 7f3ad9a1b640 1 -- 192.168.123.100:0/2634327584 --> [v2:192.168.123.100:3300/0,v1:192.168.123.100:6789/0] -- mon_subscribe({config=0+,monmap=0+}) -- 0x7f3ad419ecc0 con 0x7f3ad4108830
2026-03-10T07:19:53.739 INFO:teuthology.orchestra.run.vm00.stdout:/usr/bin/ceph: stderr
2026-03-10T07:19:53.425+0000 7f3ad9a1b640 1 --2- 192.168.123.100:0/2634327584 >> [v2:192.168.123.100:3300/0,v1:192.168.123.100:6789/0] conn(0x7f3ad4108830 0x7f3ad419e780 secure :-1 s=READY pgs=71 cs=0 l=1 rev1=1 crypto rx=0x7f3ac402f4d0 tx=0x7f3ac4035d00 comp rx=0 tx=0).ready entity=mon.0 client_cookie=0 server_cookie=0 in_seq=0 out_seq=0
2026-03-10T07:19:53.739 INFO:teuthology.orchestra.run.vm00.stdout:/usr/bin/ceph: stderr
2026-03-10T07:19:53.425+0000 7f3ac2ffd640 1 -- 192.168.123.100:0/2634327584 <== mon.0 v2:192.168.123.100:3300/0 1 ==== mon_map magic: 0 ==== 205+0+0 (secure 0 0 0) 0x7f3ac403c070 con 0x7f3ad4108830
2026-03-10T07:19:53.739 INFO:teuthology.orchestra.run.vm00.stdout:/usr/bin/ceph: stderr
2026-03-10T07:19:53.425+0000 7f3ac2ffd640 1 -- 192.168.123.100:0/2634327584 <== mon.0 v2:192.168.123.100:3300/0 2 ==== config(23 keys) ==== 978+0+0 (secure 0 0 0) 0x7f3ac4045070 con 0x7f3ad4108830
2026-03-10T07:19:53.739 INFO:teuthology.orchestra.run.vm00.stdout:/usr/bin/ceph: stderr
2026-03-10T07:19:53.425+0000 7f3ac2ffd640 1 -- 192.168.123.100:0/2634327584 <== mon.0 v2:192.168.123.100:3300/0 3 ==== mon_map magic: 0 ==== 205+0+0 (secure 0 0 0) 0x7f3ac4040aa0 con 0x7f3ad4108830
2026-03-10T07:19:53.739 INFO:teuthology.orchestra.run.vm00.stdout:/usr/bin/ceph: stderr
2026-03-10T07:19:53.425+0000 7f3adbca6640 1 -- 192.168.123.100:0/2634327584 --> [v2:192.168.123.100:3300/0,v1:192.168.123.100:6789/0] -- mon_subscribe({mgrmap=0+}) -- 0x7f3ad419ef50 con 0x7f3ad4108830
2026-03-10T07:19:53.739 INFO:teuthology.orchestra.run.vm00.stdout:/usr/bin/ceph: stderr
2026-03-10T07:19:53.425+0000 7f3adbca6640 1 -- 192.168.123.100:0/2634327584 --> [v2:192.168.123.100:3300/0,v1:192.168.123.100:6789/0] -- mon_subscribe({osdmap=0}) -- 0x7f3ad419f370 con 0x7f3ad4108830
2026-03-10T07:19:53.739 INFO:teuthology.orchestra.run.vm00.stdout:/usr/bin/ceph: stderr
2026-03-10T07:19:53.425+0000 7f3adbca6640 1 -- 192.168.123.100:0/2634327584 --> [v2:192.168.123.100:3300/0,v1:192.168.123.100:6789/0] -- mon_command({"prefix": "get_command_descriptions"} v 0) -- 0x7f3a9c005180 con 0x7f3ad4108830
2026-03-10T07:19:53.739 INFO:teuthology.orchestra.run.vm00.stdout:/usr/bin/ceph: stderr
2026-03-10T07:19:53.425+0000 7f3ac2ffd640 1 -- 192.168.123.100:0/2634327584 <== mon.0 v2:192.168.123.100:3300/0 4 ==== mgrmap(e 10) ==== 50154+0+0 (secure 0 0 0) 0x7f3ac4037780 con 0x7f3ad4108830
2026-03-10T07:19:53.739 INFO:teuthology.orchestra.run.vm00.stdout:/usr/bin/ceph: stderr
2026-03-10T07:19:53.429+0000 7f3ac2ffd640 1 --2- 192.168.123.100:0/2634327584 >> [v2:192.168.123.100:6800/2669938860,v1:192.168.123.100:6801/2669938860] conn(0x7f3aac03dbc0 0x7f3aac040080 unknown :-1 s=NONE pgs=0 cs=0 l=1 rev1=0 crypto rx=0 tx=0 comp rx=0 tx=0).connect
2026-03-10T07:19:53.739 INFO:teuthology.orchestra.run.vm00.stdout:/usr/bin/ceph: stderr
2026-03-10T07:19:53.429+0000 7f3ac2ffd640 1 -- 192.168.123.100:0/2634327584 <== mon.0 v2:192.168.123.100:3300/0 5 ==== osd_map(3..3 src has 1..3) ==== 1155+0+0 (secure 0 0 0) 0x7f3ac4076800 con 0x7f3ad4108830
2026-03-10T07:19:53.739 INFO:teuthology.orchestra.run.vm00.stdout:/usr/bin/ceph: stderr
2026-03-10T07:19:53.429+0000 7f3ad921a640 1 --2- 192.168.123.100:0/2634327584 >> [v2:192.168.123.100:6800/2669938860,v1:192.168.123.100:6801/2669938860] conn(0x7f3aac03dbc0 0x7f3aac040080 unknown :-1 s=BANNER_CONNECTING pgs=0 cs=0 l=1 rev1=0 crypto rx=0 tx=0 comp rx=0 tx=0)._handle_peer_banner_payload supported=3 required=0
2026-03-10T07:19:53.739 INFO:teuthology.orchestra.run.vm00.stdout:/usr/bin/ceph: stderr
2026-03-10T07:19:53.429+0000 7f3ac2ffd640 1 -- 192.168.123.100:0/2634327584 <== mon.0 v2:192.168.123.100:3300/0 6 ==== mon_command_ack([{"prefix": "get_command_descriptions"}]=0 v0) ==== 72+0+195034 (secure 0 0 0) 0x7f3ac4048dc0 con 0x7f3ad4108830
2026-03-10T07:19:53.739 INFO:teuthology.orchestra.run.vm00.stdout:/usr/bin/ceph: stderr
2026-03-10T07:19:53.429+0000 7f3ad921a640 1 --2- 192.168.123.100:0/2634327584 >> [v2:192.168.123.100:6800/2669938860,v1:192.168.123.100:6801/2669938860] conn(0x7f3aac03dbc0 0x7f3aac040080 secure :-1 s=READY pgs=8 cs=0 l=1 rev1=1 crypto rx=0x7f3ac80099c0 tx=0x7f3ac8006eb0 comp rx=0 tx=0).ready entity=mgr.14150 client_cookie=0 server_cookie=0 in_seq=0 out_seq=0
2026-03-10T07:19:53.739 INFO:teuthology.orchestra.run.vm00.stdout:/usr/bin/ceph: stderr
2026-03-10T07:19:53.529+0000 7f3adbca6640 1 -- 192.168.123.100:0/2634327584 --> [v2:192.168.123.100:6800/2669938860,v1:192.168.123.100:6801/2669938860] -- mgr_command(tid 0: {"prefix": "dashboard ac-user-create", "username": "admin", "rolename": "administrator", "force_password": true, "pwd_update_required": true, "target": ["mon-mgr", ""]}) -- 0x7f3a9c003c00 con 0x7f3aac03dbc0
2026-03-10T07:19:53.739 INFO:teuthology.orchestra.run.vm00.stdout:/usr/bin/ceph: stderr
2026-03-10T07:19:53.685+0000 7f3ac2ffd640 1 -- 192.168.123.100:0/2634327584 <== mgr.14150 v2:192.168.123.100:6800/2669938860 1 ==== mgr_command_reply(tid 0: 0 ) ==== 8+0+252 (secure 0 0 0) 0x7f3a9c003c00 con 0x7f3aac03dbc0
2026-03-10T07:19:53.739 INFO:teuthology.orchestra.run.vm00.stdout:/usr/bin/ceph: stderr
2026-03-10T07:19:53.689+0000 7f3adbca6640 1 -- 192.168.123.100:0/2634327584 >> [v2:192.168.123.100:6800/2669938860,v1:192.168.123.100:6801/2669938860] conn(0x7f3aac03dbc0 msgr2=0x7f3aac040080 secure :-1 s=STATE_CONNECTION_ESTABLISHED l=1).mark_down
2026-03-10T07:19:53.739 INFO:teuthology.orchestra.run.vm00.stdout:/usr/bin/ceph: stderr
2026-03-10T07:19:53.689+0000 7f3adbca6640 1 --2- 192.168.123.100:0/2634327584 >> [v2:192.168.123.100:6800/2669938860,v1:192.168.123.100:6801/2669938860] conn(0x7f3aac03dbc0 0x7f3aac040080 secure :-1 s=READY pgs=8 cs=0 l=1 rev1=1 crypto rx=0x7f3ac80099c0 tx=0x7f3ac8006eb0 comp rx=0 tx=0).stop
2026-03-10T07:19:53.739 INFO:teuthology.orchestra.run.vm00.stdout:/usr/bin/ceph: stderr
2026-03-10T07:19:53.689+0000 7f3adbca6640 1 -- 192.168.123.100:0/2634327584 >> [v2:192.168.123.100:3300/0,v1:192.168.123.100:6789/0] conn(0x7f3ad4108830 msgr2=0x7f3ad419e780 secure :-1 s=STATE_CONNECTION_ESTABLISHED l=1).mark_down
2026-03-10T07:19:53.739 INFO:teuthology.orchestra.run.vm00.stdout:/usr/bin/ceph: stderr
2026-03-10T07:19:53.689+0000 7f3adbca6640 1 --2- 192.168.123.100:0/2634327584 >> [v2:192.168.123.100:3300/0,v1:192.168.123.100:6789/0] conn(0x7f3ad4108830 0x7f3ad419e780 secure :-1 s=READY pgs=71 cs=0 l=1 rev1=1 crypto rx=0x7f3ac402f4d0 tx=0x7f3ac4035d00 comp rx=0 tx=0).stop
2026-03-10T07:19:53.739 INFO:teuthology.orchestra.run.vm00.stdout:/usr/bin/ceph: stderr
2026-03-10T07:19:53.689+0000 7f3adbca6640 1 -- 192.168.123.100:0/2634327584 shutdown_connections
2026-03-10T07:19:53.739 INFO:teuthology.orchestra.run.vm00.stdout:/usr/bin/ceph: stderr
2026-03-10T07:19:53.689+0000 7f3adbca6640 1 --2- 192.168.123.100:0/2634327584 >> [v2:192.168.123.100:6800/2669938860,v1:192.168.123.100:6801/2669938860] conn(0x7f3aac03dbc0 0x7f3aac040080 unknown :-1 s=CLOSED pgs=8 cs=0 l=1 rev1=1 crypto rx=0 tx=0 comp rx=0 tx=0).stop
2026-03-10T07:19:53.739 INFO:teuthology.orchestra.run.vm00.stdout:/usr/bin/ceph: stderr
2026-03-10T07:19:53.689+0000 7f3adbca6640 1 --2- 192.168.123.100:0/2634327584 >> [v2:192.168.123.100:3300/0,v1:192.168.123.100:6789/0] conn(0x7f3ad4108830 0x7f3ad419e780 unknown :-1 s=CLOSED pgs=71 cs=0 l=1 rev1=1 crypto rx=0 tx=0 comp rx=0 tx=0).stop
2026-03-10T07:19:53.739 INFO:teuthology.orchestra.run.vm00.stdout:/usr/bin/ceph: stderr
2026-03-10T07:19:53.689+0000 7f3adbca6640 1 -- 192.168.123.100:0/2634327584 >> 192.168.123.100:0/2634327584 conn(0x7f3ad407bd50 msgr2=0x7f3ad41060f0 unknown :-1 s=STATE_NONE l=0).mark_down
2026-03-10T07:19:53.739 INFO:teuthology.orchestra.run.vm00.stdout:/usr/bin/ceph: stderr
2026-03-10T07:19:53.689+0000 7f3adbca6640 1 -- 192.168.123.100:0/2634327584 shutdown_connections
2026-03-10T07:19:53.739 INFO:teuthology.orchestra.run.vm00.stdout:/usr/bin/ceph: stderr
2026-03-10T07:19:53.689+0000 7f3adbca6640 1 -- 192.168.123.100:0/2634327584 wait complete.
2026-03-10T07:19:53.739 INFO:teuthology.orchestra.run.vm00.stdout:Fetching dashboard port number...
2026-03-10T07:19:54.089 INFO:teuthology.orchestra.run.vm00.stdout:/usr/bin/ceph: stdout 8443
2026-03-10T07:19:54.089 INFO:teuthology.orchestra.run.vm00.stdout:/usr/bin/ceph: stderr
2026-03-10T07:19:53.881+0000 7f87a568d640 1 Processor -- start
2026-03-10T07:19:54.089 INFO:teuthology.orchestra.run.vm00.stdout:/usr/bin/ceph: stderr
2026-03-10T07:19:53.889+0000 7f87a568d640 1 -- start start
2026-03-10T07:19:54.089 INFO:teuthology.orchestra.run.vm00.stdout:/usr/bin/ceph: stderr
2026-03-10T07:19:53.889+0000 7f87a568d640 1 --2- >> [v2:192.168.123.100:3300/0,v1:192.168.123.100:6789/0] conn(0x7f87a0108680 0x7f87a0108a80 unknown :-1 s=NONE pgs=0 cs=0 l=0 rev1=0 crypto rx=0 tx=0 comp rx=0 tx=0).connect
2026-03-10T07:19:54.089 INFO:teuthology.orchestra.run.vm00.stdout:/usr/bin/ceph: stderr
2026-03-10T07:19:53.889+0000 7f879ffff640 1 --2- >> [v2:192.168.123.100:3300/0,v1:192.168.123.100:6789/0] conn(0x7f87a0108680 0x7f87a0108a80 unknown :-1 s=BANNER_CONNECTING pgs=0 cs=0 l=0 rev1=0 crypto rx=0 tx=0 comp rx=0 tx=0)._handle_peer_banner_payload supported=3 required=0
2026-03-10T07:19:54.090 INFO:teuthology.orchestra.run.vm00.stdout:/usr/bin/ceph: stderr
2026-03-10T07:19:53.889+0000 7f879ffff640 1 --2- >> [v2:192.168.123.100:3300/0,v1:192.168.123.100:6789/0] conn(0x7f87a0108680 0x7f87a0108a80 unknown :-1 s=HELLO_CONNECTING pgs=0 cs=0 l=0 rev1=1 crypto rx=0 tx=0 comp rx=0 tx=0).handle_hello peer v2:192.168.123.100:3300/0 says I am v2:192.168.123.100:52054/0 (socket says 192.168.123.100:52054)
2026-03-10T07:19:54.090 INFO:teuthology.orchestra.run.vm00.stdout:/usr/bin/ceph: stderr
2026-03-10T07:19:53.889+0000 7f879ffff640 1 -- 192.168.123.100:0/2820046197 learned_addr learned my addr 192.168.123.100:0/2820046197 (peer_addr_for_me v2:192.168.123.100:0/0)
2026-03-10T07:19:54.090 INFO:teuthology.orchestra.run.vm00.stdout:/usr/bin/ceph: stderr
2026-03-10T07:19:53.889+0000 7f87a568d640 1 -- 192.168.123.100:0/2820046197 --> [v2:192.168.123.100:3300/0,v1:192.168.123.100:6789/0] -- mon_getmap magic: 0 -- 0x7f87a0109050 con 0x7f87a0108680
2026-03-10T07:19:54.090 INFO:teuthology.orchestra.run.vm00.stdout:/usr/bin/ceph: stderr
2026-03-10T07:19:53.889+0000 7f879ffff640 1 -- 192.168.123.100:0/2820046197 --> [v2:192.168.123.100:3300/0,v1:192.168.123.100:6789/0] -- mon_subscribe({config=0+,monmap=0+}) -- 0x7f87a0109880 con 0x7f87a0108680
2026-03-10T07:19:54.090 INFO:teuthology.orchestra.run.vm00.stdout:/usr/bin/ceph: stderr
2026-03-10T07:19:53.889+0000 7f879ffff640 1 --2- 192.168.123.100:0/2820046197 >> [v2:192.168.123.100:3300/0,v1:192.168.123.100:6789/0] conn(0x7f87a0108680 0x7f87a0108a80 secure :-1 s=READY pgs=72 cs=0 l=1 rev1=1 crypto rx=0x7f878c009920 tx=0x7f878c02ef20 comp rx=0 tx=0).ready entity=mon.0 client_cookie=5859992ee34ab5cf server_cookie=0 in_seq=0 out_seq=0
2026-03-10T07:19:54.090 INFO:teuthology.orchestra.run.vm00.stdout:/usr/bin/ceph: stderr
2026-03-10T07:19:53.893+0000 7f879effd640 1 -- 192.168.123.100:0/2820046197 <== mon.0 v2:192.168.123.100:3300/0 1 ==== mon_map magic: 0 ==== 205+0+0 (secure 0 0 0) 0x7f878c03c070 con 0x7f87a0108680
2026-03-10T07:19:54.090 INFO:teuthology.orchestra.run.vm00.stdout:/usr/bin/ceph: stderr
2026-03-10T07:19:53.893+0000 7f879effd640 1 -- 192.168.123.100:0/2820046197 <== mon.0 v2:192.168.123.100:3300/0 2 ==== config(23 keys) ==== 978+0+0 (secure 0 0 0) 0x7f878c037440 con 0x7f87a0108680
2026-03-10T07:19:54.090 INFO:teuthology.orchestra.run.vm00.stdout:/usr/bin/ceph: stderr
2026-03-10T07:19:53.893+0000 7f879effd640 1 -- 192.168.123.100:0/2820046197 <== mon.0 v2:192.168.123.100:3300/0 3 ==== mon_map magic: 0 ==== 205+0+0 (secure 0 0 0) 0x7f878c035340 con 0x7f87a0108680
2026-03-10T07:19:54.090 INFO:teuthology.orchestra.run.vm00.stdout:/usr/bin/ceph: stderr
2026-03-10T07:19:53.893+0000 7f87a568d640 1 -- 192.168.123.100:0/2820046197 >> [v2:192.168.123.100:3300/0,v1:192.168.123.100:6789/0] conn(0x7f87a0108680 msgr2=0x7f87a0108a80 secure :-1 s=STATE_CONNECTION_ESTABLISHED l=1).mark_down
2026-03-10T07:19:54.090 INFO:teuthology.orchestra.run.vm00.stdout:/usr/bin/ceph: stderr
2026-03-10T07:19:53.893+0000 7f87a568d640 1 --2- 192.168.123.100:0/2820046197 >> [v2:192.168.123.100:3300/0,v1:192.168.123.100:6789/0] conn(0x7f87a0108680 0x7f87a0108a80 secure :-1 s=READY pgs=72 cs=0 l=1 rev1=1 crypto rx=0x7f878c009920 tx=0x7f878c02ef20 comp rx=0 tx=0).stop
2026-03-10T07:19:54.090 INFO:teuthology.orchestra.run.vm00.stdout:/usr/bin/ceph: stderr
2026-03-10T07:19:53.893+0000 7f87a568d640 1 -- 192.168.123.100:0/2820046197 shutdown_connections
2026-03-10T07:19:54.090 INFO:teuthology.orchestra.run.vm00.stdout:/usr/bin/ceph: stderr
2026-03-10T07:19:53.893+0000 7f87a568d640 1 --2- 192.168.123.100:0/2820046197 >> [v2:192.168.123.100:3300/0,v1:192.168.123.100:6789/0] conn(0x7f87a0108680 0x7f87a0108a80 unknown :-1 s=CLOSED pgs=72 cs=0 l=1 rev1=1 crypto rx=0 tx=0 comp rx=0 tx=0).stop
2026-03-10T07:19:54.090 INFO:teuthology.orchestra.run.vm00.stdout:/usr/bin/ceph: stderr
2026-03-10T07:19:53.893+0000 7f87a568d640 1 -- 192.168.123.100:0/2820046197 >> 192.168.123.100:0/2820046197 conn(0x7f87a007bb60 msgr2=0x7f87a007bf70 unknown :-1 s=STATE_NONE l=0).mark_down
2026-03-10T07:19:54.090 INFO:teuthology.orchestra.run.vm00.stdout:/usr/bin/ceph: stderr
2026-03-10T07:19:53.893+0000 7f87a568d640 1 -- 192.168.123.100:0/2820046197 shutdown_connections
2026-03-10T07:19:54.090 INFO:teuthology.orchestra.run.vm00.stdout:/usr/bin/ceph: stderr
2026-03-10T07:19:53.893+0000 7f87a568d640 1 -- 192.168.123.100:0/2820046197 wait complete.
2026-03-10T07:19:54.090 INFO:teuthology.orchestra.run.vm00.stdout:/usr/bin/ceph: stderr
2026-03-10T07:19:53.893+0000 7f87a568d640 1 Processor -- start
2026-03-10T07:19:54.090 INFO:teuthology.orchestra.run.vm00.stdout:/usr/bin/ceph: stderr
2026-03-10T07:19:53.897+0000 7f87a568d640 1 -- start start
2026-03-10T07:19:54.090 INFO:teuthology.orchestra.run.vm00.stdout:/usr/bin/ceph: stderr
2026-03-10T07:19:53.897+0000 7f87a568d640 1 --2- >> [v2:192.168.123.100:3300/0,v1:192.168.123.100:6789/0] conn(0x7f87a0108680 0x7f87a00803e0 unknown :-1 s=NONE pgs=0 cs=0 l=1 rev1=0 crypto rx=0 tx=0 comp rx=0 tx=0).connect
2026-03-10T07:19:54.090 INFO:teuthology.orchestra.run.vm00.stdout:/usr/bin/ceph: stderr
2026-03-10T07:19:53.897+0000 7f87a568d640 1 -- --> [v2:192.168.123.100:3300/0,v1:192.168.123.100:6789/0] -- mon_getmap magic: 0 -- 0x7f87a010cab0 con 0x7f87a0108680
2026-03-10T07:19:54.090 INFO:teuthology.orchestra.run.vm00.stdout:/usr/bin/ceph: stderr
2026-03-10T07:19:53.897+0000 7f879ffff640 1 --2- >> [v2:192.168.123.100:3300/0,v1:192.168.123.100:6789/0] conn(0x7f87a0108680 0x7f87a00803e0 unknown :-1 s=BANNER_CONNECTING pgs=0 cs=0 l=1 rev1=0 crypto rx=0 tx=0 comp rx=0 tx=0)._handle_peer_banner_payload supported=3 required=0
2026-03-10T07:19:54.090 INFO:teuthology.orchestra.run.vm00.stdout:/usr/bin/ceph: stderr
2026-03-10T07:19:53.897+0000 7f879ffff640 1 --2- >> [v2:192.168.123.100:3300/0,v1:192.168.123.100:6789/0] conn(0x7f87a0108680 0x7f87a00803e0 unknown :-1 s=HELLO_CONNECTING pgs=0 cs=0 l=1 rev1=1 crypto rx=0 tx=0 comp rx=0 tx=0).handle_hello peer v2:192.168.123.100:3300/0 says I am v2:192.168.123.100:52064/0 (socket says 192.168.123.100:52064)
2026-03-10T07:19:54.090 INFO:teuthology.orchestra.run.vm00.stdout:/usr/bin/ceph: stderr
2026-03-10T07:19:53.897+0000 7f879ffff640 1 -- 192.168.123.100:0/2147109762 learned_addr learned my addr 192.168.123.100:0/2147109762 (peer_addr_for_me v2:192.168.123.100:0/0)
2026-03-10T07:19:54.090 INFO:teuthology.orchestra.run.vm00.stdout:/usr/bin/ceph: stderr
2026-03-10T07:19:53.897+0000 7f879ffff640 1 -- 192.168.123.100:0/2147109762 --> [v2:192.168.123.100:3300/0,v1:192.168.123.100:6789/0] -- mon_subscribe({config=0+,monmap=0+}) -- 0x7f87a0080920 con 0x7f87a0108680
2026-03-10T07:19:54.090 INFO:teuthology.orchestra.run.vm00.stdout:/usr/bin/ceph: stderr
2026-03-10T07:19:53.897+0000 7f879ffff640 1 --2- 192.168.123.100:0/2147109762 >> [v2:192.168.123.100:3300/0,v1:192.168.123.100:6789/0] conn(0x7f87a0108680 0x7f87a00803e0 secure :-1 s=READY pgs=73 cs=0 l=1 rev1=1 crypto rx=0x7f878c009a50 tx=0x7f878c037b00 comp rx=0 tx=0).ready entity=mon.0 client_cookie=0 server_cookie=0 in_seq=0 out_seq=0
2026-03-10T07:19:54.090 INFO:teuthology.orchestra.run.vm00.stdout:/usr/bin/ceph: stderr
2026-03-10T07:19:53.897+0000 7f879d7fa640 1 -- 192.168.123.100:0/2147109762 <== mon.0 v2:192.168.123.100:3300/0 1 ==== mon_map magic: 0 ==== 205+0+0 (secure 0 0 0) 0x7f878c047070 con 0x7f87a0108680
2026-03-10T07:19:54.090 INFO:teuthology.orchestra.run.vm00.stdout:/usr/bin/ceph: stderr
2026-03-10T07:19:53.897+0000 7f879d7fa640 1 -- 192.168.123.100:0/2147109762 <== mon.0 v2:192.168.123.100:3300/0 2 ==== config(23 keys) ==== 978+0+0 (secure 0 0 0) 0x7f878c035dc0 con 0x7f87a0108680
2026-03-10T07:19:54.090 INFO:teuthology.orchestra.run.vm00.stdout:/usr/bin/ceph: stderr
2026-03-10T07:19:53.897+0000 7f879d7fa640 1 -- 192.168.123.100:0/2147109762 <== mon.0 v2:192.168.123.100:3300/0 3 ==== mon_map magic: 0 ==== 205+0+0 (secure 0 0 0) 0x7f878c03c070 con 0x7f87a0108680
2026-03-10T07:19:54.090 INFO:teuthology.orchestra.run.vm00.stdout:/usr/bin/ceph: stderr
2026-03-10T07:19:53.897+0000 7f87a568d640 1 -- 192.168.123.100:0/2147109762 --> [v2:192.168.123.100:3300/0,v1:192.168.123.100:6789/0] -- mon_subscribe({mgrmap=0+}) -- 0x7f87a0080bb0 con 0x7f87a0108680
2026-03-10T07:19:54.090 INFO:teuthology.orchestra.run.vm00.stdout:/usr/bin/ceph: stderr
2026-03-10T07:19:53.897+0000 7f87a568d640 1 -- 192.168.123.100:0/2147109762 --> [v2:192.168.123.100:3300/0,v1:192.168.123.100:6789/0] -- mon_subscribe({osdmap=0}) -- 0x7f87a007cf20 con 0x7f87a0108680
2026-03-10T07:19:54.090 INFO:teuthology.orchestra.run.vm00.stdout:/usr/bin/ceph: stderr
2026-03-10T07:19:53.897+0000 7f87a568d640 1 -- 192.168.123.100:0/2147109762 --> [v2:192.168.123.100:3300/0,v1:192.168.123.100:6789/0] -- mon_command({"prefix": "get_command_descriptions"} v 0) -- 0x7f87a010cc30 con 0x7f87a0108680
2026-03-10T07:19:54.090 INFO:teuthology.orchestra.run.vm00.stdout:/usr/bin/ceph: stderr
2026-03-10T07:19:53.897+0000 7f879d7fa640 1 -- 192.168.123.100:0/2147109762 <== mon.0 v2:192.168.123.100:3300/0 4 ==== mgrmap(e 10) ==== 50154+0+0 (secure 0 0 0) 0x7f878c054080 con 0x7f87a0108680
2026-03-10T07:19:54.090 INFO:teuthology.orchestra.run.vm00.stdout:/usr/bin/ceph: stderr
2026-03-10T07:19:53.897+0000 7f879d7fa640 1 --2- 192.168.123.100:0/2147109762 >> [v2:192.168.123.100:6800/2669938860,v1:192.168.123.100:6801/2669938860] conn(0x7f877403db20 0x7f877403ffe0 unknown :-1 s=NONE pgs=0 cs=0 l=1 rev1=0 crypto rx=0 tx=0 comp rx=0 tx=0).connect
2026-03-10T07:19:54.090 INFO:teuthology.orchestra.run.vm00.stdout:/usr/bin/ceph: stderr
2026-03-10T07:19:53.897+0000 7f879d7fa640 1 -- 192.168.123.100:0/2147109762 <== mon.0 v2:192.168.123.100:3300/0 5 ==== osd_map(3..3 src has 1..3) ==== 1155+0+0 (secure 0 0 0) 0x7f878c0774b0 con 0x7f87a0108680
2026-03-10T07:19:54.090 INFO:teuthology.orchestra.run.vm00.stdout:/usr/bin/ceph: stderr
2026-03-10T07:19:53.901+0000 7f879f7fe640 1 --2- 192.168.123.100:0/2147109762 >> [v2:192.168.123.100:6800/2669938860,v1:192.168.123.100:6801/2669938860] conn(0x7f877403db20 0x7f877403ffe0 unknown :-1 s=BANNER_CONNECTING pgs=0 cs=0 l=1 rev1=0 crypto rx=0 tx=0 comp rx=0 tx=0)._handle_peer_banner_payload supported=3 required=0
2026-03-10T07:19:54.090 INFO:teuthology.orchestra.run.vm00.stdout:/usr/bin/ceph: stderr
2026-03-10T07:19:53.901+0000 7f879f7fe640 1 --2- 192.168.123.100:0/2147109762 >> [v2:192.168.123.100:6800/2669938860,v1:192.168.123.100:6801/2669938860] conn(0x7f877403db20 0x7f877403ffe0 secure :-1 s=READY pgs=9 cs=0 l=1 rev1=1 crypto rx=0x7f87900099c0 tx=0x7f8790006eb0 comp rx=0 tx=0).ready entity=mgr.14150 client_cookie=0 server_cookie=0 in_seq=0 out_seq=0
2026-03-10T07:19:54.090 INFO:teuthology.orchestra.run.vm00.stdout:/usr/bin/ceph: stderr
2026-03-10T07:19:53.901+0000 7f879d7fa640 1 -- 192.168.123.100:0/2147109762 <== mon.0 v2:192.168.123.100:3300/0 6 ==== mon_command_ack([{"prefix": "get_command_descriptions"}]=0 v0) ==== 72+0+195034 (secure 0 0 0) 0x7f878c051200 con 0x7f87a0108680
2026-03-10T07:19:54.090 INFO:teuthology.orchestra.run.vm00.stdout:/usr/bin/ceph: stderr
2026-03-10T07:19:54.033+0000 7f87a568d640 1 -- 192.168.123.100:0/2147109762 --> [v2:192.168.123.100:3300/0,v1:192.168.123.100:6789/0] -- mon_command({"prefix": "config get", "who": "mgr", "key": "mgr/dashboard/ssl_server_port"} v 0) -- 0x7f87a0108b00 con 0x7f87a0108680
2026-03-10T07:19:54.090 INFO:teuthology.orchestra.run.vm00.stdout:/usr/bin/ceph: stderr
2026-03-10T07:19:54.033+0000 7f879d7fa640 1 -- 192.168.123.100:0/2147109762 <== mon.0 v2:192.168.123.100:3300/0 7 ==== mon_command_ack([{"prefix": "config get", "who": "mgr", "key": "mgr/dashboard/ssl_server_port"}]=0 v8) ==== 112+0+5 (secure 0 0 0) 0x7f878c0425f0 con 0x7f87a0108680
2026-03-10T07:19:54.090 INFO:teuthology.orchestra.run.vm00.stdout:/usr/bin/ceph: stderr
2026-03-10T07:19:54.033+0000 7f87a568d640 1 -- 192.168.123.100:0/2147109762 >> [v2:192.168.123.100:6800/2669938860,v1:192.168.123.100:6801/2669938860] conn(0x7f877403db20 msgr2=0x7f877403ffe0 secure :-1 s=STATE_CONNECTION_ESTABLISHED l=1).mark_down
2026-03-10T07:19:54.091 INFO:teuthology.orchestra.run.vm00.stdout:/usr/bin/ceph: stderr
2026-03-10T07:19:54.037+0000 7f87a568d640 1 --2- 192.168.123.100:0/2147109762 >> [v2:192.168.123.100:6800/2669938860,v1:192.168.123.100:6801/2669938860] conn(0x7f877403db20 0x7f877403ffe0 secure :-1 s=READY pgs=9 cs=0 l=1 rev1=1 crypto rx=0x7f87900099c0 tx=0x7f8790006eb0 comp rx=0 tx=0).stop
2026-03-10T07:19:54.091 INFO:teuthology.orchestra.run.vm00.stdout:/usr/bin/ceph: stderr
2026-03-10T07:19:54.037+0000 7f87a568d640 1 -- 192.168.123.100:0/2147109762 >> [v2:192.168.123.100:3300/0,v1:192.168.123.100:6789/0] conn(0x7f87a0108680 msgr2=0x7f87a00803e0 secure :-1 s=STATE_CONNECTION_ESTABLISHED l=1).mark_down
2026-03-10T07:19:54.091 INFO:teuthology.orchestra.run.vm00.stdout:/usr/bin/ceph: stderr
2026-03-10T07:19:54.037+0000 7f87a568d640 1 --2- 192.168.123.100:0/2147109762 >> [v2:192.168.123.100:3300/0,v1:192.168.123.100:6789/0] conn(0x7f87a0108680 0x7f87a00803e0 secure :-1 s=READY pgs=73 cs=0 l=1 rev1=1 crypto rx=0x7f878c009a50 tx=0x7f878c037b00 comp rx=0 tx=0).stop
2026-03-10T07:19:54.091 INFO:teuthology.orchestra.run.vm00.stdout:/usr/bin/ceph: stderr
2026-03-10T07:19:54.037+0000 7f87a568d640 1 -- 192.168.123.100:0/2147109762 shutdown_connections
2026-03-10T07:19:54.091 INFO:teuthology.orchestra.run.vm00.stdout:/usr/bin/ceph: stderr
2026-03-10T07:19:54.037+0000 7f87a568d640 1 --2- 192.168.123.100:0/2147109762 >> [v2:192.168.123.100:6800/2669938860,v1:192.168.123.100:6801/2669938860] conn(0x7f877403db20 0x7f877403ffe0 unknown :-1 s=CLOSED pgs=9 cs=0 l=1 rev1=1 crypto rx=0 tx=0 comp rx=0 tx=0).stop
2026-03-10T07:19:54.091 INFO:teuthology.orchestra.run.vm00.stdout:/usr/bin/ceph: stderr
2026-03-10T07:19:54.037+0000 7f87a568d640 1 --2- 192.168.123.100:0/2147109762 >> [v2:192.168.123.100:3300/0,v1:192.168.123.100:6789/0] conn(0x7f87a0108680 0x7f87a00803e0 unknown :-1 s=CLOSED pgs=73 cs=0 l=1 rev1=1 crypto rx=0 tx=0 comp rx=0 tx=0).stop
2026-03-10T07:19:54.091 INFO:teuthology.orchestra.run.vm00.stdout:/usr/bin/ceph: stderr
2026-03-10T07:19:54.037+0000 7f87a568d640 1 -- 192.168.123.100:0/2147109762 >> 192.168.123.100:0/2147109762 conn(0x7f87a007bb60 msgr2=0x7f87a0105ef0 unknown :-1 s=STATE_NONE l=0).mark_down
2026-03-10T07:19:54.091 INFO:teuthology.orchestra.run.vm00.stdout:/usr/bin/ceph: stderr
2026-03-10T07:19:54.037+0000 7f87a568d640 1 -- 192.168.123.100:0/2147109762 shutdown_connections
2026-03-10T07:19:54.091 INFO:teuthology.orchestra.run.vm00.stdout:/usr/bin/ceph: stderr
2026-03-10T07:19:54.037+0000 7f87a568d640 1 -- 192.168.123.100:0/2147109762 wait complete.
2026-03-10T07:19:54.091 INFO:teuthology.orchestra.run.vm00.stdout:firewalld does not appear to be present
2026-03-10T07:19:54.091 INFO:teuthology.orchestra.run.vm00.stdout:Not possible to open ports <[8443]>. firewalld.service is not available
2026-03-10T07:19:54.091 INFO:teuthology.orchestra.run.vm00.stdout:Ceph Dashboard is now available at:
2026-03-10T07:19:54.091 INFO:teuthology.orchestra.run.vm00.stdout:
2026-03-10T07:19:54.091 INFO:teuthology.orchestra.run.vm00.stdout: URL: https://vm00.local:8443/
2026-03-10T07:19:54.091 INFO:teuthology.orchestra.run.vm00.stdout: User: admin
2026-03-10T07:19:54.091 INFO:teuthology.orchestra.run.vm00.stdout: Password: bgwuugdeev
2026-03-10T07:19:54.091 INFO:teuthology.orchestra.run.vm00.stdout:
2026-03-10T07:19:54.091 INFO:teuthology.orchestra.run.vm00.stdout:Saving cluster configuration to /var/lib/ceph/534d9c8a-1c51-11f1-ac87-d1fb9a119953/config directory
2026-03-10T07:19:54.392 INFO:journalctl@ceph.mon.a.vm00.stdout:Mar 10 07:19:54 vm00 bash[20701]: cephadm
2026-03-10T07:19:52.967172+0000 mgr.y (mgr.14150) 3 : cephadm [INF] [10/Mar/2026:07:19:52] ENGINE Bus STARTING
2026-03-10T07:19:54.392 INFO:journalctl@ceph.mon.a.vm00.stdout:Mar 10 07:19:54 vm00 bash[20701]: cephadm
2026-03-10T07:19:52.967172+0000 mgr.y (mgr.14150) 3 : cephadm [INF] [10/Mar/2026:07:19:52] ENGINE Bus STARTING
2026-03-10T07:19:54.392 INFO:journalctl@ceph.mon.a.vm00.stdout:Mar 10 07:19:54 vm00 bash[20701]: cephadm
2026-03-10T07:19:53.068730+0000 mgr.y (mgr.14150) 4 : cephadm [INF] [10/Mar/2026:07:19:53] ENGINE Serving on http://192.168.123.100:8765
2026-03-10T07:19:54.392 INFO:journalctl@ceph.mon.a.vm00.stdout:Mar 10 07:19:54 vm00 bash[20701]: cephadm
2026-03-10T07:19:53.068730+0000 mgr.y (mgr.14150) 4 : cephadm [INF] [10/Mar/2026:07:19:53] ENGINE Serving on http://192.168.123.100:8765
2026-03-10T07:19:54.392 INFO:journalctl@ceph.mon.a.vm00.stdout:Mar 10 07:19:54 vm00 bash[20701]: audit
2026-03-10T07:19:53.168121+0000 mgr.y (mgr.14150) 5 : audit [DBG] from='client.14162 -' entity='client.admin' cmd=[{"prefix": "dashboard create-self-signed-cert", "target": ["mon-mgr", ""]}]: dispatch
2026-03-10T07:19:54.392 INFO:journalctl@ceph.mon.a.vm00.stdout:Mar 10 07:19:54 vm00 bash[20701]: audit
2026-03-10T07:19:53.168121+0000 mgr.y (mgr.14150) 5 : audit [DBG] from='client.14162 -' entity='client.admin' cmd=[{"prefix": "dashboard create-self-signed-cert", "target": ["mon-mgr", ""]}]: dispatch
2026-03-10T07:19:54.392 INFO:journalctl@ceph.mon.a.vm00.stdout:Mar 10 07:19:54 vm00 bash[20701]: cephadm
2026-03-10T07:19:53.177651+0000 mgr.y (mgr.14150) 6 : cephadm [INF] [10/Mar/2026:07:19:53] ENGINE Serving on https://192.168.123.100:7150
2026-03-10T07:19:54.392 INFO:journalctl@ceph.mon.a.vm00.stdout:Mar 10 07:19:54 vm00 bash[20701]: cephadm
2026-03-10T07:19:53.177651+0000 mgr.y (mgr.14150) 6 : cephadm [INF] [10/Mar/2026:07:19:53] ENGINE Serving on https://192.168.123.100:7150
2026-03-10T07:19:54.392 INFO:journalctl@ceph.mon.a.vm00.stdout:Mar 10 07:19:54 vm00 bash[20701]: cephadm
2026-03-10T07:19:53.177813+0000 mgr.y (mgr.14150) 7 : cephadm [INF] [10/Mar/2026:07:19:53] ENGINE Bus STARTED
2026-03-10T07:19:54.392 INFO:journalctl@ceph.mon.a.vm00.stdout:Mar 10 07:19:54 vm00 bash[20701]: cephadm
2026-03-10T07:19:53.177813+0000 mgr.y (mgr.14150) 7 : cephadm [INF] [10/Mar/2026:07:19:53] ENGINE Bus STARTED
2026-03-10T07:19:54.392 INFO:journalctl@ceph.mon.a.vm00.stdout:Mar 10 07:19:54 vm00 bash[20701]: cephadm
2026-03-10T07:19:53.178117+0000 mgr.y (mgr.14150) 8 : cephadm [INF] [10/Mar/2026:07:19:53] ENGINE Client ('192.168.123.100', 47470) lost — peer dropped the TLS connection suddenly, during handshake: (6, 'TLS/SSL connection has been closed (EOF) (_ssl.c:1147)')
2026-03-10T07:19:54.392 INFO:journalctl@ceph.mon.a.vm00.stdout:Mar 10 07:19:54 vm00 bash[20701]: cephadm
2026-03-10T07:19:53.178117+0000 mgr.y (mgr.14150) 8 : cephadm [INF] [10/Mar/2026:07:19:53] ENGINE Client ('192.168.123.100', 47470) lost — peer dropped the TLS connection suddenly, during handshake: (6, 'TLS/SSL connection has been closed (EOF) (_ssl.c:1147)')
2026-03-10T07:19:54.392 INFO:journalctl@ceph.mon.a.vm00.stdout:Mar 10 07:19:54 vm00 bash[20701]: audit
2026-03-10T07:19:53.232624+0000 mon.a (mon.0) 86 : audit [INF] from='mgr.14150 192.168.123.100:0/934853846' entity='mgr.y'
2026-03-10T07:19:54.392 INFO:journalctl@ceph.mon.a.vm00.stdout:Mar 10 07:19:54 vm00 bash[20701]: audit
2026-03-10T07:19:53.232624+0000 mon.a (mon.0) 86 : audit [INF] from='mgr.14150 192.168.123.100:0/934853846' entity='mgr.y'
2026-03-10T07:19:54.392 INFO:journalctl@ceph.mon.a.vm00.stdout:Mar 10 07:19:54 vm00 bash[20701]: audit
2026-03-10T07:19:53.235245+0000 mon.a (mon.0) 87 : audit [INF] from='mgr.14150 192.168.123.100:0/934853846' entity='mgr.y'
2026-03-10T07:19:54.392 INFO:journalctl@ceph.mon.a.vm00.stdout:Mar 10 07:19:54 vm00 bash[20701]: audit
2026-03-10T07:19:53.235245+0000 mon.a (mon.0) 87 : audit [INF] from='mgr.14150 192.168.123.100:0/934853846' entity='mgr.y'
2026-03-10T07:19:54.392 INFO:journalctl@ceph.mon.a.vm00.stdout:Mar 10 07:19:54 vm00 bash[20701]: audit
2026-03-10T07:19:53.538451+0000 mgr.y (mgr.14150) 9 : audit [DBG] from='client.14164 -' entity='client.admin' cmd=[{"prefix": "dashboard ac-user-create", "username": "admin", "rolename": "administrator", "force_password": true, "pwd_update_required": true, "target": ["mon-mgr", ""]}]: dispatch
2026-03-10T07:19:54.392 INFO:journalctl@ceph.mon.a.vm00.stdout:Mar 10 07:19:54 vm00 bash[20701]: audit
2026-03-10T07:19:53.538451+0000 mgr.y (mgr.14150) 9 : audit [DBG] from='client.14164 -' entity='client.admin' cmd=[{"prefix": "dashboard ac-user-create", "username": "admin", "rolename": "administrator", "force_password": true, "pwd_update_required": true, "target": ["mon-mgr", ""]}]: dispatch
2026-03-10T07:19:54.392 INFO:journalctl@ceph.mon.a.vm00.stdout:Mar 10 07:19:54 vm00 bash[20701]: audit
2026-03-10T07:19:53.691419+0000 mon.a (mon.0) 88 : audit [INF] from='mgr.14150 192.168.123.100:0/934853846' entity='mgr.y'
2026-03-10T07:19:54.392 INFO:journalctl@ceph.mon.a.vm00.stdout:Mar 10 07:19:54 vm00 bash[20701]: audit
2026-03-10T07:19:53.691419+0000 mon.a (mon.0) 88 : audit [INF] from='mgr.14150 192.168.123.100:0/934853846' entity='mgr.y'
2026-03-10T07:19:54.392 INFO:journalctl@ceph.mon.a.vm00.stdout:Mar 10 07:19:54 vm00 bash[20701]: audit
2026-03-10T07:19:54.038598+0000 mon.a (mon.0) 89 : audit [DBG] from='client.? 192.168.123.100:0/2147109762' entity='client.admin' cmd=[{"prefix": "config get", "who": "mgr", "key": "mgr/dashboard/ssl_server_port"}]: dispatch
2026-03-10T07:19:54.392 INFO:journalctl@ceph.mon.a.vm00.stdout:Mar 10 07:19:54 vm00 bash[20701]: audit
2026-03-10T07:19:54.038598+0000 mon.a (mon.0) 89 : audit [DBG] from='client.? 192.168.123.100:0/2147109762' entity='client.admin' cmd=[{"prefix": "config get", "who": "mgr", "key": "mgr/dashboard/ssl_server_port"}]: dispatch
2026-03-10T07:19:54.426 INFO:teuthology.orchestra.run.vm00.stdout:/usr/bin/ceph: stderr
2026-03-10T07:19:54.213+0000 7f412ff49640 1 Processor -- start
2026-03-10T07:19:54.426 INFO:teuthology.orchestra.run.vm00.stdout:/usr/bin/ceph: stderr
2026-03-10T07:19:54.213+0000 7f412ff49640 1 -- start start
2026-03-10T07:19:54.426 INFO:teuthology.orchestra.run.vm00.stdout:/usr/bin/ceph: stderr
2026-03-10T07:19:54.213+0000 7f412ff49640 1 --2- >> [v2:192.168.123.100:3300/0,v1:192.168.123.100:6789/0] conn(0x7f4128108860 0x7f4128108c60 unknown :-1 s=NONE pgs=0 cs=0 l=0 rev1=0 crypto rx=0 tx=0 comp rx=0 tx=0).connect
2026-03-10T07:19:54.426 INFO:teuthology.orchestra.run.vm00.stdout:/usr/bin/ceph: stderr
2026-03-10T07:19:54.213+0000 7f412ff49640 1 -- --> [v2:192.168.123.100:3300/0,v1:192.168.123.100:6789/0] -- mon_getmap magic: 0 -- 0x7f4128109230 con 0x7f4128108860
2026-03-10T07:19:54.426 INFO:teuthology.orchestra.run.vm00.stdout:/usr/bin/ceph: stderr
2026-03-10T07:19:54.213+0000 7f412dcbe640 1 --2- >> [v2:192.168.123.100:3300/0,v1:192.168.123.100:6789/0] conn(0x7f4128108860 0x7f4128108c60 unknown :-1 s=BANNER_CONNECTING pgs=0 cs=0 l=0 rev1=0 crypto rx=0 tx=0 comp rx=0 tx=0)._handle_peer_banner_payload supported=3 required=0
2026-03-10T07:19:54.426 INFO:teuthology.orchestra.run.vm00.stdout:/usr/bin/ceph: stderr
2026-03-10T07:19:54.217+0000 7f412dcbe640 1 --2- >> [v2:192.168.123.100:3300/0,v1:192.168.123.100:6789/0] conn(0x7f4128108860 0x7f4128108c60 unknown :-1 s=HELLO_CONNECTING pgs=0 cs=0 l=0 rev1=1 crypto rx=0 tx=0 comp rx=0 tx=0).handle_hello peer v2:192.168.123.100:3300/0 says I am v2:192.168.123.100:52078/0 (socket says 192.168.123.100:52078)
2026-03-10T07:19:54.426 INFO:teuthology.orchestra.run.vm00.stdout:/usr/bin/ceph: stderr
2026-03-10T07:19:54.217+0000 7f412dcbe640 1 -- 192.168.123.100:0/3322427845 learned_addr learned my addr 192.168.123.100:0/3322427845 (peer_addr_for_me v2:192.168.123.100:0/0)
2026-03-10T07:19:54.426 INFO:teuthology.orchestra.run.vm00.stdout:/usr/bin/ceph: stderr
2026-03-10T07:19:54.217+0000 7f412dcbe640 1 -- 192.168.123.100:0/3322427845 --> [v2:192.168.123.100:3300/0,v1:192.168.123.100:6789/0] -- mon_subscribe({config=0+,monmap=0+}) -- 0x7f4128109a60 con 0x7f4128108860
2026-03-10T07:19:54.427 INFO:teuthology.orchestra.run.vm00.stdout:/usr/bin/ceph: stderr
2026-03-10T07:19:54.217+0000 7f412dcbe640 1 --2- 192.168.123.100:0/3322427845 >> [v2:192.168.123.100:3300/0,v1:192.168.123.100:6789/0] conn(0x7f4128108860 0x7f4128108c60 secure :-1 s=READY pgs=74 cs=0 l=1 rev1=1 crypto rx=0x7f4118009b80 tx=0x7f411802f190 comp rx=0 tx=0).ready entity=mon.0 client_cookie=ac3431987c7a1d69 server_cookie=0 in_seq=0 out_seq=0
2026-03-10T07:19:54.427 INFO:teuthology.orchestra.run.vm00.stdout:/usr/bin/ceph: stderr
2026-03-10T07:19:54.217+0000 7f412ccbc640 1 -- 192.168.123.100:0/3322427845 <== mon.0 v2:192.168.123.100:3300/0 1 ==== mon_map magic: 0 ==== 205+0+0 (secure 0 0 0) 0x7f411803c070 con 0x7f4128108860
2026-03-10T07:19:54.427 INFO:teuthology.orchestra.run.vm00.stdout:/usr/bin/ceph: stderr
2026-03-10T07:19:54.217+0000 7f412ccbc640 1 -- 192.168.123.100:0/3322427845 <== mon.0 v2:192.168.123.100:3300/0 2 ==== config(23 keys) ==== 978+0+0 (secure 0 0 0) 0x7f4118037440 con 0x7f4128108860
2026-03-10T07:19:54.427 INFO:teuthology.orchestra.run.vm00.stdout:/usr/bin/ceph: stderr
