2026-03-10T10:08:16.050 INFO:teuthology.orchestra.run.vm04.stdout:/usr/bin/ceph: stdout "bytes_avail": 0,
2026-03-10T10:08:16.050 INFO:teuthology.orchestra.run.vm04.stdout:/usr/bin/ceph: stdout "bytes_total": 0
2026-03-10T10:08:16.050 INFO:teuthology.orchestra.run.vm04.stdout:/usr/bin/ceph: stdout },
2026-03-10T10:08:16.050 INFO:teuthology.orchestra.run.vm04.stdout:/usr/bin/ceph: stdout "fsmap": {
2026-03-10T10:08:16.050 INFO:teuthology.orchestra.run.vm04.stdout:/usr/bin/ceph: stdout "epoch": 1,
2026-03-10T10:08:16.050 INFO:teuthology.orchestra.run.vm04.stdout:/usr/bin/ceph: stdout "btime": "2026-03-10T10:08:09:663579+0000",
2026-03-10T10:08:16.050 INFO:teuthology.orchestra.run.vm04.stdout:/usr/bin/ceph: stdout "by_rank": [],
2026-03-10T10:08:16.050 INFO:teuthology.orchestra.run.vm04.stdout:/usr/bin/ceph: stdout "up:standby": 0
2026-03-10T10:08:16.050 INFO:teuthology.orchestra.run.vm04.stdout:/usr/bin/ceph: stdout },
2026-03-10T10:08:16.050 INFO:teuthology.orchestra.run.vm04.stdout:/usr/bin/ceph: stdout "mgrmap": {
2026-03-10T10:08:16.050 INFO:teuthology.orchestra.run.vm04.stdout:/usr/bin/ceph: stdout "available": true,
2026-03-10T10:08:16.050 INFO:teuthology.orchestra.run.vm04.stdout:/usr/bin/ceph: stdout "num_standbys": 0,
2026-03-10T10:08:16.050 INFO:teuthology.orchestra.run.vm04.stdout:/usr/bin/ceph: stdout "modules": [
2026-03-10T10:08:16.051 INFO:teuthology.orchestra.run.vm04.stdout:/usr/bin/ceph: stdout "iostat",
2026-03-10T10:08:16.051 INFO:teuthology.orchestra.run.vm04.stdout:/usr/bin/ceph: stdout "nfs",
2026-03-10T10:08:16.051 INFO:teuthology.orchestra.run.vm04.stdout:/usr/bin/ceph: stdout "restful"
2026-03-10T10:08:16.051 INFO:teuthology.orchestra.run.vm04.stdout:/usr/bin/ceph: stdout ],
2026-03-10T10:08:16.051 INFO:teuthology.orchestra.run.vm04.stdout:/usr/bin/ceph: stdout "services": {}
2026-03-10T10:08:16.051 INFO:teuthology.orchestra.run.vm04.stdout:/usr/bin/ceph: stdout },
2026-03-10T10:08:16.051 INFO:teuthology.orchestra.run.vm04.stdout:/usr/bin/ceph: stdout "servicemap": {
2026-03-10T10:08:16.051 INFO:teuthology.orchestra.run.vm04.stdout:/usr/bin/ceph: stdout "epoch": 1,
2026-03-10T10:08:16.051 INFO:teuthology.orchestra.run.vm04.stdout:/usr/bin/ceph: stdout "modified": "2026-03-10T10:08:09.664216+0000",
2026-03-10T10:08:16.051 INFO:teuthology.orchestra.run.vm04.stdout:/usr/bin/ceph: stdout "services": {}
2026-03-10T10:08:16.051 INFO:teuthology.orchestra.run.vm04.stdout:/usr/bin/ceph: stdout },
2026-03-10T10:08:16.051 INFO:teuthology.orchestra.run.vm04.stdout:/usr/bin/ceph: stdout "progress_events": {}
2026-03-10T10:08:16.051 INFO:teuthology.orchestra.run.vm04.stdout:/usr/bin/ceph: stdout }
2026-03-10T10:08:16.051 INFO:teuthology.orchestra.run.vm04.stdout:/usr/bin/ceph: stderr
2026-03-10T10:08:15.872+0000 7f3bc4b68640 1 Processor -- start
2026-03-10T10:08:16.051 INFO:teuthology.orchestra.run.vm04.stdout:/usr/bin/ceph: stderr
2026-03-10T10:08:15.872+0000 7f3bc4b68640 1 -- start start
2026-03-10T10:08:16.051 INFO:teuthology.orchestra.run.vm04.stdout:/usr/bin/ceph: stderr
2026-03-10T10:08:15.872+0000 7f3bc4b68640 1 --2- >> [v2:192.168.123.104:3300/0,v1:192.168.123.104:6789/0] conn(0x7f3bc0108b50 0x7f3bc0108f50 unknown :-1 s=NONE pgs=0 cs=0 l=0 rev1=0 crypto rx=0 tx=0 comp rx=0 tx=0).connect
2026-03-10T10:08:16.051 INFO:teuthology.orchestra.run.vm04.stdout:/usr/bin/ceph: stderr
2026-03-10T10:08:15.872+0000 7f3bc4b68640 1 -- --> [v2:192.168.123.104:3300/0,v1:192.168.123.104:6789/0] -- mon_getmap magic: 0 -- 0x7f3bc0109520 con 0x7f3bc0108b50
2026-03-10T10:08:16.051 INFO:teuthology.orchestra.run.vm04.stdout:/usr/bin/ceph: stderr
2026-03-10T10:08:15.872+0000 7f3bbe575640 1 --2- >> [v2:192.168.123.104:3300/0,v1:192.168.123.104:6789/0] conn(0x7f3bc0108b50 0x7f3bc0108f50 unknown :-1 s=BANNER_CONNECTING pgs=0 cs=0 l=0 rev1=0 crypto rx=0 tx=0 comp rx=0 tx=0)._handle_peer_banner_payload supported=3 required=0
2026-03-10T10:08:16.051 INFO:teuthology.orchestra.run.vm04.stdout:/usr/bin/ceph: stderr
2026-03-10T10:08:15.872+0000 7f3bbe575640 1 --2- >> [v2:192.168.123.104:3300/0,v1:192.168.123.104:6789/0] conn(0x7f3bc0108b50 0x7f3bc0108f50 unknown :-1 s=HELLO_CONNECTING pgs=0 cs=0 l=0 rev1=1 crypto rx=0 tx=0 comp rx=0 tx=0).handle_hello peer v2:192.168.123.104:3300/0 says I am v2:192.168.123.104:55102/0 (socket says 192.168.123.104:55102)
2026-03-10T10:08:16.051 INFO:teuthology.orchestra.run.vm04.stdout:/usr/bin/ceph: stderr
2026-03-10T10:08:15.872+0000 7f3bbe575640 1 -- 192.168.123.104:0/2860701123 learned_addr learned my addr 192.168.123.104:0/2860701123 (peer_addr_for_me v2:192.168.123.104:0/0)
2026-03-10T10:08:16.051 INFO:teuthology.orchestra.run.vm04.stdout:/usr/bin/ceph: stderr
2026-03-10T10:08:15.872+0000 7f3bbe575640 1 -- 192.168.123.104:0/2860701123 --> [v2:192.168.123.104:3300/0,v1:192.168.123.104:6789/0] -- mon_subscribe({config=0+,monmap=0+}) -- 0x7f3bc0109d50 con 0x7f3bc0108b50
2026-03-10T10:08:16.051 INFO:teuthology.orchestra.run.vm04.stdout:/usr/bin/ceph: stderr
2026-03-10T10:08:15.872+0000 7f3bbe575640 1 --2- 192.168.123.104:0/2860701123 >> [v2:192.168.123.104:3300/0,v1:192.168.123.104:6789/0] conn(0x7f3bc0108b50 0x7f3bc0108f50 secure :-1 s=READY pgs=16 cs=0 l=1 rev1=1 crypto rx=0x7f3bb4009b80 tx=0x7f3bb402f190 comp rx=0 tx=0).ready entity=mon.0 client_cookie=8b4880305c9039ef server_cookie=0 in_seq=0 out_seq=0
2026-03-10T10:08:16.051 INFO:teuthology.orchestra.run.vm04.stdout:/usr/bin/ceph: stderr
2026-03-10T10:08:15.872+0000 7f3bbd573640 1 -- 192.168.123.104:0/2860701123 <== mon.0 v2:192.168.123.104:3300/0 1 ==== mon_map magic: 0 ==== 205+0+0 (secure 0 0 0) 0x7f3bb403c070 con 0x7f3bc0108b50
2026-03-10T10:08:16.051 INFO:teuthology.orchestra.run.vm04.stdout:/usr/bin/ceph: stderr
2026-03-10T10:08:15.872+0000 7f3bbd573640 1 -- 192.168.123.104:0/2860701123 <== mon.0 v2:192.168.123.104:3300/0 2 ==== config(25 keys) ==== 998+0+0 (secure 0 0 0) 0x7f3bb4037440 con 0x7f3bc0108b50
2026-03-10T10:08:16.051 INFO:teuthology.orchestra.run.vm04.stdout:/usr/bin/ceph: stderr
2026-03-10T10:08:15.872+0000 7f3bbd573640 1 -- 192.168.123.104:0/2860701123 <== mon.0 v2:192.168.123.104:3300/0 3 ==== mon_map magic: 0 ==== 205+0+0 (secure 0 0 0) 0x7f3bb40353a0 con 0x7f3bc0108b50
2026-03-10T10:08:16.051 INFO:teuthology.orchestra.run.vm04.stdout:/usr/bin/ceph: stderr
2026-03-10T10:08:15.872+0000 7f3bc4b68640 1 -- 192.168.123.104:0/2860701123 >> [v2:192.168.123.104:3300/0,v1:192.168.123.104:6789/0] conn(0x7f3bc0108b50 msgr2=0x7f3bc0108f50 secure :-1 s=STATE_CONNECTION_ESTABLISHED l=1).mark_down
2026-03-10T10:08:16.051 INFO:teuthology.orchestra.run.vm04.stdout:/usr/bin/ceph: stderr
2026-03-10T10:08:15.872+0000 7f3bc4b68640 1 --2- 192.168.123.104:0/2860701123 >> [v2:192.168.123.104:3300/0,v1:192.168.123.104:6789/0] conn(0x7f3bc0108b50 0x7f3bc0108f50 secure :-1 s=READY pgs=16 cs=0 l=1 rev1=1 crypto rx=0x7f3bb4009b80 tx=0x7f3bb402f190 comp rx=0 tx=0).stop
2026-03-10T10:08:16.051 INFO:teuthology.orchestra.run.vm04.stdout:/usr/bin/ceph: stderr
2026-03-10T10:08:15.876+0000 7f3bc4b68640 1 -- 192.168.123.104:0/2860701123 shutdown_connections
2026-03-10T10:08:16.051 INFO:teuthology.orchestra.run.vm04.stdout:/usr/bin/ceph: stderr
2026-03-10T10:08:15.876+0000 7f3bc4b68640 1 --2- 192.168.123.104:0/2860701123 >> [v2:192.168.123.104:3300/0,v1:192.168.123.104:6789/0] conn(0x7f3bc0108b50 0x7f3bc0108f50 unknown :-1 s=CLOSED pgs=16 cs=0 l=1 rev1=1 crypto rx=0 tx=0 comp rx=0 tx=0).stop
2026-03-10T10:08:16.051 INFO:teuthology.orchestra.run.vm04.stdout:/usr/bin/ceph: stderr
2026-03-10T10:08:15.876+0000 7f3bc4b68640 1 -- 192.168.123.104:0/2860701123 >> 192.168.123.104:0/2860701123 conn(0x7f3bc007c030 msgr2=0x7f3bc007c440 unknown :-1 s=STATE_NONE l=0).mark_down
2026-03-10T10:08:16.051 INFO:teuthology.orchestra.run.vm04.stdout:/usr/bin/ceph: stderr
2026-03-10T10:08:15.876+0000 7f3bc4b68640 1 -- 192.168.123.104:0/2860701123 shutdown_connections
2026-03-10T10:08:16.051 INFO:teuthology.orchestra.run.vm04.stdout:/usr/bin/ceph: stderr
2026-03-10T10:08:15.876+0000 7f3bc4b68640 1 -- 192.168.123.104:0/2860701123 wait complete.
2026-03-10T10:08:16.051 INFO:teuthology.orchestra.run.vm04.stdout:/usr/bin/ceph: stderr
2026-03-10T10:08:15.876+0000 7f3bc4b68640 1 Processor -- start
2026-03-10T10:08:16.051 INFO:teuthology.orchestra.run.vm04.stdout:/usr/bin/ceph: stderr
2026-03-10T10:08:15.876+0000 7f3bc4b68640 1 -- start start
2026-03-10T10:08:16.051 INFO:teuthology.orchestra.run.vm04.stdout:/usr/bin/ceph: stderr
2026-03-10T10:08:15.876+0000 7f3bc4b68640 1 --2- >> [v2:192.168.123.104:3300/0,v1:192.168.123.104:6789/0] conn(0x7f3bc0108b50 0x7f3bc019e9b0 unknown :-1 s=NONE pgs=0 cs=0 l=1 rev1=0 crypto rx=0 tx=0 comp rx=0 tx=0).connect
2026-03-10T10:08:16.051 INFO:teuthology.orchestra.run.vm04.stdout:/usr/bin/ceph: stderr
2026-03-10T10:08:15.876+0000 7f3bbe575640 1 --2- >> [v2:192.168.123.104:3300/0,v1:192.168.123.104:6789/0] conn(0x7f3bc0108b50 0x7f3bc019e9b0 unknown :-1 s=BANNER_CONNECTING pgs=0 cs=0 l=1 rev1=0 crypto rx=0 tx=0 comp rx=0 tx=0)._handle_peer_banner_payload supported=3 required=0
2026-03-10T10:08:16.051 INFO:teuthology.orchestra.run.vm04.stdout:/usr/bin/ceph: stderr
2026-03-10T10:08:15.876+0000 7f3bbe575640 1 --2- >> [v2:192.168.123.104:3300/0,v1:192.168.123.104:6789/0] conn(0x7f3bc0108b50 0x7f3bc019e9b0 unknown :-1 s=HELLO_CONNECTING pgs=0 cs=0 l=1 rev1=1 crypto rx=0 tx=0 comp rx=0 tx=0).handle_hello peer v2:192.168.123.104:3300/0 says I am v2:192.168.123.104:55106/0 (socket says 192.168.123.104:55106)
2026-03-10T10:08:16.051 INFO:teuthology.orchestra.run.vm04.stdout:/usr/bin/ceph: stderr
2026-03-10T10:08:15.876+0000 7f3bbe575640 1 -- 192.168.123.104:0/2656217666 learned_addr learned my addr 192.168.123.104:0/2656217666 (peer_addr_for_me v2:192.168.123.104:0/0)
2026-03-10T10:08:16.051 INFO:teuthology.orchestra.run.vm04.stdout:/usr/bin/ceph: stderr
2026-03-10T10:08:15.876+0000 7f3bc4b68640 1 -- --> [v2:192.168.123.104:3300/0,v1:192.168.123.104:6789/0] -- mon_getmap magic: 0 -- 0x7f3bc010cf80 con 0x7f3bc0108b50
2026-03-10T10:08:16.051 INFO:teuthology.orchestra.run.vm04.stdout:/usr/bin/ceph: stderr
2026-03-10T10:08:15.876+0000 7f3bbe575640 1 -- 192.168.123.104:0/2656217666 --> [v2:192.168.123.104:3300/0,v1:192.168.123.104:6789/0] -- mon_subscribe({config=0+,monmap=0+}) -- 0x7f3bc019eef0 con 0x7f3bc0108b50
2026-03-10T10:08:16.051 INFO:teuthology.orchestra.run.vm04.stdout:/usr/bin/ceph: stderr
2026-03-10T10:08:15.876+0000 7f3bbe575640 1 --2- 192.168.123.104:0/2656217666 >> [v2:192.168.123.104:3300/0,v1:192.168.123.104:6789/0] conn(0x7f3bc0108b50 0x7f3bc019e9b0 secure :-1 s=READY pgs=17 cs=0 l=1 rev1=1 crypto rx=0x7f3bb403a040 tx=0x7f3bb4035480 comp rx=0 tx=0).ready entity=mon.0 client_cookie=0 server_cookie=0 in_seq=0 out_seq=0
2026-03-10T10:08:16.051 INFO:teuthology.orchestra.run.vm04.stdout:/usr/bin/ceph: stderr
2026-03-10T10:08:15.876+0000 7f3ba77fe640 1 -- 192.168.123.104:0/2656217666 <== mon.0 v2:192.168.123.104:3300/0 1 ==== mon_map magic: 0 ==== 205+0+0 (secure 0 0 0) 0x7f3bb403c070 con 0x7f3bc0108b50
2026-03-10T10:08:16.051 INFO:teuthology.orchestra.run.vm04.stdout:/usr/bin/ceph: stderr
2026-03-10T10:08:15.876+0000 7f3ba77fe640 1 -- 192.168.123.104:0/2656217666 <== mon.0 v2:192.168.123.104:3300/0 2 ==== config(25 keys) ==== 998+0+0 (secure 0 0 0) 0x7f3bb4044070 con 0x7f3bc0108b50
2026-03-10T10:08:16.051 INFO:teuthology.orchestra.run.vm04.stdout:/usr/bin/ceph: stderr
2026-03-10T10:08:15.876+0000 7f3ba77fe640 1 -- 192.168.123.104:0/2656217666 <== mon.0 v2:192.168.123.104:3300/0 3 ==== mon_map magic: 0 ==== 205+0+0 (secure 0 0 0) 0x7f3bb4035920 con 0x7f3bc0108b50
2026-03-10T10:08:16.051 INFO:teuthology.orchestra.run.vm04.stdout:/usr/bin/ceph: stderr
2026-03-10T10:08:15.876+0000 7f3bc4b68640 1 -- 192.168.123.104:0/2656217666 --> [v2:192.168.123.104:3300/0,v1:192.168.123.104:6789/0] -- mon_subscribe({mgrmap=0+}) -- 0x7f3bc019f180 con 0x7f3bc0108b50
2026-03-10T10:08:16.051 INFO:teuthology.orchestra.run.vm04.stdout:/usr/bin/ceph: stderr
2026-03-10T10:08:15.876+0000 7f3bc4b68640 1 -- 192.168.123.104:0/2656217666 --> [v2:192.168.123.104:3300/0,v1:192.168.123.104:6789/0] -- mon_subscribe({osdmap=0}) -- 0x7f3bc019f5a0 con 0x7f3bc0108b50
2026-03-10T10:08:16.051 INFO:teuthology.orchestra.run.vm04.stdout:/usr/bin/ceph: stderr
2026-03-10T10:08:15.876+0000 7f3ba77fe640 1 -- 192.168.123.104:0/2656217666 <== mon.0 v2:192.168.123.104:3300/0 4 ==== mgrmap(e 3) ==== 50095+0+0 (secure 0 0 0) 0x7f3bb4035ac0 con 0x7f3bc0108b50
2026-03-10T10:08:16.051 INFO:teuthology.orchestra.run.vm04.stdout:/usr/bin/ceph: stderr
2026-03-10T10:08:15.876+0000 7f3bc4b68640 1 -- 192.168.123.104:0/2656217666 --> [v2:192.168.123.104:3300/0,v1:192.168.123.104:6789/0] -- mon_command({"prefix": "get_command_descriptions"} v 0) -- 0x7f3b84005180 con 0x7f3bc0108b50
2026-03-10T10:08:16.051 INFO:teuthology.orchestra.run.vm04.stdout:/usr/bin/ceph: stderr
2026-03-10T10:08:15.876+0000 7f3ba77fe640 1 --2- 192.168.123.104:0/2656217666 >> v2:192.168.123.104:6800/887024688 conn(0x7f3b9403da90 0x7f3b9403ff50 unknown :-1 s=NONE pgs=0 cs=0 l=1 rev1=0 crypto rx=0 tx=0 comp rx=0 tx=0).connect
2026-03-10T10:08:16.051 INFO:teuthology.orchestra.run.vm04.stdout:/usr/bin/ceph: stderr
2026-03-10T10:08:15.876+0000 7f3ba77fe640 1 -- 192.168.123.104:0/2656217666 <== mon.0 v2:192.168.123.104:3300/0 5 ==== osd_map(1..1 src has 1..1) ==== 725+0+0 (secure 0 0 0) 0x7f3bb4076270 con 0x7f3bc0108b50
2026-03-10T10:08:16.051 INFO:teuthology.orchestra.run.vm04.stdout:/usr/bin/ceph: stderr
2026-03-10T10:08:15.880+0000 7f3bbdd74640 1 --2- 192.168.123.104:0/2656217666 >> v2:192.168.123.104:6800/887024688 conn(0x7f3b9403da90 0x7f3b9403ff50 unknown :-1 s=BANNER_CONNECTING pgs=0 cs=0 l=1 rev1=0 crypto rx=0 tx=0 comp rx=0 tx=0)._handle_peer_banner_payload supported=3 required=0
2026-03-10T10:08:16.051 INFO:teuthology.orchestra.run.vm04.stdout:/usr/bin/ceph: stderr
2026-03-10T10:08:15.880+0000 7f3bbdd74640 1 --2- 192.168.123.104:0/2656217666 >> v2:192.168.123.104:6800/887024688 conn(0x7f3b9403da90 0x7f3b9403ff50 secure :-1 s=READY pgs=6 cs=0 l=1 rev1=1 crypto rx=0x7f3ba80099c0 tx=0x7f3ba8006eb0 comp rx=0 tx=0).ready entity=mgr.14100 client_cookie=0 server_cookie=0 in_seq=0 out_seq=0
2026-03-10T10:08:16.051 INFO:teuthology.orchestra.run.vm04.stdout:/usr/bin/ceph: stderr
2026-03-10T10:08:15.880+0000 7f3ba77fe640 1 -- 192.168.123.104:0/2656217666 <== mon.0 v2:192.168.123.104:3300/0 6 ==== mon_command_ack([{"prefix": "get_command_descriptions"}]=0 v0) ==== 72+0+195034 (secure 0 0 0) 0x7f3bb404e1f0 con 0x7f3bc0108b50
2026-03-10T10:08:16.051 INFO:teuthology.orchestra.run.vm04.stdout:/usr/bin/ceph: stderr
2026-03-10T10:08:16.008+0000 7f3bc4b68640 1 -- 192.168.123.104:0/2656217666 --> [v2:192.168.123.104:3300/0,v1:192.168.123.104:6789/0] -- mon_command({"prefix": "status", "format": "json-pretty"} v 0) -- 0x7f3b84005470 con 0x7f3bc0108b50
2026-03-10T10:08:16.051 INFO:teuthology.orchestra.run.vm04.stdout:/usr/bin/ceph: stderr
2026-03-10T10:08:16.008+0000 7f3ba77fe640 1 -- 192.168.123.104:0/2656217666 <== mon.0 v2:192.168.123.104:3300/0 7 ==== mon_command_ack([{"prefix": "status", "format": "json-pretty"}]=0 v0) ==== 79+0+1290 (secure 0 0 0) 0x7f3bb4035de0 con 0x7f3bc0108b50
2026-03-10T10:08:16.051 INFO:teuthology.orchestra.run.vm04.stdout:/usr/bin/ceph: stderr
2026-03-10T10:08:16.008+0000 7f3bc4b68640 1 -- 192.168.123.104:0/2656217666 >> v2:192.168.123.104:6800/887024688 conn(0x7f3b9403da90 msgr2=0x7f3b9403ff50 secure :-1 s=STATE_CONNECTION_ESTABLISHED l=1).mark_down
2026-03-10T10:08:16.051 INFO:teuthology.orchestra.run.vm04.stdout:/usr/bin/ceph: stderr
2026-03-10T10:08:16.008+0000 7f3bc4b68640 1 --2- 192.168.123.104:0/2656217666 >> v2:192.168.123.104:6800/887024688 conn(0x7f3b9403da90 0x7f3b9403ff50 secure :-1 s=READY pgs=6 cs=0 l=1 rev1=1 crypto rx=0x7f3ba80099c0 tx=0x7f3ba8006eb0 comp rx=0 tx=0).stop
2026-03-10T10:08:16.051 INFO:teuthology.orchestra.run.vm04.stdout:/usr/bin/ceph: stderr
2026-03-10T10:08:16.008+0000 7f3bc4b68640 1 -- 192.168.123.104:0/2656217666 >> [v2:192.168.123.104:3300/0,v1:192.168.123.104:6789/0] conn(0x7f3bc0108b50 msgr2=0x7f3bc019e9b0 secure :-1 s=STATE_CONNECTION_ESTABLISHED l=1).mark_down
2026-03-10T10:08:16.051 INFO:teuthology.orchestra.run.vm04.stdout:/usr/bin/ceph: stderr
2026-03-10T10:08:16.008+0000 7f3bc4b68640 1 --2- 192.168.123.104:0/2656217666 >> [v2:192.168.123.104:3300/0,v1:192.168.123.104:6789/0] conn(0x7f3bc0108b50 0x7f3bc019e9b0 secure :-1 s=READY pgs=17 cs=0 l=1 rev1=1 crypto rx=0x7f3bb403a040 tx=0x7f3bb4035480 comp rx=0 tx=0).stop
2026-03-10T10:08:16.051 INFO:teuthology.orchestra.run.vm04.stdout:/usr/bin/ceph: stderr
2026-03-10T10:08:16.012+0000 7f3bc4b68640 1 -- 192.168.123.104:0/2656217666 shutdown_connections
2026-03-10T10:08:16.051 INFO:teuthology.orchestra.run.vm04.stdout:/usr/bin/ceph: stderr
2026-03-10T10:08:16.012+0000 7f3bc4b68640 1 --2- 192.168.123.104:0/2656217666 >> v2:192.168.123.104:6800/887024688 conn(0x7f3b9403da90 0x7f3b9403ff50 unknown :-1 s=CLOSED pgs=6 cs=0 l=1 rev1=1 crypto rx=0 tx=0 comp rx=0 tx=0).stop
2026-03-10T10:08:16.051 INFO:teuthology.orchestra.run.vm04.stdout:/usr/bin/ceph: stderr
2026-03-10T10:08:16.012+0000 7f3bc4b68640 1 --2- 192.168.123.104:0/2656217666 >> [v2:192.168.123.104:3300/0,v1:192.168.123.104:6789/0] conn(0x7f3bc0108b50 0x7f3bc019e9b0 unknown :-1 s=CLOSED pgs=17 cs=0 l=1 rev1=1 crypto rx=0 tx=0 comp rx=0 tx=0).stop
2026-03-10T10:08:16.051 INFO:teuthology.orchestra.run.vm04.stdout:/usr/bin/ceph: stderr
2026-03-10T10:08:16.012+0000 7f3bc4b68640 1 -- 192.168.123.104:0/2656217666 >> 192.168.123.104:0/2656217666 conn(0x7f3bc007c030 msgr2=0x7f3bc0106080 unknown :-1 s=STATE_NONE l=0).mark_down
2026-03-10T10:08:16.052 INFO:teuthology.orchestra.run.vm04.stdout:/usr/bin/ceph: stderr
2026-03-10T10:08:16.012+0000 7f3bc4b68640 1 -- 192.168.123.104:0/2656217666 shutdown_connections
2026-03-10T10:08:16.052 INFO:teuthology.orchestra.run.vm04.stdout:/usr/bin/ceph: stderr
2026-03-10T10:08:16.012+0000 7f3bc4b68640 1 -- 192.168.123.104:0/2656217666 wait complete.
2026-03-10T10:08:16.052 INFO:teuthology.orchestra.run.vm04.stdout:mgr is available
2026-03-10T10:08:16.296 INFO:teuthology.orchestra.run.vm04.stdout:/usr/bin/ceph: stdout
2026-03-10T10:08:16.296 INFO:teuthology.orchestra.run.vm04.stdout:/usr/bin/ceph: stdout [global]
2026-03-10T10:08:16.296 INFO:teuthology.orchestra.run.vm04.stdout:/usr/bin/ceph: stdout fsid = e4c1c9d6-1c68-11f1-a9bd-116050875839
2026-03-10T10:08:16.297 INFO:teuthology.orchestra.run.vm04.stdout:/usr/bin/ceph: stdout mon_cluster_log_file_level = debug
2026-03-10T10:08:16.297 INFO:teuthology.orchestra.run.vm04.stdout:/usr/bin/ceph: stdout mon_host = [v2:192.168.123.104:3300,v1:192.168.123.104:6789]
2026-03-10T10:08:16.297 INFO:teuthology.orchestra.run.vm04.stdout:/usr/bin/ceph: stdout mon_osd_allow_pg_remap = true
2026-03-10T10:08:16.297 INFO:teuthology.orchestra.run.vm04.stdout:/usr/bin/ceph: stdout mon_osd_allow_primary_affinity = true
2026-03-10T10:08:16.297 INFO:teuthology.orchestra.run.vm04.stdout:/usr/bin/ceph: stdout mon_warn_on_no_sortbitwise = false
2026-03-10T10:08:16.297 INFO:teuthology.orchestra.run.vm04.stdout:/usr/bin/ceph: stdout osd_crush_chooseleaf_type = 0
2026-03-10T10:08:16.297 INFO:teuthology.orchestra.run.vm04.stdout:/usr/bin/ceph: stdout
2026-03-10T10:08:16.297 INFO:teuthology.orchestra.run.vm04.stdout:/usr/bin/ceph: stdout [mgr]
2026-03-10T10:08:16.297 INFO:teuthology.orchestra.run.vm04.stdout:/usr/bin/ceph: stdout mgr/telemetry/nag = false
2026-03-10T10:08:16.297 INFO:teuthology.orchestra.run.vm04.stdout:/usr/bin/ceph: stdout
2026-03-10T10:08:16.297 INFO:teuthology.orchestra.run.vm04.stdout:/usr/bin/ceph: stdout [osd]
2026-03-10T10:08:16.297 INFO:teuthology.orchestra.run.vm04.stdout:/usr/bin/ceph: stdout osd_map_max_advance = 10
2026-03-10T10:08:16.297 INFO:teuthology.orchestra.run.vm04.stdout:/usr/bin/ceph: stdout osd_sloppy_crc = true
2026-03-10T10:08:16.297 INFO:teuthology.orchestra.run.vm04.stdout:/usr/bin/ceph: stderr
2026-03-10T10:08:16.148+0000 7fa7d2d0f640 1 Processor -- start
2026-03-10T10:08:16.297 INFO:teuthology.orchestra.run.vm04.stdout:/usr/bin/ceph: stderr
2026-03-10T10:08:16.148+0000 7fa7d2d0f640 1 -- start start
2026-03-10T10:08:16.297 INFO:teuthology.orchestra.run.vm04.stdout:/usr/bin/ceph: stderr
2026-03-10T10:08:16.152+0000 7fa7d2d0f640 1 --2- >> [v2:192.168.123.104:3300/0,v1:192.168.123.104:6789/0] conn(0x7fa7cc07c7d0 0x7fa7cc07ac30 unknown :-1 s=NONE pgs=0 cs=0 l=0 rev1=0 crypto rx=0 tx=0 comp rx=0 tx=0).connect
2026-03-10T10:08:16.297 INFO:teuthology.orchestra.run.vm04.stdout:/usr/bin/ceph: stderr
2026-03-10T10:08:16.152+0000 7fa7d2d0f640 1 -- --> [v2:192.168.123.104:3300/0,v1:192.168.123.104:6789/0] -- mon_getmap magic: 0 -- 0x7fa7cc07b170 con 0x7fa7cc07c7d0
2026-03-10T10:08:16.297 INFO:teuthology.orchestra.run.vm04.stdout:/usr/bin/ceph: stderr
2026-03-10T10:08:16.152+0000 7fa7d1d0d640 1 --2- >> [v2:192.168.123.104:3300/0,v1:192.168.123.104:6789/0] conn(0x7fa7cc07c7d0 0x7fa7cc07ac30 unknown :-1 s=BANNER_CONNECTING pgs=0 cs=0 l=0 rev1=0 crypto rx=0 tx=0 comp rx=0 tx=0)._handle_peer_banner_payload supported=3 required=0
2026-03-10T10:08:16.297 INFO:teuthology.orchestra.run.vm04.stdout:/usr/bin/ceph: stderr
2026-03-10T10:08:16.152+0000 7fa7d1d0d640 1 --2- >> [v2:192.168.123.104:3300/0,v1:192.168.123.104:6789/0] conn(0x7fa7cc07c7d0 0x7fa7cc07ac30 unknown :-1 s=HELLO_CONNECTING pgs=0 cs=0 l=0 rev1=1 crypto rx=0 tx=0 comp rx=0 tx=0).handle_hello peer v2:192.168.123.104:3300/0 says I am v2:192.168.123.104:55114/0 (socket says 192.168.123.104:55114)
2026-03-10T10:08:16.297 INFO:teuthology.orchestra.run.vm04.stdout:/usr/bin/ceph: stderr
2026-03-10T10:08:16.152+0000 7fa7d1d0d640 1 -- 192.168.123.104:0/721363772 learned_addr learned my addr 192.168.123.104:0/721363772 (peer_addr_for_me v2:192.168.123.104:0/0)
2026-03-10T10:08:16.297 INFO:teuthology.orchestra.run.vm04.stdout:/usr/bin/ceph: stderr
2026-03-10T10:08:16.152+0000 7fa7d1d0d640 1 -- 192.168.123.104:0/721363772 --> [v2:192.168.123.104:3300/0,v1:192.168.123.104:6789/0] -- mon_subscribe({config=0+,monmap=0+}) -- 0x7fa7cc07b2f0 con 0x7fa7cc07c7d0
2026-03-10T10:08:16.297 INFO:teuthology.orchestra.run.vm04.stdout:/usr/bin/ceph: stderr
2026-03-10T10:08:16.152+0000 7fa7d1d0d640 1 --2- 192.168.123.104:0/721363772 >> [v2:192.168.123.104:3300/0,v1:192.168.123.104:6789/0] conn(0x7fa7cc07c7d0 0x7fa7cc07ac30 secure :-1 s=READY pgs=18 cs=0 l=1 rev1=1 crypto rx=0x7fa7c0009920 tx=0x7fa7c002ef20 comp rx=0 tx=0).ready entity=mon.0 client_cookie=1d44428363c4e42f server_cookie=0 in_seq=0 out_seq=0
2026-03-10T10:08:16.297 INFO:teuthology.orchestra.run.vm04.stdout:/usr/bin/ceph: stderr
2026-03-10T10:08:16.152+0000 7fa7d0d0b640 1 -- 192.168.123.104:0/721363772 <== mon.0 v2:192.168.123.104:3300/0 1 ==== mon_map magic: 0 ==== 205+0+0 (secure 0 0 0) 0x7fa7c003c070 con 0x7fa7cc07c7d0
2026-03-10T10:08:16.297 INFO:teuthology.orchestra.run.vm04.stdout:/usr/bin/ceph: stderr
2026-03-10T10:08:16.152+0000 7fa7d0d0b640 1 -- 192.168.123.104:0/721363772 <== mon.0 v2:192.168.123.104:3300/0 2 ==== config(25 keys) ==== 998+0+0 (secure 0 0 0) 0x7fa7c0037440 con 0x7fa7cc07c7d0
2026-03-10T10:08:16.297 INFO:teuthology.orchestra.run.vm04.stdout:/usr/bin/ceph: stderr
2026-03-10T10:08:16.152+0000 7fa7d2d0f640 1 -- 192.168.123.104:0/721363772 >> [v2:192.168.123.104:3300/0,v1:192.168.123.104:6789/0] conn(0x7fa7cc07c7d0 msgr2=0x7fa7cc07ac30 secure :-1 s=STATE_CONNECTION_ESTABLISHED l=1).mark_down
2026-03-10T10:08:16.297 INFO:teuthology.orchestra.run.vm04.stdout:/usr/bin/ceph: stderr
2026-03-10T10:08:16.152+0000 7fa7d2d0f640 1 --2- 192.168.123.104:0/721363772 >> [v2:192.168.123.104:3300/0,v1:192.168.123.104:6789/0] conn(0x7fa7cc07c7d0 0x7fa7cc07ac30 secure :-1 s=READY pgs=18 cs=0 l=1 rev1=1 crypto rx=0x7fa7c0009920 tx=0x7fa7c002ef20 comp rx=0 tx=0).stop
2026-03-10T10:08:16.297 INFO:teuthology.orchestra.run.vm04.stdout:/usr/bin/ceph: stderr
2026-03-10T10:08:16.152+0000 7fa7d2d0f640 1 -- 192.168.123.104:0/721363772 shutdown_connections
2026-03-10T10:08:16.297 INFO:teuthology.orchestra.run.vm04.stdout:/usr/bin/ceph: stderr
2026-03-10T10:08:16.152+0000 7fa7d2d0f640 1 --2- 192.168.123.104:0/721363772 >> [v2:192.168.123.104:3300/0,v1:192.168.123.104:6789/0] conn(0x7fa7cc07c7d0 0x7fa7cc07ac30 unknown :-1 s=CLOSED pgs=18 cs=0 l=1 rev1=1 crypto rx=0 tx=0 comp rx=0 tx=0).stop
2026-03-10T10:08:16.297 INFO:teuthology.orchestra.run.vm04.stdout:/usr/bin/ceph: stderr
2026-03-10T10:08:16.152+0000 7fa7d2d0f640 1 -- 192.168.123.104:0/721363772 >> 192.168.123.104:0/721363772 conn(0x7fa7cc101ed0 msgr2=0x7fa7cc1042f0 unknown :-1 s=STATE_NONE l=0).mark_down
2026-03-10T10:08:16.297 INFO:teuthology.orchestra.run.vm04.stdout:/usr/bin/ceph: stderr
2026-03-10T10:08:16.152+0000 7fa7d2d0f640 1 -- 192.168.123.104:0/721363772 shutdown_connections
2026-03-10T10:08:16.297 INFO:teuthology.orchestra.run.vm04.stdout:/usr/bin/ceph: stderr
2026-03-10T10:08:16.152+0000 7fa7d2d0f640 1 -- 192.168.123.104:0/721363772 wait complete.
2026-03-10T10:08:16.297 INFO:teuthology.orchestra.run.vm04.stdout:/usr/bin/ceph: stderr
2026-03-10T10:08:16.152+0000 7fa7d2d0f640 1 Processor -- start
2026-03-10T10:08:16.297 INFO:teuthology.orchestra.run.vm04.stdout:/usr/bin/ceph: stderr
2026-03-10T10:08:16.152+0000 7fa7d2d0f640 1 -- start start
2026-03-10T10:08:16.297 INFO:teuthology.orchestra.run.vm04.stdout:/usr/bin/ceph: stderr
2026-03-10T10:08:16.152+0000 7fa7d2d0f640 1 --2- >> [v2:192.168.123.104:3300/0,v1:192.168.123.104:6789/0] conn(0x7fa7cc07c7d0 0x7fa7cc1a2d50 unknown :-1 s=NONE pgs=0 cs=0 l=1 rev1=0 crypto rx=0 tx=0 comp rx=0 tx=0).connect
2026-03-10T10:08:16.297 INFO:teuthology.orchestra.run.vm04.stdout:/usr/bin/ceph: stderr
2026-03-10T10:08:16.152+0000 7fa7d2d0f640 1 -- --> [v2:192.168.123.104:3300/0,v1:192.168.123.104:6789/0] -- mon_getmap magic: 0 -- 0x7fa7cc1086e0 con 0x7fa7cc07c7d0
2026-03-10T10:08:16.297 INFO:teuthology.orchestra.run.vm04.stdout:/usr/bin/ceph: stderr
2026-03-10T10:08:16.152+0000 7fa7d1d0d640 1 --2- >> [v2:192.168.123.104:3300/0,v1:192.168.123.104:6789/0] conn(0x7fa7cc07c7d0 0x7fa7cc1a2d50 unknown :-1 s=BANNER_CONNECTING pgs=0 cs=0 l=1 rev1=0 crypto rx=0 tx=0 comp rx=0 tx=0)._handle_peer_banner_payload supported=3 required=0
2026-03-10T10:08:16.297 INFO:teuthology.orchestra.run.vm04.stdout:/usr/bin/ceph: stderr
2026-03-10T10:08:16.152+0000 7fa7d1d0d640 1 --2- >> [v2:192.168.123.104:3300/0,v1:192.168.123.104:6789/0] conn(0x7fa7cc07c7d0 0x7fa7cc1a2d50 unknown :-1 s=HELLO_CONNECTING pgs=0 cs=0 l=1 rev1=1 crypto rx=0 tx=0 comp rx=0 tx=0).handle_hello peer v2:192.168.123.104:3300/0 says I am v2:192.168.123.104:55126/0 (socket says 192.168.123.104:55126)
2026-03-10T10:08:16.297 INFO:teuthology.orchestra.run.vm04.stdout:/usr/bin/ceph: stderr
2026-03-10T10:08:16.152+0000 7fa7d1d0d640 1 -- 192.168.123.104:0/1778658827 learned_addr learned my addr 192.168.123.104:0/1778658827 (peer_addr_for_me v2:192.168.123.104:0/0)
2026-03-10T10:08:16.297 INFO:teuthology.orchestra.run.vm04.stdout:/usr/bin/ceph: stderr
2026-03-10T10:08:16.152+0000 7fa7d1d0d640 1 -- 192.168.123.104:0/1778658827 --> [v2:192.168.123.104:3300/0,v1:192.168.123.104:6789/0] -- mon_subscribe({config=0+,monmap=0+}) -- 0x7fa7cc1a3290 con 0x7fa7cc07c7d0
2026-03-10T10:08:16.297 INFO:teuthology.orchestra.run.vm04.stdout:/usr/bin/ceph: stderr
2026-03-10T10:08:16.152+0000 7fa7d1d0d640 1 --2- 192.168.123.104:0/1778658827 >> [v2:192.168.123.104:3300/0,v1:192.168.123.104:6789/0] conn(0x7fa7cc07c7d0 0x7fa7cc1a2d50 secure :-1 s=READY pgs=19 cs=0 l=1 rev1=1 crypto rx=0x7fa7c0035ed0 tx=0x7fa7c0035f00 comp rx=0 tx=0).ready entity=mon.0 client_cookie=0 server_cookie=0 in_seq=0 out_seq=0
2026-03-10T10:08:16.297 INFO:teuthology.orchestra.run.vm04.stdout:/usr/bin/ceph: stderr
2026-03-10T10:08:16.152+0000 7fa7baffd640 1 -- 192.168.123.104:0/1778658827 <== mon.0 v2:192.168.123.104:3300/0 1 ==== mon_map magic: 0 ==== 205+0+0 (secure 0 0 0) 0x7fa7c0045070 con 0x7fa7cc07c7d0
2026-03-10T10:08:16.297 INFO:teuthology.orchestra.run.vm04.stdout:/usr/bin/ceph: stderr
2026-03-10T10:08:16.152+0000 7fa7baffd640 1 -- 192.168.123.104:0/1778658827 <== mon.0 v2:192.168.123.104:3300/0 2 ==== config(25 keys) ==== 998+0+0 (secure 0 0 0) 0x7fa7c0037ca0 con 0x7fa7cc07c7d0
2026-03-10T10:08:16.297 INFO:teuthology.orchestra.run.vm04.stdout:/usr/bin/ceph: stderr
2026-03-10T10:08:16.152+0000 7fa7d2d0f640 1 -- 192.168.123.104:0/1778658827 --> [v2:192.168.123.104:3300/0,v1:192.168.123.104:6789/0] -- mon_subscribe({mgrmap=0+}) -- 0x7fa7cc1a3520 con 0x7fa7cc07c7d0
2026-03-10T10:08:16.297 INFO:teuthology.orchestra.run.vm04.stdout:/usr/bin/ceph: stderr
2026-03-10T10:08:16.152+0000 7fa7d2d0f640 1 -- 192.168.123.104:0/1778658827 --> [v2:192.168.123.104:3300/0,v1:192.168.123.104:6789/0] -- mon_subscribe({osdmap=0}) -- 0x7fa7cc1a6210 con 0x7fa7cc07c7d0
2026-03-10T10:08:16.297 INFO:teuthology.orchestra.run.vm04.stdout:/usr/bin/ceph: stderr
2026-03-10T10:08:16.156+0000 7fa7baffd640 1 -- 192.168.123.104:0/1778658827 <== mon.0 v2:192.168.123.104:3300/0 3 ==== mon_map magic: 0 ==== 205+0+0 (secure 0 0 0) 0x7fa7c003c070 con 0x7fa7cc07c7d0
2026-03-10T10:08:16.297 INFO:teuthology.orchestra.run.vm04.stdout:/usr/bin/ceph: stderr
2026-03-10T10:08:16.156+0000 7fa7baffd640 1 -- 192.168.123.104:0/1778658827 <== mon.0 v2:192.168.123.104:3300/0 4 ==== mgrmap(e 3) ==== 50095+0+0 (secure 0 0 0) 0x7fa7c004a430 con 0x7fa7cc07c7d0
2026-03-10T10:08:16.297 INFO:teuthology.orchestra.run.vm04.stdout:/usr/bin/ceph: stderr
2026-03-10T10:08:16.156+0000 7fa7baffd640 1 --2- 192.168.123.104:0/1778658827 >> v2:192.168.123.104:6800/887024688 conn(0x7fa7a803d720 0x7fa7a803fbe0 unknown :-1 s=NONE pgs=0 cs=0 l=1 rev1=0 crypto rx=0 tx=0 comp rx=0 tx=0).connect
2026-03-10T10:08:16.297 INFO:teuthology.orchestra.run.vm04.stdout:/usr/bin/ceph: stderr
2026-03-10T10:08:16.156+0000 7fa7baffd640 1 -- 192.168.123.104:0/1778658827 <== mon.0 v2:192.168.123.104:3300/0 5 ==== osd_map(1..1 src has 1..1) ==== 725+0+0 (secure 0 0 0) 0x7fa7c0075f60 con 0x7fa7cc07c7d0
2026-03-10T10:08:16.297 INFO:teuthology.orchestra.run.vm04.stdout:/usr/bin/ceph: stderr
2026-03-10T10:08:16.156+0000 7fa7d2d0f640 1 -- 192.168.123.104:0/1778658827 --> [v2:192.168.123.104:3300/0,v1:192.168.123.104:6789/0] -- mon_command({"prefix": "get_command_descriptions"} v 0) -- 0x7fa7cc07ac30 con 0x7fa7cc07c7d0
2026-03-10T10:08:16.297 INFO:teuthology.orchestra.run.vm04.stdout:/usr/bin/ceph: stderr
2026-03-10T10:08:16.160+0000 7fa7baffd640 1 -- 192.168.123.104:0/1778658827 <== mon.0 v2:192.168.123.104:3300/0 6 ==== mon_command_ack([{"prefix": "get_command_descriptions"}]=0 v0) ==== 72+0+195034 (secure 0 0 0) 0x7fa7c00a69f0 con 0x7fa7cc07c7d0
2026-03-10T10:08:16.297 INFO:teuthology.orchestra.run.vm04.stdout:/usr/bin/ceph: stderr
2026-03-10T10:08:16.160+0000 7fa7d150c640 1 --2- 192.168.123.104:0/1778658827 >> v2:192.168.123.104:6800/887024688 conn(0x7fa7a803d720 0x7fa7a803fbe0 unknown :-1 s=BANNER_CONNECTING pgs=0 cs=0 l=1 rev1=0 crypto rx=0 tx=0 comp rx=0 tx=0)._handle_peer_banner_payload supported=3 required=0
2026-03-10T10:08:16.297 INFO:teuthology.orchestra.run.vm04.stdout:/usr/bin/ceph: stderr
2026-03-10T10:08:16.160+0000 7fa7d150c640 1 --2- 192.168.123.104:0/1778658827 >> v2:192.168.123.104:6800/887024688 conn(0x7fa7a803d720 0x7fa7a803fbe0 secure :-1 s=READY pgs=7 cs=0 l=1 rev1=1 crypto rx=0x7fa7bc009a10 tx=0x7fa7bc006eb0 comp rx=0 tx=0).ready entity=mgr.14100 client_cookie=0 server_cookie=0 in_seq=0 out_seq=0
2026-03-10T10:08:16.297 INFO:teuthology.orchestra.run.vm04.stdout:/usr/bin/ceph: stderr
2026-03-10T10:08:16.248+0000 7fa7d2d0f640 1 -- 192.168.123.104:0/1778658827 --> [v2:192.168.123.104:3300/0,v1:192.168.123.104:6789/0] -- mon_command({"prefix": "config assimilate-conf"} v 0) -- 0x7fa7cc19bee0 con 0x7fa7cc07c7d0
2026-03-10T10:08:16.297 INFO:teuthology.orchestra.run.vm04.stdout:/usr/bin/ceph: stderr
2026-03-10T10:08:16.248+0000 7fa7baffd640 1 -- 192.168.123.104:0/1778658827 <== mon.0 v2:192.168.123.104:3300/0 7 ==== mon_command_ack([{"prefix": "config assimilate-conf"}]=0 v3) ==== 70+0+380 (secure 0 0 0) 0x7fa7c0033200 con 0x7fa7cc07c7d0
2026-03-10T10:08:16.297 INFO:teuthology.orchestra.run.vm04.stdout:/usr/bin/ceph: stderr
2026-03-10T10:08:16.252+0000 7fa7d2d0f640 1 -- 192.168.123.104:0/1778658827 >> v2:192.168.123.104:6800/887024688 conn(0x7fa7a803d720 msgr2=0x7fa7a803fbe0 secure :-1 s=STATE_CONNECTION_ESTABLISHED l=1).mark_down
2026-03-10T10:08:16.297 INFO:teuthology.orchestra.run.vm04.stdout:/usr/bin/ceph: stderr
2026-03-10T10:08:16.252+0000 7fa7d2d0f640 1 --2- 192.168.123.104:0/1778658827 >> v2:192.168.123.104:6800/887024688 conn(0x7fa7a803d720 0x7fa7a803fbe0 secure :-1 s=READY pgs=7 cs=0 l=1 rev1=1 crypto rx=0x7fa7bc009a10 tx=0x7fa7bc006eb0 comp rx=0 tx=0).stop
2026-03-10T10:08:16.297 INFO:teuthology.orchestra.run.vm04.stdout:/usr/bin/ceph: stderr
2026-03-10T10:08:16.252+0000 7fa7d2d0f640 1 -- 192.168.123.104:0/1778658827 >> [v2:192.168.123.104:3300/0,v1:192.168.123.104:6789/0] conn(0x7fa7cc07c7d0 msgr2=0x7fa7cc1a2d50 secure :-1 s=STATE_CONNECTION_ESTABLISHED l=1).mark_down
2026-03-10T10:08:16.297 INFO:teuthology.orchestra.run.vm04.stdout:/usr/bin/ceph: stderr
2026-03-10T10:08:16.252+0000 7fa7d2d0f640 1 --2- 192.168.123.104:0/1778658827 >> [v2:192.168.123.104:3300/0,v1:192.168.123.104:6789/0] conn(0x7fa7cc07c7d0 0x7fa7cc1a2d50 secure :-1 s=READY pgs=19 cs=0 l=1 rev1=1 crypto rx=0x7fa7c0035ed0 tx=0x7fa7c0035f00 comp rx=0 tx=0).stop
2026-03-10T10:08:16.297 INFO:teuthology.orchestra.run.vm04.stdout:/usr/bin/ceph: stderr
2026-03-10T10:08:16.252+0000 7fa7d2d0f640 1 -- 192.168.123.104:0/1778658827 shutdown_connections
2026-03-10T10:08:16.297 INFO:teuthology.orchestra.run.vm04.stdout:/usr/bin/ceph: stderr
2026-03-10T10:08:16.252+0000 7fa7d2d0f640 1 --2- 192.168.123.104:0/1778658827 >> v2:192.168.123.104:6800/887024688 conn(0x7fa7a803d720 0x7fa7a803fbe0 unknown :-1 s=CLOSED pgs=7 cs=0 l=1 rev1=1 crypto rx=0 tx=0 comp rx=0 tx=0).stop
2026-03-10T10:08:16.297 INFO:teuthology.orchestra.run.vm04.stdout:/usr/bin/ceph: stderr
2026-03-10T10:08:16.252+0000 7fa7d2d0f640 1 --2- 192.168.123.104:0/1778658827 >> [v2:192.168.123.104:3300/0,v1:192.168.123.104:6789/0] conn(0x7fa7cc07c7d0 0x7fa7cc1a2d50 unknown :-1 s=CLOSED pgs=19 cs=0 l=1 rev1=1 crypto rx=0 tx=0 comp rx=0 tx=0).stop
2026-03-10T10:08:16.297 INFO:teuthology.orchestra.run.vm04.stdout:/usr/bin/ceph: stderr
2026-03-10T10:08:16.252+0000 7fa7d2d0f640 1 -- 192.168.123.104:0/1778658827 >> 192.168.123.104:0/1778658827 conn(0x7fa7cc101ed0 msgr2=0x7fa7cc1042c0 unknown :-1 s=STATE_NONE l=0).mark_down
2026-03-10T10:08:16.297 INFO:teuthology.orchestra.run.vm04.stdout:/usr/bin/ceph: stderr
2026-03-10T10:08:16.252+0000 7fa7d2d0f640 1 -- 192.168.123.104:0/1778658827 shutdown_connections
2026-03-10T10:08:16.298 INFO:teuthology.orchestra.run.vm04.stdout:/usr/bin/ceph: stderr
2026-03-10T10:08:16.252+0000 7fa7d2d0f640 1 -- 192.168.123.104:0/1778658827 wait complete.
2026-03-10T10:08:16.298 INFO:teuthology.orchestra.run.vm04.stdout:Enabling cephadm module...
2026-03-10T10:08:16.703 INFO:journalctl@ceph.mon.a.vm04.stdout:Mar 10 10:08:16 vm04 bash[20742]: cluster
2026-03-10T10:08:15.278903+0000 mon.a (mon.0) 28 : cluster [DBG] mgrmap e3: y(active, since 1.00902s)
2026-03-10T10:08:16.704 INFO:journalctl@ceph.mon.a.vm04.stdout:Mar 10 10:08:16 vm04 bash[20742]: cluster
2026-03-10T10:08:15.278903+0000 mon.a (mon.0) 28 : cluster [DBG] mgrmap e3: y(active, since 1.00902s)
2026-03-10T10:08:16.704 INFO:journalctl@ceph.mon.a.vm04.stdout:Mar 10 10:08:16 vm04 bash[20742]: audit
2026-03-10T10:08:16.013180+0000 mon.a (mon.0) 29 : audit [DBG] from='client.? 192.168.123.104:0/2656217666' entity='client.admin' cmd=[{"prefix": "status", "format": "json-pretty"}]: dispatch
2026-03-10T10:08:16.704 INFO:journalctl@ceph.mon.a.vm04.stdout:Mar 10 10:08:16 vm04 bash[20742]: audit
2026-03-10T10:08:16.013180+0000 mon.a (mon.0) 29 : audit [DBG] from='client.? 192.168.123.104:0/2656217666' entity='client.admin' cmd=[{"prefix": "status", "format": "json-pretty"}]: dispatch
2026-03-10T10:08:16.704 INFO:journalctl@ceph.mon.a.vm04.stdout:Mar 10 10:08:16 vm04 bash[20742]: audit
2026-03-10T10:08:16.253402+0000 mon.a (mon.0) 30 : audit [INF] from='client.? 192.168.123.104:0/1778658827' entity='client.admin' cmd=[{"prefix": "config assimilate-conf"}]: dispatch
2026-03-10T10:08:16.704 INFO:journalctl@ceph.mon.a.vm04.stdout:Mar 10 10:08:16 vm04 bash[20742]: audit
2026-03-10T10:08:16.253402+0000 mon.a (mon.0) 30 : audit [INF] from='client.? 192.168.123.104:0/1778658827' entity='client.admin' cmd=[{"prefix": "config assimilate-conf"}]: dispatch
2026-03-10T10:08:17.386 INFO:teuthology.orchestra.run.vm04.stdout:/usr/bin/ceph: stderr
2026-03-10T10:08:16.404+0000 7fbbbfbea640 1 Processor -- start
2026-03-10T10:08:17.386 INFO:teuthology.orchestra.run.vm04.stdout:/usr/bin/ceph: stderr
2026-03-10T10:08:16.404+0000 7fbbbfbea640 1 -- start start
2026-03-10T10:08:17.386 INFO:teuthology.orchestra.run.vm04.stdout:/usr/bin/ceph: stderr
2026-03-10T10:08:16.404+0000 7fbbbfbea640 1 --2- >> [v2:192.168.123.104:3300/0,v1:192.168.123.104:6789/0] conn(0x7fbbb8108b70 0x7fbbb8108f70 unknown :-1 s=NONE pgs=0 cs=0 l=0 rev1=0 crypto rx=0 tx=0 comp rx=0 tx=0).connect
2026-03-10T10:08:17.386 INFO:teuthology.orchestra.run.vm04.stdout:/usr/bin/ceph: stderr
2026-03-10T10:08:16.404+0000 7fbbbfbea640 1 -- --> [v2:192.168.123.104:3300/0,v1:192.168.123.104:6789/0] -- mon_getmap magic: 0 -- 0x7fbbb8109540 con 0x7fbbb8108b70
2026-03-10T10:08:17.386 INFO:teuthology.orchestra.run.vm04.stdout:/usr/bin/ceph: stderr
2026-03-10T10:08:16.404+0000 7fbbbd95f640 1 --2- >> [v2:192.168.123.104:3300/0,v1:192.168.123.104:6789/0] conn(0x7fbbb8108b70 0x7fbbb8108f70 unknown :-1 s=BANNER_CONNECTING pgs=0 cs=0 l=0 rev1=0 crypto rx=0 tx=0 comp rx=0 tx=0)._handle_peer_banner_payload supported=3 required=0
2026-03-10T10:08:17.386 INFO:teuthology.orchestra.run.vm04.stdout:/usr/bin/ceph: stderr
2026-03-10T10:08:16.404+0000 7fbbbd95f640 1 --2- >> [v2:192.168.123.104:3300/0,v1:192.168.123.104:6789/0] conn(0x7fbbb8108b70 0x7fbbb8108f70 unknown :-1 s=HELLO_CONNECTING pgs=0 cs=0 l=0 rev1=1 crypto rx=0 tx=0 comp rx=0 tx=0).handle_hello peer v2:192.168.123.104:3300/0 says I am v2:192.168.123.104:55136/0 (socket says 192.168.123.104:55136)
2026-03-10T10:08:17.386 INFO:teuthology.orchestra.run.vm04.stdout:/usr/bin/ceph: stderr
2026-03-10T10:08:16.404+0000 7fbbbd95f640 1 -- 192.168.123.104:0/76609053 learned_addr learned my addr 192.168.123.104:0/76609053 (peer_addr_for_me v2:192.168.123.104:0/0)
2026-03-10T10:08:17.386 INFO:teuthology.orchestra.run.vm04.stdout:/usr/bin/ceph: stderr
2026-03-10T10:08:16.404+0000 7fbbbd95f640 1 -- 192.168.123.104:0/76609053 --> [v2:192.168.123.104:3300/0,v1:192.168.123.104:6789/0] -- mon_subscribe({config=0+,monmap=0+}) -- 0x7fbbb8109d70 con 0x7fbbb8108b70
2026-03-10T10:08:17.386 INFO:teuthology.orchestra.run.vm04.stdout:/usr/bin/ceph: stderr
2026-03-10T10:08:16.404+0000 7fbbbd95f640 1 --2- 192.168.123.104:0/76609053 >> [v2:192.168.123.104:3300/0,v1:192.168.123.104:6789/0] conn(0x7fbbb8108b70 0x7fbbb8108f70 secure :-1 s=READY pgs=20 cs=0 l=1 rev1=1 crypto rx=0x7fbbac009920 tx=0x7fbbac02ef20 comp rx=0 tx=0).ready entity=mon.0 client_cookie=5724624c4ed2ef99 server_cookie=0 in_seq=0 out_seq=0
2026-03-10T10:08:17.386 INFO:teuthology.orchestra.run.vm04.stdout:/usr/bin/ceph: stderr
2026-03-10T10:08:16.404+0000 7fbbbc95d640 1 -- 192.168.123.104:0/76609053 <== mon.0 v2:192.168.123.104:3300/0 1 ==== mon_map magic: 0 ==== 205+0+0 (secure 0 0 0) 0x7fbbac03c070 con 0x7fbbb8108b70
2026-03-10T10:08:17.386 INFO:teuthology.orchestra.run.vm04.stdout:/usr/bin/ceph: stderr
2026-03-10T10:08:16.404+0000 7fbbbc95d640 1 -- 192.168.123.104:0/76609053 <== mon.0 v2:192.168.123.104:3300/0 2 ==== config(25 keys) ==== 998+0+0 (secure 0 0 0) 0x7fbbac037440 con 0x7fbbb8108b70
2026-03-10T10:08:17.386 INFO:teuthology.orchestra.run.vm04.stdout:/usr/bin/ceph: stderr
2026-03-10T10:08:16.404+0000 7fbbbfbea640 1 -- 192.168.123.104:0/76609053 >> [v2:192.168.123.104:3300/0,v1:192.168.123.104:6789/0] conn(0x7fbbb8108b70 msgr2=0x7fbbb8108f70 secure :-1 s=STATE_CONNECTION_ESTABLISHED l=1).mark_down
2026-03-10T10:08:17.386 INFO:teuthology.orchestra.run.vm04.stdout:/usr/bin/ceph: stderr
2026-03-10T10:08:16.404+0000 7fbbbfbea640 1 --2- 192.168.123.104:0/76609053 >> [v2:192.168.123.104:3300/0,v1:192.168.123.104:6789/0] conn(0x7fbbb8108b70 0x7fbbb8108f70 secure :-1 s=READY pgs=20 cs=0 l=1 rev1=1 crypto rx=0x7fbbac009920 tx=0x7fbbac02ef20 comp rx=0 tx=0).stop
2026-03-10T10:08:17.386 INFO:teuthology.orchestra.run.vm04.stdout:/usr/bin/ceph: stderr
2026-03-10T10:08:16.404+0000 7fbbbfbea640 1 -- 192.168.123.104:0/76609053 shutdown_connections
2026-03-10T10:08:17.386 INFO:teuthology.orchestra.run.vm04.stdout:/usr/bin/ceph: stderr
2026-03-10T10:08:16.404+0000 7fbbbfbea640 1 --2- 192.168.123.104:0/76609053 >> [v2:192.168.123.104:3300/0,v1:192.168.123.104:6789/0] conn(0x7fbbb8108b70 0x7fbbb8108f70 unknown :-1 s=CLOSED pgs=20 cs=0 l=1 rev1=1 crypto rx=0 tx=0 comp rx=0 tx=0).stop
2026-03-10T10:08:17.386 INFO:teuthology.orchestra.run.vm04.stdout:/usr/bin/ceph: stderr
2026-03-10T10:08:16.404+0000 7fbbbfbea640 1 -- 192.168.123.104:0/76609053 >> 192.168.123.104:0/76609053 conn(0x7fbbb807c040 msgr2=0x7fbbb807c450 unknown :-1 s=STATE_NONE l=0).mark_down
2026-03-10T10:08:17.386 INFO:teuthology.orchestra.run.vm04.stdout:/usr/bin/ceph: stderr
2026-03-10T10:08:16.404+0000 7fbbbfbea640 1 -- 192.168.123.104:0/76609053 shutdown_connections
2026-03-10T10:08:17.386 INFO:teuthology.orchestra.run.vm04.stdout:/usr/bin/ceph: stderr
2026-03-10T10:08:16.404+0000 7fbbbfbea640 1 -- 192.168.123.104:0/76609053 wait complete.
2026-03-10T10:08:17.386 INFO:teuthology.orchestra.run.vm04.stdout:/usr/bin/ceph: stderr
2026-03-10T10:08:16.408+0000 7fbbbfbea640 1 Processor -- start
2026-03-10T10:08:17.386 INFO:teuthology.orchestra.run.vm04.stdout:/usr/bin/ceph: stderr
2026-03-10T10:08:16.408+0000 7fbbbfbea640 1 -- start start
2026-03-10T10:08:17.386 INFO:teuthology.orchestra.run.vm04.stdout:/usr/bin/ceph: stderr
2026-03-10T10:08:16.408+0000 7fbbbfbea640 1 --2- >> [v2:192.168.123.104:3300/0,v1:192.168.123.104:6789/0] conn(0x7fbbb8108b70 0x7fbbb819ec10 unknown :-1 s=NONE pgs=0 cs=0 l=1 rev1=0 crypto rx=0 tx=0 comp rx=0 tx=0).connect
2026-03-10T10:08:17.386 INFO:teuthology.orchestra.run.vm04.stdout:/usr/bin/ceph: stderr
2026-03-10T10:08:16.408+0000 7fbbbfbea640 1 -- --> [v2:192.168.123.104:3300/0,v1:192.168.123.104:6789/0] -- mon_getmap magic: 0 -- 0x7fbbb810cfa0 con 0x7fbbb8108b70
2026-03-10T10:08:17.386 INFO:teuthology.orchestra.run.vm04.stdout:/usr/bin/ceph: stderr
2026-03-10T10:08:16.408+0000 7fbbbd95f640 1 --2- >> [v2:192.168.123.104:3300/0,v1:192.168.123.104:6789/0] conn(0x7fbbb8108b70 0x7fbbb819ec10 unknown :-1 s=BANNER_CONNECTING pgs=0 cs=0 l=1 rev1=0 crypto rx=0 tx=0 comp rx=0 tx=0)._handle_peer_banner_payload supported=3 required=0
2026-03-10T10:08:17.386 INFO:teuthology.orchestra.run.vm04.stdout:/usr/bin/ceph: stderr
2026-03-10T10:08:16.408+0000 7fbbbd95f640 1 --2- >> [v2:192.168.123.104:3300/0,v1:192.168.123.104:6789/0] conn(0x7fbbb8108b70 0x7fbbb819ec10 unknown :-1 s=HELLO_CONNECTING pgs=0 cs=0 l=1 rev1=1 crypto rx=0 tx=0 comp rx=0 tx=0).handle_hello peer v2:192.168.123.104:3300/0 says I am v2:192.168.123.104:55142/0 (socket says 192.168.123.104:55142)
2026-03-10T10:08:17.387 INFO:teuthology.orchestra.run.vm04.stdout:/usr/bin/ceph: stderr
2026-03-10T10:08:16.408+0000 7fbbbd95f640 1 -- 192.168.123.104:0/756455820 learned_addr learned my addr 192.168.123.104:0/756455820 (peer_addr_for_me v2:192.168.123.104:0/0)
2026-03-10T10:08:17.387 INFO:teuthology.orchestra.run.vm04.stdout:/usr/bin/ceph: stderr
2026-03-10T10:08:16.408+0000 7fbbbd95f640 1 -- 192.168.123.104:0/756455820 --> [v2:192.168.123.104:3300/0,v1:192.168.123.104:6789/0] -- mon_subscribe({config=0+,monmap=0+}) -- 0x7fbbb819f150 con 0x7fbbb8108b70
2026-03-10T10:08:17.387 INFO:teuthology.orchestra.run.vm04.stdout:/usr/bin/ceph: stderr
2026-03-10T10:08:16.408+0000 7fbbbd95f640 1 --2- 192.168.123.104:0/756455820 >> [v2:192.168.123.104:3300/0,v1:192.168.123.104:6789/0] conn(0x7fbbb8108b70 0x7fbbb819ec10 secure :-1 s=READY pgs=21 cs=0 l=1 rev1=1 crypto rx=0x7fbbac0379f0 tx=0x7fbbac037a20 comp rx=0 tx=0).ready entity=mon.0 client_cookie=0 server_cookie=0 in_seq=0 out_seq=0
2026-03-10T10:08:17.387 INFO:teuthology.orchestra.run.vm04.stdout:/usr/bin/ceph: stderr
2026-03-10T10:08:16.408+0000 7fbba6ffd640 1 -- 192.168.123.104:0/756455820 <== mon.0 v2:192.168.123.104:3300/0 1 ==== mon_map magic: 0 ==== 205+0+0 (secure 0 0 0) 0x7fbbac045070 con 0x7fbbb8108b70
2026-03-10T10:08:17.387 INFO:teuthology.orchestra.run.vm04.stdout:/usr/bin/ceph: stderr
2026-03-10T10:08:16.408+0000 7fbba6ffd640 1 -- 192.168.123.104:0/756455820 <== mon.0 v2:192.168.123.104:3300/0 2 ==== config(25 keys) ==== 998+0+0 (secure 0 0 0) 0x7fbbac0409b0 con 0x7fbbb8108b70
2026-03-10T10:08:17.387 INFO:teuthology.orchestra.run.vm04.stdout:/usr/bin/ceph: stderr
2026-03-10T10:08:16.408+0000 7fbba6ffd640 1 -- 192.168.123.104:0/756455820 <== mon.0 v2:192.168.123.104:3300/0 3 ==== mon_map magic: 0 ==== 205+0+0 (secure 0 0 0) 0x7fbbac03c070 con 0x7fbbb8108b70
2026-03-10T10:08:17.387 INFO:teuthology.orchestra.run.vm04.stdout:/usr/bin/ceph: stderr
2026-03-10T10:08:16.408+0000 7fbbbfbea640 1 -- 192.168.123.104:0/756455820 --> [v2:192.168.123.104:3300/0,v1:192.168.123.104:6789/0] -- mon_subscribe({mgrmap=0+}) -- 0x7fbbb819f3e0 con 0x7fbbb8108b70
2026-03-10T10:08:17.387 INFO:teuthology.orchestra.run.vm04.stdout:/usr/bin/ceph: stderr
2026-03-10T10:08:16.408+0000 7fbbbfbea640 1 -- 192.168.123.104:0/756455820 --> [v2:192.168.123.104:3300/0,v1:192.168.123.104:6789/0] -- mon_subscribe({osdmap=0}) -- 0x7fbbb81a20d0 con 0x7fbbb8108b70
2026-03-10T10:08:17.387 INFO:teuthology.orchestra.run.vm04.stdout:/usr/bin/ceph: stderr
2026-03-10T10:08:16.408+0000 7fbba6ffd640 1 -- 192.168.123.104:0/756455820 <== mon.0 v2:192.168.123.104:3300/0 4 ==== mgrmap(e 4) ==== 50201+0+0 (secure 0 0 0) 0x7fbbac040560 con 0x7fbbb8108b70
2026-03-10T10:08:17.387 INFO:teuthology.orchestra.run.vm04.stdout:/usr/bin/ceph: stderr
2026-03-10T10:08:16.408+0000 7fbbbfbea640 1 -- 192.168.123.104:0/756455820 --> [v2:192.168.123.104:3300/0,v1:192.168.123.104:6789/0] -- mon_command({"prefix": "get_command_descriptions"} v 0) -- 0x7fbb80005180 con 0x7fbbb8108b70
2026-03-10T10:08:17.387 INFO:teuthology.orchestra.run.vm04.stdout:/usr/bin/ceph: stderr
2026-03-10T10:08:16.412+0000 7fbba6ffd640 1 --2- 192.168.123.104:0/756455820 >> v2:192.168.123.104:6800/887024688 conn(0x7fbb9403d840 0x7fbb9403fd00 unknown :-1 s=NONE pgs=0 cs=0 l=1 rev1=0 crypto rx=0 tx=0 comp rx=0 tx=0).connect
2026-03-10T10:08:17.387 INFO:teuthology.orchestra.run.vm04.stdout:/usr/bin/ceph: stderr
2026-03-10T10:08:16.412+0000 7fbba6ffd640 1 -- 192.168.123.104:0/756455820 <== mon.0 v2:192.168.123.104:3300/0 5 ==== osd_map(1..1 src has 1..1) ==== 725+0+0 (secure 0 0 0) 0x7fbbac075ef0 con 0x7fbbb8108b70
2026-03-10T10:08:17.387 INFO:teuthology.orchestra.run.vm04.stdout:/usr/bin/ceph: stderr
2026-03-10T10:08:16.412+0000 7fbba6ffd640 1 -- 192.168.123.104:0/756455820 <== mon.0 v2:192.168.123.104:3300/0 6 ==== mon_command_ack([{"prefix": "get_command_descriptions"}]=0 v0) ==== 72+0+195034 (secure 0 0 0) 0x7fbbac03c210 con 0x7fbbb8108b70
2026-03-10T10:08:17.387 INFO:teuthology.orchestra.run.vm04.stdout:/usr/bin/ceph: stderr
2026-03-10T10:08:16.412+0000 7fbbbd15e640 1 --2- 192.168.123.104:0/756455820 >> v2:192.168.123.104:6800/887024688 conn(0x7fbb9403d840 0x7fbb9403fd00 unknown :-1 s=BANNER_CONNECTING pgs=0 cs=0 l=1 rev1=0 crypto rx=0 tx=0 comp rx=0 tx=0)._handle_peer_banner_payload supported=3 required=0
2026-03-10T10:08:17.387 INFO:teuthology.orchestra.run.vm04.stdout:/usr/bin/ceph: stderr
2026-03-10T10:08:16.412+0000 7fbbbd15e640 1 --2- 192.168.123.104:0/756455820 >> v2:192.168.123.104:6800/887024688 conn(0x7fbb9403d840 0x7fbb9403fd00 secure :-1 s=READY pgs=8 cs=0 l=1 rev1=1 crypto rx=0x7fbba8009a10 tx=0x7fbba8006eb0 comp rx=0 tx=0).ready entity=mgr.14100 client_cookie=0 server_cookie=0 in_seq=0 out_seq=0
2026-03-10T10:08:17.387 INFO:teuthology.orchestra.run.vm04.stdout:/usr/bin/ceph: stderr
2026-03-10T10:08:16.524+0000 7fbbbfbea640 1 -- 192.168.123.104:0/756455820 --> [v2:192.168.123.104:3300/0,v1:192.168.123.104:6789/0] -- mon_command({"prefix": "mgr module enable", "module": "cephadm"} v 0) -- 0x7fbb80005470 con 0x7fbbb8108b70
2026-03-10T10:08:17.387 INFO:teuthology.orchestra.run.vm04.stdout:/usr/bin/ceph: stderr
2026-03-10T10:08:17.320+0000 7fbba6ffd640 1 -- 192.168.123.104:0/756455820 <== mon.0 v2:192.168.123.104:3300/0 7 ==== mon_command_ack([{"prefix": "mgr module enable", "module": "cephadm"}]=0 v5) ==== 86+0+0 (secure 0 0 0) 0x7fbbac048c60 con 0x7fbbb8108b70
2026-03-10T10:08:17.387 INFO:teuthology.orchestra.run.vm04.stdout:/usr/bin/ceph: stderr
2026-03-10T10:08:17.324+0000 7fbba6ffd640 1 -- 192.168.123.104:0/756455820 <== mon.0 v2:192.168.123.104:3300/0 8 ==== mgrmap(e 5) ==== 50212+0+0 (secure 0 0 0) 0x7fbbac03fc90 con 0x7fbbb8108b70
2026-03-10T10:08:17.387 INFO:teuthology.orchestra.run.vm04.stdout:/usr/bin/ceph: stderr
2026-03-10T10:08:17.324+0000 7fbbbfbea640 1 -- 192.168.123.104:0/756455820 >> v2:192.168.123.104:6800/887024688 conn(0x7fbb9403d840 msgr2=0x7fbb9403fd00 secure :-1 s=STATE_CONNECTION_ESTABLISHED l=1).mark_down
2026-03-10T10:08:17.387 INFO:teuthology.orchestra.run.vm04.stdout:/usr/bin/ceph: stderr
2026-03-10T10:08:17.324+0000 7fbbbfbea640 1 --2- 192.168.123.104:0/756455820 >> v2:192.168.123.104:6800/887024688 conn(0x7fbb9403d840 0x7fbb9403fd00 secure :-1 s=READY pgs=8 cs=0 l=1 rev1=1 crypto rx=0x7fbba8009a10 tx=0x7fbba8006eb0 comp rx=0 tx=0).stop
2026-03-10T10:08:17.387 INFO:teuthology.orchestra.run.vm04.stdout:/usr/bin/ceph: stderr
2026-03-10T10:08:17.324+0000 7fbbbfbea640 1 -- 192.168.123.104:0/756455820 >> [v2:192.168.123.104:3300/0,v1:192.168.123.104:6789/0] conn(0x7fbbb8108b70 msgr2=0x7fbbb819ec10 secure :-1 s=STATE_CONNECTION_ESTABLISHED l=1).mark_down
2026-03-10T10:08:17.387 INFO:teuthology.orchestra.run.vm04.stdout:/usr/bin/ceph: stderr
