2026-03-10T10:08:31.355 INFO:teuthology.orchestra.run.vm04.stdout:/usr/bin/ceph: stderr
2026-03-10T10:08:31.064+0000 7faacd5a5640 1 --2- 192.168.123.104:0/4147624158 >> [v2:192.168.123.104:3300/0,v1:192.168.123.104:6789/0] conn(0x7faac8108b70 0x7faac8108f70 secure :-1 s=READY pgs=70 cs=0 l=1 rev1=1 crypto rx=0x7faab0009920 tx=0x7faab002ef20 comp rx=0 tx=0).stop
2026-03-10T10:08:31.355 INFO:teuthology.orchestra.run.vm04.stdout:/usr/bin/ceph: stderr
2026-03-10T10:08:31.064+0000 7faacd5a5640 1 -- 192.168.123.104:0/4147624158 shutdown_connections
2026-03-10T10:08:31.355 INFO:teuthology.orchestra.run.vm04.stdout:/usr/bin/ceph: stderr
2026-03-10T10:08:31.064+0000 7faacd5a5640 1 --2- 192.168.123.104:0/4147624158 >> [v2:192.168.123.104:3300/0,v1:192.168.123.104:6789/0] conn(0x7faac8108b70 0x7faac8108f70 unknown :-1 s=CLOSED pgs=70 cs=0 l=1 rev1=1 crypto rx=0 tx=0 comp rx=0 tx=0).stop
2026-03-10T10:08:31.355 INFO:teuthology.orchestra.run.vm04.stdout:/usr/bin/ceph: stderr
2026-03-10T10:08:31.064+0000 7faacd5a5640 1 -- 192.168.123.104:0/4147624158 >> 192.168.123.104:0/4147624158 conn(0x7faac807c040 msgr2=0x7faac807c450 unknown :-1 s=STATE_NONE l=0).mark_down
2026-03-10T10:08:31.355 INFO:teuthology.orchestra.run.vm04.stdout:/usr/bin/ceph: stderr
2026-03-10T10:08:31.064+0000 7faacd5a5640 1 -- 192.168.123.104:0/4147624158 shutdown_connections
2026-03-10T10:08:31.355 INFO:teuthology.orchestra.run.vm04.stdout:/usr/bin/ceph: stderr
2026-03-10T10:08:31.064+0000 7faacd5a5640 1 -- 192.168.123.104:0/4147624158 wait complete.
2026-03-10T10:08:31.355 INFO:teuthology.orchestra.run.vm04.stdout:/usr/bin/ceph: stderr
2026-03-10T10:08:31.064+0000 7faacd5a5640 1 Processor -- start
2026-03-10T10:08:31.355 INFO:teuthology.orchestra.run.vm04.stdout:/usr/bin/ceph: stderr
2026-03-10T10:08:31.064+0000 7faacd5a5640 1 -- start start
2026-03-10T10:08:31.355 INFO:teuthology.orchestra.run.vm04.stdout:/usr/bin/ceph: stderr
2026-03-10T10:08:31.064+0000 7faacd5a5640 1 --2- >> [v2:192.168.123.104:3300/0,v1:192.168.123.104:6789/0] conn(0x7faac8108b70 0x7faac80804f0 unknown :-1 s=NONE pgs=0 cs=0 l=1 rev1=0 crypto rx=0 tx=0 comp rx=0 tx=0).connect
2026-03-10T10:08:31.355 INFO:teuthology.orchestra.run.vm04.stdout:/usr/bin/ceph: stderr
2026-03-10T10:08:31.064+0000 7faacd5a5640 1 -- --> [v2:192.168.123.104:3300/0,v1:192.168.123.104:6789/0] -- mon_getmap magic: 0 -- 0x7faac810cfa0 con 0x7faac8108b70
2026-03-10T10:08:31.355 INFO:teuthology.orchestra.run.vm04.stdout:/usr/bin/ceph: stderr
2026-03-10T10:08:31.068+0000 7faac6ffd640 1 --2- >> [v2:192.168.123.104:3300/0,v1:192.168.123.104:6789/0] conn(0x7faac8108b70 0x7faac80804f0 unknown :-1 s=BANNER_CONNECTING pgs=0 cs=0 l=1 rev1=0 crypto rx=0 tx=0 comp rx=0 tx=0)._handle_peer_banner_payload supported=3 required=0
2026-03-10T10:08:31.355 INFO:teuthology.orchestra.run.vm04.stdout:/usr/bin/ceph: stderr
2026-03-10T10:08:31.068+0000 7faac6ffd640 1 --2- >> [v2:192.168.123.104:3300/0,v1:192.168.123.104:6789/0] conn(0x7faac8108b70 0x7faac80804f0 unknown :-1 s=HELLO_CONNECTING pgs=0 cs=0 l=1 rev1=1 crypto rx=0 tx=0 comp rx=0 tx=0).handle_hello peer v2:192.168.123.104:3300/0 says I am v2:192.168.123.104:55842/0 (socket says 192.168.123.104:55842)
2026-03-10T10:08:31.355 INFO:teuthology.orchestra.run.vm04.stdout:/usr/bin/ceph: stderr
2026-03-10T10:08:31.068+0000 7faac6ffd640 1 -- 192.168.123.104:0/2586967957 learned_addr learned my addr 192.168.123.104:0/2586967957 (peer_addr_for_me v2:192.168.123.104:0/0)
2026-03-10T10:08:31.355 INFO:teuthology.orchestra.run.vm04.stdout:/usr/bin/ceph: stderr
2026-03-10T10:08:31.068+0000 7faac6ffd640 1 -- 192.168.123.104:0/2586967957 --> [v2:192.168.123.104:3300/0,v1:192.168.123.104:6789/0] -- mon_subscribe({config=0+,monmap=0+}) -- 0x7faac8080a30 con 0x7faac8108b70
2026-03-10T10:08:31.355 INFO:teuthology.orchestra.run.vm04.stdout:/usr/bin/ceph: stderr
2026-03-10T10:08:31.068+0000 7faac6ffd640 1 --2- 192.168.123.104:0/2586967957 >> [v2:192.168.123.104:3300/0,v1:192.168.123.104:6789/0] conn(0x7faac8108b70 0x7faac80804f0 secure :-1 s=READY pgs=71 cs=0 l=1 rev1=1 crypto rx=0x7faab002f450 tx=0x7faab0037c20 comp rx=0 tx=0).ready entity=mon.0 client_cookie=0 server_cookie=0 in_seq=0 out_seq=0
2026-03-10T10:08:31.355 INFO:teuthology.orchestra.run.vm04.stdout:/usr/bin/ceph: stderr
2026-03-10T10:08:31.068+0000 7faaa7fff640 1 -- 192.168.123.104:0/2586967957 <== mon.0 v2:192.168.123.104:3300/0 1 ==== mon_map magic: 0 ==== 205+0+0 (secure 0 0 0) 0x7faab0045070 con 0x7faac8108b70
2026-03-10T10:08:31.355 INFO:teuthology.orchestra.run.vm04.stdout:/usr/bin/ceph: stderr
2026-03-10T10:08:31.068+0000 7faaa7fff640 1 -- 192.168.123.104:0/2586967957 <== mon.0 v2:192.168.123.104:3300/0 2 ==== config(25 keys) ==== 1029+0+0 (secure 0 0 0) 0x7faab0035c20 con 0x7faac8108b70
2026-03-10T10:08:31.355 INFO:teuthology.orchestra.run.vm04.stdout:/usr/bin/ceph: stderr
2026-03-10T10:08:31.068+0000 7faaa7fff640 1 -- 192.168.123.104:0/2586967957 <== mon.0 v2:192.168.123.104:3300/0 3 ==== mon_map magic: 0 ==== 205+0+0 (secure 0 0 0) 0x7faab003c070 con 0x7faac8108b70
2026-03-10T10:08:31.355 INFO:teuthology.orchestra.run.vm04.stdout:/usr/bin/ceph: stderr
2026-03-10T10:08:31.068+0000 7faacd5a5640 1 -- 192.168.123.104:0/2586967957 --> [v2:192.168.123.104:3300/0,v1:192.168.123.104:6789/0] -- mon_subscribe({mgrmap=0+}) -- 0x7faac8080cc0 con 0x7faac8108b70
2026-03-10T10:08:31.355 INFO:teuthology.orchestra.run.vm04.stdout:/usr/bin/ceph: stderr
2026-03-10T10:08:31.068+0000 7faacd5a5640 1 -- 192.168.123.104:0/2586967957 --> [v2:192.168.123.104:3300/0,v1:192.168.123.104:6789/0] -- mon_subscribe({osdmap=0}) -- 0x7faac807d030 con 0x7faac8108b70
2026-03-10T10:08:31.355 INFO:teuthology.orchestra.run.vm04.stdout:/usr/bin/ceph: stderr
2026-03-10T10:08:31.068+0000 7faaa7fff640 1 -- 192.168.123.104:0/2586967957 <== mon.0 v2:192.168.123.104:3300/0 4 ==== mgrmap(e 11) ==== 50119+0+0 (secure 0 0 0) 0x7faab00493b0 con 0x7faac8108b70
2026-03-10T10:08:31.355 INFO:teuthology.orchestra.run.vm04.stdout:/usr/bin/ceph: stderr
2026-03-10T10:08:31.068+0000 7faacd5a5640 1 -- 192.168.123.104:0/2586967957 --> [v2:192.168.123.104:3300/0,v1:192.168.123.104:6789/0] -- mon_command({"prefix": "get_command_descriptions"} v 0) -- 0x7faa8c005180 con 0x7faac8108b70
2026-03-10T10:08:31.355 INFO:teuthology.orchestra.run.vm04.stdout:/usr/bin/ceph: stderr
2026-03-10T10:08:31.068+0000 7faaa7fff640 1 --2- 192.168.123.104:0/2586967957 >> v2:192.168.123.104:6800/632047608 conn(0x7faa9c03db30 0x7faa9c03fff0 unknown :-1 s=NONE pgs=0 cs=0 l=1 rev1=0 crypto rx=0 tx=0 comp rx=0 tx=0).connect
2026-03-10T10:08:31.355 INFO:teuthology.orchestra.run.vm04.stdout:/usr/bin/ceph: stderr
2026-03-10T10:08:31.072+0000 7faac67fc640 1 --2- 192.168.123.104:0/2586967957 >> v2:192.168.123.104:6800/632047608 conn(0x7faa9c03db30 0x7faa9c03fff0 unknown :-1 s=BANNER_CONNECTING pgs=0 cs=0 l=1 rev1=0 crypto rx=0 tx=0 comp rx=0 tx=0)._handle_peer_banner_payload supported=3 required=0
2026-03-10T10:08:31.355 INFO:teuthology.orchestra.run.vm04.stdout:/usr/bin/ceph: stderr
2026-03-10T10:08:31.072+0000 7faaa7fff640 1 -- 192.168.123.104:0/2586967957 <== mon.0 v2:192.168.123.104:3300/0 5 ==== osd_map(3..3 src has 1..3) ==== 1069+0+0 (secure 0 0 0) 0x7faab00772e0 con 0x7faac8108b70
2026-03-10T10:08:31.355 INFO:teuthology.orchestra.run.vm04.stdout:/usr/bin/ceph: stderr
2026-03-10T10:08:31.072+0000 7faaa7fff640 1 -- 192.168.123.104:0/2586967957 <== mon.0 v2:192.168.123.104:3300/0 6 ==== mon_command_ack([{"prefix": "get_command_descriptions"}]=0 v0) ==== 72+0+195034 (secure 0 0 0) 0x7faab0043120 con 0x7faac8108b70
2026-03-10T10:08:31.355 INFO:teuthology.orchestra.run.vm04.stdout:/usr/bin/ceph: stderr
2026-03-10T10:08:31.072+0000 7faac67fc640 1 --2- 192.168.123.104:0/2586967957 >> v2:192.168.123.104:6800/632047608 conn(0x7faa9c03db30 0x7faa9c03fff0 secure :-1 s=READY pgs=8 cs=0 l=1 rev1=1 crypto rx=0x7faabc009a10 tx=0x7faabc006eb0 comp rx=0 tx=0).ready entity=mgr.14150 client_cookie=0 server_cookie=0 in_seq=0 out_seq=0
2026-03-10T10:08:31.355 INFO:teuthology.orchestra.run.vm04.stdout:/usr/bin/ceph: stderr
2026-03-10T10:08:31.164+0000 7faacd5a5640 1 -- 192.168.123.104:0/2586967957 --> v2:192.168.123.104:6800/632047608 -- mgr_command(tid 0: {"prefix": "dashboard ac-user-create", "username": "admin", "rolename": "administrator", "force_password": true, "pwd_update_required": true, "target": ["mon-mgr", ""]}) -- 0x7faa8c003c00 con 0x7faa9c03db30
2026-03-10T10:08:31.355 INFO:teuthology.orchestra.run.vm04.stdout:/usr/bin/ceph: stderr
2026-03-10T10:08:31.316+0000 7faaa7fff640 1 -- 192.168.123.104:0/2586967957 <== mgr.14150 v2:192.168.123.104:6800/632047608 1 ==== mgr_command_reply(tid 0: 0 ) ==== 8+0+252 (secure 0 0 0) 0x7faa8c003c00 con 0x7faa9c03db30
2026-03-10T10:08:31.355 INFO:teuthology.orchestra.run.vm04.stdout:/usr/bin/ceph: stderr
2026-03-10T10:08:31.316+0000 7faacd5a5640 1 -- 192.168.123.104:0/2586967957 >> v2:192.168.123.104:6800/632047608 conn(0x7faa9c03db30 msgr2=0x7faa9c03fff0 secure :-1 s=STATE_CONNECTION_ESTABLISHED l=1).mark_down
2026-03-10T10:08:31.355 INFO:teuthology.orchestra.run.vm04.stdout:/usr/bin/ceph: stderr
2026-03-10T10:08:31.316+0000 7faacd5a5640 1 --2- 192.168.123.104:0/2586967957 >> v2:192.168.123.104:6800/632047608 conn(0x7faa9c03db30 0x7faa9c03fff0 secure :-1 s=READY pgs=8 cs=0 l=1 rev1=1 crypto rx=0x7faabc009a10 tx=0x7faabc006eb0 comp rx=0 tx=0).stop
2026-03-10T10:08:31.355 INFO:teuthology.orchestra.run.vm04.stdout:/usr/bin/ceph: stderr
2026-03-10T10:08:31.316+0000 7faacd5a5640 1 -- 192.168.123.104:0/2586967957 >> [v2:192.168.123.104:3300/0,v1:192.168.123.104:6789/0] conn(0x7faac8108b70 msgr2=0x7faac80804f0 secure :-1 s=STATE_CONNECTION_ESTABLISHED l=1).mark_down
2026-03-10T10:08:31.355 INFO:teuthology.orchestra.run.vm04.stdout:/usr/bin/ceph: stderr
2026-03-10T10:08:31.316+0000 7faacd5a5640 1 --2- 192.168.123.104:0/2586967957 >> [v2:192.168.123.104:3300/0,v1:192.168.123.104:6789/0] conn(0x7faac8108b70 0x7faac80804f0 secure :-1 s=READY pgs=71 cs=0 l=1 rev1=1 crypto rx=0x7faab002f450 tx=0x7faab0037c20 comp rx=0 tx=0).stop
2026-03-10T10:08:31.355 INFO:teuthology.orchestra.run.vm04.stdout:/usr/bin/ceph: stderr
2026-03-10T10:08:31.316+0000 7faacd5a5640 1 -- 192.168.123.104:0/2586967957 shutdown_connections
2026-03-10T10:08:31.355 INFO:teuthology.orchestra.run.vm04.stdout:/usr/bin/ceph: stderr
2026-03-10T10:08:31.316+0000 7faacd5a5640 1 --2- 192.168.123.104:0/2586967957 >> v2:192.168.123.104:6800/632047608 conn(0x7faa9c03db30 0x7faa9c03fff0 unknown :-1 s=CLOSED pgs=8 cs=0 l=1 rev1=1 crypto rx=0 tx=0 comp rx=0 tx=0).stop
2026-03-10T10:08:31.355 INFO:teuthology.orchestra.run.vm04.stdout:/usr/bin/ceph: stderr
2026-03-10T10:08:31.316+0000 7faacd5a5640 1 --2- 192.168.123.104:0/2586967957 >> [v2:192.168.123.104:3300/0,v1:192.168.123.104:6789/0] conn(0x7faac8108b70 0x7faac80804f0 unknown :-1 s=CLOSED pgs=71 cs=0 l=1 rev1=1 crypto rx=0 tx=0 comp rx=0 tx=0).stop
2026-03-10T10:08:31.355 INFO:teuthology.orchestra.run.vm04.stdout:/usr/bin/ceph: stderr
2026-03-10T10:08:31.316+0000 7faacd5a5640 1 -- 192.168.123.104:0/2586967957 >> 192.168.123.104:0/2586967957 conn(0x7faac807c040 msgr2=0x7faac8105f50 unknown :-1 s=STATE_NONE l=0).mark_down
2026-03-10T10:08:31.355 INFO:teuthology.orchestra.run.vm04.stdout:/usr/bin/ceph: stderr
2026-03-10T10:08:31.320+0000 7faacd5a5640 1 -- 192.168.123.104:0/2586967957 shutdown_connections
2026-03-10T10:08:31.355 INFO:teuthology.orchestra.run.vm04.stdout:/usr/bin/ceph: stderr
2026-03-10T10:08:31.320+0000 7faacd5a5640 1 -- 192.168.123.104:0/2586967957 wait complete.
2026-03-10T10:08:31.355 INFO:teuthology.orchestra.run.vm04.stdout:Fetching dashboard port number...
2026-03-10T10:08:31.587 INFO:teuthology.orchestra.run.vm04.stdout:/usr/bin/ceph: stdout 8443
2026-03-10T10:08:31.587 INFO:teuthology.orchestra.run.vm04.stdout:/usr/bin/ceph: stderr
2026-03-10T10:08:31.452+0000 7faefdd4f640 1 Processor -- start
2026-03-10T10:08:31.587 INFO:teuthology.orchestra.run.vm04.stdout:/usr/bin/ceph: stderr
2026-03-10T10:08:31.452+0000 7faefdd4f640 1 -- start start
2026-03-10T10:08:31.587 INFO:teuthology.orchestra.run.vm04.stdout:/usr/bin/ceph: stderr
2026-03-10T10:08:31.452+0000 7faefdd4f640 1 --2- >> [v2:192.168.123.104:3300/0,v1:192.168.123.104:6789/0] conn(0x7faef8108b70 0x7faef8108f70 unknown :-1 s=NONE pgs=0 cs=0 l=0 rev1=0 crypto rx=0 tx=0 comp rx=0 tx=0).connect
2026-03-10T10:08:31.587 INFO:teuthology.orchestra.run.vm04.stdout:/usr/bin/ceph: stderr
2026-03-10T10:08:31.452+0000 7faefdd4f640 1 -- --> [v2:192.168.123.104:3300/0,v1:192.168.123.104:6789/0] -- mon_getmap magic: 0 -- 0x7faef8109540 con 0x7faef8108b70
2026-03-10T10:08:31.587 INFO:teuthology.orchestra.run.vm04.stdout:/usr/bin/ceph: stderr
2026-03-10T10:08:31.452+0000 7faef77fe640 1 --2- >> [v2:192.168.123.104:3300/0,v1:192.168.123.104:6789/0] conn(0x7faef8108b70 0x7faef8108f70 unknown :-1 s=BANNER_CONNECTING pgs=0 cs=0 l=0 rev1=0 crypto rx=0 tx=0 comp rx=0 tx=0)._handle_peer_banner_payload supported=3 required=0
2026-03-10T10:08:31.587 INFO:teuthology.orchestra.run.vm04.stdout:/usr/bin/ceph: stderr
2026-03-10T10:08:31.452+0000 7faef77fe640 1 --2- >> [v2:192.168.123.104:3300/0,v1:192.168.123.104:6789/0] conn(0x7faef8108b70 0x7faef8108f70 unknown :-1 s=HELLO_CONNECTING pgs=0 cs=0 l=0 rev1=1 crypto rx=0 tx=0 comp rx=0 tx=0).handle_hello peer v2:192.168.123.104:3300/0 says I am v2:192.168.123.104:55850/0 (socket says 192.168.123.104:55850)
2026-03-10T10:08:31.587 INFO:teuthology.orchestra.run.vm04.stdout:/usr/bin/ceph: stderr
2026-03-10T10:08:31.452+0000 7faef77fe640 1 -- 192.168.123.104:0/4626582 learned_addr learned my addr 192.168.123.104:0/4626582 (peer_addr_for_me v2:192.168.123.104:0/0)
2026-03-10T10:08:31.587 INFO:teuthology.orchestra.run.vm04.stdout:/usr/bin/ceph: stderr
2026-03-10T10:08:31.452+0000 7faef77fe640 1 -- 192.168.123.104:0/4626582 --> [v2:192.168.123.104:3300/0,v1:192.168.123.104:6789/0] -- mon_subscribe({config=0+,monmap=0+}) -- 0x7faef8109d70 con 0x7faef8108b70
2026-03-10T10:08:31.587 INFO:teuthology.orchestra.run.vm04.stdout:/usr/bin/ceph: stderr
2026-03-10T10:08:31.452+0000 7faef77fe640 1 --2- 192.168.123.104:0/4626582 >> [v2:192.168.123.104:3300/0,v1:192.168.123.104:6789/0] conn(0x7faef8108b70 0x7faef8108f70 secure :-1 s=READY pgs=72 cs=0 l=1 rev1=1 crypto rx=0x7faee8009920 tx=0x7faee802ef20 comp rx=0 tx=0).ready entity=mon.0 client_cookie=703d61e4dad83692 server_cookie=0 in_seq=0 out_seq=0
2026-03-10T10:08:31.587 INFO:teuthology.orchestra.run.vm04.stdout:/usr/bin/ceph: stderr
2026-03-10T10:08:31.452+0000 7faef67fc640 1 -- 192.168.123.104:0/4626582 <== mon.0 v2:192.168.123.104:3300/0 1 ==== mon_map magic: 0 ==== 205+0+0 (secure 0 0 0) 0x7faee803c070 con 0x7faef8108b70
2026-03-10T10:08:31.587 INFO:teuthology.orchestra.run.vm04.stdout:/usr/bin/ceph: stderr
2026-03-10T10:08:31.452+0000 7faef67fc640 1 -- 192.168.123.104:0/4626582 <== mon.0 v2:192.168.123.104:3300/0 2 ==== config(25 keys) ==== 1029+0+0 (secure 0 0 0) 0x7faee8037440 con 0x7faef8108b70
2026-03-10T10:08:31.587 INFO:teuthology.orchestra.run.vm04.stdout:/usr/bin/ceph: stderr
2026-03-10T10:08:31.452+0000 7faefdd4f640 1 -- 192.168.123.104:0/4626582 >> [v2:192.168.123.104:3300/0,v1:192.168.123.104:6789/0] conn(0x7faef8108b70 msgr2=0x7faef8108f70 secure :-1 s=STATE_CONNECTION_ESTABLISHED l=1).mark_down
2026-03-10T10:08:31.587 INFO:teuthology.orchestra.run.vm04.stdout:/usr/bin/ceph: stderr
2026-03-10T10:08:31.452+0000 7faefdd4f640 1 --2- 192.168.123.104:0/4626582 >> [v2:192.168.123.104:3300/0,v1:192.168.123.104:6789/0] conn(0x7faef8108b70 0x7faef8108f70 secure :-1 s=READY pgs=72 cs=0 l=1 rev1=1 crypto rx=0x7faee8009920 tx=0x7faee802ef20 comp rx=0 tx=0).stop
2026-03-10T10:08:31.587 INFO:teuthology.orchestra.run.vm04.stdout:/usr/bin/ceph: stderr
2026-03-10T10:08:31.452+0000 7faefdd4f640 1 -- 192.168.123.104:0/4626582 shutdown_connections
2026-03-10T10:08:31.587 INFO:teuthology.orchestra.run.vm04.stdout:/usr/bin/ceph: stderr
2026-03-10T10:08:31.452+0000 7faefdd4f640 1 --2- 192.168.123.104:0/4626582 >> [v2:192.168.123.104:3300/0,v1:192.168.123.104:6789/0] conn(0x7faef8108b70 0x7faef8108f70 unknown :-1 s=CLOSED pgs=72 cs=0 l=1 rev1=1 crypto rx=0 tx=0 comp rx=0 tx=0).stop
2026-03-10T10:08:31.587 INFO:teuthology.orchestra.run.vm04.stdout:/usr/bin/ceph: stderr
2026-03-10T10:08:31.452+0000 7faefdd4f640 1 -- 192.168.123.104:0/4626582 >> 192.168.123.104:0/4626582 conn(0x7faef807c040 msgr2=0x7faef807c450 unknown :-1 s=STATE_NONE l=0).mark_down
2026-03-10T10:08:31.587 INFO:teuthology.orchestra.run.vm04.stdout:/usr/bin/ceph: stderr
2026-03-10T10:08:31.452+0000 7faefdd4f640 1 -- 192.168.123.104:0/4626582 shutdown_connections
2026-03-10T10:08:31.587 INFO:teuthology.orchestra.run.vm04.stdout:/usr/bin/ceph: stderr
2026-03-10T10:08:31.452+0000 7faefdd4f640 1 -- 192.168.123.104:0/4626582 wait complete.
2026-03-10T10:08:31.587 INFO:teuthology.orchestra.run.vm04.stdout:/usr/bin/ceph: stderr
2026-03-10T10:08:31.452+0000 7faefdd4f640 1 Processor -- start
2026-03-10T10:08:31.587 INFO:teuthology.orchestra.run.vm04.stdout:/usr/bin/ceph: stderr
2026-03-10T10:08:31.452+0000 7faefdd4f640 1 -- start start
2026-03-10T10:08:31.587 INFO:teuthology.orchestra.run.vm04.stdout:/usr/bin/ceph: stderr
2026-03-10T10:08:31.452+0000 7faefdd4f640 1 --2- >> [v2:192.168.123.104:3300/0,v1:192.168.123.104:6789/0] conn(0x7faef8108b70 0x7faef819ece0 unknown :-1 s=NONE pgs=0 cs=0 l=1 rev1=0 crypto rx=0 tx=0 comp rx=0 tx=0).connect
2026-03-10T10:08:31.587 INFO:teuthology.orchestra.run.vm04.stdout:/usr/bin/ceph: stderr
2026-03-10T10:08:31.452+0000 7faefdd4f640 1 -- --> [v2:192.168.123.104:3300/0,v1:192.168.123.104:6789/0] -- mon_getmap magic: 0 -- 0x7faef810cfa0 con 0x7faef8108b70
2026-03-10T10:08:31.587 INFO:teuthology.orchestra.run.vm04.stdout:/usr/bin/ceph: stderr
2026-03-10T10:08:31.452+0000 7faef77fe640 1 --2- >> [v2:192.168.123.104:3300/0,v1:192.168.123.104:6789/0] conn(0x7faef8108b70 0x7faef819ece0 unknown :-1 s=BANNER_CONNECTING pgs=0 cs=0 l=1 rev1=0 crypto rx=0 tx=0 comp rx=0 tx=0)._handle_peer_banner_payload supported=3 required=0
2026-03-10T10:08:31.587 INFO:teuthology.orchestra.run.vm04.stdout:/usr/bin/ceph: stderr
2026-03-10T10:08:31.452+0000 7faef77fe640 1 --2- >> [v2:192.168.123.104:3300/0,v1:192.168.123.104:6789/0] conn(0x7faef8108b70 0x7faef819ece0 unknown :-1 s=HELLO_CONNECTING pgs=0 cs=0 l=1 rev1=1 crypto rx=0 tx=0 comp rx=0 tx=0).handle_hello peer v2:192.168.123.104:3300/0 says I am v2:192.168.123.104:55862/0 (socket says 192.168.123.104:55862)
2026-03-10T10:08:31.587 INFO:teuthology.orchestra.run.vm04.stdout:/usr/bin/ceph: stderr
2026-03-10T10:08:31.452+0000 7faef77fe640 1 -- 192.168.123.104:0/487836184 learned_addr learned my addr 192.168.123.104:0/487836184 (peer_addr_for_me v2:192.168.123.104:0/0)
2026-03-10T10:08:31.587 INFO:teuthology.orchestra.run.vm04.stdout:/usr/bin/ceph: stderr
2026-03-10T10:08:31.452+0000 7faef77fe640 1 -- 192.168.123.104:0/487836184 --> [v2:192.168.123.104:3300/0,v1:192.168.123.104:6789/0] -- mon_subscribe({config=0+,monmap=0+}) -- 0x7faef819f220 con 0x7faef8108b70
2026-03-10T10:08:31.587 INFO:teuthology.orchestra.run.vm04.stdout:/usr/bin/ceph: stderr
2026-03-10T10:08:31.452+0000 7faef77fe640 1 --2- 192.168.123.104:0/487836184 >> [v2:192.168.123.104:3300/0,v1:192.168.123.104:6789/0] conn(0x7faef8108b70 0x7faef819ece0 secure :-1 s=READY pgs=73 cs=0 l=1 rev1=1 crypto rx=0x7faee8037b20 tx=0x7faee8037b50 comp rx=0 tx=0).ready entity=mon.0 client_cookie=0 server_cookie=0 in_seq=0 out_seq=0
2026-03-10T10:08:31.587 INFO:teuthology.orchestra.run.vm04.stdout:/usr/bin/ceph: stderr
2026-03-10T10:08:31.456+0000 7faef4ff9640 1 -- 192.168.123.104:0/487836184 <== mon.0 v2:192.168.123.104:3300/0 1 ==== mon_map magic: 0 ==== 205+0+0 (secure 0 0 0) 0x7faee8045070 con 0x7faef8108b70
2026-03-10T10:08:31.587 INFO:teuthology.orchestra.run.vm04.stdout:/usr/bin/ceph: stderr
2026-03-10T10:08:31.456+0000 7faefdd4f640 1 -- 192.168.123.104:0/487836184 --> [v2:192.168.123.104:3300/0,v1:192.168.123.104:6789/0] -- mon_subscribe({mgrmap=0+}) -- 0x7faef819f4b0 con 0x7faef8108b70
2026-03-10T10:08:31.587 INFO:teuthology.orchestra.run.vm04.stdout:/usr/bin/ceph: stderr
2026-03-10T10:08:31.456+0000 7faefdd4f640 1 -- 192.168.123.104:0/487836184 --> [v2:192.168.123.104:3300/0,v1:192.168.123.104:6789/0] -- mon_subscribe({osdmap=0}) -- 0x7faef81a2190 con 0x7faef8108b70
2026-03-10T10:08:31.587 INFO:teuthology.orchestra.run.vm04.stdout:/usr/bin/ceph: stderr
2026-03-10T10:08:31.456+0000 7faef4ff9640 1 -- 192.168.123.104:0/487836184 <== mon.0 v2:192.168.123.104:3300/0 2 ==== config(25 keys) ==== 1029+0+0 (secure 0 0 0) 0x7faee8036c10 con 0x7faef8108b70
2026-03-10T10:08:31.587 INFO:teuthology.orchestra.run.vm04.stdout:/usr/bin/ceph: stderr
2026-03-10T10:08:31.456+0000 7faef4ff9640 1 -- 192.168.123.104:0/487836184 <== mon.0 v2:192.168.123.104:3300/0 3 ==== mon_map magic: 0 ==== 205+0+0 (secure 0 0 0) 0x7faee804f050 con 0x7faef8108b70
2026-03-10T10:08:31.587 INFO:teuthology.orchestra.run.vm04.stdout:/usr/bin/ceph: stderr
2026-03-10T10:08:31.456+0000 7faef4ff9640 1 -- 192.168.123.104:0/487836184 <== mon.0 v2:192.168.123.104:3300/0 4 ==== mgrmap(e 11) ==== 50119+0+0 (secure 0 0 0) 0x7faee80497e0 con 0x7faef8108b70
2026-03-10T10:08:31.587 INFO:teuthology.orchestra.run.vm04.stdout:/usr/bin/ceph: stderr
2026-03-10T10:08:31.456+0000 7faef4ff9640 1 --2- 192.168.123.104:0/487836184 >> v2:192.168.123.104:6800/632047608 conn(0x7faecc0464f0 0x7faecc0489b0 unknown :-1 s=NONE pgs=0 cs=0 l=1 rev1=0 crypto rx=0 tx=0 comp rx=0 tx=0).connect
2026-03-10T10:08:31.587 INFO:teuthology.orchestra.run.vm04.stdout:/usr/bin/ceph: stderr
2026-03-10T10:08:31.456+0000 7faef4ff9640 1 -- 192.168.123.104:0/487836184 <== mon.0 v2:192.168.123.104:3300/0 5 ==== osd_map(3..3 src has 1..3) ==== 1069+0+0 (secure 0 0 0) 0x7faee8077180 con 0x7faef8108b70
2026-03-10T10:08:31.587 INFO:teuthology.orchestra.run.vm04.stdout:/usr/bin/ceph: stderr
2026-03-10T10:08:31.456+0000 7faefdd4f640 1 -- 192.168.123.104:0/487836184 --> [v2:192.168.123.104:3300/0,v1:192.168.123.104:6789/0] -- mon_command({"prefix": "get_command_descriptions"} v 0) -- 0x7faebc005180 con 0x7faef8108b70
2026-03-10T10:08:31.587 INFO:teuthology.orchestra.run.vm04.stdout:/usr/bin/ceph: stderr
2026-03-10T10:08:31.456+0000 7faef6ffd640 1 --2- 192.168.123.104:0/487836184 >> v2:192.168.123.104:6800/632047608 conn(0x7faecc0464f0 0x7faecc0489b0 unknown :-1 s=BANNER_CONNECTING pgs=0 cs=0 l=1 rev1=0 crypto rx=0 tx=0 comp rx=0 tx=0)._handle_peer_banner_payload supported=3 required=0
2026-03-10T10:08:31.587 INFO:teuthology.orchestra.run.vm04.stdout:/usr/bin/ceph: stderr
2026-03-10T10:08:31.460+0000 7faef4ff9640 1 -- 192.168.123.104:0/487836184 <== mon.0 v2:192.168.123.104:3300/0 6 ==== mon_command_ack([{"prefix": "get_command_descriptions"}]=0 v0) ==== 72+0+195034 (secure 0 0 0) 0x7faee80476e0 con 0x7faef8108b70
2026-03-10T10:08:31.587 INFO:teuthology.orchestra.run.vm04.stdout:/usr/bin/ceph: stderr
2026-03-10T10:08:31.460+0000 7faef6ffd640 1 --2- 192.168.123.104:0/487836184 >> v2:192.168.123.104:6800/632047608 conn(0x7faecc0464f0 0x7faecc0489b0 secure :-1 s=READY pgs=9 cs=0 l=1 rev1=1 crypto rx=0x7faee4009a10 tx=0x7faee4006eb0 comp rx=0 tx=0).ready entity=mgr.14150 client_cookie=0 server_cookie=0 in_seq=0 out_seq=0
2026-03-10T10:08:31.587 INFO:teuthology.orchestra.run.vm04.stdout:/usr/bin/ceph: stderr
2026-03-10T10:08:31.544+0000 7faefdd4f640 1 -- 192.168.123.104:0/487836184 --> [v2:192.168.123.104:3300/0,v1:192.168.123.104:6789/0] -- mon_command({"prefix": "config get", "who": "mgr", "key": "mgr/dashboard/ssl_server_port"} v 0) -- 0x7faebc005470 con 0x7faef8108b70
2026-03-10T10:08:31.587 INFO:teuthology.orchestra.run.vm04.stdout:/usr/bin/ceph: stderr
2026-03-10T10:08:31.548+0000 7faef4ff9640 1 -- 192.168.123.104:0/487836184 <== mon.0 v2:192.168.123.104:3300/0 7 ==== mon_command_ack([{"prefix": "config get", "who": "mgr", "key": "mgr/dashboard/ssl_server_port"}]=0 v8) ==== 112+0+5 (secure 0 0 0) 0x7faee803ee30 con 0x7faef8108b70
2026-03-10T10:08:31.587 INFO:teuthology.orchestra.run.vm04.stdout:/usr/bin/ceph: stderr
2026-03-10T10:08:31.548+0000 7faefdd4f640 1 -- 192.168.123.104:0/487836184 >> v2:192.168.123.104:6800/632047608 conn(0x7faecc0464f0 msgr2=0x7faecc0489b0 secure :-1 s=STATE_CONNECTION_ESTABLISHED l=1).mark_down
2026-03-10T10:08:31.587 INFO:teuthology.orchestra.run.vm04.stdout:/usr/bin/ceph: stderr
2026-03-10T10:08:31.548+0000 7faefdd4f640 1 --2- 192.168.123.104:0/487836184 >> v2:192.168.123.104:6800/632047608 conn(0x7faecc0464f0 0x7faecc0489b0 secure :-1 s=READY pgs=9 cs=0 l=1 rev1=1 crypto rx=0x7faee4009a10 tx=0x7faee4006eb0 comp rx=0 tx=0).stop
2026-03-10T10:08:31.587 INFO:teuthology.orchestra.run.vm04.stdout:/usr/bin/ceph: stderr
2026-03-10T10:08:31.548+0000 7faefdd4f640 1 -- 192.168.123.104:0/487836184 >> [v2:192.168.123.104:3300/0,v1:192.168.123.104:6789/0] conn(0x7faef8108b70 msgr2=0x7faef819ece0 secure :-1 s=STATE_CONNECTION_ESTABLISHED l=1).mark_down
2026-03-10T10:08:31.588 INFO:teuthology.orchestra.run.vm04.stdout:/usr/bin/ceph: stderr
2026-03-10T10:08:31.548+0000 7faefdd4f640 1 --2- 192.168.123.104:0/487836184 >> [v2:192.168.123.104:3300/0,v1:192.168.123.104:6789/0] conn(0x7faef8108b70 0x7faef819ece0 secure :-1 s=READY pgs=73 cs=0 l=1 rev1=1 crypto rx=0x7faee8037b20 tx=0x7faee8037b50 comp rx=0 tx=0).stop
2026-03-10T10:08:31.588 INFO:teuthology.orchestra.run.vm04.stdout:/usr/bin/ceph: stderr
2026-03-10T10:08:31.548+0000 7faefdd4f640 1 -- 192.168.123.104:0/487836184 shutdown_connections
2026-03-10T10:08:31.588 INFO:teuthology.orchestra.run.vm04.stdout:/usr/bin/ceph: stderr
2026-03-10T10:08:31.548+0000 7faefdd4f640 1 --2- 192.168.123.104:0/487836184 >> v2:192.168.123.104:6800/632047608 conn(0x7faecc0464f0 0x7faecc0489b0 unknown :-1 s=CLOSED pgs=9 cs=0 l=1 rev1=1 crypto rx=0 tx=0 comp rx=0 tx=0).stop
2026-03-10T10:08:31.588 INFO:teuthology.orchestra.run.vm04.stdout:/usr/bin/ceph: stderr
2026-03-10T10:08:31.548+0000 7faefdd4f640 1 --2- 192.168.123.104:0/487836184 >> [v2:192.168.123.104:3300/0,v1:192.168.123.104:6789/0] conn(0x7faef8108b70 0x7faef819ece0 unknown :-1 s=CLOSED pgs=73 cs=0 l=1 rev1=1 crypto rx=0 tx=0 comp rx=0 tx=0).stop
2026-03-10T10:08:31.588 INFO:teuthology.orchestra.run.vm04.stdout:/usr/bin/ceph: stderr
2026-03-10T10:08:31.548+0000 7faefdd4f640 1 -- 192.168.123.104:0/487836184 >> 192.168.123.104:0/487836184 conn(0x7faef807c040 msgr2=0x7faef8106370 unknown :-1 s=STATE_NONE l=0).mark_down
2026-03-10T10:08:31.588 INFO:teuthology.orchestra.run.vm04.stdout:/usr/bin/ceph: stderr
2026-03-10T10:08:31.548+0000 7faefdd4f640 1 -- 192.168.123.104:0/487836184 shutdown_connections
2026-03-10T10:08:31.588 INFO:teuthology.orchestra.run.vm04.stdout:/usr/bin/ceph: stderr
2026-03-10T10:08:31.548+0000 7faefdd4f640 1 -- 192.168.123.104:0/487836184 wait complete.
2026-03-10T10:08:31.588 INFO:teuthology.orchestra.run.vm04.stdout:firewalld does not appear to be present
2026-03-10T10:08:31.588 INFO:teuthology.orchestra.run.vm04.stdout:Not possible to open ports <[8443]>. firewalld.service is not available
2026-03-10T10:08:31.588 INFO:teuthology.orchestra.run.vm04.stdout:Ceph Dashboard is now available at:
2026-03-10T10:08:31.588 INFO:teuthology.orchestra.run.vm04.stdout:
2026-03-10T10:08:31.588 INFO:teuthology.orchestra.run.vm04.stdout: URL: https://vm04.local:8443/
2026-03-10T10:08:31.588 INFO:teuthology.orchestra.run.vm04.stdout: User: admin
2026-03-10T10:08:31.588 INFO:teuthology.orchestra.run.vm04.stdout: Password: 6yfhfw7jto
2026-03-10T10:08:31.588 INFO:teuthology.orchestra.run.vm04.stdout:
2026-03-10T10:08:31.588 INFO:teuthology.orchestra.run.vm04.stdout:Saving cluster configuration to /var/lib/ceph/e4c1c9d6-1c68-11f1-a9bd-116050875839/config directory
2026-03-10T10:08:31.868 INFO:journalctl@ceph.mon.a.vm04.stdout:Mar 10 10:08:31 vm04 bash[20742]: cephadm
2026-03-10T10:08:30.399315+0000 mgr.y (mgr.14150) 1 : cephadm [INF] [10/Mar/2026:10:08:30] ENGINE Bus STARTING
2026-03-10T10:08:31.868 INFO:journalctl@ceph.mon.a.vm04.stdout:Mar 10 10:08:31 vm04 bash[20742]: cephadm
2026-03-10T10:08:30.399315+0000 mgr.y (mgr.14150) 1 : cephadm [INF] [10/Mar/2026:10:08:30] ENGINE Bus STARTING
2026-03-10T10:08:31.868 INFO:journalctl@ceph.mon.a.vm04.stdout:Mar 10 10:08:31 vm04 bash[20742]: cephadm
2026-03-10T10:08:30.507067+0000 mgr.y (mgr.14150) 2 : cephadm [INF] [10/Mar/2026:10:08:30] ENGINE Serving on https://192.168.123.104:7150
2026-03-10T10:08:31.868 INFO:journalctl@ceph.mon.a.vm04.stdout:Mar 10 10:08:31 vm04 bash[20742]: cephadm
2026-03-10T10:08:30.507067+0000 mgr.y (mgr.14150) 2 : cephadm [INF] [10/Mar/2026:10:08:30] ENGINE Serving on https://192.168.123.104:7150
2026-03-10T10:08:31.868 INFO:journalctl@ceph.mon.a.vm04.stdout:Mar 10 10:08:31 vm04 bash[20742]: cephadm
2026-03-10T10:08:30.507665+0000 mgr.y (mgr.14150) 3 : cephadm [INF] [10/Mar/2026:10:08:30] ENGINE Client ('192.168.123.104', 39822) lost — peer dropped the TLS connection suddenly, during handshake: (6, 'TLS/SSL connection has been closed (EOF) (_ssl.c:1147)')
2026-03-10T10:08:31.868 INFO:journalctl@ceph.mon.a.vm04.stdout:Mar 10 10:08:31 vm04 bash[20742]: cephadm
2026-03-10T10:08:30.507665+0000 mgr.y (mgr.14150) 3 : cephadm [INF] [10/Mar/2026:10:08:30] ENGINE Client ('192.168.123.104', 39822) lost — peer dropped the TLS connection suddenly, during handshake: (6, 'TLS/SSL connection has been closed (EOF) (_ssl.c:1147)')
2026-03-10T10:08:31.868 INFO:journalctl@ceph.mon.a.vm04.stdout:Mar 10 10:08:31 vm04 bash[20742]: cluster
2026-03-10T10:08:30.604799+0000 mon.a (mon.0) 86 : cluster [DBG] mgrmap e11: y(active, since 1.00939s)
2026-03-10T10:08:31.868 INFO:journalctl@ceph.mon.a.vm04.stdout:Mar 10 10:08:31 vm04 bash[20742]: cluster
2026-03-10T10:08:30.604799+0000 mon.a (mon.0) 86 : cluster [DBG] mgrmap e11: y(active, since 1.00939s)
2026-03-10T10:08:31.868 INFO:journalctl@ceph.mon.a.vm04.stdout:Mar 10 10:08:31 vm04 bash[20742]: audit
2026-03-10T10:08:30.606818+0000 mgr.y (mgr.14150) 4 : audit [DBG] from='client.14154 -' entity='client.admin' cmd=[{"prefix": "get_command_descriptions"}]: dispatch
2026-03-10T10:08:31.868 INFO:journalctl@ceph.mon.a.vm04.stdout:Mar 10 10:08:31 vm04 bash[20742]: audit
2026-03-10T10:08:30.606818+0000 mgr.y (mgr.14150) 4 : audit [DBG] from='client.14154 -' entity='client.admin' cmd=[{"prefix": "get_command_descriptions"}]: dispatch
2026-03-10T10:08:31.868 INFO:journalctl@ceph.mon.a.vm04.stdout:Mar 10 10:08:31 vm04 bash[20742]: cephadm
2026-03-10T10:08:30.608189+0000 mgr.y (mgr.14150) 5 : cephadm [INF] [10/Mar/2026:10:08:30] ENGINE Serving on http://192.168.123.104:8765
2026-03-10T10:08:31.868 INFO:journalctl@ceph.mon.a.vm04.stdout:Mar 10 10:08:31 vm04 bash[20742]: cephadm
2026-03-10T10:08:30.608189+0000 mgr.y (mgr.14150) 5 : cephadm [INF] [10/Mar/2026:10:08:30] ENGINE Serving on http://192.168.123.104:8765
2026-03-10T10:08:31.868 INFO:journalctl@ceph.mon.a.vm04.stdout:Mar 10 10:08:31 vm04 bash[20742]: cephadm
2026-03-10T10:08:30.608221+0000 mgr.y (mgr.14150) 6 : cephadm [INF] [10/Mar/2026:10:08:30] ENGINE Bus STARTED
2026-03-10T10:08:31.868 INFO:journalctl@ceph.mon.a.vm04.stdout:Mar 10 10:08:31 vm04 bash[20742]: cephadm
2026-03-10T10:08:30.608221+0000 mgr.y (mgr.14150) 6 : cephadm [INF] [10/Mar/2026:10:08:30] ENGINE Bus STARTED
2026-03-10T10:08:31.868 INFO:journalctl@ceph.mon.a.vm04.stdout:Mar 10 10:08:31 vm04 bash[20742]: audit
2026-03-10T10:08:30.610577+0000 mgr.y (mgr.14150) 7 : audit [DBG] from='client.14154 -' entity='client.admin' cmd=[{"prefix": "mgr_status"}]: dispatch
2026-03-10T10:08:31.868 INFO:journalctl@ceph.mon.a.vm04.stdout:Mar 10 10:08:31 vm04 bash[20742]: audit
2026-03-10T10:08:30.610577+0000 mgr.y (mgr.14150) 7 : audit [DBG] from='client.14154 -' entity='client.admin' cmd=[{"prefix": "mgr_status"}]: dispatch
2026-03-10T10:08:31.868 INFO:journalctl@ceph.mon.a.vm04.stdout:Mar 10 10:08:31 vm04 bash[20742]: audit
2026-03-10T10:08:30.929579+0000 mon.a (mon.0) 87 : audit [INF] from='mgr.14150 192.168.123.104:0/1910879500' entity='mgr.y'
2026-03-10T10:08:31.868 INFO:journalctl@ceph.mon.a.vm04.stdout:Mar 10 10:08:31 vm04 bash[20742]: audit
2026-03-10T10:08:30.929579+0000 mon.a (mon.0) 87 : audit [INF] from='mgr.14150 192.168.123.104:0/1910879500' entity='mgr.y'
2026-03-10T10:08:31.868 INFO:journalctl@ceph.mon.a.vm04.stdout:Mar 10 10:08:31 vm04 bash[20742]: audit
2026-03-10T10:08:30.931533+0000 mon.a (mon.0) 88 : audit [INF] from='mgr.14150 192.168.123.104:0/1910879500' entity='mgr.y'
2026-03-10T10:08:31.868 INFO:journalctl@ceph.mon.a.vm04.stdout:Mar 10 10:08:31 vm04 bash[20742]: audit
2026-03-10T10:08:30.931533+0000 mon.a (mon.0) 88 : audit [INF] from='mgr.14150 192.168.123.104:0/1910879500' entity='mgr.y'
2026-03-10T10:08:31.868 INFO:journalctl@ceph.mon.a.vm04.stdout:Mar 10 10:08:31 vm04 bash[20742]: audit
2026-03-10T10:08:31.320638+0000 mon.a (mon.0) 89 : audit [INF] from='mgr.14150 192.168.123.104:0/1910879500' entity='mgr.y'
2026-03-10T10:08:31.868 INFO:journalctl@ceph.mon.a.vm04.stdout:Mar 10 10:08:31 vm04 bash[20742]: audit
2026-03-10T10:08:31.320638+0000 mon.a (mon.0) 89 : audit [INF] from='mgr.14150 192.168.123.104:0/1910879500' entity='mgr.y'
2026-03-10T10:08:31.868 INFO:journalctl@ceph.mon.a.vm04.stdout:Mar 10 10:08:31 vm04 bash[20742]: audit
2026-03-10T10:08:31.552124+0000 mon.a (mon.0) 90 : audit [DBG] from='client.? 192.168.123.104:0/487836184' entity='client.admin' cmd=[{"prefix": "config get", "who": "mgr", "key": "mgr/dashboard/ssl_server_port"}]: dispatch
2026-03-10T10:08:31.868 INFO:journalctl@ceph.mon.a.vm04.stdout:Mar 10 10:08:31 vm04 bash[20742]: audit
2026-03-10T10:08:31.552124+0000 mon.a (mon.0) 90 : audit [DBG] from='client.? 192.168.123.104:0/487836184' entity='client.admin' cmd=[{"prefix": "config get", "who": "mgr", "key": "mgr/dashboard/ssl_server_port"}]: dispatch
2026-03-10T10:08:31.892 INFO:teuthology.orchestra.run.vm04.stdout:/usr/bin/ceph: stderr
2026-03-10T10:08:31.708+0000 7fa525605640 1 Processor -- start
2026-03-10T10:08:31.893 INFO:teuthology.orchestra.run.vm04.stdout:/usr/bin/ceph: stderr
2026-03-10T10:08:31.708+0000 7fa525605640 1 -- start start
2026-03-10T10:08:31.893 INFO:teuthology.orchestra.run.vm04.stdout:/usr/bin/ceph: stderr
2026-03-10T10:08:31.708+0000 7fa525605640 1 --2- >> [v2:192.168.123.104:3300/0,v1:192.168.123.104:6789/0] conn(0x7fa5201068e0 0x7fa520106ce0 unknown :-1 s=NONE pgs=0 cs=0 l=0 rev1=0 crypto rx=0 tx=0 comp rx=0 tx=0).connect
2026-03-10T10:08:31.893 INFO:teuthology.orchestra.run.vm04.stdout:/usr/bin/ceph: stderr
2026-03-10T10:08:31.708+0000 7fa525605640 1 -- --> [v2:192.168.123.104:3300/0,v1:192.168.123.104:6789/0] -- mon_getmap magic: 0 -- 0x7fa5201072b0 con 0x7fa5201068e0
2026-03-10T10:08:31.893 INFO:teuthology.orchestra.run.vm04.stdout:/usr/bin/ceph: stderr
2026-03-10T10:08:31.708+0000 7fa51effd640 1 --2- >> [v2:192.168.123.104:3300/0,v1:192.168.123.104:6789/0] conn(0x7fa5201068e0 0x7fa520106ce0 unknown :-1 s=BANNER_CONNECTING pgs=0 cs=0 l=0 rev1=0 crypto rx=0 tx=0 comp rx=0 tx=0)._handle_peer_banner_payload supported=3 required=0
2026-03-10T10:08:31.893 INFO:teuthology.orchestra.run.vm04.stdout:/usr/bin/ceph: stderr
2026-03-10T10:08:31.708+0000 7fa51effd640 1 --2- >> [v2:192.168.123.104:3300/0,v1:192.168.123.104:6789/0] conn(0x7fa5201068e0 0x7fa520106ce0 unknown :-1 s=HELLO_CONNECTING pgs=0 cs=0 l=0 rev1=1 crypto rx=0 tx=0 comp rx=0 tx=0).handle_hello peer v2:192.168.123.104:3300/0 says I am v2:192.168.123.104:55864/0 (socket says 192.168.123.104:55864)
2026-03-10T10:08:31.893 INFO:teuthology.orchestra.run.vm04.stdout:/usr/bin/ceph: stderr
2026-03-10T10:08:31.708+0000 7fa51effd640 1 -- 192.168.123.104:0/254893470 learned_addr learned my addr 192.168.123.104:0/254893470 (peer_addr_for_me v2:192.168.123.104:0/0)
2026-03-10T10:08:31.893 INFO:teuthology.orchestra.run.vm04.stdout:/usr/bin/ceph: stderr
2026-03-10T10:08:31.708+0000 7fa51effd640 1 -- 192.168.123.104:0/254893470 --> [v2:192.168.123.104:3300/0,v1:192.168.123.104:6789/0] -- mon_subscribe({config=0+,monmap=0+}) -- 0x7fa520107ae0 con 0x7fa5201068e0
2026-03-10T10:08:31.893 INFO:teuthology.orchestra.run.vm04.stdout:/usr/bin/ceph: stderr
2026-03-10T10:08:31.708+0000 7fa51effd640 1 --2- 192.168.123.104:0/254893470 >> [v2:192.168.123.104:3300/0,v1:192.168.123.104:6789/0] conn(0x7fa5201068e0 0x7fa520106ce0 secure :-1 s=READY pgs=74 cs=0 l=1 rev1=1 crypto rx=0x7fa508009b80 tx=0x7fa50802f190 comp rx=0 tx=0).ready entity=mon.0 client_cookie=c9ff57b10db24bda server_cookie=0 in_seq=0 out_seq=0
2026-03-10T10:08:31.893 INFO:teuthology.orchestra.run.vm04.stdout:/usr/bin/ceph: stderr
2026-03-10T10:08:31.708+0000 7fa51dffb640 1 -- 192.168.123.104:0/254893470 <== mon.0 v2:192.168.123.104:3300/0 1 ==== mon_map magic: 0 ==== 205+0+0 (secure 0 0 0) 0x7fa50803c070 con 0x7fa5201068e0
2026-03-10T10:08:31.893 INFO:teuthology.orchestra.run.vm04.stdout:/usr/bin/ceph: stderr
2026-03-10T10:08:31.708+0000 7fa51dffb640 1 -- 192.168.123.104:0/254893470 <== mon.0 v2:192.168.123.104:3300/0 2 ==== config(25 keys) ==== 1029+0+0 (secure 0 0 0) 0x7fa508037440 con 0x7fa5201068e0
2026-03-10T10:08:31.893 INFO:teuthology.orchestra.run.vm04.stdout:/usr/bin/ceph: stderr
2026-03-10T10:08:31.708+0000 7fa525605640 1 -- 192.168.123.104:0/254893470 >> [v2:192.168.123.104:3300/0,v1:192.168.123.104:6789/0] conn(0x7fa5201068e0 msgr2=0x7fa520106ce0 secure :-1 s=STATE_CONNECTION_ESTABLISHED l=1).mark_down
2026-03-10T10:08:31.893 INFO:teuthology.orchestra.run.vm04.stdout:/usr/bin/ceph: stderr
2026-03-10T10:08:31.708+0000 7fa525605640 1 --2- 192.168.123.104:0/254893470 >> [v2:192.168.123.104:3300/0,v1:192.168.123.104:6789/0] conn(0x7fa5201068e0 0x7fa520106ce0 secure :-1 s=READY pgs=74 cs=0 l=1 rev1=1 crypto rx=0x7fa508009b80 tx=0x7fa50802f190 comp rx=0 tx=0).stop
2026-03-10T10:08:31.893 INFO:teuthology.orchestra.run.vm04.stdout:/usr/bin/ceph: stderr
2026-03-10T10:08:31.708+0000 7fa525605640 1 -- 192.168.123.104:0/254893470 shutdown_connections
2026-03-10T10:08:31.893 INFO:teuthology.orchestra.run.vm04.stdout:/usr/bin/ceph: stderr
2026-03-10T10:08:31.708+0000 7fa525605640 1 --2- 192.168.123.104:0/254893470 >> [v2:192.168.123.104:3300/0,v1:192.168.123.104:6789/0] conn(0x7fa5201068e0 0x7fa520106ce0 unknown :-1 s=CLOSED pgs=74 cs=0 l=1 rev1=1 crypto rx=0 tx=0 comp rx=0 tx=0).stop
2026-03-10T10:08:31.893 INFO:teuthology.orchestra.run.vm04.stdout:/usr/bin/ceph: stderr
2026-03-10T10:08:31.708+0000 7fa525605640 1 -- 192.168.123.104:0/254893470 >> 192.168.123.104:0/254893470 conn(0x7fa520102090 msgr2=0x7fa5201044b0 unknown :-1 s=STATE_NONE l=0).mark_down
2026-03-10T10:08:31.893 INFO:teuthology.orchestra.run.vm04.stdout:/usr/bin/ceph: stderr
2026-03-10T10:08:31.708+0000 7fa525605640 1 -- 192.168.123.104:0/254893470 shutdown_connections
2026-03-10T10:08:31.893 INFO:teuthology.orchestra.run.vm04.stdout:/usr/bin/ceph: stderr
2026-03-10T10:08:31.708+0000 7fa525605640 1 -- 192.168.123.104:0/254893470 wait complete.
2026-03-10T10:08:31.893 INFO:teuthology.orchestra.run.vm04.stdout:/usr/bin/ceph: stderr
2026-03-10T10:08:31.708+0000 7fa525605640 1 Processor -- start
2026-03-10T10:08:31.893 INFO:teuthology.orchestra.run.vm04.stdout:/usr/bin/ceph: stderr
2026-03-10T10:08:31.708+0000 7fa525605640 1 -- start start
2026-03-10T10:08:31.893 INFO:teuthology.orchestra.run.vm04.stdout:/usr/bin/ceph: stderr
2026-03-10T10:08:31.708+0000 7fa525605640 1 --2- >> [v2:192.168.123.104:3300/0,v1:192.168.123.104:6789/0] conn(0x7fa5201068e0 0x7fa52007c460 unknown :-1 s=NONE pgs=0 cs=0 l=1 rev1=0 crypto rx=0 tx=0 comp rx=0 tx=0).connect
2026-03-10T10:08:31.893 INFO:teuthology.orchestra.run.vm04.stdout:/usr/bin/ceph: stderr
2026-03-10T10:08:31.708+0000 7fa525605640 1 -- --> [v2:192.168.123.104:3300/0,v1:192.168.123.104:6789/0] -- mon_getmap magic: 0 -- 0x7fa52010ad10 con 0x7fa5201068e0
2026-03-10T10:08:31.893 INFO:teuthology.orchestra.run.vm04.stdout:/usr/bin/ceph: stderr
2026-03-10T10:08:31.708+0000 7fa51effd640 1 --2- >> [v2:192.168.123.104:3300/0,v1:192.168.123.104:6789/0] conn(0x7fa5201068e0 0x7fa52007c460 unknown :-1 s=BANNER_CONNECTING pgs=0 cs=0 l=1 rev1=0 crypto rx=0 tx=0 comp rx=0 tx=0)._handle_peer_banner_payload supported=3 required=0
2026-03-10T10:08:31.893 INFO:teuthology.orchestra.run.vm04.stdout:/usr/bin/ceph: stderr
2026-03-10T10:08:31.708+0000 7fa51effd640 1 --2- >> [v2:192.168.123.104:3300/0,v1:192.168.123.104:6789/0] conn(0x7fa5201068e0 0x7fa52007c460 unknown :-1 s=HELLO_CONNECTING pgs=0 cs=0 l=1 rev1=1 crypto rx=0 tx=0 comp rx=0 tx=0).handle_hello peer v2:192.168.123.104:3300/0 says I am v2:192.168.123.104:55868/0 (socket says 192.168.123.104:55868)
2026-03-10T10:08:31.893 INFO:teuthology.orchestra.run.vm04.stdout:/usr/bin/ceph: stderr
2026-03-10T10:08:31.708+0000 7fa51effd640 1 -- 192.168.123.104:0/1555448482 learned_addr learned my addr 192.168.123.104:0/1555448482 (peer_addr_for_me v2:192.168.123.104:0/0)
2026-03-10T10:08:31.893 INFO:teuthology.orchestra.run.vm04.stdout:/usr/bin/ceph: stderr
2026-03-10T10:08:31.708+0000 7fa51effd640 1 -- 192.168.123.104:0/1555448482 --> [v2:192.168.123.104:3300/0,v1:192.168.123.104:6789/0] -- mon_subscribe({config=0+,monmap=0+}) -- 0x7fa52007c9a0 con 0x7fa5201068e0
2026-03-10T10:08:31.893 INFO:teuthology.orchestra.run.vm04.stdout:/usr/bin/ceph: stderr
2026-03-10T10:08:31.708+0000 7fa51effd640 1 --2- 192.168.123.104:0/1555448482 >> [v2:192.168.123.104:3300/0,v1:192.168.123.104:6789/0] conn(0x7fa5201068e0 0x7fa52007c460 secure :-1 s=READY pgs=75 cs=0 l=1 rev1=1 crypto rx=0x7fa508035a70 tx=0x7fa508035aa0 comp rx=0 tx=0).ready entity=mon.0 client_cookie=0 server_cookie=0 in_seq=0 out_seq=0
2026-03-10T10:08:31.893 INFO:teuthology.orchestra.run.vm04.stdout:/usr/bin/ceph: stderr
2026-03-10T10:08:31.708+0000 7fa4fffff640 1 -- 192.168.123.104:0/1555448482 <== mon.0 v2:192.168.123.104:3300/0 1 ==== mon_map magic: 0 ==== 205+0+0 (secure 0 0 0) 0x7fa508047070 con 0x7fa5201068e0
2026-03-10T10:08:31.893 INFO:teuthology.orchestra.run.vm04.stdout:/usr/bin/ceph: stderr
2026-03-10T10:08:31.708+0000 7fa4fffff640 1 -- 192.168.123.104:0/1555448482 <== mon.0 v2:192.168.123.104:3300/0 2 ==== config(25 keys) ==== 1029+0+0 (secure 0 0 0) 0x7fa508035d30 con 0x7fa5201068e0
2026-03-10T10:08:31.893 INFO:teuthology.orchestra.run.vm04.stdout:/usr/bin/ceph: stderr
2026-03-10T10:08:31.708+0000 7fa4fffff640 1 -- 192.168.123.104:0/1555448482 <== mon.0 v2:192.168.123.104:3300/0 3 ==== mon_map magic: 0 ==== 205+0+0 (secure 0 0 0) 0x7fa50803c040 con 0x7fa5201068e0
2026-03-10T10:08:31.893 INFO:teuthology.orchestra.run.vm04.stdout:/usr/bin/ceph: stderr
2026-03-10T10:08:31.708+0000 7fa525605640 1 -- 192.168.123.104:0/1555448482 --> [v2:192.168.123.104:3300/0,v1:192.168.123.104:6789/0] -- mon_subscribe({mgrmap=0+}) -- 0x7fa52007ab90 con 0x7fa5201068e0
2026-03-10T10:08:31.893 INFO:teuthology.orchestra.run.vm04.stdout:/usr/bin/ceph: stderr
2026-03-10T10:08:31.712+0000 7fa525605640 1 -- 192.168.123.104:0/1555448482 --> [v2:192.168.123.104:3300/0,v1:192.168.123.104:6789/0] -- mon_subscribe({osdmap=0}) -- 0x7fa52007afb0 con 0x7fa5201068e0
2026-03-10T10:08:31.893 INFO:teuthology.orchestra.run.vm04.stdout:/usr/bin/ceph: stderr
2026-03-10T10:08:31.712+0000 7fa4fffff640 1 -- 192.168.123.104:0/1555448482 <== mon.0 v2:192.168.123.104:3300/0 4 ==== mgrmap(e 11) ==== 50119+0+0 (secure 0 0 0) 0x7fa508030050 con 0x7fa5201068e0
2026-03-10T10:08:31.893 INFO:teuthology.orchestra.run.vm04.stdout:/usr/bin/ceph: stderr
2026-03-10T10:08:31.712+0000 7fa4fffff640 1 --2- 192.168.123.104:0/1555448482 >> v2:192.168.123.104:6800/632047608 conn(0x7fa4f803db30 0x7fa4f803fff0 unknown :-1 s=NONE pgs=0 cs=0 l=1 rev1=0 crypto rx=0 tx=0 comp rx=0 tx=0).connect
2026-03-10T10:08:31.893 INFO:teuthology.orchestra.run.vm04.stdout:/usr/bin/ceph: stderr
2026-03-10T10:08:31.712+0000 7fa4fffff640 1 -- 192.168.123.104:0/1555448482 <== mon.0 v2:192.168.123.104:3300/0 5 ==== osd_map(3..3 src has 1..3) ==== 1069+0+0 (secure 0 0 0) 0x7fa508077660 con 0x7fa5201068e0
2026-03-10T10:08:31.893 INFO:teuthology.orchestra.run.vm04.stdout:/usr/bin/ceph: stderr
2026-03-10T10:08:31.712+0000 7fa51e7fc640 1 --2- 192.168.123.104:0/1555448482 >> v2:192.168.123.104:6800/632047608 conn(0x7fa4f803db30 0x7fa4f803fff0 unknown :-1 s=BANNER_CONNECTING pgs=0 cs=0 l=1 rev1=0 crypto rx=0 tx=0 comp rx=0 tx=0)._handle_peer_banner_payload supported=3 required=0
2026-03-10T10:08:31.893 INFO:teuthology.orchestra.run.vm04.stdout:/usr/bin/ceph: stderr
2026-03-10T10:08:31.712+0000 7fa525605640 1 -- 192.168.123.104:0/1555448482 --> [v2:192.168.123.104:3300/0,v1:192.168.123.104:6789/0] -- mon_command({"prefix": "get_command_descriptions"} v 0) -- 0x7fa4ec005180 con 0x7fa5201068e0
2026-03-10T10:08:31.893 INFO:teuthology.orchestra.run.vm04.stdout:/usr/bin/ceph: stderr
2026-03-10T10:08:31.716+0000 7fa4fffff640 1 -- 192.168.123.104:0/1555448482 <== mon.0 v2:192.168.123.104:3300/0 6 ==== mon_command_ack([{"prefix": "get_command_descriptions"}]=0 v0) ==== 72+0+195034 (secure 0 0 0) 0x7fa5080342a0 con 0x7fa5201068e0
2026-03-10T10:08:31.893 INFO:teuthology.orchestra.run.vm04.stdout:/usr/bin/ceph: stderr
2026-03-10T10:08:31.716+0000 7fa51e7fc640 1 --2- 192.168.123.104:0/1555448482 >> v2:192.168.123.104:6800/632047608 conn(0x7fa4f803db30 0x7fa4f803fff0 secure :-1 s=READY pgs=10 cs=0 l=1 rev1=1 crypto rx=0x7fa514009a10 tx=0x7fa514006eb0 comp rx=0 tx=0).ready entity=mgr.14150 client_cookie=0 server_cookie=0 in_seq=0 out_seq=0
2026-03-10T10:08:31.893 INFO:teuthology.orchestra.run.vm04.stdout:/usr/bin/ceph: stderr
2026-03-10T10:08:31.844+0000 7fa525605640 1 -- 192.168.123.104:0/1555448482 --> [v2:192.168.123.104:3300/0,v1:192.168.123.104:6789/0] -- mon_command([{prefix=config-key set, key=mgr/dashboard/cluster/status}] v 0) -- 0x7fa4ec005470 con 0x7fa5201068e0
2026-03-10T10:08:31.893 INFO:teuthology.orchestra.run.vm04.stdout:/usr/bin/ceph: stderr
2026-03-10T10:08:31.844+0000 7fa4fffff640 1 -- 192.168.123.104:0/1555448482 <== mon.0 v2:192.168.123.104:3300/0 7 ==== mon_command_ack([{prefix=config-key set, key=mgr/dashboard/cluster/status}]=0 set mgr/dashboard/cluster/status v24)=0 set mgr/dashboard/cluster/status v24) ==== 153+0+0 (secure 0 0 0) 0x7fa508033c90 con 0x7fa5201068e0
2026-03-10T10:08:31.893 INFO:teuthology.orchestra.run.vm04.stdout:/usr/bin/ceph: stderr set mgr/dashboard/cluster/status
2026-03-10T10:08:31.893 INFO:teuthology.orchestra.run.vm04.stdout:/usr/bin/ceph: stderr
2026-03-10T10:08:31.852+0000 7fa525605640 1 -- 192.168.123.104:0/1555448482 >> v2:192.168.123.104:6800/632047608 conn(0x7fa4f803db30 msgr2=0x7fa4f803fff0 secure :-1 s=STATE_CONNECTION_ESTABLISHED l=1).mark_down
2026-03-10T10:08:31.893 INFO:teuthology.orchestra.run.vm04.stdout:/usr/bin/ceph: stderr
2026-03-10T10:08:31.852+0000 7fa525605640 1 --2- 192.168.123.104:0/1555448482 >> v2:192.168.123.104:6800/632047608 conn(0x7fa4f803db30 0x7fa4f803fff0 secure :-1 s=READY pgs=10 cs=0 l=1 rev1=1 crypto rx=0x7fa514009a10 tx=0x7fa514006eb0 comp rx=0 tx=0).stop
2026-03-10T10:08:31.893 INFO:teuthology.orchestra.run.vm04.stdout:/usr/bin/ceph: stderr
2026-03-10T10:08:31.852+0000 7fa525605640 1 -- 192.168.123.104:0/1555448482 >> [v2:192.168.123.104:3300/0,v1:192.168.123.104:6789/0] conn(0x7fa5201068e0 msgr2=0x7fa52007c460 secure :-1 s=STATE_CONNECTION_ESTABLISHED l=1).mark_down
2026-03-10T10:08:31.893 INFO:teuthology.orchestra.run.vm04.stdout:/usr/bin/ceph: stderr
2026-03-10T10:08:31.852+0000 7fa525605640 1 --2- 192.168.123.104:0/1555448482 >> [v2:192.168.123.104:3300/0,v1:192.168.123.104:6789/0] conn(0x7fa5201068e0 0x7fa52007c460 secure :-1 s=READY pgs=75 cs=0 l=1 rev1=1 crypto rx=0x7fa508035a70 tx=0x7fa508035aa0 comp rx=0 tx=0).stop
2026-03-10T10:08:31.893 INFO:teuthology.orchestra.run.vm04.stdout:/usr/bin/ceph: stderr
2026-03-10T10:08:31.852+0000 7fa525605640 1 -- 192.168.123.104:0/1555448482 shutdown_connections
2026-03-10T10:08:31.893 INFO:teuthology.orchestra.run.vm04.stdout:/usr/bin/ceph: stderr
2026-03-10T10:08:31.852+0000 7fa525605640 1 --2- 192.168.123.104:0/1555448482 >> v2:192.168.123.104:6800/632047608 conn(0x7fa4f803db30 0x7fa4f803fff0 unknown :-1 s=CLOSED pgs=10 cs=0 l=1 rev1=1 crypto rx=0 tx=0 comp rx=0 tx=0).stop
2026-03-10T10:08:31.893 INFO:teuthology.orchestra.run.vm04.stdout:/usr/bin/ceph: stderr
2026-03-10T10:08:31.852+0000 7fa525605640 1 --2- 192.168.123.104:0/1555448482 >> [v2:192.168.123.104:3300/0,v1:192.168.123.104:6789/0] conn(0x7fa5201068e0 0x7fa52007c460 unknown :-1 s=CLOSED pgs=75 cs=0 l=1 rev1=1 crypto rx=0 tx=0 comp rx=0 tx=0).stop
2026-03-10T10:08:31.893 INFO:teuthology.orchestra.run.vm04.stdout:/usr/bin/ceph: stderr
2026-03-10T10:08:31.852+0000 7fa525605640 1 -- 192.168.123.104:0/1555448482 >> 192.168.123.104:0/1555448482 conn(0x7fa520102090 msgr2=0x7fa520102d50 unknown :-1 s=STATE_NONE l=0).mark_down
2026-03-10T10:08:31.893 INFO:teuthology.orchestra.run.vm04.stdout:/usr/bin/ceph: stderr
2026-03-10T10:08:31.852+0000 7fa525605640 1 -- 192.168.123.104:0/1555448482 shutdown_connections
2026-03-10T10:08:31.893 INFO:teuthology.orchestra.run.vm04.stdout:/usr/bin/ceph: stderr
2026-03-10T10:08:31.852+0000 7fa525605640 1 -- 192.168.123.104:0/1555448482 wait complete.
2026-03-10T10:08:31.893 INFO:teuthology.orchestra.run.vm04.stdout:You can access the Ceph CLI as following in case of multi-cluster or non-default config:
2026-03-10T10:08:31.893 INFO:teuthology.orchestra.run.vm04.stdout:
2026-03-10T10:08:31.893 INFO:teuthology.orchestra.run.vm04.stdout: sudo /home/ubuntu/cephtest/cephadm shell --fsid e4c1c9d6-1c68-11f1-a9bd-116050875839 -c /etc/ceph/ceph.conf -k /etc/ceph/ceph.client.admin.keyring
2026-03-10T10:08:31.893 INFO:teuthology.orchestra.run.vm04.stdout:
2026-03-10T10:08:31.893 INFO:teuthology.orchestra.run.vm04.stdout:Or, if you are only running a single cluster on this host:
2026-03-10T10:08:31.893 INFO:teuthology.orchestra.run.vm04.stdout:
2026-03-10T10:08:31.893 INFO:teuthology.orchestra.run.vm04.stdout: sudo /home/ubuntu/cephtest/cephadm shell
2026-03-10T10:08:31.893 INFO:teuthology.orchestra.run.vm04.stdout:
2026-03-10T10:08:31.893 INFO:teuthology.orchestra.run.vm04.stdout:Please consider enabling telemetry to help improve Ceph:
2026-03-10T10:08:31.893 INFO:teuthology.orchestra.run.vm04.stdout:
2026-03-10T10:08:31.893 INFO:teuthology.orchestra.run.vm04.stdout: ceph telemetry on
