2026-03-10T10:08:25.312+0000 7f6172d76640 1 --2- >> [v2:192.168.123.104:3300/0,v1:192.168.123.104:6789/0] conn(0x7f617407c7d0 0x7f61741a2f20 unknown :-1 s=HELLO_CONNECTING pgs=0 cs=0 l=1 rev1=1 crypto rx=0 tx=0 comp rx=0 tx=0).handle_hello peer v2:192.168.123.104:3300/0 says I am v2:192.168.123.104:55662/0 (socket says 192.168.123.104:55662)
2026-03-10T10:08:25.457 INFO:teuthology.orchestra.run.vm04.stdout:/usr/bin/ceph: stderr
2026-03-10T10:08:25.312+0000 7f6172d76640 1 -- 192.168.123.104:0/4216453309 learned_addr learned my addr 192.168.123.104:0/4216453309 (peer_addr_for_me v2:192.168.123.104:0/0)
2026-03-10T10:08:25.457 INFO:teuthology.orchestra.run.vm04.stdout:/usr/bin/ceph: stderr
2026-03-10T10:08:25.312+0000 7f6172d76640 1 -- 192.168.123.104:0/4216453309 --> [v2:192.168.123.104:3300/0,v1:192.168.123.104:6789/0] -- mon_subscribe({config=0+,monmap=0+}) -- 0x7f61741a3460 con 0x7f617407c7d0
2026-03-10T10:08:25.457 INFO:teuthology.orchestra.run.vm04.stdout:/usr/bin/ceph: stderr
2026-03-10T10:08:25.316+0000 7f6172d76640 1 --2- 192.168.123.104:0/4216453309 >> [v2:192.168.123.104:3300/0,v1:192.168.123.104:6789/0] conn(0x7f617407c7d0 0x7f61741a2f20 secure :-1 s=READY pgs=52 cs=0 l=1 rev1=1 crypto rx=0x7f615c035ed0 tx=0x7f615c035f00 comp rx=0 tx=0).ready entity=mon.0 client_cookie=0 server_cookie=0 in_seq=0 out_seq=0
2026-03-10T10:08:25.457 INFO:teuthology.orchestra.run.vm04.stdout:/usr/bin/ceph: stderr
2026-03-10T10:08:25.316+0000 7f6153fff640 1 -- 192.168.123.104:0/4216453309 <== mon.0 v2:192.168.123.104:3300/0 1 ==== mon_map magic: 0 ==== 205+0+0 (secure 0 0 0) 0x7f615c045070 con 0x7f617407c7d0
2026-03-10T10:08:25.457 INFO:teuthology.orchestra.run.vm04.stdout:/usr/bin/ceph: stderr
2026-03-10T10:08:25.316+0000 7f6153fff640 1 -- 192.168.123.104:0/4216453309 <== mon.0 v2:192.168.123.104:3300/0 2 ==== config(25 keys) ==== 998+0+0 (secure 0 0 0) 0x7f615c037ca0 con 0x7f617407c7d0
2026-03-10T10:08:25.457 INFO:teuthology.orchestra.run.vm04.stdout:/usr/bin/ceph: stderr
2026-03-10T10:08:25.316+0000 7f6179015640 1 -- 192.168.123.104:0/4216453309 --> [v2:192.168.123.104:3300/0,v1:192.168.123.104:6789/0] -- mon_subscribe({mgrmap=0+}) -- 0x7f61741a36f0 con 0x7f617407c7d0
2026-03-10T10:08:25.457 INFO:teuthology.orchestra.run.vm04.stdout:/usr/bin/ceph: stderr
2026-03-10T10:08:25.316+0000 7f6179015640 1 -- 192.168.123.104:0/4216453309 --> [v2:192.168.123.104:3300/0,v1:192.168.123.104:6789/0] -- mon_subscribe({osdmap=0}) -- 0x7f61741a63e0 con 0x7f617407c7d0
2026-03-10T10:08:25.457 INFO:teuthology.orchestra.run.vm04.stdout:/usr/bin/ceph: stderr
2026-03-10T10:08:25.316+0000 7f6153fff640 1 -- 192.168.123.104:0/4216453309 <== mon.0 v2:192.168.123.104:3300/0 3 ==== mon_map magic: 0 ==== 205+0+0 (secure 0 0 0) 0x7f615c03c070 con 0x7f617407c7d0
2026-03-10T10:08:25.457 INFO:teuthology.orchestra.run.vm04.stdout:/usr/bin/ceph: stderr
2026-03-10T10:08:25.316+0000 7f6153fff640 1 -- 192.168.123.104:0/4216453309 <== mon.0 v2:192.168.123.104:3300/0 4 ==== mgrmap(e 8) ==== 50212+0+0 (secure 0 0 0) 0x7f615c037850 con 0x7f617407c7d0
2026-03-10T10:08:25.457 INFO:teuthology.orchestra.run.vm04.stdout:/usr/bin/ceph: stderr
2026-03-10T10:08:25.316+0000 7f6153fff640 1 --2- 192.168.123.104:0/4216453309 >> v2:192.168.123.104:6800/2318507328 conn(0x7f614803dc00 0x7f61480400c0 unknown :-1 s=NONE pgs=0 cs=0 l=1 rev1=0 crypto rx=0 tx=0 comp rx=0 tx=0).connect
2026-03-10T10:08:25.457 INFO:teuthology.orchestra.run.vm04.stdout:/usr/bin/ceph: stderr
2026-03-10T10:08:25.316+0000 7f6153fff640 1 -- 192.168.123.104:0/4216453309 <== mon.0 v2:192.168.123.104:3300/0 5 ==== osd_map(2..2 src has 1..2) ==== 897+0+0 (secure 0 0 0) 0x7f615c076350 con 0x7f617407c7d0
2026-03-10T10:08:25.457 INFO:teuthology.orchestra.run.vm04.stdout:/usr/bin/ceph: stderr
2026-03-10T10:08:25.316+0000 7f6172575640 1 --2- 192.168.123.104:0/4216453309 >> v2:192.168.123.104:6800/2318507328 conn(0x7f614803dc00 0x7f61480400c0 unknown :-1 s=BANNER_CONNECTING pgs=0 cs=0 l=1 rev1=0 crypto rx=0 tx=0 comp rx=0 tx=0)._handle_peer_banner_payload supported=3 required=0
2026-03-10T10:08:25.457 INFO:teuthology.orchestra.run.vm04.stdout:/usr/bin/ceph: stderr
2026-03-10T10:08:25.316+0000 7f6172575640 1 --2- 192.168.123.104:0/4216453309 >> v2:192.168.123.104:6800/2318507328 conn(0x7f614803dc00 0x7f61480400c0 secure :-1 s=READY pgs=15 cs=0 l=1 rev1=1 crypto rx=0x7f61680099c0 tx=0x7f6168006eb0 comp rx=0 tx=0).ready entity=mgr.14118 client_cookie=0 server_cookie=0 in_seq=0 out_seq=0
2026-03-10T10:08:25.457 INFO:teuthology.orchestra.run.vm04.stdout:/usr/bin/ceph: stderr
2026-03-10T10:08:25.316+0000 7f6179015640 1 -- 192.168.123.104:0/4216453309 --> [v2:192.168.123.104:3300/0,v1:192.168.123.104:6789/0] -- mon_command({"prefix": "get_command_descriptions"} v 0) -- 0x7f6138005180 con 0x7f617407c7d0
2026-03-10T10:08:25.457 INFO:teuthology.orchestra.run.vm04.stdout:/usr/bin/ceph: stderr
2026-03-10T10:08:25.320+0000 7f6153fff640 1 -- 192.168.123.104:0/4216453309 <== mon.0 v2:192.168.123.104:3300/0 6 ==== mon_command_ack([{"prefix": "get_command_descriptions"}]=0 v0) ==== 72+0+195034 (secure 0 0 0) 0x7f615c075cc0 con 0x7f617407c7d0
2026-03-10T10:08:25.457 INFO:teuthology.orchestra.run.vm04.stdout:/usr/bin/ceph: stderr
2026-03-10T10:08:25.408+0000 7f6179015640 1 -- 192.168.123.104:0/4216453309 --> [v2:192.168.123.104:3300/0,v1:192.168.123.104:6789/0] -- mon_command([{prefix=config set, name=mgr/dashboard/ssl_server_port}] v 0) -- 0x7f6138005470 con 0x7f617407c7d0
2026-03-10T10:08:25.457 INFO:teuthology.orchestra.run.vm04.stdout:/usr/bin/ceph: stderr
2026-03-10T10:08:25.416+0000 7f6153fff640 1 -- 192.168.123.104:0/4216453309 <== mon.0 v2:192.168.123.104:3300/0 7 ==== mon_command_ack([{prefix=config set, name=mgr/dashboard/ssl_server_port}]=0 v7)=0 v7) ==== 130+0+0 (secure 0 0 0) 0x7f615c04a430 con 0x7f617407c7d0
2026-03-10T10:08:25.457 INFO:teuthology.orchestra.run.vm04.stdout:/usr/bin/ceph: stderr
2026-03-10T10:08:25.416+0000 7f6179015640 1 -- 192.168.123.104:0/4216453309 >> v2:192.168.123.104:6800/2318507328 conn(0x7f614803dc00 msgr2=0x7f61480400c0 secure :-1 s=STATE_CONNECTION_ESTABLISHED l=1).mark_down
2026-03-10T10:08:25.457 INFO:teuthology.orchestra.run.vm04.stdout:/usr/bin/ceph: stderr
2026-03-10T10:08:25.416+0000 7f6179015640 1 --2- 192.168.123.104:0/4216453309 >> v2:192.168.123.104:6800/2318507328 conn(0x7f614803dc00 0x7f61480400c0 secure :-1 s=READY pgs=15 cs=0 l=1 rev1=1 crypto rx=0x7f61680099c0 tx=0x7f6168006eb0 comp rx=0 tx=0).stop
2026-03-10T10:08:25.457 INFO:teuthology.orchestra.run.vm04.stdout:/usr/bin/ceph: stderr
2026-03-10T10:08:25.416+0000 7f6179015640 1 -- 192.168.123.104:0/4216453309 >> [v2:192.168.123.104:3300/0,v1:192.168.123.104:6789/0] conn(0x7f617407c7d0 msgr2=0x7f61741a2f20 secure :-1 s=STATE_CONNECTION_ESTABLISHED l=1).mark_down
2026-03-10T10:08:25.457 INFO:teuthology.orchestra.run.vm04.stdout:/usr/bin/ceph: stderr
2026-03-10T10:08:25.416+0000 7f6179015640 1 --2- 192.168.123.104:0/4216453309 >> [v2:192.168.123.104:3300/0,v1:192.168.123.104:6789/0] conn(0x7f617407c7d0 0x7f61741a2f20 secure :-1 s=READY pgs=52 cs=0 l=1 rev1=1 crypto rx=0x7f615c035ed0 tx=0x7f615c035f00 comp rx=0 tx=0).stop
2026-03-10T10:08:25.457 INFO:teuthology.orchestra.run.vm04.stdout:/usr/bin/ceph: stderr
2026-03-10T10:08:25.416+0000 7f6179015640 1 -- 192.168.123.104:0/4216453309 shutdown_connections
2026-03-10T10:08:25.457 INFO:teuthology.orchestra.run.vm04.stdout:/usr/bin/ceph: stderr
2026-03-10T10:08:25.416+0000 7f6179015640 1 --2- 192.168.123.104:0/4216453309 >> v2:192.168.123.104:6800/2318507328 conn(0x7f614803dc00 0x7f61480400c0 unknown :-1 s=CLOSED pgs=15 cs=0 l=1 rev1=1 crypto rx=0 tx=0 comp rx=0 tx=0).stop
2026-03-10T10:08:25.457 INFO:teuthology.orchestra.run.vm04.stdout:/usr/bin/ceph: stderr
2026-03-10T10:08:25.416+0000 7f6179015640 1 --2- 192.168.123.104:0/4216453309 >> [v2:192.168.123.104:3300/0,v1:192.168.123.104:6789/0] conn(0x7f617407c7d0 0x7f61741a2f20 unknown :-1 s=CLOSED pgs=52 cs=0 l=1 rev1=1 crypto rx=0 tx=0 comp rx=0 tx=0).stop
2026-03-10T10:08:25.458 INFO:teuthology.orchestra.run.vm04.stdout:/usr/bin/ceph: stderr
2026-03-10T10:08:25.416+0000 7f6179015640 1 -- 192.168.123.104:0/4216453309 >> 192.168.123.104:0/4216453309 conn(0x7f61741020d0 msgr2=0x7f61741044c0 unknown :-1 s=STATE_NONE l=0).mark_down
2026-03-10T10:08:25.458 INFO:teuthology.orchestra.run.vm04.stdout:/usr/bin/ceph: stderr
2026-03-10T10:08:25.416+0000 7f6179015640 1 -- 192.168.123.104:0/4216453309 shutdown_connections
2026-03-10T10:08:25.458 INFO:teuthology.orchestra.run.vm04.stdout:/usr/bin/ceph: stderr
2026-03-10T10:08:25.416+0000 7f6179015640 1 -- 192.168.123.104:0/4216453309 wait complete.
2026-03-10T10:08:25.458 INFO:teuthology.orchestra.run.vm04.stdout:Enabling the dashboard module...
2026-03-10T10:08:25.703 INFO:journalctl@ceph.mon.a.vm04.stdout:Mar 10 10:08:25 vm04 bash[20742]: audit
2026-03-10T10:08:24.656660+0000 mgr.y (mgr.14118) 17 : audit [DBG] from='client.14140 -' entity='client.admin' cmd=[{"prefix": "orch apply", "service_type": "mon", "unmanaged": true, "target": ["mon-mgr", ""]}]: dispatch
2026-03-10T10:08:25.704 INFO:journalctl@ceph.mon.a.vm04.stdout:Mar 10 10:08:25 vm04 bash[20742]: audit
2026-03-10T10:08:24.656660+0000 mgr.y (mgr.14118) 17 : audit [DBG] from='client.14140 -' entity='client.admin' cmd=[{"prefix": "orch apply", "service_type": "mon", "unmanaged": true, "target": ["mon-mgr", ""]}]: dispatch
2026-03-10T10:08:25.704 INFO:journalctl@ceph.mon.a.vm04.stdout:Mar 10 10:08:25 vm04 bash[20742]: cephadm
2026-03-10T10:08:24.657506+0000 mgr.y (mgr.14118) 18 : cephadm [INF] Saving service mon spec with placement count:5
2026-03-10T10:08:25.704 INFO:journalctl@ceph.mon.a.vm04.stdout:Mar 10 10:08:25 vm04 bash[20742]: cephadm
2026-03-10T10:08:24.657506+0000 mgr.y (mgr.14118) 18 : cephadm [INF] Saving service mon spec with placement count:5
2026-03-10T10:08:25.704 INFO:journalctl@ceph.mon.a.vm04.stdout:Mar 10 10:08:25 vm04 bash[20742]: audit
2026-03-10T10:08:24.659934+0000 mon.a (mon.0) 63 : audit [INF] from='mgr.14118 192.168.123.104:0/2126091993' entity='mgr.y'
2026-03-10T10:08:25.704 INFO:journalctl@ceph.mon.a.vm04.stdout:Mar 10 10:08:25 vm04 bash[20742]: audit
2026-03-10T10:08:24.659934+0000 mon.a (mon.0) 63 : audit [INF] from='mgr.14118 192.168.123.104:0/2126091993' entity='mgr.y'
2026-03-10T10:08:25.704 INFO:journalctl@ceph.mon.a.vm04.stdout:Mar 10 10:08:25 vm04 bash[20742]: audit
2026-03-10T10:08:24.907544+0000 mgr.y (mgr.14118) 19 : audit [DBG] from='client.14142 -' entity='client.admin' cmd=[{"prefix": "orch apply", "service_type": "mgr", "unmanaged": true, "target": ["mon-mgr", ""]}]: dispatch
2026-03-10T10:08:25.704 INFO:journalctl@ceph.mon.a.vm04.stdout:Mar 10 10:08:25 vm04 bash[20742]: audit
2026-03-10T10:08:24.907544+0000 mgr.y (mgr.14118) 19 : audit [DBG] from='client.14142 -' entity='client.admin' cmd=[{"prefix": "orch apply", "service_type": "mgr", "unmanaged": true, "target": ["mon-mgr", ""]}]: dispatch
2026-03-10T10:08:25.704 INFO:journalctl@ceph.mon.a.vm04.stdout:Mar 10 10:08:25 vm04 bash[20742]: cephadm
2026-03-10T10:08:24.908186+0000 mgr.y (mgr.14118) 20 : cephadm [INF] Saving service mgr spec with placement count:2
2026-03-10T10:08:25.704 INFO:journalctl@ceph.mon.a.vm04.stdout:Mar 10 10:08:25 vm04 bash[20742]: cephadm
2026-03-10T10:08:24.908186+0000 mgr.y (mgr.14118) 20 : cephadm [INF] Saving service mgr spec with placement count:2
2026-03-10T10:08:25.704 INFO:journalctl@ceph.mon.a.vm04.stdout:Mar 10 10:08:25 vm04 bash[20742]: audit
2026-03-10T10:08:24.910913+0000 mon.a (mon.0) 64 : audit [INF] from='mgr.14118 192.168.123.104:0/2126091993' entity='mgr.y'
2026-03-10T10:08:25.704 INFO:journalctl@ceph.mon.a.vm04.stdout:Mar 10 10:08:25 vm04 bash[20742]: audit
2026-03-10T10:08:24.910913+0000 mon.a (mon.0) 64 : audit [INF] from='mgr.14118 192.168.123.104:0/2126091993' entity='mgr.y'
2026-03-10T10:08:25.704 INFO:journalctl@ceph.mon.a.vm04.stdout:Mar 10 10:08:25 vm04 bash[20742]: audit
2026-03-10T10:08:25.167348+0000 mon.a (mon.0) 65 : audit [INF] from='client.? 192.168.123.104:0/654643366' entity='client.admin'
2026-03-10T10:08:25.704 INFO:journalctl@ceph.mon.a.vm04.stdout:Mar 10 10:08:25 vm04 bash[20742]: audit
2026-03-10T10:08:25.167348+0000 mon.a (mon.0) 65 : audit [INF] from='client.? 192.168.123.104:0/654643366' entity='client.admin'
2026-03-10T10:08:25.704 INFO:journalctl@ceph.mon.a.vm04.stdout:Mar 10 10:08:25 vm04 bash[20742]: audit
2026-03-10T10:08:25.417615+0000 mon.a (mon.0) 66 : audit [INF] from='client.? 192.168.123.104:0/4216453309' entity='client.admin'
2026-03-10T10:08:25.704 INFO:journalctl@ceph.mon.a.vm04.stdout:Mar 10 10:08:25 vm04 bash[20742]: audit
2026-03-10T10:08:25.417615+0000 mon.a (mon.0) 66 : audit [INF] from='client.? 192.168.123.104:0/4216453309' entity='client.admin'
2026-03-10T10:08:26.729 INFO:teuthology.orchestra.run.vm04.stdout:/usr/bin/ceph: stderr
2026-03-10T10:08:25.560+0000 7f5f462ca640 1 Processor -- start
2026-03-10T10:08:26.729 INFO:teuthology.orchestra.run.vm04.stdout:/usr/bin/ceph: stderr
2026-03-10T10:08:25.560+0000 7f5f462ca640 1 -- start start
2026-03-10T10:08:26.729 INFO:teuthology.orchestra.run.vm04.stdout:/usr/bin/ceph: stderr
2026-03-10T10:08:25.560+0000 7f5f462ca640 1 --2- >> [v2:192.168.123.104:3300/0,v1:192.168.123.104:6789/0] conn(0x7f5f401045e0 0x7f5f401049e0 unknown :-1 s=NONE pgs=0 cs=0 l=0 rev1=0 crypto rx=0 tx=0 comp rx=0 tx=0).connect
2026-03-10T10:08:26.729 INFO:teuthology.orchestra.run.vm04.stdout:/usr/bin/ceph: stderr
2026-03-10T10:08:25.560+0000 7f5f462ca640 1 -- --> [v2:192.168.123.104:3300/0,v1:192.168.123.104:6789/0] -- mon_getmap magic: 0 -- 0x7f5f40104f20 con 0x7f5f401045e0
2026-03-10T10:08:26.729 INFO:teuthology.orchestra.run.vm04.stdout:/usr/bin/ceph: stderr
2026-03-10T10:08:25.560+0000 7f5f3ffff640 1 --2- >> [v2:192.168.123.104:3300/0,v1:192.168.123.104:6789/0] conn(0x7f5f401045e0 0x7f5f401049e0 unknown :-1 s=BANNER_CONNECTING pgs=0 cs=0 l=0 rev1=0 crypto rx=0 tx=0 comp rx=0 tx=0)._handle_peer_banner_payload supported=3 required=0
2026-03-10T10:08:26.729 INFO:teuthology.orchestra.run.vm04.stdout:/usr/bin/ceph: stderr
2026-03-10T10:08:25.560+0000 7f5f3ffff640 1 --2- >> [v2:192.168.123.104:3300/0,v1:192.168.123.104:6789/0] conn(0x7f5f401045e0 0x7f5f401049e0 unknown :-1 s=HELLO_CONNECTING pgs=0 cs=0 l=0 rev1=1 crypto rx=0 tx=0 comp rx=0 tx=0).handle_hello peer v2:192.168.123.104:3300/0 says I am v2:192.168.123.104:55678/0 (socket says 192.168.123.104:55678)
2026-03-10T10:08:26.729 INFO:teuthology.orchestra.run.vm04.stdout:/usr/bin/ceph: stderr
2026-03-10T10:08:25.560+0000 7f5f3ffff640 1 -- 192.168.123.104:0/2253004293 learned_addr learned my addr 192.168.123.104:0/2253004293 (peer_addr_for_me v2:192.168.123.104:0/0)
2026-03-10T10:08:26.729 INFO:teuthology.orchestra.run.vm04.stdout:/usr/bin/ceph: stderr
2026-03-10T10:08:25.560+0000 7f5f3ffff640 1 -- 192.168.123.104:0/2253004293 --> [v2:192.168.123.104:3300/0,v1:192.168.123.104:6789/0] -- mon_subscribe({config=0+,monmap=0+}) -- 0x7f5f401050a0 con 0x7f5f401045e0
2026-03-10T10:08:26.729 INFO:teuthology.orchestra.run.vm04.stdout:/usr/bin/ceph: stderr
2026-03-10T10:08:25.560+0000 7f5f3ffff640 1 --2- 192.168.123.104:0/2253004293 >> [v2:192.168.123.104:3300/0,v1:192.168.123.104:6789/0] conn(0x7f5f401045e0 0x7f5f401049e0 secure :-1 s=READY pgs=53 cs=0 l=1 rev1=1 crypto rx=0x7f5f30009b80 tx=0x7f5f3002f190 comp rx=0 tx=0).ready entity=mon.0 client_cookie=c352ebbbe49c2df server_cookie=0 in_seq=0 out_seq=0
2026-03-10T10:08:26.729 INFO:teuthology.orchestra.run.vm04.stdout:/usr/bin/ceph: stderr
2026-03-10T10:08:25.560+0000 7f5f3effd640 1 -- 192.168.123.104:0/2253004293 <== mon.0 v2:192.168.123.104:3300/0 1 ==== mon_map magic: 0 ==== 205+0+0 (secure 0 0 0) 0x7f5f3003c070 con 0x7f5f401045e0
2026-03-10T10:08:26.729 INFO:teuthology.orchestra.run.vm04.stdout:/usr/bin/ceph: stderr
2026-03-10T10:08:25.560+0000 7f5f3effd640 1 -- 192.168.123.104:0/2253004293 <== mon.0 v2:192.168.123.104:3300/0 2 ==== config(25 keys) ==== 998+0+0 (secure 0 0 0) 0x7f5f30037440 con 0x7f5f401045e0
2026-03-10T10:08:26.729 INFO:teuthology.orchestra.run.vm04.stdout:/usr/bin/ceph: stderr
2026-03-10T10:08:25.560+0000 7f5f3effd640 1 -- 192.168.123.104:0/2253004293 <== mon.0 v2:192.168.123.104:3300/0 3 ==== mon_map magic: 0 ==== 205+0+0 (secure 0 0 0) 0x7f5f300353a0 con 0x7f5f401045e0
2026-03-10T10:08:26.729 INFO:teuthology.orchestra.run.vm04.stdout:/usr/bin/ceph: stderr
2026-03-10T10:08:25.564+0000 7f5f462ca640 1 -- 192.168.123.104:0/2253004293 >> [v2:192.168.123.104:3300/0,v1:192.168.123.104:6789/0] conn(0x7f5f401045e0 msgr2=0x7f5f401049e0 secure :-1 s=STATE_CONNECTION_ESTABLISHED l=1).mark_down
2026-03-10T10:08:26.729 INFO:teuthology.orchestra.run.vm04.stdout:/usr/bin/ceph: stderr
2026-03-10T10:08:25.564+0000 7f5f462ca640 1 --2- 192.168.123.104:0/2253004293 >> [v2:192.168.123.104:3300/0,v1:192.168.123.104:6789/0] conn(0x7f5f401045e0 0x7f5f401049e0 secure :-1 s=READY pgs=53 cs=0 l=1 rev1=1 crypto rx=0x7f5f30009b80 tx=0x7f5f3002f190 comp rx=0 tx=0).stop
2026-03-10T10:08:26.729 INFO:teuthology.orchestra.run.vm04.stdout:/usr/bin/ceph: stderr
2026-03-10T10:08:25.564+0000 7f5f462ca640 1 -- 192.168.123.104:0/2253004293 shutdown_connections
2026-03-10T10:08:26.729 INFO:teuthology.orchestra.run.vm04.stdout:/usr/bin/ceph: stderr
2026-03-10T10:08:25.564+0000 7f5f462ca640 1 --2- 192.168.123.104:0/2253004293 >> [v2:192.168.123.104:3300/0,v1:192.168.123.104:6789/0] conn(0x7f5f401045e0 0x7f5f401049e0 unknown :-1 s=CLOSED pgs=53 cs=0 l=1 rev1=1 crypto rx=0 tx=0 comp rx=0 tx=0).stop
2026-03-10T10:08:26.729 INFO:teuthology.orchestra.run.vm04.stdout:/usr/bin/ceph: stderr
2026-03-10T10:08:25.564+0000 7f5f462ca640 1 -- 192.168.123.104:0/2253004293 >> 192.168.123.104:0/2253004293 conn(0x7f5f40100250 msgr2=0x7f5f401026b0 unknown :-1 s=STATE_NONE l=0).mark_down
2026-03-10T10:08:26.729 INFO:teuthology.orchestra.run.vm04.stdout:/usr/bin/ceph: stderr
2026-03-10T10:08:25.564+0000 7f5f462ca640 1 -- 192.168.123.104:0/2253004293 shutdown_connections
2026-03-10T10:08:26.729 INFO:teuthology.orchestra.run.vm04.stdout:/usr/bin/ceph: stderr
2026-03-10T10:08:25.564+0000 7f5f462ca640 1 -- 192.168.123.104:0/2253004293 wait complete.
2026-03-10T10:08:26.729 INFO:teuthology.orchestra.run.vm04.stdout:/usr/bin/ceph: stderr
2026-03-10T10:08:25.564+0000 7f5f462ca640 1 Processor -- start
2026-03-10T10:08:26.729 INFO:teuthology.orchestra.run.vm04.stdout:/usr/bin/ceph: stderr
2026-03-10T10:08:25.564+0000 7f5f462ca640 1 -- start start
2026-03-10T10:08:26.729 INFO:teuthology.orchestra.run.vm04.stdout:/usr/bin/ceph: stderr
2026-03-10T10:08:25.564+0000 7f5f462ca640 1 --2- >> [v2:192.168.123.104:3300/0,v1:192.168.123.104:6789/0] conn(0x7f5f401045e0 0x7f5f4019a4b0 unknown :-1 s=NONE pgs=0 cs=0 l=1 rev1=0 crypto rx=0 tx=0 comp rx=0 tx=0).connect
2026-03-10T10:08:26.729 INFO:teuthology.orchestra.run.vm04.stdout:/usr/bin/ceph: stderr
2026-03-10T10:08:25.564+0000 7f5f462ca640 1 -- --> [v2:192.168.123.104:3300/0,v1:192.168.123.104:6789/0] -- mon_getmap magic: 0 -- 0x7f5f40106880 con 0x7f5f401045e0
2026-03-10T10:08:26.729 INFO:teuthology.orchestra.run.vm04.stdout:/usr/bin/ceph: stderr
2026-03-10T10:08:25.564+0000 7f5f3ffff640 1 --2- >> [v2:192.168.123.104:3300/0,v1:192.168.123.104:6789/0] conn(0x7f5f401045e0 0x7f5f4019a4b0 unknown :-1 s=BANNER_CONNECTING pgs=0 cs=0 l=1 rev1=0 crypto rx=0 tx=0 comp rx=0 tx=0)._handle_peer_banner_payload supported=3 required=0
2026-03-10T10:08:26.729 INFO:teuthology.orchestra.run.vm04.stdout:/usr/bin/ceph: stderr
2026-03-10T10:08:25.564+0000 7f5f3ffff640 1 --2- >> [v2:192.168.123.104:3300/0,v1:192.168.123.104:6789/0] conn(0x7f5f401045e0 0x7f5f4019a4b0 unknown :-1 s=HELLO_CONNECTING pgs=0 cs=0 l=1 rev1=1 crypto rx=0 tx=0 comp rx=0 tx=0).handle_hello peer v2:192.168.123.104:3300/0 says I am v2:192.168.123.104:55682/0 (socket says 192.168.123.104:55682)
2026-03-10T10:08:26.729 INFO:teuthology.orchestra.run.vm04.stdout:/usr/bin/ceph: stderr
2026-03-10T10:08:25.564+0000 7f5f3ffff640 1 -- 192.168.123.104:0/923033120 learned_addr learned my addr 192.168.123.104:0/923033120 (peer_addr_for_me v2:192.168.123.104:0/0)
2026-03-10T10:08:26.729 INFO:teuthology.orchestra.run.vm04.stdout:/usr/bin/ceph: stderr
2026-03-10T10:08:25.564+0000 7f5f3ffff640 1 -- 192.168.123.104:0/923033120 --> [v2:192.168.123.104:3300/0,v1:192.168.123.104:6789/0] -- mon_subscribe({config=0+,monmap=0+}) -- 0x7f5f4019a9f0 con 0x7f5f401045e0
2026-03-10T10:08:26.729 INFO:teuthology.orchestra.run.vm04.stdout:/usr/bin/ceph: stderr
2026-03-10T10:08:25.564+0000 7f5f3ffff640 1 --2- 192.168.123.104:0/923033120 >> [v2:192.168.123.104:3300/0,v1:192.168.123.104:6789/0] conn(0x7f5f401045e0 0x7f5f4019a4b0 secure :-1 s=READY pgs=54 cs=0 l=1 rev1=1 crypto rx=0x7f5f300091b0 tx=0x7f5f30036890 comp rx=0 tx=0).ready entity=mon.0 client_cookie=0 server_cookie=0 in_seq=0 out_seq=0
2026-03-10T10:08:26.729 INFO:teuthology.orchestra.run.vm04.stdout:/usr/bin/ceph: stderr
2026-03-10T10:08:25.564+0000 7f5f3d7fa640 1 -- 192.168.123.104:0/923033120 <== mon.0 v2:192.168.123.104:3300/0 1 ==== mon_map magic: 0 ==== 205+0+0 (secure 0 0 0) 0x7f5f30047070 con 0x7f5f401045e0
2026-03-10T10:08:26.729 INFO:teuthology.orchestra.run.vm04.stdout:/usr/bin/ceph: stderr
2026-03-10T10:08:25.564+0000 7f5f3d7fa640 1 -- 192.168.123.104:0/923033120 <== mon.0 v2:192.168.123.104:3300/0 2 ==== config(25 keys) ==== 998+0+0 (secure 0 0 0) 0x7f5f30042440 con 0x7f5f401045e0
2026-03-10T10:08:26.729 INFO:teuthology.orchestra.run.vm04.stdout:/usr/bin/ceph: stderr
2026-03-10T10:08:25.564+0000 7f5f3d7fa640 1 -- 192.168.123.104:0/923033120 <== mon.0 v2:192.168.123.104:3300/0 3 ==== mon_map magic: 0 ==== 205+0+0 (secure 0 0 0) 0x7f5f3003c070 con 0x7f5f401045e0
2026-03-10T10:08:26.729 INFO:teuthology.orchestra.run.vm04.stdout:/usr/bin/ceph: stderr
2026-03-10T10:08:25.564+0000 7f5f462ca640 1 -- 192.168.123.104:0/923033120 --> [v2:192.168.123.104:3300/0,v1:192.168.123.104:6789/0] -- mon_subscribe({mgrmap=0+}) -- 0x7f5f4019ac80 con 0x7f5f401045e0
2026-03-10T10:08:26.729 INFO:teuthology.orchestra.run.vm04.stdout:/usr/bin/ceph: stderr
2026-03-10T10:08:25.564+0000 7f5f462ca640 1 -- 192.168.123.104:0/923033120 --> [v2:192.168.123.104:3300/0,v1:192.168.123.104:6789/0] -- mon_subscribe({osdmap=0}) -- 0x7f5f4019b0a0 con 0x7f5f401045e0
2026-03-10T10:08:26.729 INFO:teuthology.orchestra.run.vm04.stdout:/usr/bin/ceph: stderr
2026-03-10T10:08:25.564+0000 7f5f3d7fa640 1 -- 192.168.123.104:0/923033120 <== mon.0 v2:192.168.123.104:3300/0 4 ==== mgrmap(e 8) ==== 50212+0+0 (secure 0 0 0) 0x7f5f30036c00 con 0x7f5f401045e0
2026-03-10T10:08:26.729 INFO:teuthology.orchestra.run.vm04.stdout:/usr/bin/ceph: stderr
2026-03-10T10:08:25.564+0000 7f5f3d7fa640 1 --2- 192.168.123.104:0/923033120 >> v2:192.168.123.104:6800/2318507328 conn(0x7f5f1403dc00 0x7f5f140400c0 unknown :-1 s=NONE pgs=0 cs=0 l=1 rev1=0 crypto rx=0 tx=0 comp rx=0 tx=0).connect
2026-03-10T10:08:26.729 INFO:teuthology.orchestra.run.vm04.stdout:/usr/bin/ceph: stderr
2026-03-10T10:08:25.564+0000 7f5f3d7fa640 1 -- 192.168.123.104:0/923033120 <== mon.0 v2:192.168.123.104:3300/0 5 ==== osd_map(2..2 src has 1..2) ==== 897+0+0 (secure 0 0 0) 0x7f5f30076ad0 con 0x7f5f401045e0
2026-03-10T10:08:26.729 INFO:teuthology.orchestra.run.vm04.stdout:/usr/bin/ceph: stderr
2026-03-10T10:08:25.564+0000 7f5f462ca640 1 -- 192.168.123.104:0/923033120 --> [v2:192.168.123.104:3300/0,v1:192.168.123.104:6789/0] -- mon_command({"prefix": "get_command_descriptions"} v 0) -- 0x7f5f04005180 con 0x7f5f401045e0
2026-03-10T10:08:26.729 INFO:teuthology.orchestra.run.vm04.stdout:/usr/bin/ceph: stderr
2026-03-10T10:08:25.568+0000 7f5f3f7fe640 1 --2- 192.168.123.104:0/923033120 >> v2:192.168.123.104:6800/2318507328 conn(0x7f5f1403dc00 0x7f5f140400c0 unknown :-1 s=BANNER_CONNECTING pgs=0 cs=0 l=1 rev1=0 crypto rx=0 tx=0 comp rx=0 tx=0)._handle_peer_banner_payload supported=3 required=0
2026-03-10T10:08:26.729 INFO:teuthology.orchestra.run.vm04.stdout:/usr/bin/ceph: stderr
2026-03-10T10:08:25.568+0000 7f5f3d7fa640 1 -- 192.168.123.104:0/923033120 <== mon.0 v2:192.168.123.104:3300/0 6 ==== mon_command_ack([{"prefix": "get_command_descriptions"}]=0 v0) ==== 72+0+195034 (secure 0 0 0) 0x7f5f30047210 con 0x7f5f401045e0
2026-03-10T10:08:26.729 INFO:teuthology.orchestra.run.vm04.stdout:/usr/bin/ceph: stderr
2026-03-10T10:08:25.568+0000 7f5f3f7fe640 1 --2- 192.168.123.104:0/923033120 >> v2:192.168.123.104:6800/2318507328 conn(0x7f5f1403dc00 0x7f5f140400c0 secure :-1 s=READY pgs=16 cs=0 l=1 rev1=1 crypto rx=0x7f5f2c0099c0 tx=0x7f5f2c006eb0 comp rx=0 tx=0).ready entity=mgr.14118 client_cookie=0 server_cookie=0 in_seq=0 out_seq=0
2026-03-10T10:08:26.729 INFO:teuthology.orchestra.run.vm04.stdout:/usr/bin/ceph: stderr
2026-03-10T10:08:25.696+0000 7f5f462ca640 1 -- 192.168.123.104:0/923033120 --> [v2:192.168.123.104:3300/0,v1:192.168.123.104:6789/0] -- mon_command({"prefix": "mgr module enable", "module": "dashboard"} v 0) -- 0x7f5f04005470 con 0x7f5f401045e0
2026-03-10T10:08:26.729 INFO:teuthology.orchestra.run.vm04.stdout:/usr/bin/ceph: stderr
2026-03-10T10:08:25.768+0000 7f5f3d7fa640 1 -- 192.168.123.104:0/923033120 <== mon.0 v2:192.168.123.104:3300/0 7 ==== config(25 keys) ==== 1029+0+0 (secure 0 0 0) 0x7f5f30076440 con 0x7f5f401045e0
2026-03-10T10:08:26.729 INFO:teuthology.orchestra.run.vm04.stdout:/usr/bin/ceph: stderr
2026-03-10T10:08:26.660+0000 7f5f3d7fa640 1 -- 192.168.123.104:0/923033120 <== mon.0 v2:192.168.123.104:3300/0 8 ==== mon_command_ack([{"prefix": "mgr module enable", "module": "dashboard"}]=0 v9) ==== 88+0+0 (secure 0 0 0) 0x7f5f30040340 con 0x7f5f401045e0
2026-03-10T10:08:26.729 INFO:teuthology.orchestra.run.vm04.stdout:/usr/bin/ceph: stderr
2026-03-10T10:08:26.664+0000 7f5f462ca640 1 -- 192.168.123.104:0/923033120 >> v2:192.168.123.104:6800/2318507328 conn(0x7f5f1403dc00 msgr2=0x7f5f140400c0 secure :-1 s=STATE_CONNECTION_ESTABLISHED l=1).mark_down
2026-03-10T10:08:26.729 INFO:teuthology.orchestra.run.vm04.stdout:/usr/bin/ceph: stderr
2026-03-10T10:08:26.664+0000 7f5f462ca640 1 --2- 192.168.123.104:0/923033120 >> v2:192.168.123.104:6800/2318507328 conn(0x7f5f1403dc00 0x7f5f140400c0 secure :-1 s=READY pgs=16 cs=0 l=1 rev1=1 crypto rx=0x7f5f2c0099c0 tx=0x7f5f2c006eb0 comp rx=0 tx=0).stop
2026-03-10T10:08:26.729 INFO:teuthology.orchestra.run.vm04.stdout:/usr/bin/ceph: stderr
2026-03-10T10:08:26.664+0000 7f5f462ca640 1 -- 192.168.123.104:0/923033120 >> [v2:192.168.123.104:3300/0,v1:192.168.123.104:6789/0] conn(0x7f5f401045e0 msgr2=0x7f5f4019a4b0 secure :-1 s=STATE_CONNECTION_ESTABLISHED l=1).mark_down
2026-03-10T10:08:26.729 INFO:teuthology.orchestra.run.vm04.stdout:/usr/bin/ceph: stderr
2026-03-10T10:08:26.664+0000 7f5f462ca640 1 --2- 192.168.123.104:0/923033120 >> [v2:192.168.123.104:3300/0,v1:192.168.123.104:6789/0] conn(0x7f5f401045e0 0x7f5f4019a4b0 secure :-1 s=READY pgs=54 cs=0 l=1 rev1=1 crypto rx=0x7f5f300091b0 tx=0x7f5f30036890 comp rx=0 tx=0).stop
2026-03-10T10:08:26.729 INFO:teuthology.orchestra.run.vm04.stdout:/usr/bin/ceph: stderr
2026-03-10T10:08:26.664+0000 7f5f462ca640 1 -- 192.168.123.104:0/923033120 shutdown_connections
2026-03-10T10:08:26.729 INFO:teuthology.orchestra.run.vm04.stdout:/usr/bin/ceph: stderr
2026-03-10T10:08:26.664+0000 7f5f462ca640 1 --2- 192.168.123.104:0/923033120 >> v2:192.168.123.104:6800/2318507328 conn(0x7f5f1403dc00 0x7f5f140400c0 unknown :-1 s=CLOSED pgs=16 cs=0 l=1 rev1=1 crypto rx=0 tx=0 comp rx=0 tx=0).stop
2026-03-10T10:08:26.729 INFO:teuthology.orchestra.run.vm04.stdout:/usr/bin/ceph: stderr
2026-03-10T10:08:26.664+0000 7f5f462ca640 1 --2- 192.168.123.104:0/923033120 >> [v2:192.168.123.104:3300/0,v1:192.168.123.104:6789/0] conn(0x7f5f401045e0 0x7f5f4019a4b0 unknown :-1 s=CLOSED pgs=54 cs=0 l=1 rev1=1 crypto rx=0 tx=0 comp rx=0 tx=0).stop
2026-03-10T10:08:26.729 INFO:teuthology.orchestra.run.vm04.stdout:/usr/bin/ceph: stderr
2026-03-10T10:08:26.664+0000 7f5f462ca640 1 -- 192.168.123.104:0/923033120 >> 192.168.123.104:0/923033120 conn(0x7f5f40100250 msgr2=0x7f5f40191110 unknown :-1 s=STATE_NONE l=0).mark_down
2026-03-10T10:08:26.730 INFO:teuthology.orchestra.run.vm04.stdout:/usr/bin/ceph: stderr
2026-03-10T10:08:26.664+0000 7f5f462ca640 1 -- 192.168.123.104:0/923033120 shutdown_connections
2026-03-10T10:08:26.730 INFO:teuthology.orchestra.run.vm04.stdout:/usr/bin/ceph: stderr
2026-03-10T10:08:26.664+0000 7f5f462ca640 1 -- 192.168.123.104:0/923033120 wait complete.
2026-03-10T10:08:26.954 INFO:journalctl@ceph.mon.a.vm04.stdout:Mar 10 10:08:26 vm04 bash[20742]: audit
2026-03-10T10:08:25.703248+0000 mon.a (mon.0) 67 : audit [INF] from='client.? 192.168.123.104:0/923033120' entity='client.admin' cmd=[{"prefix": "mgr module enable", "module": "dashboard"}]: dispatch
2026-03-10T10:08:26.954 INFO:journalctl@ceph.mon.a.vm04.stdout:Mar 10 10:08:26 vm04 bash[20742]: audit
2026-03-10T10:08:25.703248+0000 mon.a (mon.0) 67 : audit [INF] from='client.? 192.168.123.104:0/923033120' entity='client.admin' cmd=[{"prefix": "mgr module enable", "module": "dashboard"}]: dispatch
2026-03-10T10:08:26.954 INFO:journalctl@ceph.mon.a.vm04.stdout:Mar 10 10:08:26 vm04 bash[20742]: audit
2026-03-10T10:08:25.772469+0000 mon.a (mon.0) 68 : audit [INF] from='mgr.14118 192.168.123.104:0/2126091993' entity='mgr.y'
2026-03-10T10:08:26.954 INFO:journalctl@ceph.mon.a.vm04.stdout:Mar 10 10:08:26 vm04 bash[20742]: audit
2026-03-10T10:08:25.772469+0000 mon.a (mon.0) 68 : audit [INF] from='mgr.14118 192.168.123.104:0/2126091993' entity='mgr.y'
2026-03-10T10:08:26.954 INFO:journalctl@ceph.mon.a.vm04.stdout:Mar 10 10:08:26 vm04 bash[20742]: audit
2026-03-10T10:08:26.030738+0000 mon.a (mon.0) 69 : audit [INF] from='mgr.14118 192.168.123.104:0/2126091993' entity='mgr.y'
2026-03-10T10:08:26.954 INFO:journalctl@ceph.mon.a.vm04.stdout:Mar 10 10:08:26 vm04 bash[20742]: audit
2026-03-10T10:08:26.030738+0000 mon.a (mon.0) 69 : audit [INF] from='mgr.14118 192.168.123.104:0/2126091993' entity='mgr.y'
2026-03-10T10:08:26.954 INFO:journalctl@ceph.mgr.y.vm04.stdout:Mar 10 10:08:26 vm04 bash[20997]: ignoring --setuser ceph since I am not root
2026-03-10T10:08:26.954 INFO:journalctl@ceph.mgr.y.vm04.stdout:Mar 10 10:08:26 vm04 bash[20997]: ignoring --setgroup ceph since I am not root
2026-03-10T10:08:26.954 INFO:journalctl@ceph.mgr.y.vm04.stdout:Mar 10 10:08:26 vm04 bash[20997]: debug
2026-03-10T10:08:26.816+0000 7f8930b5b140 -1 mgr[py] Module status has missing NOTIFY_TYPES member
2026-03-10T10:08:26.954 INFO:journalctl@ceph.mgr.y.vm04.stdout:Mar 10 10:08:26 vm04 bash[20997]: debug
2026-03-10T10:08:26.856+0000 7f8930b5b140 -1 mgr[py] Module osd_support has missing NOTIFY_TYPES member
2026-03-10T10:08:27.047 INFO:teuthology.orchestra.run.vm04.stdout:/usr/bin/ceph: stdout {
2026-03-10T10:08:27.047 INFO:teuthology.orchestra.run.vm04.stdout:/usr/bin/ceph: stdout "epoch": 9,
2026-03-10T10:08:27.047 INFO:teuthology.orchestra.run.vm04.stdout:/usr/bin/ceph: stdout "available": true,
2026-03-10T10:08:27.047 INFO:teuthology.orchestra.run.vm04.stdout:/usr/bin/ceph: stdout "active_name": "y",
2026-03-10T10:08:27.047 INFO:teuthology.orchestra.run.vm04.stdout:/usr/bin/ceph: stdout "num_standby": 0
2026-03-10T10:08:27.047 INFO:teuthology.orchestra.run.vm04.stdout:/usr/bin/ceph: stdout }
2026-03-10T10:08:27.047 INFO:teuthology.orchestra.run.vm04.stdout:/usr/bin/ceph: stderr
2026-03-10T10:08:26.876+0000 7fe4cb8b1640 1 Processor -- start
2026-03-10T10:08:27.047 INFO:teuthology.orchestra.run.vm04.stdout:/usr/bin/ceph: stderr
2026-03-10T10:08:26.876+0000 7fe4cb8b1640 1 -- start start
2026-03-10T10:08:27.047 INFO:teuthology.orchestra.run.vm04.stdout:/usr/bin/ceph: stderr
2026-03-10T10:08:26.876+0000 7fe4cb8b1640 1 --2- >> [v2:192.168.123.104:3300/0,v1:192.168.123.104:6789/0] conn(0x7fe4c4074c00 0x7fe4c4075000 unknown :-1 s=NONE pgs=0 cs=0 l=0 rev1=0 crypto rx=0 tx=0 comp rx=0 tx=0).connect
2026-03-10T10:08:27.047 INFO:teuthology.orchestra.run.vm04.stdout:/usr/bin/ceph: stderr
2026-03-10T10:08:26.876+0000 7fe4cb8b1640 1 -- --> [v2:192.168.123.104:3300/0,v1:192.168.123.104:6789/0] -- mon_getmap magic: 0 -- 0x7fe4c40755d0 con 0x7fe4c4074c00
2026-03-10T10:08:27.047 INFO:teuthology.orchestra.run.vm04.stdout:/usr/bin/ceph: stderr
2026-03-10T10:08:26.876+0000 7fe4c9626640 1 --2- >> [v2:192.168.123.104:3300/0,v1:192.168.123.104:6789/0] conn(0x7fe4c4074c00 0x7fe4c4075000 unknown :-1 s=BANNER_CONNECTING pgs=0 cs=0 l=0 rev1=0 crypto rx=0 tx=0 comp rx=0 tx=0)._handle_peer_banner_payload supported=3 required=0
2026-03-10T10:08:27.047 INFO:teuthology.orchestra.run.vm04.stdout:/usr/bin/ceph: stderr
2026-03-10T10:08:26.876+0000 7fe4c9626640 1 --2- >> [v2:192.168.123.104:3300/0,v1:192.168.123.104:6789/0] conn(0x7fe4c4074c00 0x7fe4c4075000 unknown :-1 s=HELLO_CONNECTING pgs=0 cs=0 l=0 rev1=1 crypto rx=0 tx=0 comp rx=0 tx=0).handle_hello peer v2:192.168.123.104:3300/0 says I am v2:192.168.123.104:55722/0 (socket says 192.168.123.104:55722)
2026-03-10T10:08:27.047 INFO:teuthology.orchestra.run.vm04.stdout:/usr/bin/ceph: stderr
2026-03-10T10:08:26.876+0000 7fe4c9626640 1 -- 192.168.123.104:0/2525536146 learned_addr learned my addr 192.168.123.104:0/2525536146 (peer_addr_for_me v2:192.168.123.104:0/0)
2026-03-10T10:08:27.047 INFO:teuthology.orchestra.run.vm04.stdout:/usr/bin/ceph: stderr
2026-03-10T10:08:26.876+0000 7fe4c9626640 1 -- 192.168.123.104:0/2525536146 --> [v2:192.168.123.104:3300/0,v1:192.168.123.104:6789/0] -- mon_subscribe({config=0+,monmap=0+}) -- 0x7fe4c410e4f0 con 0x7fe4c4074c00
2026-03-10T10:08:27.047 INFO:teuthology.orchestra.run.vm04.stdout:/usr/bin/ceph: stderr
2026-03-10T10:08:26.876+0000 7fe4c9626640 1 --2- 192.168.123.104:0/2525536146 >> [v2:192.168.123.104:3300/0,v1:192.168.123.104:6789/0] conn(0x7fe4c4074c00 0x7fe4c4075000 secure :-1 s=READY pgs=57 cs=0 l=1 rev1=1 crypto rx=0x7fe4c0009eb0 tx=0x7fe4c0031460 comp rx=0 tx=0).ready entity=mon.0 client_cookie=39af4ec761fd9aa3 server_cookie=0 in_seq=0 out_seq=0
2026-03-10T10:08:27.047 INFO:teuthology.orchestra.run.vm04.stdout:/usr/bin/ceph: stderr
2026-03-10T10:08:26.876+0000 7fe4b3fff640 1 -- 192.168.123.104:0/2525536146 <== mon.0 v2:192.168.123.104:3300/0 1 ==== mon_map magic: 0 ==== 205+0+0 (secure 0 0 0) 0x7fe4c003e070 con 0x7fe4c4074c00
2026-03-10T10:08:27.047 INFO:teuthology.orchestra.run.vm04.stdout:/usr/bin/ceph: stderr
2026-03-10T10:08:26.876+0000 7fe4b3fff640 1 -- 192.168.123.104:0/2525536146 <== mon.0 v2:192.168.123.104:3300/0 2 ==== config(25 keys) ==== 1029+0+0 (secure 0 0 0) 0x7fe4c0031dd0 con 0x7fe4c4074c00
2026-03-10T10:08:27.047 INFO:teuthology.orchestra.run.vm04.stdout:/usr/bin/ceph: stderr
2026-03-10T10:08:26.876+0000 7fe4cb8b1640 1 -- 192.168.123.104:0/2525536146 >> [v2:192.168.123.104:3300/0,v1:192.168.123.104:6789/0] conn(0x7fe4c4074c00 msgr2=0x7fe4c4075000 secure :-1 s=STATE_CONNECTION_ESTABLISHED l=1).mark_down
2026-03-10T10:08:27.047 INFO:teuthology.orchestra.run.vm04.stdout:/usr/bin/ceph: stderr
2026-03-10T10:08:26.876+0000 7fe4cb8b1640 1 --2- 192.168.123.104:0/2525536146 >> [v2:192.168.123.104:3300/0,v1:192.168.123.104:6789/0] conn(0x7fe4c4074c00 0x7fe4c4075000 secure :-1 s=READY pgs=57 cs=0 l=1 rev1=1 crypto rx=0x7fe4c0009eb0 tx=0x7fe4c0031460 comp rx=0 tx=0).stop
2026-03-10T10:08:27.047 INFO:teuthology.orchestra.run.vm04.stdout:/usr/bin/ceph: stderr
2026-03-10T10:08:26.880+0000 7fe4cb8b1640 1 -- 192.168.123.104:0/2525536146 shutdown_connections
2026-03-10T10:08:27.047 INFO:teuthology.orchestra.run.vm04.stdout:/usr/bin/ceph: stderr
2026-03-10T10:08:26.880+0000 7fe4cb8b1640 1 --2- 192.168.123.104:0/2525536146 >> [v2:192.168.123.104:3300/0,v1:192.168.123.104:6789/0] conn(0x7fe4c4074c00 0x7fe4c4075000 unknown :-1 s=CLOSED pgs=57 cs=0 l=1 rev1=1 crypto rx=0 tx=0 comp rx=0 tx=0).stop
2026-03-10T10:08:27.047 INFO:teuthology.orchestra.run.vm04.stdout:/usr/bin/ceph: stderr
2026-03-10T10:08:26.880+0000 7fe4cb8b1640 1 -- 192.168.123.104:0/2525536146 >> 192.168.123.104:0/2525536146 conn(0x7fe4c406fe80 msgr2=0x7fe4c40722e0 unknown :-1 s=STATE_NONE l=0).mark_down
2026-03-10T10:08:27.047 INFO:teuthology.orchestra.run.vm04.stdout:/usr/bin/ceph: stderr
2026-03-10T10:08:26.880+0000 7fe4cb8b1640 1 -- 192.168.123.104:0/2525536146 shutdown_connections
2026-03-10T10:08:27.047 INFO:teuthology.orchestra.run.vm04.stdout:/usr/bin/ceph: stderr
2026-03-10T10:08:26.880+0000 7fe4cb8b1640 1 -- 192.168.123.104:0/2525536146 wait complete.
2026-03-10T10:08:27.047 INFO:teuthology.orchestra.run.vm04.stdout:/usr/bin/ceph: stderr
2026-03-10T10:08:26.880+0000 7fe4cb8b1640 1 Processor -- start
2026-03-10T10:08:27.047 INFO:teuthology.orchestra.run.vm04.stdout:/usr/bin/ceph: stderr
2026-03-10T10:08:26.880+0000 7fe4cb8b1640 1 -- start start
2026-03-10T10:08:27.047 INFO:teuthology.orchestra.run.vm04.stdout:/usr/bin/ceph: stderr
2026-03-10T10:08:26.880+0000 7fe4cb8b1640 1 --2- >> [v2:192.168.123.104:3300/0,v1:192.168.123.104:6789/0] conn(0x7fe4c41a2c40 0x7fe4c41a3060 unknown :-1 s=NONE pgs=0 cs=0 l=1 rev1=0 crypto rx=0 tx=0 comp rx=0 tx=0).connect
2026-03-10T10:08:27.047 INFO:teuthology.orchestra.run.vm04.stdout:/usr/bin/ceph: stderr
2026-03-10T10:08:26.880+0000 7fe4c9626640 1 --2- >> [v2:192.168.123.104:3300/0,v1:192.168.123.104:6789/0] conn(0x7fe4c41a2c40 0x7fe4c41a3060 unknown :-1 s=BANNER_CONNECTING pgs=0 cs=0 l=1 rev1=0 crypto rx=0 tx=0 comp rx=0 tx=0)._handle_peer_banner_payload supported=3 required=0
2026-03-10T10:08:27.047 INFO:teuthology.orchestra.run.vm04.stdout:/usr/bin/ceph: stderr
2026-03-10T10:08:26.880+0000 7fe4c9626640 1 --2- >> [v2:192.168.123.104:3300/0,v1:192.168.123.104:6789/0] conn(0x7fe4c41a2c40 0x7fe4c41a3060 unknown :-1 s=HELLO_CONNECTING pgs=0 cs=0 l=1 rev1=1 crypto rx=0 tx=0 comp rx=0 tx=0).handle_hello peer v2:192.168.123.104:3300/0 says I am v2:192.168.123.104:55730/0 (socket says 192.168.123.104:55730)
2026-03-10T10:08:27.047 INFO:teuthology.orchestra.run.vm04.stdout:/usr/bin/ceph: stderr
2026-03-10T10:08:26.880+0000 7fe4c9626640 1 -- 192.168.123.104:0/1631284863 learned_addr learned my addr 192.168.123.104:0/1631284863 (peer_addr_for_me v2:192.168.123.104:0/0)
2026-03-10T10:08:27.047 INFO:teuthology.orchestra.run.vm04.stdout:/usr/bin/ceph: stderr
2026-03-10T10:08:26.880+0000 7fe4cb8b1640 1 -- 192.168.123.104:0/1631284863 --> [v2:192.168.123.104:3300/0,v1:192.168.123.104:6789/0] -- mon_getmap magic: 0 -- 0x7fe4c410f020 con 0x7fe4c41a2c40
2026-03-10T10:08:27.047 INFO:teuthology.orchestra.run.vm04.stdout:/usr/bin/ceph: stderr
2026-03-10T10:08:26.880+0000 7fe4c9626640 1 -- 192.168.123.104:0/1631284863 --> [v2:192.168.123.104:3300/0,v1:192.168.123.104:6789/0] -- mon_subscribe({config=0+,monmap=0+}) -- 0x7fe4c41a35a0 con 0x7fe4c41a2c40
2026-03-10T10:08:27.047 INFO:teuthology.orchestra.run.vm04.stdout:/usr/bin/ceph: stderr
2026-03-10T10:08:26.880+0000 7fe4c9626640 1 --2- 192.168.123.104:0/1631284863 >> [v2:192.168.123.104:3300/0,v1:192.168.123.104:6789/0] conn(0x7fe4c41a2c40 0x7fe4c41a3060 secure :-1 s=READY pgs=58 cs=0 l=1 rev1=1 crypto rx=0x7fe4c003c040 tx=0x7fe4c0004570 comp rx=0 tx=0).ready entity=mon.0 client_cookie=0 server_cookie=0 in_seq=0 out_seq=0
2026-03-10T10:08:27.047 INFO:teuthology.orchestra.run.vm04.stdout:/usr/bin/ceph: stderr
2026-03-10T10:08:26.880+0000 7fe4b27fc640 1 -- 192.168.123.104:0/1631284863 <== mon.0 v2:192.168.123.104:3300/0 1 ==== mon_map magic: 0 ==== 205+0+0 (secure 0 0 0) 0x7fe4c003e070 con 0x7fe4c41a2c40
2026-03-10T10:08:27.047 INFO:teuthology.orchestra.run.vm04.stdout:/usr/bin/ceph: stderr
2026-03-10T10:08:26.880+0000 7fe4cb8b1640 1 -- 192.168.123.104:0/1631284863 --> [v2:192.168.123.104:3300/0,v1:192.168.123.104:6789/0] -- mon_subscribe({mgrmap=0+}) -- 0x7fe4c41a3830 con 0x7fe4c41a2c40
2026-03-10T10:08:27.047 INFO:teuthology.orchestra.run.vm04.stdout:/usr/bin/ceph: stderr
2026-03-10T10:08:26.880+0000 7fe4cb8b1640 1 -- 192.168.123.104:0/1631284863 --> [v2:192.168.123.104:3300/0,v1:192.168.123.104:6789/0] -- mon_subscribe({osdmap=0}) -- 0x7fe4c41a4300 con 0x7fe4c41a2c40
2026-03-10T10:08:27.047 INFO:teuthology.orchestra.run.vm04.stdout:/usr/bin/ceph: stderr
2026-03-10T10:08:26.880+0000 7fe4cb8b1640 1 -- 192.168.123.104:0/1631284863 --> [v2:192.168.123.104:3300/0,v1:192.168.123.104:6789/0] -- mon_command({"prefix": "get_command_descriptions"} v 0) -- 0x7fe4c4074c00 con 0x7fe4c41a2c40
2026-03-10T10:08:27.047 INFO:teuthology.orchestra.run.vm04.stdout:/usr/bin/ceph: stderr
2026-03-10T10:08:26.880+0000 7fe4b27fc640 1 -- 192.168.123.104:0/1631284863 <== mon.0 v2:192.168.123.104:3300/0 2 ==== config(25 keys) ==== 1029+0+0 (secure 0 0 0) 0x7fe4c0003b80 con 0x7fe4c41a2c40
2026-03-10T10:08:27.047 INFO:teuthology.orchestra.run.vm04.stdout:/usr/bin/ceph: stderr
2026-03-10T10:08:26.880+0000 7fe4b27fc640 1 -- 192.168.123.104:0/1631284863 <== mon.0 v2:192.168.123.104:3300/0 3 ==== mon_map magic: 0 ==== 205+0+0 (secure 0 0 0) 0x7fe4c00397f0 con 0x7fe4c41a2c40
2026-03-10T10:08:27.047 INFO:teuthology.orchestra.run.vm04.stdout:/usr/bin/ceph: stderr
2026-03-10T10:08:26.880+0000 7fe4b27fc640 1 -- 192.168.123.104:0/1631284863 <== mon.0 v2:192.168.123.104:3300/0 4 ==== mgrmap(e 9) ==== 50225+0+0 (secure 0 0 0) 0x7fe4c0039990 con 0x7fe4c41a2c40
2026-03-10T10:08:27.047 INFO:teuthology.orchestra.run.vm04.stdout:/usr/bin/ceph: stderr
2026-03-10T10:08:26.880+0000 7fe4b27fc640 1 --2- 192.168.123.104:0/1631284863 >> v2:192.168.123.104:6800/2318507328 conn(0x7fe4a003dc50 0x7fe4a0040110 unknown :-1 s=NONE pgs=0 cs=0 l=1 rev1=0 crypto rx=0 tx=0 comp rx=0 tx=0).connect
2026-03-10T10:08:27.047 INFO:teuthology.orchestra.run.vm04.stdout:/usr/bin/ceph: stderr
2026-03-10T10:08:26.880+0000 7fe4c8e25640 1 -- 192.168.123.104:0/1631284863 >> v2:192.168.123.104:6800/2318507328 conn(0x7fe4a003dc50 msgr2=0x7fe4a0040110 unknown :-1 s=STATE_CONNECTING_RE l=1).process reconnect failed to v2:192.168.123.104:6800/2318507328
2026-03-10T10:08:27.047 INFO:teuthology.orchestra.run.vm04.stdout:/usr/bin/ceph: stderr
2026-03-10T10:08:26.880+0000 7fe4c8e25640 1 --2- 192.168.123.104:0/1631284863 >> v2:192.168.123.104:6800/2318507328 conn(0x7fe4a003dc50 0x7fe4a0040110 unknown :-1 s=START_CONNECT pgs=0 cs=0 l=1 rev1=0 crypto rx=0 tx=0 comp rx=0 tx=0)._fault waiting 0.200000
2026-03-10T10:08:27.047 INFO:teuthology.orchestra.run.vm04.stdout:/usr/bin/ceph: stderr
2026-03-10T10:08:26.880+0000 7fe4b27fc640 1 -- 192.168.123.104:0/1631284863 <== mon.0 v2:192.168.123.104:3300/0 5 ==== osd_map(2..2 src has 1..2) ==== 897+0+0 (secure 0 0 0) 0x7fe4c0077f70 con 0x7fe4c41a2c40
2026-03-10T10:08:27.047 INFO:teuthology.orchestra.run.vm04.stdout:/usr/bin/ceph: stderr
2026-03-10T10:08:26.884+0000 7fe4b27fc640 1 -- 192.168.123.104:0/1631284863 <== mon.0 v2:192.168.123.104:3300/0 6 ==== mon_command_ack([{"prefix": "get_command_descriptions"}]=0 v0) ==== 72+0+195034 (secure 0 0 0) 0x7fe4c0048050 con 0x7fe4c41a2c40
2026-03-10T10:08:27.047 INFO:teuthology.orchestra.run.vm04.stdout:/usr/bin/ceph: stderr
2026-03-10T10:08:26.996+0000 7fe4cb8b1640 1 -- 192.168.123.104:0/1631284863 --> [v2:192.168.123.104:3300/0,v1:192.168.123.104:6789/0] -- mon_command({"prefix": "mgr stat"} v 0) -- 0x7fe4c41a4a10 con 0x7fe4c41a2c40
2026-03-10T10:08:27.047 INFO:teuthology.orchestra.run.vm04.stdout:/usr/bin/ceph: stderr
2026-03-10T10:08:26.996+0000 7fe4b27fc640 1 -- 192.168.123.104:0/1631284863 <== mon.0 v2:192.168.123.104:3300/0 7 ==== mon_command_ack([{"prefix": "mgr stat"}]=0 v9) ==== 56+0+88 (secure 0 0 0) 0x7fe4c0038dd0 con 0x7fe4c41a2c40
2026-03-10T10:08:27.047 INFO:teuthology.orchestra.run.vm04.stdout:/usr/bin/ceph: stderr
2026-03-10T10:08:26.996+0000 7fe497fff640 1 -- 192.168.123.104:0/1631284863 >> v2:192.168.123.104:6800/2318507328 conn(0x7fe4a003dc50 msgr2=0x7fe4a0040110 unknown :-1 s=STATE_CONNECTING l=1).mark_down
2026-03-10T10:08:27.047 INFO:teuthology.orchestra.run.vm04.stdout:/usr/bin/ceph: stderr
2026-03-10T10:08:26.996+0000 7fe497fff640 1 --2- 192.168.123.104:0/1631284863 >> v2:192.168.123.104:6800/2318507328 conn(0x7fe4a003dc50 0x7fe4a0040110 unknown :-1 s=START_CONNECT pgs=0 cs=0 l=1 rev1=0 crypto rx=0 tx=0 comp rx=0 tx=0).stop
2026-03-10T10:08:27.048 INFO:teuthology.orchestra.run.vm04.stdout:/usr/bin/ceph: stderr
2026-03-10T10:08:26.996+0000 7fe497fff640 1 -- 192.168.123.104:0/1631284863 >> [v2:192.168.123.104:3300/0,v1:192.168.123.104:6789/0] conn(0x7fe4c41a2c40 msgr2=0x7fe4c41a3060 secure :-1 s=STATE_CONNECTION_ESTABLISHED l=1).mark_down
2026-03-10T10:08:27.048 INFO:teuthology.orchestra.run.vm04.stdout:/usr/bin/ceph: stderr
2026-03-10T10:08:26.996+0000 7fe497fff640 1 --2- 192.168.123.104:0/1631284863 >> [v2:192.168.123.104:3300/0,v1:192.168.123.104:6789/0] conn(0x7fe4c41a2c40 0x7fe4c41a3060 secure :-1 s=READY pgs=58 cs=0 l=1 rev1=1 crypto rx=0x7fe4c003c040 tx=0x7fe4c0004570 comp rx=0 tx=0).stop
2026-03-10T10:08:27.048 INFO:teuthology.orchestra.run.vm04.stdout:/usr/bin/ceph: stderr
2026-03-10T10:08:27.004+0000 7fe497fff640 1 -- 192.168.123.104:0/1631284863 shutdown_connections
2026-03-10T10:08:27.048 INFO:teuthology.orchestra.run.vm04.stdout:/usr/bin/ceph: stderr
2026-03-10T10:08:27.004+0000 7fe497fff640 1 --2- 192.168.123.104:0/1631284863 >> v2:192.168.123.104:6800/2318507328 conn(0x7fe4a003dc50 0x7fe4a0040110 unknown :-1 s=CLOSED pgs=0 cs=0 l=1 rev1=0 crypto rx=0 tx=0 comp rx=0 tx=0).stop
2026-03-10T10:08:27.048 INFO:teuthology.orchestra.run.vm04.stdout:/usr/bin/ceph: stderr
2026-03-10T10:08:27.004+0000 7fe497fff640 1 --2- 192.168.123.104:0/1631284863 >> [v2:192.168.123.104:3300/0,v1:192.168.123.104:6789/0] conn(0x7fe4c41a2c40 0x7fe4c41a3060 unknown :-1 s=CLOSED pgs=58 cs=0 l=1 rev1=1 crypto rx=0 tx=0 comp rx=0 tx=0).stop
2026-03-10T10:08:27.048 INFO:teuthology.orchestra.run.vm04.stdout:/usr/bin/ceph: stderr
2026-03-10T10:08:27.004+0000 7fe497fff640 1 -- 192.168.123.104:0/1631284863 >> 192.168.123.104:0/1631284863 conn(0x7fe4c406fe80 msgr2=0x7fe4c40707e0 unknown :-1 s=STATE_NONE l=0).mark_down
2026-03-10T10:08:27.048 INFO:teuthology.orchestra.run.vm04.stdout:/usr/bin/ceph: stderr
2026-03-10T10:08:27.004+0000 7fe497fff640 1 -- 192.168.123.104:0/1631284863 shutdown_connections
2026-03-10T10:08:27.048 INFO:teuthology.orchestra.run.vm04.stdout:/usr/bin/ceph: stderr
2026-03-10T10:08:27.004+0000 7fe497fff640 1 -- 192.168.123.104:0/1631284863 wait complete.
2026-03-10T10:08:27.048 INFO:teuthology.orchestra.run.vm04.stdout:Waiting for the mgr to restart...
2026-03-10T10:08:27.048 INFO:teuthology.orchestra.run.vm04.stdout:Waiting for mgr epoch 9...
2026-03-10T10:08:27.267 INFO:journalctl@ceph.mgr.y.vm04.stdout:Mar 10 10:08:26 vm04 bash[20997]: debug
2026-03-10T10:08:26.968+0000 7f8930b5b140 -1 mgr[py] Module rgw has missing NOTIFY_TYPES member
2026-03-10T10:08:27.657 INFO:journalctl@ceph.mgr.y.vm04.stdout:Mar 10 10:08:27 vm04 bash[20997]: debug
2026-03-10T10:08:27.260+0000 7f8930b5b140 -1 mgr[py] Module rook has missing NOTIFY_TYPES member
2026-03-10T10:08:27.954 INFO:journalctl@ceph.mon.a.vm04.stdout:Mar 10 10:08:27 vm04 bash[20742]: audit
2026-03-10T10:08:26.667102+0000 mon.a (mon.0) 70 : audit [INF] from='client.? 192.168.123.104:0/923033120' entity='client.admin' cmd='[{"prefix": "mgr module enable", "module": "dashboard"}]': finished
2026-03-10T10:08:27.954 INFO:journalctl@ceph.mon.a.vm04.stdout:Mar 10 10:08:27 vm04 bash[20742]: audit
2026-03-10T10:08:26.667102+0000 mon.a (mon.0) 70 : audit [INF] from='client.? 192.168.123.104:0/923033120' entity='client.admin' cmd='[{"prefix": "mgr module enable", "module": "dashboard"}]': finished
2026-03-10T10:08:27.954 INFO:journalctl@ceph.mon.a.vm04.stdout:Mar 10 10:08:27 vm04 bash[20742]: cluster
2026-03-10T10:08:26.669484+0000 mon.a (mon.0) 71 : cluster [DBG] mgrmap e9: y(active, since 6s)
2026-03-10T10:08:27.954 INFO:journalctl@ceph.mon.a.vm04.stdout:Mar 10 10:08:27 vm04 bash[20742]: cluster
2026-03-10T10:08:26.669484+0000 mon.a (mon.0) 71 : cluster [DBG] mgrmap e9: y(active, since 6s)
2026-03-10T10:08:27.954 INFO:journalctl@ceph.mon.a.vm04.stdout:Mar 10 10:08:27 vm04 bash[20742]: audit
2026-03-10T10:08:27.000668+0000 mon.a (mon.0) 72 : audit [DBG] from='client.? 192.168.123.104:0/1631284863' entity='client.admin' cmd=[{"prefix": "mgr stat"}]: dispatch
2026-03-10T10:08:27.954 INFO:journalctl@ceph.mon.a.vm04.stdout:Mar 10 10:08:27 vm04 bash[20742]: audit
2026-03-10T10:08:27.000668+0000 mon.a (mon.0) 72 : audit [DBG] from='client.? 192.168.123.104:0/1631284863' entity='client.admin' cmd=[{"prefix": "mgr stat"}]: dispatch
2026-03-10T10:08:27.954 INFO:journalctl@ceph.mgr.y.vm04.stdout:Mar 10 10:08:27 vm04 bash[20997]: debug
2026-03-10T10:08:27.652+0000 7f8930b5b140 -1 mgr[py] Module pg_autoscaler has missing NOTIFY_TYPES member
2026-03-10T10:08:27.954 INFO:journalctl@ceph.mgr.y.vm04.stdout:Mar 10 10:08:27 vm04 bash[20997]: debug
2026-03-10T10:08:27.728+0000 7f8930b5b140 -1 mgr[py] Module telemetry has missing NOTIFY_TYPES member
2026-03-10T10:08:27.954 INFO:journalctl@ceph.mgr.y.vm04.stdout:Mar 10 10:08:27 vm04 bash[20997]: /lib64/python3.9/site-packages/scipy/__init__.py:73: UserWarning: NumPy was imported from a Python sub-interpreter but NumPy does not properly support sub-interpreters. This will likely work for most users but might cause hard to track down issues or subtle bugs. A common user of the rare sub-interpreter feature is wsgi which also allows single-interpreter mode.
2026-03-10T10:08:27.954 INFO:journalctl@ceph.mgr.y.vm04.stdout:Mar 10 10:08:27 vm04 bash[20997]: Improvements in the case of bugs are welcome, but is not on the NumPy roadmap, and full support may require significant effort to achieve.
2026-03-10T10:08:27.954 INFO:journalctl@ceph.mgr.y.vm04.stdout:Mar 10 10:08:27 vm04 bash[20997]: from numpy import show_config as show_numpy_config
2026-03-10T10:08:27.954 INFO:journalctl@ceph.mgr.y.vm04.stdout:Mar 10 10:08:27 vm04 bash[20997]: debug
2026-03-10T10:08:27.840+0000 7f8930b5b140 -1 mgr[py] Module diskprediction_local has missing NOTIFY_TYPES member
2026-03-10T10:08:28.454 INFO:journalctl@ceph.mgr.y.vm04.stdout:Mar 10 10:08:27 vm04 bash[20997]: debug
2026-03-10T10:08:27.964+0000 7f8930b5b140 -1 mgr[py] Module volumes has missing NOTIFY_TYPES member
2026-03-10T10:08:28.454 INFO:journalctl@ceph.mgr.y.vm04.stdout:Mar 10 10:08:28 vm04 bash[20997]: debug
2026-03-10T10:08:28.000+0000 7f8930b5b140 -1 mgr[py] Module devicehealth has missing NOTIFY_TYPES member
