2026-03-10T10:08:22.064+0000 7f0bfd896640 1 --2- 192.168.123.104:0/3376858079 >> v2:192.168.123.104:6800/2318507328 conn(0x7f0bcc03dae0 0x7f0bcc03ffa0 secure :-1 s=READY pgs=9 cs=0 l=1 rev1=1 crypto rx=0x7f0bec0099c0 tx=0x7f0bec006eb0 comp rx=0 tx=0).stop
2026-03-10T10:08:22.101 INFO:teuthology.orchestra.run.vm04.stdout:/usr/bin/ceph: stderr
2026-03-10T10:08:22.064+0000 7f0bfd896640 1 -- 192.168.123.104:0/3376858079 >> [v2:192.168.123.104:3300/0,v1:192.168.123.104:6789/0] conn(0x7f0bf8108b70 msgr2=0x7f0bf819e960 secure :-1 s=STATE_CONNECTION_ESTABLISHED l=1).mark_down
2026-03-10T10:08:22.101 INFO:teuthology.orchestra.run.vm04.stdout:/usr/bin/ceph: stderr
2026-03-10T10:08:22.064+0000 7f0bfd896640 1 --2- 192.168.123.104:0/3376858079 >> [v2:192.168.123.104:3300/0,v1:192.168.123.104:6789/0] conn(0x7f0bf8108b70 0x7f0bf819e960 secure :-1 s=READY pgs=40 cs=0 l=1 rev1=1 crypto rx=0x7f0be003a040 tx=0x7f0be0004270 comp rx=0 tx=0).stop
2026-03-10T10:08:22.101 INFO:teuthology.orchestra.run.vm04.stdout:/usr/bin/ceph: stderr
2026-03-10T10:08:22.064+0000 7f0bfd896640 1 -- 192.168.123.104:0/3376858079 shutdown_connections
2026-03-10T10:08:22.101 INFO:teuthology.orchestra.run.vm04.stdout:/usr/bin/ceph: stderr
2026-03-10T10:08:22.064+0000 7f0bfd896640 1 --2- 192.168.123.104:0/3376858079 >> v2:192.168.123.104:6800/2318507328 conn(0x7f0bcc03dae0 0x7f0bcc03ffa0 unknown :-1 s=CLOSED pgs=9 cs=0 l=1 rev1=1 crypto rx=0 tx=0 comp rx=0 tx=0).stop
2026-03-10T10:08:22.101 INFO:teuthology.orchestra.run.vm04.stdout:/usr/bin/ceph: stderr
2026-03-10T10:08:22.064+0000 7f0bfd896640 1 --2- 192.168.123.104:0/3376858079 >> [v2:192.168.123.104:3300/0,v1:192.168.123.104:6789/0] conn(0x7f0bf8108b70 0x7f0bf819e960 unknown :-1 s=CLOSED pgs=40 cs=0 l=1 rev1=1 crypto rx=0 tx=0 comp rx=0 tx=0).stop
2026-03-10T10:08:22.102 INFO:teuthology.orchestra.run.vm04.stdout:/usr/bin/ceph: stderr
2026-03-10T10:08:22.064+0000 7f0bfd896640 1 -- 192.168.123.104:0/3376858079 >> 192.168.123.104:0/3376858079 conn(0x7f0bf807c040 msgr2=0x7f0bf8105f10 unknown :-1 s=STATE_NONE l=0).mark_down
2026-03-10T10:08:22.102 INFO:teuthology.orchestra.run.vm04.stdout:/usr/bin/ceph: stderr
2026-03-10T10:08:22.064+0000 7f0bfd896640 1 -- 192.168.123.104:0/3376858079 shutdown_connections
2026-03-10T10:08:22.102 INFO:teuthology.orchestra.run.vm04.stdout:/usr/bin/ceph: stderr
2026-03-10T10:08:22.064+0000 7f0bfd896640 1 -- 192.168.123.104:0/3376858079 wait complete.
2026-03-10T10:08:22.140 INFO:journalctl@ceph.mgr.y.vm04.stdout:Mar 10 10:08:22 vm04 bash[20997]: Generating public/private ed25519 key pair.
2026-03-10T10:08:22.140 INFO:journalctl@ceph.mgr.y.vm04.stdout:Mar 10 10:08:22 vm04 bash[20997]: Your identification has been saved in /tmp/tmpygrowd7t/key
2026-03-10T10:08:22.140 INFO:journalctl@ceph.mgr.y.vm04.stdout:Mar 10 10:08:22 vm04 bash[20997]: Your public key has been saved in /tmp/tmpygrowd7t/key.pub
2026-03-10T10:08:22.140 INFO:journalctl@ceph.mgr.y.vm04.stdout:Mar 10 10:08:22 vm04 bash[20997]: The key fingerprint is:
2026-03-10T10:08:22.140 INFO:journalctl@ceph.mgr.y.vm04.stdout:Mar 10 10:08:22 vm04 bash[20997]: SHA256:qbHJZDy947p77y7kG8TxdGQLRt27YWq9wZDoozBihhw ceph-e4c1c9d6-1c68-11f1-a9bd-116050875839
2026-03-10T10:08:22.140 INFO:journalctl@ceph.mgr.y.vm04.stdout:Mar 10 10:08:22 vm04 bash[20997]: The key's randomart image is:
2026-03-10T10:08:22.140 INFO:journalctl@ceph.mgr.y.vm04.stdout:Mar 10 10:08:22 vm04 bash[20997]: +--[ED25519 256]--+
2026-03-10T10:08:22.140 INFO:journalctl@ceph.mgr.y.vm04.stdout:Mar 10 10:08:22 vm04 bash[20997]: | .+.o. |
2026-03-10T10:08:22.140 INFO:journalctl@ceph.mgr.y.vm04.stdout:Mar 10 10:08:22 vm04 bash[20997]: | . +... |
2026-03-10T10:08:22.140 INFO:journalctl@ceph.mgr.y.vm04.stdout:Mar 10 10:08:22 vm04 bash[20997]: | . ..o. . |
2026-03-10T10:08:22.141 INFO:journalctl@ceph.mgr.y.vm04.stdout:Mar 10 10:08:22 vm04 bash[20997]: | E . o =..o + |
2026-03-10T10:08:22.141 INFO:journalctl@ceph.mgr.y.vm04.stdout:Mar 10 10:08:22 vm04 bash[20997]: | . o * S.. * o |
2026-03-10T10:08:22.141 INFO:journalctl@ceph.mgr.y.vm04.stdout:Mar 10 10:08:22 vm04 bash[20997]: | o ++oB..o o = |
2026-03-10T10:08:22.141 INFO:journalctl@ceph.mgr.y.vm04.stdout:Mar 10 10:08:22 vm04 bash[20997]: | o .==+. o o |
2026-03-10T10:08:22.141 INFO:journalctl@ceph.mgr.y.vm04.stdout:Mar 10 10:08:22 vm04 bash[20997]: | .=o . |
2026-03-10T10:08:22.141 INFO:journalctl@ceph.mgr.y.vm04.stdout:Mar 10 10:08:22 vm04 bash[20997]: | +=o*+ |
2026-03-10T10:08:22.141 INFO:journalctl@ceph.mgr.y.vm04.stdout:Mar 10 10:08:22 vm04 bash[20997]: +----[SHA256]-----+
2026-03-10T10:08:22.334 INFO:teuthology.orchestra.run.vm04.stdout:/usr/bin/ceph: stdout ssh-ed25519 AAAAC3NzaC1lZDI1NTE5AAAAIN8HDqv9Pg4TqDxcaMqs5f9pVfocR4ydPGrFWw+qTBBB ceph-e4c1c9d6-1c68-11f1-a9bd-116050875839
2026-03-10T10:08:22.334 INFO:teuthology.orchestra.run.vm04.stdout:/usr/bin/ceph: stderr
2026-03-10T10:08:22.196+0000 7f6a686b3640 1 Processor -- start
2026-03-10T10:08:22.334 INFO:teuthology.orchestra.run.vm04.stdout:/usr/bin/ceph: stderr
2026-03-10T10:08:22.196+0000 7f6a686b3640 1 -- start start
2026-03-10T10:08:22.334 INFO:teuthology.orchestra.run.vm04.stdout:/usr/bin/ceph: stderr
2026-03-10T10:08:22.196+0000 7f6a686b3640 1 --2- >> [v2:192.168.123.104:3300/0,v1:192.168.123.104:6789/0] conn(0x7f6a601068e0 0x7f6a60106ce0 unknown :-1 s=NONE pgs=0 cs=0 l=0 rev1=0 crypto rx=0 tx=0 comp rx=0 tx=0).connect
2026-03-10T10:08:22.334 INFO:teuthology.orchestra.run.vm04.stdout:/usr/bin/ceph: stderr
2026-03-10T10:08:22.196+0000 7f6a686b3640 1 -- --> [v2:192.168.123.104:3300/0,v1:192.168.123.104:6789/0] -- mon_getmap magic: 0 -- 0x7f6a601072b0 con 0x7f6a601068e0
2026-03-10T10:08:22.334 INFO:teuthology.orchestra.run.vm04.stdout:/usr/bin/ceph: stderr
2026-03-10T10:08:22.196+0000 7f6a66428640 1 --2- >> [v2:192.168.123.104:3300/0,v1:192.168.123.104:6789/0] conn(0x7f6a601068e0 0x7f6a60106ce0 unknown :-1 s=BANNER_CONNECTING pgs=0 cs=0 l=0 rev1=0 crypto rx=0 tx=0 comp rx=0 tx=0)._handle_peer_banner_payload supported=3 required=0
2026-03-10T10:08:22.334 INFO:teuthology.orchestra.run.vm04.stdout:/usr/bin/ceph: stderr
2026-03-10T10:08:22.196+0000 7f6a66428640 1 --2- >> [v2:192.168.123.104:3300/0,v1:192.168.123.104:6789/0] conn(0x7f6a601068e0 0x7f6a60106ce0 unknown :-1 s=HELLO_CONNECTING pgs=0 cs=0 l=0 rev1=1 crypto rx=0 tx=0 comp rx=0 tx=0).handle_hello peer v2:192.168.123.104:3300/0 says I am v2:192.168.123.104:55322/0 (socket says 192.168.123.104:55322)
2026-03-10T10:08:22.334 INFO:teuthology.orchestra.run.vm04.stdout:/usr/bin/ceph: stderr
2026-03-10T10:08:22.196+0000 7f6a66428640 1 -- 192.168.123.104:0/799863265 learned_addr learned my addr 192.168.123.104:0/799863265 (peer_addr_for_me v2:192.168.123.104:0/0)
2026-03-10T10:08:22.334 INFO:teuthology.orchestra.run.vm04.stdout:/usr/bin/ceph: stderr
2026-03-10T10:08:22.196+0000 7f6a66428640 1 -- 192.168.123.104:0/799863265 --> [v2:192.168.123.104:3300/0,v1:192.168.123.104:6789/0] -- mon_subscribe({config=0+,monmap=0+}) -- 0x7f6a60107ae0 con 0x7f6a601068e0
2026-03-10T10:08:22.334 INFO:teuthology.orchestra.run.vm04.stdout:/usr/bin/ceph: stderr
2026-03-10T10:08:22.196+0000 7f6a66428640 1 --2- 192.168.123.104:0/799863265 >> [v2:192.168.123.104:3300/0,v1:192.168.123.104:6789/0] conn(0x7f6a601068e0 0x7f6a60106ce0 secure :-1 s=READY pgs=41 cs=0 l=1 rev1=1 crypto rx=0x7f6a54009b80 tx=0x7f6a5402f190 comp rx=0 tx=0).ready entity=mon.0 client_cookie=7ab664ef4e6181d9 server_cookie=0 in_seq=0 out_seq=0
2026-03-10T10:08:22.334 INFO:teuthology.orchestra.run.vm04.stdout:/usr/bin/ceph: stderr
2026-03-10T10:08:22.196+0000 7f6a65426640 1 -- 192.168.123.104:0/799863265 <== mon.0 v2:192.168.123.104:3300/0 1 ==== mon_map magic: 0 ==== 205+0+0 (secure 0 0 0) 0x7f6a5403c070 con 0x7f6a601068e0
2026-03-10T10:08:22.334 INFO:teuthology.orchestra.run.vm04.stdout:/usr/bin/ceph: stderr
2026-03-10T10:08:22.196+0000 7f6a65426640 1 -- 192.168.123.104:0/799863265 <== mon.0 v2:192.168.123.104:3300/0 2 ==== config(25 keys) ==== 998+0+0 (secure 0 0 0) 0x7f6a54037440 con 0x7f6a601068e0
2026-03-10T10:08:22.334 INFO:teuthology.orchestra.run.vm04.stdout:/usr/bin/ceph: stderr
2026-03-10T10:08:22.196+0000 7f6a686b3640 1 -- 192.168.123.104:0/799863265 >> [v2:192.168.123.104:3300/0,v1:192.168.123.104:6789/0] conn(0x7f6a601068e0 msgr2=0x7f6a60106ce0 secure :-1 s=STATE_CONNECTION_ESTABLISHED l=1).mark_down
2026-03-10T10:08:22.334 INFO:teuthology.orchestra.run.vm04.stdout:/usr/bin/ceph: stderr
2026-03-10T10:08:22.196+0000 7f6a686b3640 1 --2- 192.168.123.104:0/799863265 >> [v2:192.168.123.104:3300/0,v1:192.168.123.104:6789/0] conn(0x7f6a601068e0 0x7f6a60106ce0 secure :-1 s=READY pgs=41 cs=0 l=1 rev1=1 crypto rx=0x7f6a54009b80 tx=0x7f6a5402f190 comp rx=0 tx=0).stop
2026-03-10T10:08:22.334 INFO:teuthology.orchestra.run.vm04.stdout:/usr/bin/ceph: stderr
2026-03-10T10:08:22.196+0000 7f6a686b3640 1 -- 192.168.123.104:0/799863265 shutdown_connections
2026-03-10T10:08:22.334 INFO:teuthology.orchestra.run.vm04.stdout:/usr/bin/ceph: stderr
2026-03-10T10:08:22.196+0000 7f6a686b3640 1 --2- 192.168.123.104:0/799863265 >> [v2:192.168.123.104:3300/0,v1:192.168.123.104:6789/0] conn(0x7f6a601068e0 0x7f6a60106ce0 unknown :-1 s=CLOSED pgs=41 cs=0 l=1 rev1=1 crypto rx=0 tx=0 comp rx=0 tx=0).stop
2026-03-10T10:08:22.334 INFO:teuthology.orchestra.run.vm04.stdout:/usr/bin/ceph: stderr
2026-03-10T10:08:22.196+0000 7f6a686b3640 1 -- 192.168.123.104:0/799863265 >> 192.168.123.104:0/799863265 conn(0x7f6a60102090 msgr2=0x7f6a601044b0 unknown :-1 s=STATE_NONE l=0).mark_down
2026-03-10T10:08:22.334 INFO:teuthology.orchestra.run.vm04.stdout:/usr/bin/ceph: stderr
2026-03-10T10:08:22.196+0000 7f6a686b3640 1 -- 192.168.123.104:0/799863265 shutdown_connections
2026-03-10T10:08:22.334 INFO:teuthology.orchestra.run.vm04.stdout:/usr/bin/ceph: stderr
2026-03-10T10:08:22.196+0000 7f6a686b3640 1 -- 192.168.123.104:0/799863265 wait complete.
2026-03-10T10:08:22.334 INFO:teuthology.orchestra.run.vm04.stdout:/usr/bin/ceph: stderr
2026-03-10T10:08:22.196+0000 7f6a686b3640 1 Processor -- start
2026-03-10T10:08:22.334 INFO:teuthology.orchestra.run.vm04.stdout:/usr/bin/ceph: stderr
2026-03-10T10:08:22.200+0000 7f6a686b3640 1 -- start start
2026-03-10T10:08:22.334 INFO:teuthology.orchestra.run.vm04.stdout:/usr/bin/ceph: stderr
2026-03-10T10:08:22.200+0000 7f6a686b3640 1 --2- >> [v2:192.168.123.104:3300/0,v1:192.168.123.104:6789/0] conn(0x7f6a601068e0 0x7f6a6007c460 unknown :-1 s=NONE pgs=0 cs=0 l=1 rev1=0 crypto rx=0 tx=0 comp rx=0 tx=0).connect
2026-03-10T10:08:22.334 INFO:teuthology.orchestra.run.vm04.stdout:/usr/bin/ceph: stderr
2026-03-10T10:08:22.200+0000 7f6a686b3640 1 -- --> [v2:192.168.123.104:3300/0,v1:192.168.123.104:6789/0] -- mon_getmap magic: 0 -- 0x7f6a6010ad10 con 0x7f6a601068e0
2026-03-10T10:08:22.334 INFO:teuthology.orchestra.run.vm04.stdout:/usr/bin/ceph: stderr
2026-03-10T10:08:22.200+0000 7f6a66428640 1 --2- >> [v2:192.168.123.104:3300/0,v1:192.168.123.104:6789/0] conn(0x7f6a601068e0 0x7f6a6007c460 unknown :-1 s=BANNER_CONNECTING pgs=0 cs=0 l=1 rev1=0 crypto rx=0 tx=0 comp rx=0 tx=0)._handle_peer_banner_payload supported=3 required=0
2026-03-10T10:08:22.334 INFO:teuthology.orchestra.run.vm04.stdout:/usr/bin/ceph: stderr
2026-03-10T10:08:22.200+0000 7f6a66428640 1 --2- >> [v2:192.168.123.104:3300/0,v1:192.168.123.104:6789/0] conn(0x7f6a601068e0 0x7f6a6007c460 unknown :-1 s=HELLO_CONNECTING pgs=0 cs=0 l=1 rev1=1 crypto rx=0 tx=0 comp rx=0 tx=0).handle_hello peer v2:192.168.123.104:3300/0 says I am v2:192.168.123.104:55326/0 (socket says 192.168.123.104:55326)
2026-03-10T10:08:22.334 INFO:teuthology.orchestra.run.vm04.stdout:/usr/bin/ceph: stderr
2026-03-10T10:08:22.200+0000 7f6a66428640 1 -- 192.168.123.104:0/2010030424 learned_addr learned my addr 192.168.123.104:0/2010030424 (peer_addr_for_me v2:192.168.123.104:0/0)
2026-03-10T10:08:22.334 INFO:teuthology.orchestra.run.vm04.stdout:/usr/bin/ceph: stderr
2026-03-10T10:08:22.200+0000 7f6a66428640 1 -- 192.168.123.104:0/2010030424 --> [v2:192.168.123.104:3300/0,v1:192.168.123.104:6789/0] -- mon_subscribe({config=0+,monmap=0+}) -- 0x7f6a6007c9a0 con 0x7f6a601068e0
2026-03-10T10:08:22.335 INFO:teuthology.orchestra.run.vm04.stdout:/usr/bin/ceph: stderr
2026-03-10T10:08:22.200+0000 7f6a66428640 1 --2- 192.168.123.104:0/2010030424 >> [v2:192.168.123.104:3300/0,v1:192.168.123.104:6789/0] conn(0x7f6a601068e0 0x7f6a6007c460 secure :-1 s=READY pgs=42 cs=0 l=1 rev1=1 crypto rx=0x7f6a5402f740 tx=0x7f6a540039b0 comp rx=0 tx=0).ready entity=mon.0 client_cookie=0 server_cookie=0 in_seq=0 out_seq=0
2026-03-10T10:08:22.335 INFO:teuthology.orchestra.run.vm04.stdout:/usr/bin/ceph: stderr
2026-03-10T10:08:22.200+0000 7f6a4f7fe640 1 -- 192.168.123.104:0/2010030424 <== mon.0 v2:192.168.123.104:3300/0 1 ==== mon_map magic: 0 ==== 205+0+0 (secure 0 0 0) 0x7f6a5403c040 con 0x7f6a601068e0
2026-03-10T10:08:22.335 INFO:teuthology.orchestra.run.vm04.stdout:/usr/bin/ceph: stderr
2026-03-10T10:08:22.200+0000 7f6a4f7fe640 1 -- 192.168.123.104:0/2010030424 <== mon.0 v2:192.168.123.104:3300/0 2 ==== config(25 keys) ==== 998+0+0 (secure 0 0 0) 0x7f6a54003c40 con 0x7f6a601068e0
2026-03-10T10:08:22.335 INFO:teuthology.orchestra.run.vm04.stdout:/usr/bin/ceph: stderr
2026-03-10T10:08:22.200+0000 7f6a4f7fe640 1 -- 192.168.123.104:0/2010030424 <== mon.0 v2:192.168.123.104:3300/0 3 ==== mon_map magic: 0 ==== 205+0+0 (secure 0 0 0) 0x7f6a54035db0 con 0x7f6a601068e0
2026-03-10T10:08:22.335 INFO:teuthology.orchestra.run.vm04.stdout:/usr/bin/ceph: stderr
2026-03-10T10:08:22.200+0000 7f6a686b3640 1 -- 192.168.123.104:0/2010030424 --> [v2:192.168.123.104:3300/0,v1:192.168.123.104:6789/0] -- mon_subscribe({mgrmap=0+}) -- 0x7f6a6007ab90 con 0x7f6a601068e0
2026-03-10T10:08:22.335 INFO:teuthology.orchestra.run.vm04.stdout:/usr/bin/ceph: stderr
2026-03-10T10:08:22.200+0000 7f6a686b3640 1 -- 192.168.123.104:0/2010030424 --> [v2:192.168.123.104:3300/0,v1:192.168.123.104:6789/0] -- mon_subscribe({osdmap=0}) -- 0x7f6a6007afb0 con 0x7f6a601068e0
2026-03-10T10:08:22.335 INFO:teuthology.orchestra.run.vm04.stdout:/usr/bin/ceph: stderr
2026-03-10T10:08:22.200+0000 7f6a4f7fe640 1 -- 192.168.123.104:0/2010030424 <== mon.0 v2:192.168.123.104:3300/0 4 ==== mgrmap(e 7) ==== 50106+0+0 (secure 0 0 0) 0x7f6a54030050 con 0x7f6a601068e0
2026-03-10T10:08:22.335 INFO:teuthology.orchestra.run.vm04.stdout:/usr/bin/ceph: stderr
2026-03-10T10:08:22.200+0000 7f6a686b3640 1 -- 192.168.123.104:0/2010030424 --> [v2:192.168.123.104:3300/0,v1:192.168.123.104:6789/0] -- mon_command({"prefix": "get_command_descriptions"} v 0) -- 0x7f6a28005180 con 0x7f6a601068e0
2026-03-10T10:08:22.335 INFO:teuthology.orchestra.run.vm04.stdout:/usr/bin/ceph: stderr
2026-03-10T10:08:22.204+0000 7f6a4f7fe640 1 --2- 192.168.123.104:0/2010030424 >> v2:192.168.123.104:6800/2318507328 conn(0x7f6a3c03da90 0x7f6a3c03ff50 unknown :-1 s=NONE pgs=0 cs=0 l=1 rev1=0 crypto rx=0 tx=0 comp rx=0 tx=0).connect
2026-03-10T10:08:22.335 INFO:teuthology.orchestra.run.vm04.stdout:/usr/bin/ceph: stderr
2026-03-10T10:08:22.204+0000 7f6a4f7fe640 1 -- 192.168.123.104:0/2010030424 <== mon.0 v2:192.168.123.104:3300/0 5 ==== osd_map(2..2 src has 1..2) ==== 897+0+0 (secure 0 0 0) 0x7f6a540779a0 con 0x7f6a601068e0
2026-03-10T10:08:22.335 INFO:teuthology.orchestra.run.vm04.stdout:/usr/bin/ceph: stderr
2026-03-10T10:08:22.204+0000 7f6a65c27640 1 --2- 192.168.123.104:0/2010030424 >> v2:192.168.123.104:6800/2318507328 conn(0x7f6a3c03da90 0x7f6a3c03ff50 unknown :-1 s=BANNER_CONNECTING pgs=0 cs=0 l=1 rev1=0 crypto rx=0 tx=0 comp rx=0 tx=0)._handle_peer_banner_payload supported=3 required=0
2026-03-10T10:08:22.335 INFO:teuthology.orchestra.run.vm04.stdout:/usr/bin/ceph: stderr
2026-03-10T10:08:22.204+0000 7f6a4f7fe640 1 -- 192.168.123.104:0/2010030424 <== mon.0 v2:192.168.123.104:3300/0 6 ==== mon_command_ack([{"prefix": "get_command_descriptions"}]=0 v0) ==== 72+0+195034 (secure 0 0 0) 0x7f6a54051240 con 0x7f6a601068e0
2026-03-10T10:08:22.335 INFO:teuthology.orchestra.run.vm04.stdout:/usr/bin/ceph: stderr
2026-03-10T10:08:22.204+0000 7f6a65c27640 1 --2- 192.168.123.104:0/2010030424 >> v2:192.168.123.104:6800/2318507328 conn(0x7f6a3c03da90 0x7f6a3c03ff50 secure :-1 s=READY pgs=10 cs=0 l=1 rev1=1 crypto rx=0x7f6a500099c0 tx=0x7f6a50006eb0 comp rx=0 tx=0).ready entity=mgr.14118 client_cookie=0 server_cookie=0 in_seq=0 out_seq=0
2026-03-10T10:08:22.335 INFO:teuthology.orchestra.run.vm04.stdout:/usr/bin/ceph: stderr
2026-03-10T10:08:22.292+0000 7f6a686b3640 1 -- 192.168.123.104:0/2010030424 --> v2:192.168.123.104:6800/2318507328 -- mgr_command(tid 0: {"prefix": "cephadm get-pub-key", "target": ["mon-mgr", ""]}) -- 0x7f6a28002bf0 con 0x7f6a3c03da90
2026-03-10T10:08:22.335 INFO:teuthology.orchestra.run.vm04.stdout:/usr/bin/ceph: stderr
2026-03-10T10:08:22.292+0000 7f6a4f7fe640 1 -- 192.168.123.104:0/2010030424 <== mgr.14118 v2:192.168.123.104:6800/2318507328 1 ==== mgr_command_reply(tid 0: 0 ) ==== 8+0+123 (secure 0 0 0) 0x7f6a28002bf0 con 0x7f6a3c03da90
2026-03-10T10:08:22.335 INFO:teuthology.orchestra.run.vm04.stdout:/usr/bin/ceph: stderr
2026-03-10T10:08:22.296+0000 7f6a686b3640 1 -- 192.168.123.104:0/2010030424 >> v2:192.168.123.104:6800/2318507328 conn(0x7f6a3c03da90 msgr2=0x7f6a3c03ff50 secure :-1 s=STATE_CONNECTION_ESTABLISHED l=1).mark_down
2026-03-10T10:08:22.335 INFO:teuthology.orchestra.run.vm04.stdout:/usr/bin/ceph: stderr
2026-03-10T10:08:22.296+0000 7f6a686b3640 1 --2- 192.168.123.104:0/2010030424 >> v2:192.168.123.104:6800/2318507328 conn(0x7f6a3c03da90 0x7f6a3c03ff50 secure :-1 s=READY pgs=10 cs=0 l=1 rev1=1 crypto rx=0x7f6a500099c0 tx=0x7f6a50006eb0 comp rx=0 tx=0).stop
2026-03-10T10:08:22.335 INFO:teuthology.orchestra.run.vm04.stdout:/usr/bin/ceph: stderr
2026-03-10T10:08:22.296+0000 7f6a686b3640 1 -- 192.168.123.104:0/2010030424 >> [v2:192.168.123.104:3300/0,v1:192.168.123.104:6789/0] conn(0x7f6a601068e0 msgr2=0x7f6a6007c460 secure :-1 s=STATE_CONNECTION_ESTABLISHED l=1).mark_down
2026-03-10T10:08:22.335 INFO:teuthology.orchestra.run.vm04.stdout:/usr/bin/ceph: stderr
2026-03-10T10:08:22.296+0000 7f6a686b3640 1 --2- 192.168.123.104:0/2010030424 >> [v2:192.168.123.104:3300/0,v1:192.168.123.104:6789/0] conn(0x7f6a601068e0 0x7f6a6007c460 secure :-1 s=READY pgs=42 cs=0 l=1 rev1=1 crypto rx=0x7f6a5402f740 tx=0x7f6a540039b0 comp rx=0 tx=0).stop
2026-03-10T10:08:22.335 INFO:teuthology.orchestra.run.vm04.stdout:/usr/bin/ceph: stderr
2026-03-10T10:08:22.296+0000 7f6a686b3640 1 -- 192.168.123.104:0/2010030424 shutdown_connections
2026-03-10T10:08:22.335 INFO:teuthology.orchestra.run.vm04.stdout:/usr/bin/ceph: stderr
2026-03-10T10:08:22.296+0000 7f6a686b3640 1 --2- 192.168.123.104:0/2010030424 >> v2:192.168.123.104:6800/2318507328 conn(0x7f6a3c03da90 0x7f6a3c03ff50 unknown :-1 s=CLOSED pgs=10 cs=0 l=1 rev1=1 crypto rx=0 tx=0 comp rx=0 tx=0).stop
2026-03-10T10:08:22.335 INFO:teuthology.orchestra.run.vm04.stdout:/usr/bin/ceph: stderr
2026-03-10T10:08:22.296+0000 7f6a686b3640 1 --2- 192.168.123.104:0/2010030424 >> [v2:192.168.123.104:3300/0,v1:192.168.123.104:6789/0] conn(0x7f6a601068e0 0x7f6a6007c460 unknown :-1 s=CLOSED pgs=42 cs=0 l=1 rev1=1 crypto rx=0 tx=0 comp rx=0 tx=0).stop
2026-03-10T10:08:22.335 INFO:teuthology.orchestra.run.vm04.stdout:/usr/bin/ceph: stderr
2026-03-10T10:08:22.296+0000 7f6a686b3640 1 -- 192.168.123.104:0/2010030424 >> 192.168.123.104:0/2010030424 conn(0x7f6a60102090 msgr2=0x7f6a60102d00 unknown :-1 s=STATE_NONE l=0).mark_down
2026-03-10T10:08:22.335 INFO:teuthology.orchestra.run.vm04.stdout:/usr/bin/ceph: stderr
2026-03-10T10:08:22.296+0000 7f6a686b3640 1 -- 192.168.123.104:0/2010030424 shutdown_connections
2026-03-10T10:08:22.335 INFO:teuthology.orchestra.run.vm04.stdout:/usr/bin/ceph: stderr
2026-03-10T10:08:22.296+0000 7f6a686b3640 1 -- 192.168.123.104:0/2010030424 wait complete.
2026-03-10T10:08:22.335 INFO:teuthology.orchestra.run.vm04.stdout:Wrote public SSH key to /home/ubuntu/cephtest/ceph.pub
2026-03-10T10:08:22.335 INFO:teuthology.orchestra.run.vm04.stdout:Adding key to root@localhost authorized_keys...
2026-03-10T10:08:22.335 INFO:teuthology.orchestra.run.vm04.stdout:Adding host vm04...
2026-03-10T10:08:22.558 INFO:journalctl@ceph.mon.a.vm04.stdout:Mar 10 10:08:22 vm04 bash[20742]: audit
2026-03-10T10:08:21.285553+0000 mgr.y (mgr.14118) 2 : audit [DBG] from='client.14122 -' entity='client.admin' cmd=[{"prefix": "get_command_descriptions"}]: dispatch
2026-03-10T10:08:22.558 INFO:journalctl@ceph.mon.a.vm04.stdout:Mar 10 10:08:22 vm04 bash[20742]: audit
2026-03-10T10:08:21.285553+0000 mgr.y (mgr.14118) 2 : audit [DBG] from='client.14122 -' entity='client.admin' cmd=[{"prefix": "get_command_descriptions"}]: dispatch
2026-03-10T10:08:22.558 INFO:journalctl@ceph.mon.a.vm04.stdout:Mar 10 10:08:22 vm04 bash[20742]: audit
2026-03-10T10:08:21.289274+0000 mgr.y (mgr.14118) 3 : audit [DBG] from='client.14122 -' entity='client.admin' cmd=[{"prefix": "mgr_status"}]: dispatch
2026-03-10T10:08:22.558 INFO:journalctl@ceph.mon.a.vm04.stdout:Mar 10 10:08:22 vm04 bash[20742]: audit
2026-03-10T10:08:21.289274+0000 mgr.y (mgr.14118) 3 : audit [DBG] from='client.14122 -' entity='client.admin' cmd=[{"prefix": "mgr_status"}]: dispatch
2026-03-10T10:08:22.558 INFO:journalctl@ceph.mon.a.vm04.stdout:Mar 10 10:08:22 vm04 bash[20742]: cephadm
2026-03-10T10:08:21.359736+0000 mgr.y (mgr.14118) 4 : cephadm [INF] [10/Mar/2026:10:08:21] ENGINE Bus STARTING
2026-03-10T10:08:22.558 INFO:journalctl@ceph.mon.a.vm04.stdout:Mar 10 10:08:22 vm04 bash[20742]: cephadm
2026-03-10T10:08:21.359736+0000 mgr.y (mgr.14118) 4 : cephadm [INF] [10/Mar/2026:10:08:21] ENGINE Bus STARTING
2026-03-10T10:08:22.558 INFO:journalctl@ceph.mon.a.vm04.stdout:Mar 10 10:08:22 vm04 bash[20742]: audit
2026-03-10T10:08:21.570101+0000 mon.a (mon.0) 55 : audit [INF] from='mgr.14118 192.168.123.104:0/2126091993' entity='mgr.y'
2026-03-10T10:08:22.558 INFO:journalctl@ceph.mon.a.vm04.stdout:Mar 10 10:08:22 vm04 bash[20742]: audit
2026-03-10T10:08:21.570101+0000 mon.a (mon.0) 55 : audit [INF] from='mgr.14118 192.168.123.104:0/2126091993' entity='mgr.y'
2026-03-10T10:08:22.558 INFO:journalctl@ceph.mon.a.vm04.stdout:Mar 10 10:08:22 vm04 bash[20742]: audit
2026-03-10T10:08:21.575693+0000 mon.a (mon.0) 56 : audit [DBG] from='mgr.14118 192.168.123.104:0/2126091993' entity='mgr.y' cmd=[{"prefix": "config dump", "format": "json"}]: dispatch
2026-03-10T10:08:22.558 INFO:journalctl@ceph.mon.a.vm04.stdout:Mar 10 10:08:22 vm04 bash[20742]: audit
2026-03-10T10:08:21.575693+0000 mon.a (mon.0) 56 : audit [DBG] from='mgr.14118 192.168.123.104:0/2126091993' entity='mgr.y' cmd=[{"prefix": "config dump", "format": "json"}]: dispatch
2026-03-10T10:08:22.559 INFO:journalctl@ceph.mon.a.vm04.stdout:Mar 10 10:08:22 vm04 bash[20742]: audit
2026-03-10T10:08:21.580337+0000 mon.a (mon.0) 57 : audit [DBG] from='mgr.14118 192.168.123.104:0/2126091993' entity='mgr.y' cmd=[{"prefix": "config dump", "format": "json"}]: dispatch
2026-03-10T10:08:22.559 INFO:journalctl@ceph.mon.a.vm04.stdout:Mar 10 10:08:22 vm04 bash[20742]: audit
2026-03-10T10:08:21.580337+0000 mon.a (mon.0) 57 : audit [DBG] from='mgr.14118 192.168.123.104:0/2126091993' entity='mgr.y' cmd=[{"prefix": "config dump", "format": "json"}]: dispatch
2026-03-10T10:08:22.559 INFO:journalctl@ceph.mon.a.vm04.stdout:Mar 10 10:08:22 vm04 bash[20742]: audit
2026-03-10T10:08:22.064614+0000 mon.a (mon.0) 58 : audit [INF] from='mgr.14118 192.168.123.104:0/2126091993' entity='mgr.y'
2026-03-10T10:08:22.559 INFO:journalctl@ceph.mon.a.vm04.stdout:Mar 10 10:08:22 vm04 bash[20742]: audit
2026-03-10T10:08:22.064614+0000 mon.a (mon.0) 58 : audit [INF] from='mgr.14118 192.168.123.104:0/2126091993' entity='mgr.y'
2026-03-10T10:08:22.559 INFO:journalctl@ceph.mon.a.vm04.stdout:Mar 10 10:08:22 vm04 bash[20742]: audit
2026-03-10T10:08:22.066629+0000 mon.a (mon.0) 59 : audit [INF] from='mgr.14118 192.168.123.104:0/2126091993' entity='mgr.y'
2026-03-10T10:08:22.559 INFO:journalctl@ceph.mon.a.vm04.stdout:Mar 10 10:08:22 vm04 bash[20742]: audit
2026-03-10T10:08:22.066629+0000 mon.a (mon.0) 59 : audit [INF] from='mgr.14118 192.168.123.104:0/2126091993' entity='mgr.y'
2026-03-10T10:08:23.704 INFO:journalctl@ceph.mon.a.vm04.stdout:Mar 10 10:08:23 vm04 bash[20742]: cephadm
2026-03-10T10:08:21.462056+0000 mgr.y (mgr.14118) 5 : cephadm [INF] [10/Mar/2026:10:08:21] ENGINE Serving on http://192.168.123.104:8765
2026-03-10T10:08:23.704 INFO:journalctl@ceph.mon.a.vm04.stdout:Mar 10 10:08:23 vm04 bash[20742]: cephadm
2026-03-10T10:08:21.462056+0000 mgr.y (mgr.14118) 5 : cephadm [INF] [10/Mar/2026:10:08:21] ENGINE Serving on http://192.168.123.104:8765
2026-03-10T10:08:23.704 INFO:journalctl@ceph.mon.a.vm04.stdout:Mar 10 10:08:23 vm04 bash[20742]: audit
2026-03-10T10:08:21.567030+0000 mgr.y (mgr.14118) 6 : audit [DBG] from='client.14130 -' entity='client.admin' cmd=[{"prefix": "orch set backend", "module_name": "cephadm", "target": ["mon-mgr", ""]}]: dispatch
2026-03-10T10:08:23.704 INFO:journalctl@ceph.mon.a.vm04.stdout:Mar 10 10:08:23 vm04 bash[20742]: audit
2026-03-10T10:08:21.567030+0000 mgr.y (mgr.14118) 6 : audit [DBG] from='client.14130 -' entity='client.admin' cmd=[{"prefix": "orch set backend", "module_name": "cephadm", "target": ["mon-mgr", ""]}]: dispatch
2026-03-10T10:08:23.704 INFO:journalctl@ceph.mon.a.vm04.stdout:Mar 10 10:08:23 vm04 bash[20742]: cephadm
2026-03-10T10:08:21.576426+0000 mgr.y (mgr.14118) 7 : cephadm [INF] [10/Mar/2026:10:08:21] ENGINE Serving on https://192.168.123.104:7150
2026-03-10T10:08:23.704 INFO:journalctl@ceph.mon.a.vm04.stdout:Mar 10 10:08:23 vm04 bash[20742]: cephadm
2026-03-10T10:08:21.576426+0000 mgr.y (mgr.14118) 7 : cephadm [INF] [10/Mar/2026:10:08:21] ENGINE Serving on https://192.168.123.104:7150
2026-03-10T10:08:23.704 INFO:journalctl@ceph.mon.a.vm04.stdout:Mar 10 10:08:23 vm04 bash[20742]: cephadm
2026-03-10T10:08:21.576458+0000 mgr.y (mgr.14118) 8 : cephadm [INF] [10/Mar/2026:10:08:21] ENGINE Bus STARTED
2026-03-10T10:08:23.704 INFO:journalctl@ceph.mon.a.vm04.stdout:Mar 10 10:08:23 vm04 bash[20742]: cephadm
2026-03-10T10:08:21.576458+0000 mgr.y (mgr.14118) 8 : cephadm [INF] [10/Mar/2026:10:08:21] ENGINE Bus STARTED
2026-03-10T10:08:23.704 INFO:journalctl@ceph.mon.a.vm04.stdout:Mar 10 10:08:23 vm04 bash[20742]: cephadm
2026-03-10T10:08:21.577574+0000 mgr.y (mgr.14118) 9 : cephadm [INF] [10/Mar/2026:10:08:21] ENGINE Client ('192.168.123.104', 39838) lost — peer dropped the TLS connection suddenly, during handshake: (6, 'TLS/SSL connection has been closed (EOF) (_ssl.c:1147)')
2026-03-10T10:08:23.704 INFO:journalctl@ceph.mon.a.vm04.stdout:Mar 10 10:08:23 vm04 bash[20742]: cephadm
2026-03-10T10:08:21.577574+0000 mgr.y (mgr.14118) 9 : cephadm [INF] [10/Mar/2026:10:08:21] ENGINE Client ('192.168.123.104', 39838) lost — peer dropped the TLS connection suddenly, during handshake: (6, 'TLS/SSL connection has been closed (EOF) (_ssl.c:1147)')
2026-03-10T10:08:23.704 INFO:journalctl@ceph.mon.a.vm04.stdout:Mar 10 10:08:23 vm04 bash[20742]: audit
2026-03-10T10:08:21.806820+0000 mgr.y (mgr.14118) 10 : audit [DBG] from='client.14132 -' entity='client.admin' cmd=[{"prefix": "cephadm set-user", "user": "root", "target": ["mon-mgr", ""]}]: dispatch
2026-03-10T10:08:23.704 INFO:journalctl@ceph.mon.a.vm04.stdout:Mar 10 10:08:23 vm04 bash[20742]: audit
2026-03-10T10:08:21.806820+0000 mgr.y (mgr.14118) 10 : audit [DBG] from='client.14132 -' entity='client.admin' cmd=[{"prefix": "cephadm set-user", "user": "root", "target": ["mon-mgr", ""]}]: dispatch
2026-03-10T10:08:23.704 INFO:journalctl@ceph.mon.a.vm04.stdout:Mar 10 10:08:23 vm04 bash[20742]: audit
2026-03-10T10:08:22.049695+0000 mgr.y (mgr.14118) 11 : audit [DBG] from='client.14134 -' entity='client.admin' cmd=[{"prefix": "cephadm generate-key", "target": ["mon-mgr", ""]}]: dispatch
2026-03-10T10:08:23.704 INFO:journalctl@ceph.mon.a.vm04.stdout:Mar 10 10:08:23 vm04 bash[20742]: audit
2026-03-10T10:08:22.049695+0000 mgr.y (mgr.14118) 11 : audit [DBG] from='client.14134 -' entity='client.admin' cmd=[{"prefix": "cephadm generate-key", "target": ["mon-mgr", ""]}]: dispatch
2026-03-10T10:08:23.704 INFO:journalctl@ceph.mon.a.vm04.stdout:Mar 10 10:08:23 vm04 bash[20742]: cephadm
2026-03-10T10:08:22.049877+0000 mgr.y (mgr.14118) 12 : cephadm [INF] Generating ssh key...
2026-03-10T10:08:23.704 INFO:journalctl@ceph.mon.a.vm04.stdout:Mar 10 10:08:23 vm04 bash[20742]: cephadm
2026-03-10T10:08:22.049877+0000 mgr.y (mgr.14118) 12 : cephadm [INF] Generating ssh key...
2026-03-10T10:08:23.704 INFO:journalctl@ceph.mon.a.vm04.stdout:Mar 10 10:08:23 vm04 bash[20742]: audit
2026-03-10T10:08:22.298852+0000 mgr.y (mgr.14118) 13 : audit [DBG] from='client.14136 -' entity='client.admin' cmd=[{"prefix": "cephadm get-pub-key", "target": ["mon-mgr", ""]}]: dispatch
2026-03-10T10:08:23.704 INFO:journalctl@ceph.mon.a.vm04.stdout:Mar 10 10:08:23 vm04 bash[20742]: audit
2026-03-10T10:08:22.298852+0000 mgr.y (mgr.14118) 13 : audit [DBG] from='client.14136 -' entity='client.admin' cmd=[{"prefix": "cephadm get-pub-key", "target": ["mon-mgr", ""]}]: dispatch
2026-03-10T10:08:23.704 INFO:journalctl@ceph.mon.a.vm04.stdout:Mar 10 10:08:23 vm04 bash[20742]: cluster
2026-03-10T10:08:23.070528+0000 mon.a (mon.0) 60 : cluster [DBG] mgrmap e8: y(active, since 2s)
2026-03-10T10:08:23.704 INFO:journalctl@ceph.mon.a.vm04.stdout:Mar 10 10:08:23 vm04 bash[20742]: cluster
2026-03-10T10:08:23.070528+0000 mon.a (mon.0) 60 : cluster [DBG] mgrmap e8: y(active, since 2s)
2026-03-10T10:08:24.396 INFO:teuthology.orchestra.run.vm04.stdout:/usr/bin/ceph: stdout Added host 'vm04' with addr '192.168.123.104'
2026-03-10T10:08:24.396 INFO:teuthology.orchestra.run.vm04.stdout:/usr/bin/ceph: stderr
2026-03-10T10:08:22.444+0000 7fc4cec8e640 1 Processor -- start
2026-03-10T10:08:24.397 INFO:teuthology.orchestra.run.vm04.stdout:/usr/bin/ceph: stderr
2026-03-10T10:08:22.444+0000 7fc4cec8e640 1 -- start start
2026-03-10T10:08:24.397 INFO:teuthology.orchestra.run.vm04.stdout:/usr/bin/ceph: stderr
2026-03-10T10:08:22.444+0000 7fc4cec8e640 1 --2- >> [v2:192.168.123.104:3300/0,v1:192.168.123.104:6789/0] conn(0x7fc4c8108b70 0x7fc4c8108f70 unknown :-1 s=NONE pgs=0 cs=0 l=0 rev1=0 crypto rx=0 tx=0 comp rx=0 tx=0).connect
2026-03-10T10:08:24.397 INFO:teuthology.orchestra.run.vm04.stdout:/usr/bin/ceph: stderr
2026-03-10T10:08:22.444+0000 7fc4cec8e640 1 -- --> [v2:192.168.123.104:3300/0,v1:192.168.123.104:6789/0] -- mon_getmap magic: 0 -- 0x7fc4c8109540 con 0x7fc4c8108b70
2026-03-10T10:08:24.397 INFO:teuthology.orchestra.run.vm04.stdout:/usr/bin/ceph: stderr
2026-03-10T10:08:22.444+0000 7fc4cca03640 1 --2- >> [v2:192.168.123.104:3300/0,v1:192.168.123.104:6789/0] conn(0x7fc4c8108b70 0x7fc4c8108f70 unknown :-1 s=BANNER_CONNECTING pgs=0 cs=0 l=0 rev1=0 crypto rx=0 tx=0 comp rx=0 tx=0)._handle_peer_banner_payload supported=3 required=0
2026-03-10T10:08:24.397 INFO:teuthology.orchestra.run.vm04.stdout:/usr/bin/ceph: stderr
2026-03-10T10:08:22.444+0000 7fc4cca03640 1 --2- >> [v2:192.168.123.104:3300/0,v1:192.168.123.104:6789/0] conn(0x7fc4c8108b70 0x7fc4c8108f70 unknown :-1 s=HELLO_CONNECTING pgs=0 cs=0 l=0 rev1=1 crypto rx=0 tx=0 comp rx=0 tx=0).handle_hello peer v2:192.168.123.104:3300/0 says I am v2:192.168.123.104:55328/0 (socket says 192.168.123.104:55328)
2026-03-10T10:08:24.397 INFO:teuthology.orchestra.run.vm04.stdout:/usr/bin/ceph: stderr
2026-03-10T10:08:22.444+0000 7fc4cca03640 1 -- 192.168.123.104:0/1535641826 learned_addr learned my addr 192.168.123.104:0/1535641826 (peer_addr_for_me v2:192.168.123.104:0/0)
2026-03-10T10:08:24.397 INFO:teuthology.orchestra.run.vm04.stdout:/usr/bin/ceph: stderr
2026-03-10T10:08:22.448+0000 7fc4cca03640 1 -- 192.168.123.104:0/1535641826 --> [v2:192.168.123.104:3300/0,v1:192.168.123.104:6789/0] -- mon_subscribe({config=0+,monmap=0+}) -- 0x7fc4c8109d70 con 0x7fc4c8108b70
2026-03-10T10:08:24.397 INFO:teuthology.orchestra.run.vm04.stdout:/usr/bin/ceph: stderr
2026-03-10T10:08:22.448+0000 7fc4cca03640 1 --2- 192.168.123.104:0/1535641826 >> [v2:192.168.123.104:3300/0,v1:192.168.123.104:6789/0] conn(0x7fc4c8108b70 0x7fc4c8108f70 secure :-1 s=READY pgs=43 cs=0 l=1 rev1=1 crypto rx=0x7fc4b001adc0 tx=0x7fc4b00402a0 comp rx=0 tx=0).ready entity=mon.0 client_cookie=6fa861697086dfc6 server_cookie=0 in_seq=0 out_seq=0
2026-03-10T10:08:24.397 INFO:teuthology.orchestra.run.vm04.stdout:/usr/bin/ceph: stderr
2026-03-10T10:08:22.448+0000 7fc4bf7fe640 1 -- 192.168.123.104:0/1535641826 <== mon.0 v2:192.168.123.104:3300/0 1 ==== mon_map magic: 0 ==== 205+0+0 (secure 0 0 0) 0x7fc4b0040aa0 con 0x7fc4c8108b70
2026-03-10T10:08:24.397 INFO:teuthology.orchestra.run.vm04.stdout:/usr/bin/ceph: stderr
2026-03-10T10:08:22.448+0000 7fc4bf7fe640 1 -- 192.168.123.104:0/1535641826 <== mon.0 v2:192.168.123.104:3300/0 2 ==== config(25 keys) ==== 998+0+0 (secure 0 0 0) 0x7fc4b0040c40 con 0x7fc4c8108b70
2026-03-10T10:08:24.397 INFO:teuthology.orchestra.run.vm04.stdout:/usr/bin/ceph: stderr
2026-03-10T10:08:22.448+0000 7fc4cec8e640 1 -- 192.168.123.104:0/1535641826 >> [v2:192.168.123.104:3300/0,v1:192.168.123.104:6789/0] conn(0x7fc4c8108b70 msgr2=0x7fc4c8108f70 secure :-1 s=STATE_CONNECTION_ESTABLISHED l=1).mark_down
2026-03-10T10:08:24.397 INFO:teuthology.orchestra.run.vm04.stdout:/usr/bin/ceph: stderr
2026-03-10T10:08:22.448+0000 7fc4cec8e640 1 --2- 192.168.123.104:0/1535641826 >> [v2:192.168.123.104:3300/0,v1:192.168.123.104:6789/0] conn(0x7fc4c8108b70 0x7fc4c8108f70 secure :-1 s=READY pgs=43 cs=0 l=1 rev1=1 crypto rx=0x7fc4b001adc0 tx=0x7fc4b00402a0 comp rx=0 tx=0).stop
2026-03-10T10:08:24.397 INFO:teuthology.orchestra.run.vm04.stdout:/usr/bin/ceph: stderr
2026-03-10T10:08:22.448+0000 7fc4cec8e640 1 -- 192.168.123.104:0/1535641826 shutdown_connections
2026-03-10T10:08:24.397 INFO:teuthology.orchestra.run.vm04.stdout:/usr/bin/ceph: stderr
2026-03-10T10:08:22.448+0000 7fc4cec8e640 1 --2- 192.168.123.104:0/1535641826 >> [v2:192.168.123.104:3300/0,v1:192.168.123.104:6789/0] conn(0x7fc4c8108b70 0x7fc4c8108f70 unknown :-1 s=CLOSED pgs=43 cs=0 l=1 rev1=1 crypto rx=0 tx=0 comp rx=0 tx=0).stop
2026-03-10T10:08:24.397 INFO:teuthology.orchestra.run.vm04.stdout:/usr/bin/ceph: stderr
2026-03-10T10:08:22.448+0000 7fc4cec8e640 1 -- 192.168.123.104:0/1535641826 >> 192.168.123.104:0/1535641826 conn(0x7fc4c807c040 msgr2=0x7fc4c807c450 unknown :-1 s=STATE_NONE l=0).mark_down
2026-03-10T10:08:24.397 INFO:teuthology.orchestra.run.vm04.stdout:/usr/bin/ceph: stderr
2026-03-10T10:08:22.448+0000 7fc4cec8e640 1 -- 192.168.123.104:0/1535641826 shutdown_connections
2026-03-10T10:08:24.397 INFO:teuthology.orchestra.run.vm04.stdout:/usr/bin/ceph: stderr
2026-03-10T10:08:22.448+0000 7fc4cec8e640 1 -- 192.168.123.104:0/1535641826 wait complete.
2026-03-10T10:08:24.397 INFO:teuthology.orchestra.run.vm04.stdout:/usr/bin/ceph: stderr
2026-03-10T10:08:22.448+0000 7fc4cec8e640 1 Processor -- start
2026-03-10T10:08:24.397 INFO:teuthology.orchestra.run.vm04.stdout:/usr/bin/ceph: stderr
2026-03-10T10:08:22.448+0000 7fc4cec8e640 1 -- start start
2026-03-10T10:08:24.397 INFO:teuthology.orchestra.run.vm04.stdout:/usr/bin/ceph: stderr
2026-03-10T10:08:22.448+0000 7fc4cec8e640 1 --2- >> [v2:192.168.123.104:3300/0,v1:192.168.123.104:6789/0] conn(0x7fc4c8108b70 0x7fc4c8196020 unknown :-1 s=NONE pgs=0 cs=0 l=1 rev1=0 crypto rx=0 tx=0 comp rx=0 tx=0).connect
2026-03-10T10:08:24.397 INFO:teuthology.orchestra.run.vm04.stdout:/usr/bin/ceph: stderr
2026-03-10T10:08:22.448+0000 7fc4cec8e640 1 -- --> [v2:192.168.123.104:3300/0,v1:192.168.123.104:6789/0] -- mon_getmap magic: 0 -- 0x7fc4c810ab90 con 0x7fc4c8108b70
2026-03-10T10:08:24.397 INFO:teuthology.orchestra.run.vm04.stdout:/usr/bin/ceph: stderr
2026-03-10T10:08:22.448+0000 7fc4cca03640 1 --2- >> [v2:192.168.123.104:3300/0,v1:192.168.123.104:6789/0] conn(0x7fc4c8108b70 0x7fc4c8196020 unknown :-1 s=BANNER_CONNECTING pgs=0 cs=0 l=1 rev1=0 crypto rx=0 tx=0 comp rx=0 tx=0)._handle_peer_banner_payload supported=3 required=0
2026-03-10T10:08:24.397 INFO:teuthology.orchestra.run.vm04.stdout:/usr/bin/ceph: stderr
2026-03-10T10:08:22.448+0000 7fc4cca03640 1 --2- >> [v2:192.168.123.104:3300/0,v1:192.168.123.104:6789/0] conn(0x7fc4c8108b70 0x7fc4c8196020 unknown :-1 s=HELLO_CONNECTING pgs=0 cs=0 l=1 rev1=1 crypto rx=0 tx=0 comp rx=0 tx=0).handle_hello peer v2:192.168.123.104:3300/0 says I am v2:192.168.123.104:55344/0 (socket says 192.168.123.104:55344)
2026-03-10T10:08:24.397 INFO:teuthology.orchestra.run.vm04.stdout:/usr/bin/ceph: stderr
2026-03-10T10:08:22.448+0000 7fc4cca03640 1 -- 192.168.123.104:0/953661384 learned_addr learned my addr 192.168.123.104:0/953661384 (peer_addr_for_me v2:192.168.123.104:0/0)
2026-03-10T10:08:24.397 INFO:teuthology.orchestra.run.vm04.stdout:/usr/bin/ceph: stderr
2026-03-10T10:08:22.448+0000 7fc4cca03640 1 -- 192.168.123.104:0/953661384 --> [v2:192.168.123.104:3300/0,v1:192.168.123.104:6789/0] -- mon_subscribe({config=0+,monmap=0+}) -- 0x7fc4c8196560 con 0x7fc4c8108b70
2026-03-10T10:08:24.397 INFO:teuthology.orchestra.run.vm04.stdout:/usr/bin/ceph: stderr
2026-03-10T10:08:22.448+0000 7fc4cca03640 1 --2- 192.168.123.104:0/953661384 >> [v2:192.168.123.104:3300/0,v1:192.168.123.104:6789/0] conn(0x7fc4c8108b70 0x7fc4c8196020 secure :-1 s=READY pgs=44 cs=0 l=1 rev1=1 crypto rx=0x7fc4b001a040 tx=0x7fc4b0047e40 comp rx=0 tx=0).ready entity=mon.0 client_cookie=0 server_cookie=0 in_seq=0 out_seq=0
2026-03-10T10:08:24.397 INFO:teuthology.orchestra.run.vm04.stdout:/usr/bin/ceph: stderr
2026-03-10T10:08:22.448+0000 7fc4bdffb640 1 -- 192.168.123.104:0/953661384 <== mon.0 v2:192.168.123.104:3300/0 1 ==== mon_map magic: 0 ==== 205+0+0 (secure 0 0 0) 0x7fc4b0056030 con 0x7fc4c8108b70
2026-03-10T10:08:24.397 INFO:teuthology.orchestra.run.vm04.stdout:/usr/bin/ceph: stderr
2026-03-10T10:08:22.448+0000 7fc4cec8e640 1 -- 192.168.123.104:0/953661384 --> [v2:192.168.123.104:3300/0,v1:192.168.123.104:6789/0] -- mon_subscribe({mgrmap=0+}) -- 0x7fc4c81967f0 con 0x7fc4c8108b70
2026-03-10T10:08:24.397 INFO:teuthology.orchestra.run.vm04.stdout:/usr/bin/ceph: stderr
2026-03-10T10:08:22.448+0000 7fc4cec8e640 1 -- 192.168.123.104:0/953661384 --> [v2:192.168.123.104:3300/0,v1:192.168.123.104:6789/0] -- mon_subscribe({osdmap=0}) -- 0x7fc4c81994e0 con 0x7fc4c8108b70
2026-03-10T10:08:24.397 INFO:teuthology.orchestra.run.vm04.stdout:/usr/bin/ceph: stderr
2026-03-10T10:08:22.448+0000 7fc4bdffb640 1 -- 192.168.123.104:0/953661384 <== mon.0 v2:192.168.123.104:3300/0 2 ==== config(25 keys) ==== 998+0+0 (secure 0 0 0) 0x7fc4b0018be0 con 0x7fc4c8108b70
2026-03-10T10:08:24.397 INFO:teuthology.orchestra.run.vm04.stdout:/usr/bin/ceph: stderr
2026-03-10T10:08:22.448+0000 7fc4bdffb640 1 -- 192.168.123.104:0/953661384 <== mon.0 v2:192.168.123.104:3300/0 3 ==== mon_map magic: 0 ==== 205+0+0 (secure 0 0 0) 0x7fc4b0052b40 con 0x7fc4c8108b70
2026-03-10T10:08:24.397 INFO:teuthology.orchestra.run.vm04.stdout:/usr/bin/ceph: stderr
2026-03-10T10:08:22.452+0000 7fc4bdffb640 1 -- 192.168.123.104:0/953661384 <== mon.0 v2:192.168.123.104:3300/0 4 ==== mgrmap(e 7) ==== 50106+0+0 (secure 0 0 0) 0x7fc4b0052ce0 con 0x7fc4c8108b70
2026-03-10T10:08:24.397 INFO:teuthology.orchestra.run.vm04.stdout:/usr/bin/ceph: stderr
2026-03-10T10:08:22.452+0000 7fc4bdffb640 1 --2- 192.168.123.104:0/953661384 >> v2:192.168.123.104:6800/2318507328 conn(0x7fc49003db30 0x7fc49003fff0 unknown :-1 s=NONE pgs=0 cs=0 l=1 rev1=0 crypto rx=0 tx=0 comp rx=0 tx=0).connect
2026-03-10T10:08:24.397 INFO:teuthology.orchestra.run.vm04.stdout:/usr/bin/ceph: stderr
2026-03-10T10:08:22.452+0000 7fc4bdffb640 1 -- 192.168.123.104:0/953661384 <== mon.0 v2:192.168.123.104:3300/0 5 ==== osd_map(2..2 src has 1..2) ==== 897+0+0 (secure 0 0 0) 0x7fc4b0057070 con 0x7fc4c8108b70
2026-03-10T10:08:24.397 INFO:teuthology.orchestra.run.vm04.stdout:/usr/bin/ceph: stderr
2026-03-10T10:08:22.452+0000 7fc4cec8e640 1 -- 192.168.123.104:0/953661384 --> [v2:192.168.123.104:3300/0,v1:192.168.123.104:6789/0] -- mon_command({"prefix": "get_command_descriptions"} v 0) -- 0x7fc4c8108f70 con 0x7fc4c8108b70
2026-03-10T10:08:24.397 INFO:teuthology.orchestra.run.vm04.stdout:/usr/bin/ceph: stderr
2026-03-10T10:08:22.452+0000 7fc4bffff640 1 --2- 192.168.123.104:0/953661384 >> v2:192.168.123.104:6800/2318507328 conn(0x7fc49003db30 0x7fc49003fff0 unknown :-1 s=BANNER_CONNECTING pgs=0 cs=0 l=1 rev1=0 crypto rx=0 tx=0 comp rx=0 tx=0)._handle_peer_banner_payload supported=3 required=0
2026-03-10T10:08:24.397 INFO:teuthology.orchestra.run.vm04.stdout:/usr/bin/ceph: stderr
2026-03-10T10:08:22.452+0000 7fc4bffff640 1 --2- 192.168.123.104:0/953661384 >> v2:192.168.123.104:6800/2318507328 conn(0x7fc49003db30 0x7fc49003fff0 secure :-1 s=READY pgs=11 cs=0 l=1 rev1=1 crypto rx=0x7fc4b80099c0 tx=0x7fc4b8006eb0 comp rx=0 tx=0).ready entity=mgr.14118 client_cookie=0 server_cookie=0 in_seq=0 out_seq=0
2026-03-10T10:08:24.397 INFO:teuthology.orchestra.run.vm04.stdout:/usr/bin/ceph: stderr
2026-03-10T10:08:22.456+0000 7fc4bdffb640 1 -- 192.168.123.104:0/953661384 <== mon.0 v2:192.168.123.104:3300/0 6 ==== mon_command_ack([{"prefix": "get_command_descriptions"}]=0 v0) ==== 72+0+195034 (secure 0 0 0) 0x7fc4b00582c0 con 0x7fc4c8108b70
2026-03-10T10:08:24.397 INFO:teuthology.orchestra.run.vm04.stdout:/usr/bin/ceph: stderr
2026-03-10T10:08:22.544+0000 7fc4cec8e640 1 -- 192.168.123.104:0/953661384 --> v2:192.168.123.104:6800/2318507328 -- mgr_command(tid 0: {"prefix": "orch host add", "hostname": "vm04", "addr": "192.168.123.104", "target": ["mon-mgr", ""]}) -- 0x7fc4c8072e50 con 0x7fc49003db30
2026-03-10T10:08:24.397 INFO:teuthology.orchestra.run.vm04.stdout:/usr/bin/ceph: stderr
2026-03-10T10:08:23.064+0000 7fc4bdffb640 1 -- 192.168.123.104:0/953661384 <== mon.0 v2:192.168.123.104:3300/0 7 ==== mgrmap(e 8) ==== 50212+0+0 (secure 0 0 0) 0x7fc4b005b410 con 0x7fc4c8108b70
2026-03-10T10:08:24.397 INFO:teuthology.orchestra.run.vm04.stdout:/usr/bin/ceph: stderr
2026-03-10T10:08:24.328+0000 7fc4bdffb640 1 -- 192.168.123.104:0/953661384 <== mgr.14118 v2:192.168.123.104:6800/2318507328 1 ==== mgr_command_reply(tid 0: 0 ) ==== 8+0+46 (secure 0 0 0) 0x7fc4c8072e50 con 0x7fc49003db30
2026-03-10T10:08:24.397 INFO:teuthology.orchestra.run.vm04.stdout:/usr/bin/ceph: stderr
2026-03-10T10:08:24.332+0000 7fc4cec8e640 1 -- 192.168.123.104:0/953661384 >> v2:192.168.123.104:6800/2318507328 conn(0x7fc49003db30 msgr2=0x7fc49003fff0 secure :-1 s=STATE_CONNECTION_ESTABLISHED l=1).mark_down
2026-03-10T10:08:24.397 INFO:teuthology.orchestra.run.vm04.stdout:/usr/bin/ceph: stderr
2026-03-10T10:08:24.332+0000 7fc4cec8e640 1 --2- 192.168.123.104:0/953661384 >> v2:192.168.123.104:6800/2318507328 conn(0x7fc49003db30 0x7fc49003fff0 secure :-1 s=READY pgs=11 cs=0 l=1 rev1=1 crypto rx=0x7fc4b80099c0 tx=0x7fc4b8006eb0 comp rx=0 tx=0).stop
2026-03-10T10:08:24.397 INFO:teuthology.orchestra.run.vm04.stdout:/usr/bin/ceph: stderr
2026-03-10T10:08:24.332+0000 7fc4cec8e640 1 -- 192.168.123.104:0/953661384 >> [v2:192.168.123.104:3300/0,v1:192.168.123.104:6789/0] conn(0x7fc4c8108b70 msgr2=0x7fc4c8196020 secure :-1 s=STATE_CONNECTION_ESTABLISHED l=1).mark_down
2026-03-10T10:08:24.397 INFO:teuthology.orchestra.run.vm04.stdout:/usr/bin/ceph: stderr
2026-03-10T10:08:24.332+0000 7fc4cec8e640 1 --2- 192.168.123.104:0/953661384 >> [v2:192.168.123.104:3300/0,v1:192.168.123.104:6789/0] conn(0x7fc4c8108b70 0x7fc4c8196020 secure :-1 s=READY pgs=44 cs=0 l=1 rev1=1 crypto rx=0x7fc4b001a040 tx=0x7fc4b0047e40 comp rx=0 tx=0).stop
2026-03-10T10:08:24.397 INFO:teuthology.orchestra.run.vm04.stdout:/usr/bin/ceph: stderr
2026-03-10T10:08:24.332+0000 7fc4cec8e640 1 -- 192.168.123.104:0/953661384 shutdown_connections
2026-03-10T10:08:24.397 INFO:teuthology.orchestra.run.vm04.stdout:/usr/bin/ceph: stderr
2026-03-10T10:08:24.332+0000 7fc4cec8e640 1 --2- 192.168.123.104:0/953661384 >> v2:192.168.123.104:6800/2318507328 conn(0x7fc49003db30 0x7fc49003fff0 unknown :-1 s=CLOSED pgs=11 cs=0 l=1 rev1=1 crypto rx=0 tx=0 comp rx=0 tx=0).stop
2026-03-10T10:08:24.397 INFO:teuthology.orchestra.run.vm04.stdout:/usr/bin/ceph: stderr
2026-03-10T10:08:24.332+0000 7fc4cec8e640 1 --2- 192.168.123.104:0/953661384 >> [v2:192.168.123.104:3300/0,v1:192.168.123.104:6789/0] conn(0x7fc4c8108b70 0x7fc4c8196020 unknown :-1 s=CLOSED pgs=44 cs=0 l=1 rev1=1 crypto rx=0 tx=0 comp rx=0 tx=0).stop
2026-03-10T10:08:24.397 INFO:teuthology.orchestra.run.vm04.stdout:/usr/bin/ceph: stderr
2026-03-10T10:08:24.332+0000 7fc4cec8e640 1 -- 192.168.123.104:0/953661384 >> 192.168.123.104:0/953661384 conn(0x7fc4c807c040 msgr2=0x7fc4c8070390 unknown :-1 s=STATE_NONE l=0).mark_down
2026-03-10T10:08:24.397 INFO:teuthology.orchestra.run.vm04.stdout:/usr/bin/ceph: stderr
2026-03-10T10:08:24.332+0000 7fc4cec8e640 1 -- 192.168.123.104:0/953661384 shutdown_connections
2026-03-10T10:08:24.397 INFO:teuthology.orchestra.run.vm04.stdout:/usr/bin/ceph: stderr
2026-03-10T10:08:24.332+0000 7fc4cec8e640 1 -- 192.168.123.104:0/953661384 wait complete.
2026-03-10T10:08:24.397 INFO:teuthology.orchestra.run.vm04.stdout:Deploying unmanaged mon service...
2026-03-10T10:08:24.669 INFO:journalctl@ceph.mon.a.vm04.stdout:Mar 10 10:08:24 vm04 bash[20742]: audit
2026-03-10T10:08:22.551477+0000 mgr.y (mgr.14118) 14 : audit [DBG] from='client.14138 -' entity='client.admin' cmd=[{"prefix": "orch host add", "hostname": "vm04", "addr": "192.168.123.104", "target": ["mon-mgr", ""]}]: dispatch
2026-03-10T10:08:24.670 INFO:journalctl@ceph.mon.a.vm04.stdout:Mar 10 10:08:24 vm04 bash[20742]: audit
2026-03-10T10:08:22.551477+0000 mgr.y (mgr.14118) 14 : audit [DBG] from='client.14138 -' entity='client.admin' cmd=[{"prefix": "orch host add", "hostname": "vm04", "addr": "192.168.123.104", "target": ["mon-mgr", ""]}]: dispatch
2026-03-10T10:08:24.670 INFO:journalctl@ceph.mon.a.vm04.stdout:Mar 10 10:08:24 vm04 bash[20742]: cephadm
2026-03-10T10:08:23.080721+0000 mgr.y (mgr.14118) 15 : cephadm [INF] Deploying cephadm binary to vm04
2026-03-10T10:08:24.670 INFO:journalctl@ceph.mon.a.vm04.stdout:Mar 10 10:08:24 vm04 bash[20742]: cephadm
2026-03-10T10:08:23.080721+0000 mgr.y (mgr.14118) 15 : cephadm [INF] Deploying cephadm binary to vm04
2026-03-10T10:08:24.670 INFO:journalctl@ceph.mon.a.vm04.stdout:Mar 10 10:08:24 vm04 bash[20742]: audit
2026-03-10T10:08:24.334465+0000 mon.a (mon.0) 61 : audit [INF] from='mgr.14118 192.168.123.104:0/2126091993' entity='mgr.y'
2026-03-10T10:08:24.670 INFO:journalctl@ceph.mon.a.vm04.stdout:Mar 10 10:08:24 vm04 bash[20742]: audit
2026-03-10T10:08:24.334465+0000 mon.a (mon.0) 61 : audit [INF] from='mgr.14118 192.168.123.104:0/2126091993' entity='mgr.y'
2026-03-10T10:08:24.670 INFO:journalctl@ceph.mon.a.vm04.stdout:Mar 10 10:08:24 vm04 bash[20742]: cephadm
2026-03-10T10:08:24.334982+0000 mgr.y (mgr.14118) 16 : cephadm [INF] Added host vm04
2026-03-10T10:08:24.670 INFO:journalctl@ceph.mon.a.vm04.stdout:Mar 10 10:08:24 vm04 bash[20742]: cephadm
2026-03-10T10:08:24.334982+0000 mgr.y (mgr.14118) 16 : cephadm [INF] Added host vm04
2026-03-10T10:08:24.670 INFO:journalctl@ceph.mon.a.vm04.stdout:Mar 10 10:08:24 vm04 bash[20742]: audit
2026-03-10T10:08:24.336239+0000 mon.a (mon.0) 62 : audit [DBG] from='mgr.14118 192.168.123.104:0/2126091993' entity='mgr.y' cmd=[{"prefix": "config dump", "format": "json"}]: dispatch
2026-03-10T10:08:24.670 INFO:journalctl@ceph.mon.a.vm04.stdout:Mar 10 10:08:24 vm04 bash[20742]: audit
2026-03-10T10:08:24.336239+0000 mon.a (mon.0) 62 : audit [DBG] from='mgr.14118 192.168.123.104:0/2126091993' entity='mgr.y' cmd=[{"prefix": "config dump", "format": "json"}]: dispatch
2026-03-10T10:08:24.693 INFO:teuthology.orchestra.run.vm04.stdout:/usr/bin/ceph: stdout Scheduled mon update...
2026-03-10T10:08:24.693 INFO:teuthology.orchestra.run.vm04.stdout:/usr/bin/ceph: stderr
2026-03-10T10:08:24.536+0000 7f9ee3577640 1 Processor -- start
2026-03-10T10:08:24.693 INFO:teuthology.orchestra.run.vm04.stdout:/usr/bin/ceph: stderr
2026-03-10T10:08:24.536+0000 7f9ee3577640 1 -- start start
2026-03-10T10:08:24.693 INFO:teuthology.orchestra.run.vm04.stdout:/usr/bin/ceph: stderr
2026-03-10T10:08:24.536+0000 7f9ee3577640 1 --2- >> [v2:192.168.123.104:3300/0,v1:192.168.123.104:6789/0] conn(0x7f9edc0055b0 0x7f9edc0059b0 unknown :-1 s=NONE pgs=0 cs=0 l=0 rev1=0 crypto rx=0 tx=0 comp rx=0 tx=0).connect
2026-03-10T10:08:24.693 INFO:teuthology.orchestra.run.vm04.stdout:/usr/bin/ceph: stderr
2026-03-10T10:08:24.536+0000 7f9ee3577640 1 -- --> [v2:192.168.123.104:3300/0,v1:192.168.123.104:6789/0] -- mon_getmap magic: 0 -- 0x7f9edc005f80 con 0x7f9edc0055b0
2026-03-10T10:08:24.693 INFO:teuthology.orchestra.run.vm04.stdout:/usr/bin/ceph: stderr
2026-03-10T10:08:24.536+0000 7f9ee2575640 1 --2- >> [v2:192.168.123.104:3300/0,v1:192.168.123.104:6789/0] conn(0x7f9edc0055b0 0x7f9edc0059b0 unknown :-1 s=BANNER_CONNECTING pgs=0 cs=0 l=0 rev1=0 crypto rx=0 tx=0 comp rx=0 tx=0)._handle_peer_banner_payload supported=3 required=0
2026-03-10T10:08:24.693 INFO:teuthology.orchestra.run.vm04.stdout:/usr/bin/ceph: stderr
2026-03-10T10:08:24.536+0000 7f9ee2575640 1 --2- >> [v2:192.168.123.104:3300/0,v1:192.168.123.104:6789/0] conn(0x7f9edc0055b0 0x7f9edc0059b0 unknown :-1 s=HELLO_CONNECTING pgs=0 cs=0 l=0 rev1=1 crypto rx=0 tx=0 comp rx=0 tx=0).handle_hello peer v2:192.168.123.104:3300/0 says I am v2:192.168.123.104:55358/0 (socket says 192.168.123.104:55358)
2026-03-10T10:08:24.693 INFO:teuthology.orchestra.run.vm04.stdout:/usr/bin/ceph: stderr
2026-03-10T10:08:24.536+0000 7f9ee2575640 1 -- 192.168.123.104:0/2836313173 learned_addr learned my addr 192.168.123.104:0/2836313173 (peer_addr_for_me v2:192.168.123.104:0/0)
2026-03-10T10:08:24.693 INFO:teuthology.orchestra.run.vm04.stdout:/usr/bin/ceph: stderr
2026-03-10T10:08:24.536+0000 7f9ee2575640 1 -- 192.168.123.104:0/2836313173 --> [v2:192.168.123.104:3300/0,v1:192.168.123.104:6789/0] -- mon_subscribe({config=0+,monmap=0+}) -- 0x7f9edc006800 con 0x7f9edc0055b0
2026-03-10T10:08:24.693 INFO:teuthology.orchestra.run.vm04.stdout:/usr/bin/ceph: stderr
