2026-03-10T10:08:21.340 INFO:teuthology.orchestra.run.vm04.stdout:/usr/bin/ceph: stderr
2026-03-10T10:08:21.280+0000 7ff3cffff640 1 --2- 192.168.123.104:0/1086480550 >> v2:192.168.123.104:6800/2318507328 conn(0x7ff3a4041580 0x7ff3a4043970 unknown :-1 s=BANNER_CONNECTING pgs=0 cs=0 l=1 rev1=0 crypto rx=0 tx=0 comp rx=0 tx=0)._handle_peer_banner_payload supported=3 required=0
2026-03-10T10:08:21.340 INFO:teuthology.orchestra.run.vm04.stdout:/usr/bin/ceph: stderr
2026-03-10T10:08:21.280+0000 7ff3cffff640 1 --2- 192.168.123.104:0/1086480550 >> v2:192.168.123.104:6800/2318507328 conn(0x7ff3a4041580 0x7ff3a4043970 secure :-1 s=READY pgs=3 cs=0 l=1 rev1=1 crypto rx=0x7ff3c8003e00 tx=0x7ff3c80073c0 comp rx=0 tx=0).ready entity=mgr.14118 client_cookie=0 server_cookie=0 in_seq=0 out_seq=0
2026-03-10T10:08:21.340 INFO:teuthology.orchestra.run.vm04.stdout:/usr/bin/ceph: stderr
2026-03-10T10:08:21.280+0000 7ff3cdffb640 1 -- 192.168.123.104:0/1086480550 <== mgr.14118 v2:192.168.123.104:6800/2318507328 1 ==== command_reply(tid 0: 0 ) ==== 8+0+8901 (secure 0 0 0) 0x7ff3c0067b20 con 0x7ff3a4041580
2026-03-10T10:08:21.340 INFO:teuthology.orchestra.run.vm04.stdout:/usr/bin/ceph: stderr
2026-03-10T10:08:21.284+0000 7ff3d6b7f640 1 -- 192.168.123.104:0/1086480550 --> v2:192.168.123.104:6800/2318507328 -- command(tid 1: {"prefix": "mgr_status"}) -- 0x7ff3d0075000 con 0x7ff3a4041580
2026-03-10T10:08:21.340 INFO:teuthology.orchestra.run.vm04.stdout:/usr/bin/ceph: stderr
2026-03-10T10:08:21.288+0000 7ff3cdffb640 1 -- 192.168.123.104:0/1086480550 <== mgr.14118 v2:192.168.123.104:6800/2318507328 2 ==== command_reply(tid 1: 0 ) ==== 8+0+51 (secure 0 0 0) 0x7ff3d0075000 con 0x7ff3a4041580
2026-03-10T10:08:21.340 INFO:teuthology.orchestra.run.vm04.stdout:/usr/bin/ceph: stderr
2026-03-10T10:08:21.288+0000 7ff3d6b7f640 1 -- 192.168.123.104:0/1086480550 >> v2:192.168.123.104:6800/2318507328 conn(0x7ff3a4041580 msgr2=0x7ff3a4043970 secure :-1 s=STATE_CONNECTION_ESTABLISHED l=1).mark_down
2026-03-10T10:08:21.340 INFO:teuthology.orchestra.run.vm04.stdout:/usr/bin/ceph: stderr
2026-03-10T10:08:21.288+0000 7ff3d6b7f640 1 --2- 192.168.123.104:0/1086480550 >> v2:192.168.123.104:6800/2318507328 conn(0x7ff3a4041580 0x7ff3a4043970 secure :-1 s=READY pgs=3 cs=0 l=1 rev1=1 crypto rx=0x7ff3c8003e00 tx=0x7ff3c80073c0 comp rx=0 tx=0).stop
2026-03-10T10:08:21.340 INFO:teuthology.orchestra.run.vm04.stdout:/usr/bin/ceph: stderr
2026-03-10T10:08:21.288+0000 7ff3d6b7f640 1 -- 192.168.123.104:0/1086480550 >> [v2:192.168.123.104:3300/0,v1:192.168.123.104:6789/0] conn(0x7ff3d0074c00 msgr2=0x7ff3d01ab620 secure :-1 s=STATE_CONNECTION_ESTABLISHED l=1).mark_down
2026-03-10T10:08:21.340 INFO:teuthology.orchestra.run.vm04.stdout:/usr/bin/ceph: stderr
2026-03-10T10:08:21.288+0000 7ff3d6b7f640 1 --2- 192.168.123.104:0/1086480550 >> [v2:192.168.123.104:3300/0,v1:192.168.123.104:6789/0] conn(0x7ff3d0074c00 0x7ff3d01ab620 secure :-1 s=READY pgs=27 cs=0 l=1 rev1=1 crypto rx=0x7ff3c0037e40 tx=0x7ff3c00379f0 comp rx=0 tx=0).stop
2026-03-10T10:08:21.340 INFO:teuthology.orchestra.run.vm04.stdout:/usr/bin/ceph: stderr
2026-03-10T10:08:21.288+0000 7ff3d6b7f640 1 -- 192.168.123.104:0/1086480550 shutdown_connections
2026-03-10T10:08:21.340 INFO:teuthology.orchestra.run.vm04.stdout:/usr/bin/ceph: stderr
2026-03-10T10:08:21.288+0000 7ff3d6b7f640 1 --2- 192.168.123.104:0/1086480550 >> v2:192.168.123.104:6800/2318507328 conn(0x7ff3a4041580 0x7ff3a4043970 unknown :-1 s=CLOSED pgs=3 cs=0 l=1 rev1=1 crypto rx=0 tx=0 comp rx=0 tx=0).stop
2026-03-10T10:08:21.340 INFO:teuthology.orchestra.run.vm04.stdout:/usr/bin/ceph: stderr
2026-03-10T10:08:21.288+0000 7ff3d6b7f640 1 --2- 192.168.123.104:0/1086480550 >> v2:192.168.123.104:6800/887024688 conn(0x7ff3a403dc50 0x7ff3a4040110 unknown :-1 s=CLOSED pgs=0 cs=0 l=1 rev1=0 crypto rx=0 tx=0 comp rx=0 tx=0).stop
2026-03-10T10:08:21.340 INFO:teuthology.orchestra.run.vm04.stdout:/usr/bin/ceph: stderr
2026-03-10T10:08:21.288+0000 7ff3d6b7f640 1 --2- 192.168.123.104:0/1086480550 >> [v2:192.168.123.104:3300/0,v1:192.168.123.104:6789/0] conn(0x7ff3d0074c00 0x7ff3d01ab620 unknown :-1 s=CLOSED pgs=27 cs=0 l=1 rev1=1 crypto rx=0 tx=0 comp rx=0 tx=0).stop
2026-03-10T10:08:21.340 INFO:teuthology.orchestra.run.vm04.stdout:/usr/bin/ceph: stderr
2026-03-10T10:08:21.288+0000 7ff3d6b7f640 1 -- 192.168.123.104:0/1086480550 >> 192.168.123.104:0/1086480550 conn(0x7ff3d006fe80 msgr2=0x7ff3d0070990 unknown :-1 s=STATE_NONE l=0).mark_down
2026-03-10T10:08:21.340 INFO:teuthology.orchestra.run.vm04.stdout:/usr/bin/ceph: stderr
2026-03-10T10:08:21.288+0000 7ff3d6b7f640 1 -- 192.168.123.104:0/1086480550 shutdown_connections
2026-03-10T10:08:21.340 INFO:teuthology.orchestra.run.vm04.stdout:/usr/bin/ceph: stderr
2026-03-10T10:08:21.288+0000 7ff3d6b7f640 1 -- 192.168.123.104:0/1086480550 wait complete.
2026-03-10T10:08:21.340 INFO:teuthology.orchestra.run.vm04.stdout:mgr epoch 5 is available
2026-03-10T10:08:21.340 INFO:teuthology.orchestra.run.vm04.stdout:Setting orchestrator backend to cephadm...
2026-03-10T10:08:21.585 INFO:journalctl@ceph.mon.a.vm04.stdout:Mar 10 10:08:21 vm04 bash[20742]: cephadm
2026-03-10T10:08:20.294863+0000 mgr.y (mgr.14118) 1 : cephadm [INF] Found migration_current of "None". Setting to last migration.
2026-03-10T10:08:21.586 INFO:journalctl@ceph.mon.a.vm04.stdout:Mar 10 10:08:21 vm04 bash[20742]: cephadm
2026-03-10T10:08:20.294863+0000 mgr.y (mgr.14118) 1 : cephadm [INF] Found migration_current of "None". Setting to last migration.
2026-03-10T10:08:21.586 INFO:journalctl@ceph.mon.a.vm04.stdout:Mar 10 10:08:21 vm04 bash[20742]: audit
2026-03-10T10:08:20.600624+0000 mon.a (mon.0) 52 : audit [INF] from='mgr.14118 192.168.123.104:0/2126091993' entity='mgr.y'
2026-03-10T10:08:21.586 INFO:journalctl@ceph.mon.a.vm04.stdout:Mar 10 10:08:21 vm04 bash[20742]: audit
2026-03-10T10:08:20.600624+0000 mon.a (mon.0) 52 : audit [INF] from='mgr.14118 192.168.123.104:0/2126091993' entity='mgr.y'
2026-03-10T10:08:21.586 INFO:journalctl@ceph.mon.a.vm04.stdout:Mar 10 10:08:21 vm04 bash[20742]: audit
2026-03-10T10:08:20.603262+0000 mon.a (mon.0) 53 : audit [INF] from='mgr.14118 192.168.123.104:0/2126091993' entity='mgr.y'
2026-03-10T10:08:21.586 INFO:journalctl@ceph.mon.a.vm04.stdout:Mar 10 10:08:21 vm04 bash[20742]: audit
2026-03-10T10:08:20.603262+0000 mon.a (mon.0) 53 : audit [INF] from='mgr.14118 192.168.123.104:0/2126091993' entity='mgr.y'
2026-03-10T10:08:21.586 INFO:journalctl@ceph.mon.a.vm04.stdout:Mar 10 10:08:21 vm04 bash[20742]: cluster
2026-03-10T10:08:21.283038+0000 mon.a (mon.0) 54 : cluster [DBG] mgrmap e7: y(active, since 1.0082s)
2026-03-10T10:08:21.586 INFO:journalctl@ceph.mon.a.vm04.stdout:Mar 10 10:08:21 vm04 bash[20742]: cluster
2026-03-10T10:08:21.283038+0000 mon.a (mon.0) 54 : cluster [DBG] mgrmap e7: y(active, since 1.0082s)
2026-03-10T10:08:21.610 INFO:teuthology.orchestra.run.vm04.stdout:/usr/bin/ceph: stderr
2026-03-10T10:08:21.448+0000 7fa0bbbee640 1 Processor -- start
2026-03-10T10:08:21.610 INFO:teuthology.orchestra.run.vm04.stdout:/usr/bin/ceph: stderr
2026-03-10T10:08:21.448+0000 7fa0bbbee640 1 -- start start
2026-03-10T10:08:21.610 INFO:teuthology.orchestra.run.vm04.stdout:/usr/bin/ceph: stderr
2026-03-10T10:08:21.448+0000 7fa0bbbee640 1 --2- >> [v2:192.168.123.104:3300/0,v1:192.168.123.104:6789/0] conn(0x7fa0b4108b70 0x7fa0b4108f70 unknown :-1 s=NONE pgs=0 cs=0 l=0 rev1=0 crypto rx=0 tx=0 comp rx=0 tx=0).connect
2026-03-10T10:08:21.610 INFO:teuthology.orchestra.run.vm04.stdout:/usr/bin/ceph: stderr
2026-03-10T10:08:21.448+0000 7fa0bbbee640 1 -- --> [v2:192.168.123.104:3300/0,v1:192.168.123.104:6789/0] -- mon_getmap magic: 0 -- 0x7fa0b4109540 con 0x7fa0b4108b70
2026-03-10T10:08:21.610 INFO:teuthology.orchestra.run.vm04.stdout:/usr/bin/ceph: stderr
2026-03-10T10:08:21.448+0000 7fa0b9963640 1 --2- >> [v2:192.168.123.104:3300/0,v1:192.168.123.104:6789/0] conn(0x7fa0b4108b70 0x7fa0b4108f70 unknown :-1 s=BANNER_CONNECTING pgs=0 cs=0 l=0 rev1=0 crypto rx=0 tx=0 comp rx=0 tx=0)._handle_peer_banner_payload supported=3 required=0
2026-03-10T10:08:21.610 INFO:teuthology.orchestra.run.vm04.stdout:/usr/bin/ceph: stderr
2026-03-10T10:08:21.448+0000 7fa0b9963640 1 --2- >> [v2:192.168.123.104:3300/0,v1:192.168.123.104:6789/0] conn(0x7fa0b4108b70 0x7fa0b4108f70 unknown :-1 s=HELLO_CONNECTING pgs=0 cs=0 l=0 rev1=1 crypto rx=0 tx=0 comp rx=0 tx=0).handle_hello peer v2:192.168.123.104:3300/0 says I am v2:192.168.123.104:55262/0 (socket says 192.168.123.104:55262)
2026-03-10T10:08:21.610 INFO:teuthology.orchestra.run.vm04.stdout:/usr/bin/ceph: stderr
2026-03-10T10:08:21.448+0000 7fa0b9963640 1 -- 192.168.123.104:0/3723878922 learned_addr learned my addr 192.168.123.104:0/3723878922 (peer_addr_for_me v2:192.168.123.104:0/0)
2026-03-10T10:08:21.610 INFO:teuthology.orchestra.run.vm04.stdout:/usr/bin/ceph: stderr
2026-03-10T10:08:21.448+0000 7fa0b9963640 1 -- 192.168.123.104:0/3723878922 --> [v2:192.168.123.104:3300/0,v1:192.168.123.104:6789/0] -- mon_subscribe({config=0+,monmap=0+}) -- 0x7fa0b4109d70 con 0x7fa0b4108b70
2026-03-10T10:08:21.610 INFO:teuthology.orchestra.run.vm04.stdout:/usr/bin/ceph: stderr
2026-03-10T10:08:21.448+0000 7fa0b9963640 1 --2- 192.168.123.104:0/3723878922 >> [v2:192.168.123.104:3300/0,v1:192.168.123.104:6789/0] conn(0x7fa0b4108b70 0x7fa0b4108f70 secure :-1 s=READY pgs=35 cs=0 l=1 rev1=1 crypto rx=0x7fa0a8009920 tx=0x7fa0a802ef20 comp rx=0 tx=0).ready entity=mon.0 client_cookie=473842ff608d2a5c server_cookie=0 in_seq=0 out_seq=0
2026-03-10T10:08:21.610 INFO:teuthology.orchestra.run.vm04.stdout:/usr/bin/ceph: stderr
2026-03-10T10:08:21.452+0000 7fa0b8961640 1 -- 192.168.123.104:0/3723878922 <== mon.0 v2:192.168.123.104:3300/0 1 ==== mon_map magic: 0 ==== 205+0+0 (secure 0 0 0) 0x7fa0a803c070 con 0x7fa0b4108b70
2026-03-10T10:08:21.610 INFO:teuthology.orchestra.run.vm04.stdout:/usr/bin/ceph: stderr
2026-03-10T10:08:21.452+0000 7fa0b8961640 1 -- 192.168.123.104:0/3723878922 <== mon.0 v2:192.168.123.104:3300/0 2 ==== config(25 keys) ==== 998+0+0 (secure 0 0 0) 0x7fa0a8037440 con 0x7fa0b4108b70
2026-03-10T10:08:21.610 INFO:teuthology.orchestra.run.vm04.stdout:/usr/bin/ceph: stderr
2026-03-10T10:08:21.452+0000 7fa0b8961640 1 -- 192.168.123.104:0/3723878922 <== mon.0 v2:192.168.123.104:3300/0 3 ==== mon_map magic: 0 ==== 205+0+0 (secure 0 0 0) 0x7fa0a80354d0 con 0x7fa0b4108b70
2026-03-10T10:08:21.610 INFO:teuthology.orchestra.run.vm04.stdout:/usr/bin/ceph: stderr
2026-03-10T10:08:21.452+0000 7fa0bbbee640 1 -- 192.168.123.104:0/3723878922 >> [v2:192.168.123.104:3300/0,v1:192.168.123.104:6789/0] conn(0x7fa0b4108b70 msgr2=0x7fa0b4108f70 secure :-1 s=STATE_CONNECTION_ESTABLISHED l=1).mark_down
2026-03-10T10:08:21.610 INFO:teuthology.orchestra.run.vm04.stdout:/usr/bin/ceph: stderr
2026-03-10T10:08:21.452+0000 7fa0bbbee640 1 --2- 192.168.123.104:0/3723878922 >> [v2:192.168.123.104:3300/0,v1:192.168.123.104:6789/0] conn(0x7fa0b4108b70 0x7fa0b4108f70 secure :-1 s=READY pgs=35 cs=0 l=1 rev1=1 crypto rx=0x7fa0a8009920 tx=0x7fa0a802ef20 comp rx=0 tx=0).stop
2026-03-10T10:08:21.611 INFO:teuthology.orchestra.run.vm04.stdout:/usr/bin/ceph: stderr
2026-03-10T10:08:21.452+0000 7fa0bbbee640 1 -- 192.168.123.104:0/3723878922 shutdown_connections
2026-03-10T10:08:21.611 INFO:teuthology.orchestra.run.vm04.stdout:/usr/bin/ceph: stderr
2026-03-10T10:08:21.452+0000 7fa0bbbee640 1 --2- 192.168.123.104:0/3723878922 >> [v2:192.168.123.104:3300/0,v1:192.168.123.104:6789/0] conn(0x7fa0b4108b70 0x7fa0b4108f70 unknown :-1 s=CLOSED pgs=35 cs=0 l=1 rev1=1 crypto rx=0 tx=0 comp rx=0 tx=0).stop
2026-03-10T10:08:21.611 INFO:teuthology.orchestra.run.vm04.stdout:/usr/bin/ceph: stderr
2026-03-10T10:08:21.452+0000 7fa0bbbee640 1 -- 192.168.123.104:0/3723878922 >> 192.168.123.104:0/3723878922 conn(0x7fa0b407c040 msgr2=0x7fa0b407c450 unknown :-1 s=STATE_NONE l=0).mark_down
2026-03-10T10:08:21.611 INFO:teuthology.orchestra.run.vm04.stdout:/usr/bin/ceph: stderr
2026-03-10T10:08:21.452+0000 7fa0bbbee640 1 -- 192.168.123.104:0/3723878922 shutdown_connections
2026-03-10T10:08:21.611 INFO:teuthology.orchestra.run.vm04.stdout:/usr/bin/ceph: stderr
2026-03-10T10:08:21.452+0000 7fa0bbbee640 1 -- 192.168.123.104:0/3723878922 wait complete.
2026-03-10T10:08:21.611 INFO:teuthology.orchestra.run.vm04.stdout:/usr/bin/ceph: stderr
2026-03-10T10:08:21.452+0000 7fa0bbbee640 1 Processor -- start
2026-03-10T10:08:21.611 INFO:teuthology.orchestra.run.vm04.stdout:/usr/bin/ceph: stderr
2026-03-10T10:08:21.452+0000 7fa0bbbee640 1 -- start start
2026-03-10T10:08:21.611 INFO:teuthology.orchestra.run.vm04.stdout:/usr/bin/ceph: stderr
2026-03-10T10:08:21.452+0000 7fa0bbbee640 1 --2- >> [v2:192.168.123.104:3300/0,v1:192.168.123.104:6789/0] conn(0x7fa0b4108b70 0x7fa0b419e9a0 unknown :-1 s=NONE pgs=0 cs=0 l=1 rev1=0 crypto rx=0 tx=0 comp rx=0 tx=0).connect
2026-03-10T10:08:21.611 INFO:teuthology.orchestra.run.vm04.stdout:/usr/bin/ceph: stderr
2026-03-10T10:08:21.452+0000 7fa0bbbee640 1 -- --> [v2:192.168.123.104:3300/0,v1:192.168.123.104:6789/0] -- mon_getmap magic: 0 -- 0x7fa0b410cfa0 con 0x7fa0b4108b70
2026-03-10T10:08:21.611 INFO:teuthology.orchestra.run.vm04.stdout:/usr/bin/ceph: stderr
2026-03-10T10:08:21.452+0000 7fa0b9963640 1 --2- >> [v2:192.168.123.104:3300/0,v1:192.168.123.104:6789/0] conn(0x7fa0b4108b70 0x7fa0b419e9a0 unknown :-1 s=BANNER_CONNECTING pgs=0 cs=0 l=1 rev1=0 crypto rx=0 tx=0 comp rx=0 tx=0)._handle_peer_banner_payload supported=3 required=0
2026-03-10T10:08:21.611 INFO:teuthology.orchestra.run.vm04.stdout:/usr/bin/ceph: stderr
2026-03-10T10:08:21.452+0000 7fa0b9963640 1 --2- >> [v2:192.168.123.104:3300/0,v1:192.168.123.104:6789/0] conn(0x7fa0b4108b70 0x7fa0b419e9a0 unknown :-1 s=HELLO_CONNECTING pgs=0 cs=0 l=1 rev1=1 crypto rx=0 tx=0 comp rx=0 tx=0).handle_hello peer v2:192.168.123.104:3300/0 says I am v2:192.168.123.104:55278/0 (socket says 192.168.123.104:55278)
2026-03-10T10:08:21.611 INFO:teuthology.orchestra.run.vm04.stdout:/usr/bin/ceph: stderr
2026-03-10T10:08:21.452+0000 7fa0b9963640 1 -- 192.168.123.104:0/4243706 learned_addr learned my addr 192.168.123.104:0/4243706 (peer_addr_for_me v2:192.168.123.104:0/0)
2026-03-10T10:08:21.611 INFO:teuthology.orchestra.run.vm04.stdout:/usr/bin/ceph: stderr
2026-03-10T10:08:21.452+0000 7fa0b9963640 1 -- 192.168.123.104:0/4243706 --> [v2:192.168.123.104:3300/0,v1:192.168.123.104:6789/0] -- mon_subscribe({config=0+,monmap=0+}) -- 0x7fa0b419eee0 con 0x7fa0b4108b70
2026-03-10T10:08:21.611 INFO:teuthology.orchestra.run.vm04.stdout:/usr/bin/ceph: stderr
2026-03-10T10:08:21.452+0000 7fa0b9963640 1 --2- 192.168.123.104:0/4243706 >> [v2:192.168.123.104:3300/0,v1:192.168.123.104:6789/0] conn(0x7fa0b4108b70 0x7fa0b419e9a0 secure :-1 s=READY pgs=36 cs=0 l=1 rev1=1 crypto rx=0x7fa0a8009a50 tx=0x7fa0a8035d70 comp rx=0 tx=0).ready entity=mon.0 client_cookie=0 server_cookie=0 in_seq=0 out_seq=0
2026-03-10T10:08:21.611 INFO:teuthology.orchestra.run.vm04.stdout:/usr/bin/ceph: stderr
2026-03-10T10:08:21.452+0000 7fa0a2ffd640 1 -- 192.168.123.104:0/4243706 <== mon.0 v2:192.168.123.104:3300/0 1 ==== mon_map magic: 0 ==== 205+0+0 (secure 0 0 0) 0x7fa0a803c030 con 0x7fa0b4108b70
2026-03-10T10:08:21.611 INFO:teuthology.orchestra.run.vm04.stdout:/usr/bin/ceph: stderr
2026-03-10T10:08:21.452+0000 7fa0a2ffd640 1 -- 192.168.123.104:0/4243706 <== mon.0 v2:192.168.123.104:3300/0 2 ==== config(25 keys) ==== 998+0+0 (secure 0 0 0) 0x7fa0a803e070 con 0x7fa0b4108b70
2026-03-10T10:08:21.611 INFO:teuthology.orchestra.run.vm04.stdout:/usr/bin/ceph: stderr
2026-03-10T10:08:21.452+0000 7fa0a2ffd640 1 -- 192.168.123.104:0/4243706 <== mon.0 v2:192.168.123.104:3300/0 3 ==== mon_map magic: 0 ==== 205+0+0 (secure 0 0 0) 0x7fa0a8042c70 con 0x7fa0b4108b70
2026-03-10T10:08:21.611 INFO:teuthology.orchestra.run.vm04.stdout:/usr/bin/ceph: stderr
2026-03-10T10:08:21.452+0000 7fa0bbbee640 1 -- 192.168.123.104:0/4243706 --> [v2:192.168.123.104:3300/0,v1:192.168.123.104:6789/0] -- mon_subscribe({mgrmap=0+}) -- 0x7fa0b419f170 con 0x7fa0b4108b70
2026-03-10T10:08:21.611 INFO:teuthology.orchestra.run.vm04.stdout:/usr/bin/ceph: stderr
2026-03-10T10:08:21.452+0000 7fa0bbbee640 1 -- 192.168.123.104:0/4243706 --> [v2:192.168.123.104:3300/0,v1:192.168.123.104:6789/0] -- mon_subscribe({osdmap=0}) -- 0x7fa0b41a1e60 con 0x7fa0b4108b70
2026-03-10T10:08:21.611 INFO:teuthology.orchestra.run.vm04.stdout:/usr/bin/ceph: stderr
2026-03-10T10:08:21.452+0000 7fa0bbbee640 1 -- 192.168.123.104:0/4243706 --> [v2:192.168.123.104:3300/0,v1:192.168.123.104:6789/0] -- mon_command({"prefix": "get_command_descriptions"} v 0) -- 0x7fa07c005180 con 0x7fa0b4108b70
2026-03-10T10:08:21.611 INFO:teuthology.orchestra.run.vm04.stdout:/usr/bin/ceph: stderr
2026-03-10T10:08:21.460+0000 7fa0a2ffd640 1 -- 192.168.123.104:0/4243706 <== mon.0 v2:192.168.123.104:3300/0 4 ==== mgrmap(e 7) ==== 50106+0+0 (secure 0 0 0) 0x7fa0a802fc50 con 0x7fa0b4108b70
2026-03-10T10:08:21.611 INFO:teuthology.orchestra.run.vm04.stdout:/usr/bin/ceph: stderr
2026-03-10T10:08:21.460+0000 7fa0a2ffd640 1 --2- 192.168.123.104:0/4243706 >> v2:192.168.123.104:6800/2318507328 conn(0x7fa09003db30 0x7fa09003fff0 unknown :-1 s=NONE pgs=0 cs=0 l=1 rev1=0 crypto rx=0 tx=0 comp rx=0 tx=0).connect
2026-03-10T10:08:21.611 INFO:teuthology.orchestra.run.vm04.stdout:/usr/bin/ceph: stderr
2026-03-10T10:08:21.460+0000 7fa0a2ffd640 1 -- 192.168.123.104:0/4243706 <== mon.0 v2:192.168.123.104:3300/0 5 ==== osd_map(2..2 src has 1..2) ==== 897+0+0 (secure 0 0 0) 0x7fa0a803d070 con 0x7fa0b4108b70
2026-03-10T10:08:21.611 INFO:teuthology.orchestra.run.vm04.stdout:/usr/bin/ceph: stderr
2026-03-10T10:08:21.460+0000 7fa0a2ffd640 1 -- 192.168.123.104:0/4243706 <== mon.0 v2:192.168.123.104:3300/0 6 ==== mon_command_ack([{"prefix": "get_command_descriptions"}]=0 v0) ==== 72+0+195034 (secure 0 0 0) 0x7fa0a80a6a90 con 0x7fa0b4108b70
2026-03-10T10:08:21.611 INFO:teuthology.orchestra.run.vm04.stdout:/usr/bin/ceph: stderr
2026-03-10T10:08:21.464+0000 7fa0b9162640 1 --2- 192.168.123.104:0/4243706 >> v2:192.168.123.104:6800/2318507328 conn(0x7fa09003db30 0x7fa09003fff0 unknown :-1 s=BANNER_CONNECTING pgs=0 cs=0 l=1 rev1=0 crypto rx=0 tx=0 comp rx=0 tx=0)._handle_peer_banner_payload supported=3 required=0
2026-03-10T10:08:21.611 INFO:teuthology.orchestra.run.vm04.stdout:/usr/bin/ceph: stderr
2026-03-10T10:08:21.464+0000 7fa0b9162640 1 --2- 192.168.123.104:0/4243706 >> v2:192.168.123.104:6800/2318507328 conn(0x7fa09003db30 0x7fa09003fff0 secure :-1 s=READY pgs=7 cs=0 l=1 rev1=1 crypto rx=0x7fa0a4009a10 tx=0x7fa0a4006eb0 comp rx=0 tx=0).ready entity=mgr.14118 client_cookie=0 server_cookie=0 in_seq=0 out_seq=0
2026-03-10T10:08:21.611 INFO:teuthology.orchestra.run.vm04.stdout:/usr/bin/ceph: stderr
2026-03-10T10:08:21.560+0000 7fa0bbbee640 1 -- 192.168.123.104:0/4243706 --> v2:192.168.123.104:6800/2318507328 -- mgr_command(tid 0: {"prefix": "orch set backend", "module_name": "cephadm", "target": ["mon-mgr", ""]}) -- 0x7fa07c002bf0 con 0x7fa09003db30
2026-03-10T10:08:21.611 INFO:teuthology.orchestra.run.vm04.stdout:/usr/bin/ceph: stderr
2026-03-10T10:08:21.564+0000 7fa0a2ffd640 1 -- 192.168.123.104:0/4243706 <== mgr.14118 v2:192.168.123.104:6800/2318507328 1 ==== mgr_command_reply(tid 0: 0 ) ==== 8+0+0 (secure 0 0 0) 0x7fa07c002bf0 con 0x7fa09003db30
2026-03-10T10:08:21.611 INFO:teuthology.orchestra.run.vm04.stdout:/usr/bin/ceph: stderr
2026-03-10T10:08:21.568+0000 7fa0bbbee640 1 -- 192.168.123.104:0/4243706 >> v2:192.168.123.104:6800/2318507328 conn(0x7fa09003db30 msgr2=0x7fa09003fff0 secure :-1 s=STATE_CONNECTION_ESTABLISHED l=1).mark_down
2026-03-10T10:08:21.611 INFO:teuthology.orchestra.run.vm04.stdout:/usr/bin/ceph: stderr
2026-03-10T10:08:21.572+0000 7fa0bbbee640 1 --2- 192.168.123.104:0/4243706 >> v2:192.168.123.104:6800/2318507328 conn(0x7fa09003db30 0x7fa09003fff0 secure :-1 s=READY pgs=7 cs=0 l=1 rev1=1 crypto rx=0x7fa0a4009a10 tx=0x7fa0a4006eb0 comp rx=0 tx=0).stop
2026-03-10T10:08:21.611 INFO:teuthology.orchestra.run.vm04.stdout:/usr/bin/ceph: stderr
2026-03-10T10:08:21.572+0000 7fa0bbbee640 1 -- 192.168.123.104:0/4243706 >> [v2:192.168.123.104:3300/0,v1:192.168.123.104:6789/0] conn(0x7fa0b4108b70 msgr2=0x7fa0b419e9a0 secure :-1 s=STATE_CONNECTION_ESTABLISHED l=1).mark_down
2026-03-10T10:08:21.611 INFO:teuthology.orchestra.run.vm04.stdout:/usr/bin/ceph: stderr
2026-03-10T10:08:21.572+0000 7fa0bbbee640 1 --2- 192.168.123.104:0/4243706 >> [v2:192.168.123.104:3300/0,v1:192.168.123.104:6789/0] conn(0x7fa0b4108b70 0x7fa0b419e9a0 secure :-1 s=READY pgs=36 cs=0 l=1 rev1=1 crypto rx=0x7fa0a8009a50 tx=0x7fa0a8035d70 comp rx=0 tx=0).stop
2026-03-10T10:08:21.611 INFO:teuthology.orchestra.run.vm04.stdout:/usr/bin/ceph: stderr
2026-03-10T10:08:21.572+0000 7fa0bbbee640 1 -- 192.168.123.104:0/4243706 shutdown_connections
2026-03-10T10:08:21.611 INFO:teuthology.orchestra.run.vm04.stdout:/usr/bin/ceph: stderr
2026-03-10T10:08:21.572+0000 7fa0bbbee640 1 --2- 192.168.123.104:0/4243706 >> v2:192.168.123.104:6800/2318507328 conn(0x7fa09003db30 0x7fa09003fff0 unknown :-1 s=CLOSED pgs=7 cs=0 l=1 rev1=1 crypto rx=0 tx=0 comp rx=0 tx=0).stop
2026-03-10T10:08:21.611 INFO:teuthology.orchestra.run.vm04.stdout:/usr/bin/ceph: stderr
2026-03-10T10:08:21.572+0000 7fa0bbbee640 1 --2- 192.168.123.104:0/4243706 >> [v2:192.168.123.104:3300/0,v1:192.168.123.104:6789/0] conn(0x7fa0b4108b70 0x7fa0b419e9a0 unknown :-1 s=CLOSED pgs=36 cs=0 l=1 rev1=1 crypto rx=0 tx=0 comp rx=0 tx=0).stop
2026-03-10T10:08:21.611 INFO:teuthology.orchestra.run.vm04.stdout:/usr/bin/ceph: stderr
2026-03-10T10:08:21.572+0000 7fa0bbbee640 1 -- 192.168.123.104:0/4243706 >> 192.168.123.104:0/4243706 conn(0x7fa0b407c040 msgr2=0x7fa0b4105f50 unknown :-1 s=STATE_NONE l=0).mark_down
2026-03-10T10:08:21.611 INFO:teuthology.orchestra.run.vm04.stdout:/usr/bin/ceph: stderr
2026-03-10T10:08:21.572+0000 7fa0bbbee640 1 -- 192.168.123.104:0/4243706 shutdown_connections
2026-03-10T10:08:21.611 INFO:teuthology.orchestra.run.vm04.stdout:/usr/bin/ceph: stderr
2026-03-10T10:08:21.572+0000 7fa0bbbee640 1 -- 192.168.123.104:0/4243706 wait complete.
2026-03-10T10:08:21.840 INFO:teuthology.orchestra.run.vm04.stdout:/usr/bin/ceph: stdout value unchanged
2026-03-10T10:08:21.840 INFO:teuthology.orchestra.run.vm04.stdout:/usr/bin/ceph: stderr
2026-03-10T10:08:21.704+0000 7f0ffbc23640 1 Processor -- start
2026-03-10T10:08:21.840 INFO:teuthology.orchestra.run.vm04.stdout:/usr/bin/ceph: stderr
2026-03-10T10:08:21.704+0000 7f0ffbc23640 1 -- start start
2026-03-10T10:08:21.840 INFO:teuthology.orchestra.run.vm04.stdout:/usr/bin/ceph: stderr
2026-03-10T10:08:21.704+0000 7f0ffbc23640 1 --2- >> [v2:192.168.123.104:3300/0,v1:192.168.123.104:6789/0] conn(0x7f0ff4108ba0 0x7f0ff4108fa0 unknown :-1 s=NONE pgs=0 cs=0 l=0 rev1=0 crypto rx=0 tx=0 comp rx=0 tx=0).connect
2026-03-10T10:08:21.840 INFO:teuthology.orchestra.run.vm04.stdout:/usr/bin/ceph: stderr
2026-03-10T10:08:21.704+0000 7f0ffbc23640 1 -- --> [v2:192.168.123.104:3300/0,v1:192.168.123.104:6789/0] -- mon_getmap magic: 0 -- 0x7f0ff4109570 con 0x7f0ff4108ba0
2026-03-10T10:08:21.840 INFO:teuthology.orchestra.run.vm04.stdout:/usr/bin/ceph: stderr
2026-03-10T10:08:21.708+0000 7f0ff9998640 1 --2- >> [v2:192.168.123.104:3300/0,v1:192.168.123.104:6789/0] conn(0x7f0ff4108ba0 0x7f0ff4108fa0 unknown :-1 s=BANNER_CONNECTING pgs=0 cs=0 l=0 rev1=0 crypto rx=0 tx=0 comp rx=0 tx=0)._handle_peer_banner_payload supported=3 required=0
2026-03-10T10:08:21.840 INFO:teuthology.orchestra.run.vm04.stdout:/usr/bin/ceph: stderr
2026-03-10T10:08:21.708+0000 7f0ff9998640 1 --2- >> [v2:192.168.123.104:3300/0,v1:192.168.123.104:6789/0] conn(0x7f0ff4108ba0 0x7f0ff4108fa0 unknown :-1 s=HELLO_CONNECTING pgs=0 cs=0 l=0 rev1=1 crypto rx=0 tx=0 comp rx=0 tx=0).handle_hello peer v2:192.168.123.104:3300/0 says I am v2:192.168.123.104:55282/0 (socket says 192.168.123.104:55282)
2026-03-10T10:08:21.840 INFO:teuthology.orchestra.run.vm04.stdout:/usr/bin/ceph: stderr
2026-03-10T10:08:21.708+0000 7f0ff9998640 1 -- 192.168.123.104:0/3495024927 learned_addr learned my addr 192.168.123.104:0/3495024927 (peer_addr_for_me v2:192.168.123.104:0/0)
2026-03-10T10:08:21.840 INFO:teuthology.orchestra.run.vm04.stdout:/usr/bin/ceph: stderr
2026-03-10T10:08:21.708+0000 7f0ff9998640 1 -- 192.168.123.104:0/3495024927 --> [v2:192.168.123.104:3300/0,v1:192.168.123.104:6789/0] -- mon_subscribe({config=0+,monmap=0+}) -- 0x7f0ff4109da0 con 0x7f0ff4108ba0
2026-03-10T10:08:21.840 INFO:teuthology.orchestra.run.vm04.stdout:/usr/bin/ceph: stderr
2026-03-10T10:08:21.708+0000 7f0ff9998640 1 --2- 192.168.123.104:0/3495024927 >> [v2:192.168.123.104:3300/0,v1:192.168.123.104:6789/0] conn(0x7f0ff4108ba0 0x7f0ff4108fa0 secure :-1 s=READY pgs=37 cs=0 l=1 rev1=1 crypto rx=0x7f0fe8009920 tx=0x7f0fe802ef20 comp rx=0 tx=0).ready entity=mon.0 client_cookie=633e35e68592362c server_cookie=0 in_seq=0 out_seq=0
2026-03-10T10:08:21.840 INFO:teuthology.orchestra.run.vm04.stdout:/usr/bin/ceph: stderr
2026-03-10T10:08:21.708+0000 7f0ff8996640 1 -- 192.168.123.104:0/3495024927 <== mon.0 v2:192.168.123.104:3300/0 1 ==== mon_map magic: 0 ==== 205+0+0 (secure 0 0 0) 0x7f0fe803c070 con 0x7f0ff4108ba0
2026-03-10T10:08:21.840 INFO:teuthology.orchestra.run.vm04.stdout:/usr/bin/ceph: stderr
2026-03-10T10:08:21.708+0000 7f0ff8996640 1 -- 192.168.123.104:0/3495024927 <== mon.0 v2:192.168.123.104:3300/0 2 ==== config(25 keys) ==== 998+0+0 (secure 0 0 0) 0x7f0fe8037440 con 0x7f0ff4108ba0
2026-03-10T10:08:21.840 INFO:teuthology.orchestra.run.vm04.stdout:/usr/bin/ceph: stderr
2026-03-10T10:08:21.708+0000 7f0ffbc23640 1 -- 192.168.123.104:0/3495024927 >> [v2:192.168.123.104:3300/0,v1:192.168.123.104:6789/0] conn(0x7f0ff4108ba0 msgr2=0x7f0ff4108fa0 secure :-1 s=STATE_CONNECTION_ESTABLISHED l=1).mark_down
2026-03-10T10:08:21.840 INFO:teuthology.orchestra.run.vm04.stdout:/usr/bin/ceph: stderr
2026-03-10T10:08:21.708+0000 7f0ffbc23640 1 --2- 192.168.123.104:0/3495024927 >> [v2:192.168.123.104:3300/0,v1:192.168.123.104:6789/0] conn(0x7f0ff4108ba0 0x7f0ff4108fa0 secure :-1 s=READY pgs=37 cs=0 l=1 rev1=1 crypto rx=0x7f0fe8009920 tx=0x7f0fe802ef20 comp rx=0 tx=0).stop
2026-03-10T10:08:21.840 INFO:teuthology.orchestra.run.vm04.stdout:/usr/bin/ceph: stderr
2026-03-10T10:08:21.708+0000 7f0ffbc23640 1 -- 192.168.123.104:0/3495024927 shutdown_connections
2026-03-10T10:08:21.840 INFO:teuthology.orchestra.run.vm04.stdout:/usr/bin/ceph: stderr
2026-03-10T10:08:21.708+0000 7f0ffbc23640 1 --2- 192.168.123.104:0/3495024927 >> [v2:192.168.123.104:3300/0,v1:192.168.123.104:6789/0] conn(0x7f0ff4108ba0 0x7f0ff4108fa0 unknown :-1 s=CLOSED pgs=37 cs=0 l=1 rev1=1 crypto rx=0 tx=0 comp rx=0 tx=0).stop
2026-03-10T10:08:21.840 INFO:teuthology.orchestra.run.vm04.stdout:/usr/bin/ceph: stderr
2026-03-10T10:08:21.708+0000 7f0ffbc23640 1 -- 192.168.123.104:0/3495024927 >> 192.168.123.104:0/3495024927 conn(0x7f0ff407c090 msgr2=0x7f0ff407c4a0 unknown :-1 s=STATE_NONE l=0).mark_down
2026-03-10T10:08:21.840 INFO:teuthology.orchestra.run.vm04.stdout:/usr/bin/ceph: stderr
2026-03-10T10:08:21.708+0000 7f0ffbc23640 1 -- 192.168.123.104:0/3495024927 shutdown_connections
2026-03-10T10:08:21.840 INFO:teuthology.orchestra.run.vm04.stdout:/usr/bin/ceph: stderr
2026-03-10T10:08:21.708+0000 7f0ffbc23640 1 -- 192.168.123.104:0/3495024927 wait complete.
2026-03-10T10:08:21.840 INFO:teuthology.orchestra.run.vm04.stdout:/usr/bin/ceph: stderr
2026-03-10T10:08:21.708+0000 7f0ffbc23640 1 Processor -- start
2026-03-10T10:08:21.840 INFO:teuthology.orchestra.run.vm04.stdout:/usr/bin/ceph: stderr
2026-03-10T10:08:21.708+0000 7f0ffbc23640 1 -- start start
2026-03-10T10:08:21.840 INFO:teuthology.orchestra.run.vm04.stdout:/usr/bin/ceph: stderr
2026-03-10T10:08:21.708+0000 7f0ffbc23640 1 --2- >> [v2:192.168.123.104:3300/0,v1:192.168.123.104:6789/0] conn(0x7f0ff4108ba0 0x7f0ff40804f0 unknown :-1 s=NONE pgs=0 cs=0 l=1 rev1=0 crypto rx=0 tx=0 comp rx=0 tx=0).connect
2026-03-10T10:08:21.840 INFO:teuthology.orchestra.run.vm04.stdout:/usr/bin/ceph: stderr
2026-03-10T10:08:21.708+0000 7f0ffbc23640 1 -- --> [v2:192.168.123.104:3300/0,v1:192.168.123.104:6789/0] -- mon_getmap magic: 0 -- 0x7f0ff410cfd0 con 0x7f0ff4108ba0
2026-03-10T10:08:21.840 INFO:teuthology.orchestra.run.vm04.stdout:/usr/bin/ceph: stderr
2026-03-10T10:08:21.708+0000 7f0ff9998640 1 --2- >> [v2:192.168.123.104:3300/0,v1:192.168.123.104:6789/0] conn(0x7f0ff4108ba0 0x7f0ff40804f0 unknown :-1 s=BANNER_CONNECTING pgs=0 cs=0 l=1 rev1=0 crypto rx=0 tx=0 comp rx=0 tx=0)._handle_peer_banner_payload supported=3 required=0
2026-03-10T10:08:21.840 INFO:teuthology.orchestra.run.vm04.stdout:/usr/bin/ceph: stderr
2026-03-10T10:08:21.708+0000 7f0ff9998640 1 --2- >> [v2:192.168.123.104:3300/0,v1:192.168.123.104:6789/0] conn(0x7f0ff4108ba0 0x7f0ff40804f0 unknown :-1 s=HELLO_CONNECTING pgs=0 cs=0 l=1 rev1=1 crypto rx=0 tx=0 comp rx=0 tx=0).handle_hello peer v2:192.168.123.104:3300/0 says I am v2:192.168.123.104:55288/0 (socket says 192.168.123.104:55288)
2026-03-10T10:08:21.840 INFO:teuthology.orchestra.run.vm04.stdout:/usr/bin/ceph: stderr
2026-03-10T10:08:21.708+0000 7f0ff9998640 1 -- 192.168.123.104:0/2197060885 learned_addr learned my addr 192.168.123.104:0/2197060885 (peer_addr_for_me v2:192.168.123.104:0/0)
2026-03-10T10:08:21.840 INFO:teuthology.orchestra.run.vm04.stdout:/usr/bin/ceph: stderr
2026-03-10T10:08:21.708+0000 7f0ff9998640 1 -- 192.168.123.104:0/2197060885 --> [v2:192.168.123.104:3300/0,v1:192.168.123.104:6789/0] -- mon_subscribe({config=0+,monmap=0+}) -- 0x7f0ff4080a30 con 0x7f0ff4108ba0
2026-03-10T10:08:21.840 INFO:teuthology.orchestra.run.vm04.stdout:/usr/bin/ceph: stderr
2026-03-10T10:08:21.708+0000 7f0ff9998640 1 --2- 192.168.123.104:0/2197060885 >> [v2:192.168.123.104:3300/0,v1:192.168.123.104:6789/0] conn(0x7f0ff4108ba0 0x7f0ff40804f0 secure :-1 s=READY pgs=38 cs=0 l=1 rev1=1 crypto rx=0x7f0fe8035f40 tx=0x7f0fe8035f70 comp rx=0 tx=0).ready entity=mon.0 client_cookie=0 server_cookie=0 in_seq=0 out_seq=0
2026-03-10T10:08:21.840 INFO:teuthology.orchestra.run.vm04.stdout:/usr/bin/ceph: stderr
2026-03-10T10:08:21.708+0000 7f0fe2ffd640 1 -- 192.168.123.104:0/2197060885 <== mon.0 v2:192.168.123.104:3300/0 1 ==== mon_map magic: 0 ==== 205+0+0 (secure 0 0 0) 0x7f0fe8045070 con 0x7f0ff4108ba0
2026-03-10T10:08:21.840 INFO:teuthology.orchestra.run.vm04.stdout:/usr/bin/ceph: stderr
2026-03-10T10:08:21.708+0000 7f0fe2ffd640 1 -- 192.168.123.104:0/2197060885 <== mon.0 v2:192.168.123.104:3300/0 2 ==== config(25 keys) ==== 998+0+0 (secure 0 0 0) 0x7f0fe8037c50 con 0x7f0ff4108ba0
2026-03-10T10:08:21.840 INFO:teuthology.orchestra.run.vm04.stdout:/usr/bin/ceph: stderr
2026-03-10T10:08:21.708+0000 7f0fe2ffd640 1 -- 192.168.123.104:0/2197060885 <== mon.0 v2:192.168.123.104:3300/0 3 ==== mon_map magic: 0 ==== 205+0+0 (secure 0 0 0) 0x7f0fe803c070 con 0x7f0ff4108ba0
2026-03-10T10:08:21.840 INFO:teuthology.orchestra.run.vm04.stdout:/usr/bin/ceph: stderr
2026-03-10T10:08:21.708+0000 7f0ffbc23640 1 -- 192.168.123.104:0/2197060885 --> [v2:192.168.123.104:3300/0,v1:192.168.123.104:6789/0] -- mon_subscribe({mgrmap=0+}) -- 0x7f0ff4080cc0 con 0x7f0ff4108ba0
2026-03-10T10:08:21.840 INFO:teuthology.orchestra.run.vm04.stdout:/usr/bin/ceph: stderr
2026-03-10T10:08:21.708+0000 7f0ffbc23640 1 -- 192.168.123.104:0/2197060885 --> [v2:192.168.123.104:3300/0,v1:192.168.123.104:6789/0] -- mon_subscribe({osdmap=0}) -- 0x7f0ff407d030 con 0x7f0ff4108ba0
2026-03-10T10:08:21.840 INFO:teuthology.orchestra.run.vm04.stdout:/usr/bin/ceph: stderr
2026-03-10T10:08:21.708+0000 7f0fe2ffd640 1 -- 192.168.123.104:0/2197060885 <== mon.0 v2:192.168.123.104:3300/0 4 ==== mgrmap(e 7) ==== 50106+0+0 (secure 0 0 0) 0x7f0fe804a430 con 0x7f0ff4108ba0
2026-03-10T10:08:21.840 INFO:teuthology.orchestra.run.vm04.stdout:/usr/bin/ceph: stderr
2026-03-10T10:08:21.708+0000 7f0fe2ffd640 1 --2- 192.168.123.104:0/2197060885 >> v2:192.168.123.104:6800/2318507328 conn(0x7f0fcc03db30 0x7f0fcc03fff0 unknown :-1 s=NONE pgs=0 cs=0 l=1 rev1=0 crypto rx=0 tx=0 comp rx=0 tx=0).connect
2026-03-10T10:08:21.840 INFO:teuthology.orchestra.run.vm04.stdout:/usr/bin/ceph: stderr
2026-03-10T10:08:21.712+0000 7f0fe2ffd640 1 -- 192.168.123.104:0/2197060885 <== mon.0 v2:192.168.123.104:3300/0 5 ==== osd_map(2..2 src has 1..2) ==== 897+0+0 (secure 0 0 0) 0x7f0fe8077340 con 0x7f0ff4108ba0
2026-03-10T10:08:21.840 INFO:teuthology.orchestra.run.vm04.stdout:/usr/bin/ceph: stderr
2026-03-10T10:08:21.712+0000 7f0ff9197640 1 --2- 192.168.123.104:0/2197060885 >> v2:192.168.123.104:6800/2318507328 conn(0x7f0fcc03db30 0x7f0fcc03fff0 unknown :-1 s=BANNER_CONNECTING pgs=0 cs=0 l=1 rev1=0 crypto rx=0 tx=0 comp rx=0 tx=0)._handle_peer_banner_payload supported=3 required=0
2026-03-10T10:08:21.840 INFO:teuthology.orchestra.run.vm04.stdout:/usr/bin/ceph: stderr
2026-03-10T10:08:21.712+0000 7f0ffbc23640 1 -- 192.168.123.104:0/2197060885 --> [v2:192.168.123.104:3300/0,v1:192.168.123.104:6789/0] -- mon_command({"prefix": "get_command_descriptions"} v 0) -- 0x7f0fb8005180 con 0x7f0ff4108ba0
2026-03-10T10:08:21.840 INFO:teuthology.orchestra.run.vm04.stdout:/usr/bin/ceph: stderr
2026-03-10T10:08:21.712+0000 7f0ff9197640 1 --2- 192.168.123.104:0/2197060885 >> v2:192.168.123.104:6800/2318507328 conn(0x7f0fcc03db30 0x7f0fcc03fff0 secure :-1 s=READY pgs=8 cs=0 l=1 rev1=1 crypto rx=0x7f0fe4009a10 tx=0x7f0fe4006eb0 comp rx=0 tx=0).ready entity=mgr.14118 client_cookie=0 server_cookie=0 in_seq=0 out_seq=0
2026-03-10T10:08:21.840 INFO:teuthology.orchestra.run.vm04.stdout:/usr/bin/ceph: stderr
2026-03-10T10:08:21.712+0000 7f0fe2ffd640 1 -- 192.168.123.104:0/2197060885 <== mon.0 v2:192.168.123.104:3300/0 6 ==== mon_command_ack([{"prefix": "get_command_descriptions"}]=0 v0) ==== 72+0+195034 (secure 0 0 0) 0x7f0fe8033200 con 0x7f0ff4108ba0
2026-03-10T10:08:21.840 INFO:teuthology.orchestra.run.vm04.stdout:/usr/bin/ceph: stderr
2026-03-10T10:08:21.800+0000 7f0ffbc23640 1 -- 192.168.123.104:0/2197060885 --> v2:192.168.123.104:6800/2318507328 -- mgr_command(tid 0: {"prefix": "cephadm set-user", "user": "root", "target": ["mon-mgr", ""]}) -- 0x7f0fb8002bf0 con 0x7f0fcc03db30
2026-03-10T10:08:21.840 INFO:teuthology.orchestra.run.vm04.stdout:/usr/bin/ceph: stderr
2026-03-10T10:08:21.800+0000 7f0fe2ffd640 1 -- 192.168.123.104:0/2197060885 <== mgr.14118 v2:192.168.123.104:6800/2318507328 1 ==== mgr_command_reply(tid 0: 0 ) ==== 8+0+16 (secure 0 0 0) 0x7f0fb8002bf0 con 0x7f0fcc03db30
2026-03-10T10:08:21.840 INFO:teuthology.orchestra.run.vm04.stdout:/usr/bin/ceph: stderr
2026-03-10T10:08:21.804+0000 7f0ffbc23640 1 -- 192.168.123.104:0/2197060885 >> v2:192.168.123.104:6800/2318507328 conn(0x7f0fcc03db30 msgr2=0x7f0fcc03fff0 secure :-1 s=STATE_CONNECTION_ESTABLISHED l=1).mark_down
2026-03-10T10:08:21.840 INFO:teuthology.orchestra.run.vm04.stdout:/usr/bin/ceph: stderr
2026-03-10T10:08:21.804+0000 7f0ffbc23640 1 --2- 192.168.123.104:0/2197060885 >> v2:192.168.123.104:6800/2318507328 conn(0x7f0fcc03db30 0x7f0fcc03fff0 secure :-1 s=READY pgs=8 cs=0 l=1 rev1=1 crypto rx=0x7f0fe4009a10 tx=0x7f0fe4006eb0 comp rx=0 tx=0).stop
2026-03-10T10:08:21.840 INFO:teuthology.orchestra.run.vm04.stdout:/usr/bin/ceph: stderr
2026-03-10T10:08:21.804+0000 7f0ffbc23640 1 -- 192.168.123.104:0/2197060885 >> [v2:192.168.123.104:3300/0,v1:192.168.123.104:6789/0] conn(0x7f0ff4108ba0 msgr2=0x7f0ff40804f0 secure :-1 s=STATE_CONNECTION_ESTABLISHED l=1).mark_down
2026-03-10T10:08:21.840 INFO:teuthology.orchestra.run.vm04.stdout:/usr/bin/ceph: stderr
2026-03-10T10:08:21.804+0000 7f0ffbc23640 1 --2- 192.168.123.104:0/2197060885 >> [v2:192.168.123.104:3300/0,v1:192.168.123.104:6789/0] conn(0x7f0ff4108ba0 0x7f0ff40804f0 secure :-1 s=READY pgs=38 cs=0 l=1 rev1=1 crypto rx=0x7f0fe8035f40 tx=0x7f0fe8035f70 comp rx=0 tx=0).stop
2026-03-10T10:08:21.840 INFO:teuthology.orchestra.run.vm04.stdout:/usr/bin/ceph: stderr
2026-03-10T10:08:21.804+0000 7f0ffbc23640 1 -- 192.168.123.104:0/2197060885 shutdown_connections
2026-03-10T10:08:21.841 INFO:teuthology.orchestra.run.vm04.stdout:/usr/bin/ceph: stderr
2026-03-10T10:08:21.804+0000 7f0ffbc23640 1 --2- 192.168.123.104:0/2197060885 >> v2:192.168.123.104:6800/2318507328 conn(0x7f0fcc03db30 0x7f0fcc03fff0 unknown :-1 s=CLOSED pgs=8 cs=0 l=1 rev1=1 crypto rx=0 tx=0 comp rx=0 tx=0).stop
2026-03-10T10:08:21.841 INFO:teuthology.orchestra.run.vm04.stdout:/usr/bin/ceph: stderr
2026-03-10T10:08:21.804+0000 7f0ffbc23640 1 --2- 192.168.123.104:0/2197060885 >> [v2:192.168.123.104:3300/0,v1:192.168.123.104:6789/0] conn(0x7f0ff4108ba0 0x7f0ff40804f0 unknown :-1 s=CLOSED pgs=38 cs=0 l=1 rev1=1 crypto rx=0 tx=0 comp rx=0 tx=0).stop
2026-03-10T10:08:21.841 INFO:teuthology.orchestra.run.vm04.stdout:/usr/bin/ceph: stderr
2026-03-10T10:08:21.804+0000 7f0ffbc23640 1 -- 192.168.123.104:0/2197060885 >> 192.168.123.104:0/2197060885 conn(0x7f0ff407c090 msgr2=0x7f0ff4106100 unknown :-1 s=STATE_NONE l=0).mark_down
2026-03-10T10:08:21.841 INFO:teuthology.orchestra.run.vm04.stdout:/usr/bin/ceph: stderr
2026-03-10T10:08:21.804+0000 7f0ffbc23640 1 -- 192.168.123.104:0/2197060885 shutdown_connections
2026-03-10T10:08:21.841 INFO:teuthology.orchestra.run.vm04.stdout:/usr/bin/ceph: stderr
2026-03-10T10:08:21.804+0000 7f0ffbc23640 1 -- 192.168.123.104:0/2197060885 wait complete.
2026-03-10T10:08:21.841 INFO:teuthology.orchestra.run.vm04.stdout:Generating ssh key...
2026-03-10T10:08:22.101 INFO:teuthology.orchestra.run.vm04.stdout:/usr/bin/ceph: stderr
2026-03-10T10:08:21.948+0000 7f0bfd896640 1 Processor -- start
2026-03-10T10:08:22.101 INFO:teuthology.orchestra.run.vm04.stdout:/usr/bin/ceph: stderr
2026-03-10T10:08:21.948+0000 7f0bfd896640 1 -- start start
2026-03-10T10:08:22.101 INFO:teuthology.orchestra.run.vm04.stdout:/usr/bin/ceph: stderr
2026-03-10T10:08:21.948+0000 7f0bfd896640 1 --2- >> [v2:192.168.123.104:3300/0,v1:192.168.123.104:6789/0] conn(0x7f0bf8108b70 0x7f0bf8108f70 unknown :-1 s=NONE pgs=0 cs=0 l=0 rev1=0 crypto rx=0 tx=0 comp rx=0 tx=0).connect
2026-03-10T10:08:22.101 INFO:teuthology.orchestra.run.vm04.stdout:/usr/bin/ceph: stderr
2026-03-10T10:08:21.948+0000 7f0bfd896640 1 -- --> [v2:192.168.123.104:3300/0,v1:192.168.123.104:6789/0] -- mon_getmap magic: 0 -- 0x7f0bf8109540 con 0x7f0bf8108b70
2026-03-10T10:08:22.101 INFO:teuthology.orchestra.run.vm04.stdout:/usr/bin/ceph: stderr
2026-03-10T10:08:21.948+0000 7f0bf6ffd640 1 --2- >> [v2:192.168.123.104:3300/0,v1:192.168.123.104:6789/0] conn(0x7f0bf8108b70 0x7f0bf8108f70 unknown :-1 s=BANNER_CONNECTING pgs=0 cs=0 l=0 rev1=0 crypto rx=0 tx=0 comp rx=0 tx=0)._handle_peer_banner_payload supported=3 required=0
2026-03-10T10:08:22.101 INFO:teuthology.orchestra.run.vm04.stdout:/usr/bin/ceph: stderr
2026-03-10T10:08:21.948+0000 7f0bf6ffd640 1 --2- >> [v2:192.168.123.104:3300/0,v1:192.168.123.104:6789/0] conn(0x7f0bf8108b70 0x7f0bf8108f70 unknown :-1 s=HELLO_CONNECTING pgs=0 cs=0 l=0 rev1=1 crypto rx=0 tx=0 comp rx=0 tx=0).handle_hello peer v2:192.168.123.104:3300/0 says I am v2:192.168.123.104:55290/0 (socket says 192.168.123.104:55290)
2026-03-10T10:08:22.101 INFO:teuthology.orchestra.run.vm04.stdout:/usr/bin/ceph: stderr
2026-03-10T10:08:21.948+0000 7f0bf6ffd640 1 -- 192.168.123.104:0/92569716 learned_addr learned my addr 192.168.123.104:0/92569716 (peer_addr_for_me v2:192.168.123.104:0/0)
2026-03-10T10:08:22.101 INFO:teuthology.orchestra.run.vm04.stdout:/usr/bin/ceph: stderr
2026-03-10T10:08:21.948+0000 7f0bf6ffd640 1 -- 192.168.123.104:0/92569716 --> [v2:192.168.123.104:3300/0,v1:192.168.123.104:6789/0] -- mon_subscribe({config=0+,monmap=0+}) -- 0x7f0bf8109d70 con 0x7f0bf8108b70
2026-03-10T10:08:22.101 INFO:teuthology.orchestra.run.vm04.stdout:/usr/bin/ceph: stderr
2026-03-10T10:08:21.948+0000 7f0bf6ffd640 1 --2- 192.168.123.104:0/92569716 >> [v2:192.168.123.104:3300/0,v1:192.168.123.104:6789/0] conn(0x7f0bf8108b70 0x7f0bf8108f70 secure :-1 s=READY pgs=39 cs=0 l=1 rev1=1 crypto rx=0x7f0be0009b80 tx=0x7f0be002f190 comp rx=0 tx=0).ready entity=mon.0 client_cookie=3ce38fb98c5439e0 server_cookie=0 in_seq=0 out_seq=0
2026-03-10T10:08:22.101 INFO:teuthology.orchestra.run.vm04.stdout:/usr/bin/ceph: stderr
2026-03-10T10:08:21.948+0000 7f0bf5ffb640 1 -- 192.168.123.104:0/92569716 <== mon.0 v2:192.168.123.104:3300/0 1 ==== mon_map magic: 0 ==== 205+0+0 (secure 0 0 0) 0x7f0be003c070 con 0x7f0bf8108b70
2026-03-10T10:08:22.101 INFO:teuthology.orchestra.run.vm04.stdout:/usr/bin/ceph: stderr
2026-03-10T10:08:21.948+0000 7f0bf5ffb640 1 -- 192.168.123.104:0/92569716 <== mon.0 v2:192.168.123.104:3300/0 2 ==== config(25 keys) ==== 998+0+0 (secure 0 0 0) 0x7f0be0037440 con 0x7f0bf8108b70
2026-03-10T10:08:22.101 INFO:teuthology.orchestra.run.vm04.stdout:/usr/bin/ceph: stderr
2026-03-10T10:08:21.948+0000 7f0bf5ffb640 1 -- 192.168.123.104:0/92569716 <== mon.0 v2:192.168.123.104:3300/0 3 ==== mon_map magic: 0 ==== 205+0+0 (secure 0 0 0) 0x7f0be00353a0 con 0x7f0bf8108b70
2026-03-10T10:08:22.101 INFO:teuthology.orchestra.run.vm04.stdout:/usr/bin/ceph: stderr
2026-03-10T10:08:21.948+0000 7f0bfd896640 1 -- 192.168.123.104:0/92569716 >> [v2:192.168.123.104:3300/0,v1:192.168.123.104:6789/0] conn(0x7f0bf8108b70 msgr2=0x7f0bf8108f70 secure :-1 s=STATE_CONNECTION_ESTABLISHED l=1).mark_down
2026-03-10T10:08:22.101 INFO:teuthology.orchestra.run.vm04.stdout:/usr/bin/ceph: stderr
2026-03-10T10:08:21.948+0000 7f0bfd896640 1 --2- 192.168.123.104:0/92569716 >> [v2:192.168.123.104:3300/0,v1:192.168.123.104:6789/0] conn(0x7f0bf8108b70 0x7f0bf8108f70 secure :-1 s=READY pgs=39 cs=0 l=1 rev1=1 crypto rx=0x7f0be0009b80 tx=0x7f0be002f190 comp rx=0 tx=0).stop
2026-03-10T10:08:22.101 INFO:teuthology.orchestra.run.vm04.stdout:/usr/bin/ceph: stderr
2026-03-10T10:08:21.952+0000 7f0bfd896640 1 -- 192.168.123.104:0/92569716 shutdown_connections
2026-03-10T10:08:22.101 INFO:teuthology.orchestra.run.vm04.stdout:/usr/bin/ceph: stderr
2026-03-10T10:08:21.952+0000 7f0bfd896640 1 --2- 192.168.123.104:0/92569716 >> [v2:192.168.123.104:3300/0,v1:192.168.123.104:6789/0] conn(0x7f0bf8108b70 0x7f0bf8108f70 unknown :-1 s=CLOSED pgs=39 cs=0 l=1 rev1=1 crypto rx=0 tx=0 comp rx=0 tx=0).stop
2026-03-10T10:08:22.101 INFO:teuthology.orchestra.run.vm04.stdout:/usr/bin/ceph: stderr
2026-03-10T10:08:21.952+0000 7f0bfd896640 1 -- 192.168.123.104:0/92569716 >> 192.168.123.104:0/92569716 conn(0x7f0bf807c040 msgr2=0x7f0bf807c450 unknown :-1 s=STATE_NONE l=0).mark_down
2026-03-10T10:08:22.101 INFO:teuthology.orchestra.run.vm04.stdout:/usr/bin/ceph: stderr
2026-03-10T10:08:21.952+0000 7f0bfd896640 1 -- 192.168.123.104:0/92569716 shutdown_connections
2026-03-10T10:08:22.101 INFO:teuthology.orchestra.run.vm04.stdout:/usr/bin/ceph: stderr
2026-03-10T10:08:21.952+0000 7f0bfd896640 1 -- 192.168.123.104:0/92569716 wait complete.
2026-03-10T10:08:22.101 INFO:teuthology.orchestra.run.vm04.stdout:/usr/bin/ceph: stderr
2026-03-10T10:08:21.952+0000 7f0bfd896640 1 Processor -- start
2026-03-10T10:08:22.101 INFO:teuthology.orchestra.run.vm04.stdout:/usr/bin/ceph: stderr
2026-03-10T10:08:21.952+0000 7f0bfd896640 1 -- start start
2026-03-10T10:08:22.101 INFO:teuthology.orchestra.run.vm04.stdout:/usr/bin/ceph: stderr
2026-03-10T10:08:21.952+0000 7f0bfd896640 1 --2- >> [v2:192.168.123.104:3300/0,v1:192.168.123.104:6789/0] conn(0x7f0bf8108b70 0x7f0bf819e960 unknown :-1 s=NONE pgs=0 cs=0 l=1 rev1=0 crypto rx=0 tx=0 comp rx=0 tx=0).connect
2026-03-10T10:08:22.101 INFO:teuthology.orchestra.run.vm04.stdout:/usr/bin/ceph: stderr
2026-03-10T10:08:21.952+0000 7f0bfd896640 1 -- --> [v2:192.168.123.104:3300/0,v1:192.168.123.104:6789/0] -- mon_getmap magic: 0 -- 0x7f0bf810cfa0 con 0x7f0bf8108b70
2026-03-10T10:08:22.101 INFO:teuthology.orchestra.run.vm04.stdout:/usr/bin/ceph: stderr
2026-03-10T10:08:21.952+0000 7f0bf6ffd640 1 --2- >> [v2:192.168.123.104:3300/0,v1:192.168.123.104:6789/0] conn(0x7f0bf8108b70 0x7f0bf819e960 unknown :-1 s=BANNER_CONNECTING pgs=0 cs=0 l=1 rev1=0 crypto rx=0 tx=0 comp rx=0 tx=0)._handle_peer_banner_payload supported=3 required=0
2026-03-10T10:08:22.101 INFO:teuthology.orchestra.run.vm04.stdout:/usr/bin/ceph: stderr
2026-03-10T10:08:21.952+0000 7f0bf6ffd640 1 --2- >> [v2:192.168.123.104:3300/0,v1:192.168.123.104:6789/0] conn(0x7f0bf8108b70 0x7f0bf819e960 unknown :-1 s=HELLO_CONNECTING pgs=0 cs=0 l=1 rev1=1 crypto rx=0 tx=0 comp rx=0 tx=0).handle_hello peer v2:192.168.123.104:3300/0 says I am v2:192.168.123.104:55306/0 (socket says 192.168.123.104:55306)
2026-03-10T10:08:22.101 INFO:teuthology.orchestra.run.vm04.stdout:/usr/bin/ceph: stderr
2026-03-10T10:08:21.952+0000 7f0bf6ffd640 1 -- 192.168.123.104:0/3376858079 learned_addr learned my addr 192.168.123.104:0/3376858079 (peer_addr_for_me v2:192.168.123.104:0/0)
2026-03-10T10:08:22.101 INFO:teuthology.orchestra.run.vm04.stdout:/usr/bin/ceph: stderr
2026-03-10T10:08:21.952+0000 7f0bf6ffd640 1 -- 192.168.123.104:0/3376858079 --> [v2:192.168.123.104:3300/0,v1:192.168.123.104:6789/0] -- mon_subscribe({config=0+,monmap=0+}) -- 0x7f0bf819eea0 con 0x7f0bf8108b70
2026-03-10T10:08:22.101 INFO:teuthology.orchestra.run.vm04.stdout:/usr/bin/ceph: stderr
2026-03-10T10:08:21.952+0000 7f0bf6ffd640 1 --2- 192.168.123.104:0/3376858079 >> [v2:192.168.123.104:3300/0,v1:192.168.123.104:6789/0] conn(0x7f0bf8108b70 0x7f0bf819e960 secure :-1 s=READY pgs=40 cs=0 l=1 rev1=1 crypto rx=0x7f0be003a040 tx=0x7f0be0004270 comp rx=0 tx=0).ready entity=mon.0 client_cookie=0 server_cookie=0 in_seq=0 out_seq=0
2026-03-10T10:08:22.101 INFO:teuthology.orchestra.run.vm04.stdout:/usr/bin/ceph: stderr
2026-03-10T10:08:21.952+0000 7f0bfc894640 1 -- 192.168.123.104:0/3376858079 <== mon.0 v2:192.168.123.104:3300/0 1 ==== mon_map magic: 0 ==== 205+0+0 (secure 0 0 0) 0x7f0be003c070 con 0x7f0bf8108b70
2026-03-10T10:08:22.101 INFO:teuthology.orchestra.run.vm04.stdout:/usr/bin/ceph: stderr
2026-03-10T10:08:21.952+0000 7f0bfc894640 1 -- 192.168.123.104:0/3376858079 <== mon.0 v2:192.168.123.104:3300/0 2 ==== config(25 keys) ==== 998+0+0 (secure 0 0 0) 0x7f0be0044070 con 0x7f0bf8108b70
2026-03-10T10:08:22.101 INFO:teuthology.orchestra.run.vm04.stdout:/usr/bin/ceph: stderr
2026-03-10T10:08:21.952+0000 7f0bfc894640 1 -- 192.168.123.104:0/3376858079 <== mon.0 v2:192.168.123.104:3300/0 3 ==== mon_map magic: 0 ==== 205+0+0 (secure 0 0 0) 0x7f0be0035990 con 0x7f0bf8108b70
2026-03-10T10:08:22.101 INFO:teuthology.orchestra.run.vm04.stdout:/usr/bin/ceph: stderr
2026-03-10T10:08:21.952+0000 7f0bfd896640 1 -- 192.168.123.104:0/3376858079 --> [v2:192.168.123.104:3300/0,v1:192.168.123.104:6789/0] -- mon_subscribe({mgrmap=0+}) -- 0x7f0bf819f130 con 0x7f0bf8108b70
2026-03-10T10:08:22.101 INFO:teuthology.orchestra.run.vm04.stdout:/usr/bin/ceph: stderr
2026-03-10T10:08:21.952+0000 7f0bfd896640 1 -- 192.168.123.104:0/3376858079 --> [v2:192.168.123.104:3300/0,v1:192.168.123.104:6789/0] -- mon_subscribe({osdmap=0}) -- 0x7f0bf81a1e20 con 0x7f0bf8108b70
2026-03-10T10:08:22.101 INFO:teuthology.orchestra.run.vm04.stdout:/usr/bin/ceph: stderr
2026-03-10T10:08:21.952+0000 7f0bfc894640 1 -- 192.168.123.104:0/3376858079 <== mon.0 v2:192.168.123.104:3300/0 4 ==== mgrmap(e 7) ==== 50106+0+0 (secure 0 0 0) 0x7f0be0035b30 con 0x7f0bf8108b70
2026-03-10T10:08:22.101 INFO:teuthology.orchestra.run.vm04.stdout:/usr/bin/ceph: stderr
2026-03-10T10:08:21.952+0000 7f0bfc894640 1 --2- 192.168.123.104:0/3376858079 >> v2:192.168.123.104:6800/2318507328 conn(0x7f0bcc03dae0 0x7f0bcc03ffa0 unknown :-1 s=NONE pgs=0 cs=0 l=1 rev1=0 crypto rx=0 tx=0 comp rx=0 tx=0).connect
2026-03-10T10:08:22.101 INFO:teuthology.orchestra.run.vm04.stdout:/usr/bin/ceph: stderr
2026-03-10T10:08:21.952+0000 7f0bfc894640 1 -- 192.168.123.104:0/3376858079 <== mon.0 v2:192.168.123.104:3300/0 5 ==== osd_map(2..2 src has 1..2) ==== 897+0+0 (secure 0 0 0) 0x7f0be0077070 con 0x7f0bf8108b70
2026-03-10T10:08:22.101 INFO:teuthology.orchestra.run.vm04.stdout:/usr/bin/ceph: stderr
2026-03-10T10:08:21.952+0000 7f0bf67fc640 1 --2- 192.168.123.104:0/3376858079 >> v2:192.168.123.104:6800/2318507328 conn(0x7f0bcc03dae0 0x7f0bcc03ffa0 unknown :-1 s=BANNER_CONNECTING pgs=0 cs=0 l=1 rev1=0 crypto rx=0 tx=0 comp rx=0 tx=0)._handle_peer_banner_payload supported=3 required=0
2026-03-10T10:08:22.101 INFO:teuthology.orchestra.run.vm04.stdout:/usr/bin/ceph: stderr
2026-03-10T10:08:21.952+0000 7f0bfd896640 1 -- 192.168.123.104:0/3376858079 --> [v2:192.168.123.104:3300/0,v1:192.168.123.104:6789/0] -- mon_command({"prefix": "get_command_descriptions"} v 0) -- 0x7f0bbc005180 con 0x7f0bf8108b70
2026-03-10T10:08:22.101 INFO:teuthology.orchestra.run.vm04.stdout:/usr/bin/ceph: stderr
2026-03-10T10:08:21.956+0000 7f0bf67fc640 1 --2- 192.168.123.104:0/3376858079 >> v2:192.168.123.104:6800/2318507328 conn(0x7f0bcc03dae0 0x7f0bcc03ffa0 secure :-1 s=READY pgs=9 cs=0 l=1 rev1=1 crypto rx=0x7f0bec0099c0 tx=0x7f0bec006eb0 comp rx=0 tx=0).ready entity=mgr.14118 client_cookie=0 server_cookie=0 in_seq=0 out_seq=0
2026-03-10T10:08:22.101 INFO:teuthology.orchestra.run.vm04.stdout:/usr/bin/ceph: stderr
2026-03-10T10:08:21.956+0000 7f0bfc894640 1 -- 192.168.123.104:0/3376858079 <== mon.0 v2:192.168.123.104:3300/0 6 ==== mon_command_ack([{"prefix": "get_command_descriptions"}]=0 v0) ==== 72+0+195034 (secure 0 0 0) 0x7f0be0035e50 con 0x7f0bf8108b70
2026-03-10T10:08:22.101 INFO:teuthology.orchestra.run.vm04.stdout:/usr/bin/ceph: stderr
2026-03-10T10:08:22.044+0000 7f0bfd896640 1 -- 192.168.123.104:0/3376858079 --> v2:192.168.123.104:6800/2318507328 -- mgr_command(tid 0: {"prefix": "cephadm generate-key", "target": ["mon-mgr", ""]}) -- 0x7f0bbc002bf0 con 0x7f0bcc03dae0
2026-03-10T10:08:22.101 INFO:teuthology.orchestra.run.vm04.stdout:/usr/bin/ceph: stderr
2026-03-10T10:08:22.060+0000 7f0bfc894640 1 -- 192.168.123.104:0/3376858079 <== mgr.14118 v2:192.168.123.104:6800/2318507328 1 ==== mgr_command_reply(tid 0: 0 ) ==== 8+0+0 (secure 0 0 0) 0x7f0bbc002bf0 con 0x7f0bcc03dae0
2026-03-10T10:08:22.101 INFO:teuthology.orchestra.run.vm04.stdout:/usr/bin/ceph: stderr
2026-03-10T10:08:22.064+0000 7f0bfd896640 1 -- 192.168.123.104:0/3376858079 >> v2:192.168.123.104:6800/2318507328 conn(0x7f0bcc03dae0 msgr2=0x7f0bcc03ffa0 secure :-1 s=STATE_CONNECTION_ESTABLISHED l=1).mark_down
2026-03-10T10:08:22.101 INFO:teuthology.orchestra.run.vm04.stdout:/usr/bin/ceph: stderr
