2026-03-10T10:23:00.174 INFO:teuthology.orchestra.run.vm06.stdout:/usr/bin/ceph: stderr
2026-03-10T10:23:00.125+0000 7f4ca6fca640 1 --2- 192.168.123.106:0/3860283872 >> [v2:192.168.123.106:6800/2654396661,v1:192.168.123.106:6801/2654396661] conn(0x7f4c6803dc10 0x7f4c680400d0 unknown :-1 s=CLOSED pgs=8 cs=0 l=1 rev1=1 crypto rx=0 tx=0 comp rx=0 tx=0).stop
2026-03-10T10:23:00.174 INFO:teuthology.orchestra.run.vm06.stdout:/usr/bin/ceph: stderr
2026-03-10T10:23:00.125+0000 7f4ca6fca640 1 --2- 192.168.123.106:0/3860283872 >> [v2:192.168.123.106:3300/0,v1:192.168.123.106:6789/0] conn(0x7f4ca0109a70 0x7f4ca019f9f0 unknown :-1 s=CLOSED pgs=71 cs=0 l=1 rev1=1 crypto rx=0 tx=0 comp rx=0 tx=0).stop
2026-03-10T10:23:00.174 INFO:teuthology.orchestra.run.vm06.stdout:/usr/bin/ceph: stderr
2026-03-10T10:23:00.125+0000 7f4ca6fca640 1 -- 192.168.123.106:0/3860283872 >> 192.168.123.106:0/3860283872 conn(0x7f4ca007d070 msgr2=0x7f4ca0107990 unknown :-1 s=STATE_NONE l=0).mark_down
2026-03-10T10:23:00.174 INFO:teuthology.orchestra.run.vm06.stdout:/usr/bin/ceph: stderr
2026-03-10T10:23:00.125+0000 7f4ca6fca640 1 -- 192.168.123.106:0/3860283872 shutdown_connections
2026-03-10T10:23:00.174 INFO:teuthology.orchestra.run.vm06.stdout:/usr/bin/ceph: stderr
2026-03-10T10:23:00.125+0000 7f4ca6fca640 1 -- 192.168.123.106:0/3860283872 wait complete.
2026-03-10T10:23:00.174 INFO:teuthology.orchestra.run.vm06.stdout:Fetching dashboard port number...
2026-03-10T10:23:00.410 INFO:journalctl@ceph.mon.a.vm06.stdout:Mar 10 10:23:00 vm06 bash[20720]: cephadm
2026-03-10T10:22:59.226315+0000 mgr.x (mgr.14150) 1 : cephadm [INF] [10/Mar/2026:10:22:59] ENGINE Bus STARTING
2026-03-10T10:23:00.410 INFO:journalctl@ceph.mon.a.vm06.stdout:Mar 10 10:23:00 vm06 bash[20720]: cephadm
2026-03-10T10:22:59.226315+0000 mgr.x (mgr.14150) 1 : cephadm [INF] [10/Mar/2026:10:22:59] ENGINE Bus STARTING
2026-03-10T10:23:00.410 INFO:journalctl@ceph.mon.a.vm06.stdout:Mar 10 10:23:00 vm06 bash[20720]: cluster
2026-03-10T10:22:59.238390+0000 mon.a (mon.0) 86 : cluster [DBG] mgrmap e11: x(active, since 1.00907s)
2026-03-10T10:23:00.410 INFO:journalctl@ceph.mon.a.vm06.stdout:Mar 10 10:23:00 vm06 bash[20720]: cluster
2026-03-10T10:22:59.238390+0000 mon.a (mon.0) 86 : cluster [DBG] mgrmap e11: x(active, since 1.00907s)
2026-03-10T10:23:00.410 INFO:journalctl@ceph.mon.a.vm06.stdout:Mar 10 10:23:00 vm06 bash[20720]: audit
2026-03-10T10:22:59.241415+0000 mgr.x (mgr.14150) 2 : audit [DBG] from='client.14154 -' entity='client.admin' cmd=[{"prefix": "get_command_descriptions"}]: dispatch
2026-03-10T10:23:00.410 INFO:journalctl@ceph.mon.a.vm06.stdout:Mar 10 10:23:00 vm06 bash[20720]: audit
2026-03-10T10:22:59.241415+0000 mgr.x (mgr.14150) 2 : audit [DBG] from='client.14154 -' entity='client.admin' cmd=[{"prefix": "get_command_descriptions"}]: dispatch
2026-03-10T10:23:00.410 INFO:journalctl@ceph.mon.a.vm06.stdout:Mar 10 10:23:00 vm06 bash[20720]: audit
2026-03-10T10:22:59.245788+0000 mgr.x (mgr.14150) 3 : audit [DBG] from='client.14154 -' entity='client.admin' cmd=[{"prefix": "mgr_status"}]: dispatch
2026-03-10T10:23:00.410 INFO:journalctl@ceph.mon.a.vm06.stdout:Mar 10 10:23:00 vm06 bash[20720]: audit
2026-03-10T10:22:59.245788+0000 mgr.x (mgr.14150) 3 : audit [DBG] from='client.14154 -' entity='client.admin' cmd=[{"prefix": "mgr_status"}]: dispatch
2026-03-10T10:23:00.410 INFO:journalctl@ceph.mon.a.vm06.stdout:Mar 10 10:23:00 vm06 bash[20720]: cephadm
2026-03-10T10:22:59.327621+0000 mgr.x (mgr.14150) 4 : cephadm [INF] [10/Mar/2026:10:22:59] ENGINE Serving on http://192.168.123.106:8765
2026-03-10T10:23:00.410 INFO:journalctl@ceph.mon.a.vm06.stdout:Mar 10 10:23:00 vm06 bash[20720]: cephadm
2026-03-10T10:22:59.327621+0000 mgr.x (mgr.14150) 4 : cephadm [INF] [10/Mar/2026:10:22:59] ENGINE Serving on http://192.168.123.106:8765
2026-03-10T10:23:00.410 INFO:journalctl@ceph.mon.a.vm06.stdout:Mar 10 10:23:00 vm06 bash[20720]: cephadm
2026-03-10T10:22:59.436530+0000 mgr.x (mgr.14150) 5 : cephadm [INF] [10/Mar/2026:10:22:59] ENGINE Serving on https://192.168.123.106:7150
2026-03-10T10:23:00.410 INFO:journalctl@ceph.mon.a.vm06.stdout:Mar 10 10:23:00 vm06 bash[20720]: cephadm
2026-03-10T10:22:59.436530+0000 mgr.x (mgr.14150) 5 : cephadm [INF] [10/Mar/2026:10:22:59] ENGINE Serving on https://192.168.123.106:7150
2026-03-10T10:23:00.410 INFO:journalctl@ceph.mon.a.vm06.stdout:Mar 10 10:23:00 vm06 bash[20720]: cephadm
2026-03-10T10:22:59.436565+0000 mgr.x (mgr.14150) 6 : cephadm [INF] [10/Mar/2026:10:22:59] ENGINE Bus STARTED
2026-03-10T10:23:00.410 INFO:journalctl@ceph.mon.a.vm06.stdout:Mar 10 10:23:00 vm06 bash[20720]: cephadm
2026-03-10T10:22:59.436565+0000 mgr.x (mgr.14150) 6 : cephadm [INF] [10/Mar/2026:10:22:59] ENGINE Bus STARTED
2026-03-10T10:23:00.410 INFO:journalctl@ceph.mon.a.vm06.stdout:Mar 10 10:23:00 vm06 bash[20720]: cephadm
2026-03-10T10:22:59.436873+0000 mgr.x (mgr.14150) 7 : cephadm [INF] [10/Mar/2026:10:22:59] ENGINE Client ('192.168.123.106', 36082) lost — peer dropped the TLS connection suddenly, during handshake: (6, 'TLS/SSL connection has been closed (EOF) (_ssl.c:1147)')
2026-03-10T10:23:00.410 INFO:journalctl@ceph.mon.a.vm06.stdout:Mar 10 10:23:00 vm06 bash[20720]: cephadm
2026-03-10T10:22:59.436873+0000 mgr.x (mgr.14150) 7 : cephadm [INF] [10/Mar/2026:10:22:59] ENGINE Client ('192.168.123.106', 36082) lost — peer dropped the TLS connection suddenly, during handshake: (6, 'TLS/SSL connection has been closed (EOF) (_ssl.c:1147)')
2026-03-10T10:23:00.410 INFO:journalctl@ceph.mon.a.vm06.stdout:Mar 10 10:23:00 vm06 bash[20720]: audit
2026-03-10T10:22:59.537818+0000 mgr.x (mgr.14150) 8 : audit [DBG] from='client.14162 -' entity='client.admin' cmd=[{"prefix": "dashboard create-self-signed-cert", "target": ["mon-mgr", ""]}]: dispatch
2026-03-10T10:23:00.410 INFO:journalctl@ceph.mon.a.vm06.stdout:Mar 10 10:23:00 vm06 bash[20720]: audit
2026-03-10T10:22:59.537818+0000 mgr.x (mgr.14150) 8 : audit [DBG] from='client.14162 -' entity='client.admin' cmd=[{"prefix": "dashboard create-self-signed-cert", "target": ["mon-mgr", ""]}]: dispatch
2026-03-10T10:23:00.410 INFO:journalctl@ceph.mon.a.vm06.stdout:Mar 10 10:23:00 vm06 bash[20720]: audit
2026-03-10T10:22:59.589069+0000 mon.a (mon.0) 87 : audit [INF] from='mgr.14150 192.168.123.106:0/952943627' entity='mgr.x'
2026-03-10T10:23:00.410 INFO:journalctl@ceph.mon.a.vm06.stdout:Mar 10 10:23:00 vm06 bash[20720]: audit
2026-03-10T10:22:59.589069+0000 mon.a (mon.0) 87 : audit [INF] from='mgr.14150 192.168.123.106:0/952943627' entity='mgr.x'
2026-03-10T10:23:00.410 INFO:journalctl@ceph.mon.a.vm06.stdout:Mar 10 10:23:00 vm06 bash[20720]: audit
2026-03-10T10:22:59.592214+0000 mon.a (mon.0) 88 : audit [INF] from='mgr.14150 192.168.123.106:0/952943627' entity='mgr.x'
2026-03-10T10:23:00.410 INFO:journalctl@ceph.mon.a.vm06.stdout:Mar 10 10:23:00 vm06 bash[20720]: audit
2026-03-10T10:22:59.592214+0000 mon.a (mon.0) 88 : audit [INF] from='mgr.14150 192.168.123.106:0/952943627' entity='mgr.x'
2026-03-10T10:23:00.410 INFO:journalctl@ceph.mon.a.vm06.stdout:Mar 10 10:23:00 vm06 bash[20720]: audit
2026-03-10T10:22:59.873342+0000 mgr.x (mgr.14150) 9 : audit [DBG] from='client.14164 -' entity='client.admin' cmd=[{"prefix": "dashboard ac-user-create", "username": "admin", "rolename": "administrator", "force_password": true, "pwd_update_required": true, "target": ["mon-mgr", ""]}]: dispatch
2026-03-10T10:23:00.410 INFO:journalctl@ceph.mon.a.vm06.stdout:Mar 10 10:23:00 vm06 bash[20720]: audit
2026-03-10T10:22:59.873342+0000 mgr.x (mgr.14150) 9 : audit [DBG] from='client.14164 -' entity='client.admin' cmd=[{"prefix": "dashboard ac-user-create", "username": "admin", "rolename": "administrator", "force_password": true, "pwd_update_required": true, "target": ["mon-mgr", ""]}]: dispatch
2026-03-10T10:23:00.410 INFO:journalctl@ceph.mon.a.vm06.stdout:Mar 10 10:23:00 vm06 bash[20720]: audit
2026-03-10T10:23:00.125642+0000 mon.a (mon.0) 89 : audit [INF] from='mgr.14150 192.168.123.106:0/952943627' entity='mgr.x'
2026-03-10T10:23:00.410 INFO:journalctl@ceph.mon.a.vm06.stdout:Mar 10 10:23:00 vm06 bash[20720]: audit
2026-03-10T10:23:00.125642+0000 mon.a (mon.0) 89 : audit [INF] from='mgr.14150 192.168.123.106:0/952943627' entity='mgr.x'
2026-03-10T10:23:00.439 INFO:teuthology.orchestra.run.vm06.stdout:/usr/bin/ceph: stdout 8443
2026-03-10T10:23:00.439 INFO:teuthology.orchestra.run.vm06.stdout:/usr/bin/ceph: stderr
2026-03-10T10:23:00.293+0000 7f7d75ae5640 1 Processor -- start
2026-03-10T10:23:00.439 INFO:teuthology.orchestra.run.vm06.stdout:/usr/bin/ceph: stderr
2026-03-10T10:23:00.293+0000 7f7d75ae5640 1 -- start start
2026-03-10T10:23:00.439 INFO:teuthology.orchestra.run.vm06.stdout:/usr/bin/ceph: stderr
2026-03-10T10:23:00.293+0000 7f7d75ae5640 1 --2- >> [v2:192.168.123.106:3300/0,v1:192.168.123.106:6789/0] conn(0x7f7d70109a70 0x7f7d70109e90 unknown :-1 s=NONE pgs=0 cs=0 l=0 rev1=0 crypto rx=0 tx=0 comp rx=0 tx=0).connect
2026-03-10T10:23:00.439 INFO:teuthology.orchestra.run.vm06.stdout:/usr/bin/ceph: stderr
2026-03-10T10:23:00.293+0000 7f7d75ae5640 1 -- --> [v2:192.168.123.106:3300/0,v1:192.168.123.106:6789/0] -- mon_getmap magic: 0 -- 0x7f7d7010a460 con 0x7f7d70109a70
2026-03-10T10:23:00.439 INFO:teuthology.orchestra.run.vm06.stdout:/usr/bin/ceph: stderr
2026-03-10T10:23:00.293+0000 7f7d6f7fe640 1 --2- >> [v2:192.168.123.106:3300/0,v1:192.168.123.106:6789/0] conn(0x7f7d70109a70 0x7f7d70109e90 unknown :-1 s=BANNER_CONNECTING pgs=0 cs=0 l=0 rev1=0 crypto rx=0 tx=0 comp rx=0 tx=0)._handle_peer_banner_payload supported=3 required=0
2026-03-10T10:23:00.439 INFO:teuthology.orchestra.run.vm06.stdout:/usr/bin/ceph: stderr
2026-03-10T10:23:00.293+0000 7f7d6f7fe640 1 --2- >> [v2:192.168.123.106:3300/0,v1:192.168.123.106:6789/0] conn(0x7f7d70109a70 0x7f7d70109e90 unknown :-1 s=HELLO_CONNECTING pgs=0 cs=0 l=0 rev1=1 crypto rx=0 tx=0 comp rx=0 tx=0).handle_hello peer v2:192.168.123.106:3300/0 says I am v2:192.168.123.106:55010/0 (socket says 192.168.123.106:55010)
2026-03-10T10:23:00.439 INFO:teuthology.orchestra.run.vm06.stdout:/usr/bin/ceph: stderr
2026-03-10T10:23:00.293+0000 7f7d6f7fe640 1 -- 192.168.123.106:0/4002665744 learned_addr learned my addr 192.168.123.106:0/4002665744 (peer_addr_for_me v2:192.168.123.106:0/0)
2026-03-10T10:23:00.439 INFO:teuthology.orchestra.run.vm06.stdout:/usr/bin/ceph: stderr
2026-03-10T10:23:00.297+0000 7f7d6f7fe640 1 -- 192.168.123.106:0/4002665744 --> [v2:192.168.123.106:3300/0,v1:192.168.123.106:6789/0] -- mon_subscribe({config=0+,monmap=0+}) -- 0x7f7d7010abe0 con 0x7f7d70109a70
2026-03-10T10:23:00.439 INFO:teuthology.orchestra.run.vm06.stdout:/usr/bin/ceph: stderr
2026-03-10T10:23:00.297+0000 7f7d6f7fe640 1 --2- 192.168.123.106:0/4002665744 >> [v2:192.168.123.106:3300/0,v1:192.168.123.106:6789/0] conn(0x7f7d70109a70 0x7f7d70109e90 secure :-1 s=READY pgs=72 cs=0 l=1 rev1=1 crypto rx=0x7f7d60009920 tx=0x7f7d6002ef20 comp rx=0 tx=0).ready entity=mon.0 client_cookie=6c4c922d7cf140fc server_cookie=0 in_seq=0 out_seq=0
2026-03-10T10:23:00.439 INFO:teuthology.orchestra.run.vm06.stdout:/usr/bin/ceph: stderr
2026-03-10T10:23:00.297+0000 7f7d6e7fc640 1 -- 192.168.123.106:0/4002665744 <== mon.0 v2:192.168.123.106:3300/0 1 ==== mon_map magic: 0 ==== 205+0+0 (secure 0 0 0) 0x7f7d6003c070 con 0x7f7d70109a70
2026-03-10T10:23:00.439 INFO:teuthology.orchestra.run.vm06.stdout:/usr/bin/ceph: stderr
2026-03-10T10:23:00.297+0000 7f7d6e7fc640 1 -- 192.168.123.106:0/4002665744 <== mon.0 v2:192.168.123.106:3300/0 2 ==== config(25 keys) ==== 1038+0+0 (secure 0 0 0) 0x7f7d60037440 con 0x7f7d70109a70
2026-03-10T10:23:00.439 INFO:teuthology.orchestra.run.vm06.stdout:/usr/bin/ceph: stderr
2026-03-10T10:23:00.297+0000 7f7d75ae5640 1 -- 192.168.123.106:0/4002665744 >> [v2:192.168.123.106:3300/0,v1:192.168.123.106:6789/0] conn(0x7f7d70109a70 msgr2=0x7f7d70109e90 secure :-1 s=STATE_CONNECTION_ESTABLISHED l=1).mark_down
2026-03-10T10:23:00.439 INFO:teuthology.orchestra.run.vm06.stdout:/usr/bin/ceph: stderr
2026-03-10T10:23:00.297+0000 7f7d75ae5640 1 --2- 192.168.123.106:0/4002665744 >> [v2:192.168.123.106:3300/0,v1:192.168.123.106:6789/0] conn(0x7f7d70109a70 0x7f7d70109e90 secure :-1 s=READY pgs=72 cs=0 l=1 rev1=1 crypto rx=0x7f7d60009920 tx=0x7f7d6002ef20 comp rx=0 tx=0).stop
2026-03-10T10:23:00.439 INFO:teuthology.orchestra.run.vm06.stdout:/usr/bin/ceph: stderr
2026-03-10T10:23:00.297+0000 7f7d75ae5640 1 -- 192.168.123.106:0/4002665744 shutdown_connections
2026-03-10T10:23:00.439 INFO:teuthology.orchestra.run.vm06.stdout:/usr/bin/ceph: stderr
2026-03-10T10:23:00.297+0000 7f7d75ae5640 1 --2- 192.168.123.106:0/4002665744 >> [v2:192.168.123.106:3300/0,v1:192.168.123.106:6789/0] conn(0x7f7d70109a70 0x7f7d70109e90 unknown :-1 s=CLOSED pgs=72 cs=0 l=1 rev1=1 crypto rx=0 tx=0 comp rx=0 tx=0).stop
2026-03-10T10:23:00.439 INFO:teuthology.orchestra.run.vm06.stdout:/usr/bin/ceph: stderr
2026-03-10T10:23:00.297+0000 7f7d75ae5640 1 -- 192.168.123.106:0/4002665744 >> 192.168.123.106:0/4002665744 conn(0x7f7d7007d040 msgr2=0x7f7d7007d4b0 unknown :-1 s=STATE_NONE l=0).mark_down
2026-03-10T10:23:00.439 INFO:teuthology.orchestra.run.vm06.stdout:/usr/bin/ceph: stderr
2026-03-10T10:23:00.297+0000 7f7d75ae5640 1 -- 192.168.123.106:0/4002665744 shutdown_connections
2026-03-10T10:23:00.439 INFO:teuthology.orchestra.run.vm06.stdout:/usr/bin/ceph: stderr
2026-03-10T10:23:00.297+0000 7f7d75ae5640 1 -- 192.168.123.106:0/4002665744 wait complete.
2026-03-10T10:23:00.439 INFO:teuthology.orchestra.run.vm06.stdout:/usr/bin/ceph: stderr
2026-03-10T10:23:00.297+0000 7f7d75ae5640 1 Processor -- start
2026-03-10T10:23:00.439 INFO:teuthology.orchestra.run.vm06.stdout:/usr/bin/ceph: stderr
2026-03-10T10:23:00.297+0000 7f7d75ae5640 1 -- start start
2026-03-10T10:23:00.439 INFO:teuthology.orchestra.run.vm06.stdout:/usr/bin/ceph: stderr
2026-03-10T10:23:00.297+0000 7f7d75ae5640 1 --2- >> [v2:192.168.123.106:3300/0,v1:192.168.123.106:6789/0] conn(0x7f7d70109a70 0x7f7d7019f9f0 unknown :-1 s=NONE pgs=0 cs=0 l=1 rev1=0 crypto rx=0 tx=0 comp rx=0 tx=0).connect
2026-03-10T10:23:00.439 INFO:teuthology.orchestra.run.vm06.stdout:/usr/bin/ceph: stderr
2026-03-10T10:23:00.297+0000 7f7d75ae5640 1 -- --> [v2:192.168.123.106:3300/0,v1:192.168.123.106:6789/0] -- mon_getmap magic: 0 -- 0x7f7d7010de10 con 0x7f7d70109a70
2026-03-10T10:23:00.439 INFO:teuthology.orchestra.run.vm06.stdout:/usr/bin/ceph: stderr
2026-03-10T10:23:00.297+0000 7f7d6f7fe640 1 --2- >> [v2:192.168.123.106:3300/0,v1:192.168.123.106:6789/0] conn(0x7f7d70109a70 0x7f7d7019f9f0 unknown :-1 s=BANNER_CONNECTING pgs=0 cs=0 l=1 rev1=0 crypto rx=0 tx=0 comp rx=0 tx=0)._handle_peer_banner_payload supported=3 required=0
2026-03-10T10:23:00.439 INFO:teuthology.orchestra.run.vm06.stdout:/usr/bin/ceph: stderr
2026-03-10T10:23:00.297+0000 7f7d6f7fe640 1 --2- >> [v2:192.168.123.106:3300/0,v1:192.168.123.106:6789/0] conn(0x7f7d70109a70 0x7f7d7019f9f0 unknown :-1 s=HELLO_CONNECTING pgs=0 cs=0 l=1 rev1=1 crypto rx=0 tx=0 comp rx=0 tx=0).handle_hello peer v2:192.168.123.106:3300/0 says I am v2:192.168.123.106:55014/0 (socket says 192.168.123.106:55014)
2026-03-10T10:23:00.439 INFO:teuthology.orchestra.run.vm06.stdout:/usr/bin/ceph: stderr
2026-03-10T10:23:00.297+0000 7f7d6f7fe640 1 -- 192.168.123.106:0/143620540 learned_addr learned my addr 192.168.123.106:0/143620540 (peer_addr_for_me v2:192.168.123.106:0/0)
2026-03-10T10:23:00.439 INFO:teuthology.orchestra.run.vm06.stdout:/usr/bin/ceph: stderr
2026-03-10T10:23:00.297+0000 7f7d6f7fe640 1 -- 192.168.123.106:0/143620540 --> [v2:192.168.123.106:3300/0,v1:192.168.123.106:6789/0] -- mon_subscribe({config=0+,monmap=0+}) -- 0x7f7d7019ff30 con 0x7f7d70109a70
2026-03-10T10:23:00.439 INFO:teuthology.orchestra.run.vm06.stdout:/usr/bin/ceph: stderr
2026-03-10T10:23:00.297+0000 7f7d6f7fe640 1 --2- 192.168.123.106:0/143620540 >> [v2:192.168.123.106:3300/0,v1:192.168.123.106:6789/0] conn(0x7f7d70109a70 0x7f7d7019f9f0 secure :-1 s=READY pgs=73 cs=0 l=1 rev1=1 crypto rx=0x7f7d6002f450 tx=0x7f7d60035eb0 comp rx=0 tx=0).ready entity=mon.0 client_cookie=0 server_cookie=0 in_seq=0 out_seq=0
2026-03-10T10:23:00.439 INFO:teuthology.orchestra.run.vm06.stdout:/usr/bin/ceph: stderr
2026-03-10T10:23:00.297+0000 7f7d6cff9640 1 -- 192.168.123.106:0/143620540 <== mon.0 v2:192.168.123.106:3300/0 1 ==== mon_map magic: 0 ==== 205+0+0 (secure 0 0 0) 0x7f7d60045070 con 0x7f7d70109a70
2026-03-10T10:23:00.439 INFO:teuthology.orchestra.run.vm06.stdout:/usr/bin/ceph: stderr
2026-03-10T10:23:00.297+0000 7f7d75ae5640 1 -- 192.168.123.106:0/143620540 --> [v2:192.168.123.106:3300/0,v1:192.168.123.106:6789/0] -- mon_subscribe({mgrmap=0+}) -- 0x7f7d701a01c0 con 0x7f7d70109a70
2026-03-10T10:23:00.439 INFO:teuthology.orchestra.run.vm06.stdout:/usr/bin/ceph: stderr
2026-03-10T10:23:00.297+0000 7f7d75ae5640 1 -- 192.168.123.106:0/143620540 --> [v2:192.168.123.106:3300/0,v1:192.168.123.106:6789/0] -- mon_subscribe({osdmap=0}) -- 0x7f7d701a2eb0 con 0x7f7d70109a70
2026-03-10T10:23:00.439 INFO:teuthology.orchestra.run.vm06.stdout:/usr/bin/ceph: stderr
2026-03-10T10:23:00.297+0000 7f7d6cff9640 1 -- 192.168.123.106:0/143620540 <== mon.0 v2:192.168.123.106:3300/0 2 ==== config(25 keys) ==== 1038+0+0 (secure 0 0 0) 0x7f7d60037c70 con 0x7f7d70109a70
2026-03-10T10:23:00.439 INFO:teuthology.orchestra.run.vm06.stdout:/usr/bin/ceph: stderr
2026-03-10T10:23:00.297+0000 7f7d6cff9640 1 -- 192.168.123.106:0/143620540 <== mon.0 v2:192.168.123.106:3300/0 3 ==== mon_map magic: 0 ==== 205+0+0 (secure 0 0 0) 0x7f7d6003c070 con 0x7f7d70109a70
2026-03-10T10:23:00.439 INFO:teuthology.orchestra.run.vm06.stdout:/usr/bin/ceph: stderr
2026-03-10T10:23:00.297+0000 7f7d6cff9640 1 -- 192.168.123.106:0/143620540 <== mon.0 v2:192.168.123.106:3300/0 4 ==== mgrmap(e 11) ==== 50154+0+0 (secure 0 0 0) 0x7f7d6004a430 con 0x7f7d70109a70
2026-03-10T10:23:00.439 INFO:teuthology.orchestra.run.vm06.stdout:/usr/bin/ceph: stderr
2026-03-10T10:23:00.301+0000 7f7d6cff9640 1 --2- 192.168.123.106:0/143620540 >> [v2:192.168.123.106:6800/2654396661,v1:192.168.123.106:6801/2654396661] conn(0x7f7d3803dbc0 0x7f7d38040080 unknown :-1 s=NONE pgs=0 cs=0 l=1 rev1=0 crypto rx=0 tx=0 comp rx=0 tx=0).connect
2026-03-10T10:23:00.439 INFO:teuthology.orchestra.run.vm06.stdout:/usr/bin/ceph: stderr
2026-03-10T10:23:00.301+0000 7f7d6cff9640 1 -- 192.168.123.106:0/143620540 <== mon.0 v2:192.168.123.106:3300/0 5 ==== osd_map(3..3 src has 1..3) ==== 1155+0+0 (secure 0 0 0) 0x7f7d60077310 con 0x7f7d70109a70
2026-03-10T10:23:00.439 INFO:teuthology.orchestra.run.vm06.stdout:/usr/bin/ceph: stderr
2026-03-10T10:23:00.301+0000 7f7d75ae5640 1 -- 192.168.123.106:0/143620540 --> [v2:192.168.123.106:3300/0,v1:192.168.123.106:6789/0] -- mon_command({"prefix": "get_command_descriptions"} v 0) -- 0x7f7d3c005390 con 0x7f7d70109a70
2026-03-10T10:23:00.439 INFO:teuthology.orchestra.run.vm06.stdout:/usr/bin/ceph: stderr
2026-03-10T10:23:00.301+0000 7f7d6effd640 1 --2- 192.168.123.106:0/143620540 >> [v2:192.168.123.106:6800/2654396661,v1:192.168.123.106:6801/2654396661] conn(0x7f7d3803dbc0 0x7f7d38040080 unknown :-1 s=BANNER_CONNECTING pgs=0 cs=0 l=1 rev1=0 crypto rx=0 tx=0 comp rx=0 tx=0)._handle_peer_banner_payload supported=3 required=0
2026-03-10T10:23:00.439 INFO:teuthology.orchestra.run.vm06.stdout:/usr/bin/ceph: stderr
2026-03-10T10:23:00.301+0000 7f7d6cff9640 1 -- 192.168.123.106:0/143620540 <== mon.0 v2:192.168.123.106:3300/0 6 ==== mon_command_ack([{"prefix": "get_command_descriptions"}]=0 v0) ==== 72+0+195034 (secure 0 0 0) 0x7f7d60037e20 con 0x7f7d70109a70
2026-03-10T10:23:00.439 INFO:teuthology.orchestra.run.vm06.stdout:/usr/bin/ceph: stderr
2026-03-10T10:23:00.301+0000 7f7d6effd640 1 --2- 192.168.123.106:0/143620540 >> [v2:192.168.123.106:6800/2654396661,v1:192.168.123.106:6801/2654396661] conn(0x7f7d3803dbc0 0x7f7d38040080 secure :-1 s=READY pgs=9 cs=0 l=1 rev1=1 crypto rx=0x7f7d5c009a10 tx=0x7f7d5c006eb0 comp rx=0 tx=0).ready entity=mgr.14150 client_cookie=0 server_cookie=0 in_seq=0 out_seq=0
2026-03-10T10:23:00.439 INFO:teuthology.orchestra.run.vm06.stdout:/usr/bin/ceph: stderr
2026-03-10T10:23:00.393+0000 7f7d75ae5640 1 -- 192.168.123.106:0/143620540 --> [v2:192.168.123.106:3300/0,v1:192.168.123.106:6789/0] -- mon_command({"prefix": "config get", "who": "mgr", "key": "mgr/dashboard/ssl_server_port"} v 0) -- 0x7f7d3c005680 con 0x7f7d70109a70
2026-03-10T10:23:00.439 INFO:teuthology.orchestra.run.vm06.stdout:/usr/bin/ceph: stderr
2026-03-10T10:23:00.393+0000 7f7d6cff9640 1 -- 192.168.123.106:0/143620540 <== mon.0 v2:192.168.123.106:3300/0 7 ==== mon_command_ack([{"prefix": "config get", "who": "mgr", "key": "mgr/dashboard/ssl_server_port"}]=0 v8) ==== 112+0+5 (secure 0 0 0) 0x7f7d60033200 con 0x7f7d70109a70
2026-03-10T10:23:00.439 INFO:teuthology.orchestra.run.vm06.stdout:/usr/bin/ceph: stderr
2026-03-10T10:23:00.397+0000 7f7d75ae5640 1 -- 192.168.123.106:0/143620540 >> [v2:192.168.123.106:6800/2654396661,v1:192.168.123.106:6801/2654396661] conn(0x7f7d3803dbc0 msgr2=0x7f7d38040080 secure :-1 s=STATE_CONNECTION_ESTABLISHED l=1).mark_down
2026-03-10T10:23:00.439 INFO:teuthology.orchestra.run.vm06.stdout:/usr/bin/ceph: stderr
2026-03-10T10:23:00.397+0000 7f7d75ae5640 1 --2- 192.168.123.106:0/143620540 >> [v2:192.168.123.106:6800/2654396661,v1:192.168.123.106:6801/2654396661] conn(0x7f7d3803dbc0 0x7f7d38040080 secure :-1 s=READY pgs=9 cs=0 l=1 rev1=1 crypto rx=0x7f7d5c009a10 tx=0x7f7d5c006eb0 comp rx=0 tx=0).stop
2026-03-10T10:23:00.439 INFO:teuthology.orchestra.run.vm06.stdout:/usr/bin/ceph: stderr
2026-03-10T10:23:00.397+0000 7f7d75ae5640 1 -- 192.168.123.106:0/143620540 >> [v2:192.168.123.106:3300/0,v1:192.168.123.106:6789/0] conn(0x7f7d70109a70 msgr2=0x7f7d7019f9f0 secure :-1 s=STATE_CONNECTION_ESTABLISHED l=1).mark_down
2026-03-10T10:23:00.439 INFO:teuthology.orchestra.run.vm06.stdout:/usr/bin/ceph: stderr
2026-03-10T10:23:00.397+0000 7f7d75ae5640 1 --2- 192.168.123.106:0/143620540 >> [v2:192.168.123.106:3300/0,v1:192.168.123.106:6789/0] conn(0x7f7d70109a70 0x7f7d7019f9f0 secure :-1 s=READY pgs=73 cs=0 l=1 rev1=1 crypto rx=0x7f7d6002f450 tx=0x7f7d60035eb0 comp rx=0 tx=0).stop
2026-03-10T10:23:00.440 INFO:teuthology.orchestra.run.vm06.stdout:/usr/bin/ceph: stderr
2026-03-10T10:23:00.397+0000 7f7d75ae5640 1 -- 192.168.123.106:0/143620540 shutdown_connections
2026-03-10T10:23:00.440 INFO:teuthology.orchestra.run.vm06.stdout:/usr/bin/ceph: stderr
2026-03-10T10:23:00.397+0000 7f7d75ae5640 1 --2- 192.168.123.106:0/143620540 >> [v2:192.168.123.106:6800/2654396661,v1:192.168.123.106:6801/2654396661] conn(0x7f7d3803dbc0 0x7f7d38040080 unknown :-1 s=CLOSED pgs=9 cs=0 l=1 rev1=1 crypto rx=0 tx=0 comp rx=0 tx=0).stop
2026-03-10T10:23:00.440 INFO:teuthology.orchestra.run.vm06.stdout:/usr/bin/ceph: stderr
2026-03-10T10:23:00.397+0000 7f7d75ae5640 1 --2- 192.168.123.106:0/143620540 >> [v2:192.168.123.106:3300/0,v1:192.168.123.106:6789/0] conn(0x7f7d70109a70 0x7f7d7019f9f0 unknown :-1 s=CLOSED pgs=73 cs=0 l=1 rev1=1 crypto rx=0 tx=0 comp rx=0 tx=0).stop
2026-03-10T10:23:00.440 INFO:teuthology.orchestra.run.vm06.stdout:/usr/bin/ceph: stderr
2026-03-10T10:23:00.397+0000 7f7d75ae5640 1 -- 192.168.123.106:0/143620540 >> 192.168.123.106:0/143620540 conn(0x7f7d7007d040 msgr2=0x7f7d70108f10 unknown :-1 s=STATE_NONE l=0).mark_down
2026-03-10T10:23:00.440 INFO:teuthology.orchestra.run.vm06.stdout:/usr/bin/ceph: stderr
2026-03-10T10:23:00.397+0000 7f7d75ae5640 1 -- 192.168.123.106:0/143620540 shutdown_connections
2026-03-10T10:23:00.440 INFO:teuthology.orchestra.run.vm06.stdout:/usr/bin/ceph: stderr
2026-03-10T10:23:00.397+0000 7f7d75ae5640 1 -- 192.168.123.106:0/143620540 wait complete.
2026-03-10T10:23:00.440 INFO:teuthology.orchestra.run.vm06.stdout:firewalld does not appear to be present
2026-03-10T10:23:00.440 INFO:teuthology.orchestra.run.vm06.stdout:Not possible to open ports <[8443]>. firewalld.service is not available
2026-03-10T10:23:00.440 INFO:teuthology.orchestra.run.vm06.stdout:Ceph Dashboard is now available at:
2026-03-10T10:23:00.440 INFO:teuthology.orchestra.run.vm06.stdout:
2026-03-10T10:23:00.440 INFO:teuthology.orchestra.run.vm06.stdout: URL: https://vm06.local:8443/
2026-03-10T10:23:00.440 INFO:teuthology.orchestra.run.vm06.stdout: User: admin
2026-03-10T10:23:00.440 INFO:teuthology.orchestra.run.vm06.stdout: Password: yc69hd4d1p
2026-03-10T10:23:00.440 INFO:teuthology.orchestra.run.vm06.stdout:
2026-03-10T10:23:00.440 INFO:teuthology.orchestra.run.vm06.stdout:Saving cluster configuration to /var/lib/ceph/ea426742-1c6a-11f1-91a5-59001c242e4e/config directory
2026-03-10T10:23:01.111 INFO:teuthology.orchestra.run.vm06.stdout:/usr/bin/ceph: stderr
2026-03-10T10:23:00.565+0000 7f5a3399a640 1 Processor -- start
2026-03-10T10:23:01.112 INFO:teuthology.orchestra.run.vm06.stdout:/usr/bin/ceph: stderr
2026-03-10T10:23:00.565+0000 7f5a3399a640 1 -- start start
2026-03-10T10:23:01.112 INFO:teuthology.orchestra.run.vm06.stdout:/usr/bin/ceph: stderr
2026-03-10T10:23:00.565+0000 7f5a3399a640 1 --2- >> [v2:192.168.123.106:3300/0,v1:192.168.123.106:6789/0] conn(0x7f5a2c109a70 0x7f5a2c109e70 unknown :-1 s=NONE pgs=0 cs=0 l=0 rev1=0 crypto rx=0 tx=0 comp rx=0 tx=0).connect
2026-03-10T10:23:01.112 INFO:teuthology.orchestra.run.vm06.stdout:/usr/bin/ceph: stderr
2026-03-10T10:23:00.565+0000 7f5a3399a640 1 -- --> [v2:192.168.123.106:3300/0,v1:192.168.123.106:6789/0] -- mon_getmap magic: 0 -- 0x7f5a2c10a440 con 0x7f5a2c109a70
2026-03-10T10:23:01.112 INFO:teuthology.orchestra.run.vm06.stdout:/usr/bin/ceph: stderr
2026-03-10T10:23:00.565+0000 7f5a3170f640 1 --2- >> [v2:192.168.123.106:3300/0,v1:192.168.123.106:6789/0] conn(0x7f5a2c109a70 0x7f5a2c109e70 unknown :-1 s=BANNER_CONNECTING pgs=0 cs=0 l=0 rev1=0 crypto rx=0 tx=0 comp rx=0 tx=0)._handle_peer_banner_payload supported=3 required=0
2026-03-10T10:23:01.112 INFO:teuthology.orchestra.run.vm06.stdout:/usr/bin/ceph: stderr
2026-03-10T10:23:00.565+0000 7f5a3170f640 1 --2- >> [v2:192.168.123.106:3300/0,v1:192.168.123.106:6789/0] conn(0x7f5a2c109a70 0x7f5a2c109e70 unknown :-1 s=HELLO_CONNECTING pgs=0 cs=0 l=0 rev1=1 crypto rx=0 tx=0 comp rx=0 tx=0).handle_hello peer v2:192.168.123.106:3300/0 says I am v2:192.168.123.106:55024/0 (socket says 192.168.123.106:55024)
2026-03-10T10:23:01.112 INFO:teuthology.orchestra.run.vm06.stdout:/usr/bin/ceph: stderr
2026-03-10T10:23:00.565+0000 7f5a3170f640 1 -- 192.168.123.106:0/2726281282 learned_addr learned my addr 192.168.123.106:0/2726281282 (peer_addr_for_me v2:192.168.123.106:0/0)
2026-03-10T10:23:01.112 INFO:teuthology.orchestra.run.vm06.stdout:/usr/bin/ceph: stderr
2026-03-10T10:23:00.565+0000 7f5a3170f640 1 -- 192.168.123.106:0/2726281282 --> [v2:192.168.123.106:3300/0,v1:192.168.123.106:6789/0] -- mon_subscribe({config=0+,monmap=0+}) -- 0x7f5a2c10ac10 con 0x7f5a2c109a70
2026-03-10T10:23:01.112 INFO:teuthology.orchestra.run.vm06.stdout:/usr/bin/ceph: stderr
2026-03-10T10:23:00.565+0000 7f5a3170f640 1 --2- 192.168.123.106:0/2726281282 >> [v2:192.168.123.106:3300/0,v1:192.168.123.106:6789/0] conn(0x7f5a2c109a70 0x7f5a2c109e70 secure :-1 s=READY pgs=74 cs=0 l=1 rev1=1 crypto rx=0x7f5a1c009b80 tx=0x7f5a1c02f190 comp rx=0 tx=0).ready entity=mon.0 client_cookie=59ae3c0d15196558 server_cookie=0 in_seq=0 out_seq=0
2026-03-10T10:23:01.112 INFO:teuthology.orchestra.run.vm06.stdout:/usr/bin/ceph: stderr
2026-03-10T10:23:00.565+0000 7f5a1bfff640 1 -- 192.168.123.106:0/2726281282 <== mon.0 v2:192.168.123.106:3300/0 1 ==== mon_map magic: 0 ==== 205+0+0 (secure 0 0 0) 0x7f5a1c03c070 con 0x7f5a2c109a70
2026-03-10T10:23:01.112 INFO:teuthology.orchestra.run.vm06.stdout:/usr/bin/ceph: stderr
2026-03-10T10:23:00.565+0000 7f5a1bfff640 1 -- 192.168.123.106:0/2726281282 <== mon.0 v2:192.168.123.106:3300/0 2 ==== config(25 keys) ==== 1038+0+0 (secure 0 0 0) 0x7f5a1c037440 con 0x7f5a2c109a70
2026-03-10T10:23:01.112 INFO:teuthology.orchestra.run.vm06.stdout:/usr/bin/ceph: stderr
2026-03-10T10:23:00.565+0000 7f5a1bfff640 1 -- 192.168.123.106:0/2726281282 <== mon.0 v2:192.168.123.106:3300/0 3 ==== mon_map magic: 0 ==== 205+0+0 (secure 0 0 0) 0x7f5a1c0354d0 con 0x7f5a2c109a70
2026-03-10T10:23:01.112 INFO:teuthology.orchestra.run.vm06.stdout:/usr/bin/ceph: stderr
2026-03-10T10:23:00.565+0000 7f5a3399a640 1 -- 192.168.123.106:0/2726281282 >> [v2:192.168.123.106:3300/0,v1:192.168.123.106:6789/0] conn(0x7f5a2c109a70 msgr2=0x7f5a2c109e70 secure :-1 s=STATE_CONNECTION_ESTABLISHED l=1).mark_down
2026-03-10T10:23:01.112 INFO:teuthology.orchestra.run.vm06.stdout:/usr/bin/ceph: stderr
2026-03-10T10:23:00.565+0000 7f5a3399a640 1 --2- 192.168.123.106:0/2726281282 >> [v2:192.168.123.106:3300/0,v1:192.168.123.106:6789/0] conn(0x7f5a2c109a70 0x7f5a2c109e70 secure :-1 s=READY pgs=74 cs=0 l=1 rev1=1 crypto rx=0x7f5a1c009b80 tx=0x7f5a1c02f190 comp rx=0 tx=0).stop
2026-03-10T10:23:01.112 INFO:teuthology.orchestra.run.vm06.stdout:/usr/bin/ceph: stderr
2026-03-10T10:23:00.565+0000 7f5a3399a640 1 -- 192.168.123.106:0/2726281282 shutdown_connections
2026-03-10T10:23:01.112 INFO:teuthology.orchestra.run.vm06.stdout:/usr/bin/ceph: stderr
2026-03-10T10:23:00.565+0000 7f5a3399a640 1 --2- 192.168.123.106:0/2726281282 >> [v2:192.168.123.106:3300/0,v1:192.168.123.106:6789/0] conn(0x7f5a2c109a70 0x7f5a2c109e70 unknown :-1 s=CLOSED pgs=74 cs=0 l=1 rev1=1 crypto rx=0 tx=0 comp rx=0 tx=0).stop
2026-03-10T10:23:01.112 INFO:teuthology.orchestra.run.vm06.stdout:/usr/bin/ceph: stderr
2026-03-10T10:23:00.565+0000 7f5a3399a640 1 -- 192.168.123.106:0/2726281282 >> 192.168.123.106:0/2726281282 conn(0x7f5a2c07d070 msgr2=0x7f5a2c07d4c0 unknown :-1 s=STATE_NONE l=0).mark_down
2026-03-10T10:23:01.112 INFO:teuthology.orchestra.run.vm06.stdout:/usr/bin/ceph: stderr
2026-03-10T10:23:00.565+0000 7f5a3399a640 1 -- 192.168.123.106:0/2726281282 shutdown_connections
2026-03-10T10:23:01.112 INFO:teuthology.orchestra.run.vm06.stdout:/usr/bin/ceph: stderr
2026-03-10T10:23:00.565+0000 7f5a3399a640 1 -- 192.168.123.106:0/2726281282 wait complete.
2026-03-10T10:23:01.112 INFO:teuthology.orchestra.run.vm06.stdout:/usr/bin/ceph: stderr
2026-03-10T10:23:00.565+0000 7f5a3399a640 1 Processor -- start
2026-03-10T10:23:01.112 INFO:teuthology.orchestra.run.vm06.stdout:/usr/bin/ceph: stderr
2026-03-10T10:23:00.569+0000 7f5a3399a640 1 -- start start
2026-03-10T10:23:01.112 INFO:teuthology.orchestra.run.vm06.stdout:/usr/bin/ceph: stderr
2026-03-10T10:23:00.569+0000 7f5a3399a640 1 --2- >> [v2:192.168.123.106:3300/0,v1:192.168.123.106:6789/0] conn(0x7f5a2c109a70 0x7f5a2c19f8a0 unknown :-1 s=NONE pgs=0 cs=0 l=1 rev1=0 crypto rx=0 tx=0 comp rx=0 tx=0).connect
2026-03-10T10:23:01.112 INFO:teuthology.orchestra.run.vm06.stdout:/usr/bin/ceph: stderr
2026-03-10T10:23:00.569+0000 7f5a3399a640 1 -- --> [v2:192.168.123.106:3300/0,v1:192.168.123.106:6789/0] -- mon_getmap magic: 0 -- 0x7f5a2c10de40 con 0x7f5a2c109a70
2026-03-10T10:23:01.112 INFO:teuthology.orchestra.run.vm06.stdout:/usr/bin/ceph: stderr
2026-03-10T10:23:00.569+0000 7f5a3170f640 1 --2- >> [v2:192.168.123.106:3300/0,v1:192.168.123.106:6789/0] conn(0x7f5a2c109a70 0x7f5a2c19f8a0 unknown :-1 s=BANNER_CONNECTING pgs=0 cs=0 l=1 rev1=0 crypto rx=0 tx=0 comp rx=0 tx=0)._handle_peer_banner_payload supported=3 required=0
2026-03-10T10:23:01.112 INFO:teuthology.orchestra.run.vm06.stdout:/usr/bin/ceph: stderr
2026-03-10T10:23:00.569+0000 7f5a3170f640 1 --2- >> [v2:192.168.123.106:3300/0,v1:192.168.123.106:6789/0] conn(0x7f5a2c109a70 0x7f5a2c19f8a0 unknown :-1 s=HELLO_CONNECTING pgs=0 cs=0 l=1 rev1=1 crypto rx=0 tx=0 comp rx=0 tx=0).handle_hello peer v2:192.168.123.106:3300/0 says I am v2:192.168.123.106:55034/0 (socket says 192.168.123.106:55034)
2026-03-10T10:23:01.112 INFO:teuthology.orchestra.run.vm06.stdout:/usr/bin/ceph: stderr
2026-03-10T10:23:00.569+0000 7f5a3170f640 1 -- 192.168.123.106:0/313142648 learned_addr learned my addr 192.168.123.106:0/313142648 (peer_addr_for_me v2:192.168.123.106:0/0)
2026-03-10T10:23:01.112 INFO:teuthology.orchestra.run.vm06.stdout:/usr/bin/ceph: stderr
2026-03-10T10:23:00.569+0000 7f5a3170f640 1 -- 192.168.123.106:0/313142648 --> [v2:192.168.123.106:3300/0,v1:192.168.123.106:6789/0] -- mon_subscribe({config=0+,monmap=0+}) -- 0x7f5a2c19fde0 con 0x7f5a2c109a70
2026-03-10T10:23:01.112 INFO:teuthology.orchestra.run.vm06.stdout:/usr/bin/ceph: stderr
2026-03-10T10:23:00.569+0000 7f5a3170f640 1 --2- 192.168.123.106:0/313142648 >> [v2:192.168.123.106:3300/0,v1:192.168.123.106:6789/0] conn(0x7f5a2c109a70 0x7f5a2c19f8a0 secure :-1 s=READY pgs=75 cs=0 l=1 rev1=1 crypto rx=0x7f5a1c0091b0 tx=0x7f5a1c0365d0 comp rx=0 tx=0).ready entity=mon.0 client_cookie=0 server_cookie=0 in_seq=0 out_seq=0
2026-03-10T10:23:01.112 INFO:teuthology.orchestra.run.vm06.stdout:/usr/bin/ceph: stderr
2026-03-10T10:23:00.569+0000 7f5a1a7fc640 1 -- 192.168.123.106:0/313142648 <== mon.0 v2:192.168.123.106:3300/0 1 ==== mon_map magic: 0 ==== 205+0+0 (secure 0 0 0) 0x7f5a1c047070 con 0x7f5a2c109a70
2026-03-10T10:23:01.112 INFO:teuthology.orchestra.run.vm06.stdout:/usr/bin/ceph: stderr
2026-03-10T10:23:00.569+0000 7f5a1a7fc640 1 -- 192.168.123.106:0/313142648 <== mon.0 v2:192.168.123.106:3300/0 2 ==== config(25 keys) ==== 1038+0+0 (secure 0 0 0) 0x7f5a1c036db0 con 0x7f5a2c109a70
2026-03-10T10:23:01.112 INFO:teuthology.orchestra.run.vm06.stdout:/usr/bin/ceph: stderr
2026-03-10T10:23:00.569+0000 7f5a1a7fc640 1 -- 192.168.123.106:0/313142648 <== mon.0 v2:192.168.123.106:3300/0 3 ==== mon_map magic: 0 ==== 205+0+0 (secure 0 0 0) 0x7f5a1c03c070 con 0x7f5a2c109a70
2026-03-10T10:23:01.112 INFO:teuthology.orchestra.run.vm06.stdout:/usr/bin/ceph: stderr
2026-03-10T10:23:00.569+0000 7f5a3399a640 1 -- 192.168.123.106:0/313142648 --> [v2:192.168.123.106:3300/0,v1:192.168.123.106:6789/0] -- mon_subscribe({mgrmap=0+}) -- 0x7f5a2c1a0070 con 0x7f5a2c109a70
2026-03-10T10:23:01.112 INFO:teuthology.orchestra.run.vm06.stdout:/usr/bin/ceph: stderr
2026-03-10T10:23:00.569+0000 7f5a3399a640 1 -- 192.168.123.106:0/313142648 --> [v2:192.168.123.106:3300/0,v1:192.168.123.106:6789/0] -- mon_subscribe({osdmap=0}) -- 0x7f5a2c1a2d60 con 0x7f5a2c109a70
2026-03-10T10:23:01.112 INFO:teuthology.orchestra.run.vm06.stdout:/usr/bin/ceph: stderr
2026-03-10T10:23:00.569+0000 7f5a1a7fc640 1 -- 192.168.123.106:0/313142648 <== mon.0 v2:192.168.123.106:3300/0 4 ==== mgrmap(e 11) ==== 50154+0+0 (secure 0 0 0) 0x7f5a1c04c430 con 0x7f5a2c109a70
2026-03-10T10:23:01.112 INFO:teuthology.orchestra.run.vm06.stdout:/usr/bin/ceph: stderr
2026-03-10T10:23:00.569+0000 7f5a1a7fc640 1 --2- 192.168.123.106:0/313142648 >> [v2:192.168.123.106:6800/2654396661,v1:192.168.123.106:6801/2654396661] conn(0x7f5a0403db20 0x7f5a0403ffe0 unknown :-1 s=NONE pgs=0 cs=0 l=1 rev1=0 crypto rx=0 tx=0 comp rx=0 tx=0).connect
2026-03-10T10:23:01.112 INFO:teuthology.orchestra.run.vm06.stdout:/usr/bin/ceph: stderr
2026-03-10T10:23:00.569+0000 7f5a1a7fc640 1 -- 192.168.123.106:0/313142648 <== mon.0 v2:192.168.123.106:3300/0 5 ==== osd_map(3..3 src has 1..3) ==== 1155+0+0 (secure 0 0 0) 0x7f5a1c077b70 con 0x7f5a2c109a70
2026-03-10T10:23:01.112 INFO:teuthology.orchestra.run.vm06.stdout:/usr/bin/ceph: stderr
2026-03-10T10:23:00.569+0000 7f5a3399a640 1 -- 192.168.123.106:0/313142648 --> [v2:192.168.123.106:3300/0,v1:192.168.123.106:6789/0] -- mon_command({"prefix": "get_command_descriptions"} v 0) -- 0x7f59f4005390 con 0x7f5a2c109a70
2026-03-10T10:23:01.112 INFO:teuthology.orchestra.run.vm06.stdout:/usr/bin/ceph: stderr
2026-03-10T10:23:00.569+0000 7f5a30f0e640 1 --2- 192.168.123.106:0/313142648 >> [v2:192.168.123.106:6800/2654396661,v1:192.168.123.106:6801/2654396661] conn(0x7f5a0403db20 0x7f5a0403ffe0 unknown :-1 s=BANNER_CONNECTING pgs=0 cs=0 l=1 rev1=0 crypto rx=0 tx=0 comp rx=0 tx=0)._handle_peer_banner_payload supported=3 required=0
2026-03-10T10:23:01.112 INFO:teuthology.orchestra.run.vm06.stdout:/usr/bin/ceph: stderr
2026-03-10T10:23:00.573+0000 7f5a1a7fc640 1 -- 192.168.123.106:0/313142648 <== mon.0 v2:192.168.123.106:3300/0 6 ==== mon_command_ack([{"prefix": "get_command_descriptions"}]=0 v0) ==== 72+0+195034 (secure 0 0 0) 0x7f5a1c03c210 con 0x7f5a2c109a70
2026-03-10T10:23:01.112 INFO:teuthology.orchestra.run.vm06.stdout:/usr/bin/ceph: stderr
2026-03-10T10:23:00.573+0000 7f5a30f0e640 1 --2- 192.168.123.106:0/313142648 >> [v2:192.168.123.106:6800/2654396661,v1:192.168.123.106:6801/2654396661] conn(0x7f5a0403db20 0x7f5a0403ffe0 secure :-1 s=READY pgs=10 cs=0 l=1 rev1=1 crypto rx=0x7f5a200099c0 tx=0x7f5a20006eb0 comp rx=0 tx=0).ready entity=mgr.14150 client_cookie=0 server_cookie=0 in_seq=0 out_seq=0
2026-03-10T10:23:01.112 INFO:teuthology.orchestra.run.vm06.stdout:/usr/bin/ceph: stderr
2026-03-10T10:23:00.717+0000 7f5a3399a640 1 -- 192.168.123.106:0/313142648 --> [v2:192.168.123.106:3300/0,v1:192.168.123.106:6789/0] -- mon_command([{prefix=config-key set, key=mgr/dashboard/cluster/status}] v 0) -- 0x7f59f4005680 con 0x7f5a2c109a70
2026-03-10T10:23:01.112 INFO:teuthology.orchestra.run.vm06.stdout:/usr/bin/ceph: stderr
2026-03-10T10:23:00.909+0000 7f5a1a7fc640 1 -- 192.168.123.106:0/313142648 <== mon.0 v2:192.168.123.106:3300/0 7 ==== mon_command_ack([{prefix=config-key set, key=mgr/dashboard/cluster/status}]=0 set mgr/dashboard/cluster/status v24)=0 set mgr/dashboard/cluster/status v24) ==== 153+0+0 (secure 0 0 0) 0x7f5a1c04c750 con 0x7f5a2c109a70
2026-03-10T10:23:01.112 INFO:teuthology.orchestra.run.vm06.stdout:/usr/bin/ceph: stderr set mgr/dashboard/cluster/status
2026-03-10T10:23:01.112 INFO:teuthology.orchestra.run.vm06.stdout:/usr/bin/ceph: stderr
2026-03-10T10:23:00.913+0000 7f5a3399a640 1 -- 192.168.123.106:0/313142648 >> [v2:192.168.123.106:6800/2654396661,v1:192.168.123.106:6801/2654396661] conn(0x7f5a0403db20 msgr2=0x7f5a0403ffe0 secure :-1 s=STATE_CONNECTION_ESTABLISHED l=1).mark_down
2026-03-10T10:23:01.112 INFO:teuthology.orchestra.run.vm06.stdout:/usr/bin/ceph: stderr
2026-03-10T10:23:00.913+0000 7f5a3399a640 1 --2- 192.168.123.106:0/313142648 >> [v2:192.168.123.106:6800/2654396661,v1:192.168.123.106:6801/2654396661] conn(0x7f5a0403db20 0x7f5a0403ffe0 secure :-1 s=READY pgs=10 cs=0 l=1 rev1=1 crypto rx=0x7f5a200099c0 tx=0x7f5a20006eb0 comp rx=0 tx=0).stop
2026-03-10T10:23:01.112 INFO:teuthology.orchestra.run.vm06.stdout:/usr/bin/ceph: stderr
2026-03-10T10:23:00.913+0000 7f5a3399a640 1 -- 192.168.123.106:0/313142648 >> [v2:192.168.123.106:3300/0,v1:192.168.123.106:6789/0] conn(0x7f5a2c109a70 msgr2=0x7f5a2c19f8a0 secure :-1 s=STATE_CONNECTION_ESTABLISHED l=1).mark_down
2026-03-10T10:23:01.112 INFO:teuthology.orchestra.run.vm06.stdout:/usr/bin/ceph: stderr
2026-03-10T10:23:00.913+0000 7f5a3399a640 1 --2- 192.168.123.106:0/313142648 >> [v2:192.168.123.106:3300/0,v1:192.168.123.106:6789/0] conn(0x7f5a2c109a70 0x7f5a2c19f8a0 secure :-1 s=READY pgs=75 cs=0 l=1 rev1=1 crypto rx=0x7f5a1c0091b0 tx=0x7f5a1c0365d0 comp rx=0 tx=0).stop
2026-03-10T10:23:01.112 INFO:teuthology.orchestra.run.vm06.stdout:/usr/bin/ceph: stderr
2026-03-10T10:23:00.913+0000 7f5a3399a640 1 -- 192.168.123.106:0/313142648 shutdown_connections
2026-03-10T10:23:01.112 INFO:teuthology.orchestra.run.vm06.stdout:/usr/bin/ceph: stderr
2026-03-10T10:23:00.913+0000 7f5a3399a640 1 --2- 192.168.123.106:0/313142648 >> [v2:192.168.123.106:6800/2654396661,v1:192.168.123.106:6801/2654396661] conn(0x7f5a0403db20 0x7f5a0403ffe0 unknown :-1 s=CLOSED pgs=10 cs=0 l=1 rev1=1 crypto rx=0 tx=0 comp rx=0 tx=0).stop
2026-03-10T10:23:01.112 INFO:teuthology.orchestra.run.vm06.stdout:/usr/bin/ceph: stderr
2026-03-10T10:23:00.913+0000 7f5a3399a640 1 --2- 192.168.123.106:0/313142648 >> [v2:192.168.123.106:3300/0,v1:192.168.123.106:6789/0] conn(0x7f5a2c109a70 0x7f5a2c19f8a0 unknown :-1 s=CLOSED pgs=75 cs=0 l=1 rev1=1 crypto rx=0 tx=0 comp rx=0 tx=0).stop
2026-03-10T10:23:01.112 INFO:teuthology.orchestra.run.vm06.stdout:/usr/bin/ceph: stderr
2026-03-10T10:23:00.913+0000 7f5a3399a640 1 -- 192.168.123.106:0/313142648 >> 192.168.123.106:0/313142648 conn(0x7f5a2c07d070 msgr2=0x7f5a2c107840 unknown :-1 s=STATE_NONE l=0).mark_down
2026-03-10T10:23:01.113 INFO:teuthology.orchestra.run.vm06.stdout:/usr/bin/ceph: stderr
2026-03-10T10:23:00.913+0000 7f5a3399a640 1 -- 192.168.123.106:0/313142648 shutdown_connections
2026-03-10T10:23:01.113 INFO:teuthology.orchestra.run.vm06.stdout:/usr/bin/ceph: stderr
2026-03-10T10:23:00.913+0000 7f5a3399a640 1 -- 192.168.123.106:0/313142648 wait complete.
2026-03-10T10:23:01.113 INFO:teuthology.orchestra.run.vm06.stdout:You can access the Ceph CLI as following in case of multi-cluster or non-default config:
2026-03-10T10:23:01.113 INFO:teuthology.orchestra.run.vm06.stdout:
2026-03-10T10:23:01.113 INFO:teuthology.orchestra.run.vm06.stdout: sudo /home/ubuntu/cephtest/cephadm shell --fsid ea426742-1c6a-11f1-91a5-59001c242e4e -c /etc/ceph/ceph.conf -k /etc/ceph/ceph.client.admin.keyring
2026-03-10T10:23:01.113 INFO:teuthology.orchestra.run.vm06.stdout:
2026-03-10T10:23:01.113 INFO:teuthology.orchestra.run.vm06.stdout:Or, if you are only running a single cluster on this host:
2026-03-10T10:23:01.113 INFO:teuthology.orchestra.run.vm06.stdout:
2026-03-10T10:23:01.113 INFO:teuthology.orchestra.run.vm06.stdout: sudo /home/ubuntu/cephtest/cephadm shell
2026-03-10T10:23:01.113 INFO:teuthology.orchestra.run.vm06.stdout:
2026-03-10T10:23:01.113 INFO:teuthology.orchestra.run.vm06.stdout:Please consider enabling telemetry to help improve Ceph:
2026-03-10T10:23:01.113 INFO:teuthology.orchestra.run.vm06.stdout:
2026-03-10T10:23:01.113 INFO:teuthology.orchestra.run.vm06.stdout: ceph telemetry on
2026-03-10T10:23:01.113 INFO:teuthology.orchestra.run.vm06.stdout:
2026-03-10T10:23:01.113 INFO:teuthology.orchestra.run.vm06.stdout:For more information see:
2026-03-10T10:23:01.113 INFO:teuthology.orchestra.run.vm06.stdout:
2026-03-10T10:23:01.113 INFO:teuthology.orchestra.run.vm06.stdout: https://docs.ceph.com/en/latest/mgr/telemetry/
2026-03-10T10:23:01.113 INFO:teuthology.orchestra.run.vm06.stdout:
2026-03-10T10:23:01.113 INFO:teuthology.orchestra.run.vm06.stdout:Bootstrap complete.
2026-03-10T10:23:01.130 INFO:tasks.cephadm:Fetching config...
2026-03-10T10:23:01.131 DEBUG:teuthology.orchestra.run.vm06:> set -ex
2026-03-10T10:23:01.131 DEBUG:teuthology.orchestra.run.vm06:> dd if=/etc/ceph/ceph.conf of=/dev/stdout
2026-03-10T10:23:01.135 INFO:tasks.cephadm:Fetching client.admin keyring...
2026-03-10T10:23:01.135 DEBUG:teuthology.orchestra.run.vm06:> set -ex
2026-03-10T10:23:01.135 DEBUG:teuthology.orchestra.run.vm06:> dd if=/etc/ceph/ceph.client.admin.keyring of=/dev/stdout
2026-03-10T10:23:01.178 INFO:tasks.cephadm:Fetching mon keyring...
2026-03-10T10:23:01.178 DEBUG:teuthology.orchestra.run.vm06:> set -ex
2026-03-10T10:23:01.178 DEBUG:teuthology.orchestra.run.vm06:> sudo dd if=/var/lib/ceph/ea426742-1c6a-11f1-91a5-59001c242e4e/mon.a/keyring of=/dev/stdout
2026-03-10T10:23:01.225 INFO:tasks.cephadm:Fetching pub ssh key...
2026-03-10T10:23:01.225 DEBUG:teuthology.orchestra.run.vm06:> set -ex
2026-03-10T10:23:01.225 DEBUG:teuthology.orchestra.run.vm06:> dd if=/home/ubuntu/cephtest/ceph.pub of=/dev/stdout
2026-03-10T10:23:01.270 INFO:tasks.cephadm:Installing pub ssh key for root users...
2026-03-10T10:23:01.270 DEBUG:teuthology.orchestra.run.vm06:> sudo install -d -m 0700 /root/.ssh && echo 'ssh-ed25519 AAAAC3NzaC1lZDI1NTE5AAAAIJmfXpPvDl89+jXn8MPAr+74cNXmM4XDy7NB62fEpDEe ceph-ea426742-1c6a-11f1-91a5-59001c242e4e' | sudo tee -a /root/.ssh/authorized_keys && sudo chmod 0600 /root/.ssh/authorized_keys
2026-03-10T10:23:01.321 INFO:teuthology.orchestra.run.vm06.stdout:ssh-ed25519 AAAAC3NzaC1lZDI1NTE5AAAAIJmfXpPvDl89+jXn8MPAr+74cNXmM4XDy7NB62fEpDEe ceph-ea426742-1c6a-11f1-91a5-59001c242e4e
2026-03-10T10:23:01.326 DEBUG:teuthology.orchestra.run.vm06:> sudo /home/ubuntu/cephtest/cephadm --image quay.ceph.io/ceph-ci/ceph:e911bdebe5c8faa3800735d1568fcdca65db60df shell -c /etc/ceph/ceph.conf -k /etc/ceph/ceph.client.admin.keyring --fsid ea426742-1c6a-11f1-91a5-59001c242e4e -- ceph config set mgr mgr/cephadm/allow_ptrace true
2026-03-10T10:23:01.595 INFO:journalctl@ceph.mon.a.vm06.stdout:Mar 10 10:23:01 vm06 bash[20720]: audit
2026-03-10T10:23:00.397183+0000 mon.a (mon.0) 90 : audit [DBG] from='client.? 192.168.123.106:0/143620540' entity='client.admin' cmd=[{"prefix": "config get", "who": "mgr", "key": "mgr/dashboard/ssl_server_port"}]: dispatch
2026-03-10T10:23:01.595 INFO:journalctl@ceph.mon.a.vm06.stdout:Mar 10 10:23:01 vm06 bash[20720]: audit
2026-03-10T10:23:00.397183+0000 mon.a (mon.0) 90 : audit [DBG] from='client.? 192.168.123.106:0/143620540' entity='client.admin' cmd=[{"prefix": "config get", "who": "mgr", "key": "mgr/dashboard/ssl_server_port"}]: dispatch
2026-03-10T10:23:01.595 INFO:journalctl@ceph.mon.a.vm06.stdout:Mar 10 10:23:01 vm06 bash[20720]: audit
2026-03-10T10:23:00.913606+0000 mon.a (mon.0) 91 : audit [INF] from='client.? 192.168.123.106:0/313142648' entity='client.admin'
2026-03-10T10:23:01.595 INFO:journalctl@ceph.mon.a.vm06.stdout:Mar 10 10:23:01 vm06 bash[20720]: audit
2026-03-10T10:23:00.913606+0000 mon.a (mon.0) 91 : audit [INF] from='client.? 192.168.123.106:0/313142648' entity='client.admin'
2026-03-10T10:23:01.595 INFO:journalctl@ceph.mon.a.vm06.stdout:Mar 10 10:23:01 vm06 bash[20720]: cluster
2026-03-10T10:23:01.133282+0000 mon.a (mon.0) 92 : cluster [DBG] mgrmap e12: x(active, since 2s)
2026-03-10T10:23:01.595 INFO:journalctl@ceph.mon.a.vm06.stdout:Mar 10 10:23:01 vm06 bash[20720]: cluster
2026-03-10T10:23:01.133282+0000 mon.a (mon.0) 92 : cluster [DBG] mgrmap e12: x(active, since 2s)
2026-03-10T10:23:03.845 INFO:journalctl@ceph.mon.a.vm06.stdout:Mar 10 10:23:03 vm06 bash[20720]: audit
2026-03-10T10:23:02.563517+0000 mon.a (mon.0) 93 : audit [INF] from='mgr.14150 192.168.123.106:0/952943627' entity='mgr.x'
2026-03-10T10:23:03.845 INFO:journalctl@ceph.mon.a.vm06.stdout:Mar 10 10:23:03 vm06 bash[20720]: audit
2026-03-10T10:23:02.563517+0000 mon.a (mon.0) 93 : audit [INF] from='mgr.14150 192.168.123.106:0/952943627' entity='mgr.x'
2026-03-10T10:23:03.845 INFO:journalctl@ceph.mon.a.vm06.stdout:Mar 10 10:23:03 vm06 bash[20720]: audit
2026-03-10T10:23:03.143170+0000 mon.a (mon.0) 94 : audit [INF] from='mgr.14150 192.168.123.106:0/952943627' entity='mgr.x'
2026-03-10T10:23:03.845 INFO:journalctl@ceph.mon.a.vm06.stdout:Mar 10 10:23:03 vm06 bash[20720]: audit
2026-03-10T10:23:03.143170+0000 mon.a (mon.0) 94 : audit [INF] from='mgr.14150 192.168.123.106:0/952943627' entity='mgr.x'
2026-03-10T10:23:05.428 INFO:teuthology.orchestra.run.vm06.stderr:Inferring config /var/lib/ceph/ea426742-1c6a-11f1-91a5-59001c242e4e/mon.a/config
2026-03-10T10:23:05.577 INFO:teuthology.orchestra.run.vm06.stderr:2026-03-10T10:23:05.573+0000 7f86cc0ae640 1 -- 192.168.123.106:0/4103829537 >> [v2:192.168.123.106:3300/0,v1:192.168.123.106:6789/0] conn(0x7f86c4102360 msgr2=0x7f86c4102760 secure :-1 s=STATE_CONNECTION_ESTABLISHED l=1).mark_down
2026-03-10T10:23:05.577 INFO:teuthology.orchestra.run.vm06.stderr:2026-03-10T10:23:05.573+0000 7f86cc0ae640 1 --2- 192.168.123.106:0/4103829537 >> [v2:192.168.123.106:3300/0,v1:192.168.123.106:6789/0] conn(0x7f86c4102360 0x7f86c4102760 secure :-1 s=READY pgs=76 cs=0 l=1 rev1=1 crypto rx=0x7f86b40099b0 tx=0x7f86b402f2b0 comp rx=0 tx=0).stop
2026-03-10T10:23:05.577 INFO:teuthology.orchestra.run.vm06.stderr:2026-03-10T10:23:05.573+0000 7f86cc0ae640 1 -- 192.168.123.106:0/4103829537 shutdown_connections
2026-03-10T10:23:05.577 INFO:teuthology.orchestra.run.vm06.stderr:2026-03-10T10:23:05.573+0000 7f86cc0ae640 1 --2- 192.168.123.106:0/4103829537 >> [v2:192.168.123.106:3300/0,v1:192.168.123.106:6789/0] conn(0x7f86c4102360 0x7f86c4102760 unknown :-1 s=CLOSED pgs=76 cs=0 l=1 rev1=1 crypto rx=0 tx=0 comp rx=0 tx=0).stop
2026-03-10T10:23:05.577 INFO:teuthology.orchestra.run.vm06.stderr:2026-03-10T10:23:05.573+0000 7f86cc0ae640 1 -- 192.168.123.106:0/4103829537 >> 192.168.123.106:0/4103829537 conn(0x7f86c40fdaf0 msgr2=0x7f86c40fff30 unknown :-1 s=STATE_NONE l=0).mark_down
2026-03-10T10:23:05.577 INFO:teuthology.orchestra.run.vm06.stderr:2026-03-10T10:23:05.573+0000 7f86cc0ae640 1 -- 192.168.123.106:0/4103829537 shutdown_connections
2026-03-10T10:23:05.577 INFO:teuthology.orchestra.run.vm06.stderr:2026-03-10T10:23:05.573+0000 7f86cc0ae640 1 -- 192.168.123.106:0/4103829537 wait complete.
2026-03-10T10:23:05.578 INFO:teuthology.orchestra.run.vm06.stderr:2026-03-10T10:23:05.573+0000 7f86cc0ae640 1 Processor -- start
2026-03-10T10:23:05.578 INFO:teuthology.orchestra.run.vm06.stderr:2026-03-10T10:23:05.573+0000 7f86cc0ae640 1 -- start start
2026-03-10T10:23:05.578 INFO:teuthology.orchestra.run.vm06.stderr:2026-03-10T10:23:05.573+0000 7f86cc0ae640 1 --2- >> [v2:192.168.123.106:3300/0,v1:192.168.123.106:6789/0] conn(0x7f86c4102360 0x7f86c4197550 unknown :-1 s=NONE pgs=0 cs=0 l=1 rev1=0 crypto rx=0 tx=0 comp rx=0 tx=0).connect
2026-03-10T10:23:05.578 INFO:teuthology.orchestra.run.vm06.stderr:2026-03-10T10:23:05.573+0000 7f86cc0ae640 1 -- --> [v2:192.168.123.106:3300/0,v1:192.168.123.106:6789/0] -- mon_getmap magic: 0 -- 0x7f86c4076cf0 con 0x7f86c4102360
2026-03-10T10:23:05.579 INFO:teuthology.orchestra.run.vm06.stderr:2026-03-10T10:23:05.573+0000 7f86c9e23640 1 --2- >> [v2:192.168.123.106:3300/0,v1:192.168.123.106:6789/0] conn(0x7f86c4102360 0x7f86c4197550 unknown :-1 s=BANNER_CONNECTING pgs=0 cs=0 l=1 rev1=0 crypto rx=0 tx=0 comp rx=0 tx=0)._handle_peer_banner_payload supported=3 required=0
2026-03-10T10:23:05.579 INFO:teuthology.orchestra.run.vm06.stderr:2026-03-10T10:23:05.573+0000 7f86c9e23640 1 --2- >> [v2:192.168.123.106:3300/0,v1:192.168.123.106:6789/0] conn(0x7f86c4102360 0x7f86c4197550 unknown :-1 s=HELLO_CONNECTING pgs=0 cs=0 l=1 rev1=1 crypto rx=0 tx=0 comp rx=0 tx=0).handle_hello peer v2:192.168.123.106:3300/0 says I am v2:192.168.123.106:55050/0 (socket says 192.168.123.106:55050)
2026-03-10T10:23:05.579 INFO:teuthology.orchestra.run.vm06.stderr:2026-03-10T10:23:05.573+0000 7f86c9e23640 1 -- 192.168.123.106:0/438729196 learned_addr learned my addr 192.168.123.106:0/438729196 (peer_addr_for_me v2:192.168.123.106:0/0)
