2026-03-10T10:22:53.029+0000 7fb5f250c640 1 -- 192.168.123.106:0/133464102 wait complete.
2026-03-10T10:22:53.070 INFO:teuthology.orchestra.run.vm06.stdout:Deploying unmanaged mgr service...
2026-03-10T10:22:53.357 INFO:teuthology.orchestra.run.vm06.stdout:/usr/bin/ceph: stdout Scheduled mgr update...
2026-03-10T10:22:53.357 INFO:teuthology.orchestra.run.vm06.stdout:/usr/bin/ceph: stderr
2026-03-10T10:22:53.193+0000 7f15954f0640 1 Processor -- start
2026-03-10T10:22:53.357 INFO:teuthology.orchestra.run.vm06.stdout:/usr/bin/ceph: stderr
2026-03-10T10:22:53.193+0000 7f15954f0640 1 -- start start
2026-03-10T10:22:53.357 INFO:teuthology.orchestra.run.vm06.stdout:/usr/bin/ceph: stderr
2026-03-10T10:22:53.193+0000 7f15954f0640 1 --2- >> [v2:192.168.123.106:3300/0,v1:192.168.123.106:6789/0] conn(0x7f1590105430 0x7f1590105830 unknown :-1 s=NONE pgs=0 cs=0 l=0 rev1=0 crypto rx=0 tx=0 comp rx=0 tx=0).connect
2026-03-10T10:22:53.357 INFO:teuthology.orchestra.run.vm06.stdout:/usr/bin/ceph: stderr
2026-03-10T10:22:53.193+0000 7f15954f0640 1 -- --> [v2:192.168.123.106:3300/0,v1:192.168.123.106:6789/0] -- mon_getmap magic: 0 -- 0x7f1590105d70 con 0x7f1590105430
2026-03-10T10:22:53.357 INFO:teuthology.orchestra.run.vm06.stdout:/usr/bin/ceph: stderr
2026-03-10T10:22:53.193+0000 7f158effd640 1 --2- >> [v2:192.168.123.106:3300/0,v1:192.168.123.106:6789/0] conn(0x7f1590105430 0x7f1590105830 unknown :-1 s=BANNER_CONNECTING pgs=0 cs=0 l=0 rev1=0 crypto rx=0 tx=0 comp rx=0 tx=0)._handle_peer_banner_payload supported=3 required=0
2026-03-10T10:22:53.357 INFO:teuthology.orchestra.run.vm06.stdout:/usr/bin/ceph: stderr
2026-03-10T10:22:53.193+0000 7f158effd640 1 --2- >> [v2:192.168.123.106:3300/0,v1:192.168.123.106:6789/0] conn(0x7f1590105430 0x7f1590105830 unknown :-1 s=HELLO_CONNECTING pgs=0 cs=0 l=0 rev1=1 crypto rx=0 tx=0 comp rx=0 tx=0).handle_hello peer v2:192.168.123.106:3300/0 says I am v2:192.168.123.106:40418/0 (socket says 192.168.123.106:40418)
2026-03-10T10:22:53.357 INFO:teuthology.orchestra.run.vm06.stdout:/usr/bin/ceph: stderr
2026-03-10T10:22:53.193+0000 7f158effd640 1 -- 192.168.123.106:0/1123789707 learned_addr learned my addr 192.168.123.106:0/1123789707 (peer_addr_for_me v2:192.168.123.106:0/0)
2026-03-10T10:22:53.357 INFO:teuthology.orchestra.run.vm06.stdout:/usr/bin/ceph: stderr
2026-03-10T10:22:53.193+0000 7f158effd640 1 -- 192.168.123.106:0/1123789707 --> [v2:192.168.123.106:3300/0,v1:192.168.123.106:6789/0] -- mon_subscribe({config=0+,monmap=0+}) -- 0x7f1590105ef0 con 0x7f1590105430
2026-03-10T10:22:53.357 INFO:teuthology.orchestra.run.vm06.stdout:/usr/bin/ceph: stderr
2026-03-10T10:22:53.197+0000 7f158effd640 1 --2- 192.168.123.106:0/1123789707 >> [v2:192.168.123.106:3300/0,v1:192.168.123.106:6789/0] conn(0x7f1590105430 0x7f1590105830 secure :-1 s=READY pgs=47 cs=0 l=1 rev1=1 crypto rx=0x7f1578009920 tx=0x7f157802ef20 comp rx=0 tx=0).ready entity=mon.0 client_cookie=27c31468d1d60bca server_cookie=0 in_seq=0 out_seq=0
2026-03-10T10:22:53.357 INFO:teuthology.orchestra.run.vm06.stdout:/usr/bin/ceph: stderr
2026-03-10T10:22:53.197+0000 7f158dffb640 1 -- 192.168.123.106:0/1123789707 <== mon.0 v2:192.168.123.106:3300/0 1 ==== mon_map magic: 0 ==== 205+0+0 (secure 0 0 0) 0x7f157803c070 con 0x7f1590105430
2026-03-10T10:22:53.357 INFO:teuthology.orchestra.run.vm06.stdout:/usr/bin/ceph: stderr
2026-03-10T10:22:53.197+0000 7f158dffb640 1 -- 192.168.123.106:0/1123789707 <== mon.0 v2:192.168.123.106:3300/0 2 ==== config(25 keys) ==== 1007+0+0 (secure 0 0 0) 0x7f1578037440 con 0x7f1590105430
2026-03-10T10:22:53.357 INFO:teuthology.orchestra.run.vm06.stdout:/usr/bin/ceph: stderr
2026-03-10T10:22:53.197+0000 7f158dffb640 1 -- 192.168.123.106:0/1123789707 <== mon.0 v2:192.168.123.106:3300/0 3 ==== mon_map magic: 0 ==== 205+0+0 (secure 0 0 0) 0x7f15780354d0 con 0x7f1590105430
2026-03-10T10:22:53.357 INFO:teuthology.orchestra.run.vm06.stdout:/usr/bin/ceph: stderr
2026-03-10T10:22:53.197+0000 7f15954f0640 1 -- 192.168.123.106:0/1123789707 >> [v2:192.168.123.106:3300/0,v1:192.168.123.106:6789/0] conn(0x7f1590105430 msgr2=0x7f1590105830 secure :-1 s=STATE_CONNECTION_ESTABLISHED l=1).mark_down
2026-03-10T10:22:53.357 INFO:teuthology.orchestra.run.vm06.stdout:/usr/bin/ceph: stderr
2026-03-10T10:22:53.197+0000 7f15954f0640 1 --2- 192.168.123.106:0/1123789707 >> [v2:192.168.123.106:3300/0,v1:192.168.123.106:6789/0] conn(0x7f1590105430 0x7f1590105830 secure :-1 s=READY pgs=47 cs=0 l=1 rev1=1 crypto rx=0x7f1578009920 tx=0x7f157802ef20 comp rx=0 tx=0).stop
2026-03-10T10:22:53.357 INFO:teuthology.orchestra.run.vm06.stdout:/usr/bin/ceph: stderr
2026-03-10T10:22:53.197+0000 7f15954f0640 1 -- 192.168.123.106:0/1123789707 shutdown_connections
2026-03-10T10:22:53.357 INFO:teuthology.orchestra.run.vm06.stdout:/usr/bin/ceph: stderr
2026-03-10T10:22:53.197+0000 7f15954f0640 1 --2- 192.168.123.106:0/1123789707 >> [v2:192.168.123.106:3300/0,v1:192.168.123.106:6789/0] conn(0x7f1590105430 0x7f1590105830 unknown :-1 s=CLOSED pgs=47 cs=0 l=1 rev1=1 crypto rx=0 tx=0 comp rx=0 tx=0).stop
2026-03-10T10:22:53.357 INFO:teuthology.orchestra.run.vm06.stdout:/usr/bin/ceph: stderr
2026-03-10T10:22:53.197+0000 7f15954f0640 1 -- 192.168.123.106:0/1123789707 >> 192.168.123.106:0/1123789707 conn(0x7f1590101080 msgr2=0x7f1590103500 unknown :-1 s=STATE_NONE l=0).mark_down
2026-03-10T10:22:53.357 INFO:teuthology.orchestra.run.vm06.stdout:/usr/bin/ceph: stderr
2026-03-10T10:22:53.197+0000 7f15954f0640 1 -- 192.168.123.106:0/1123789707 shutdown_connections
2026-03-10T10:22:53.357 INFO:teuthology.orchestra.run.vm06.stdout:/usr/bin/ceph: stderr
2026-03-10T10:22:53.197+0000 7f15954f0640 1 -- 192.168.123.106:0/1123789707 wait complete.
2026-03-10T10:22:53.357 INFO:teuthology.orchestra.run.vm06.stdout:/usr/bin/ceph: stderr
2026-03-10T10:22:53.197+0000 7f15954f0640 1 Processor -- start
2026-03-10T10:22:53.357 INFO:teuthology.orchestra.run.vm06.stdout:/usr/bin/ceph: stderr
2026-03-10T10:22:53.197+0000 7f15954f0640 1 -- start start
2026-03-10T10:22:53.357 INFO:teuthology.orchestra.run.vm06.stdout:/usr/bin/ceph: stderr
2026-03-10T10:22:53.197+0000 7f15954f0640 1 --2- >> [v2:192.168.123.106:3300/0,v1:192.168.123.106:6789/0] conn(0x7f1590105430 0x7f159019d690 unknown :-1 s=NONE pgs=0 cs=0 l=1 rev1=0 crypto rx=0 tx=0 comp rx=0 tx=0).connect
2026-03-10T10:22:53.357 INFO:teuthology.orchestra.run.vm06.stdout:/usr/bin/ceph: stderr
2026-03-10T10:22:53.197+0000 7f15954f0640 1 -- --> [v2:192.168.123.106:3300/0,v1:192.168.123.106:6789/0] -- mon_getmap magic: 0 -- 0x7f159010b9a0 con 0x7f1590105430
2026-03-10T10:22:53.357 INFO:teuthology.orchestra.run.vm06.stdout:/usr/bin/ceph: stderr
2026-03-10T10:22:53.197+0000 7f158effd640 1 --2- >> [v2:192.168.123.106:3300/0,v1:192.168.123.106:6789/0] conn(0x7f1590105430 0x7f159019d690 unknown :-1 s=BANNER_CONNECTING pgs=0 cs=0 l=1 rev1=0 crypto rx=0 tx=0 comp rx=0 tx=0)._handle_peer_banner_payload supported=3 required=0
2026-03-10T10:22:53.357 INFO:teuthology.orchestra.run.vm06.stdout:/usr/bin/ceph: stderr
2026-03-10T10:22:53.197+0000 7f158effd640 1 --2- >> [v2:192.168.123.106:3300/0,v1:192.168.123.106:6789/0] conn(0x7f1590105430 0x7f159019d690 unknown :-1 s=HELLO_CONNECTING pgs=0 cs=0 l=1 rev1=1 crypto rx=0 tx=0 comp rx=0 tx=0).handle_hello peer v2:192.168.123.106:3300/0 says I am v2:192.168.123.106:40434/0 (socket says 192.168.123.106:40434)
2026-03-10T10:22:53.357 INFO:teuthology.orchestra.run.vm06.stdout:/usr/bin/ceph: stderr
2026-03-10T10:22:53.197+0000 7f158effd640 1 -- 192.168.123.106:0/174254915 learned_addr learned my addr 192.168.123.106:0/174254915 (peer_addr_for_me v2:192.168.123.106:0/0)
2026-03-10T10:22:53.357 INFO:teuthology.orchestra.run.vm06.stdout:/usr/bin/ceph: stderr
2026-03-10T10:22:53.197+0000 7f158effd640 1 -- 192.168.123.106:0/174254915 --> [v2:192.168.123.106:3300/0,v1:192.168.123.106:6789/0] -- mon_subscribe({config=0+,monmap=0+}) -- 0x7f159019dbd0 con 0x7f1590105430
2026-03-10T10:22:53.357 INFO:teuthology.orchestra.run.vm06.stdout:/usr/bin/ceph: stderr
2026-03-10T10:22:53.197+0000 7f158effd640 1 --2- 192.168.123.106:0/174254915 >> [v2:192.168.123.106:3300/0,v1:192.168.123.106:6789/0] conn(0x7f1590105430 0x7f159019d690 secure :-1 s=READY pgs=48 cs=0 l=1 rev1=1 crypto rx=0x7f1578002410 tx=0x7f1578035e10 comp rx=0 tx=0).ready entity=mon.0 client_cookie=0 server_cookie=0 in_seq=0 out_seq=0
2026-03-10T10:22:53.357 INFO:teuthology.orchestra.run.vm06.stdout:/usr/bin/ceph: stderr
2026-03-10T10:22:53.197+0000 7f156ffff640 1 -- 192.168.123.106:0/174254915 <== mon.0 v2:192.168.123.106:3300/0 1 ==== mon_map magic: 0 ==== 205+0+0 (secure 0 0 0) 0x7f1578045070 con 0x7f1590105430
2026-03-10T10:22:53.357 INFO:teuthology.orchestra.run.vm06.stdout:/usr/bin/ceph: stderr
2026-03-10T10:22:53.197+0000 7f156ffff640 1 -- 192.168.123.106:0/174254915 <== mon.0 v2:192.168.123.106:3300/0 2 ==== config(25 keys) ==== 1007+0+0 (secure 0 0 0) 0x7f1578040450 con 0x7f1590105430
2026-03-10T10:22:53.358 INFO:teuthology.orchestra.run.vm06.stdout:/usr/bin/ceph: stderr
2026-03-10T10:22:53.197+0000 7f156ffff640 1 -- 192.168.123.106:0/174254915 <== mon.0 v2:192.168.123.106:3300/0 3 ==== mon_map magic: 0 ==== 205+0+0 (secure 0 0 0) 0x7f157803c070 con 0x7f1590105430
2026-03-10T10:22:53.358 INFO:teuthology.orchestra.run.vm06.stdout:/usr/bin/ceph: stderr
2026-03-10T10:22:53.197+0000 7f15954f0640 1 -- 192.168.123.106:0/174254915 --> [v2:192.168.123.106:3300/0,v1:192.168.123.106:6789/0] -- mon_subscribe({mgrmap=0+}) -- 0x7f159019de60 con 0x7f1590105430
2026-03-10T10:22:53.358 INFO:teuthology.orchestra.run.vm06.stdout:/usr/bin/ceph: stderr
2026-03-10T10:22:53.197+0000 7f15954f0640 1 -- 192.168.123.106:0/174254915 --> [v2:192.168.123.106:3300/0,v1:192.168.123.106:6789/0] -- mon_subscribe({osdmap=0}) -- 0x7f15901a0b50 con 0x7f1590105430
2026-03-10T10:22:53.358 INFO:teuthology.orchestra.run.vm06.stdout:/usr/bin/ceph: stderr
2026-03-10T10:22:53.201+0000 7f156ffff640 1 -- 192.168.123.106:0/174254915 <== mon.0 v2:192.168.123.106:3300/0 4 ==== mgrmap(e 8) ==== 50247+0+0 (secure 0 0 0) 0x7f157803e4e0 con 0x7f1590105430
2026-03-10T10:22:53.358 INFO:teuthology.orchestra.run.vm06.stdout:/usr/bin/ceph: stderr
2026-03-10T10:22:53.201+0000 7f15954f0640 1 -- 192.168.123.106:0/174254915 --> [v2:192.168.123.106:3300/0,v1:192.168.123.106:6789/0] -- mon_command({"prefix": "get_command_descriptions"} v 0) -- 0x7f1554005390 con 0x7f1590105430
2026-03-10T10:22:53.358 INFO:teuthology.orchestra.run.vm06.stdout:/usr/bin/ceph: stderr
2026-03-10T10:22:53.201+0000 7f156ffff640 1 --2- 192.168.123.106:0/174254915 >> [v2:192.168.123.106:6800/4004663633,v1:192.168.123.106:6801/4004663633] conn(0x7f156403dc40 0x7f1564040100 unknown :-1 s=NONE pgs=0 cs=0 l=1 rev1=0 crypto rx=0 tx=0 comp rx=0 tx=0).connect
2026-03-10T10:22:53.358 INFO:teuthology.orchestra.run.vm06.stdout:/usr/bin/ceph: stderr
2026-03-10T10:22:53.201+0000 7f158e7fc640 1 --2- 192.168.123.106:0/174254915 >> [v2:192.168.123.106:6800/4004663633,v1:192.168.123.106:6801/4004663633] conn(0x7f156403dc40 0x7f1564040100 unknown :-1 s=BANNER_CONNECTING pgs=0 cs=0 l=1 rev1=0 crypto rx=0 tx=0 comp rx=0 tx=0)._handle_peer_banner_payload supported=3 required=0
2026-03-10T10:22:53.358 INFO:teuthology.orchestra.run.vm06.stdout:/usr/bin/ceph: stderr
2026-03-10T10:22:53.201+0000 7f156ffff640 1 -- 192.168.123.106:0/174254915 <== mon.0 v2:192.168.123.106:3300/0 5 ==== osd_map(2..2 src has 1..2) ==== 940+0+0 (secure 0 0 0) 0x7f1578076840 con 0x7f1590105430
2026-03-10T10:22:53.358 INFO:teuthology.orchestra.run.vm06.stdout:/usr/bin/ceph: stderr
2026-03-10T10:22:53.201+0000 7f158e7fc640 1 --2- 192.168.123.106:0/174254915 >> [v2:192.168.123.106:6800/4004663633,v1:192.168.123.106:6801/4004663633] conn(0x7f156403dc40 0x7f1564040100 secure :-1 s=READY pgs=13 cs=0 l=1 rev1=1 crypto rx=0x7f1584009a10 tx=0x7f1584006eb0 comp rx=0 tx=0).ready entity=mgr.14118 client_cookie=0 server_cookie=0 in_seq=0 out_seq=0
2026-03-10T10:22:53.358 INFO:teuthology.orchestra.run.vm06.stdout:/usr/bin/ceph: stderr
2026-03-10T10:22:53.201+0000 7f156ffff640 1 -- 192.168.123.106:0/174254915 <== mon.0 v2:192.168.123.106:3300/0 6 ==== mon_command_ack([{"prefix": "get_command_descriptions"}]=0 v0) ==== 72+0+195034 (secure 0 0 0) 0x7f1578045210 con 0x7f1590105430
2026-03-10T10:22:53.358 INFO:teuthology.orchestra.run.vm06.stdout:/usr/bin/ceph: stderr
2026-03-10T10:22:53.301+0000 7f15954f0640 1 -- 192.168.123.106:0/174254915 --> [v2:192.168.123.106:6800/4004663633,v1:192.168.123.106:6801/4004663633] -- mgr_command(tid 0: {"prefix": "orch apply", "service_type": "mgr", "unmanaged": true, "target": ["mon-mgr", ""]}) -- 0x7f1554002bf0 con 0x7f156403dc40
2026-03-10T10:22:53.358 INFO:teuthology.orchestra.run.vm06.stdout:/usr/bin/ceph: stderr
2026-03-10T10:22:53.305+0000 7f156ffff640 1 -- 192.168.123.106:0/174254915 <== mgr.14118 v2:192.168.123.106:6800/4004663633 1 ==== mgr_command_reply(tid 0: 0 ) ==== 8+0+24 (secure 0 0 0) 0x7f1554002bf0 con 0x7f156403dc40
2026-03-10T10:22:53.358 INFO:teuthology.orchestra.run.vm06.stdout:/usr/bin/ceph: stderr
2026-03-10T10:22:53.309+0000 7f15954f0640 1 -- 192.168.123.106:0/174254915 >> [v2:192.168.123.106:6800/4004663633,v1:192.168.123.106:6801/4004663633] conn(0x7f156403dc40 msgr2=0x7f1564040100 secure :-1 s=STATE_CONNECTION_ESTABLISHED l=1).mark_down
2026-03-10T10:22:53.358 INFO:teuthology.orchestra.run.vm06.stdout:/usr/bin/ceph: stderr
2026-03-10T10:22:53.309+0000 7f15954f0640 1 --2- 192.168.123.106:0/174254915 >> [v2:192.168.123.106:6800/4004663633,v1:192.168.123.106:6801/4004663633] conn(0x7f156403dc40 0x7f1564040100 secure :-1 s=READY pgs=13 cs=0 l=1 rev1=1 crypto rx=0x7f1584009a10 tx=0x7f1584006eb0 comp rx=0 tx=0).stop
2026-03-10T10:22:53.358 INFO:teuthology.orchestra.run.vm06.stdout:/usr/bin/ceph: stderr
2026-03-10T10:22:53.309+0000 7f15954f0640 1 -- 192.168.123.106:0/174254915 >> [v2:192.168.123.106:3300/0,v1:192.168.123.106:6789/0] conn(0x7f1590105430 msgr2=0x7f159019d690 secure :-1 s=STATE_CONNECTION_ESTABLISHED l=1).mark_down
2026-03-10T10:22:53.358 INFO:teuthology.orchestra.run.vm06.stdout:/usr/bin/ceph: stderr
2026-03-10T10:22:53.309+0000 7f15954f0640 1 --2- 192.168.123.106:0/174254915 >> [v2:192.168.123.106:3300/0,v1:192.168.123.106:6789/0] conn(0x7f1590105430 0x7f159019d690 secure :-1 s=READY pgs=48 cs=0 l=1 rev1=1 crypto rx=0x7f1578002410 tx=0x7f1578035e10 comp rx=0 tx=0).stop
2026-03-10T10:22:53.358 INFO:teuthology.orchestra.run.vm06.stdout:/usr/bin/ceph: stderr
2026-03-10T10:22:53.309+0000 7f15954f0640 1 -- 192.168.123.106:0/174254915 shutdown_connections
2026-03-10T10:22:53.358 INFO:teuthology.orchestra.run.vm06.stdout:/usr/bin/ceph: stderr
2026-03-10T10:22:53.309+0000 7f15954f0640 1 --2- 192.168.123.106:0/174254915 >> [v2:192.168.123.106:6800/4004663633,v1:192.168.123.106:6801/4004663633] conn(0x7f156403dc40 0x7f1564040100 unknown :-1 s=CLOSED pgs=13 cs=0 l=1 rev1=1 crypto rx=0 tx=0 comp rx=0 tx=0).stop
2026-03-10T10:22:53.358 INFO:teuthology.orchestra.run.vm06.stdout:/usr/bin/ceph: stderr
2026-03-10T10:22:53.309+0000 7f15954f0640 1 --2- 192.168.123.106:0/174254915 >> [v2:192.168.123.106:3300/0,v1:192.168.123.106:6789/0] conn(0x7f1590105430 0x7f159019d690 unknown :-1 s=CLOSED pgs=48 cs=0 l=1 rev1=1 crypto rx=0 tx=0 comp rx=0 tx=0).stop
2026-03-10T10:22:53.358 INFO:teuthology.orchestra.run.vm06.stdout:/usr/bin/ceph: stderr
2026-03-10T10:22:53.309+0000 7f15954f0640 1 -- 192.168.123.106:0/174254915 >> 192.168.123.106:0/174254915 conn(0x7f1590101080 msgr2=0x7f1590101dd0 unknown :-1 s=STATE_NONE l=0).mark_down
2026-03-10T10:22:53.358 INFO:teuthology.orchestra.run.vm06.stdout:/usr/bin/ceph: stderr
2026-03-10T10:22:53.309+0000 7f15954f0640 1 -- 192.168.123.106:0/174254915 shutdown_connections
2026-03-10T10:22:53.358 INFO:teuthology.orchestra.run.vm06.stdout:/usr/bin/ceph: stderr
2026-03-10T10:22:53.309+0000 7f15954f0640 1 -- 192.168.123.106:0/174254915 wait complete.
2026-03-10T10:22:53.635 INFO:teuthology.orchestra.run.vm06.stdout:/usr/bin/ceph: stderr
2026-03-10T10:22:53.469+0000 7fed523bf640 1 Processor -- start
2026-03-10T10:22:53.635 INFO:teuthology.orchestra.run.vm06.stdout:/usr/bin/ceph: stderr
2026-03-10T10:22:53.469+0000 7fed523bf640 1 -- start start
2026-03-10T10:22:53.635 INFO:teuthology.orchestra.run.vm06.stdout:/usr/bin/ceph: stderr
2026-03-10T10:22:53.469+0000 7fed523bf640 1 --2- >> [v2:192.168.123.106:3300/0,v1:192.168.123.106:6789/0] conn(0x7fed4c105930 0x7fed4c105d30 unknown :-1 s=NONE pgs=0 cs=0 l=0 rev1=0 crypto rx=0 tx=0 comp rx=0 tx=0).connect
2026-03-10T10:22:53.635 INFO:teuthology.orchestra.run.vm06.stdout:/usr/bin/ceph: stderr
2026-03-10T10:22:53.469+0000 7fed523bf640 1 -- --> [v2:192.168.123.106:3300/0,v1:192.168.123.106:6789/0] -- mon_getmap magic: 0 -- 0x7fed4c106300 con 0x7fed4c105930
2026-03-10T10:22:53.635 INFO:teuthology.orchestra.run.vm06.stdout:/usr/bin/ceph: stderr
2026-03-10T10:22:53.469+0000 7fed4bfff640 1 --2- >> [v2:192.168.123.106:3300/0,v1:192.168.123.106:6789/0] conn(0x7fed4c105930 0x7fed4c105d30 unknown :-1 s=BANNER_CONNECTING pgs=0 cs=0 l=0 rev1=0 crypto rx=0 tx=0 comp rx=0 tx=0)._handle_peer_banner_payload supported=3 required=0
2026-03-10T10:22:53.635 INFO:teuthology.orchestra.run.vm06.stdout:/usr/bin/ceph: stderr
2026-03-10T10:22:53.469+0000 7fed4bfff640 1 --2- >> [v2:192.168.123.106:3300/0,v1:192.168.123.106:6789/0] conn(0x7fed4c105930 0x7fed4c105d30 unknown :-1 s=HELLO_CONNECTING pgs=0 cs=0 l=0 rev1=1 crypto rx=0 tx=0 comp rx=0 tx=0).handle_hello peer v2:192.168.123.106:3300/0 says I am v2:192.168.123.106:40446/0 (socket says 192.168.123.106:40446)
2026-03-10T10:22:53.635 INFO:teuthology.orchestra.run.vm06.stdout:/usr/bin/ceph: stderr
2026-03-10T10:22:53.469+0000 7fed4bfff640 1 -- 192.168.123.106:0/1457356934 learned_addr learned my addr 192.168.123.106:0/1457356934 (peer_addr_for_me v2:192.168.123.106:0/0)
2026-03-10T10:22:53.636 INFO:teuthology.orchestra.run.vm06.stdout:/usr/bin/ceph: stderr
2026-03-10T10:22:53.469+0000 7fed4bfff640 1 -- 192.168.123.106:0/1457356934 --> [v2:192.168.123.106:3300/0,v1:192.168.123.106:6789/0] -- mon_subscribe({config=0+,monmap=0+}) -- 0x7fed4c0695f0 con 0x7fed4c105930
2026-03-10T10:22:53.636 INFO:teuthology.orchestra.run.vm06.stdout:/usr/bin/ceph: stderr
2026-03-10T10:22:53.469+0000 7fed4bfff640 1 --2- 192.168.123.106:0/1457356934 >> [v2:192.168.123.106:3300/0,v1:192.168.123.106:6789/0] conn(0x7fed4c105930 0x7fed4c105d30 secure :-1 s=READY pgs=49 cs=0 l=1 rev1=1 crypto rx=0x7fed38009b80 tx=0x7fed3802f190 comp rx=0 tx=0).ready entity=mon.0 client_cookie=40be3007098ec008 server_cookie=0 in_seq=0 out_seq=0
2026-03-10T10:22:53.636 INFO:teuthology.orchestra.run.vm06.stdout:/usr/bin/ceph: stderr
2026-03-10T10:22:53.469+0000 7fed4affd640 1 -- 192.168.123.106:0/1457356934 <== mon.0 v2:192.168.123.106:3300/0 1 ==== mon_map magic: 0 ==== 205+0+0 (secure 0 0 0) 0x7fed3803c070 con 0x7fed4c105930
2026-03-10T10:22:53.636 INFO:teuthology.orchestra.run.vm06.stdout:/usr/bin/ceph: stderr
2026-03-10T10:22:53.469+0000 7fed4affd640 1 -- 192.168.123.106:0/1457356934 <== mon.0 v2:192.168.123.106:3300/0 2 ==== config(25 keys) ==== 1007+0+0 (secure 0 0 0) 0x7fed38037440 con 0x7fed4c105930
2026-03-10T10:22:53.636 INFO:teuthology.orchestra.run.vm06.stdout:/usr/bin/ceph: stderr
2026-03-10T10:22:53.469+0000 7fed523bf640 1 -- 192.168.123.106:0/1457356934 >> [v2:192.168.123.106:3300/0,v1:192.168.123.106:6789/0] conn(0x7fed4c105930 msgr2=0x7fed4c105d30 secure :-1 s=STATE_CONNECTION_ESTABLISHED l=1).mark_down
2026-03-10T10:22:53.636 INFO:teuthology.orchestra.run.vm06.stdout:/usr/bin/ceph: stderr
2026-03-10T10:22:53.469+0000 7fed523bf640 1 --2- 192.168.123.106:0/1457356934 >> [v2:192.168.123.106:3300/0,v1:192.168.123.106:6789/0] conn(0x7fed4c105930 0x7fed4c105d30 secure :-1 s=READY pgs=49 cs=0 l=1 rev1=1 crypto rx=0x7fed38009b80 tx=0x7fed3802f190 comp rx=0 tx=0).stop
2026-03-10T10:22:53.636 INFO:teuthology.orchestra.run.vm06.stdout:/usr/bin/ceph: stderr
2026-03-10T10:22:53.469+0000 7fed523bf640 1 -- 192.168.123.106:0/1457356934 shutdown_connections
2026-03-10T10:22:53.636 INFO:teuthology.orchestra.run.vm06.stdout:/usr/bin/ceph: stderr
2026-03-10T10:22:53.469+0000 7fed523bf640 1 --2- 192.168.123.106:0/1457356934 >> [v2:192.168.123.106:3300/0,v1:192.168.123.106:6789/0] conn(0x7fed4c105930 0x7fed4c105d30 unknown :-1 s=CLOSED pgs=49 cs=0 l=1 rev1=1 crypto rx=0 tx=0 comp rx=0 tx=0).stop
2026-03-10T10:22:53.636 INFO:teuthology.orchestra.run.vm06.stdout:/usr/bin/ceph: stderr
2026-03-10T10:22:53.469+0000 7fed523bf640 1 -- 192.168.123.106:0/1457356934 >> 192.168.123.106:0/1457356934 conn(0x7fed4c101080 msgr2=0x7fed4c103500 unknown :-1 s=STATE_NONE l=0).mark_down
2026-03-10T10:22:53.636 INFO:teuthology.orchestra.run.vm06.stdout:/usr/bin/ceph: stderr
2026-03-10T10:22:53.473+0000 7fed523bf640 1 -- 192.168.123.106:0/1457356934 shutdown_connections
2026-03-10T10:22:53.636 INFO:teuthology.orchestra.run.vm06.stdout:/usr/bin/ceph: stderr
2026-03-10T10:22:53.473+0000 7fed523bf640 1 -- 192.168.123.106:0/1457356934 wait complete.
2026-03-10T10:22:53.636 INFO:teuthology.orchestra.run.vm06.stdout:/usr/bin/ceph: stderr
2026-03-10T10:22:53.473+0000 7fed523bf640 1 Processor -- start
2026-03-10T10:22:53.636 INFO:teuthology.orchestra.run.vm06.stdout:/usr/bin/ceph: stderr
2026-03-10T10:22:53.473+0000 7fed523bf640 1 -- start start
2026-03-10T10:22:53.636 INFO:teuthology.orchestra.run.vm06.stdout:/usr/bin/ceph: stderr
2026-03-10T10:22:53.473+0000 7fed523bf640 1 --2- >> [v2:192.168.123.106:3300/0,v1:192.168.123.106:6789/0] conn(0x7fed4c105930 0x7fed4c19f890 unknown :-1 s=NONE pgs=0 cs=0 l=1 rev1=0 crypto rx=0 tx=0 comp rx=0 tx=0).connect
2026-03-10T10:22:53.636 INFO:teuthology.orchestra.run.vm06.stdout:/usr/bin/ceph: stderr
2026-03-10T10:22:53.473+0000 7fed523bf640 1 -- --> [v2:192.168.123.106:3300/0,v1:192.168.123.106:6789/0] -- mon_getmap magic: 0 -- 0x7fed4c107550 con 0x7fed4c105930
2026-03-10T10:22:53.636 INFO:teuthology.orchestra.run.vm06.stdout:/usr/bin/ceph: stderr
2026-03-10T10:22:53.473+0000 7fed4bfff640 1 --2- >> [v2:192.168.123.106:3300/0,v1:192.168.123.106:6789/0] conn(0x7fed4c105930 0x7fed4c19f890 unknown :-1 s=BANNER_CONNECTING pgs=0 cs=0 l=1 rev1=0 crypto rx=0 tx=0 comp rx=0 tx=0)._handle_peer_banner_payload supported=3 required=0
2026-03-10T10:22:53.636 INFO:teuthology.orchestra.run.vm06.stdout:/usr/bin/ceph: stderr
2026-03-10T10:22:53.473+0000 7fed4bfff640 1 --2- >> [v2:192.168.123.106:3300/0,v1:192.168.123.106:6789/0] conn(0x7fed4c105930 0x7fed4c19f890 unknown :-1 s=HELLO_CONNECTING pgs=0 cs=0 l=1 rev1=1 crypto rx=0 tx=0 comp rx=0 tx=0).handle_hello peer v2:192.168.123.106:3300/0 says I am v2:192.168.123.106:40448/0 (socket says 192.168.123.106:40448)
2026-03-10T10:22:53.636 INFO:teuthology.orchestra.run.vm06.stdout:/usr/bin/ceph: stderr
2026-03-10T10:22:53.473+0000 7fed4bfff640 1 -- 192.168.123.106:0/2683013700 learned_addr learned my addr 192.168.123.106:0/2683013700 (peer_addr_for_me v2:192.168.123.106:0/0)
2026-03-10T10:22:53.636 INFO:teuthology.orchestra.run.vm06.stdout:/usr/bin/ceph: stderr
2026-03-10T10:22:53.473+0000 7fed4bfff640 1 -- 192.168.123.106:0/2683013700 --> [v2:192.168.123.106:3300/0,v1:192.168.123.106:6789/0] -- mon_subscribe({config=0+,monmap=0+}) -- 0x7fed4c19fdd0 con 0x7fed4c105930
2026-03-10T10:22:53.636 INFO:teuthology.orchestra.run.vm06.stdout:/usr/bin/ceph: stderr
2026-03-10T10:22:53.473+0000 7fed4bfff640 1 --2- 192.168.123.106:0/2683013700 >> [v2:192.168.123.106:3300/0,v1:192.168.123.106:6789/0] conn(0x7fed4c105930 0x7fed4c19f890 secure :-1 s=READY pgs=50 cs=0 l=1 rev1=1 crypto rx=0x7fed3803a040 tx=0x7fed380042e0 comp rx=0 tx=0).ready entity=mon.0 client_cookie=0 server_cookie=0 in_seq=0 out_seq=0
2026-03-10T10:22:53.636 INFO:teuthology.orchestra.run.vm06.stdout:/usr/bin/ceph: stderr
2026-03-10T10:22:53.473+0000 7fed497fa640 1 -- 192.168.123.106:0/2683013700 <== mon.0 v2:192.168.123.106:3300/0 1 ==== mon_map magic: 0 ==== 205+0+0 (secure 0 0 0) 0x7fed3803c070 con 0x7fed4c105930
2026-03-10T10:22:53.636 INFO:teuthology.orchestra.run.vm06.stdout:/usr/bin/ceph: stderr
2026-03-10T10:22:53.473+0000 7fed497fa640 1 -- 192.168.123.106:0/2683013700 <== mon.0 v2:192.168.123.106:3300/0 2 ==== config(25 keys) ==== 1007+0+0 (secure 0 0 0) 0x7fed38044070 con 0x7fed4c105930
2026-03-10T10:22:53.636 INFO:teuthology.orchestra.run.vm06.stdout:/usr/bin/ceph: stderr
2026-03-10T10:22:53.473+0000 7fed497fa640 1 -- 192.168.123.106:0/2683013700 <== mon.0 v2:192.168.123.106:3300/0 3 ==== mon_map magic: 0 ==== 205+0+0 (secure 0 0 0) 0x7fed38035970 con 0x7fed4c105930
2026-03-10T10:22:53.636 INFO:teuthology.orchestra.run.vm06.stdout:/usr/bin/ceph: stderr
2026-03-10T10:22:53.473+0000 7fed523bf640 1 -- 192.168.123.106:0/2683013700 --> [v2:192.168.123.106:3300/0,v1:192.168.123.106:6789/0] -- mon_subscribe({mgrmap=0+}) -- 0x7fed4c1a0060 con 0x7fed4c105930
2026-03-10T10:22:53.636 INFO:teuthology.orchestra.run.vm06.stdout:/usr/bin/ceph: stderr
2026-03-10T10:22:53.473+0000 7fed523bf640 1 -- 192.168.123.106:0/2683013700 --> [v2:192.168.123.106:3300/0,v1:192.168.123.106:6789/0] -- mon_subscribe({osdmap=0}) -- 0x7fed4c1a2d50 con 0x7fed4c105930
2026-03-10T10:22:53.636 INFO:teuthology.orchestra.run.vm06.stdout:/usr/bin/ceph: stderr
2026-03-10T10:22:53.473+0000 7fed523bf640 1 -- 192.168.123.106:0/2683013700 --> [v2:192.168.123.106:3300/0,v1:192.168.123.106:6789/0] -- mon_command({"prefix": "get_command_descriptions"} v 0) -- 0x7fed18005390 con 0x7fed4c105930
2026-03-10T10:22:53.636 INFO:teuthology.orchestra.run.vm06.stdout:/usr/bin/ceph: stderr
2026-03-10T10:22:53.477+0000 7fed497fa640 1 -- 192.168.123.106:0/2683013700 <== mon.0 v2:192.168.123.106:3300/0 4 ==== mgrmap(e 8) ==== 50247+0+0 (secure 0 0 0) 0x7fed38035b10 con 0x7fed4c105930
2026-03-10T10:22:53.636 INFO:teuthology.orchestra.run.vm06.stdout:/usr/bin/ceph: stderr
2026-03-10T10:22:53.477+0000 7fed497fa640 1 --2- 192.168.123.106:0/2683013700 >> [v2:192.168.123.106:6800/4004663633,v1:192.168.123.106:6801/4004663633] conn(0x7fed2003d8d0 0x7fed2003fd90 unknown :-1 s=NONE pgs=0 cs=0 l=1 rev1=0 crypto rx=0 tx=0 comp rx=0 tx=0).connect
2026-03-10T10:22:53.636 INFO:teuthology.orchestra.run.vm06.stdout:/usr/bin/ceph: stderr
2026-03-10T10:22:53.477+0000 7fed4b7fe640 1 --2- 192.168.123.106:0/2683013700 >> [v2:192.168.123.106:6800/4004663633,v1:192.168.123.106:6801/4004663633] conn(0x7fed2003d8d0 0x7fed2003fd90 unknown :-1 s=BANNER_CONNECTING pgs=0 cs=0 l=1 rev1=0 crypto rx=0 tx=0 comp rx=0 tx=0)._handle_peer_banner_payload supported=3 required=0
2026-03-10T10:22:53.636 INFO:teuthology.orchestra.run.vm06.stdout:/usr/bin/ceph: stderr
2026-03-10T10:22:53.477+0000 7fed497fa640 1 -- 192.168.123.106:0/2683013700 <== mon.0 v2:192.168.123.106:3300/0 5 ==== osd_map(2..2 src has 1..2) ==== 940+0+0 (secure 0 0 0) 0x7fed38075f30 con 0x7fed4c105930
2026-03-10T10:22:53.636 INFO:teuthology.orchestra.run.vm06.stdout:/usr/bin/ceph: stderr
2026-03-10T10:22:53.477+0000 7fed4b7fe640 1 --2- 192.168.123.106:0/2683013700 >> [v2:192.168.123.106:6800/4004663633,v1:192.168.123.106:6801/4004663633] conn(0x7fed2003d8d0 0x7fed2003fd90 secure :-1 s=READY pgs=14 cs=0 l=1 rev1=1 crypto rx=0x7fed3c0099c0 tx=0x7fed3c006eb0 comp rx=0 tx=0).ready entity=mgr.14118 client_cookie=0 server_cookie=0 in_seq=0 out_seq=0
2026-03-10T10:22:53.636 INFO:teuthology.orchestra.run.vm06.stdout:/usr/bin/ceph: stderr
2026-03-10T10:22:53.477+0000 7fed497fa640 1 -- 192.168.123.106:0/2683013700 <== mon.0 v2:192.168.123.106:3300/0 6 ==== mon_command_ack([{"prefix": "get_command_descriptions"}]=0 v0) ==== 72+0+195034 (secure 0 0 0) 0x7fed3807a530 con 0x7fed4c105930
2026-03-10T10:22:53.636 INFO:teuthology.orchestra.run.vm06.stdout:/usr/bin/ceph: stderr
2026-03-10T10:22:53.573+0000 7fed523bf640 1 -- 192.168.123.106:0/2683013700 --> [v2:192.168.123.106:3300/0,v1:192.168.123.106:6789/0] -- mon_command([{prefix=config set, name=mgr/cephadm/container_init}] v 0) -- 0x7fed18005680 con 0x7fed4c105930
2026-03-10T10:22:53.636 INFO:teuthology.orchestra.run.vm06.stdout:/usr/bin/ceph: stderr
2026-03-10T10:22:53.581+0000 7fed497fa640 1 -- 192.168.123.106:0/2683013700 <== mon.0 v2:192.168.123.106:3300/0 7 ==== mon_command_ack([{prefix=config set, name=mgr/cephadm/container_init}]=0 v6)=0 v6) ==== 142+0+0 (secure 0 0 0) 0x7fed3803e350 con 0x7fed4c105930
2026-03-10T10:22:53.636 INFO:teuthology.orchestra.run.vm06.stdout:/usr/bin/ceph: stderr
2026-03-10T10:22:53.585+0000 7fed523bf640 1 -- 192.168.123.106:0/2683013700 >> [v2:192.168.123.106:6800/4004663633,v1:192.168.123.106:6801/4004663633] conn(0x7fed2003d8d0 msgr2=0x7fed2003fd90 secure :-1 s=STATE_CONNECTION_ESTABLISHED l=1).mark_down
2026-03-10T10:22:53.636 INFO:teuthology.orchestra.run.vm06.stdout:/usr/bin/ceph: stderr
2026-03-10T10:22:53.585+0000 7fed523bf640 1 --2- 192.168.123.106:0/2683013700 >> [v2:192.168.123.106:6800/4004663633,v1:192.168.123.106:6801/4004663633] conn(0x7fed2003d8d0 0x7fed2003fd90 secure :-1 s=READY pgs=14 cs=0 l=1 rev1=1 crypto rx=0x7fed3c0099c0 tx=0x7fed3c006eb0 comp rx=0 tx=0).stop
2026-03-10T10:22:53.636 INFO:teuthology.orchestra.run.vm06.stdout:/usr/bin/ceph: stderr
2026-03-10T10:22:53.585+0000 7fed523bf640 1 -- 192.168.123.106:0/2683013700 >> [v2:192.168.123.106:3300/0,v1:192.168.123.106:6789/0] conn(0x7fed4c105930 msgr2=0x7fed4c19f890 secure :-1 s=STATE_CONNECTION_ESTABLISHED l=1).mark_down
2026-03-10T10:22:53.636 INFO:teuthology.orchestra.run.vm06.stdout:/usr/bin/ceph: stderr
2026-03-10T10:22:53.585+0000 7fed523bf640 1 --2- 192.168.123.106:0/2683013700 >> [v2:192.168.123.106:3300/0,v1:192.168.123.106:6789/0] conn(0x7fed4c105930 0x7fed4c19f890 secure :-1 s=READY pgs=50 cs=0 l=1 rev1=1 crypto rx=0x7fed3803a040 tx=0x7fed380042e0 comp rx=0 tx=0).stop
2026-03-10T10:22:53.636 INFO:teuthology.orchestra.run.vm06.stdout:/usr/bin/ceph: stderr
2026-03-10T10:22:53.585+0000 7fed523bf640 1 -- 192.168.123.106:0/2683013700 shutdown_connections
2026-03-10T10:22:53.636 INFO:teuthology.orchestra.run.vm06.stdout:/usr/bin/ceph: stderr
2026-03-10T10:22:53.585+0000 7fed523bf640 1 --2- 192.168.123.106:0/2683013700 >> [v2:192.168.123.106:6800/4004663633,v1:192.168.123.106:6801/4004663633] conn(0x7fed2003d8d0 0x7fed2003fd90 unknown :-1 s=CLOSED pgs=14 cs=0 l=1 rev1=1 crypto rx=0 tx=0 comp rx=0 tx=0).stop
2026-03-10T10:22:53.636 INFO:teuthology.orchestra.run.vm06.stdout:/usr/bin/ceph: stderr
2026-03-10T10:22:53.585+0000 7fed523bf640 1 --2- 192.168.123.106:0/2683013700 >> [v2:192.168.123.106:3300/0,v1:192.168.123.106:6789/0] conn(0x7fed4c105930 0x7fed4c19f890 unknown :-1 s=CLOSED pgs=50 cs=0 l=1 rev1=1 crypto rx=0 tx=0 comp rx=0 tx=0).stop
2026-03-10T10:22:53.636 INFO:teuthology.orchestra.run.vm06.stdout:/usr/bin/ceph: stderr
2026-03-10T10:22:53.585+0000 7fed523bf640 1 -- 192.168.123.106:0/2683013700 >> 192.168.123.106:0/2683013700 conn(0x7fed4c101080 msgr2=0x7fed4c103500 unknown :-1 s=STATE_NONE l=0).mark_down
2026-03-10T10:22:53.636 INFO:teuthology.orchestra.run.vm06.stdout:/usr/bin/ceph: stderr
2026-03-10T10:22:53.585+0000 7fed523bf640 1 -- 192.168.123.106:0/2683013700 shutdown_connections
2026-03-10T10:22:53.636 INFO:teuthology.orchestra.run.vm06.stdout:/usr/bin/ceph: stderr
2026-03-10T10:22:53.585+0000 7fed523bf640 1 -- 192.168.123.106:0/2683013700 wait complete.
2026-03-10T10:22:53.925 INFO:teuthology.orchestra.run.vm06.stdout:/usr/bin/ceph: stderr
2026-03-10T10:22:53.765+0000 7fa6cf463640 1 Processor -- start
2026-03-10T10:22:53.926 INFO:teuthology.orchestra.run.vm06.stdout:/usr/bin/ceph: stderr
2026-03-10T10:22:53.765+0000 7fa6cf463640 1 -- start start
2026-03-10T10:22:53.926 INFO:teuthology.orchestra.run.vm06.stdout:/usr/bin/ceph: stderr
2026-03-10T10:22:53.765+0000 7fa6cf463640 1 --2- >> [v2:192.168.123.106:3300/0,v1:192.168.123.106:6789/0] conn(0x7fa6c807bb20 0x7fa6c810c7e0 unknown :-1 s=NONE pgs=0 cs=0 l=0 rev1=0 crypto rx=0 tx=0 comp rx=0 tx=0).connect
2026-03-10T10:22:53.926 INFO:teuthology.orchestra.run.vm06.stdout:/usr/bin/ceph: stderr
2026-03-10T10:22:53.765+0000 7fa6cf463640 1 -- --> [v2:192.168.123.106:3300/0,v1:192.168.123.106:6789/0] -- mon_getmap magic: 0 -- 0x7fa6c807bfb0 con 0x7fa6c807bb20
2026-03-10T10:22:53.926 INFO:teuthology.orchestra.run.vm06.stdout:/usr/bin/ceph: stderr
2026-03-10T10:22:53.765+0000 7fa6cd1d8640 1 --2- >> [v2:192.168.123.106:3300/0,v1:192.168.123.106:6789/0] conn(0x7fa6c807bb20 0x7fa6c810c7e0 unknown :-1 s=BANNER_CONNECTING pgs=0 cs=0 l=0 rev1=0 crypto rx=0 tx=0 comp rx=0 tx=0)._handle_peer_banner_payload supported=3 required=0
2026-03-10T10:22:53.926 INFO:teuthology.orchestra.run.vm06.stdout:/usr/bin/ceph: stderr
2026-03-10T10:22:53.765+0000 7fa6cd1d8640 1 --2- >> [v2:192.168.123.106:3300/0,v1:192.168.123.106:6789/0] conn(0x7fa6c807bb20 0x7fa6c810c7e0 unknown :-1 s=HELLO_CONNECTING pgs=0 cs=0 l=0 rev1=1 crypto rx=0 tx=0 comp rx=0 tx=0).handle_hello peer v2:192.168.123.106:3300/0 says I am v2:192.168.123.106:40460/0 (socket says 192.168.123.106:40460)
2026-03-10T10:22:53.926 INFO:teuthology.orchestra.run.vm06.stdout:/usr/bin/ceph: stderr
2026-03-10T10:22:53.765+0000 7fa6cd1d8640 1 -- 192.168.123.106:0/26743374 learned_addr learned my addr 192.168.123.106:0/26743374 (peer_addr_for_me v2:192.168.123.106:0/0)
2026-03-10T10:22:53.926 INFO:teuthology.orchestra.run.vm06.stdout:/usr/bin/ceph: stderr
2026-03-10T10:22:53.765+0000 7fa6cd1d8640 1 -- 192.168.123.106:0/26743374 --> [v2:192.168.123.106:3300/0,v1:192.168.123.106:6789/0] -- mon_subscribe({config=0+,monmap=0+}) -- 0x7fa6c810cd20 con 0x7fa6c807bb20
2026-03-10T10:22:53.926 INFO:teuthology.orchestra.run.vm06.stdout:/usr/bin/ceph: stderr
2026-03-10T10:22:53.765+0000 7fa6cd1d8640 1 --2- 192.168.123.106:0/26743374 >> [v2:192.168.123.106:3300/0,v1:192.168.123.106:6789/0] conn(0x7fa6c807bb20 0x7fa6c810c7e0 secure :-1 s=READY pgs=51 cs=0 l=1 rev1=1 crypto rx=0x7fa6b8009920 tx=0x7fa6b802ef20 comp rx=0 tx=0).ready entity=mon.0 client_cookie=763bbc72beb513c4 server_cookie=0 in_seq=0 out_seq=0
2026-03-10T10:22:53.926 INFO:teuthology.orchestra.run.vm06.stdout:/usr/bin/ceph: stderr
2026-03-10T10:22:53.765+0000 7fa6bffff640 1 -- 192.168.123.106:0/26743374 <== mon.0 v2:192.168.123.106:3300/0 1 ==== mon_map magic: 0 ==== 205+0+0 (secure 0 0 0) 0x7fa6b803c070 con 0x7fa6c807bb20
2026-03-10T10:22:53.926 INFO:teuthology.orchestra.run.vm06.stdout:/usr/bin/ceph: stderr
2026-03-10T10:22:53.765+0000 7fa6bffff640 1 -- 192.168.123.106:0/26743374 <== mon.0 v2:192.168.123.106:3300/0 2 ==== config(25 keys) ==== 1007+0+0 (secure 0 0 0) 0x7fa6b8037440 con 0x7fa6c807bb20
2026-03-10T10:22:53.926 INFO:teuthology.orchestra.run.vm06.stdout:/usr/bin/ceph: stderr
2026-03-10T10:22:53.765+0000 7fa6bffff640 1 -- 192.168.123.106:0/26743374 <== mon.0 v2:192.168.123.106:3300/0 3 ==== mon_map magic: 0 ==== 205+0+0 (secure 0 0 0) 0x7fa6b80354d0 con 0x7fa6c807bb20
2026-03-10T10:22:53.926 INFO:teuthology.orchestra.run.vm06.stdout:/usr/bin/ceph: stderr
2026-03-10T10:22:53.765+0000 7fa6cf463640 1 -- 192.168.123.106:0/26743374 >> [v2:192.168.123.106:3300/0,v1:192.168.123.106:6789/0] conn(0x7fa6c807bb20 msgr2=0x7fa6c810c7e0 secure :-1 s=STATE_CONNECTION_ESTABLISHED l=1).mark_down
2026-03-10T10:22:53.926 INFO:teuthology.orchestra.run.vm06.stdout:/usr/bin/ceph: stderr
2026-03-10T10:22:53.765+0000 7fa6cf463640 1 --2- 192.168.123.106:0/26743374 >> [v2:192.168.123.106:3300/0,v1:192.168.123.106:6789/0] conn(0x7fa6c807bb20 0x7fa6c810c7e0 secure :-1 s=READY pgs=51 cs=0 l=1 rev1=1 crypto rx=0x7fa6b8009920 tx=0x7fa6b802ef20 comp rx=0 tx=0).stop
2026-03-10T10:22:53.926 INFO:teuthology.orchestra.run.vm06.stdout:/usr/bin/ceph: stderr
2026-03-10T10:22:53.765+0000 7fa6cf463640 1 -- 192.168.123.106:0/26743374 shutdown_connections
2026-03-10T10:22:53.926 INFO:teuthology.orchestra.run.vm06.stdout:/usr/bin/ceph: stderr
2026-03-10T10:22:53.765+0000 7fa6cf463640 1 --2- 192.168.123.106:0/26743374 >> [v2:192.168.123.106:3300/0,v1:192.168.123.106:6789/0] conn(0x7fa6c807bb20 0x7fa6c810c7e0 unknown :-1 s=CLOSED pgs=51 cs=0 l=1 rev1=1 crypto rx=0 tx=0 comp rx=0 tx=0).stop
2026-03-10T10:22:53.926 INFO:teuthology.orchestra.run.vm06.stdout:/usr/bin/ceph: stderr
2026-03-10T10:22:53.765+0000 7fa6cf463640 1 -- 192.168.123.106:0/26743374 >> 192.168.123.106:0/26743374 conn(0x7fa6c8101e10 msgr2=0x7fa6c8104230 unknown :-1 s=STATE_NONE l=0).mark_down
2026-03-10T10:22:53.926 INFO:teuthology.orchestra.run.vm06.stdout:/usr/bin/ceph: stderr
2026-03-10T10:22:53.769+0000 7fa6cf463640 1 -- 192.168.123.106:0/26743374 shutdown_connections
2026-03-10T10:22:53.926 INFO:teuthology.orchestra.run.vm06.stdout:/usr/bin/ceph: stderr
2026-03-10T10:22:53.769+0000 7fa6cf463640 1 -- 192.168.123.106:0/26743374 wait complete.
2026-03-10T10:22:53.926 INFO:teuthology.orchestra.run.vm06.stdout:/usr/bin/ceph: stderr
2026-03-10T10:22:53.769+0000 7fa6cf463640 1 Processor -- start
2026-03-10T10:22:53.926 INFO:teuthology.orchestra.run.vm06.stdout:/usr/bin/ceph: stderr
2026-03-10T10:22:53.769+0000 7fa6cf463640 1 -- start start
2026-03-10T10:22:53.926 INFO:teuthology.orchestra.run.vm06.stdout:/usr/bin/ceph: stderr
2026-03-10T10:22:53.769+0000 7fa6cf463640 1 --2- >> [v2:192.168.123.106:3300/0,v1:192.168.123.106:6789/0] conn(0x7fa6c807bb20 0x7fa6c819f850 unknown :-1 s=NONE pgs=0 cs=0 l=1 rev1=0 crypto rx=0 tx=0 comp rx=0 tx=0).connect
2026-03-10T10:22:53.926 INFO:teuthology.orchestra.run.vm06.stdout:/usr/bin/ceph: stderr
2026-03-10T10:22:53.769+0000 7fa6cf463640 1 -- --> [v2:192.168.123.106:3300/0,v1:192.168.123.106:6789/0] -- mon_getmap magic: 0 -- 0x7fa6c810dcb0 con 0x7fa6c807bb20
2026-03-10T10:22:53.926 INFO:teuthology.orchestra.run.vm06.stdout:/usr/bin/ceph: stderr
2026-03-10T10:22:53.769+0000 7fa6cd1d8640 1 --2- >> [v2:192.168.123.106:3300/0,v1:192.168.123.106:6789/0] conn(0x7fa6c807bb20 0x7fa6c819f850 unknown :-1 s=BANNER_CONNECTING pgs=0 cs=0 l=1 rev1=0 crypto rx=0 tx=0 comp rx=0 tx=0)._handle_peer_banner_payload supported=3 required=0
2026-03-10T10:22:53.926 INFO:teuthology.orchestra.run.vm06.stdout:/usr/bin/ceph: stderr
2026-03-10T10:22:53.769+0000 7fa6cd1d8640 1 --2- >> [v2:192.168.123.106:3300/0,v1:192.168.123.106:6789/0] conn(0x7fa6c807bb20 0x7fa6c819f850 unknown :-1 s=HELLO_CONNECTING pgs=0 cs=0 l=1 rev1=1 crypto rx=0 tx=0 comp rx=0 tx=0).handle_hello peer v2:192.168.123.106:3300/0 says I am v2:192.168.123.106:40472/0 (socket says 192.168.123.106:40472)
2026-03-10T10:22:53.926 INFO:teuthology.orchestra.run.vm06.stdout:/usr/bin/ceph: stderr
2026-03-10T10:22:53.769+0000 7fa6cd1d8640 1 -- 192.168.123.106:0/1039044444 learned_addr learned my addr 192.168.123.106:0/1039044444 (peer_addr_for_me v2:192.168.123.106:0/0)
2026-03-10T10:22:53.926 INFO:teuthology.orchestra.run.vm06.stdout:/usr/bin/ceph: stderr
2026-03-10T10:22:53.769+0000 7fa6cd1d8640 1 -- 192.168.123.106:0/1039044444 --> [v2:192.168.123.106:3300/0,v1:192.168.123.106:6789/0] -- mon_subscribe({config=0+,monmap=0+}) -- 0x7fa6c819fd90 con 0x7fa6c807bb20
2026-03-10T10:22:53.926 INFO:teuthology.orchestra.run.vm06.stdout:/usr/bin/ceph: stderr
2026-03-10T10:22:53.769+0000 7fa6cd1d8640 1 --2- 192.168.123.106:0/1039044444 >> [v2:192.168.123.106:3300/0,v1:192.168.123.106:6789/0] conn(0x7fa6c807bb20 0x7fa6c819f850 secure :-1 s=READY pgs=52 cs=0 l=1 rev1=1 crypto rx=0x7fa6b8035ac0 tx=0x7fa6b8035af0 comp rx=0 tx=0).ready entity=mon.0 client_cookie=0 server_cookie=0 in_seq=0 out_seq=0
2026-03-10T10:22:53.926 INFO:teuthology.orchestra.run.vm06.stdout:/usr/bin/ceph: stderr
2026-03-10T10:22:53.769+0000 7fa6be7fc640 1 -- 192.168.123.106:0/1039044444 <== mon.0 v2:192.168.123.106:3300/0 1 ==== mon_map magic: 0 ==== 205+0+0 (secure 0 0 0) 0x7fa6b803c030 con 0x7fa6c807bb20
2026-03-10T10:22:53.926 INFO:teuthology.orchestra.run.vm06.stdout:/usr/bin/ceph: stderr
2026-03-10T10:22:53.769+0000 7fa6be7fc640 1 -- 192.168.123.106:0/1039044444 <== mon.0 v2:192.168.123.106:3300/0 2 ==== config(25 keys) ==== 1007+0+0 (secure 0 0 0) 0x7fa6b803e070 con 0x7fa6c807bb20
2026-03-10T10:22:53.926 INFO:teuthology.orchestra.run.vm06.stdout:/usr/bin/ceph: stderr
2026-03-10T10:22:53.769+0000 7fa6cf463640 1 -- 192.168.123.106:0/1039044444 --> [v2:192.168.123.106:3300/0,v1:192.168.123.106:6789/0] -- mon_subscribe({mgrmap=0+}) -- 0x7fa6c81a0020 con 0x7fa6c807bb20
2026-03-10T10:22:53.926 INFO:teuthology.orchestra.run.vm06.stdout:/usr/bin/ceph: stderr
2026-03-10T10:22:53.769+0000 7fa6cf463640 1 -- 192.168.123.106:0/1039044444 --> [v2:192.168.123.106:3300/0,v1:192.168.123.106:6789/0] -- mon_subscribe({osdmap=0}) -- 0x7fa6c81a2d10 con 0x7fa6c807bb20
2026-03-10T10:22:53.926 INFO:teuthology.orchestra.run.vm06.stdout:/usr/bin/ceph: stderr
2026-03-10T10:22:53.769+0000 7fa6cf463640 1 -- 192.168.123.106:0/1039044444 --> [v2:192.168.123.106:3300/0,v1:192.168.123.106:6789/0] -- mon_command({"prefix": "get_command_descriptions"} v 0) -- 0x7fa690005390 con 0x7fa6c807bb20
2026-03-10T10:22:53.926 INFO:teuthology.orchestra.run.vm06.stdout:/usr/bin/ceph: stderr
2026-03-10T10:22:53.773+0000 7fa6be7fc640 1 -- 192.168.123.106:0/1039044444 <== mon.0 v2:192.168.123.106:3300/0 3 ==== mon_map magic: 0 ==== 205+0+0 (secure 0 0 0) 0x7fa6b80429d0 con 0x7fa6c807bb20
2026-03-10T10:22:53.926 INFO:teuthology.orchestra.run.vm06.stdout:/usr/bin/ceph: stderr
2026-03-10T10:22:53.773+0000 7fa6be7fc640 1 -- 192.168.123.106:0/1039044444 <== mon.0 v2:192.168.123.106:3300/0 4 ==== mgrmap(e 8) ==== 50247+0+0 (secure 0 0 0) 0x7fa6b8042c30 con 0x7fa6c807bb20
2026-03-10T10:22:53.926 INFO:teuthology.orchestra.run.vm06.stdout:/usr/bin/ceph: stderr
2026-03-10T10:22:53.773+0000 7fa6be7fc640 1 --2- 192.168.123.106:0/1039044444 >> [v2:192.168.123.106:6800/4004663633,v1:192.168.123.106:6801/4004663633] conn(0x7fa6a403dce0 0x7fa6a40401a0 unknown :-1 s=NONE pgs=0 cs=0 l=1 rev1=0 crypto rx=0 tx=0 comp rx=0 tx=0).connect
2026-03-10T10:22:53.926 INFO:teuthology.orchestra.run.vm06.stdout:/usr/bin/ceph: stderr
2026-03-10T10:22:53.773+0000 7fa6cc9d7640 1 --2- 192.168.123.106:0/1039044444 >> [v2:192.168.123.106:6800/4004663633,v1:192.168.123.106:6801/4004663633] conn(0x7fa6a403dce0 0x7fa6a40401a0 unknown :-1 s=BANNER_CONNECTING pgs=0 cs=0 l=1 rev1=0 crypto rx=0 tx=0 comp rx=0 tx=0)._handle_peer_banner_payload supported=3 required=0
2026-03-10T10:22:53.926 INFO:teuthology.orchestra.run.vm06.stdout:/usr/bin/ceph: stderr
2026-03-10T10:22:53.773+0000 7fa6be7fc640 1 -- 192.168.123.106:0/1039044444 <== mon.0 v2:192.168.123.106:3300/0 5 ==== osd_map(2..2 src has 1..2) ==== 940+0+0 (secure 0 0 0) 0x7fa6b803d070 con 0x7fa6c807bb20
2026-03-10T10:22:53.926 INFO:teuthology.orchestra.run.vm06.stdout:/usr/bin/ceph: stderr
2026-03-10T10:22:53.773+0000 7fa6cc9d7640 1 --2- 192.168.123.106:0/1039044444 >> [v2:192.168.123.106:6800/4004663633,v1:192.168.123.106:6801/4004663633] conn(0x7fa6a403dce0 0x7fa6a40401a0 secure :-1 s=READY pgs=15 cs=0 l=1 rev1=1 crypto rx=0x7fa6b00099c0 tx=0x7fa6b0006eb0 comp rx=0 tx=0).ready entity=mgr.14118 client_cookie=0 server_cookie=0 in_seq=0 out_seq=0
2026-03-10T10:22:53.927 INFO:teuthology.orchestra.run.vm06.stdout:/usr/bin/ceph: stderr
2026-03-10T10:22:53.773+0000 7fa6be7fc640 1 -- 192.168.123.106:0/1039044444 <== mon.0 v2:192.168.123.106:3300/0 6 ==== mon_command_ack([{"prefix": "get_command_descriptions"}]=0 v0) ==== 72+0+195034 (secure 0 0 0) 0x7fa6b80798c0 con 0x7fa6c807bb20
2026-03-10T10:22:53.927 INFO:teuthology.orchestra.run.vm06.stdout:/usr/bin/ceph: stderr
2026-03-10T10:22:53.869+0000 7fa6cf463640 1 -- 192.168.123.106:0/1039044444 --> [v2:192.168.123.106:3300/0,v1:192.168.123.106:6789/0] -- mon_command([{prefix=config set, name=mgr/dashboard/ssl_server_port}] v 0) -- 0x7fa690005680 con 0x7fa6c807bb20
2026-03-10T10:22:53.927 INFO:teuthology.orchestra.run.vm06.stdout:/usr/bin/ceph: stderr
2026-03-10T10:22:53.877+0000 7fa6be7fc640 1 -- 192.168.123.106:0/1039044444 <== mon.0 v2:192.168.123.106:3300/0 7 ==== mon_command_ack([{prefix=config set, name=mgr/dashboard/ssl_server_port}]=0 v7)=0 v7) ==== 130+0+0 (secure 0 0 0) 0x7fa6b803c1d0 con 0x7fa6c807bb20
2026-03-10T10:22:53.927 INFO:teuthology.orchestra.run.vm06.stdout:/usr/bin/ceph: stderr
2026-03-10T10:22:53.881+0000 7fa6cf463640 1 -- 192.168.123.106:0/1039044444 >> [v2:192.168.123.106:6800/4004663633,v1:192.168.123.106:6801/4004663633] conn(0x7fa6a403dce0 msgr2=0x7fa6a40401a0 secure :-1 s=STATE_CONNECTION_ESTABLISHED l=1).mark_down
2026-03-10T10:22:53.927 INFO:teuthology.orchestra.run.vm06.stdout:/usr/bin/ceph: stderr
2026-03-10T10:22:53.881+0000 7fa6cf463640 1 --2- 192.168.123.106:0/1039044444 >> [v2:192.168.123.106:6800/4004663633,v1:192.168.123.106:6801/4004663633] conn(0x7fa6a403dce0 0x7fa6a40401a0 secure :-1 s=READY pgs=15 cs=0 l=1 rev1=1 crypto rx=0x7fa6b00099c0 tx=0x7fa6b0006eb0 comp rx=0 tx=0).stop
2026-03-10T10:22:53.927 INFO:teuthology.orchestra.run.vm06.stdout:/usr/bin/ceph: stderr
2026-03-10T10:22:53.881+0000 7fa6cf463640 1 -- 192.168.123.106:0/1039044444 >> [v2:192.168.123.106:3300/0,v1:192.168.123.106:6789/0] conn(0x7fa6c807bb20 msgr2=0x7fa6c819f850 secure :-1 s=STATE_CONNECTION_ESTABLISHED l=1).mark_down
2026-03-10T10:22:53.927 INFO:teuthology.orchestra.run.vm06.stdout:/usr/bin/ceph: stderr
2026-03-10T10:22:53.881+0000 7fa6cf463640 1 --2- 192.168.123.106:0/1039044444 >> [v2:192.168.123.106:3300/0,v1:192.168.123.106:6789/0] conn(0x7fa6c807bb20 0x7fa6c819f850 secure :-1 s=READY pgs=52 cs=0 l=1 rev1=1 crypto rx=0x7fa6b8035ac0 tx=0x7fa6b8035af0 comp rx=0 tx=0).stop
2026-03-10T10:22:53.927 INFO:teuthology.orchestra.run.vm06.stdout:/usr/bin/ceph: stderr
2026-03-10T10:22:53.881+0000 7fa6cf463640 1 -- 192.168.123.106:0/1039044444 shutdown_connections
2026-03-10T10:22:53.927 INFO:teuthology.orchestra.run.vm06.stdout:/usr/bin/ceph: stderr
2026-03-10T10:22:53.881+0000 7fa6cf463640 1 --2- 192.168.123.106:0/1039044444 >> [v2:192.168.123.106:6800/4004663633,v1:192.168.123.106:6801/4004663633] conn(0x7fa6a403dce0 0x7fa6a40401a0 unknown :-1 s=CLOSED pgs=15 cs=0 l=1 rev1=1 crypto rx=0 tx=0 comp rx=0 tx=0).stop
2026-03-10T10:22:53.927 INFO:teuthology.orchestra.run.vm06.stdout:/usr/bin/ceph: stderr
2026-03-10T10:22:53.881+0000 7fa6cf463640 1 --2- 192.168.123.106:0/1039044444 >> [v2:192.168.123.106:3300/0,v1:192.168.123.106:6789/0] conn(0x7fa6c807bb20 0x7fa6c819f850 unknown :-1 s=CLOSED pgs=52 cs=0 l=1 rev1=1 crypto rx=0 tx=0 comp rx=0 tx=0).stop
2026-03-10T10:22:53.927 INFO:teuthology.orchestra.run.vm06.stdout:/usr/bin/ceph: stderr
2026-03-10T10:22:53.881+0000 7fa6cf463640 1 -- 192.168.123.106:0/1039044444 >> 192.168.123.106:0/1039044444 conn(0x7fa6c8101e10 msgr2=0x7fa6c81029a0 unknown :-1 s=STATE_NONE l=0).mark_down
2026-03-10T10:22:53.927 INFO:teuthology.orchestra.run.vm06.stdout:/usr/bin/ceph: stderr
2026-03-10T10:22:53.881+0000 7fa6cf463640 1 -- 192.168.123.106:0/1039044444 shutdown_connections
2026-03-10T10:22:53.927 INFO:teuthology.orchestra.run.vm06.stdout:/usr/bin/ceph: stderr
2026-03-10T10:22:53.881+0000 7fa6cf463640 1 -- 192.168.123.106:0/1039044444 wait complete.
2026-03-10T10:22:53.927 INFO:teuthology.orchestra.run.vm06.stdout:Enabling the dashboard module...
2026-03-10T10:22:54.194 INFO:journalctl@ceph.mon.a.vm06.stdout:Mar 10 10:22:54 vm06 bash[20720]: cephadm
2026-03-10T10:22:52.677594+0000 mgr.x (mgr.14118) 16 : cephadm [INF] Added host vm06
2026-03-10T10:22:54.194 INFO:journalctl@ceph.mon.a.vm06.stdout:Mar 10 10:22:54 vm06 bash[20720]: cephadm
2026-03-10T10:22:52.677594+0000 mgr.x (mgr.14118) 16 : cephadm [INF] Added host vm06
2026-03-10T10:22:54.194 INFO:journalctl@ceph.mon.a.vm06.stdout:Mar 10 10:22:54 vm06 bash[20720]: audit
2026-03-10T10:22:53.026446+0000 mgr.x (mgr.14118) 17 : audit [DBG] from='client.14140 -' entity='client.admin' cmd=[{"prefix": "orch apply", "service_type": "mon", "unmanaged": true, "target": ["mon-mgr", ""]}]: dispatch
2026-03-10T10:22:54.194 INFO:journalctl@ceph.mon.a.vm06.stdout:Mar 10 10:22:54 vm06 bash[20720]: audit
2026-03-10T10:22:53.026446+0000 mgr.x (mgr.14118) 17 : audit [DBG] from='client.14140 -' entity='client.admin' cmd=[{"prefix": "orch apply", "service_type": "mon", "unmanaged": true, "target": ["mon-mgr", ""]}]: dispatch
2026-03-10T10:22:54.194 INFO:journalctl@ceph.mon.a.vm06.stdout:Mar 10 10:22:54 vm06 bash[20720]: cephadm
2026-03-10T10:22:53.027328+0000 mgr.x (mgr.14118) 18 : cephadm [INF] Saving service mon spec with placement count:5
2026-03-10T10:22:54.194 INFO:journalctl@ceph.mon.a.vm06.stdout:Mar 10 10:22:54 vm06 bash[20720]: cephadm
2026-03-10T10:22:53.027328+0000 mgr.x (mgr.14118) 18 : cephadm [INF] Saving service mon spec with placement count:5
2026-03-10T10:22:54.194 INFO:journalctl@ceph.mon.a.vm06.stdout:Mar 10 10:22:54 vm06 bash[20720]: audit
2026-03-10T10:22:53.030209+0000 mon.a (mon.0) 63 : audit [INF] from='mgr.14118 192.168.123.106:0/831496976' entity='mgr.x'
2026-03-10T10:22:54.194 INFO:journalctl@ceph.mon.a.vm06.stdout:Mar 10 10:22:54 vm06 bash[20720]: audit
2026-03-10T10:22:53.030209+0000 mon.a (mon.0) 63 : audit [INF] from='mgr.14118 192.168.123.106:0/831496976' entity='mgr.x'
2026-03-10T10:22:54.194 INFO:journalctl@ceph.mon.a.vm06.stdout:Mar 10 10:22:54 vm06 bash[20720]: audit
2026-03-10T10:22:53.308113+0000 mon.a (mon.0) 64 : audit [INF] from='mgr.14118 192.168.123.106:0/831496976' entity='mgr.x'
2026-03-10T10:22:54.194 INFO:journalctl@ceph.mon.a.vm06.stdout:Mar 10 10:22:54 vm06 bash[20720]: audit
2026-03-10T10:22:53.308113+0000 mon.a (mon.0) 64 : audit [INF] from='mgr.14118 192.168.123.106:0/831496976' entity='mgr.x'
2026-03-10T10:22:54.194 INFO:journalctl@ceph.mon.a.vm06.stdout:Mar 10 10:22:54 vm06 bash[20720]: audit
2026-03-10T10:22:53.580600+0000 mon.a (mon.0) 65 : audit [INF] from='client.? 192.168.123.106:0/2683013700' entity='client.admin'
2026-03-10T10:22:54.194 INFO:journalctl@ceph.mon.a.vm06.stdout:Mar 10 10:22:54 vm06 bash[20720]: audit
2026-03-10T10:22:53.580600+0000 mon.a (mon.0) 65 : audit [INF] from='client.? 192.168.123.106:0/2683013700' entity='client.admin'
2026-03-10T10:22:54.194 INFO:journalctl@ceph.mon.a.vm06.stdout:Mar 10 10:22:54 vm06 bash[20720]: audit
2026-03-10T10:22:53.875629+0000 mon.a (mon.0) 66 : audit [INF] from='client.? 192.168.123.106:0/1039044444' entity='client.admin'
2026-03-10T10:22:54.194 INFO:journalctl@ceph.mon.a.vm06.stdout:Mar 10 10:22:54 vm06 bash[20720]: audit
2026-03-10T10:22:53.875629+0000 mon.a (mon.0) 66 : audit [INF] from='client.? 192.168.123.106:0/1039044444' entity='client.admin'
