2026-03-10T10:22:49.589+0000 7f4b79860640 1 -- 192.168.123.106:0/1639252879 --> [v2:192.168.123.106:3300/0,v1:192.168.123.106:6789/0] -- mon_subscribe({config=0+,monmap=0+}) -- 0x7f4b74074900 con 0x7f4b741063a0
2026-03-10T10:22:49.762 INFO:teuthology.orchestra.run.vm06.stdout:/usr/bin/ceph: stderr
2026-03-10T10:22:49.589+0000 7f4b79860640 1 --2- 192.168.123.106:0/1639252879 >> [v2:192.168.123.106:3300/0,v1:192.168.123.106:6789/0] conn(0x7f4b741063a0 0x7f4b740743c0 secure :-1 s=READY pgs=36 cs=0 l=1 rev1=1 crypto rx=0x7f4b68035f40 tx=0x7f4b68035f70 comp rx=0 tx=0).ready entity=mon.0 client_cookie=0 server_cookie=0 in_seq=0 out_seq=0
2026-03-10T10:22:49.762 INFO:teuthology.orchestra.run.vm06.stdout:/usr/bin/ceph: stderr
2026-03-10T10:22:49.589+0000 7f4b62ffd640 1 -- 192.168.123.106:0/1639252879 <== mon.0 v2:192.168.123.106:3300/0 1 ==== mon_map magic: 0 ==== 205+0+0 (secure 0 0 0) 0x7f4b68045070 con 0x7f4b741063a0
2026-03-10T10:22:49.762 INFO:teuthology.orchestra.run.vm06.stdout:/usr/bin/ceph: stderr
2026-03-10T10:22:49.589+0000 7f4b62ffd640 1 -- 192.168.123.106:0/1639252879 <== mon.0 v2:192.168.123.106:3300/0 2 ==== config(25 keys) ==== 1007+0+0 (secure 0 0 0) 0x7f4b68037c50 con 0x7f4b741063a0
2026-03-10T10:22:49.762 INFO:teuthology.orchestra.run.vm06.stdout:/usr/bin/ceph: stderr
2026-03-10T10:22:49.589+0000 7f4b62ffd640 1 -- 192.168.123.106:0/1639252879 <== mon.0 v2:192.168.123.106:3300/0 3 ==== mon_map magic: 0 ==== 205+0+0 (secure 0 0 0) 0x7f4b6803c070 con 0x7f4b741063a0
2026-03-10T10:22:49.762 INFO:teuthology.orchestra.run.vm06.stdout:/usr/bin/ceph: stderr
2026-03-10T10:22:49.589+0000 7f4b7a862640 1 -- 192.168.123.106:0/1639252879 --> [v2:192.168.123.106:3300/0,v1:192.168.123.106:6789/0] -- mon_subscribe({mgrmap=0+}) -- 0x7f4b74074b90 con 0x7f4b741063a0
2026-03-10T10:22:49.762 INFO:teuthology.orchestra.run.vm06.stdout:/usr/bin/ceph: stderr
2026-03-10T10:22:49.589+0000 7f4b7a862640 1 -- 192.168.123.106:0/1639252879 --> [v2:192.168.123.106:3300/0,v1:192.168.123.106:6789/0] -- mon_subscribe({osdmap=0}) -- 0x7f4b7410f010 con 0x7f4b741063a0
2026-03-10T10:22:49.762 INFO:teuthology.orchestra.run.vm06.stdout:/usr/bin/ceph: stderr
2026-03-10T10:22:49.589+0000 7f4b60ff9640 1 -- 192.168.123.106:0/1639252879 --> [v2:192.168.123.106:3300/0,v1:192.168.123.106:6789/0] -- mon_command({"prefix": "get_command_descriptions"} v 0) -- 0x7f4b3c005390 con 0x7f4b741063a0
2026-03-10T10:22:49.762 INFO:teuthology.orchestra.run.vm06.stdout:/usr/bin/ceph: stderr
2026-03-10T10:22:49.589+0000 7f4b62ffd640 1 -- 192.168.123.106:0/1639252879 <== mon.0 v2:192.168.123.106:3300/0 4 ==== mgrmap(e 7) ==== 50141+0+0 (secure 0 0 0) 0x7f4b680404e0 con 0x7f4b741063a0
2026-03-10T10:22:49.762 INFO:teuthology.orchestra.run.vm06.stdout:/usr/bin/ceph: stderr
2026-03-10T10:22:49.593+0000 7f4b62ffd640 1 --2- 192.168.123.106:0/1639252879 >> [v2:192.168.123.106:6800/4004663633,v1:192.168.123.106:6801/4004663633] conn(0x7f4b5403db20 0x7f4b5403ffe0 unknown :-1 s=NONE pgs=0 cs=0 l=1 rev1=0 crypto rx=0 tx=0 comp rx=0 tx=0).connect
2026-03-10T10:22:49.762 INFO:teuthology.orchestra.run.vm06.stdout:/usr/bin/ceph: stderr
2026-03-10T10:22:49.593+0000 7f4b62ffd640 1 -- 192.168.123.106:0/1639252879 <== mon.0 v2:192.168.123.106:3300/0 5 ==== osd_map(2..2 src has 1..2) ==== 940+0+0 (secure 0 0 0) 0x7f4b680769d0 con 0x7f4b741063a0
2026-03-10T10:22:49.762 INFO:teuthology.orchestra.run.vm06.stdout:/usr/bin/ceph: stderr
2026-03-10T10:22:49.593+0000 7f4b7905f640 1 --2- 192.168.123.106:0/1639252879 >> [v2:192.168.123.106:6800/4004663633,v1:192.168.123.106:6801/4004663633] conn(0x7f4b5403db20 0x7f4b5403ffe0 unknown :-1 s=BANNER_CONNECTING pgs=0 cs=0 l=1 rev1=0 crypto rx=0 tx=0 comp rx=0 tx=0)._handle_peer_banner_payload supported=3 required=0
2026-03-10T10:22:49.762 INFO:teuthology.orchestra.run.vm06.stdout:/usr/bin/ceph: stderr
2026-03-10T10:22:49.593+0000 7f4b7905f640 1 --2- 192.168.123.106:0/1639252879 >> [v2:192.168.123.106:6800/4004663633,v1:192.168.123.106:6801/4004663633] conn(0x7f4b5403db20 0x7f4b5403ffe0 secure :-1 s=READY pgs=7 cs=0 l=1 rev1=1 crypto rx=0x7f4b640099c0 tx=0x7f4b64006eb0 comp rx=0 tx=0).ready entity=mgr.14118 client_cookie=0 server_cookie=0 in_seq=0 out_seq=0
2026-03-10T10:22:49.762 INFO:teuthology.orchestra.run.vm06.stdout:/usr/bin/ceph: stderr
2026-03-10T10:22:49.597+0000 7f4b62ffd640 1 -- 192.168.123.106:0/1639252879 <== mon.0 v2:192.168.123.106:3300/0 6 ==== mon_command_ack([{"prefix": "get_command_descriptions"}]=0 v0) ==== 72+0+195034 (secure 0 0 0) 0x7f4b6804a430 con 0x7f4b741063a0
2026-03-10T10:22:49.762 INFO:teuthology.orchestra.run.vm06.stdout:/usr/bin/ceph: stderr
2026-03-10T10:22:49.705+0000 7f4b60ff9640 1 -- 192.168.123.106:0/1639252879 --> [v2:192.168.123.106:6800/4004663633,v1:192.168.123.106:6801/4004663633] -- mgr_command(tid 0: {"prefix": "orch set backend", "module_name": "cephadm", "target": ["mon-mgr", ""]}) -- 0x7f4b3c002bf0 con 0x7f4b5403db20
2026-03-10T10:22:49.762 INFO:teuthology.orchestra.run.vm06.stdout:/usr/bin/ceph: stderr
2026-03-10T10:22:49.713+0000 7f4b62ffd640 1 -- 192.168.123.106:0/1639252879 <== mgr.14118 v2:192.168.123.106:6800/4004663633 1 ==== mgr_command_reply(tid 0: 0 ) ==== 8+0+0 (secure 0 0 0) 0x7f4b3c002bf0 con 0x7f4b5403db20
2026-03-10T10:22:49.762 INFO:teuthology.orchestra.run.vm06.stdout:/usr/bin/ceph: stderr
2026-03-10T10:22:49.721+0000 7f4b60ff9640 1 -- 192.168.123.106:0/1639252879 >> [v2:192.168.123.106:6800/4004663633,v1:192.168.123.106:6801/4004663633] conn(0x7f4b5403db20 msgr2=0x7f4b5403ffe0 secure :-1 s=STATE_CONNECTION_ESTABLISHED l=1).mark_down
2026-03-10T10:22:49.762 INFO:teuthology.orchestra.run.vm06.stdout:/usr/bin/ceph: stderr
2026-03-10T10:22:49.721+0000 7f4b60ff9640 1 --2- 192.168.123.106:0/1639252879 >> [v2:192.168.123.106:6800/4004663633,v1:192.168.123.106:6801/4004663633] conn(0x7f4b5403db20 0x7f4b5403ffe0 secure :-1 s=READY pgs=7 cs=0 l=1 rev1=1 crypto rx=0x7f4b640099c0 tx=0x7f4b64006eb0 comp rx=0 tx=0).stop
2026-03-10T10:22:49.762 INFO:teuthology.orchestra.run.vm06.stdout:/usr/bin/ceph: stderr
2026-03-10T10:22:49.721+0000 7f4b60ff9640 1 -- 192.168.123.106:0/1639252879 >> [v2:192.168.123.106:3300/0,v1:192.168.123.106:6789/0] conn(0x7f4b741063a0 msgr2=0x7f4b740743c0 secure :-1 s=STATE_CONNECTION_ESTABLISHED l=1).mark_down
2026-03-10T10:22:49.762 INFO:teuthology.orchestra.run.vm06.stdout:/usr/bin/ceph: stderr
2026-03-10T10:22:49.721+0000 7f4b60ff9640 1 --2- 192.168.123.106:0/1639252879 >> [v2:192.168.123.106:3300/0,v1:192.168.123.106:6789/0] conn(0x7f4b741063a0 0x7f4b740743c0 secure :-1 s=READY pgs=36 cs=0 l=1 rev1=1 crypto rx=0x7f4b68035f40 tx=0x7f4b68035f70 comp rx=0 tx=0).stop
2026-03-10T10:22:49.762 INFO:teuthology.orchestra.run.vm06.stdout:/usr/bin/ceph: stderr
2026-03-10T10:22:49.721+0000 7f4b60ff9640 1 -- 192.168.123.106:0/1639252879 shutdown_connections
2026-03-10T10:22:49.762 INFO:teuthology.orchestra.run.vm06.stdout:/usr/bin/ceph: stderr
2026-03-10T10:22:49.721+0000 7f4b60ff9640 1 --2- 192.168.123.106:0/1639252879 >> [v2:192.168.123.106:6800/4004663633,v1:192.168.123.106:6801/4004663633] conn(0x7f4b5403db20 0x7f4b5403ffe0 unknown :-1 s=CLOSED pgs=7 cs=0 l=1 rev1=1 crypto rx=0 tx=0 comp rx=0 tx=0).stop
2026-03-10T10:22:49.762 INFO:teuthology.orchestra.run.vm06.stdout:/usr/bin/ceph: stderr
2026-03-10T10:22:49.721+0000 7f4b60ff9640 1 --2- 192.168.123.106:0/1639252879 >> [v2:192.168.123.106:3300/0,v1:192.168.123.106:6789/0] conn(0x7f4b741063a0 0x7f4b740743c0 unknown :-1 s=CLOSED pgs=36 cs=0 l=1 rev1=1 crypto rx=0 tx=0 comp rx=0 tx=0).stop
2026-03-10T10:22:49.762 INFO:teuthology.orchestra.run.vm06.stdout:/usr/bin/ceph: stderr
2026-03-10T10:22:49.721+0000 7f4b60ff9640 1 -- 192.168.123.106:0/1639252879 >> 192.168.123.106:0/1639252879 conn(0x7f4b74101b70 msgr2=0x7f4b7410ab70 unknown :-1 s=STATE_NONE l=0).mark_down
2026-03-10T10:22:49.763 INFO:teuthology.orchestra.run.vm06.stdout:/usr/bin/ceph: stderr
2026-03-10T10:22:49.721+0000 7f4b60ff9640 1 -- 192.168.123.106:0/1639252879 shutdown_connections
2026-03-10T10:22:49.763 INFO:teuthology.orchestra.run.vm06.stdout:/usr/bin/ceph: stderr
2026-03-10T10:22:49.721+0000 7f4b60ff9640 1 -- 192.168.123.106:0/1639252879 wait complete.
2026-03-10T10:22:50.017 INFO:teuthology.orchestra.run.vm06.stdout:/usr/bin/ceph: stdout value unchanged
2026-03-10T10:22:50.017 INFO:teuthology.orchestra.run.vm06.stdout:/usr/bin/ceph: stderr
2026-03-10T10:22:49.869+0000 7f3572c48640 1 Processor -- start
2026-03-10T10:22:50.017 INFO:teuthology.orchestra.run.vm06.stdout:/usr/bin/ceph: stderr
2026-03-10T10:22:49.869+0000 7f3572c48640 1 -- start start
2026-03-10T10:22:50.017 INFO:teuthology.orchestra.run.vm06.stdout:/usr/bin/ceph: stderr
2026-03-10T10:22:49.869+0000 7f3572c48640 1 --2- >> [v2:192.168.123.106:3300/0,v1:192.168.123.106:6789/0] conn(0x7f356c105430 0x7f356c105830 unknown :-1 s=NONE pgs=0 cs=0 l=0 rev1=0 crypto rx=0 tx=0 comp rx=0 tx=0).connect
2026-03-10T10:22:50.017 INFO:teuthology.orchestra.run.vm06.stdout:/usr/bin/ceph: stderr
2026-03-10T10:22:49.869+0000 7f3572c48640 1 -- --> [v2:192.168.123.106:3300/0,v1:192.168.123.106:6789/0] -- mon_getmap magic: 0 -- 0x7f356c105d70 con 0x7f356c105430
2026-03-10T10:22:50.017 INFO:teuthology.orchestra.run.vm06.stdout:/usr/bin/ceph: stderr
2026-03-10T10:22:49.869+0000 7f35709bd640 1 --2- >> [v2:192.168.123.106:3300/0,v1:192.168.123.106:6789/0] conn(0x7f356c105430 0x7f356c105830 unknown :-1 s=BANNER_CONNECTING pgs=0 cs=0 l=0 rev1=0 crypto rx=0 tx=0 comp rx=0 tx=0)._handle_peer_banner_payload supported=3 required=0
2026-03-10T10:22:50.017 INFO:teuthology.orchestra.run.vm06.stdout:/usr/bin/ceph: stderr
2026-03-10T10:22:49.869+0000 7f35709bd640 1 --2- >> [v2:192.168.123.106:3300/0,v1:192.168.123.106:6789/0] conn(0x7f356c105430 0x7f356c105830 unknown :-1 s=HELLO_CONNECTING pgs=0 cs=0 l=0 rev1=1 crypto rx=0 tx=0 comp rx=0 tx=0).handle_hello peer v2:192.168.123.106:3300/0 says I am v2:192.168.123.106:40312/0 (socket says 192.168.123.106:40312)
2026-03-10T10:22:50.017 INFO:teuthology.orchestra.run.vm06.stdout:/usr/bin/ceph: stderr
2026-03-10T10:22:49.869+0000 7f35709bd640 1 -- 192.168.123.106:0/1212323930 learned_addr learned my addr 192.168.123.106:0/1212323930 (peer_addr_for_me v2:192.168.123.106:0/0)
2026-03-10T10:22:50.017 INFO:teuthology.orchestra.run.vm06.stdout:/usr/bin/ceph: stderr
2026-03-10T10:22:49.869+0000 7f35709bd640 1 -- 192.168.123.106:0/1212323930 --> [v2:192.168.123.106:3300/0,v1:192.168.123.106:6789/0] -- mon_subscribe({config=0+,monmap=0+}) -- 0x7f356c105ef0 con 0x7f356c105430
2026-03-10T10:22:50.017 INFO:teuthology.orchestra.run.vm06.stdout:/usr/bin/ceph: stderr
2026-03-10T10:22:49.869+0000 7f35709bd640 1 --2- 192.168.123.106:0/1212323930 >> [v2:192.168.123.106:3300/0,v1:192.168.123.106:6789/0] conn(0x7f356c105430 0x7f356c105830 secure :-1 s=READY pgs=37 cs=0 l=1 rev1=1 crypto rx=0x7f355c009920 tx=0x7f355c02ef20 comp rx=0 tx=0).ready entity=mon.0 client_cookie=9bed8e022258bfb6 server_cookie=0 in_seq=0 out_seq=0
2026-03-10T10:22:50.017 INFO:teuthology.orchestra.run.vm06.stdout:/usr/bin/ceph: stderr
2026-03-10T10:22:49.869+0000 7f35637fe640 1 -- 192.168.123.106:0/1212323930 <== mon.0 v2:192.168.123.106:3300/0 1 ==== mon_map magic: 0 ==== 205+0+0 (secure 0 0 0) 0x7f355c03c070 con 0x7f356c105430
2026-03-10T10:22:50.017 INFO:teuthology.orchestra.run.vm06.stdout:/usr/bin/ceph: stderr
2026-03-10T10:22:49.869+0000 7f35637fe640 1 -- 192.168.123.106:0/1212323930 <== mon.0 v2:192.168.123.106:3300/0 2 ==== config(25 keys) ==== 1007+0+0 (secure 0 0 0) 0x7f355c037440 con 0x7f356c105430
2026-03-10T10:22:50.017 INFO:teuthology.orchestra.run.vm06.stdout:/usr/bin/ceph: stderr
2026-03-10T10:22:49.869+0000 7f35637fe640 1 -- 192.168.123.106:0/1212323930 <== mon.0 v2:192.168.123.106:3300/0 3 ==== mon_map magic: 0 ==== 205+0+0 (secure 0 0 0) 0x7f355c0354d0 con 0x7f356c105430
2026-03-10T10:22:50.017 INFO:teuthology.orchestra.run.vm06.stdout:/usr/bin/ceph: stderr
2026-03-10T10:22:49.869+0000 7f3572c48640 1 -- 192.168.123.106:0/1212323930 >> [v2:192.168.123.106:3300/0,v1:192.168.123.106:6789/0] conn(0x7f356c105430 msgr2=0x7f356c105830 secure :-1 s=STATE_CONNECTION_ESTABLISHED l=1).mark_down
2026-03-10T10:22:50.017 INFO:teuthology.orchestra.run.vm06.stdout:/usr/bin/ceph: stderr
2026-03-10T10:22:49.869+0000 7f3572c48640 1 --2- 192.168.123.106:0/1212323930 >> [v2:192.168.123.106:3300/0,v1:192.168.123.106:6789/0] conn(0x7f356c105430 0x7f356c105830 secure :-1 s=READY pgs=37 cs=0 l=1 rev1=1 crypto rx=0x7f355c009920 tx=0x7f355c02ef20 comp rx=0 tx=0).stop
2026-03-10T10:22:50.017 INFO:teuthology.orchestra.run.vm06.stdout:/usr/bin/ceph: stderr
2026-03-10T10:22:49.869+0000 7f3572c48640 1 -- 192.168.123.106:0/1212323930 shutdown_connections
2026-03-10T10:22:50.017 INFO:teuthology.orchestra.run.vm06.stdout:/usr/bin/ceph: stderr
2026-03-10T10:22:49.869+0000 7f3572c48640 1 --2- 192.168.123.106:0/1212323930 >> [v2:192.168.123.106:3300/0,v1:192.168.123.106:6789/0] conn(0x7f356c105430 0x7f356c105830 unknown :-1 s=CLOSED pgs=37 cs=0 l=1 rev1=1 crypto rx=0 tx=0 comp rx=0 tx=0).stop
2026-03-10T10:22:50.017 INFO:teuthology.orchestra.run.vm06.stdout:/usr/bin/ceph: stderr
2026-03-10T10:22:49.869+0000 7f3572c48640 1 -- 192.168.123.106:0/1212323930 >> 192.168.123.106:0/1212323930 conn(0x7f356c101080 msgr2=0x7f356c103500 unknown :-1 s=STATE_NONE l=0).mark_down
2026-03-10T10:22:50.017 INFO:teuthology.orchestra.run.vm06.stdout:/usr/bin/ceph: stderr
2026-03-10T10:22:49.869+0000 7f3572c48640 1 -- 192.168.123.106:0/1212323930 shutdown_connections
2026-03-10T10:22:50.017 INFO:teuthology.orchestra.run.vm06.stdout:/usr/bin/ceph: stderr
2026-03-10T10:22:49.869+0000 7f3572c48640 1 -- 192.168.123.106:0/1212323930 wait complete.
2026-03-10T10:22:50.017 INFO:teuthology.orchestra.run.vm06.stdout:/usr/bin/ceph: stderr
2026-03-10T10:22:49.873+0000 7f3572c48640 1 Processor -- start
2026-03-10T10:22:50.017 INFO:teuthology.orchestra.run.vm06.stdout:/usr/bin/ceph: stderr
2026-03-10T10:22:49.873+0000 7f3572c48640 1 -- start start
2026-03-10T10:22:50.017 INFO:teuthology.orchestra.run.vm06.stdout:/usr/bin/ceph: stderr
2026-03-10T10:22:49.873+0000 7f3572c48640 1 --2- >> [v2:192.168.123.106:3300/0,v1:192.168.123.106:6789/0] conn(0x7f356c105430 0x7f356c19f920 unknown :-1 s=NONE pgs=0 cs=0 l=1 rev1=0 crypto rx=0 tx=0 comp rx=0 tx=0).connect
2026-03-10T10:22:50.017 INFO:teuthology.orchestra.run.vm06.stdout:/usr/bin/ceph: stderr
2026-03-10T10:22:49.873+0000 7f3572c48640 1 -- --> [v2:192.168.123.106:3300/0,v1:192.168.123.106:6789/0] -- mon_getmap magic: 0 -- 0x7f356c10b9a0 con 0x7f356c105430
2026-03-10T10:22:50.017 INFO:teuthology.orchestra.run.vm06.stdout:/usr/bin/ceph: stderr
2026-03-10T10:22:49.873+0000 7f35709bd640 1 --2- >> [v2:192.168.123.106:3300/0,v1:192.168.123.106:6789/0] conn(0x7f356c105430 0x7f356c19f920 unknown :-1 s=BANNER_CONNECTING pgs=0 cs=0 l=1 rev1=0 crypto rx=0 tx=0 comp rx=0 tx=0)._handle_peer_banner_payload supported=3 required=0
2026-03-10T10:22:50.017 INFO:teuthology.orchestra.run.vm06.stdout:/usr/bin/ceph: stderr
2026-03-10T10:22:49.873+0000 7f35709bd640 1 --2- >> [v2:192.168.123.106:3300/0,v1:192.168.123.106:6789/0] conn(0x7f356c105430 0x7f356c19f920 unknown :-1 s=HELLO_CONNECTING pgs=0 cs=0 l=1 rev1=1 crypto rx=0 tx=0 comp rx=0 tx=0).handle_hello peer v2:192.168.123.106:3300/0 says I am v2:192.168.123.106:40326/0 (socket says 192.168.123.106:40326)
2026-03-10T10:22:50.017 INFO:teuthology.orchestra.run.vm06.stdout:/usr/bin/ceph: stderr
2026-03-10T10:22:49.873+0000 7f35709bd640 1 -- 192.168.123.106:0/2574332482 learned_addr learned my addr 192.168.123.106:0/2574332482 (peer_addr_for_me v2:192.168.123.106:0/0)
2026-03-10T10:22:50.017 INFO:teuthology.orchestra.run.vm06.stdout:/usr/bin/ceph: stderr
2026-03-10T10:22:49.873+0000 7f35709bd640 1 -- 192.168.123.106:0/2574332482 --> [v2:192.168.123.106:3300/0,v1:192.168.123.106:6789/0] -- mon_subscribe({config=0+,monmap=0+}) -- 0x7f356c19fe60 con 0x7f356c105430
2026-03-10T10:22:50.017 INFO:teuthology.orchestra.run.vm06.stdout:/usr/bin/ceph: stderr
2026-03-10T10:22:49.873+0000 7f35709bd640 1 --2- 192.168.123.106:0/2574332482 >> [v2:192.168.123.106:3300/0,v1:192.168.123.106:6789/0] conn(0x7f356c105430 0x7f356c19f920 secure :-1 s=READY pgs=38 cs=0 l=1 rev1=1 crypto rx=0x7f355c002410 tx=0x7f355c036940 comp rx=0 tx=0).ready entity=mon.0 client_cookie=0 server_cookie=0 in_seq=0 out_seq=0
2026-03-10T10:22:50.017 INFO:teuthology.orchestra.run.vm06.stdout:/usr/bin/ceph: stderr
2026-03-10T10:22:49.873+0000 7f3561ffb640 1 -- 192.168.123.106:0/2574332482 <== mon.0 v2:192.168.123.106:3300/0 1 ==== mon_map magic: 0 ==== 205+0+0 (secure 0 0 0) 0x7f355c045070 con 0x7f356c105430
2026-03-10T10:22:50.017 INFO:teuthology.orchestra.run.vm06.stdout:/usr/bin/ceph: stderr
2026-03-10T10:22:49.873+0000 7f3572c48640 1 -- 192.168.123.106:0/2574332482 --> [v2:192.168.123.106:3300/0,v1:192.168.123.106:6789/0] -- mon_subscribe({mgrmap=0+}) -- 0x7f356c1a00f0 con 0x7f356c105430
2026-03-10T10:22:50.018 INFO:teuthology.orchestra.run.vm06.stdout:/usr/bin/ceph: stderr
2026-03-10T10:22:49.873+0000 7f3572c48640 1 -- 192.168.123.106:0/2574332482 --> [v2:192.168.123.106:3300/0,v1:192.168.123.106:6789/0] -- mon_subscribe({osdmap=0}) -- 0x7f356c194e30 con 0x7f356c105430
2026-03-10T10:22:50.018 INFO:teuthology.orchestra.run.vm06.stdout:/usr/bin/ceph: stderr
2026-03-10T10:22:49.873+0000 7f3561ffb640 1 -- 192.168.123.106:0/2574332482 <== mon.0 v2:192.168.123.106:3300/0 2 ==== config(25 keys) ==== 1007+0+0 (secure 0 0 0) 0x7f355c02fd90 con 0x7f356c105430
2026-03-10T10:22:50.018 INFO:teuthology.orchestra.run.vm06.stdout:/usr/bin/ceph: stderr
2026-03-10T10:22:49.873+0000 7f3561ffb640 1 -- 192.168.123.106:0/2574332482 <== mon.0 v2:192.168.123.106:3300/0 3 ==== mon_map magic: 0 ==== 205+0+0 (secure 0 0 0) 0x7f355c03c070 con 0x7f356c105430
2026-03-10T10:22:50.018 INFO:teuthology.orchestra.run.vm06.stdout:/usr/bin/ceph: stderr
2026-03-10T10:22:49.873+0000 7f3561ffb640 1 -- 192.168.123.106:0/2574332482 <== mon.0 v2:192.168.123.106:3300/0 4 ==== mgrmap(e 7) ==== 50141+0+0 (secure 0 0 0) 0x7f355c04a430 con 0x7f356c105430
2026-03-10T10:22:50.018 INFO:teuthology.orchestra.run.vm06.stdout:/usr/bin/ceph: stderr
2026-03-10T10:22:49.873+0000 7f353b7fe640 1 -- 192.168.123.106:0/2574332482 --> [v2:192.168.123.106:3300/0,v1:192.168.123.106:6789/0] -- mon_command({"prefix": "get_command_descriptions"} v 0) -- 0x7f352c005390 con 0x7f356c105430
2026-03-10T10:22:50.018 INFO:teuthology.orchestra.run.vm06.stdout:/usr/bin/ceph: stderr
2026-03-10T10:22:49.873+0000 7f3561ffb640 1 --2- 192.168.123.106:0/2574332482 >> [v2:192.168.123.106:6800/4004663633,v1:192.168.123.106:6801/4004663633] conn(0x7f354803d7b0 0x7f354803fc70 unknown :-1 s=NONE pgs=0 cs=0 l=1 rev1=0 crypto rx=0 tx=0 comp rx=0 tx=0).connect
2026-03-10T10:22:50.018 INFO:teuthology.orchestra.run.vm06.stdout:/usr/bin/ceph: stderr
2026-03-10T10:22:49.873+0000 7f3561ffb640 1 -- 192.168.123.106:0/2574332482 <== mon.0 v2:192.168.123.106:3300/0 5 ==== osd_map(2..2 src has 1..2) ==== 940+0+0 (secure 0 0 0) 0x7f355c0775c0 con 0x7f356c105430
2026-03-10T10:22:50.018 INFO:teuthology.orchestra.run.vm06.stdout:/usr/bin/ceph: stderr
2026-03-10T10:22:49.877+0000 7f3561ffb640 1 -- 192.168.123.106:0/2574332482 <== mon.0 v2:192.168.123.106:3300/0 6 ==== mon_command_ack([{"prefix": "get_command_descriptions"}]=0 v0) ==== 72+0+195034 (secure 0 0 0) 0x7f355c033200 con 0x7f356c105430
2026-03-10T10:22:50.018 INFO:teuthology.orchestra.run.vm06.stdout:/usr/bin/ceph: stderr
2026-03-10T10:22:49.877+0000 7f3563fff640 1 --2- 192.168.123.106:0/2574332482 >> [v2:192.168.123.106:6800/4004663633,v1:192.168.123.106:6801/4004663633] conn(0x7f354803d7b0 0x7f354803fc70 unknown :-1 s=BANNER_CONNECTING pgs=0 cs=0 l=1 rev1=0 crypto rx=0 tx=0 comp rx=0 tx=0)._handle_peer_banner_payload supported=3 required=0
2026-03-10T10:22:50.018 INFO:teuthology.orchestra.run.vm06.stdout:/usr/bin/ceph: stderr
2026-03-10T10:22:49.877+0000 7f3563fff640 1 --2- 192.168.123.106:0/2574332482 >> [v2:192.168.123.106:6800/4004663633,v1:192.168.123.106:6801/4004663633] conn(0x7f354803d7b0 0x7f354803fc70 secure :-1 s=READY pgs=8 cs=0 l=1 rev1=1 crypto rx=0x7f35540099c0 tx=0x7f3554006eb0 comp rx=0 tx=0).ready entity=mgr.14118 client_cookie=0 server_cookie=0 in_seq=0 out_seq=0
2026-03-10T10:22:50.018 INFO:teuthology.orchestra.run.vm06.stdout:/usr/bin/ceph: stderr
2026-03-10T10:22:49.973+0000 7f353b7fe640 1 -- 192.168.123.106:0/2574332482 --> [v2:192.168.123.106:6800/4004663633,v1:192.168.123.106:6801/4004663633] -- mgr_command(tid 0: {"prefix": "cephadm set-user", "user": "root", "target": ["mon-mgr", ""]}) -- 0x7f352c002bf0 con 0x7f354803d7b0
2026-03-10T10:22:50.018 INFO:teuthology.orchestra.run.vm06.stdout:/usr/bin/ceph: stderr
2026-03-10T10:22:49.973+0000 7f3561ffb640 1 -- 192.168.123.106:0/2574332482 <== mgr.14118 v2:192.168.123.106:6800/4004663633 1 ==== mgr_command_reply(tid 0: 0 ) ==== 8+0+16 (secure 0 0 0) 0x7f352c002bf0 con 0x7f354803d7b0
2026-03-10T10:22:50.018 INFO:teuthology.orchestra.run.vm06.stdout:/usr/bin/ceph: stderr
2026-03-10T10:22:49.973+0000 7f353b7fe640 1 -- 192.168.123.106:0/2574332482 >> [v2:192.168.123.106:6800/4004663633,v1:192.168.123.106:6801/4004663633] conn(0x7f354803d7b0 msgr2=0x7f354803fc70 secure :-1 s=STATE_CONNECTION_ESTABLISHED l=1).mark_down
2026-03-10T10:22:50.018 INFO:teuthology.orchestra.run.vm06.stdout:/usr/bin/ceph: stderr
2026-03-10T10:22:49.973+0000 7f353b7fe640 1 --2- 192.168.123.106:0/2574332482 >> [v2:192.168.123.106:6800/4004663633,v1:192.168.123.106:6801/4004663633] conn(0x7f354803d7b0 0x7f354803fc70 secure :-1 s=READY pgs=8 cs=0 l=1 rev1=1 crypto rx=0x7f35540099c0 tx=0x7f3554006eb0 comp rx=0 tx=0).stop
2026-03-10T10:22:50.018 INFO:teuthology.orchestra.run.vm06.stdout:/usr/bin/ceph: stderr
2026-03-10T10:22:49.977+0000 7f353b7fe640 1 -- 192.168.123.106:0/2574332482 >> [v2:192.168.123.106:3300/0,v1:192.168.123.106:6789/0] conn(0x7f356c105430 msgr2=0x7f356c19f920 secure :-1 s=STATE_CONNECTION_ESTABLISHED l=1).mark_down
2026-03-10T10:22:50.018 INFO:teuthology.orchestra.run.vm06.stdout:/usr/bin/ceph: stderr
2026-03-10T10:22:49.977+0000 7f353b7fe640 1 --2- 192.168.123.106:0/2574332482 >> [v2:192.168.123.106:3300/0,v1:192.168.123.106:6789/0] conn(0x7f356c105430 0x7f356c19f920 secure :-1 s=READY pgs=38 cs=0 l=1 rev1=1 crypto rx=0x7f355c002410 tx=0x7f355c036940 comp rx=0 tx=0).stop
2026-03-10T10:22:50.018 INFO:teuthology.orchestra.run.vm06.stdout:/usr/bin/ceph: stderr
2026-03-10T10:22:49.977+0000 7f353b7fe640 1 -- 192.168.123.106:0/2574332482 shutdown_connections
2026-03-10T10:22:50.018 INFO:teuthology.orchestra.run.vm06.stdout:/usr/bin/ceph: stderr
2026-03-10T10:22:49.977+0000 7f353b7fe640 1 --2- 192.168.123.106:0/2574332482 >> [v2:192.168.123.106:6800/4004663633,v1:192.168.123.106:6801/4004663633] conn(0x7f354803d7b0 0x7f354803fc70 unknown :-1 s=CLOSED pgs=8 cs=0 l=1 rev1=1 crypto rx=0 tx=0 comp rx=0 tx=0).stop
2026-03-10T10:22:50.018 INFO:teuthology.orchestra.run.vm06.stdout:/usr/bin/ceph: stderr
2026-03-10T10:22:49.977+0000 7f353b7fe640 1 --2- 192.168.123.106:0/2574332482 >> [v2:192.168.123.106:3300/0,v1:192.168.123.106:6789/0] conn(0x7f356c105430 0x7f356c19f920 unknown :-1 s=CLOSED pgs=38 cs=0 l=1 rev1=1 crypto rx=0 tx=0 comp rx=0 tx=0).stop
2026-03-10T10:22:50.018 INFO:teuthology.orchestra.run.vm06.stdout:/usr/bin/ceph: stderr
2026-03-10T10:22:49.977+0000 7f353b7fe640 1 -- 192.168.123.106:0/2574332482 >> 192.168.123.106:0/2574332482 conn(0x7f356c101080 msgr2=0x7f356c101dd0 unknown :-1 s=STATE_NONE l=0).mark_down
2026-03-10T10:22:50.018 INFO:teuthology.orchestra.run.vm06.stdout:/usr/bin/ceph: stderr
2026-03-10T10:22:49.977+0000 7f353b7fe640 1 -- 192.168.123.106:0/2574332482 shutdown_connections
2026-03-10T10:22:50.018 INFO:teuthology.orchestra.run.vm06.stdout:/usr/bin/ceph: stderr
2026-03-10T10:22:49.977+0000 7f353b7fe640 1 -- 192.168.123.106:0/2574332482 wait complete.
2026-03-10T10:22:50.018 INFO:teuthology.orchestra.run.vm06.stdout:Generating ssh key...
2026-03-10T10:22:50.297 INFO:teuthology.orchestra.run.vm06.stdout:/usr/bin/ceph: stderr
2026-03-10T10:22:50.129+0000 7fb2d915f640 1 Processor -- start
2026-03-10T10:22:50.297 INFO:teuthology.orchestra.run.vm06.stdout:/usr/bin/ceph: stderr
2026-03-10T10:22:50.129+0000 7fb2d915f640 1 -- start start
2026-03-10T10:22:50.297 INFO:teuthology.orchestra.run.vm06.stdout:/usr/bin/ceph: stderr
2026-03-10T10:22:50.129+0000 7fb2d915f640 1 --2- >> [v2:192.168.123.106:3300/0,v1:192.168.123.106:6789/0] conn(0x7fb2d4109a70 0x7fb2d4109e70 unknown :-1 s=NONE pgs=0 cs=0 l=0 rev1=0 crypto rx=0 tx=0 comp rx=0 tx=0).connect
2026-03-10T10:22:50.297 INFO:teuthology.orchestra.run.vm06.stdout:/usr/bin/ceph: stderr
2026-03-10T10:22:50.129+0000 7fb2d915f640 1 -- --> [v2:192.168.123.106:3300/0,v1:192.168.123.106:6789/0] -- mon_getmap magic: 0 -- 0x7fb2d410a440 con 0x7fb2d4109a70
2026-03-10T10:22:50.297 INFO:teuthology.orchestra.run.vm06.stdout:/usr/bin/ceph: stderr
2026-03-10T10:22:50.129+0000 7fb2d2d76640 1 --2- >> [v2:192.168.123.106:3300/0,v1:192.168.123.106:6789/0] conn(0x7fb2d4109a70 0x7fb2d4109e70 unknown :-1 s=BANNER_CONNECTING pgs=0 cs=0 l=0 rev1=0 crypto rx=0 tx=0 comp rx=0 tx=0)._handle_peer_banner_payload supported=3 required=0
2026-03-10T10:22:50.297 INFO:teuthology.orchestra.run.vm06.stdout:/usr/bin/ceph: stderr
2026-03-10T10:22:50.129+0000 7fb2d2d76640 1 --2- >> [v2:192.168.123.106:3300/0,v1:192.168.123.106:6789/0] conn(0x7fb2d4109a70 0x7fb2d4109e70 unknown :-1 s=HELLO_CONNECTING pgs=0 cs=0 l=0 rev1=1 crypto rx=0 tx=0 comp rx=0 tx=0).handle_hello peer v2:192.168.123.106:3300/0 says I am v2:192.168.123.106:40328/0 (socket says 192.168.123.106:40328)
2026-03-10T10:22:50.297 INFO:teuthology.orchestra.run.vm06.stdout:/usr/bin/ceph: stderr
2026-03-10T10:22:50.129+0000 7fb2d2d76640 1 -- 192.168.123.106:0/1265566435 learned_addr learned my addr 192.168.123.106:0/1265566435 (peer_addr_for_me v2:192.168.123.106:0/0)
2026-03-10T10:22:50.297 INFO:teuthology.orchestra.run.vm06.stdout:/usr/bin/ceph: stderr
2026-03-10T10:22:50.133+0000 7fb2d2d76640 1 -- 192.168.123.106:0/1265566435 --> [v2:192.168.123.106:3300/0,v1:192.168.123.106:6789/0] -- mon_subscribe({config=0+,monmap=0+}) -- 0x7fb2d410ac10 con 0x7fb2d4109a70
2026-03-10T10:22:50.297 INFO:teuthology.orchestra.run.vm06.stdout:/usr/bin/ceph: stderr
2026-03-10T10:22:50.133+0000 7fb2d2d76640 1 --2- 192.168.123.106:0/1265566435 >> [v2:192.168.123.106:3300/0,v1:192.168.123.106:6789/0] conn(0x7fb2d4109a70 0x7fb2d4109e70 secure :-1 s=READY pgs=39 cs=0 l=1 rev1=1 crypto rx=0x7fb2bc009920 tx=0x7fb2bc02ef20 comp rx=0 tx=0).ready entity=mon.0 client_cookie=9c5efbb94e471c10 server_cookie=0 in_seq=0 out_seq=0
2026-03-10T10:22:50.297 INFO:teuthology.orchestra.run.vm06.stdout:/usr/bin/ceph: stderr
2026-03-10T10:22:50.133+0000 7fb2d1d74640 1 -- 192.168.123.106:0/1265566435 <== mon.0 v2:192.168.123.106:3300/0 1 ==== mon_map magic: 0 ==== 205+0+0 (secure 0 0 0) 0x7fb2bc03c070 con 0x7fb2d4109a70
2026-03-10T10:22:50.297 INFO:teuthology.orchestra.run.vm06.stdout:/usr/bin/ceph: stderr
2026-03-10T10:22:50.133+0000 7fb2d1d74640 1 -- 192.168.123.106:0/1265566435 <== mon.0 v2:192.168.123.106:3300/0 2 ==== config(25 keys) ==== 1007+0+0 (secure 0 0 0) 0x7fb2bc037440 con 0x7fb2d4109a70
2026-03-10T10:22:50.297 INFO:teuthology.orchestra.run.vm06.stdout:/usr/bin/ceph: stderr
2026-03-10T10:22:50.133+0000 7fb2d1d74640 1 -- 192.168.123.106:0/1265566435 <== mon.0 v2:192.168.123.106:3300/0 3 ==== mon_map magic: 0 ==== 205+0+0 (secure 0 0 0) 0x7fb2bc0354d0 con 0x7fb2d4109a70
2026-03-10T10:22:50.297 INFO:teuthology.orchestra.run.vm06.stdout:/usr/bin/ceph: stderr
2026-03-10T10:22:50.133+0000 7fb2d915f640 1 -- 192.168.123.106:0/1265566435 >> [v2:192.168.123.106:3300/0,v1:192.168.123.106:6789/0] conn(0x7fb2d4109a70 msgr2=0x7fb2d4109e70 secure :-1 s=STATE_CONNECTION_ESTABLISHED l=1).mark_down
2026-03-10T10:22:50.297 INFO:teuthology.orchestra.run.vm06.stdout:/usr/bin/ceph: stderr
2026-03-10T10:22:50.133+0000 7fb2d915f640 1 --2- 192.168.123.106:0/1265566435 >> [v2:192.168.123.106:3300/0,v1:192.168.123.106:6789/0] conn(0x7fb2d4109a70 0x7fb2d4109e70 secure :-1 s=READY pgs=39 cs=0 l=1 rev1=1 crypto rx=0x7fb2bc009920 tx=0x7fb2bc02ef20 comp rx=0 tx=0).stop
2026-03-10T10:22:50.297 INFO:teuthology.orchestra.run.vm06.stdout:/usr/bin/ceph: stderr
2026-03-10T10:22:50.133+0000 7fb2d915f640 1 -- 192.168.123.106:0/1265566435 shutdown_connections
2026-03-10T10:22:50.297 INFO:teuthology.orchestra.run.vm06.stdout:/usr/bin/ceph: stderr
2026-03-10T10:22:50.133+0000 7fb2d915f640 1 --2- 192.168.123.106:0/1265566435 >> [v2:192.168.123.106:3300/0,v1:192.168.123.106:6789/0] conn(0x7fb2d4109a70 0x7fb2d4109e70 unknown :-1 s=CLOSED pgs=39 cs=0 l=1 rev1=1 crypto rx=0 tx=0 comp rx=0 tx=0).stop
2026-03-10T10:22:50.297 INFO:teuthology.orchestra.run.vm06.stdout:/usr/bin/ceph: stderr
2026-03-10T10:22:50.133+0000 7fb2d915f640 1 -- 192.168.123.106:0/1265566435 >> 192.168.123.106:0/1265566435 conn(0x7fb2d407d070 msgr2=0x7fb2d407d4c0 unknown :-1 s=STATE_NONE l=0).mark_down
2026-03-10T10:22:50.297 INFO:teuthology.orchestra.run.vm06.stdout:/usr/bin/ceph: stderr
2026-03-10T10:22:50.133+0000 7fb2d915f640 1 -- 192.168.123.106:0/1265566435 shutdown_connections
2026-03-10T10:22:50.297 INFO:teuthology.orchestra.run.vm06.stdout:/usr/bin/ceph: stderr
2026-03-10T10:22:50.133+0000 7fb2d915f640 1 -- 192.168.123.106:0/1265566435 wait complete.
2026-03-10T10:22:50.297 INFO:teuthology.orchestra.run.vm06.stdout:/usr/bin/ceph: stderr
2026-03-10T10:22:50.133+0000 7fb2d915f640 1 Processor -- start
2026-03-10T10:22:50.297 INFO:teuthology.orchestra.run.vm06.stdout:/usr/bin/ceph: stderr
2026-03-10T10:22:50.133+0000 7fb2d915f640 1 -- start start
2026-03-10T10:22:50.297 INFO:teuthology.orchestra.run.vm06.stdout:/usr/bin/ceph: stderr
2026-03-10T10:22:50.133+0000 7fb2d915f640 1 --2- >> [v2:192.168.123.106:3300/0,v1:192.168.123.106:6789/0] conn(0x7fb2d4109a70 0x7fb2d419f8d0 unknown :-1 s=NONE pgs=0 cs=0 l=1 rev1=0 crypto rx=0 tx=0 comp rx=0 tx=0).connect
2026-03-10T10:22:50.297 INFO:teuthology.orchestra.run.vm06.stdout:/usr/bin/ceph: stderr
2026-03-10T10:22:50.133+0000 7fb2d915f640 1 -- --> [v2:192.168.123.106:3300/0,v1:192.168.123.106:6789/0] -- mon_getmap magic: 0 -- 0x7fb2d410de40 con 0x7fb2d4109a70
2026-03-10T10:22:50.297 INFO:teuthology.orchestra.run.vm06.stdout:/usr/bin/ceph: stderr
2026-03-10T10:22:50.133+0000 7fb2d2d76640 1 --2- >> [v2:192.168.123.106:3300/0,v1:192.168.123.106:6789/0] conn(0x7fb2d4109a70 0x7fb2d419f8d0 unknown :-1 s=BANNER_CONNECTING pgs=0 cs=0 l=1 rev1=0 crypto rx=0 tx=0 comp rx=0 tx=0)._handle_peer_banner_payload supported=3 required=0
2026-03-10T10:22:50.297 INFO:teuthology.orchestra.run.vm06.stdout:/usr/bin/ceph: stderr
2026-03-10T10:22:50.133+0000 7fb2d2d76640 1 --2- >> [v2:192.168.123.106:3300/0,v1:192.168.123.106:6789/0] conn(0x7fb2d4109a70 0x7fb2d419f8d0 unknown :-1 s=HELLO_CONNECTING pgs=0 cs=0 l=1 rev1=1 crypto rx=0 tx=0 comp rx=0 tx=0).handle_hello peer v2:192.168.123.106:3300/0 says I am v2:192.168.123.106:40334/0 (socket says 192.168.123.106:40334)
2026-03-10T10:22:50.297 INFO:teuthology.orchestra.run.vm06.stdout:/usr/bin/ceph: stderr
2026-03-10T10:22:50.133+0000 7fb2d2d76640 1 -- 192.168.123.106:0/1022369758 learned_addr learned my addr 192.168.123.106:0/1022369758 (peer_addr_for_me v2:192.168.123.106:0/0)
2026-03-10T10:22:50.298 INFO:teuthology.orchestra.run.vm06.stdout:/usr/bin/ceph: stderr
2026-03-10T10:22:50.137+0000 7fb2d2d76640 1 -- 192.168.123.106:0/1022369758 --> [v2:192.168.123.106:3300/0,v1:192.168.123.106:6789/0] -- mon_subscribe({config=0+,monmap=0+}) -- 0x7fb2d419fe10 con 0x7fb2d4109a70
2026-03-10T10:22:50.298 INFO:teuthology.orchestra.run.vm06.stdout:/usr/bin/ceph: stderr
2026-03-10T10:22:50.137+0000 7fb2d2d76640 1 --2- 192.168.123.106:0/1022369758 >> [v2:192.168.123.106:3300/0,v1:192.168.123.106:6789/0] conn(0x7fb2d4109a70 0x7fb2d419f8d0 secure :-1 s=READY pgs=40 cs=0 l=1 rev1=1 crypto rx=0x7fb2bc002410 tx=0x7fb2bc035ae0 comp rx=0 tx=0).ready entity=mon.0 client_cookie=0 server_cookie=0 in_seq=0 out_seq=0
2026-03-10T10:22:50.298 INFO:teuthology.orchestra.run.vm06.stdout:/usr/bin/ceph: stderr
2026-03-10T10:22:50.137+0000 7fb2b3fff640 1 -- 192.168.123.106:0/1022369758 <== mon.0 v2:192.168.123.106:3300/0 1 ==== mon_map magic: 0 ==== 205+0+0 (secure 0 0 0) 0x7fb2bc045070 con 0x7fb2d4109a70
2026-03-10T10:22:50.298 INFO:teuthology.orchestra.run.vm06.stdout:/usr/bin/ceph: stderr
2026-03-10T10:22:50.137+0000 7fb2b3fff640 1 -- 192.168.123.106:0/1022369758 <== mon.0 v2:192.168.123.106:3300/0 2 ==== config(25 keys) ==== 1007+0+0 (secure 0 0 0) 0x7fb2bc02fe00 con 0x7fb2d4109a70
2026-03-10T10:22:50.298 INFO:teuthology.orchestra.run.vm06.stdout:/usr/bin/ceph: stderr
2026-03-10T10:22:50.137+0000 7fb2b3fff640 1 -- 192.168.123.106:0/1022369758 <== mon.0 v2:192.168.123.106:3300/0 3 ==== mon_map magic: 0 ==== 205+0+0 (secure 0 0 0) 0x7fb2bc03c070 con 0x7fb2d4109a70
2026-03-10T10:22:50.298 INFO:teuthology.orchestra.run.vm06.stdout:/usr/bin/ceph: stderr
2026-03-10T10:22:50.137+0000 7fb2d915f640 1 -- 192.168.123.106:0/1022369758 --> [v2:192.168.123.106:3300/0,v1:192.168.123.106:6789/0] -- mon_subscribe({mgrmap=0+}) -- 0x7fb2d41a00a0 con 0x7fb2d4109a70
2026-03-10T10:22:50.298 INFO:teuthology.orchestra.run.vm06.stdout:/usr/bin/ceph: stderr
2026-03-10T10:22:50.137+0000 7fb2d915f640 1 -- 192.168.123.106:0/1022369758 --> [v2:192.168.123.106:3300/0,v1:192.168.123.106:6789/0] -- mon_subscribe({osdmap=0}) -- 0x7fb2d41a04c0 con 0x7fb2d4109a70
2026-03-10T10:22:50.298 INFO:teuthology.orchestra.run.vm06.stdout:/usr/bin/ceph: stderr
2026-03-10T10:22:50.137+0000 7fb2b3fff640 1 -- 192.168.123.106:0/1022369758 <== mon.0 v2:192.168.123.106:3300/0 4 ==== mgrmap(e 7) ==== 50141+0+0 (secure 0 0 0) 0x7fb2bc040670 con 0x7fb2d4109a70
2026-03-10T10:22:50.298 INFO:teuthology.orchestra.run.vm06.stdout:/usr/bin/ceph: stderr
2026-03-10T10:22:50.137+0000 7fb2d915f640 1 -- 192.168.123.106:0/1022369758 --> [v2:192.168.123.106:3300/0,v1:192.168.123.106:6789/0] -- mon_command({"prefix": "get_command_descriptions"} v 0) -- 0x7fb298005390 con 0x7fb2d4109a70
2026-03-10T10:22:50.298 INFO:teuthology.orchestra.run.vm06.stdout:/usr/bin/ceph: stderr
2026-03-10T10:22:50.137+0000 7fb2b3fff640 1 --2- 192.168.123.106:0/1022369758 >> [v2:192.168.123.106:6800/4004663633,v1:192.168.123.106:6801/4004663633] conn(0x7fb2a803db20 0x7fb2a803ffe0 unknown :-1 s=NONE pgs=0 cs=0 l=1 rev1=0 crypto rx=0 tx=0 comp rx=0 tx=0).connect
2026-03-10T10:22:50.298 INFO:teuthology.orchestra.run.vm06.stdout:/usr/bin/ceph: stderr
2026-03-10T10:22:50.137+0000 7fb2b3fff640 1 -- 192.168.123.106:0/1022369758 <== mon.0 v2:192.168.123.106:3300/0 5 ==== osd_map(2..2 src has 1..2) ==== 940+0+0 (secure 0 0 0) 0x7fb2bc0767d0 con 0x7fb2d4109a70
2026-03-10T10:22:50.298 INFO:teuthology.orchestra.run.vm06.stdout:/usr/bin/ceph: stderr
2026-03-10T10:22:50.141+0000 7fb2d2575640 1 --2- 192.168.123.106:0/1022369758 >> [v2:192.168.123.106:6800/4004663633,v1:192.168.123.106:6801/4004663633] conn(0x7fb2a803db20 0x7fb2a803ffe0 unknown :-1 s=BANNER_CONNECTING pgs=0 cs=0 l=1 rev1=0 crypto rx=0 tx=0 comp rx=0 tx=0)._handle_peer_banner_payload supported=3 required=0
2026-03-10T10:22:50.298 INFO:teuthology.orchestra.run.vm06.stdout:/usr/bin/ceph: stderr
2026-03-10T10:22:50.141+0000 7fb2d2575640 1 --2- 192.168.123.106:0/1022369758 >> [v2:192.168.123.106:6800/4004663633,v1:192.168.123.106:6801/4004663633] conn(0x7fb2a803db20 0x7fb2a803ffe0 secure :-1 s=READY pgs=9 cs=0 l=1 rev1=1 crypto rx=0x7fb2c80099c0 tx=0x7fb2c8006eb0 comp rx=0 tx=0).ready entity=mgr.14118 client_cookie=0 server_cookie=0 in_seq=0 out_seq=0
2026-03-10T10:22:50.298 INFO:teuthology.orchestra.run.vm06.stdout:/usr/bin/ceph: stderr
2026-03-10T10:22:50.141+0000 7fb2b3fff640 1 -- 192.168.123.106:0/1022369758 <== mon.0 v2:192.168.123.106:3300/0 6 ==== mon_command_ack([{"prefix": "get_command_descriptions"}]=0 v0) ==== 72+0+195034 (secure 0 0 0) 0x7fb2bc03c210 con 0x7fb2d4109a70
2026-03-10T10:22:50.298 INFO:teuthology.orchestra.run.vm06.stdout:/usr/bin/ceph: stderr
2026-03-10T10:22:50.229+0000 7fb2d915f640 1 -- 192.168.123.106:0/1022369758 --> [v2:192.168.123.106:6800/4004663633,v1:192.168.123.106:6801/4004663633] -- mgr_command(tid 0: {"prefix": "cephadm generate-key", "target": ["mon-mgr", ""]}) -- 0x7fb298002bf0 con 0x7fb2a803db20
2026-03-10T10:22:50.298 INFO:teuthology.orchestra.run.vm06.stdout:/usr/bin/ceph: stderr
2026-03-10T10:22:50.253+0000 7fb2b3fff640 1 -- 192.168.123.106:0/1022369758 <== mgr.14118 v2:192.168.123.106:6800/4004663633 1 ==== mgr_command_reply(tid 0: 0 ) ==== 8+0+0 (secure 0 0 0) 0x7fb298002bf0 con 0x7fb2a803db20
2026-03-10T10:22:50.298 INFO:teuthology.orchestra.run.vm06.stdout:/usr/bin/ceph: stderr
2026-03-10T10:22:50.253+0000 7fb2d915f640 1 -- 192.168.123.106:0/1022369758 >> [v2:192.168.123.106:6800/4004663633,v1:192.168.123.106:6801/4004663633] conn(0x7fb2a803db20 msgr2=0x7fb2a803ffe0 secure :-1 s=STATE_CONNECTION_ESTABLISHED l=1).mark_down
2026-03-10T10:22:50.298 INFO:teuthology.orchestra.run.vm06.stdout:/usr/bin/ceph: stderr
2026-03-10T10:22:50.253+0000 7fb2d915f640 1 --2- 192.168.123.106:0/1022369758 >> [v2:192.168.123.106:6800/4004663633,v1:192.168.123.106:6801/4004663633] conn(0x7fb2a803db20 0x7fb2a803ffe0 secure :-1 s=READY pgs=9 cs=0 l=1 rev1=1 crypto rx=0x7fb2c80099c0 tx=0x7fb2c8006eb0 comp rx=0 tx=0).stop
2026-03-10T10:22:50.298 INFO:teuthology.orchestra.run.vm06.stdout:/usr/bin/ceph: stderr
2026-03-10T10:22:50.253+0000 7fb2d915f640 1 -- 192.168.123.106:0/1022369758 >> [v2:192.168.123.106:3300/0,v1:192.168.123.106:6789/0] conn(0x7fb2d4109a70 msgr2=0x7fb2d419f8d0 secure :-1 s=STATE_CONNECTION_ESTABLISHED l=1).mark_down
2026-03-10T10:22:50.298 INFO:teuthology.orchestra.run.vm06.stdout:/usr/bin/ceph: stderr
2026-03-10T10:22:50.253+0000 7fb2d915f640 1 --2- 192.168.123.106:0/1022369758 >> [v2:192.168.123.106:3300/0,v1:192.168.123.106:6789/0] conn(0x7fb2d4109a70 0x7fb2d419f8d0 secure :-1 s=READY pgs=40 cs=0 l=1 rev1=1 crypto rx=0x7fb2bc002410 tx=0x7fb2bc035ae0 comp rx=0 tx=0).stop
2026-03-10T10:22:50.298 INFO:teuthology.orchestra.run.vm06.stdout:/usr/bin/ceph: stderr
2026-03-10T10:22:50.253+0000 7fb2d915f640 1 -- 192.168.123.106:0/1022369758 shutdown_connections
2026-03-10T10:22:50.298 INFO:teuthology.orchestra.run.vm06.stdout:/usr/bin/ceph: stderr
2026-03-10T10:22:50.253+0000 7fb2d915f640 1 --2- 192.168.123.106:0/1022369758 >> [v2:192.168.123.106:6800/4004663633,v1:192.168.123.106:6801/4004663633] conn(0x7fb2a803db20 0x7fb2a803ffe0 unknown :-1 s=CLOSED pgs=9 cs=0 l=1 rev1=1 crypto rx=0 tx=0 comp rx=0 tx=0).stop
2026-03-10T10:22:50.298 INFO:teuthology.orchestra.run.vm06.stdout:/usr/bin/ceph: stderr
2026-03-10T10:22:50.253+0000 7fb2d915f640 1 --2- 192.168.123.106:0/1022369758 >> [v2:192.168.123.106:3300/0,v1:192.168.123.106:6789/0] conn(0x7fb2d4109a70 0x7fb2d419f8d0 unknown :-1 s=CLOSED pgs=40 cs=0 l=1 rev1=1 crypto rx=0 tx=0 comp rx=0 tx=0).stop
2026-03-10T10:22:50.298 INFO:teuthology.orchestra.run.vm06.stdout:/usr/bin/ceph: stderr
2026-03-10T10:22:50.253+0000 7fb2d915f640 1 -- 192.168.123.106:0/1022369758 >> 192.168.123.106:0/1022369758 conn(0x7fb2d407d070 msgr2=0x7fb2d41077c0 unknown :-1 s=STATE_NONE l=0).mark_down
2026-03-10T10:22:50.298 INFO:teuthology.orchestra.run.vm06.stdout:/usr/bin/ceph: stderr
2026-03-10T10:22:50.253+0000 7fb2d915f640 1 -- 192.168.123.106:0/1022369758 shutdown_connections
2026-03-10T10:22:50.298 INFO:teuthology.orchestra.run.vm06.stdout:/usr/bin/ceph: stderr
2026-03-10T10:22:50.253+0000 7fb2d915f640 1 -- 192.168.123.106:0/1022369758 wait complete.
2026-03-10T10:22:50.523 INFO:journalctl@ceph.mgr.x.vm06.stdout:Mar 10 10:22:50 vm06 bash[20987]: Generating public/private ed25519 key pair.
2026-03-10T10:22:50.523 INFO:journalctl@ceph.mgr.x.vm06.stdout:Mar 10 10:22:50 vm06 bash[20987]: Your identification has been saved in /tmp/tmpkg6z5xiw/key
2026-03-10T10:22:50.523 INFO:journalctl@ceph.mgr.x.vm06.stdout:Mar 10 10:22:50 vm06 bash[20987]: Your public key has been saved in /tmp/tmpkg6z5xiw/key.pub
2026-03-10T10:22:50.523 INFO:journalctl@ceph.mgr.x.vm06.stdout:Mar 10 10:22:50 vm06 bash[20987]: The key fingerprint is:
2026-03-10T10:22:50.523 INFO:journalctl@ceph.mgr.x.vm06.stdout:Mar 10 10:22:50 vm06 bash[20987]: SHA256:dM2JwXOxsOq+3bTFbcYVr8M9DR8MvMK0YQ3MdAsdwcs ceph-ea426742-1c6a-11f1-91a5-59001c242e4e
2026-03-10T10:22:50.523 INFO:journalctl@ceph.mgr.x.vm06.stdout:Mar 10 10:22:50 vm06 bash[20987]: The key's randomart image is:
2026-03-10T10:22:50.523 INFO:journalctl@ceph.mgr.x.vm06.stdout:Mar 10 10:22:50 vm06 bash[20987]: +--[ED25519 256]--+
2026-03-10T10:22:50.523 INFO:journalctl@ceph.mgr.x.vm06.stdout:Mar 10 10:22:50 vm06 bash[20987]: | .*++=o |
2026-03-10T10:22:50.524 INFO:journalctl@ceph.mgr.x.vm06.stdout:Mar 10 10:22:50 vm06 bash[20987]: | oXB=. |
2026-03-10T10:22:50.524 INFO:journalctl@ceph.mgr.x.vm06.stdout:Mar 10 10:22:50 vm06 bash[20987]: | . +**=.. |
2026-03-10T10:22:50.524 INFO:journalctl@ceph.mgr.x.vm06.stdout:Mar 10 10:22:50 vm06 bash[20987]: | . o+ oE+ o|
2026-03-10T10:22:50.524 INFO:journalctl@ceph.mgr.x.vm06.stdout:Mar 10 10:22:50 vm06 bash[20987]: | S + ..oo|
2026-03-10T10:22:50.524 INFO:journalctl@ceph.mgr.x.vm06.stdout:Mar 10 10:22:50 vm06 bash[20987]: | . .o B+|
2026-03-10T10:22:50.524 INFO:journalctl@ceph.mgr.x.vm06.stdout:Mar 10 10:22:50 vm06 bash[20987]: | . . *.O|
2026-03-10T10:22:50.524 INFO:journalctl@ceph.mgr.x.vm06.stdout:Mar 10 10:22:50 vm06 bash[20987]: | . . o o +.|
2026-03-10T10:22:50.524 INFO:journalctl@ceph.mgr.x.vm06.stdout:Mar 10 10:22:50 vm06 bash[20987]: | o.. o |
2026-03-10T10:22:50.524 INFO:journalctl@ceph.mgr.x.vm06.stdout:Mar 10 10:22:50 vm06 bash[20987]: +----[SHA256]-----+
2026-03-10T10:22:50.554 INFO:teuthology.orchestra.run.vm06.stdout:/usr/bin/ceph: stdout ssh-ed25519 AAAAC3NzaC1lZDI1NTE5AAAAIJmfXpPvDl89+jXn8MPAr+74cNXmM4XDy7NB62fEpDEe ceph-ea426742-1c6a-11f1-91a5-59001c242e4e
2026-03-10T10:22:50.554 INFO:teuthology.orchestra.run.vm06.stdout:/usr/bin/ceph: stderr
2026-03-10T10:22:50.405+0000 7f3475841640 1 Processor -- start
2026-03-10T10:22:50.554 INFO:teuthology.orchestra.run.vm06.stdout:/usr/bin/ceph: stderr
2026-03-10T10:22:50.405+0000 7f3475841640 1 -- start start
2026-03-10T10:22:50.554 INFO:teuthology.orchestra.run.vm06.stdout:/usr/bin/ceph: stderr
2026-03-10T10:22:50.405+0000 7f3475841640 1 --2- >> [v2:192.168.123.106:3300/0,v1:192.168.123.106:6789/0] conn(0x7f3470105560 0x7f3470105960 unknown :-1 s=NONE pgs=0 cs=0 l=0 rev1=0 crypto rx=0 tx=0 comp rx=0 tx=0).connect
2026-03-10T10:22:50.554 INFO:teuthology.orchestra.run.vm06.stdout:/usr/bin/ceph: stderr
2026-03-10T10:22:50.405+0000 7f3475841640 1 -- --> [v2:192.168.123.106:3300/0,v1:192.168.123.106:6789/0] -- mon_getmap magic: 0 -- 0x7f3470105f30 con 0x7f3470105560
2026-03-10T10:22:50.554 INFO:teuthology.orchestra.run.vm06.stdout:/usr/bin/ceph: stderr
2026-03-10T10:22:50.405+0000 7f346effd640 1 --2- >> [v2:192.168.123.106:3300/0,v1:192.168.123.106:6789/0] conn(0x7f3470105560 0x7f3470105960 unknown :-1 s=BANNER_CONNECTING pgs=0 cs=0 l=0 rev1=0 crypto rx=0 tx=0 comp rx=0 tx=0)._handle_peer_banner_payload supported=3 required=0
2026-03-10T10:22:50.554 INFO:teuthology.orchestra.run.vm06.stdout:/usr/bin/ceph: stderr
2026-03-10T10:22:50.405+0000 7f346effd640 1 --2- >> [v2:192.168.123.106:3300/0,v1:192.168.123.106:6789/0] conn(0x7f3470105560 0x7f3470105960 unknown :-1 s=HELLO_CONNECTING pgs=0 cs=0 l=0 rev1=1 crypto rx=0 tx=0 comp rx=0 tx=0).handle_hello peer v2:192.168.123.106:3300/0 says I am v2:192.168.123.106:40338/0 (socket says 192.168.123.106:40338)
2026-03-10T10:22:50.554 INFO:teuthology.orchestra.run.vm06.stdout:/usr/bin/ceph: stderr
2026-03-10T10:22:50.405+0000 7f346effd640 1 -- 192.168.123.106:0/425090552 learned_addr learned my addr 192.168.123.106:0/425090552 (peer_addr_for_me v2:192.168.123.106:0/0)
2026-03-10T10:22:50.554 INFO:teuthology.orchestra.run.vm06.stdout:/usr/bin/ceph: stderr
2026-03-10T10:22:50.405+0000 7f346effd640 1 -- 192.168.123.106:0/425090552 --> [v2:192.168.123.106:3300/0,v1:192.168.123.106:6789/0] -- mon_subscribe({config=0+,monmap=0+}) -- 0x7f34701066f0 con 0x7f3470105560
2026-03-10T10:22:50.554 INFO:teuthology.orchestra.run.vm06.stdout:/usr/bin/ceph: stderr
2026-03-10T10:22:50.405+0000 7f346effd640 1 --2- 192.168.123.106:0/425090552 >> [v2:192.168.123.106:3300/0,v1:192.168.123.106:6789/0] conn(0x7f3470105560 0x7f3470105960 secure :-1 s=READY pgs=41 cs=0 l=1 rev1=1 crypto rx=0x7f3458009920 tx=0x7f345802ef20 comp rx=0 tx=0).ready entity=mon.0 client_cookie=657bb1792193e851 server_cookie=0 in_seq=0 out_seq=0
2026-03-10T10:22:50.554 INFO:teuthology.orchestra.run.vm06.stdout:/usr/bin/ceph: stderr
2026-03-10T10:22:50.405+0000 7f346dffb640 1 -- 192.168.123.106:0/425090552 <== mon.0 v2:192.168.123.106:3300/0 1 ==== mon_map magic: 0 ==== 205+0+0 (secure 0 0 0) 0x7f345803c070 con 0x7f3470105560
2026-03-10T10:22:50.554 INFO:teuthology.orchestra.run.vm06.stdout:/usr/bin/ceph: stderr
2026-03-10T10:22:50.405+0000 7f346dffb640 1 -- 192.168.123.106:0/425090552 <== mon.0 v2:192.168.123.106:3300/0 2 ==== config(25 keys) ==== 1007+0+0 (secure 0 0 0) 0x7f3458037440 con 0x7f3470105560
2026-03-10T10:22:50.554 INFO:teuthology.orchestra.run.vm06.stdout:/usr/bin/ceph: stderr
2026-03-10T10:22:50.405+0000 7f3475841640 1 -- 192.168.123.106:0/425090552 >> [v2:192.168.123.106:3300/0,v1:192.168.123.106:6789/0] conn(0x7f3470105560 msgr2=0x7f3470105960 secure :-1 s=STATE_CONNECTION_ESTABLISHED l=1).mark_down
2026-03-10T10:22:50.554 INFO:teuthology.orchestra.run.vm06.stdout:/usr/bin/ceph: stderr
2026-03-10T10:22:50.405+0000 7f3475841640 1 --2- 192.168.123.106:0/425090552 >> [v2:192.168.123.106:3300/0,v1:192.168.123.106:6789/0] conn(0x7f3470105560 0x7f3470105960 secure :-1 s=READY pgs=41 cs=0 l=1 rev1=1 crypto rx=0x7f3458009920 tx=0x7f345802ef20 comp rx=0 tx=0).stop
2026-03-10T10:22:50.554 INFO:teuthology.orchestra.run.vm06.stdout:/usr/bin/ceph: stderr
2026-03-10T10:22:50.409+0000 7f3475841640 1 -- 192.168.123.106:0/425090552 shutdown_connections
2026-03-10T10:22:50.554 INFO:teuthology.orchestra.run.vm06.stdout:/usr/bin/ceph: stderr
2026-03-10T10:22:50.409+0000 7f3475841640 1 --2- 192.168.123.106:0/425090552 >> [v2:192.168.123.106:3300/0,v1:192.168.123.106:6789/0] conn(0x7f3470105560 0x7f3470105960 unknown :-1 s=CLOSED pgs=41 cs=0 l=1 rev1=1 crypto rx=0 tx=0 comp rx=0 tx=0).stop
2026-03-10T10:22:50.554 INFO:teuthology.orchestra.run.vm06.stdout:/usr/bin/ceph: stderr
2026-03-10T10:22:50.409+0000 7f3475841640 1 -- 192.168.123.106:0/425090552 >> 192.168.123.106:0/425090552 conn(0x7f3470101080 msgr2=0x7f3470103500 unknown :-1 s=STATE_NONE l=0).mark_down
2026-03-10T10:22:50.554 INFO:teuthology.orchestra.run.vm06.stdout:/usr/bin/ceph: stderr
2026-03-10T10:22:50.409+0000 7f3475841640 1 -- 192.168.123.106:0/425090552 shutdown_connections
2026-03-10T10:22:50.554 INFO:teuthology.orchestra.run.vm06.stdout:/usr/bin/ceph: stderr
2026-03-10T10:22:50.409+0000 7f3475841640 1 -- 192.168.123.106:0/425090552 wait complete.
2026-03-10T10:22:50.554 INFO:teuthology.orchestra.run.vm06.stdout:/usr/bin/ceph: stderr
2026-03-10T10:22:50.409+0000 7f3475841640 1 Processor -- start
2026-03-10T10:22:50.554 INFO:teuthology.orchestra.run.vm06.stdout:/usr/bin/ceph: stderr
2026-03-10T10:22:50.409+0000 7f3475841640 1 -- start start
2026-03-10T10:22:50.554 INFO:teuthology.orchestra.run.vm06.stdout:/usr/bin/ceph: stderr
2026-03-10T10:22:50.409+0000 7f3475841640 1 --2- >> [v2:192.168.123.106:3300/0,v1:192.168.123.106:6789/0] conn(0x7f3470105560 0x7f34701a3d90 unknown :-1 s=NONE pgs=0 cs=0 l=1 rev1=0 crypto rx=0 tx=0 comp rx=0 tx=0).connect
2026-03-10T10:22:50.554 INFO:teuthology.orchestra.run.vm06.stdout:/usr/bin/ceph: stderr
2026-03-10T10:22:50.409+0000 7f3475841640 1 -- --> [v2:192.168.123.106:3300/0,v1:192.168.123.106:6789/0] -- mon_getmap magic: 0 -- 0x7f3470109940 con 0x7f3470105560
2026-03-10T10:22:50.554 INFO:teuthology.orchestra.run.vm06.stdout:/usr/bin/ceph: stderr
2026-03-10T10:22:50.409+0000 7f346effd640 1 --2- >> [v2:192.168.123.106:3300/0,v1:192.168.123.106:6789/0] conn(0x7f3470105560 0x7f34701a3d90 unknown :-1 s=BANNER_CONNECTING pgs=0 cs=0 l=1 rev1=0 crypto rx=0 tx=0 comp rx=0 tx=0)._handle_peer_banner_payload supported=3 required=0
2026-03-10T10:22:50.554 INFO:teuthology.orchestra.run.vm06.stdout:/usr/bin/ceph: stderr
2026-03-10T10:22:50.409+0000 7f346effd640 1 --2- >> [v2:192.168.123.106:3300/0,v1:192.168.123.106:6789/0] conn(0x7f3470105560 0x7f34701a3d90 unknown :-1 s=HELLO_CONNECTING pgs=0 cs=0 l=1 rev1=1 crypto rx=0 tx=0 comp rx=0 tx=0).handle_hello peer v2:192.168.123.106:3300/0 says I am v2:192.168.123.106:40354/0 (socket says 192.168.123.106:40354)
2026-03-10T10:22:50.555 INFO:teuthology.orchestra.run.vm06.stdout:/usr/bin/ceph: stderr
2026-03-10T10:22:50.409+0000 7f346effd640 1 -- 192.168.123.106:0/4235680850 learned_addr learned my addr 192.168.123.106:0/4235680850 (peer_addr_for_me v2:192.168.123.106:0/0)
2026-03-10T10:22:50.555 INFO:teuthology.orchestra.run.vm06.stdout:/usr/bin/ceph: stderr
2026-03-10T10:22:50.409+0000 7f346effd640 1 -- 192.168.123.106:0/4235680850 --> [v2:192.168.123.106:3300/0,v1:192.168.123.106:6789/0] -- mon_subscribe({config=0+,monmap=0+}) -- 0x7f34701a42d0 con 0x7f3470105560
2026-03-10T10:22:50.555 INFO:teuthology.orchestra.run.vm06.stdout:/usr/bin/ceph: stderr
2026-03-10T10:22:50.409+0000 7f346effd640 1 --2- 192.168.123.106:0/4235680850 >> [v2:192.168.123.106:3300/0,v1:192.168.123.106:6789/0] conn(0x7f3470105560 0x7f34701a3d90 secure :-1 s=READY pgs=42 cs=0 l=1 rev1=1 crypto rx=0x7f3458037b90 tx=0x7f3458037bc0 comp rx=0 tx=0).ready entity=mon.0 client_cookie=0 server_cookie=0 in_seq=0 out_seq=0
2026-03-10T10:22:50.555 INFO:teuthology.orchestra.run.vm06.stdout:/usr/bin/ceph: stderr
2026-03-10T10:22:50.409+0000 7f347483f640 1 -- 192.168.123.106:0/4235680850 <== mon.0 v2:192.168.123.106:3300/0 1 ==== mon_map magic: 0 ==== 205+0+0 (secure 0 0 0) 0x7f3458045070 con 0x7f3470105560
2026-03-10T10:22:50.555 INFO:teuthology.orchestra.run.vm06.stdout:/usr/bin/ceph: stderr
2026-03-10T10:22:50.409+0000 7f347483f640 1 -- 192.168.123.106:0/4235680850 <== mon.0 v2:192.168.123.106:3300/0 2 ==== config(25 keys) ==== 1007+0+0 (secure 0 0 0) 0x7f3458040450 con 0x7f3470105560
