2026-03-10T10:22:50.555 INFO:teuthology.orchestra.run.vm06.stdout:/usr/bin/ceph: stderr
2026-03-10T10:22:50.409+0000 7f3475841640 1 -- 192.168.123.106:0/4235680850 --> [v2:192.168.123.106:3300/0,v1:192.168.123.106:6789/0] -- mon_subscribe({mgrmap=0+}) -- 0x7f34701a4560 con 0x7f3470105560
2026-03-10T10:22:50.555 INFO:teuthology.orchestra.run.vm06.stdout:/usr/bin/ceph: stderr
2026-03-10T10:22:50.409+0000 7f347483f640 1 -- 192.168.123.106:0/4235680850 <== mon.0 v2:192.168.123.106:3300/0 3 ==== mon_map magic: 0 ==== 205+0+0 (secure 0 0 0) 0x7f345803c070 con 0x7f3470105560
2026-03-10T10:22:50.555 INFO:teuthology.orchestra.run.vm06.stdout:/usr/bin/ceph: stderr
2026-03-10T10:22:50.409+0000 7f347483f640 1 -- 192.168.123.106:0/4235680850 <== mon.0 v2:192.168.123.106:3300/0 4 ==== mgrmap(e 7) ==== 50141+0+0 (secure 0 0 0) 0x7f345803e5a0 con 0x7f3470105560
2026-03-10T10:22:50.555 INFO:teuthology.orchestra.run.vm06.stdout:/usr/bin/ceph: stderr
2026-03-10T10:22:50.409+0000 7f3475841640 1 -- 192.168.123.106:0/4235680850 --> [v2:192.168.123.106:3300/0,v1:192.168.123.106:6789/0] -- mon_subscribe({osdmap=0}) -- 0x7f34701a7210 con 0x7f3470105560
2026-03-10T10:22:50.555 INFO:teuthology.orchestra.run.vm06.stdout:/usr/bin/ceph: stderr
2026-03-10T10:22:50.409+0000 7f3475841640 1 -- 192.168.123.106:0/4235680850 --> [v2:192.168.123.106:3300/0,v1:192.168.123.106:6789/0] -- mon_command({"prefix": "get_command_descriptions"} v 0) -- 0x7f3470105960 con 0x7f3470105560
2026-03-10T10:22:50.555 INFO:teuthology.orchestra.run.vm06.stdout:/usr/bin/ceph: stderr
2026-03-10T10:22:50.409+0000 7f347483f640 1 --2- 192.168.123.106:0/4235680850 >> [v2:192.168.123.106:6800/4004663633,v1:192.168.123.106:6801/4004663633] conn(0x7f344803d760 0x7f344803fc20 unknown :-1 s=NONE pgs=0 cs=0 l=1 rev1=0 crypto rx=0 tx=0 comp rx=0 tx=0).connect
2026-03-10T10:22:50.555 INFO:teuthology.orchestra.run.vm06.stdout:/usr/bin/ceph: stderr
2026-03-10T10:22:50.409+0000 7f347483f640 1 -- 192.168.123.106:0/4235680850 <== mon.0 v2:192.168.123.106:3300/0 5 ==== osd_map(2..2 src has 1..2) ==== 940+0+0 (secure 0 0 0) 0x7f345807c580 con 0x7f3470105560
2026-03-10T10:22:50.555 INFO:teuthology.orchestra.run.vm06.stdout:/usr/bin/ceph: stderr
2026-03-10T10:22:50.413+0000 7f346e7fc640 1 --2- 192.168.123.106:0/4235680850 >> [v2:192.168.123.106:6800/4004663633,v1:192.168.123.106:6801/4004663633] conn(0x7f344803d760 0x7f344803fc20 unknown :-1 s=BANNER_CONNECTING pgs=0 cs=0 l=1 rev1=0 crypto rx=0 tx=0 comp rx=0 tx=0)._handle_peer_banner_payload supported=3 required=0
2026-03-10T10:22:50.555 INFO:teuthology.orchestra.run.vm06.stdout:/usr/bin/ceph: stderr
2026-03-10T10:22:50.413+0000 7f346e7fc640 1 --2- 192.168.123.106:0/4235680850 >> [v2:192.168.123.106:6800/4004663633,v1:192.168.123.106:6801/4004663633] conn(0x7f344803d760 0x7f344803fc20 secure :-1 s=READY pgs=10 cs=0 l=1 rev1=1 crypto rx=0x7f34640099c0 tx=0x7f3464006eb0 comp rx=0 tx=0).ready entity=mgr.14118 client_cookie=0 server_cookie=0 in_seq=0 out_seq=0
2026-03-10T10:22:50.555 INFO:teuthology.orchestra.run.vm06.stdout:/usr/bin/ceph: stderr
2026-03-10T10:22:50.413+0000 7f347483f640 1 -- 192.168.123.106:0/4235680850 <== mon.0 v2:192.168.123.106:3300/0 6 ==== mon_command_ack([{"prefix": "get_command_descriptions"}]=0 v0) ==== 72+0+195034 (secure 0 0 0) 0x7f345803e8c0 con 0x7f3470105560
2026-03-10T10:22:50.555 INFO:teuthology.orchestra.run.vm06.stdout:/usr/bin/ceph: stderr
2026-03-10T10:22:50.505+0000 7f3475841640 1 -- 192.168.123.106:0/4235680850 --> [v2:192.168.123.106:6800/4004663633,v1:192.168.123.106:6801/4004663633] -- mgr_command(tid 0: {"prefix": "cephadm get-pub-key", "target": ["mon-mgr", ""]}) -- 0x7f34701021d0 con 0x7f344803d760
2026-03-10T10:22:50.555 INFO:teuthology.orchestra.run.vm06.stdout:/usr/bin/ceph: stderr
2026-03-10T10:22:50.505+0000 7f347483f640 1 -- 192.168.123.106:0/4235680850 <== mgr.14118 v2:192.168.123.106:6800/4004663633 1 ==== mgr_command_reply(tid 0: 0 ) ==== 8+0+123 (secure 0 0 0) 0x7f34701021d0 con 0x7f344803d760
2026-03-10T10:22:50.555 INFO:teuthology.orchestra.run.vm06.stdout:/usr/bin/ceph: stderr
2026-03-10T10:22:50.509+0000 7f3475841640 1 -- 192.168.123.106:0/4235680850 >> [v2:192.168.123.106:6800/4004663633,v1:192.168.123.106:6801/4004663633] conn(0x7f344803d760 msgr2=0x7f344803fc20 secure :-1 s=STATE_CONNECTION_ESTABLISHED l=1).mark_down
2026-03-10T10:22:50.555 INFO:teuthology.orchestra.run.vm06.stdout:/usr/bin/ceph: stderr
2026-03-10T10:22:50.509+0000 7f3475841640 1 --2- 192.168.123.106:0/4235680850 >> [v2:192.168.123.106:6800/4004663633,v1:192.168.123.106:6801/4004663633] conn(0x7f344803d760 0x7f344803fc20 secure :-1 s=READY pgs=10 cs=0 l=1 rev1=1 crypto rx=0x7f34640099c0 tx=0x7f3464006eb0 comp rx=0 tx=0).stop
2026-03-10T10:22:50.555 INFO:teuthology.orchestra.run.vm06.stdout:/usr/bin/ceph: stderr
2026-03-10T10:22:50.509+0000 7f3475841640 1 -- 192.168.123.106:0/4235680850 >> [v2:192.168.123.106:3300/0,v1:192.168.123.106:6789/0] conn(0x7f3470105560 msgr2=0x7f34701a3d90 secure :-1 s=STATE_CONNECTION_ESTABLISHED l=1).mark_down
2026-03-10T10:22:50.555 INFO:teuthology.orchestra.run.vm06.stdout:/usr/bin/ceph: stderr
2026-03-10T10:22:50.509+0000 7f3475841640 1 --2- 192.168.123.106:0/4235680850 >> [v2:192.168.123.106:3300/0,v1:192.168.123.106:6789/0] conn(0x7f3470105560 0x7f34701a3d90 secure :-1 s=READY pgs=42 cs=0 l=1 rev1=1 crypto rx=0x7f3458037b90 tx=0x7f3458037bc0 comp rx=0 tx=0).stop
2026-03-10T10:22:50.555 INFO:teuthology.orchestra.run.vm06.stdout:/usr/bin/ceph: stderr
2026-03-10T10:22:50.509+0000 7f3475841640 1 -- 192.168.123.106:0/4235680850 shutdown_connections
2026-03-10T10:22:50.555 INFO:teuthology.orchestra.run.vm06.stdout:/usr/bin/ceph: stderr
2026-03-10T10:22:50.509+0000 7f3475841640 1 --2- 192.168.123.106:0/4235680850 >> [v2:192.168.123.106:6800/4004663633,v1:192.168.123.106:6801/4004663633] conn(0x7f344803d760 0x7f344803fc20 unknown :-1 s=CLOSED pgs=10 cs=0 l=1 rev1=1 crypto rx=0 tx=0 comp rx=0 tx=0).stop
2026-03-10T10:22:50.555 INFO:teuthology.orchestra.run.vm06.stdout:/usr/bin/ceph: stderr
2026-03-10T10:22:50.509+0000 7f3475841640 1 --2- 192.168.123.106:0/4235680850 >> [v2:192.168.123.106:3300/0,v1:192.168.123.106:6789/0] conn(0x7f3470105560 0x7f34701a3d90 unknown :-1 s=CLOSED pgs=42 cs=0 l=1 rev1=1 crypto rx=0 tx=0 comp rx=0 tx=0).stop
2026-03-10T10:22:50.555 INFO:teuthology.orchestra.run.vm06.stdout:/usr/bin/ceph: stderr
2026-03-10T10:22:50.509+0000 7f3475841640 1 -- 192.168.123.106:0/4235680850 >> 192.168.123.106:0/4235680850 conn(0x7f3470101080 msgr2=0x7f3470101ac0 unknown :-1 s=STATE_NONE l=0).mark_down
2026-03-10T10:22:50.555 INFO:teuthology.orchestra.run.vm06.stdout:/usr/bin/ceph: stderr
2026-03-10T10:22:50.509+0000 7f3475841640 1 -- 192.168.123.106:0/4235680850 shutdown_connections
2026-03-10T10:22:50.555 INFO:teuthology.orchestra.run.vm06.stdout:/usr/bin/ceph: stderr
2026-03-10T10:22:50.509+0000 7f3475841640 1 -- 192.168.123.106:0/4235680850 wait complete.
2026-03-10T10:22:50.555 INFO:teuthology.orchestra.run.vm06.stdout:Wrote public SSH key to /home/ubuntu/cephtest/ceph.pub
2026-03-10T10:22:50.555 INFO:teuthology.orchestra.run.vm06.stdout:Adding key to root@localhost authorized_keys...
2026-03-10T10:22:50.555 INFO:teuthology.orchestra.run.vm06.stdout:Adding host vm06...
2026-03-10T10:22:50.813 INFO:journalctl@ceph.mon.a.vm06.stdout:Mar 10 10:22:50 vm06 bash[20720]: audit
2026-03-10T10:22:49.384560+0000 mgr.x (mgr.14118) 2 : audit [DBG] from='client.14122 -' entity='client.admin' cmd=[{"prefix": "get_command_descriptions"}]: dispatch
2026-03-10T10:22:50.813 INFO:journalctl@ceph.mon.a.vm06.stdout:Mar 10 10:22:50 vm06 bash[20720]: audit
2026-03-10T10:22:49.384560+0000 mgr.x (mgr.14118) 2 : audit [DBG] from='client.14122 -' entity='client.admin' cmd=[{"prefix": "get_command_descriptions"}]: dispatch
2026-03-10T10:22:50.813 INFO:journalctl@ceph.mon.a.vm06.stdout:Mar 10 10:22:50 vm06 bash[20720]: audit
2026-03-10T10:22:49.389355+0000 mgr.x (mgr.14118) 3 : audit [DBG] from='client.14122 -' entity='client.admin' cmd=[{"prefix": "mgr_status"}]: dispatch
2026-03-10T10:22:50.813 INFO:journalctl@ceph.mon.a.vm06.stdout:Mar 10 10:22:50 vm06 bash[20720]: audit
2026-03-10T10:22:49.389355+0000 mgr.x (mgr.14118) 3 : audit [DBG] from='client.14122 -' entity='client.admin' cmd=[{"prefix": "mgr_status"}]: dispatch
2026-03-10T10:22:50.813 INFO:journalctl@ceph.mon.a.vm06.stdout:Mar 10 10:22:50 vm06 bash[20720]: cephadm
2026-03-10T10:22:49.642043+0000 mgr.x (mgr.14118) 4 : cephadm [INF] [10/Mar/2026:10:22:49] ENGINE Bus STARTING
2026-03-10T10:22:50.813 INFO:journalctl@ceph.mon.a.vm06.stdout:Mar 10 10:22:50 vm06 bash[20720]: cephadm
2026-03-10T10:22:49.642043+0000 mgr.x (mgr.14118) 4 : cephadm [INF] [10/Mar/2026:10:22:49] ENGINE Bus STARTING
2026-03-10T10:22:50.813 INFO:journalctl@ceph.mon.a.vm06.stdout:Mar 10 10:22:50 vm06 bash[20720]: audit
2026-03-10T10:22:49.711439+0000 mgr.x (mgr.14118) 5 : audit [DBG] from='client.14130 -' entity='client.admin' cmd=[{"prefix": "orch set backend", "module_name": "cephadm", "target": ["mon-mgr", ""]}]: dispatch
2026-03-10T10:22:50.813 INFO:journalctl@ceph.mon.a.vm06.stdout:Mar 10 10:22:50 vm06 bash[20720]: audit
2026-03-10T10:22:49.711439+0000 mgr.x (mgr.14118) 5 : audit [DBG] from='client.14130 -' entity='client.admin' cmd=[{"prefix": "orch set backend", "module_name": "cephadm", "target": ["mon-mgr", ""]}]: dispatch
2026-03-10T10:22:50.813 INFO:journalctl@ceph.mon.a.vm06.stdout:Mar 10 10:22:50 vm06 bash[20720]: audit
2026-03-10T10:22:49.716406+0000 mon.a (mon.0) 55 : audit [INF] from='mgr.14118 192.168.123.106:0/831496976' entity='mgr.x'
2026-03-10T10:22:50.813 INFO:journalctl@ceph.mon.a.vm06.stdout:Mar 10 10:22:50 vm06 bash[20720]: audit
2026-03-10T10:22:49.716406+0000 mon.a (mon.0) 55 : audit [INF] from='mgr.14118 192.168.123.106:0/831496976' entity='mgr.x'
2026-03-10T10:22:50.813 INFO:journalctl@ceph.mon.a.vm06.stdout:Mar 10 10:22:50 vm06 bash[20720]: audit
2026-03-10T10:22:49.722445+0000 mon.a (mon.0) 56 : audit [DBG] from='mgr.14118 192.168.123.106:0/831496976' entity='mgr.x' cmd=[{"prefix": "config dump", "format": "json"}]: dispatch
2026-03-10T10:22:50.813 INFO:journalctl@ceph.mon.a.vm06.stdout:Mar 10 10:22:50 vm06 bash[20720]: audit
2026-03-10T10:22:49.722445+0000 mon.a (mon.0) 56 : audit [DBG] from='mgr.14118 192.168.123.106:0/831496976' entity='mgr.x' cmd=[{"prefix": "config dump", "format": "json"}]: dispatch
2026-03-10T10:22:50.813 INFO:journalctl@ceph.mon.a.vm06.stdout:Mar 10 10:22:50 vm06 bash[20720]: cephadm
2026-03-10T10:22:49.752285+0000 mgr.x (mgr.14118) 6 : cephadm [INF] [10/Mar/2026:10:22:49] ENGINE Serving on https://192.168.123.106:7150
2026-03-10T10:22:50.813 INFO:journalctl@ceph.mon.a.vm06.stdout:Mar 10 10:22:50 vm06 bash[20720]: cephadm
2026-03-10T10:22:49.752285+0000 mgr.x (mgr.14118) 6 : cephadm [INF] [10/Mar/2026:10:22:49] ENGINE Serving on https://192.168.123.106:7150
2026-03-10T10:22:50.814 INFO:journalctl@ceph.mon.a.vm06.stdout:Mar 10 10:22:50 vm06 bash[20720]: cephadm
2026-03-10T10:22:49.752772+0000 mgr.x (mgr.14118) 7 : cephadm [INF] [10/Mar/2026:10:22:49] ENGINE Client ('192.168.123.106', 55290) lost — peer dropped the TLS connection suddenly, during handshake: (6, 'TLS/SSL connection has been closed (EOF) (_ssl.c:1147)')
2026-03-10T10:22:50.814 INFO:journalctl@ceph.mon.a.vm06.stdout:Mar 10 10:22:50 vm06 bash[20720]: cephadm
2026-03-10T10:22:49.752772+0000 mgr.x (mgr.14118) 7 : cephadm [INF] [10/Mar/2026:10:22:49] ENGINE Client ('192.168.123.106', 55290) lost — peer dropped the TLS connection suddenly, during handshake: (6, 'TLS/SSL connection has been closed (EOF) (_ssl.c:1147)')
2026-03-10T10:22:50.814 INFO:journalctl@ceph.mon.a.vm06.stdout:Mar 10 10:22:50 vm06 bash[20720]: cephadm
2026-03-10T10:22:49.853535+0000 mgr.x (mgr.14118) 8 : cephadm [INF] [10/Mar/2026:10:22:49] ENGINE Serving on http://192.168.123.106:8765
2026-03-10T10:22:50.814 INFO:journalctl@ceph.mon.a.vm06.stdout:Mar 10 10:22:50 vm06 bash[20720]: cephadm
2026-03-10T10:22:49.853535+0000 mgr.x (mgr.14118) 8 : cephadm [INF] [10/Mar/2026:10:22:49] ENGINE Serving on http://192.168.123.106:8765
2026-03-10T10:22:50.814 INFO:journalctl@ceph.mon.a.vm06.stdout:Mar 10 10:22:50 vm06 bash[20720]: cephadm
2026-03-10T10:22:49.853604+0000 mgr.x (mgr.14118) 9 : cephadm [INF] [10/Mar/2026:10:22:49] ENGINE Bus STARTED
2026-03-10T10:22:50.814 INFO:journalctl@ceph.mon.a.vm06.stdout:Mar 10 10:22:50 vm06 bash[20720]: cephadm
2026-03-10T10:22:49.853604+0000 mgr.x (mgr.14118) 9 : cephadm [INF] [10/Mar/2026:10:22:49] ENGINE Bus STARTED
2026-03-10T10:22:50.814 INFO:journalctl@ceph.mon.a.vm06.stdout:Mar 10 10:22:50 vm06 bash[20720]: audit
2026-03-10T10:22:49.854120+0000 mon.a (mon.0) 57 : audit [DBG] from='mgr.14118 192.168.123.106:0/831496976' entity='mgr.x' cmd=[{"prefix": "config dump", "format": "json"}]: dispatch
2026-03-10T10:22:50.814 INFO:journalctl@ceph.mon.a.vm06.stdout:Mar 10 10:22:50 vm06 bash[20720]: audit
2026-03-10T10:22:49.854120+0000 mon.a (mon.0) 57 : audit [DBG] from='mgr.14118 192.168.123.106:0/831496976' entity='mgr.x' cmd=[{"prefix": "config dump", "format": "json"}]: dispatch
2026-03-10T10:22:50.814 INFO:journalctl@ceph.mon.a.vm06.stdout:Mar 10 10:22:50 vm06 bash[20720]: audit
2026-03-10T10:22:49.976668+0000 mgr.x (mgr.14118) 10 : audit [DBG] from='client.14132 -' entity='client.admin' cmd=[{"prefix": "cephadm set-user", "user": "root", "target": ["mon-mgr", ""]}]: dispatch
2026-03-10T10:22:50.814 INFO:journalctl@ceph.mon.a.vm06.stdout:Mar 10 10:22:50 vm06 bash[20720]: audit
2026-03-10T10:22:49.976668+0000 mgr.x (mgr.14118) 10 : audit [DBG] from='client.14132 -' entity='client.admin' cmd=[{"prefix": "cephadm set-user", "user": "root", "target": ["mon-mgr", ""]}]: dispatch
2026-03-10T10:22:50.814 INFO:journalctl@ceph.mon.a.vm06.stdout:Mar 10 10:22:50 vm06 bash[20720]: audit
2026-03-10T10:22:50.252418+0000 mon.a (mon.0) 58 : audit [INF] from='mgr.14118 192.168.123.106:0/831496976' entity='mgr.x'
2026-03-10T10:22:50.814 INFO:journalctl@ceph.mon.a.vm06.stdout:Mar 10 10:22:50 vm06 bash[20720]: audit
2026-03-10T10:22:50.252418+0000 mon.a (mon.0) 58 : audit [INF] from='mgr.14118 192.168.123.106:0/831496976' entity='mgr.x'
2026-03-10T10:22:50.814 INFO:journalctl@ceph.mon.a.vm06.stdout:Mar 10 10:22:50 vm06 bash[20720]: audit
2026-03-10T10:22:50.255127+0000 mon.a (mon.0) 59 : audit [INF] from='mgr.14118 192.168.123.106:0/831496976' entity='mgr.x'
2026-03-10T10:22:50.814 INFO:journalctl@ceph.mon.a.vm06.stdout:Mar 10 10:22:50 vm06 bash[20720]: audit
2026-03-10T10:22:50.255127+0000 mon.a (mon.0) 59 : audit [INF] from='mgr.14118 192.168.123.106:0/831496976' entity='mgr.x'
2026-03-10T10:22:51.776 INFO:journalctl@ceph.mon.a.vm06.stdout:Mar 10 10:22:51 vm06 bash[20720]: audit
2026-03-10T10:22:50.234235+0000 mgr.x (mgr.14118) 11 : audit [DBG] from='client.14134 -' entity='client.admin' cmd=[{"prefix": "cephadm generate-key", "target": ["mon-mgr", ""]}]: dispatch
2026-03-10T10:22:51.776 INFO:journalctl@ceph.mon.a.vm06.stdout:Mar 10 10:22:51 vm06 bash[20720]: audit
2026-03-10T10:22:50.234235+0000 mgr.x (mgr.14118) 11 : audit [DBG] from='client.14134 -' entity='client.admin' cmd=[{"prefix": "cephadm generate-key", "target": ["mon-mgr", ""]}]: dispatch
2026-03-10T10:22:51.776 INFO:journalctl@ceph.mon.a.vm06.stdout:Mar 10 10:22:51 vm06 bash[20720]: cephadm
2026-03-10T10:22:50.234463+0000 mgr.x (mgr.14118) 12 : cephadm [INF] Generating ssh key...
2026-03-10T10:22:51.776 INFO:journalctl@ceph.mon.a.vm06.stdout:Mar 10 10:22:51 vm06 bash[20720]: cephadm
2026-03-10T10:22:50.234463+0000 mgr.x (mgr.14118) 12 : cephadm [INF] Generating ssh key...
2026-03-10T10:22:51.776 INFO:journalctl@ceph.mon.a.vm06.stdout:Mar 10 10:22:51 vm06 bash[20720]: audit
2026-03-10T10:22:50.510551+0000 mgr.x (mgr.14118) 13 : audit [DBG] from='client.14136 -' entity='client.admin' cmd=[{"prefix": "cephadm get-pub-key", "target": ["mon-mgr", ""]}]: dispatch
2026-03-10T10:22:51.776 INFO:journalctl@ceph.mon.a.vm06.stdout:Mar 10 10:22:51 vm06 bash[20720]: audit
2026-03-10T10:22:50.510551+0000 mgr.x (mgr.14118) 13 : audit [DBG] from='client.14136 -' entity='client.admin' cmd=[{"prefix": "cephadm get-pub-key", "target": ["mon-mgr", ""]}]: dispatch
2026-03-10T10:22:51.776 INFO:journalctl@ceph.mon.a.vm06.stdout:Mar 10 10:22:51 vm06 bash[20720]: audit
2026-03-10T10:22:50.803835+0000 mgr.x (mgr.14118) 14 : audit [DBG] from='client.14138 -' entity='client.admin' cmd=[{"prefix": "orch host add", "hostname": "vm06", "addr": "192.168.123.106", "target": ["mon-mgr", ""]}]: dispatch
2026-03-10T10:22:51.776 INFO:journalctl@ceph.mon.a.vm06.stdout:Mar 10 10:22:51 vm06 bash[20720]: audit
2026-03-10T10:22:50.803835+0000 mgr.x (mgr.14118) 14 : audit [DBG] from='client.14138 -' entity='client.admin' cmd=[{"prefix": "orch host add", "hostname": "vm06", "addr": "192.168.123.106", "target": ["mon-mgr", ""]}]: dispatch
2026-03-10T10:22:51.776 INFO:journalctl@ceph.mon.a.vm06.stdout:Mar 10 10:22:51 vm06 bash[20720]: cluster
2026-03-10T10:22:51.259445+0000 mon.a (mon.0) 60 : cluster [DBG] mgrmap e8: x(active, since 2s)
2026-03-10T10:22:51.776 INFO:journalctl@ceph.mon.a.vm06.stdout:Mar 10 10:22:51 vm06 bash[20720]: cluster
2026-03-10T10:22:51.259445+0000 mon.a (mon.0) 60 : cluster [DBG] mgrmap e8: x(active, since 2s)
2026-03-10T10:22:52.739 INFO:teuthology.orchestra.run.vm06.stdout:/usr/bin/ceph: stdout Added host 'vm06' with addr '192.168.123.106'
2026-03-10T10:22:52.739 INFO:teuthology.orchestra.run.vm06.stdout:/usr/bin/ceph: stderr
2026-03-10T10:22:50.685+0000 7fd579eaf640 1 Processor -- start
2026-03-10T10:22:52.739 INFO:teuthology.orchestra.run.vm06.stdout:/usr/bin/ceph: stderr
2026-03-10T10:22:50.685+0000 7fd579eaf640 1 -- start start
2026-03-10T10:22:52.739 INFO:teuthology.orchestra.run.vm06.stdout:/usr/bin/ceph: stderr
2026-03-10T10:22:50.685+0000 7fd579eaf640 1 --2- >> [v2:192.168.123.106:3300/0,v1:192.168.123.106:6789/0] conn(0x7fd574107cd0 0x7fd5741080d0 unknown :-1 s=NONE pgs=0 cs=0 l=0 rev1=0 crypto rx=0 tx=0 comp rx=0 tx=0).connect
2026-03-10T10:22:52.739 INFO:teuthology.orchestra.run.vm06.stdout:/usr/bin/ceph: stderr
2026-03-10T10:22:50.685+0000 7fd579eaf640 1 -- --> [v2:192.168.123.106:3300/0,v1:192.168.123.106:6789/0] -- mon_getmap magic: 0 -- 0x7fd5741086a0 con 0x7fd574107cd0
2026-03-10T10:22:52.739 INFO:teuthology.orchestra.run.vm06.stdout:/usr/bin/ceph: stderr
2026-03-10T10:22:50.685+0000 7fd5737fe640 1 --2- >> [v2:192.168.123.106:3300/0,v1:192.168.123.106:6789/0] conn(0x7fd574107cd0 0x7fd5741080d0 unknown :-1 s=BANNER_CONNECTING pgs=0 cs=0 l=0 rev1=0 crypto rx=0 tx=0 comp rx=0 tx=0)._handle_peer_banner_payload supported=3 required=0
2026-03-10T10:22:52.739 INFO:teuthology.orchestra.run.vm06.stdout:/usr/bin/ceph: stderr
2026-03-10T10:22:50.685+0000 7fd5737fe640 1 --2- >> [v2:192.168.123.106:3300/0,v1:192.168.123.106:6789/0] conn(0x7fd574107cd0 0x7fd5741080d0 unknown :-1 s=HELLO_CONNECTING pgs=0 cs=0 l=0 rev1=1 crypto rx=0 tx=0 comp rx=0 tx=0).handle_hello peer v2:192.168.123.106:3300/0 says I am v2:192.168.123.106:40366/0 (socket says 192.168.123.106:40366)
2026-03-10T10:22:52.739 INFO:teuthology.orchestra.run.vm06.stdout:/usr/bin/ceph: stderr
2026-03-10T10:22:50.685+0000 7fd5737fe640 1 -- 192.168.123.106:0/761638168 learned_addr learned my addr 192.168.123.106:0/761638168 (peer_addr_for_me v2:192.168.123.106:0/0)
2026-03-10T10:22:52.739 INFO:teuthology.orchestra.run.vm06.stdout:/usr/bin/ceph: stderr
2026-03-10T10:22:50.685+0000 7fd5737fe640 1 -- 192.168.123.106:0/761638168 --> [v2:192.168.123.106:3300/0,v1:192.168.123.106:6789/0] -- mon_subscribe({config=0+,monmap=0+}) -- 0x7fd5741068a0 con 0x7fd574107cd0
2026-03-10T10:22:52.739 INFO:teuthology.orchestra.run.vm06.stdout:/usr/bin/ceph: stderr
2026-03-10T10:22:50.685+0000 7fd5737fe640 1 --2- 192.168.123.106:0/761638168 >> [v2:192.168.123.106:3300/0,v1:192.168.123.106:6789/0] conn(0x7fd574107cd0 0x7fd5741080d0 secure :-1 s=READY pgs=43 cs=0 l=1 rev1=1 crypto rx=0x7fd564009b80 tx=0x7fd56402f190 comp rx=0 tx=0).ready entity=mon.0 client_cookie=60ae081800744a5a server_cookie=0 in_seq=0 out_seq=0
2026-03-10T10:22:52.740 INFO:teuthology.orchestra.run.vm06.stdout:/usr/bin/ceph: stderr
2026-03-10T10:22:50.689+0000 7fd5727fc640 1 -- 192.168.123.106:0/761638168 <== mon.0 v2:192.168.123.106:3300/0 1 ==== mon_map magic: 0 ==== 205+0+0 (secure 0 0 0) 0x7fd56403c070 con 0x7fd574107cd0
2026-03-10T10:22:52.740 INFO:teuthology.orchestra.run.vm06.stdout:/usr/bin/ceph: stderr
2026-03-10T10:22:50.689+0000 7fd5727fc640 1 -- 192.168.123.106:0/761638168 <== mon.0 v2:192.168.123.106:3300/0 2 ==== config(25 keys) ==== 1007+0+0 (secure 0 0 0) 0x7fd564037440 con 0x7fd574107cd0
2026-03-10T10:22:52.740 INFO:teuthology.orchestra.run.vm06.stdout:/usr/bin/ceph: stderr
2026-03-10T10:22:50.689+0000 7fd5727fc640 1 -- 192.168.123.106:0/761638168 <== mon.0 v2:192.168.123.106:3300/0 3 ==== mon_map magic: 0 ==== 205+0+0 (secure 0 0 0) 0x7fd5640353a0 con 0x7fd574107cd0
2026-03-10T10:22:52.740 INFO:teuthology.orchestra.run.vm06.stdout:/usr/bin/ceph: stderr
2026-03-10T10:22:50.689+0000 7fd579eaf640 1 -- 192.168.123.106:0/761638168 >> [v2:192.168.123.106:3300/0,v1:192.168.123.106:6789/0] conn(0x7fd574107cd0 msgr2=0x7fd5741080d0 secure :-1 s=STATE_CONNECTION_ESTABLISHED l=1).mark_down
2026-03-10T10:22:52.740 INFO:teuthology.orchestra.run.vm06.stdout:/usr/bin/ceph: stderr
2026-03-10T10:22:50.689+0000 7fd579eaf640 1 --2- 192.168.123.106:0/761638168 >> [v2:192.168.123.106:3300/0,v1:192.168.123.106:6789/0] conn(0x7fd574107cd0 0x7fd5741080d0 secure :-1 s=READY pgs=43 cs=0 l=1 rev1=1 crypto rx=0x7fd564009b80 tx=0x7fd56402f190 comp rx=0 tx=0).stop
2026-03-10T10:22:52.740 INFO:teuthology.orchestra.run.vm06.stdout:/usr/bin/ceph: stderr
2026-03-10T10:22:50.689+0000 7fd579eaf640 1 -- 192.168.123.106:0/761638168 shutdown_connections
2026-03-10T10:22:52.740 INFO:teuthology.orchestra.run.vm06.stdout:/usr/bin/ceph: stderr
2026-03-10T10:22:50.689+0000 7fd579eaf640 1 --2- 192.168.123.106:0/761638168 >> [v2:192.168.123.106:3300/0,v1:192.168.123.106:6789/0] conn(0x7fd574107cd0 0x7fd5741080d0 unknown :-1 s=CLOSED pgs=43 cs=0 l=1 rev1=1 crypto rx=0 tx=0 comp rx=0 tx=0).stop
2026-03-10T10:22:52.740 INFO:teuthology.orchestra.run.vm06.stdout:/usr/bin/ceph: stderr
2026-03-10T10:22:50.689+0000 7fd579eaf640 1 -- 192.168.123.106:0/761638168 >> 192.168.123.106:0/761638168 conn(0x7fd574101500 msgr2=0x7fd574103980 unknown :-1 s=STATE_NONE l=0).mark_down
2026-03-10T10:22:52.740 INFO:teuthology.orchestra.run.vm06.stdout:/usr/bin/ceph: stderr
2026-03-10T10:22:50.689+0000 7fd579eaf640 1 -- 192.168.123.106:0/761638168 shutdown_connections
2026-03-10T10:22:52.740 INFO:teuthology.orchestra.run.vm06.stdout:/usr/bin/ceph: stderr
2026-03-10T10:22:50.689+0000 7fd579eaf640 1 -- 192.168.123.106:0/761638168 wait complete.
2026-03-10T10:22:52.740 INFO:teuthology.orchestra.run.vm06.stdout:/usr/bin/ceph: stderr
2026-03-10T10:22:50.689+0000 7fd579eaf640 1 Processor -- start
2026-03-10T10:22:52.740 INFO:teuthology.orchestra.run.vm06.stdout:/usr/bin/ceph: stderr
2026-03-10T10:22:50.689+0000 7fd579eaf640 1 -- start start
2026-03-10T10:22:52.740 INFO:teuthology.orchestra.run.vm06.stdout:/usr/bin/ceph: stderr
2026-03-10T10:22:50.689+0000 7fd579eaf640 1 --2- >> [v2:192.168.123.106:3300/0,v1:192.168.123.106:6789/0] conn(0x7fd574107cd0 0x7fd57419b410 unknown :-1 s=NONE pgs=0 cs=0 l=1 rev1=0 crypto rx=0 tx=0 comp rx=0 tx=0).connect
2026-03-10T10:22:52.740 INFO:teuthology.orchestra.run.vm06.stdout:/usr/bin/ceph: stderr
2026-03-10T10:22:50.689+0000 7fd579eaf640 1 -- --> [v2:192.168.123.106:3300/0,v1:192.168.123.106:6789/0] -- mon_getmap magic: 0 -- 0x7fd574105750 con 0x7fd574107cd0
2026-03-10T10:22:52.740 INFO:teuthology.orchestra.run.vm06.stdout:/usr/bin/ceph: stderr
2026-03-10T10:22:50.689+0000 7fd5737fe640 1 --2- >> [v2:192.168.123.106:3300/0,v1:192.168.123.106:6789/0] conn(0x7fd574107cd0 0x7fd57419b410 unknown :-1 s=BANNER_CONNECTING pgs=0 cs=0 l=1 rev1=0 crypto rx=0 tx=0 comp rx=0 tx=0)._handle_peer_banner_payload supported=3 required=0
2026-03-10T10:22:52.740 INFO:teuthology.orchestra.run.vm06.stdout:/usr/bin/ceph: stderr
2026-03-10T10:22:50.689+0000 7fd5737fe640 1 --2- >> [v2:192.168.123.106:3300/0,v1:192.168.123.106:6789/0] conn(0x7fd574107cd0 0x7fd57419b410 unknown :-1 s=HELLO_CONNECTING pgs=0 cs=0 l=1 rev1=1 crypto rx=0 tx=0 comp rx=0 tx=0).handle_hello peer v2:192.168.123.106:3300/0 says I am v2:192.168.123.106:40378/0 (socket says 192.168.123.106:40378)
2026-03-10T10:22:52.740 INFO:teuthology.orchestra.run.vm06.stdout:/usr/bin/ceph: stderr
2026-03-10T10:22:50.689+0000 7fd5737fe640 1 -- 192.168.123.106:0/3756379130 learned_addr learned my addr 192.168.123.106:0/3756379130 (peer_addr_for_me v2:192.168.123.106:0/0)
2026-03-10T10:22:52.740 INFO:teuthology.orchestra.run.vm06.stdout:/usr/bin/ceph: stderr
2026-03-10T10:22:50.689+0000 7fd5737fe640 1 -- 192.168.123.106:0/3756379130 --> [v2:192.168.123.106:3300/0,v1:192.168.123.106:6789/0] -- mon_subscribe({config=0+,monmap=0+}) -- 0x7fd57419b950 con 0x7fd574107cd0
2026-03-10T10:22:52.740 INFO:teuthology.orchestra.run.vm06.stdout:/usr/bin/ceph: stderr
2026-03-10T10:22:50.689+0000 7fd5737fe640 1 --2- 192.168.123.106:0/3756379130 >> [v2:192.168.123.106:3300/0,v1:192.168.123.106:6789/0] conn(0x7fd574107cd0 0x7fd57419b410 secure :-1 s=READY pgs=44 cs=0 l=1 rev1=1 crypto rx=0x7fd564037b90 tx=0x7fd564035570 comp rx=0 tx=0).ready entity=mon.0 client_cookie=0 server_cookie=0 in_seq=0 out_seq=0
2026-03-10T10:22:52.740 INFO:teuthology.orchestra.run.vm06.stdout:/usr/bin/ceph: stderr
2026-03-10T10:22:50.689+0000 7fd570ff9640 1 -- 192.168.123.106:0/3756379130 <== mon.0 v2:192.168.123.106:3300/0 1 ==== mon_map magic: 0 ==== 205+0+0 (secure 0 0 0) 0x7fd564047070 con 0x7fd574107cd0
2026-03-10T10:22:52.740 INFO:teuthology.orchestra.run.vm06.stdout:/usr/bin/ceph: stderr
2026-03-10T10:22:50.689+0000 7fd570ff9640 1 -- 192.168.123.106:0/3756379130 <== mon.0 v2:192.168.123.106:3300/0 2 ==== config(25 keys) ==== 1007+0+0 (secure 0 0 0) 0x7fd564035c50 con 0x7fd574107cd0
2026-03-10T10:22:52.740 INFO:teuthology.orchestra.run.vm06.stdout:/usr/bin/ceph: stderr
2026-03-10T10:22:50.689+0000 7fd579eaf640 1 -- 192.168.123.106:0/3756379130 --> [v2:192.168.123.106:3300/0,v1:192.168.123.106:6789/0] -- mon_subscribe({mgrmap=0+}) -- 0x7fd57419bbe0 con 0x7fd574107cd0
2026-03-10T10:22:52.740 INFO:teuthology.orchestra.run.vm06.stdout:/usr/bin/ceph: stderr
2026-03-10T10:22:50.689+0000 7fd570ff9640 1 -- 192.168.123.106:0/3756379130 <== mon.0 v2:192.168.123.106:3300/0 3 ==== mon_map magic: 0 ==== 205+0+0 (secure 0 0 0) 0x7fd56403c070 con 0x7fd574107cd0
2026-03-10T10:22:52.740 INFO:teuthology.orchestra.run.vm06.stdout:/usr/bin/ceph: stderr
2026-03-10T10:22:50.689+0000 7fd579eaf640 1 -- 192.168.123.106:0/3756379130 --> [v2:192.168.123.106:3300/0,v1:192.168.123.106:6789/0] -- mon_subscribe({osdmap=0}) -- 0x7fd57419e8d0 con 0x7fd574107cd0
2026-03-10T10:22:52.740 INFO:teuthology.orchestra.run.vm06.stdout:/usr/bin/ceph: stderr
2026-03-10T10:22:50.693+0000 7fd570ff9640 1 -- 192.168.123.106:0/3756379130 <== mon.0 v2:192.168.123.106:3300/0 4 ==== mgrmap(e 7) ==== 50141+0+0 (secure 0 0 0) 0x7fd56404c430 con 0x7fd574107cd0
2026-03-10T10:22:52.740 INFO:teuthology.orchestra.run.vm06.stdout:/usr/bin/ceph: stderr
2026-03-10T10:22:50.693+0000 7fd579eaf640 1 -- 192.168.123.106:0/3756379130 --> [v2:192.168.123.106:3300/0,v1:192.168.123.106:6789/0] -- mon_command({"prefix": "get_command_descriptions"} v 0) -- 0x7fd540005390 con 0x7fd574107cd0
2026-03-10T10:22:52.740 INFO:teuthology.orchestra.run.vm06.stdout:/usr/bin/ceph: stderr
2026-03-10T10:22:50.693+0000 7fd570ff9640 1 --2- 192.168.123.106:0/3756379130 >> [v2:192.168.123.106:6800/4004663633,v1:192.168.123.106:6801/4004663633] conn(0x7fd54c03dad0 0x7fd54c03ff90 unknown :-1 s=NONE pgs=0 cs=0 l=1 rev1=0 crypto rx=0 tx=0 comp rx=0 tx=0).connect
2026-03-10T10:22:52.740 INFO:teuthology.orchestra.run.vm06.stdout:/usr/bin/ceph: stderr
2026-03-10T10:22:50.693+0000 7fd572ffd640 1 --2- 192.168.123.106:0/3756379130 >> [v2:192.168.123.106:6800/4004663633,v1:192.168.123.106:6801/4004663633] conn(0x7fd54c03dad0 0x7fd54c03ff90 unknown :-1 s=BANNER_CONNECTING pgs=0 cs=0 l=1 rev1=0 crypto rx=0 tx=0 comp rx=0 tx=0)._handle_peer_banner_payload supported=3 required=0
2026-03-10T10:22:52.740 INFO:teuthology.orchestra.run.vm06.stdout:/usr/bin/ceph: stderr
2026-03-10T10:22:50.697+0000 7fd570ff9640 1 -- 192.168.123.106:0/3756379130 <== mon.0 v2:192.168.123.106:3300/0 5 ==== osd_map(2..2 src has 1..2) ==== 940+0+0 (secure 0 0 0) 0x7fd564076440 con 0x7fd574107cd0
2026-03-10T10:22:52.740 INFO:teuthology.orchestra.run.vm06.stdout:/usr/bin/ceph: stderr
2026-03-10T10:22:50.697+0000 7fd572ffd640 1 --2- 192.168.123.106:0/3756379130 >> [v2:192.168.123.106:6800/4004663633,v1:192.168.123.106:6801/4004663633] conn(0x7fd54c03dad0 0x7fd54c03ff90 secure :-1 s=READY pgs=11 cs=0 l=1 rev1=1 crypto rx=0x7fd5600099c0 tx=0x7fd560006eb0 comp rx=0 tx=0).ready entity=mgr.14118 client_cookie=0 server_cookie=0 in_seq=0 out_seq=0
2026-03-10T10:22:52.740 INFO:teuthology.orchestra.run.vm06.stdout:/usr/bin/ceph: stderr
2026-03-10T10:22:50.697+0000 7fd570ff9640 1 -- 192.168.123.106:0/3756379130 <== mon.0 v2:192.168.123.106:3300/0 6 ==== mon_command_ack([{"prefix": "get_command_descriptions"}]=0 v0) ==== 72+0+195034 (secure 0 0 0) 0x7fd5640342a0 con 0x7fd574107cd0
2026-03-10T10:22:52.740 INFO:teuthology.orchestra.run.vm06.stdout:/usr/bin/ceph: stderr
2026-03-10T10:22:50.797+0000 7fd579eaf640 1 -- 192.168.123.106:0/3756379130 --> [v2:192.168.123.106:6800/4004663633,v1:192.168.123.106:6801/4004663633] -- mgr_command(tid 0: {"prefix": "orch host add", "hostname": "vm06", "addr": "192.168.123.106", "target": ["mon-mgr", ""]}) -- 0x7fd540002bf0 con 0x7fd54c03dad0
2026-03-10T10:22:52.740 INFO:teuthology.orchestra.run.vm06.stdout:/usr/bin/ceph: stderr
2026-03-10T10:22:51.257+0000 7fd570ff9640 1 -- 192.168.123.106:0/3756379130 <== mon.0 v2:192.168.123.106:3300/0 7 ==== mgrmap(e 8) ==== 50247+0+0 (secure 0 0 0) 0x7fd56404cb20 con 0x7fd574107cd0
2026-03-10T10:22:52.740 INFO:teuthology.orchestra.run.vm06.stdout:/usr/bin/ceph: stderr
2026-03-10T10:22:52.673+0000 7fd570ff9640 1 -- 192.168.123.106:0/3756379130 <== mgr.14118 v2:192.168.123.106:6800/4004663633 1 ==== mgr_command_reply(tid 0: 0 ) ==== 8+0+46 (secure 0 0 0) 0x7fd540002bf0 con 0x7fd54c03dad0
2026-03-10T10:22:52.740 INFO:teuthology.orchestra.run.vm06.stdout:/usr/bin/ceph: stderr
2026-03-10T10:22:52.677+0000 7fd579eaf640 1 -- 192.168.123.106:0/3756379130 >> [v2:192.168.123.106:6800/4004663633,v1:192.168.123.106:6801/4004663633] conn(0x7fd54c03dad0 msgr2=0x7fd54c03ff90 secure :-1 s=STATE_CONNECTION_ESTABLISHED l=1).mark_down
2026-03-10T10:22:52.740 INFO:teuthology.orchestra.run.vm06.stdout:/usr/bin/ceph: stderr
2026-03-10T10:22:52.677+0000 7fd579eaf640 1 --2- 192.168.123.106:0/3756379130 >> [v2:192.168.123.106:6800/4004663633,v1:192.168.123.106:6801/4004663633] conn(0x7fd54c03dad0 0x7fd54c03ff90 secure :-1 s=READY pgs=11 cs=0 l=1 rev1=1 crypto rx=0x7fd5600099c0 tx=0x7fd560006eb0 comp rx=0 tx=0).stop
2026-03-10T10:22:52.740 INFO:teuthology.orchestra.run.vm06.stdout:/usr/bin/ceph: stderr
2026-03-10T10:22:52.677+0000 7fd579eaf640 1 -- 192.168.123.106:0/3756379130 >> [v2:192.168.123.106:3300/0,v1:192.168.123.106:6789/0] conn(0x7fd574107cd0 msgr2=0x7fd57419b410 secure :-1 s=STATE_CONNECTION_ESTABLISHED l=1).mark_down
2026-03-10T10:22:52.740 INFO:teuthology.orchestra.run.vm06.stdout:/usr/bin/ceph: stderr
2026-03-10T10:22:52.677+0000 7fd579eaf640 1 --2- 192.168.123.106:0/3756379130 >> [v2:192.168.123.106:3300/0,v1:192.168.123.106:6789/0] conn(0x7fd574107cd0 0x7fd57419b410 secure :-1 s=READY pgs=44 cs=0 l=1 rev1=1 crypto rx=0x7fd564037b90 tx=0x7fd564035570 comp rx=0 tx=0).stop
2026-03-10T10:22:52.740 INFO:teuthology.orchestra.run.vm06.stdout:/usr/bin/ceph: stderr
2026-03-10T10:22:52.677+0000 7fd579eaf640 1 -- 192.168.123.106:0/3756379130 shutdown_connections
2026-03-10T10:22:52.740 INFO:teuthology.orchestra.run.vm06.stdout:/usr/bin/ceph: stderr
2026-03-10T10:22:52.677+0000 7fd579eaf640 1 --2- 192.168.123.106:0/3756379130 >> [v2:192.168.123.106:6800/4004663633,v1:192.168.123.106:6801/4004663633] conn(0x7fd54c03dad0 0x7fd54c03ff90 unknown :-1 s=CLOSED pgs=11 cs=0 l=1 rev1=1 crypto rx=0 tx=0 comp rx=0 tx=0).stop
2026-03-10T10:22:52.740 INFO:teuthology.orchestra.run.vm06.stdout:/usr/bin/ceph: stderr
2026-03-10T10:22:52.677+0000 7fd579eaf640 1 --2- 192.168.123.106:0/3756379130 >> [v2:192.168.123.106:3300/0,v1:192.168.123.106:6789/0] conn(0x7fd574107cd0 0x7fd57419b410 unknown :-1 s=CLOSED pgs=44 cs=0 l=1 rev1=1 crypto rx=0 tx=0 comp rx=0 tx=0).stop
2026-03-10T10:22:52.740 INFO:teuthology.orchestra.run.vm06.stdout:/usr/bin/ceph: stderr
2026-03-10T10:22:52.677+0000 7fd579eaf640 1 -- 192.168.123.106:0/3756379130 >> 192.168.123.106:0/3756379130 conn(0x7fd574101500 msgr2=0x7fd574191a70 unknown :-1 s=STATE_NONE l=0).mark_down
2026-03-10T10:22:52.740 INFO:teuthology.orchestra.run.vm06.stdout:/usr/bin/ceph: stderr
2026-03-10T10:22:52.677+0000 7fd579eaf640 1 -- 192.168.123.106:0/3756379130 shutdown_connections
2026-03-10T10:22:52.740 INFO:teuthology.orchestra.run.vm06.stdout:/usr/bin/ceph: stderr
2026-03-10T10:22:52.677+0000 7fd579eaf640 1 -- 192.168.123.106:0/3756379130 wait complete.
2026-03-10T10:22:52.740 INFO:teuthology.orchestra.run.vm06.stdout:Deploying unmanaged mon service...
2026-03-10T10:22:53.041 INFO:journalctl@ceph.mon.a.vm06.stdout:Mar 10 10:22:52 vm06 bash[20720]: cephadm
2026-03-10T10:22:51.420250+0000 mgr.x (mgr.14118) 15 : cephadm [INF] Deploying cephadm binary to vm06
2026-03-10T10:22:53.041 INFO:journalctl@ceph.mon.a.vm06.stdout:Mar 10 10:22:52 vm06 bash[20720]: cephadm
2026-03-10T10:22:51.420250+0000 mgr.x (mgr.14118) 15 : cephadm [INF] Deploying cephadm binary to vm06
2026-03-10T10:22:53.041 INFO:journalctl@ceph.mon.a.vm06.stdout:Mar 10 10:22:52 vm06 bash[20720]: audit
2026-03-10T10:22:52.677168+0000 mon.a (mon.0) 61 : audit [INF] from='mgr.14118 192.168.123.106:0/831496976' entity='mgr.x'
2026-03-10T10:22:53.041 INFO:journalctl@ceph.mon.a.vm06.stdout:Mar 10 10:22:52 vm06 bash[20720]: audit
2026-03-10T10:22:52.677168+0000 mon.a (mon.0) 61 : audit [INF] from='mgr.14118 192.168.123.106:0/831496976' entity='mgr.x'
2026-03-10T10:22:53.041 INFO:journalctl@ceph.mon.a.vm06.stdout:Mar 10 10:22:52 vm06 bash[20720]: audit
2026-03-10T10:22:52.677899+0000 mon.a (mon.0) 62 : audit [DBG] from='mgr.14118 192.168.123.106:0/831496976' entity='mgr.x' cmd=[{"prefix": "config dump", "format": "json"}]: dispatch
2026-03-10T10:22:53.042 INFO:journalctl@ceph.mon.a.vm06.stdout:Mar 10 10:22:52 vm06 bash[20720]: audit
2026-03-10T10:22:52.677899+0000 mon.a (mon.0) 62 : audit [DBG] from='mgr.14118 192.168.123.106:0/831496976' entity='mgr.x' cmd=[{"prefix": "config dump", "format": "json"}]: dispatch
2026-03-10T10:22:53.069 INFO:teuthology.orchestra.run.vm06.stdout:/usr/bin/ceph: stdout Scheduled mon update...
2026-03-10T10:22:53.069 INFO:teuthology.orchestra.run.vm06.stdout:/usr/bin/ceph: stderr
2026-03-10T10:22:52.909+0000 7fb5f250c640 1 Processor -- start
2026-03-10T10:22:53.069 INFO:teuthology.orchestra.run.vm06.stdout:/usr/bin/ceph: stderr
2026-03-10T10:22:52.909+0000 7fb5f250c640 1 -- start start
2026-03-10T10:22:53.069 INFO:teuthology.orchestra.run.vm06.stdout:/usr/bin/ceph: stderr
2026-03-10T10:22:52.909+0000 7fb5f250c640 1 --2- >> [v2:192.168.123.106:3300/0,v1:192.168.123.106:6789/0] conn(0x7fb5ec073700 0x7fb5ec073b00 unknown :-1 s=NONE pgs=0 cs=0 l=0 rev1=0 crypto rx=0 tx=0 comp rx=0 tx=0).connect
2026-03-10T10:22:53.069 INFO:teuthology.orchestra.run.vm06.stdout:/usr/bin/ceph: stderr
2026-03-10T10:22:52.909+0000 7fb5f250c640 1 -- --> [v2:192.168.123.106:3300/0,v1:192.168.123.106:6789/0] -- mon_getmap magic: 0 -- 0x7fb5ec0740d0 con 0x7fb5ec073700
2026-03-10T10:22:53.069 INFO:teuthology.orchestra.run.vm06.stdout:/usr/bin/ceph: stderr
2026-03-10T10:22:52.909+0000 7fb5f150a640 1 --2- >> [v2:192.168.123.106:3300/0,v1:192.168.123.106:6789/0] conn(0x7fb5ec073700 0x7fb5ec073b00 unknown :-1 s=BANNER_CONNECTING pgs=0 cs=0 l=0 rev1=0 crypto rx=0 tx=0 comp rx=0 tx=0)._handle_peer_banner_payload supported=3 required=0
2026-03-10T10:22:53.069 INFO:teuthology.orchestra.run.vm06.stdout:/usr/bin/ceph: stderr
2026-03-10T10:22:52.909+0000 7fb5f150a640 1 --2- >> [v2:192.168.123.106:3300/0,v1:192.168.123.106:6789/0] conn(0x7fb5ec073700 0x7fb5ec073b00 unknown :-1 s=HELLO_CONNECTING pgs=0 cs=0 l=0 rev1=1 crypto rx=0 tx=0 comp rx=0 tx=0).handle_hello peer v2:192.168.123.106:3300/0 says I am v2:192.168.123.106:40392/0 (socket says 192.168.123.106:40392)
2026-03-10T10:22:53.069 INFO:teuthology.orchestra.run.vm06.stdout:/usr/bin/ceph: stderr
2026-03-10T10:22:52.909+0000 7fb5f150a640 1 -- 192.168.123.106:0/2025788033 learned_addr learned my addr 192.168.123.106:0/2025788033 (peer_addr_for_me v2:192.168.123.106:0/0)
2026-03-10T10:22:53.069 INFO:teuthology.orchestra.run.vm06.stdout:/usr/bin/ceph: stderr
2026-03-10T10:22:52.909+0000 7fb5f150a640 1 -- 192.168.123.106:0/2025788033 --> [v2:192.168.123.106:3300/0,v1:192.168.123.106:6789/0] -- mon_subscribe({config=0+,monmap=0+}) -- 0x7fb5ec074250 con 0x7fb5ec073700
2026-03-10T10:22:53.069 INFO:teuthology.orchestra.run.vm06.stdout:/usr/bin/ceph: stderr
2026-03-10T10:22:52.909+0000 7fb5f150a640 1 --2- 192.168.123.106:0/2025788033 >> [v2:192.168.123.106:3300/0,v1:192.168.123.106:6789/0] conn(0x7fb5ec073700 0x7fb5ec073b00 secure :-1 s=READY pgs=45 cs=0 l=1 rev1=1 crypto rx=0x7fb5e800a9c0 tx=0x7fb5e8033650 comp rx=0 tx=0).ready entity=mon.0 client_cookie=38f8fe35e20fdb59 server_cookie=0 in_seq=0 out_seq=0
2026-03-10T10:22:53.069 INFO:teuthology.orchestra.run.vm06.stdout:/usr/bin/ceph: stderr
2026-03-10T10:22:52.909+0000 7fb5dbfff640 1 -- 192.168.123.106:0/2025788033 <== mon.0 v2:192.168.123.106:3300/0 1 ==== mon_map magic: 0 ==== 205+0+0 (secure 0 0 0) 0x7fb5e8037580 con 0x7fb5ec073700
2026-03-10T10:22:53.069 INFO:teuthology.orchestra.run.vm06.stdout:/usr/bin/ceph: stderr
2026-03-10T10:22:52.909+0000 7fb5dbfff640 1 -- 192.168.123.106:0/2025788033 <== mon.0 v2:192.168.123.106:3300/0 2 ==== config(25 keys) ==== 1007+0+0 (secure 0 0 0) 0x7fb5e8037b70 con 0x7fb5ec073700
2026-03-10T10:22:53.069 INFO:teuthology.orchestra.run.vm06.stdout:/usr/bin/ceph: stderr
2026-03-10T10:22:52.909+0000 7fb5f250c640 1 -- 192.168.123.106:0/2025788033 >> [v2:192.168.123.106:3300/0,v1:192.168.123.106:6789/0] conn(0x7fb5ec073700 msgr2=0x7fb5ec073b00 secure :-1 s=STATE_CONNECTION_ESTABLISHED l=1).mark_down
2026-03-10T10:22:53.069 INFO:teuthology.orchestra.run.vm06.stdout:/usr/bin/ceph: stderr
2026-03-10T10:22:52.909+0000 7fb5f250c640 1 --2- 192.168.123.106:0/2025788033 >> [v2:192.168.123.106:3300/0,v1:192.168.123.106:6789/0] conn(0x7fb5ec073700 0x7fb5ec073b00 secure :-1 s=READY pgs=45 cs=0 l=1 rev1=1 crypto rx=0x7fb5e800a9c0 tx=0x7fb5e8033650 comp rx=0 tx=0).stop
2026-03-10T10:22:53.069 INFO:teuthology.orchestra.run.vm06.stdout:/usr/bin/ceph: stderr
2026-03-10T10:22:52.909+0000 7fb5f250c640 1 -- 192.168.123.106:0/2025788033 shutdown_connections
2026-03-10T10:22:53.069 INFO:teuthology.orchestra.run.vm06.stdout:/usr/bin/ceph: stderr
2026-03-10T10:22:52.909+0000 7fb5f250c640 1 --2- 192.168.123.106:0/2025788033 >> [v2:192.168.123.106:3300/0,v1:192.168.123.106:6789/0] conn(0x7fb5ec073700 0x7fb5ec073b00 unknown :-1 s=CLOSED pgs=45 cs=0 l=1 rev1=1 crypto rx=0 tx=0 comp rx=0 tx=0).stop
2026-03-10T10:22:53.069 INFO:teuthology.orchestra.run.vm06.stdout:/usr/bin/ceph: stderr
2026-03-10T10:22:52.909+0000 7fb5f250c640 1 -- 192.168.123.106:0/2025788033 >> 192.168.123.106:0/2025788033 conn(0x7fb5ec06edd0 msgr2=0x7fb5ec071250 unknown :-1 s=STATE_NONE l=0).mark_down
2026-03-10T10:22:53.069 INFO:teuthology.orchestra.run.vm06.stdout:/usr/bin/ceph: stderr
2026-03-10T10:22:52.909+0000 7fb5f250c640 1 -- 192.168.123.106:0/2025788033 shutdown_connections
2026-03-10T10:22:53.069 INFO:teuthology.orchestra.run.vm06.stdout:/usr/bin/ceph: stderr
2026-03-10T10:22:52.909+0000 7fb5f250c640 1 -- 192.168.123.106:0/2025788033 wait complete.
2026-03-10T10:22:53.069 INFO:teuthology.orchestra.run.vm06.stdout:/usr/bin/ceph: stderr
2026-03-10T10:22:52.913+0000 7fb5f250c640 1 Processor -- start
2026-03-10T10:22:53.069 INFO:teuthology.orchestra.run.vm06.stdout:/usr/bin/ceph: stderr
2026-03-10T10:22:52.913+0000 7fb5f250c640 1 -- start start
2026-03-10T10:22:53.069 INFO:teuthology.orchestra.run.vm06.stdout:/usr/bin/ceph: stderr
2026-03-10T10:22:52.913+0000 7fb5f250c640 1 --2- >> [v2:192.168.123.106:3300/0,v1:192.168.123.106:6789/0] conn(0x7fb5ec1ac370 0x7fb5ec1ac790 unknown :-1 s=NONE pgs=0 cs=0 l=1 rev1=0 crypto rx=0 tx=0 comp rx=0 tx=0).connect
2026-03-10T10:22:53.069 INFO:teuthology.orchestra.run.vm06.stdout:/usr/bin/ceph: stderr
2026-03-10T10:22:52.913+0000 7fb5f250c640 1 -- --> [v2:192.168.123.106:3300/0,v1:192.168.123.106:6789/0] -- mon_getmap magic: 0 -- 0x7fb5ec111fa0 con 0x7fb5ec1ac370
2026-03-10T10:22:53.069 INFO:teuthology.orchestra.run.vm06.stdout:/usr/bin/ceph: stderr
2026-03-10T10:22:52.913+0000 7fb5f150a640 1 --2- >> [v2:192.168.123.106:3300/0,v1:192.168.123.106:6789/0] conn(0x7fb5ec1ac370 0x7fb5ec1ac790 unknown :-1 s=BANNER_CONNECTING pgs=0 cs=0 l=1 rev1=0 crypto rx=0 tx=0 comp rx=0 tx=0)._handle_peer_banner_payload supported=3 required=0
2026-03-10T10:22:53.069 INFO:teuthology.orchestra.run.vm06.stdout:/usr/bin/ceph: stderr
2026-03-10T10:22:52.913+0000 7fb5f150a640 1 --2- >> [v2:192.168.123.106:3300/0,v1:192.168.123.106:6789/0] conn(0x7fb5ec1ac370 0x7fb5ec1ac790 unknown :-1 s=HELLO_CONNECTING pgs=0 cs=0 l=1 rev1=1 crypto rx=0 tx=0 comp rx=0 tx=0).handle_hello peer v2:192.168.123.106:3300/0 says I am v2:192.168.123.106:40408/0 (socket says 192.168.123.106:40408)
2026-03-10T10:22:53.069 INFO:teuthology.orchestra.run.vm06.stdout:/usr/bin/ceph: stderr
2026-03-10T10:22:52.913+0000 7fb5f150a640 1 -- 192.168.123.106:0/133464102 learned_addr learned my addr 192.168.123.106:0/133464102 (peer_addr_for_me v2:192.168.123.106:0/0)
2026-03-10T10:22:53.069 INFO:teuthology.orchestra.run.vm06.stdout:/usr/bin/ceph: stderr
2026-03-10T10:22:52.913+0000 7fb5f150a640 1 -- 192.168.123.106:0/133464102 --> [v2:192.168.123.106:3300/0,v1:192.168.123.106:6789/0] -- mon_subscribe({config=0+,monmap=0+}) -- 0x7fb5ec1accd0 con 0x7fb5ec1ac370
2026-03-10T10:22:53.069 INFO:teuthology.orchestra.run.vm06.stdout:/usr/bin/ceph: stderr
2026-03-10T10:22:52.913+0000 7fb5f150a640 1 --2- 192.168.123.106:0/133464102 >> [v2:192.168.123.106:3300/0,v1:192.168.123.106:6789/0] conn(0x7fb5ec1ac370 0x7fb5ec1ac790 secure :-1 s=READY pgs=46 cs=0 l=1 rev1=1 crypto rx=0x7fb5e803da10 tx=0x7fb5e803da40 comp rx=0 tx=0).ready entity=mon.0 client_cookie=0 server_cookie=0 in_seq=0 out_seq=0
2026-03-10T10:22:53.069 INFO:teuthology.orchestra.run.vm06.stdout:/usr/bin/ceph: stderr
2026-03-10T10:22:52.913+0000 7fb5da7fc640 1 -- 192.168.123.106:0/133464102 <== mon.0 v2:192.168.123.106:3300/0 1 ==== mon_map magic: 0 ==== 205+0+0 (secure 0 0 0) 0x7fb5e804a070 con 0x7fb5ec1ac370
2026-03-10T10:22:53.069 INFO:teuthology.orchestra.run.vm06.stdout:/usr/bin/ceph: stderr
2026-03-10T10:22:52.913+0000 7fb5f250c640 1 -- 192.168.123.106:0/133464102 --> [v2:192.168.123.106:3300/0,v1:192.168.123.106:6789/0] -- mon_subscribe({mgrmap=0+}) -- 0x7fb5ec1acf60 con 0x7fb5ec1ac370
2026-03-10T10:22:53.069 INFO:teuthology.orchestra.run.vm06.stdout:/usr/bin/ceph: stderr
2026-03-10T10:22:52.913+0000 7fb5f250c640 1 -- 192.168.123.106:0/133464102 --> [v2:192.168.123.106:3300/0,v1:192.168.123.106:6789/0] -- mon_subscribe({osdmap=0}) -- 0x7fb5ec1afa40 con 0x7fb5ec1ac370
2026-03-10T10:22:53.069 INFO:teuthology.orchestra.run.vm06.stdout:/usr/bin/ceph: stderr
2026-03-10T10:22:52.913+0000 7fb5da7fc640 1 -- 192.168.123.106:0/133464102 <== mon.0 v2:192.168.123.106:3300/0 2 ==== config(25 keys) ==== 1007+0+0 (secure 0 0 0) 0x7fb5e8010380 con 0x7fb5ec1ac370
2026-03-10T10:22:53.069 INFO:teuthology.orchestra.run.vm06.stdout:/usr/bin/ceph: stderr
2026-03-10T10:22:52.913+0000 7fb5da7fc640 1 -- 192.168.123.106:0/133464102 <== mon.0 v2:192.168.123.106:3300/0 3 ==== mon_map magic: 0 ==== 205+0+0 (secure 0 0 0) 0x7fb5e8045cb0 con 0x7fb5ec1ac370
2026-03-10T10:22:53.069 INFO:teuthology.orchestra.run.vm06.stdout:/usr/bin/ceph: stderr
2026-03-10T10:22:52.913+0000 7fb5da7fc640 1 -- 192.168.123.106:0/133464102 <== mon.0 v2:192.168.123.106:3300/0 4 ==== mgrmap(e 8) ==== 50247+0+0 (secure 0 0 0) 0x7fb5e803b070 con 0x7fb5ec1ac370
2026-03-10T10:22:53.069 INFO:teuthology.orchestra.run.vm06.stdout:/usr/bin/ceph: stderr
2026-03-10T10:22:52.917+0000 7fb5da7fc640 1 --2- 192.168.123.106:0/133464102 >> [v2:192.168.123.106:6800/4004663633,v1:192.168.123.106:6801/4004663633] conn(0x7fb5c803dce0 0x7fb5c80401a0 unknown :-1 s=NONE pgs=0 cs=0 l=1 rev1=0 crypto rx=0 tx=0 comp rx=0 tx=0).connect
2026-03-10T10:22:53.069 INFO:teuthology.orchestra.run.vm06.stdout:/usr/bin/ceph: stderr
2026-03-10T10:22:52.917+0000 7fb5f250c640 1 -- 192.168.123.106:0/133464102 --> [v2:192.168.123.106:3300/0,v1:192.168.123.106:6789/0] -- mon_command({"prefix": "get_command_descriptions"} v 0) -- 0x7fb5ec073700 con 0x7fb5ec1ac370
2026-03-10T10:22:53.069 INFO:teuthology.orchestra.run.vm06.stdout:/usr/bin/ceph: stderr
2026-03-10T10:22:52.917+0000 7fb5f0d09640 1 --2- 192.168.123.106:0/133464102 >> [v2:192.168.123.106:6800/4004663633,v1:192.168.123.106:6801/4004663633] conn(0x7fb5c803dce0 0x7fb5c80401a0 unknown :-1 s=BANNER_CONNECTING pgs=0 cs=0 l=1 rev1=0 crypto rx=0 tx=0 comp rx=0 tx=0)._handle_peer_banner_payload supported=3 required=0
2026-03-10T10:22:53.069 INFO:teuthology.orchestra.run.vm06.stdout:/usr/bin/ceph: stderr
2026-03-10T10:22:52.917+0000 7fb5f0d09640 1 --2- 192.168.123.106:0/133464102 >> [v2:192.168.123.106:6800/4004663633,v1:192.168.123.106:6801/4004663633] conn(0x7fb5c803dce0 0x7fb5c80401a0 secure :-1 s=READY pgs=12 cs=0 l=1 rev1=1 crypto rx=0x7fb5e400ad80 tx=0x7fb5e40093f0 comp rx=0 tx=0).ready entity=mgr.14118 client_cookie=0 server_cookie=0 in_seq=0 out_seq=0
2026-03-10T10:22:53.069 INFO:teuthology.orchestra.run.vm06.stdout:/usr/bin/ceph: stderr
2026-03-10T10:22:52.917+0000 7fb5da7fc640 1 -- 192.168.123.106:0/133464102 <== mon.0 v2:192.168.123.106:3300/0 5 ==== osd_map(2..2 src has 1..2) ==== 940+0+0 (secure 0 0 0) 0x7fb5e8077a50 con 0x7fb5ec1ac370
2026-03-10T10:22:53.069 INFO:teuthology.orchestra.run.vm06.stdout:/usr/bin/ceph: stderr
2026-03-10T10:22:52.917+0000 7fb5da7fc640 1 -- 192.168.123.106:0/133464102 <== mon.0 v2:192.168.123.106:3300/0 6 ==== mon_command_ack([{"prefix": "get_command_descriptions"}]=0 v0) ==== 72+0+195034 (secure 0 0 0) 0x7fb5e8010070 con 0x7fb5ec1ac370
2026-03-10T10:22:53.069 INFO:teuthology.orchestra.run.vm06.stdout:/usr/bin/ceph: stderr
2026-03-10T10:22:53.021+0000 7fb5f250c640 1 -- 192.168.123.106:0/133464102 --> [v2:192.168.123.106:6800/4004663633,v1:192.168.123.106:6801/4004663633] -- mgr_command(tid 0: {"prefix": "orch apply", "service_type": "mon", "unmanaged": true, "target": ["mon-mgr", ""]}) -- 0x7fb5ec06ff20 con 0x7fb5c803dce0
2026-03-10T10:22:53.069 INFO:teuthology.orchestra.run.vm06.stdout:/usr/bin/ceph: stderr
2026-03-10T10:22:53.025+0000 7fb5da7fc640 1 -- 192.168.123.106:0/133464102 <== mgr.14118 v2:192.168.123.106:6800/4004663633 1 ==== mgr_command_reply(tid 0: 0 ) ==== 8+0+24 (secure 0 0 0) 0x7fb5ec06ff20 con 0x7fb5c803dce0
2026-03-10T10:22:53.069 INFO:teuthology.orchestra.run.vm06.stdout:/usr/bin/ceph: stderr
2026-03-10T10:22:53.029+0000 7fb5f250c640 1 -- 192.168.123.106:0/133464102 >> [v2:192.168.123.106:6800/4004663633,v1:192.168.123.106:6801/4004663633] conn(0x7fb5c803dce0 msgr2=0x7fb5c80401a0 secure :-1 s=STATE_CONNECTION_ESTABLISHED l=1).mark_down
2026-03-10T10:22:53.069 INFO:teuthology.orchestra.run.vm06.stdout:/usr/bin/ceph: stderr
2026-03-10T10:22:53.029+0000 7fb5f250c640 1 --2- 192.168.123.106:0/133464102 >> [v2:192.168.123.106:6800/4004663633,v1:192.168.123.106:6801/4004663633] conn(0x7fb5c803dce0 0x7fb5c80401a0 secure :-1 s=READY pgs=12 cs=0 l=1 rev1=1 crypto rx=0x7fb5e400ad80 tx=0x7fb5e40093f0 comp rx=0 tx=0).stop
2026-03-10T10:22:53.069 INFO:teuthology.orchestra.run.vm06.stdout:/usr/bin/ceph: stderr
2026-03-10T10:22:53.029+0000 7fb5f250c640 1 -- 192.168.123.106:0/133464102 >> [v2:192.168.123.106:3300/0,v1:192.168.123.106:6789/0] conn(0x7fb5ec1ac370 msgr2=0x7fb5ec1ac790 secure :-1 s=STATE_CONNECTION_ESTABLISHED l=1).mark_down
2026-03-10T10:22:53.070 INFO:teuthology.orchestra.run.vm06.stdout:/usr/bin/ceph: stderr
2026-03-10T10:22:53.029+0000 7fb5f250c640 1 --2- 192.168.123.106:0/133464102 >> [v2:192.168.123.106:3300/0,v1:192.168.123.106:6789/0] conn(0x7fb5ec1ac370 0x7fb5ec1ac790 secure :-1 s=READY pgs=46 cs=0 l=1 rev1=1 crypto rx=0x7fb5e803da10 tx=0x7fb5e803da40 comp rx=0 tx=0).stop
2026-03-10T10:22:53.070 INFO:teuthology.orchestra.run.vm06.stdout:/usr/bin/ceph: stderr
2026-03-10T10:22:53.029+0000 7fb5f250c640 1 -- 192.168.123.106:0/133464102 shutdown_connections
2026-03-10T10:22:53.070 INFO:teuthology.orchestra.run.vm06.stdout:/usr/bin/ceph: stderr
2026-03-10T10:22:53.029+0000 7fb5f250c640 1 --2- 192.168.123.106:0/133464102 >> [v2:192.168.123.106:6800/4004663633,v1:192.168.123.106:6801/4004663633] conn(0x7fb5c803dce0 0x7fb5c80401a0 unknown :-1 s=CLOSED pgs=12 cs=0 l=1 rev1=1 crypto rx=0 tx=0 comp rx=0 tx=0).stop
2026-03-10T10:22:53.070 INFO:teuthology.orchestra.run.vm06.stdout:/usr/bin/ceph: stderr
2026-03-10T10:22:53.029+0000 7fb5f250c640 1 --2- 192.168.123.106:0/133464102 >> [v2:192.168.123.106:3300/0,v1:192.168.123.106:6789/0] conn(0x7fb5ec1ac370 0x7fb5ec1ac790 unknown :-1 s=CLOSED pgs=46 cs=0 l=1 rev1=1 crypto rx=0 tx=0 comp rx=0 tx=0).stop
2026-03-10T10:22:53.070 INFO:teuthology.orchestra.run.vm06.stdout:/usr/bin/ceph: stderr
2026-03-10T10:22:53.029+0000 7fb5f250c640 1 -- 192.168.123.106:0/133464102 >> 192.168.123.106:0/133464102 conn(0x7fb5ec06edd0 msgr2=0x7fb5ec06f810 unknown :-1 s=STATE_NONE l=0).mark_down
2026-03-10T10:22:53.070 INFO:teuthology.orchestra.run.vm06.stdout:/usr/bin/ceph: stderr
2026-03-10T10:22:53.029+0000 7fb5f250c640 1 -- 192.168.123.106:0/133464102 shutdown_connections
2026-03-10T10:22:53.070 INFO:teuthology.orchestra.run.vm06.stdout:/usr/bin/ceph: stderr
