2026-03-10T10:22:43.489+0000 7f7a8a8e1640 1 -- 192.168.123.106:0/687145458 >> [v2:192.168.123.106:3300/0,v1:192.168.123.106:6789/0] conn(0x7f7a84109ac0 msgr2=0x7f7a84081c80 secure :-1 s=STATE_CONNECTION_ESTABLISHED l=1).mark_down
2026-03-10T10:22:43.536 INFO:teuthology.orchestra.run.vm06.stdout:/usr/bin/ceph: stderr
2026-03-10T10:22:43.489+0000 7f7a8a8e1640 1 --2- 192.168.123.106:0/687145458 >> [v2:192.168.123.106:3300/0,v1:192.168.123.106:6789/0] conn(0x7f7a84109ac0 0x7f7a84081c80 secure :-1 s=READY pgs=17 cs=0 l=1 rev1=1 crypto rx=0x7f7a70035f40 tx=0x7f7a70035f70 comp rx=0 tx=0).stop
2026-03-10T10:22:43.536 INFO:teuthology.orchestra.run.vm06.stdout:/usr/bin/ceph: stderr
2026-03-10T10:22:43.489+0000 7f7a8a8e1640 1 -- 192.168.123.106:0/687145458 shutdown_connections
2026-03-10T10:22:43.536 INFO:teuthology.orchestra.run.vm06.stdout:/usr/bin/ceph: stderr
2026-03-10T10:22:43.489+0000 7f7a8a8e1640 1 --2- 192.168.123.106:0/687145458 >> [v2:192.168.123.106:6800/631486347,v1:192.168.123.106:6801/631486347] conn(0x7f7a5403db20 0x7f7a5403ffe0 unknown :-1 s=CLOSED pgs=6 cs=0 l=1 rev1=1 crypto rx=0 tx=0 comp rx=0 tx=0).stop
2026-03-10T10:22:43.536 INFO:teuthology.orchestra.run.vm06.stdout:/usr/bin/ceph: stderr
2026-03-10T10:22:43.489+0000 7f7a8a8e1640 1 --2- 192.168.123.106:0/687145458 >> [v2:192.168.123.106:3300/0,v1:192.168.123.106:6789/0] conn(0x7f7a84109ac0 0x7f7a84081c80 unknown :-1 s=CLOSED pgs=17 cs=0 l=1 rev1=1 crypto rx=0 tx=0 comp rx=0 tx=0).stop
2026-03-10T10:22:43.536 INFO:teuthology.orchestra.run.vm06.stdout:/usr/bin/ceph: stderr
2026-03-10T10:22:43.489+0000 7f7a8a8e1640 1 -- 192.168.123.106:0/687145458 >> 192.168.123.106:0/687145458 conn(0x7f7a8407d070 msgr2=0x7f7a841078a0 unknown :-1 s=STATE_NONE l=0).mark_down
2026-03-10T10:22:43.536 INFO:teuthology.orchestra.run.vm06.stdout:/usr/bin/ceph: stderr
2026-03-10T10:22:43.489+0000 7f7a8a8e1640 1 -- 192.168.123.106:0/687145458 shutdown_connections
2026-03-10T10:22:43.536 INFO:teuthology.orchestra.run.vm06.stdout:/usr/bin/ceph: stderr
2026-03-10T10:22:43.489+0000 7f7a8a8e1640 1 -- 192.168.123.106:0/687145458 wait complete.
2026-03-10T10:22:43.536 INFO:teuthology.orchestra.run.vm06.stdout:mgr is available
2026-03-10T10:22:43.796 INFO:teuthology.orchestra.run.vm06.stdout:/usr/bin/ceph: stdout
2026-03-10T10:22:43.796 INFO:teuthology.orchestra.run.vm06.stdout:/usr/bin/ceph: stdout [global]
2026-03-10T10:22:43.796 INFO:teuthology.orchestra.run.vm06.stdout:/usr/bin/ceph: stdout fsid = ea426742-1c6a-11f1-91a5-59001c242e4e
2026-03-10T10:22:43.796 INFO:teuthology.orchestra.run.vm06.stdout:/usr/bin/ceph: stdout mon_cluster_log_file_level = debug
2026-03-10T10:22:43.796 INFO:teuthology.orchestra.run.vm06.stdout:/usr/bin/ceph: stdout mon_host = [v2:192.168.123.106:3300,v1:192.168.123.106:6789]
2026-03-10T10:22:43.796 INFO:teuthology.orchestra.run.vm06.stdout:/usr/bin/ceph: stdout mon_osd_allow_pg_remap = true
2026-03-10T10:22:43.798 INFO:teuthology.orchestra.run.vm06.stdout:/usr/bin/ceph: stdout mon_osd_allow_primary_affinity = true
2026-03-10T10:22:43.799 INFO:teuthology.orchestra.run.vm06.stdout:/usr/bin/ceph: stdout mon_warn_on_no_sortbitwise = false
2026-03-10T10:22:43.799 INFO:teuthology.orchestra.run.vm06.stdout:/usr/bin/ceph: stdout osd_crush_chooseleaf_type = 0
2026-03-10T10:22:43.799 INFO:teuthology.orchestra.run.vm06.stdout:/usr/bin/ceph: stdout
2026-03-10T10:22:43.799 INFO:teuthology.orchestra.run.vm06.stdout:/usr/bin/ceph: stdout [mgr]
2026-03-10T10:22:43.799 INFO:teuthology.orchestra.run.vm06.stdout:/usr/bin/ceph: stdout mgr/telemetry/nag = false
2026-03-10T10:22:43.799 INFO:teuthology.orchestra.run.vm06.stdout:/usr/bin/ceph: stdout
2026-03-10T10:22:43.799 INFO:teuthology.orchestra.run.vm06.stdout:/usr/bin/ceph: stdout [osd]
2026-03-10T10:22:43.799 INFO:teuthology.orchestra.run.vm06.stdout:/usr/bin/ceph: stdout osd_map_max_advance = 10
2026-03-10T10:22:43.799 INFO:teuthology.orchestra.run.vm06.stdout:/usr/bin/ceph: stdout osd_sloppy_crc = true
2026-03-10T10:22:43.799 INFO:teuthology.orchestra.run.vm06.stdout:/usr/bin/ceph: stderr
2026-03-10T10:22:43.649+0000 7f5b5eb4d640 1 Processor -- start
2026-03-10T10:22:43.799 INFO:teuthology.orchestra.run.vm06.stdout:/usr/bin/ceph: stderr
2026-03-10T10:22:43.649+0000 7f5b5eb4d640 1 -- start start
2026-03-10T10:22:43.799 INFO:teuthology.orchestra.run.vm06.stdout:/usr/bin/ceph: stderr
2026-03-10T10:22:43.649+0000 7f5b5eb4d640 1 --2- >> [v2:192.168.123.106:3300/0,v1:192.168.123.106:6789/0] conn(0x7f5b5807e720 0x7f5b5807eb20 unknown :-1 s=NONE pgs=0 cs=0 l=0 rev1=0 crypto rx=0 tx=0 comp rx=0 tx=0).connect
2026-03-10T10:22:43.799 INFO:teuthology.orchestra.run.vm06.stdout:/usr/bin/ceph: stderr
2026-03-10T10:22:43.649+0000 7f5b5eb4d640 1 -- --> [v2:192.168.123.106:3300/0,v1:192.168.123.106:6789/0] -- mon_getmap magic: 0 -- 0x7f5b5807f0f0 con 0x7f5b5807e720
2026-03-10T10:22:43.799 INFO:teuthology.orchestra.run.vm06.stdout:/usr/bin/ceph: stderr
2026-03-10T10:22:43.649+0000 7f5b5c8c2640 1 --2- >> [v2:192.168.123.106:3300/0,v1:192.168.123.106:6789/0] conn(0x7f5b5807e720 0x7f5b5807eb20 unknown :-1 s=BANNER_CONNECTING pgs=0 cs=0 l=0 rev1=0 crypto rx=0 tx=0 comp rx=0 tx=0)._handle_peer_banner_payload supported=3 required=0
2026-03-10T10:22:43.799 INFO:teuthology.orchestra.run.vm06.stdout:/usr/bin/ceph: stderr
2026-03-10T10:22:43.649+0000 7f5b5c8c2640 1 --2- >> [v2:192.168.123.106:3300/0,v1:192.168.123.106:6789/0] conn(0x7f5b5807e720 0x7f5b5807eb20 unknown :-1 s=HELLO_CONNECTING pgs=0 cs=0 l=0 rev1=1 crypto rx=0 tx=0 comp rx=0 tx=0).handle_hello peer v2:192.168.123.106:3300/0 says I am v2:192.168.123.106:52956/0 (socket says 192.168.123.106:52956)
2026-03-10T10:22:43.799 INFO:teuthology.orchestra.run.vm06.stdout:/usr/bin/ceph: stderr
2026-03-10T10:22:43.649+0000 7f5b5c8c2640 1 -- 192.168.123.106:0/50022929 learned_addr learned my addr 192.168.123.106:0/50022929 (peer_addr_for_me v2:192.168.123.106:0/0)
2026-03-10T10:22:43.799 INFO:teuthology.orchestra.run.vm06.stdout:/usr/bin/ceph: stderr
2026-03-10T10:22:43.649+0000 7f5b5c8c2640 1 -- 192.168.123.106:0/50022929 --> [v2:192.168.123.106:3300/0,v1:192.168.123.106:6789/0] -- mon_subscribe({config=0+,monmap=0+}) -- 0x7f5b5807f920 con 0x7f5b5807e720
2026-03-10T10:22:43.799 INFO:teuthology.orchestra.run.vm06.stdout:/usr/bin/ceph: stderr
2026-03-10T10:22:43.649+0000 7f5b5c8c2640 1 --2- 192.168.123.106:0/50022929 >> [v2:192.168.123.106:3300/0,v1:192.168.123.106:6789/0] conn(0x7f5b5807e720 0x7f5b5807eb20 secure :-1 s=READY pgs=18 cs=0 l=1 rev1=1 crypto rx=0x7f5b40009920 tx=0x7f5b4002ef20 comp rx=0 tx=0).ready entity=mon.0 client_cookie=cb214d76c247689a server_cookie=0 in_seq=0 out_seq=0
2026-03-10T10:22:43.799 INFO:teuthology.orchestra.run.vm06.stdout:/usr/bin/ceph: stderr
2026-03-10T10:22:43.649+0000 7f5b4f7fe640 1 -- 192.168.123.106:0/50022929 <== mon.0 v2:192.168.123.106:3300/0 1 ==== mon_map magic: 0 ==== 205+0+0 (secure 0 0 0) 0x7f5b4003c070 con 0x7f5b5807e720
2026-03-10T10:22:43.799 INFO:teuthology.orchestra.run.vm06.stdout:/usr/bin/ceph: stderr
2026-03-10T10:22:43.653+0000 7f5b4f7fe640 1 -- 192.168.123.106:0/50022929 <== mon.0 v2:192.168.123.106:3300/0 2 ==== config(25 keys) ==== 1007+0+0 (secure 0 0 0) 0x7f5b40037440 con 0x7f5b5807e720
2026-03-10T10:22:43.799 INFO:teuthology.orchestra.run.vm06.stdout:/usr/bin/ceph: stderr
2026-03-10T10:22:43.653+0000 7f5b4f7fe640 1 -- 192.168.123.106:0/50022929 <== mon.0 v2:192.168.123.106:3300/0 3 ==== mon_map magic: 0 ==== 205+0+0 (secure 0 0 0) 0x7f5b400354d0 con 0x7f5b5807e720
2026-03-10T10:22:43.799 INFO:teuthology.orchestra.run.vm06.stdout:/usr/bin/ceph: stderr
2026-03-10T10:22:43.653+0000 7f5b5eb4d640 1 -- 192.168.123.106:0/50022929 >> [v2:192.168.123.106:3300/0,v1:192.168.123.106:6789/0] conn(0x7f5b5807e720 msgr2=0x7f5b5807eb20 secure :-1 s=STATE_CONNECTION_ESTABLISHED l=1).mark_down
2026-03-10T10:22:43.799 INFO:teuthology.orchestra.run.vm06.stdout:/usr/bin/ceph: stderr
2026-03-10T10:22:43.653+0000 7f5b5eb4d640 1 --2- 192.168.123.106:0/50022929 >> [v2:192.168.123.106:3300/0,v1:192.168.123.106:6789/0] conn(0x7f5b5807e720 0x7f5b5807eb20 secure :-1 s=READY pgs=18 cs=0 l=1 rev1=1 crypto rx=0x7f5b40009920 tx=0x7f5b4002ef20 comp rx=0 tx=0).stop
2026-03-10T10:22:43.799 INFO:teuthology.orchestra.run.vm06.stdout:/usr/bin/ceph: stderr
2026-03-10T10:22:43.653+0000 7f5b5eb4d640 1 -- 192.168.123.106:0/50022929 shutdown_connections
2026-03-10T10:22:43.799 INFO:teuthology.orchestra.run.vm06.stdout:/usr/bin/ceph: stderr
2026-03-10T10:22:43.653+0000 7f5b5eb4d640 1 --2- 192.168.123.106:0/50022929 >> [v2:192.168.123.106:3300/0,v1:192.168.123.106:6789/0] conn(0x7f5b5807e720 0x7f5b5807eb20 unknown :-1 s=CLOSED pgs=18 cs=0 l=1 rev1=1 crypto rx=0 tx=0 comp rx=0 tx=0).stop
2026-03-10T10:22:43.799 INFO:teuthology.orchestra.run.vm06.stdout:/usr/bin/ceph: stderr
2026-03-10T10:22:43.653+0000 7f5b5eb4d640 1 -- 192.168.123.106:0/50022929 >> 192.168.123.106:0/50022929 conn(0x7f5b5807d070 msgr2=0x7f5b5807d4a0 unknown :-1 s=STATE_NONE l=0).mark_down
2026-03-10T10:22:43.799 INFO:teuthology.orchestra.run.vm06.stdout:/usr/bin/ceph: stderr
2026-03-10T10:22:43.653+0000 7f5b5eb4d640 1 -- 192.168.123.106:0/50022929 shutdown_connections
2026-03-10T10:22:43.799 INFO:teuthology.orchestra.run.vm06.stdout:/usr/bin/ceph: stderr
2026-03-10T10:22:43.653+0000 7f5b5eb4d640 1 -- 192.168.123.106:0/50022929 wait complete.
2026-03-10T10:22:43.799 INFO:teuthology.orchestra.run.vm06.stdout:/usr/bin/ceph: stderr
2026-03-10T10:22:43.653+0000 7f5b5eb4d640 1 Processor -- start
2026-03-10T10:22:43.799 INFO:teuthology.orchestra.run.vm06.stdout:/usr/bin/ceph: stderr
2026-03-10T10:22:43.653+0000 7f5b5eb4d640 1 -- start start
2026-03-10T10:22:43.799 INFO:teuthology.orchestra.run.vm06.stdout:/usr/bin/ceph: stderr
2026-03-10T10:22:43.653+0000 7f5b5eb4d640 1 --2- >> [v2:192.168.123.106:3300/0,v1:192.168.123.106:6789/0] conn(0x7f5b5807e720 0x7f5b581ac740 unknown :-1 s=NONE pgs=0 cs=0 l=1 rev1=0 crypto rx=0 tx=0 comp rx=0 tx=0).connect
2026-03-10T10:22:43.799 INFO:teuthology.orchestra.run.vm06.stdout:/usr/bin/ceph: stderr
2026-03-10T10:22:43.653+0000 7f5b5eb4d640 1 -- --> [v2:192.168.123.106:3300/0,v1:192.168.123.106:6789/0] -- mon_getmap magic: 0 -- 0x7f5b58080b60 con 0x7f5b5807e720
2026-03-10T10:22:43.799 INFO:teuthology.orchestra.run.vm06.stdout:/usr/bin/ceph: stderr
2026-03-10T10:22:43.653+0000 7f5b5c8c2640 1 --2- >> [v2:192.168.123.106:3300/0,v1:192.168.123.106:6789/0] conn(0x7f5b5807e720 0x7f5b581ac740 unknown :-1 s=BANNER_CONNECTING pgs=0 cs=0 l=1 rev1=0 crypto rx=0 tx=0 comp rx=0 tx=0)._handle_peer_banner_payload supported=3 required=0
2026-03-10T10:22:43.799 INFO:teuthology.orchestra.run.vm06.stdout:/usr/bin/ceph: stderr
2026-03-10T10:22:43.653+0000 7f5b5c8c2640 1 --2- >> [v2:192.168.123.106:3300/0,v1:192.168.123.106:6789/0] conn(0x7f5b5807e720 0x7f5b581ac740 unknown :-1 s=HELLO_CONNECTING pgs=0 cs=0 l=1 rev1=1 crypto rx=0 tx=0 comp rx=0 tx=0).handle_hello peer v2:192.168.123.106:3300/0 says I am v2:192.168.123.106:52972/0 (socket says 192.168.123.106:52972)
2026-03-10T10:22:43.799 INFO:teuthology.orchestra.run.vm06.stdout:/usr/bin/ceph: stderr
2026-03-10T10:22:43.653+0000 7f5b5c8c2640 1 -- 192.168.123.106:0/3401047970 learned_addr learned my addr 192.168.123.106:0/3401047970 (peer_addr_for_me v2:192.168.123.106:0/0)
2026-03-10T10:22:43.799 INFO:teuthology.orchestra.run.vm06.stdout:/usr/bin/ceph: stderr
2026-03-10T10:22:43.653+0000 7f5b5c8c2640 1 -- 192.168.123.106:0/3401047970 --> [v2:192.168.123.106:3300/0,v1:192.168.123.106:6789/0] -- mon_subscribe({config=0+,monmap=0+}) -- 0x7f5b581acc80 con 0x7f5b5807e720
2026-03-10T10:22:43.799 INFO:teuthology.orchestra.run.vm06.stdout:/usr/bin/ceph: stderr
2026-03-10T10:22:43.653+0000 7f5b5c8c2640 1 --2- 192.168.123.106:0/3401047970 >> [v2:192.168.123.106:3300/0,v1:192.168.123.106:6789/0] conn(0x7f5b5807e720 0x7f5b581ac740 secure :-1 s=READY pgs=19 cs=0 l=1 rev1=1 crypto rx=0x7f5b40037de0 tx=0x7f5b40036940 comp rx=0 tx=0).ready entity=mon.0 client_cookie=0 server_cookie=0 in_seq=0 out_seq=0
2026-03-10T10:22:43.799 INFO:teuthology.orchestra.run.vm06.stdout:/usr/bin/ceph: stderr
2026-03-10T10:22:43.653+0000 7f5b4dffb640 1 -- 192.168.123.106:0/3401047970 <== mon.0 v2:192.168.123.106:3300/0 1 ==== mon_map magic: 0 ==== 205+0+0 (secure 0 0 0) 0x7f5b40045070 con 0x7f5b5807e720
2026-03-10T10:22:43.799 INFO:teuthology.orchestra.run.vm06.stdout:/usr/bin/ceph: stderr
2026-03-10T10:22:43.653+0000 7f5b4dffb640 1 -- 192.168.123.106:0/3401047970 <== mon.0 v2:192.168.123.106:3300/0 2 ==== config(25 keys) ==== 1007+0+0 (secure 0 0 0) 0x7f5b40040450 con 0x7f5b5807e720
2026-03-10T10:22:43.799 INFO:teuthology.orchestra.run.vm06.stdout:/usr/bin/ceph: stderr
2026-03-10T10:22:43.653+0000 7f5b4dffb640 1 -- 192.168.123.106:0/3401047970 <== mon.0 v2:192.168.123.106:3300/0 3 ==== mon_map magic: 0 ==== 205+0+0 (secure 0 0 0) 0x7f5b4003c070 con 0x7f5b5807e720
2026-03-10T10:22:43.799 INFO:teuthology.orchestra.run.vm06.stdout:/usr/bin/ceph: stderr
2026-03-10T10:22:43.653+0000 7f5b5eb4d640 1 -- 192.168.123.106:0/3401047970 --> [v2:192.168.123.106:3300/0,v1:192.168.123.106:6789/0] -- mon_subscribe({mgrmap=0+}) -- 0x7f5b581acf10 con 0x7f5b5807e720
2026-03-10T10:22:43.799 INFO:teuthology.orchestra.run.vm06.stdout:/usr/bin/ceph: stderr
2026-03-10T10:22:43.653+0000 7f5b5eb4d640 1 -- 192.168.123.106:0/3401047970 --> [v2:192.168.123.106:3300/0,v1:192.168.123.106:6789/0] -- mon_subscribe({osdmap=0}) -- 0x7f5b581afc00 con 0x7f5b5807e720
2026-03-10T10:22:43.799 INFO:teuthology.orchestra.run.vm06.stdout:/usr/bin/ceph: stderr
2026-03-10T10:22:43.653+0000 7f5b5eb4d640 1 -- 192.168.123.106:0/3401047970 --> [v2:192.168.123.106:3300/0,v1:192.168.123.106:6789/0] -- mon_command({"prefix": "get_command_descriptions"} v 0) -- 0x7f5b5807eb20 con 0x7f5b5807e720
2026-03-10T10:22:43.799 INFO:teuthology.orchestra.run.vm06.stdout:/usr/bin/ceph: stderr
2026-03-10T10:22:43.657+0000 7f5b4dffb640 1 -- 192.168.123.106:0/3401047970 <== mon.0 v2:192.168.123.106:3300/0 4 ==== mgrmap(e 3) ==== 50130+0+0 (secure 0 0 0) 0x7f5b40052080 con 0x7f5b5807e720
2026-03-10T10:22:43.799 INFO:teuthology.orchestra.run.vm06.stdout:/usr/bin/ceph: stderr
2026-03-10T10:22:43.657+0000 7f5b4dffb640 1 --2- 192.168.123.106:0/3401047970 >> [v2:192.168.123.106:6800/631486347,v1:192.168.123.106:6801/631486347] conn(0x7f5b2803d760 0x7f5b2803fc20 unknown :-1 s=NONE pgs=0 cs=0 l=1 rev1=0 crypto rx=0 tx=0 comp rx=0 tx=0).connect
2026-03-10T10:22:43.799 INFO:teuthology.orchestra.run.vm06.stdout:/usr/bin/ceph: stderr
2026-03-10T10:22:43.657+0000 7f5b4dffb640 1 -- 192.168.123.106:0/3401047970 <== mon.0 v2:192.168.123.106:3300/0 5 ==== osd_map(1..1 src has 1..1) ==== 725+0+0 (secure 0 0 0) 0x7f5b40076b60 con 0x7f5b5807e720
2026-03-10T10:22:43.799 INFO:teuthology.orchestra.run.vm06.stdout:/usr/bin/ceph: stderr
2026-03-10T10:22:43.657+0000 7f5b4dffb640 1 -- 192.168.123.106:0/3401047970 <== mon.0 v2:192.168.123.106:3300/0 6 ==== mon_command_ack([{"prefix": "get_command_descriptions"}]=0 v0) ==== 72+0+195034 (secure 0 0 0) 0x7f5b4004a430 con 0x7f5b5807e720
2026-03-10T10:22:43.799 INFO:teuthology.orchestra.run.vm06.stdout:/usr/bin/ceph: stderr
2026-03-10T10:22:43.657+0000 7f5b4ffff640 1 --2- 192.168.123.106:0/3401047970 >> [v2:192.168.123.106:6800/631486347,v1:192.168.123.106:6801/631486347] conn(0x7f5b2803d760 0x7f5b2803fc20 unknown :-1 s=BANNER_CONNECTING pgs=0 cs=0 l=1 rev1=0 crypto rx=0 tx=0 comp rx=0 tx=0)._handle_peer_banner_payload supported=3 required=0
2026-03-10T10:22:43.799 INFO:teuthology.orchestra.run.vm06.stdout:/usr/bin/ceph: stderr
2026-03-10T10:22:43.657+0000 7f5b4ffff640 1 --2- 192.168.123.106:0/3401047970 >> [v2:192.168.123.106:6800/631486347,v1:192.168.123.106:6801/631486347] conn(0x7f5b2803d760 0x7f5b2803fc20 secure :-1 s=READY pgs=7 cs=0 l=1 rev1=1 crypto rx=0x7f5b480099c0 tx=0x7f5b48006eb0 comp rx=0 tx=0).ready entity=mgr.14100 client_cookie=0 server_cookie=0 in_seq=0 out_seq=0
2026-03-10T10:22:43.799 INFO:teuthology.orchestra.run.vm06.stdout:/usr/bin/ceph: stderr
2026-03-10T10:22:43.753+0000 7f5b5eb4d640 1 -- 192.168.123.106:0/3401047970 --> [v2:192.168.123.106:3300/0,v1:192.168.123.106:6789/0] -- mon_command({"prefix": "config assimilate-conf"} v 0) -- 0x7f5b5810d9c0 con 0x7f5b5807e720
2026-03-10T10:22:43.799 INFO:teuthology.orchestra.run.vm06.stdout:/usr/bin/ceph: stderr
2026-03-10T10:22:43.753+0000 7f5b4dffb640 1 -- 192.168.123.106:0/3401047970 <== mon.0 v2:192.168.123.106:3300/0 7 ==== mon_command_ack([{"prefix": "config assimilate-conf"}]=0 v3) ==== 70+0+380 (secure 0 0 0) 0x7f5b4003f3b0 con 0x7f5b5807e720
2026-03-10T10:22:43.799 INFO:teuthology.orchestra.run.vm06.stdout:/usr/bin/ceph: stderr
2026-03-10T10:22:43.753+0000 7f5b5eb4d640 1 -- 192.168.123.106:0/3401047970 >> [v2:192.168.123.106:6800/631486347,v1:192.168.123.106:6801/631486347] conn(0x7f5b2803d760 msgr2=0x7f5b2803fc20 secure :-1 s=STATE_CONNECTION_ESTABLISHED l=1).mark_down
2026-03-10T10:22:43.799 INFO:teuthology.orchestra.run.vm06.stdout:/usr/bin/ceph: stderr
2026-03-10T10:22:43.753+0000 7f5b5eb4d640 1 --2- 192.168.123.106:0/3401047970 >> [v2:192.168.123.106:6800/631486347,v1:192.168.123.106:6801/631486347] conn(0x7f5b2803d760 0x7f5b2803fc20 secure :-1 s=READY pgs=7 cs=0 l=1 rev1=1 crypto rx=0x7f5b480099c0 tx=0x7f5b48006eb0 comp rx=0 tx=0).stop
2026-03-10T10:22:43.799 INFO:teuthology.orchestra.run.vm06.stdout:/usr/bin/ceph: stderr
2026-03-10T10:22:43.753+0000 7f5b5eb4d640 1 -- 192.168.123.106:0/3401047970 >> [v2:192.168.123.106:3300/0,v1:192.168.123.106:6789/0] conn(0x7f5b5807e720 msgr2=0x7f5b581ac740 secure :-1 s=STATE_CONNECTION_ESTABLISHED l=1).mark_down
2026-03-10T10:22:43.799 INFO:teuthology.orchestra.run.vm06.stdout:/usr/bin/ceph: stderr
2026-03-10T10:22:43.753+0000 7f5b5eb4d640 1 --2- 192.168.123.106:0/3401047970 >> [v2:192.168.123.106:3300/0,v1:192.168.123.106:6789/0] conn(0x7f5b5807e720 0x7f5b581ac740 secure :-1 s=READY pgs=19 cs=0 l=1 rev1=1 crypto rx=0x7f5b40037de0 tx=0x7f5b40036940 comp rx=0 tx=0).stop
2026-03-10T10:22:43.799 INFO:teuthology.orchestra.run.vm06.stdout:/usr/bin/ceph: stderr
2026-03-10T10:22:43.757+0000 7f5b5eb4d640 1 -- 192.168.123.106:0/3401047970 shutdown_connections
2026-03-10T10:22:43.799 INFO:teuthology.orchestra.run.vm06.stdout:/usr/bin/ceph: stderr
2026-03-10T10:22:43.757+0000 7f5b5eb4d640 1 --2- 192.168.123.106:0/3401047970 >> [v2:192.168.123.106:6800/631486347,v1:192.168.123.106:6801/631486347] conn(0x7f5b2803d760 0x7f5b2803fc20 unknown :-1 s=CLOSED pgs=7 cs=0 l=1 rev1=1 crypto rx=0 tx=0 comp rx=0 tx=0).stop
2026-03-10T10:22:43.799 INFO:teuthology.orchestra.run.vm06.stdout:/usr/bin/ceph: stderr
2026-03-10T10:22:43.757+0000 7f5b5eb4d640 1 --2- 192.168.123.106:0/3401047970 >> [v2:192.168.123.106:3300/0,v1:192.168.123.106:6789/0] conn(0x7f5b5807e720 0x7f5b581ac740 unknown :-1 s=CLOSED pgs=19 cs=0 l=1 rev1=1 crypto rx=0 tx=0 comp rx=0 tx=0).stop
2026-03-10T10:22:43.800 INFO:teuthology.orchestra.run.vm06.stdout:/usr/bin/ceph: stderr
2026-03-10T10:22:43.757+0000 7f5b5eb4d640 1 -- 192.168.123.106:0/3401047970 >> 192.168.123.106:0/3401047970 conn(0x7f5b5807d070 msgr2=0x7f5b581083c0 unknown :-1 s=STATE_NONE l=0).mark_down
2026-03-10T10:22:43.800 INFO:teuthology.orchestra.run.vm06.stdout:/usr/bin/ceph: stderr
2026-03-10T10:22:43.757+0000 7f5b5eb4d640 1 -- 192.168.123.106:0/3401047970 shutdown_connections
2026-03-10T10:22:43.800 INFO:teuthology.orchestra.run.vm06.stdout:/usr/bin/ceph: stderr
2026-03-10T10:22:43.757+0000 7f5b5eb4d640 1 -- 192.168.123.106:0/3401047970 wait complete.
2026-03-10T10:22:43.800 INFO:teuthology.orchestra.run.vm06.stdout:Enabling cephadm module...
2026-03-10T10:22:44.345 INFO:journalctl@ceph.mon.a.vm06.stdout:Mar 10 10:22:44 vm06 bash[20720]: cluster
2026-03-10T10:22:43.058106+0000 mon.a (mon.0) 28 : cluster [DBG] mgrmap e3: x(active, since 1.0188s)
2026-03-10T10:22:44.345 INFO:journalctl@ceph.mon.a.vm06.stdout:Mar 10 10:22:44 vm06 bash[20720]: cluster
2026-03-10T10:22:43.058106+0000 mon.a (mon.0) 28 : cluster [DBG] mgrmap e3: x(active, since 1.0188s)
2026-03-10T10:22:44.345 INFO:journalctl@ceph.mon.a.vm06.stdout:Mar 10 10:22:44 vm06 bash[20720]: audit
2026-03-10T10:22:43.490090+0000 mon.a (mon.0) 29 : audit [DBG] from='client.? 192.168.123.106:0/687145458' entity='client.admin' cmd=[{"prefix": "status", "format": "json-pretty"}]: dispatch
2026-03-10T10:22:44.345 INFO:journalctl@ceph.mon.a.vm06.stdout:Mar 10 10:22:44 vm06 bash[20720]: audit
2026-03-10T10:22:43.490090+0000 mon.a (mon.0) 29 : audit [DBG] from='client.? 192.168.123.106:0/687145458' entity='client.admin' cmd=[{"prefix": "status", "format": "json-pretty"}]: dispatch
2026-03-10T10:22:44.345 INFO:journalctl@ceph.mon.a.vm06.stdout:Mar 10 10:22:44 vm06 bash[20720]: audit
2026-03-10T10:22:43.756135+0000 mon.a (mon.0) 30 : audit [INF] from='client.? 192.168.123.106:0/3401047970' entity='client.admin' cmd=[{"prefix": "config assimilate-conf"}]: dispatch
2026-03-10T10:22:44.345 INFO:journalctl@ceph.mon.a.vm06.stdout:Mar 10 10:22:44 vm06 bash[20720]: audit
2026-03-10T10:22:43.756135+0000 mon.a (mon.0) 30 : audit [INF] from='client.? 192.168.123.106:0/3401047970' entity='client.admin' cmd=[{"prefix": "config assimilate-conf"}]: dispatch
2026-03-10T10:22:45.129 INFO:teuthology.orchestra.run.vm06.stdout:/usr/bin/ceph: stderr
2026-03-10T10:22:43.921+0000 7f41e7da7640 1 Processor -- start
2026-03-10T10:22:45.129 INFO:teuthology.orchestra.run.vm06.stdout:/usr/bin/ceph: stderr
2026-03-10T10:22:43.921+0000 7f41e7da7640 1 -- start start
2026-03-10T10:22:45.129 INFO:teuthology.orchestra.run.vm06.stdout:/usr/bin/ceph: stderr
2026-03-10T10:22:43.921+0000 7f41e7da7640 1 --2- >> [v2:192.168.123.106:3300/0,v1:192.168.123.106:6789/0] conn(0x7f41e0109a70 0x7f41e0109e70 unknown :-1 s=NONE pgs=0 cs=0 l=0 rev1=0 crypto rx=0 tx=0 comp rx=0 tx=0).connect
2026-03-10T10:22:45.129 INFO:teuthology.orchestra.run.vm06.stdout:/usr/bin/ceph: stderr
2026-03-10T10:22:43.921+0000 7f41e7da7640 1 -- --> [v2:192.168.123.106:3300/0,v1:192.168.123.106:6789/0] -- mon_getmap magic: 0 -- 0x7f41e010a440 con 0x7f41e0109a70
2026-03-10T10:22:45.129 INFO:teuthology.orchestra.run.vm06.stdout:/usr/bin/ceph: stderr
2026-03-10T10:22:43.921+0000 7f41e5b1c640 1 --2- >> [v2:192.168.123.106:3300/0,v1:192.168.123.106:6789/0] conn(0x7f41e0109a70 0x7f41e0109e70 unknown :-1 s=BANNER_CONNECTING pgs=0 cs=0 l=0 rev1=0 crypto rx=0 tx=0 comp rx=0 tx=0)._handle_peer_banner_payload supported=3 required=0
2026-03-10T10:22:45.129 INFO:teuthology.orchestra.run.vm06.stdout:/usr/bin/ceph: stderr
2026-03-10T10:22:43.921+0000 7f41e5b1c640 1 --2- >> [v2:192.168.123.106:3300/0,v1:192.168.123.106:6789/0] conn(0x7f41e0109a70 0x7f41e0109e70 unknown :-1 s=HELLO_CONNECTING pgs=0 cs=0 l=0 rev1=1 crypto rx=0 tx=0 comp rx=0 tx=0).handle_hello peer v2:192.168.123.106:3300/0 says I am v2:192.168.123.106:52976/0 (socket says 192.168.123.106:52976)
2026-03-10T10:22:45.129 INFO:teuthology.orchestra.run.vm06.stdout:/usr/bin/ceph: stderr
2026-03-10T10:22:43.921+0000 7f41e5b1c640 1 -- 192.168.123.106:0/1342320808 learned_addr learned my addr 192.168.123.106:0/1342320808 (peer_addr_for_me v2:192.168.123.106:0/0)
2026-03-10T10:22:45.129 INFO:teuthology.orchestra.run.vm06.stdout:/usr/bin/ceph: stderr
2026-03-10T10:22:43.921+0000 7f41e5b1c640 1 -- 192.168.123.106:0/1342320808 --> [v2:192.168.123.106:3300/0,v1:192.168.123.106:6789/0] -- mon_subscribe({config=0+,monmap=0+}) -- 0x7f41e010ac10 con 0x7f41e0109a70
2026-03-10T10:22:45.129 INFO:teuthology.orchestra.run.vm06.stdout:/usr/bin/ceph: stderr
2026-03-10T10:22:43.921+0000 7f41e5b1c640 1 --2- 192.168.123.106:0/1342320808 >> [v2:192.168.123.106:3300/0,v1:192.168.123.106:6789/0] conn(0x7f41e0109a70 0x7f41e0109e70 secure :-1 s=READY pgs=20 cs=0 l=1 rev1=1 crypto rx=0x7f41d0009920 tx=0x7f41d002ef20 comp rx=0 tx=0).ready entity=mon.0 client_cookie=5e03bd3696e93def server_cookie=0 in_seq=0 out_seq=0
2026-03-10T10:22:45.129 INFO:teuthology.orchestra.run.vm06.stdout:/usr/bin/ceph: stderr
2026-03-10T10:22:43.921+0000 7f41e4b1a640 1 -- 192.168.123.106:0/1342320808 <== mon.0 v2:192.168.123.106:3300/0 1 ==== mon_map magic: 0 ==== 205+0+0 (secure 0 0 0) 0x7f41d003c070 con 0x7f41e0109a70
2026-03-10T10:22:45.129 INFO:teuthology.orchestra.run.vm06.stdout:/usr/bin/ceph: stderr
2026-03-10T10:22:43.921+0000 7f41e4b1a640 1 -- 192.168.123.106:0/1342320808 <== mon.0 v2:192.168.123.106:3300/0 2 ==== config(25 keys) ==== 1007+0+0 (secure 0 0 0) 0x7f41d0037440 con 0x7f41e0109a70
2026-03-10T10:22:45.129 INFO:teuthology.orchestra.run.vm06.stdout:/usr/bin/ceph: stderr
2026-03-10T10:22:43.921+0000 7f41e4b1a640 1 -- 192.168.123.106:0/1342320808 <== mon.0 v2:192.168.123.106:3300/0 3 ==== mon_map magic: 0 ==== 205+0+0 (secure 0 0 0) 0x7f41d00354d0 con 0x7f41e0109a70
2026-03-10T10:22:45.129 INFO:teuthology.orchestra.run.vm06.stdout:/usr/bin/ceph: stderr
2026-03-10T10:22:43.925+0000 7f41e7da7640 1 -- 192.168.123.106:0/1342320808 >> [v2:192.168.123.106:3300/0,v1:192.168.123.106:6789/0] conn(0x7f41e0109a70 msgr2=0x7f41e0109e70 secure :-1 s=STATE_CONNECTION_ESTABLISHED l=1).mark_down
2026-03-10T10:22:45.129 INFO:teuthology.orchestra.run.vm06.stdout:/usr/bin/ceph: stderr
2026-03-10T10:22:43.925+0000 7f41e7da7640 1 --2- 192.168.123.106:0/1342320808 >> [v2:192.168.123.106:3300/0,v1:192.168.123.106:6789/0] conn(0x7f41e0109a70 0x7f41e0109e70 secure :-1 s=READY pgs=20 cs=0 l=1 rev1=1 crypto rx=0x7f41d0009920 tx=0x7f41d002ef20 comp rx=0 tx=0).stop
2026-03-10T10:22:45.129 INFO:teuthology.orchestra.run.vm06.stdout:/usr/bin/ceph: stderr
2026-03-10T10:22:43.925+0000 7f41e7da7640 1 -- 192.168.123.106:0/1342320808 shutdown_connections
2026-03-10T10:22:45.129 INFO:teuthology.orchestra.run.vm06.stdout:/usr/bin/ceph: stderr
2026-03-10T10:22:43.925+0000 7f41e7da7640 1 --2- 192.168.123.106:0/1342320808 >> [v2:192.168.123.106:3300/0,v1:192.168.123.106:6789/0] conn(0x7f41e0109a70 0x7f41e0109e70 unknown :-1 s=CLOSED pgs=20 cs=0 l=1 rev1=1 crypto rx=0 tx=0 comp rx=0 tx=0).stop
2026-03-10T10:22:45.130 INFO:teuthology.orchestra.run.vm06.stdout:/usr/bin/ceph: stderr
2026-03-10T10:22:43.925+0000 7f41e7da7640 1 -- 192.168.123.106:0/1342320808 >> 192.168.123.106:0/1342320808 conn(0x7f41e007d070 msgr2=0x7f41e007d4c0 unknown :-1 s=STATE_NONE l=0).mark_down
2026-03-10T10:22:45.130 INFO:teuthology.orchestra.run.vm06.stdout:/usr/bin/ceph: stderr
2026-03-10T10:22:43.925+0000 7f41e7da7640 1 -- 192.168.123.106:0/1342320808 shutdown_connections
2026-03-10T10:22:45.130 INFO:teuthology.orchestra.run.vm06.stdout:/usr/bin/ceph: stderr
2026-03-10T10:22:43.925+0000 7f41e7da7640 1 -- 192.168.123.106:0/1342320808 wait complete.
2026-03-10T10:22:45.130 INFO:teuthology.orchestra.run.vm06.stdout:/usr/bin/ceph: stderr
2026-03-10T10:22:43.925+0000 7f41e7da7640 1 Processor -- start
2026-03-10T10:22:45.130 INFO:teuthology.orchestra.run.vm06.stdout:/usr/bin/ceph: stderr
2026-03-10T10:22:43.925+0000 7f41e7da7640 1 -- start start
2026-03-10T10:22:45.130 INFO:teuthology.orchestra.run.vm06.stdout:/usr/bin/ceph: stderr
2026-03-10T10:22:43.925+0000 7f41e7da7640 1 --2- >> [v2:192.168.123.106:3300/0,v1:192.168.123.106:6789/0] conn(0x7f41e0109a70 0x7f41e0081c80 unknown :-1 s=NONE pgs=0 cs=0 l=1 rev1=0 crypto rx=0 tx=0 comp rx=0 tx=0).connect
2026-03-10T10:22:45.130 INFO:teuthology.orchestra.run.vm06.stdout:/usr/bin/ceph: stderr
2026-03-10T10:22:43.925+0000 7f41e5b1c640 1 --2- >> [v2:192.168.123.106:3300/0,v1:192.168.123.106:6789/0] conn(0x7f41e0109a70 0x7f41e0081c80 unknown :-1 s=BANNER_CONNECTING pgs=0 cs=0 l=1 rev1=0 crypto rx=0 tx=0 comp rx=0 tx=0)._handle_peer_banner_payload supported=3 required=0
2026-03-10T10:22:45.130 INFO:teuthology.orchestra.run.vm06.stdout:/usr/bin/ceph: stderr
2026-03-10T10:22:43.925+0000 7f41e5b1c640 1 --2- >> [v2:192.168.123.106:3300/0,v1:192.168.123.106:6789/0] conn(0x7f41e0109a70 0x7f41e0081c80 unknown :-1 s=HELLO_CONNECTING pgs=0 cs=0 l=1 rev1=1 crypto rx=0 tx=0 comp rx=0 tx=0).handle_hello peer v2:192.168.123.106:3300/0 says I am v2:192.168.123.106:52984/0 (socket says 192.168.123.106:52984)
2026-03-10T10:22:45.130 INFO:teuthology.orchestra.run.vm06.stdout:/usr/bin/ceph: stderr
2026-03-10T10:22:43.925+0000 7f41e5b1c640 1 -- 192.168.123.106:0/1755545196 learned_addr learned my addr 192.168.123.106:0/1755545196 (peer_addr_for_me v2:192.168.123.106:0/0)
2026-03-10T10:22:45.130 INFO:teuthology.orchestra.run.vm06.stdout:/usr/bin/ceph: stderr
2026-03-10T10:22:43.925+0000 7f41e7da7640 1 -- --> [v2:192.168.123.106:3300/0,v1:192.168.123.106:6789/0] -- mon_getmap magic: 0 -- 0x7f41e010de40 con 0x7f41e0109a70
2026-03-10T10:22:45.130 INFO:teuthology.orchestra.run.vm06.stdout:/usr/bin/ceph: stderr
2026-03-10T10:22:43.925+0000 7f41e5b1c640 1 -- 192.168.123.106:0/1755545196 --> [v2:192.168.123.106:3300/0,v1:192.168.123.106:6789/0] -- mon_subscribe({config=0+,monmap=0+}) -- 0x7f41e00821c0 con 0x7f41e0109a70
2026-03-10T10:22:45.130 INFO:teuthology.orchestra.run.vm06.stdout:/usr/bin/ceph: stderr
2026-03-10T10:22:43.925+0000 7f41e5b1c640 1 --2- 192.168.123.106:0/1755545196 >> [v2:192.168.123.106:3300/0,v1:192.168.123.106:6789/0] conn(0x7f41e0109a70 0x7f41e0081c80 secure :-1 s=READY pgs=21 cs=0 l=1 rev1=1 crypto rx=0x7f41d0006fd0 tx=0x7f41d0035e10 comp rx=0 tx=0).ready entity=mon.0 client_cookie=0 server_cookie=0 in_seq=0 out_seq=0
2026-03-10T10:22:45.130 INFO:teuthology.orchestra.run.vm06.stdout:/usr/bin/ceph: stderr
2026-03-10T10:22:43.925+0000 7f41ceffd640 1 -- 192.168.123.106:0/1755545196 <== mon.0 v2:192.168.123.106:3300/0 1 ==== mon_map magic: 0 ==== 205+0+0 (secure 0 0 0) 0x7f41d0045070 con 0x7f41e0109a70
2026-03-10T10:22:45.130 INFO:teuthology.orchestra.run.vm06.stdout:/usr/bin/ceph: stderr
2026-03-10T10:22:43.925+0000 7f41ceffd640 1 -- 192.168.123.106:0/1755545196 <== mon.0 v2:192.168.123.106:3300/0 2 ==== config(25 keys) ==== 1007+0+0 (secure 0 0 0) 0x7f41d0040450 con 0x7f41e0109a70
2026-03-10T10:22:45.130 INFO:teuthology.orchestra.run.vm06.stdout:/usr/bin/ceph: stderr
2026-03-10T10:22:43.925+0000 7f41e7da7640 1 -- 192.168.123.106:0/1755545196 --> [v2:192.168.123.106:3300/0,v1:192.168.123.106:6789/0] -- mon_subscribe({mgrmap=0+}) -- 0x7f41e0082450 con 0x7f41e0109a70
2026-03-10T10:22:45.130 INFO:teuthology.orchestra.run.vm06.stdout:/usr/bin/ceph: stderr
2026-03-10T10:22:43.925+0000 7f41e7da7640 1 -- 192.168.123.106:0/1755545196 --> [v2:192.168.123.106:3300/0,v1:192.168.123.106:6789/0] -- mon_subscribe({osdmap=0}) -- 0x7f41e007e7c0 con 0x7f41e0109a70
2026-03-10T10:22:45.130 INFO:teuthology.orchestra.run.vm06.stdout:/usr/bin/ceph: stderr
2026-03-10T10:22:43.925+0000 7f41ceffd640 1 -- 192.168.123.106:0/1755545196 <== mon.0 v2:192.168.123.106:3300/0 3 ==== mon_map magic: 0 ==== 205+0+0 (secure 0 0 0) 0x7f41d003c070 con 0x7f41e0109a70
2026-03-10T10:22:45.130 INFO:teuthology.orchestra.run.vm06.stdout:/usr/bin/ceph: stderr
2026-03-10T10:22:43.925+0000 7f41e7da7640 1 -- 192.168.123.106:0/1755545196 --> [v2:192.168.123.106:3300/0,v1:192.168.123.106:6789/0] -- mon_command({"prefix": "get_command_descriptions"} v 0) -- 0x7f41a8005390 con 0x7f41e0109a70
2026-03-10T10:22:45.130 INFO:teuthology.orchestra.run.vm06.stdout:/usr/bin/ceph: stderr
2026-03-10T10:22:43.925+0000 7f41ceffd640 1 -- 192.168.123.106:0/1755545196 <== mon.0 v2:192.168.123.106:3300/0 4 ==== mgrmap(e 3) ==== 50130+0+0 (secure 0 0 0) 0x7f41d004a440 con 0x7f41e0109a70
2026-03-10T10:22:45.130 INFO:teuthology.orchestra.run.vm06.stdout:/usr/bin/ceph: stderr
2026-03-10T10:22:43.929+0000 7f41ceffd640 1 --2- 192.168.123.106:0/1755545196 >> [v2:192.168.123.106:6800/631486347,v1:192.168.123.106:6801/631486347] conn(0x7f41bc03da70 0x7f41bc03ff30 unknown :-1 s=NONE pgs=0 cs=0 l=1 rev1=0 crypto rx=0 tx=0 comp rx=0 tx=0).connect
2026-03-10T10:22:45.130 INFO:teuthology.orchestra.run.vm06.stdout:/usr/bin/ceph: stderr
2026-03-10T10:22:43.929+0000 7f41ceffd640 1 -- 192.168.123.106:0/1755545196 <== mon.0 v2:192.168.123.106:3300/0 5 ==== osd_map(1..1 src has 1..1) ==== 725+0+0 (secure 0 0 0) 0x7f41d00761f0 con 0x7f41e0109a70
2026-03-10T10:22:45.130 INFO:teuthology.orchestra.run.vm06.stdout:/usr/bin/ceph: stderr
2026-03-10T10:22:43.929+0000 7f41e531b640 1 --2- 192.168.123.106:0/1755545196 >> [v2:192.168.123.106:6800/631486347,v1:192.168.123.106:6801/631486347] conn(0x7f41bc03da70 0x7f41bc03ff30 unknown :-1 s=BANNER_CONNECTING pgs=0 cs=0 l=1 rev1=0 crypto rx=0 tx=0 comp rx=0 tx=0)._handle_peer_banner_payload supported=3 required=0
2026-03-10T10:22:45.130 INFO:teuthology.orchestra.run.vm06.stdout:/usr/bin/ceph: stderr
2026-03-10T10:22:43.929+0000 7f41e531b640 1 --2- 192.168.123.106:0/1755545196 >> [v2:192.168.123.106:6800/631486347,v1:192.168.123.106:6801/631486347] conn(0x7f41bc03da70 0x7f41bc03ff30 secure :-1 s=READY pgs=8 cs=0 l=1 rev1=1 crypto rx=0x7f41d40099c0 tx=0x7f41d4006eb0 comp rx=0 tx=0).ready entity=mgr.14100 client_cookie=0 server_cookie=0 in_seq=0 out_seq=0
2026-03-10T10:22:45.130 INFO:teuthology.orchestra.run.vm06.stdout:/usr/bin/ceph: stderr
2026-03-10T10:22:43.929+0000 7f41ceffd640 1 -- 192.168.123.106:0/1755545196 <== mon.0 v2:192.168.123.106:3300/0 6 ==== mon_command_ack([{"prefix": "get_command_descriptions"}]=0 v0) ==== 72+0+195034 (secure 0 0 0) 0x7f41d003f3b0 con 0x7f41e0109a70
2026-03-10T10:22:45.130 INFO:teuthology.orchestra.run.vm06.stdout:/usr/bin/ceph: stderr
2026-03-10T10:22:44.053+0000 7f41ceffd640 1 -- 192.168.123.106:0/1755545196 <== mon.0 v2:192.168.123.106:3300/0 7 ==== mgrmap(e 4) ==== 50236+0+0 (secure 0 0 0) 0x7f41d00363a0 con 0x7f41e0109a70
2026-03-10T10:22:45.130 INFO:teuthology.orchestra.run.vm06.stdout:/usr/bin/ceph: stderr
2026-03-10T10:22:44.053+0000 7f41e7da7640 1 -- 192.168.123.106:0/1755545196 --> [v2:192.168.123.106:3300/0,v1:192.168.123.106:6789/0] -- mon_command({"prefix": "mgr module enable", "module": "cephadm"} v 0) -- 0x7f41a8005950 con 0x7f41e0109a70
2026-03-10T10:22:45.130 INFO:teuthology.orchestra.run.vm06.stdout:/usr/bin/ceph: stderr
2026-03-10T10:22:45.053+0000 7f41ceffd640 1 -- 192.168.123.106:0/1755545196 <== mon.0 v2:192.168.123.106:3300/0 8 ==== mon_command_ack([{"prefix": "mgr module enable", "module": "cephadm"}]=0 v5) ==== 86+0+0 (secure 0 0 0) 0x7f41d0060460 con 0x7f41e0109a70
2026-03-10T10:22:45.130 INFO:teuthology.orchestra.run.vm06.stdout:/usr/bin/ceph: stderr
2026-03-10T10:22:45.061+0000 7f41ceffd640 1 -- 192.168.123.106:0/1755545196 <== mon.0 v2:192.168.123.106:3300/0 9 ==== mgrmap(e 5) ==== 50247+0+0 (secure 0 0 0) 0x7f41d00033c0 con 0x7f41e0109a70
2026-03-10T10:22:45.130 INFO:teuthology.orchestra.run.vm06.stdout:/usr/bin/ceph: stderr
2026-03-10T10:22:45.061+0000 7f41e7da7640 1 -- 192.168.123.106:0/1755545196 >> [v2:192.168.123.106:6800/631486347,v1:192.168.123.106:6801/631486347] conn(0x7f41bc03da70 msgr2=0x7f41bc03ff30 secure :-1 s=STATE_CONNECTION_ESTABLISHED l=1).mark_down
2026-03-10T10:22:45.130 INFO:teuthology.orchestra.run.vm06.stdout:/usr/bin/ceph: stderr
2026-03-10T10:22:45.061+0000 7f41e7da7640 1 --2- 192.168.123.106:0/1755545196 >> [v2:192.168.123.106:6800/631486347,v1:192.168.123.106:6801/631486347] conn(0x7f41bc03da70 0x7f41bc03ff30 secure :-1 s=READY pgs=8 cs=0 l=1 rev1=1 crypto rx=0x7f41d40099c0 tx=0x7f41d4006eb0 comp rx=0 tx=0).stop
2026-03-10T10:22:45.130 INFO:teuthology.orchestra.run.vm06.stdout:/usr/bin/ceph: stderr
2026-03-10T10:22:45.061+0000 7f41e7da7640 1 -- 192.168.123.106:0/1755545196 >> [v2:192.168.123.106:3300/0,v1:192.168.123.106:6789/0] conn(0x7f41e0109a70 msgr2=0x7f41e0081c80 secure :-1 s=STATE_CONNECTION_ESTABLISHED l=1).mark_down
2026-03-10T10:22:45.130 INFO:teuthology.orchestra.run.vm06.stdout:/usr/bin/ceph: stderr
2026-03-10T10:22:45.061+0000 7f41e7da7640 1 --2- 192.168.123.106:0/1755545196 >> [v2:192.168.123.106:3300/0,v1:192.168.123.106:6789/0] conn(0x7f41e0109a70 0x7f41e0081c80 secure :-1 s=READY pgs=21 cs=0 l=1 rev1=1 crypto rx=0x7f41d0006fd0 tx=0x7f41d0035e10 comp rx=0 tx=0).stop
2026-03-10T10:22:45.130 INFO:teuthology.orchestra.run.vm06.stdout:/usr/bin/ceph: stderr
2026-03-10T10:22:45.065+0000 7f41e7da7640 1 -- 192.168.123.106:0/1755545196 shutdown_connections
2026-03-10T10:22:45.130 INFO:teuthology.orchestra.run.vm06.stdout:/usr/bin/ceph: stderr
2026-03-10T10:22:45.065+0000 7f41e7da7640 1 --2- 192.168.123.106:0/1755545196 >> [v2:192.168.123.106:6800/631486347,v1:192.168.123.106:6801/631486347] conn(0x7f41bc03da70 0x7f41bc03ff30 unknown :-1 s=CLOSED pgs=8 cs=0 l=1 rev1=1 crypto rx=0 tx=0 comp rx=0 tx=0).stop
2026-03-10T10:22:45.130 INFO:teuthology.orchestra.run.vm06.stdout:/usr/bin/ceph: stderr
2026-03-10T10:22:45.065+0000 7f41e7da7640 1 --2- 192.168.123.106:0/1755545196 >> [v2:192.168.123.106:3300/0,v1:192.168.123.106:6789/0] conn(0x7f41e0109a70 0x7f41e0081c80 unknown :-1 s=CLOSED pgs=21 cs=0 l=1 rev1=1 crypto rx=0 tx=0 comp rx=0 tx=0).stop
2026-03-10T10:22:45.130 INFO:teuthology.orchestra.run.vm06.stdout:/usr/bin/ceph: stderr
2026-03-10T10:22:45.065+0000 7f41e7da7640 1 -- 192.168.123.106:0/1755545196 >> 192.168.123.106:0/1755545196 conn(0x7f41e007d070 msgr2=0x7f41e01077c0 unknown :-1 s=STATE_NONE l=0).mark_down
2026-03-10T10:22:45.130 INFO:teuthology.orchestra.run.vm06.stdout:/usr/bin/ceph: stderr
2026-03-10T10:22:45.065+0000 7f41e7da7640 1 -- 192.168.123.106:0/1755545196 shutdown_connections
2026-03-10T10:22:45.130 INFO:teuthology.orchestra.run.vm06.stdout:/usr/bin/ceph: stderr
2026-03-10T10:22:45.065+0000 7f41e7da7640 1 -- 192.168.123.106:0/1755545196 wait complete.
2026-03-10T10:22:45.345 INFO:journalctl@ceph.mon.a.vm06.stdout:Mar 10 10:22:45 vm06 bash[20720]: cluster
2026-03-10T10:22:44.058896+0000 mon.a (mon.0) 31 : cluster [DBG] mgrmap e4: x(active, since 2s)
2026-03-10T10:22:45.345 INFO:journalctl@ceph.mon.a.vm06.stdout:Mar 10 10:22:45 vm06 bash[20720]: cluster
2026-03-10T10:22:44.058896+0000 mon.a (mon.0) 31 : cluster [DBG] mgrmap e4: x(active, since 2s)
2026-03-10T10:22:45.345 INFO:journalctl@ceph.mon.a.vm06.stdout:Mar 10 10:22:45 vm06 bash[20720]: audit
2026-03-10T10:22:44.059017+0000 mon.a (mon.0) 32 : audit [INF] from='client.? 192.168.123.106:0/1755545196' entity='client.admin' cmd=[{"prefix": "mgr module enable", "module": "cephadm"}]: dispatch
2026-03-10T10:22:45.345 INFO:journalctl@ceph.mon.a.vm06.stdout:Mar 10 10:22:45 vm06 bash[20720]: audit
2026-03-10T10:22:44.059017+0000 mon.a (mon.0) 32 : audit [INF] from='client.? 192.168.123.106:0/1755545196' entity='client.admin' cmd=[{"prefix": "mgr module enable", "module": "cephadm"}]: dispatch
2026-03-10T10:22:45.345 INFO:journalctl@ceph.mgr.x.vm06.stdout:Mar 10 10:22:45 vm06 bash[20987]: ignoring --setuser ceph since I am not root
2026-03-10T10:22:45.345 INFO:journalctl@ceph.mgr.x.vm06.stdout:Mar 10 10:22:45 vm06 bash[20987]: ignoring --setgroup ceph since I am not root
2026-03-10T10:22:45.345 INFO:journalctl@ceph.mgr.x.vm06.stdout:Mar 10 10:22:45 vm06 bash[20987]: debug
2026-03-10T10:22:45.209+0000 7fa43ff3d140 -1 mgr[py] Module status has missing NOTIFY_TYPES member
2026-03-10T10:22:45.345 INFO:journalctl@ceph.mgr.x.vm06.stdout:Mar 10 10:22:45 vm06 bash[20987]: debug
2026-03-10T10:22:45.245+0000 7fa43ff3d140 -1 mgr[py] Module osd_support has missing NOTIFY_TYPES member
2026-03-10T10:22:45.456 INFO:teuthology.orchestra.run.vm06.stdout:/usr/bin/ceph: stdout {
2026-03-10T10:22:45.456 INFO:teuthology.orchestra.run.vm06.stdout:/usr/bin/ceph: stdout "epoch": 5,
2026-03-10T10:22:45.456 INFO:teuthology.orchestra.run.vm06.stdout:/usr/bin/ceph: stdout "available": true,
2026-03-10T10:22:45.456 INFO:teuthology.orchestra.run.vm06.stdout:/usr/bin/ceph: stdout "active_name": "x",
2026-03-10T10:22:45.456 INFO:teuthology.orchestra.run.vm06.stdout:/usr/bin/ceph: stdout "num_standby": 0
2026-03-10T10:22:45.456 INFO:teuthology.orchestra.run.vm06.stdout:/usr/bin/ceph: stdout }
2026-03-10T10:22:45.456 INFO:teuthology.orchestra.run.vm06.stdout:/usr/bin/ceph: stderr
2026-03-10T10:22:45.265+0000 7ff945325640 1 Processor -- start
2026-03-10T10:22:45.456 INFO:teuthology.orchestra.run.vm06.stdout:/usr/bin/ceph: stderr
2026-03-10T10:22:45.265+0000 7ff945325640 1 -- start start
2026-03-10T10:22:45.456 INFO:teuthology.orchestra.run.vm06.stdout:/usr/bin/ceph: stderr
2026-03-10T10:22:45.265+0000 7ff945325640 1 --2- >> [v2:192.168.123.106:3300/0,v1:192.168.123.106:6789/0] conn(0x7ff9400737a0 0x7ff940073ba0 unknown :-1 s=NONE pgs=0 cs=0 l=0 rev1=0 crypto rx=0 tx=0 comp rx=0 tx=0).connect
2026-03-10T10:22:45.456 INFO:teuthology.orchestra.run.vm06.stdout:/usr/bin/ceph: stderr
2026-03-10T10:22:45.265+0000 7ff945325640 1 -- --> [v2:192.168.123.106:3300/0,v1:192.168.123.106:6789/0] -- mon_getmap magic: 0 -- 0x7ff940074170 con 0x7ff9400737a0
2026-03-10T10:22:45.456 INFO:teuthology.orchestra.run.vm06.stdout:/usr/bin/ceph: stderr
2026-03-10T10:22:45.265+0000 7ff93effd640 1 --2- >> [v2:192.168.123.106:3300/0,v1:192.168.123.106:6789/0] conn(0x7ff9400737a0 0x7ff940073ba0 unknown :-1 s=BANNER_CONNECTING pgs=0 cs=0 l=0 rev1=0 crypto rx=0 tx=0 comp rx=0 tx=0)._handle_peer_banner_payload supported=3 required=0
2026-03-10T10:22:45.456 INFO:teuthology.orchestra.run.vm06.stdout:/usr/bin/ceph: stderr
2026-03-10T10:22:45.265+0000 7ff93effd640 1 --2- >> [v2:192.168.123.106:3300/0,v1:192.168.123.106:6789/0] conn(0x7ff9400737a0 0x7ff940073ba0 unknown :-1 s=HELLO_CONNECTING pgs=0 cs=0 l=0 rev1=1 crypto rx=0 tx=0 comp rx=0 tx=0).handle_hello peer v2:192.168.123.106:3300/0 says I am v2:192.168.123.106:53024/0 (socket says 192.168.123.106:53024)
2026-03-10T10:22:45.456 INFO:teuthology.orchestra.run.vm06.stdout:/usr/bin/ceph: stderr
2026-03-10T10:22:45.265+0000 7ff93effd640 1 -- 192.168.123.106:0/3932787113 learned_addr learned my addr 192.168.123.106:0/3932787113 (peer_addr_for_me v2:192.168.123.106:0/0)
2026-03-10T10:22:45.456 INFO:teuthology.orchestra.run.vm06.stdout:/usr/bin/ceph: stderr
2026-03-10T10:22:45.269+0000 7ff93effd640 1 -- 192.168.123.106:0/3932787113 --> [v2:192.168.123.106:3300/0,v1:192.168.123.106:6789/0] -- mon_subscribe({config=0+,monmap=0+}) -- 0x7ff9400742f0 con 0x7ff9400737a0
2026-03-10T10:22:45.457 INFO:teuthology.orchestra.run.vm06.stdout:/usr/bin/ceph: stderr
2026-03-10T10:22:45.269+0000 7ff93effd640 1 --2- 192.168.123.106:0/3932787113 >> [v2:192.168.123.106:3300/0,v1:192.168.123.106:6789/0] conn(0x7ff9400737a0 0x7ff940073ba0 secure :-1 s=READY pgs=24 cs=0 l=1 rev1=1 crypto rx=0x7ff930009eb0 tx=0x7ff930031310 comp rx=0 tx=0).ready entity=mon.0 client_cookie=6d764ac42c75a12e server_cookie=0 in_seq=0 out_seq=0
2026-03-10T10:22:45.457 INFO:teuthology.orchestra.run.vm06.stdout:/usr/bin/ceph: stderr
2026-03-10T10:22:45.269+0000 7ff93e7fc640 1 -- 192.168.123.106:0/3932787113 <== mon.0 v2:192.168.123.106:3300/0 1 ==== mon_map magic: 0 ==== 205+0+0 (secure 0 0 0) 0x7ff930040070 con 0x7ff9400737a0
2026-03-10T10:22:45.457 INFO:teuthology.orchestra.run.vm06.stdout:/usr/bin/ceph: stderr
2026-03-10T10:22:45.269+0000 7ff93e7fc640 1 -- 192.168.123.106:0/3932787113 <== mon.0 v2:192.168.123.106:3300/0 2 ==== config(25 keys) ==== 1007+0+0 (secure 0 0 0) 0x7ff930031da0 con 0x7ff9400737a0
2026-03-10T10:22:45.457 INFO:teuthology.orchestra.run.vm06.stdout:/usr/bin/ceph: stderr
2026-03-10T10:22:45.269+0000 7ff945325640 1 -- 192.168.123.106:0/3932787113 >> [v2:192.168.123.106:3300/0,v1:192.168.123.106:6789/0] conn(0x7ff9400737a0 msgr2=0x7ff940073ba0 secure :-1 s=STATE_CONNECTION_ESTABLISHED l=1).mark_down
2026-03-10T10:22:45.457 INFO:teuthology.orchestra.run.vm06.stdout:/usr/bin/ceph: stderr
2026-03-10T10:22:45.269+0000 7ff945325640 1 --2- 192.168.123.106:0/3932787113 >> [v2:192.168.123.106:3300/0,v1:192.168.123.106:6789/0] conn(0x7ff9400737a0 0x7ff940073ba0 secure :-1 s=READY pgs=24 cs=0 l=1 rev1=1 crypto rx=0x7ff930009eb0 tx=0x7ff930031310 comp rx=0 tx=0).stop
2026-03-10T10:22:45.457 INFO:teuthology.orchestra.run.vm06.stdout:/usr/bin/ceph: stderr
2026-03-10T10:22:45.269+0000 7ff945325640 1 -- 192.168.123.106:0/3932787113 shutdown_connections
2026-03-10T10:22:45.457 INFO:teuthology.orchestra.run.vm06.stdout:/usr/bin/ceph: stderr
2026-03-10T10:22:45.269+0000 7ff945325640 1 --2- 192.168.123.106:0/3932787113 >> [v2:192.168.123.106:3300/0,v1:192.168.123.106:6789/0] conn(0x7ff9400737a0 0x7ff940073ba0 unknown :-1 s=CLOSED pgs=24 cs=0 l=1 rev1=1 crypto rx=0 tx=0 comp rx=0 tx=0).stop
2026-03-10T10:22:45.457 INFO:teuthology.orchestra.run.vm06.stdout:/usr/bin/ceph: stderr
2026-03-10T10:22:45.269+0000 7ff945325640 1 -- 192.168.123.106:0/3932787113 >> 192.168.123.106:0/3932787113 conn(0x7ff94006ede0 msgr2=0x7ff940071260 unknown :-1 s=STATE_NONE l=0).mark_down
2026-03-10T10:22:45.457 INFO:teuthology.orchestra.run.vm06.stdout:/usr/bin/ceph: stderr
2026-03-10T10:22:45.269+0000 7ff945325640 1 -- 192.168.123.106:0/3932787113 shutdown_connections
2026-03-10T10:22:45.457 INFO:teuthology.orchestra.run.vm06.stdout:/usr/bin/ceph: stderr
2026-03-10T10:22:45.269+0000 7ff945325640 1 -- 192.168.123.106:0/3932787113 wait complete.
2026-03-10T10:22:45.457 INFO:teuthology.orchestra.run.vm06.stdout:/usr/bin/ceph: stderr
2026-03-10T10:22:45.269+0000 7ff945325640 1 Processor -- start
2026-03-10T10:22:45.457 INFO:teuthology.orchestra.run.vm06.stdout:/usr/bin/ceph: stderr
2026-03-10T10:22:45.269+0000 7ff945325640 1 -- start start
2026-03-10T10:22:45.457 INFO:teuthology.orchestra.run.vm06.stdout:/usr/bin/ceph: stderr
2026-03-10T10:22:45.269+0000 7ff945325640 1 --2- >> [v2:192.168.123.106:3300/0,v1:192.168.123.106:6789/0] conn(0x7ff9400737a0 0x7ff9401ac4d0 unknown :-1 s=NONE pgs=0 cs=0 l=1 rev1=0 crypto rx=0 tx=0 comp rx=0 tx=0).connect
2026-03-10T10:22:45.457 INFO:teuthology.orchestra.run.vm06.stdout:/usr/bin/ceph: stderr
2026-03-10T10:22:45.269+0000 7ff945325640 1 -- --> [v2:192.168.123.106:3300/0,v1:192.168.123.106:6789/0] -- mon_getmap magic: 0 -- 0x7ff940111ff0 con 0x7ff9400737a0
2026-03-10T10:22:45.457 INFO:teuthology.orchestra.run.vm06.stdout:/usr/bin/ceph: stderr
2026-03-10T10:22:45.269+0000 7ff93effd640 1 --2- >> [v2:192.168.123.106:3300/0,v1:192.168.123.106:6789/0] conn(0x7ff9400737a0 0x7ff9401ac4d0 unknown :-1 s=BANNER_CONNECTING pgs=0 cs=0 l=1 rev1=0 crypto rx=0 tx=0 comp rx=0 tx=0)._handle_peer_banner_payload supported=3 required=0
2026-03-10T10:22:45.457 INFO:teuthology.orchestra.run.vm06.stdout:/usr/bin/ceph: stderr
2026-03-10T10:22:45.269+0000 7ff93effd640 1 --2- >> [v2:192.168.123.106:3300/0,v1:192.168.123.106:6789/0] conn(0x7ff9400737a0 0x7ff9401ac4d0 unknown :-1 s=HELLO_CONNECTING pgs=0 cs=0 l=1 rev1=1 crypto rx=0 tx=0 comp rx=0 tx=0).handle_hello peer v2:192.168.123.106:3300/0 says I am v2:192.168.123.106:53038/0 (socket says 192.168.123.106:53038)
2026-03-10T10:22:45.457 INFO:teuthology.orchestra.run.vm06.stdout:/usr/bin/ceph: stderr
2026-03-10T10:22:45.269+0000 7ff93effd640 1 -- 192.168.123.106:0/3431672378 learned_addr learned my addr 192.168.123.106:0/3431672378 (peer_addr_for_me v2:192.168.123.106:0/0)
2026-03-10T10:22:45.457 INFO:teuthology.orchestra.run.vm06.stdout:/usr/bin/ceph: stderr
2026-03-10T10:22:45.269+0000 7ff93effd640 1 -- 192.168.123.106:0/3431672378 --> [v2:192.168.123.106:3300/0,v1:192.168.123.106:6789/0] -- mon_subscribe({config=0+,monmap=0+}) -- 0x7ff9401aca10 con 0x7ff9400737a0
2026-03-10T10:22:45.457 INFO:teuthology.orchestra.run.vm06.stdout:/usr/bin/ceph: stderr
2026-03-10T10:22:45.269+0000 7ff93effd640 1 --2- 192.168.123.106:0/3431672378 >> [v2:192.168.123.106:3300/0,v1:192.168.123.106:6789/0] conn(0x7ff9400737a0 0x7ff9401ac4d0 secure :-1 s=READY pgs=25 cs=0 l=1 rev1=1 crypto rx=0x7ff930006fd0 tx=0x7ff930037eb0 comp rx=0 tx=0).ready entity=mon.0 client_cookie=0 server_cookie=0 in_seq=0 out_seq=0
2026-03-10T10:22:45.457 INFO:teuthology.orchestra.run.vm06.stdout:/usr/bin/ceph: stderr
2026-03-10T10:22:45.269+0000 7ff93cff9640 1 -- 192.168.123.106:0/3431672378 <== mon.0 v2:192.168.123.106:3300/0 1 ==== mon_map magic: 0 ==== 205+0+0 (secure 0 0 0) 0x7ff930040030 con 0x7ff9400737a0
2026-03-10T10:22:45.457 INFO:teuthology.orchestra.run.vm06.stdout:/usr/bin/ceph: stderr
2026-03-10T10:22:45.269+0000 7ff93cff9640 1 -- 192.168.123.106:0/3431672378 <== mon.0 v2:192.168.123.106:3300/0 2 ==== config(25 keys) ==== 1007+0+0 (secure 0 0 0) 0x7ff93000d3d0 con 0x7ff9400737a0
2026-03-10T10:22:45.457 INFO:teuthology.orchestra.run.vm06.stdout:/usr/bin/ceph: stderr
2026-03-10T10:22:45.273+0000 7ff93cff9640 1 -- 192.168.123.106:0/3431672378 <== mon.0 v2:192.168.123.106:3300/0 3 ==== mon_map magic: 0 ==== 205+0+0 (secure 0 0 0) 0x7ff930044670 con 0x7ff9400737a0
2026-03-10T10:22:45.457 INFO:teuthology.orchestra.run.vm06.stdout:/usr/bin/ceph: stderr
2026-03-10T10:22:45.273+0000 7ff945325640 1 -- 192.168.123.106:0/3431672378 --> [v2:192.168.123.106:3300/0,v1:192.168.123.106:6789/0] -- mon_subscribe({mgrmap=0+}) -- 0x7ff9401acca0 con 0x7ff9400737a0
2026-03-10T10:22:45.457 INFO:teuthology.orchestra.run.vm06.stdout:/usr/bin/ceph: stderr
2026-03-10T10:22:45.273+0000 7ff945325640 1 -- 192.168.123.106:0/3431672378 --> [v2:192.168.123.106:3300/0,v1:192.168.123.106:6789/0] -- mon_subscribe({osdmap=0}) -- 0x7ff9401af990 con 0x7ff9400737a0
2026-03-10T10:22:45.457 INFO:teuthology.orchestra.run.vm06.stdout:/usr/bin/ceph: stderr
2026-03-10T10:22:45.273+0000 7ff945325640 1 -- 192.168.123.106:0/3431672378 --> [v2:192.168.123.106:3300/0,v1:192.168.123.106:6789/0] -- mon_command({"prefix": "get_command_descriptions"} v 0) -- 0x7ff940073ba0 con 0x7ff9400737a0
2026-03-10T10:22:45.457 INFO:teuthology.orchestra.run.vm06.stdout:/usr/bin/ceph: stderr
2026-03-10T10:22:45.277+0000 7ff93cff9640 1 -- 192.168.123.106:0/3431672378 <== mon.0 v2:192.168.123.106:3300/0 4 ==== mgrmap(e 5) ==== 50247+0+0 (secure 0 0 0) 0x7ff930044810 con 0x7ff9400737a0
2026-03-10T10:22:45.457 INFO:teuthology.orchestra.run.vm06.stdout:/usr/bin/ceph: stderr
2026-03-10T10:22:45.277+0000 7ff93cff9640 1 --2- 192.168.123.106:0/3431672378 >> [v2:192.168.123.106:6800/631486347,v1:192.168.123.106:6801/631486347] conn(0x7ff91c03d8d0 0x7ff91c03fd90 unknown :-1 s=NONE pgs=0 cs=0 l=1 rev1=0 crypto rx=0 tx=0 comp rx=0 tx=0).connect
2026-03-10T10:22:45.457 INFO:teuthology.orchestra.run.vm06.stdout:/usr/bin/ceph: stderr
2026-03-10T10:22:45.277+0000 7ff93cff9640 1 -- 192.168.123.106:0/3431672378 <== mon.0 v2:192.168.123.106:3300/0 5 ==== osd_map(1..1 src has 1..1) ==== 725+0+0 (secure 0 0 0) 0x7ff930041070 con 0x7ff9400737a0
2026-03-10T10:22:45.457 INFO:teuthology.orchestra.run.vm06.stdout:/usr/bin/ceph: stderr
