2026-03-10T10:22:59.287 INFO:teuthology.orchestra.run.vm06.stdout:/usr/bin/ceph: stderr
2026-03-10T10:22:55.601+0000 7f02d77fe640 1 --2- >> [v2:192.168.123.106:3300/0,v1:192.168.123.106:6789/0] conn(0x7f02d80737a0 0x7f02d8073ba0 unknown :-1 s=BANNER_CONNECTING pgs=0 cs=0 l=0 rev1=0 crypto rx=0 tx=0 comp rx=0 tx=0)._handle_peer_banner_payload supported=3 required=0
2026-03-10T10:22:59.287 INFO:teuthology.orchestra.run.vm06.stdout:/usr/bin/ceph: stderr
2026-03-10T10:22:55.601+0000 7f02d77fe640 1 --2- >> [v2:192.168.123.106:3300/0,v1:192.168.123.106:6789/0] conn(0x7f02d80737a0 0x7f02d8073ba0 unknown :-1 s=HELLO_CONNECTING pgs=0 cs=0 l=0 rev1=1 crypto rx=0 tx=0 comp rx=0 tx=0).handle_hello peer v2:192.168.123.106:3300/0 says I am v2:192.168.123.106:40538/0 (socket says 192.168.123.106:40538)
2026-03-10T10:22:59.287 INFO:teuthology.orchestra.run.vm06.stdout:/usr/bin/ceph: stderr
2026-03-10T10:22:55.601+0000 7f02d77fe640 1 -- 192.168.123.106:0/1599674003 learned_addr learned my addr 192.168.123.106:0/1599674003 (peer_addr_for_me v2:192.168.123.106:0/0)
2026-03-10T10:22:59.287 INFO:teuthology.orchestra.run.vm06.stdout:/usr/bin/ceph: stderr
2026-03-10T10:22:55.601+0000 7f02d77fe640 1 -- 192.168.123.106:0/1599674003 --> [v2:192.168.123.106:3300/0,v1:192.168.123.106:6789/0] -- mon_subscribe({config=0+,monmap=0+}) -- 0x7f02d80742f0 con 0x7f02d80737a0
2026-03-10T10:22:59.287 INFO:teuthology.orchestra.run.vm06.stdout:/usr/bin/ceph: stderr
2026-03-10T10:22:55.601+0000 7f02d77fe640 1 --2- 192.168.123.106:0/1599674003 >> [v2:192.168.123.106:3300/0,v1:192.168.123.106:6789/0] conn(0x7f02d80737a0 0x7f02d8073ba0 secure :-1 s=READY pgs=59 cs=0 l=1 rev1=1 crypto rx=0x7f02c00089a0 tx=0x7f02c0031440 comp rx=0 tx=0).ready entity=mon.0 client_cookie=3c7261a5010869ff server_cookie=0 in_seq=0 out_seq=0
2026-03-10T10:22:59.287 INFO:teuthology.orchestra.run.vm06.stdout:/usr/bin/ceph: stderr
2026-03-10T10:22:55.605+0000 7f02d6ffd640 1 -- 192.168.123.106:0/1599674003 <== mon.0 v2:192.168.123.106:3300/0 1 ==== mon_map magic: 0 ==== 205+0+0 (secure 0 0 0) 0x7f02c003c480 con 0x7f02d80737a0
2026-03-10T10:22:59.287 INFO:teuthology.orchestra.run.vm06.stdout:/usr/bin/ceph: stderr
2026-03-10T10:22:55.605+0000 7f02d6ffd640 1 -- 192.168.123.106:0/1599674003 <== mon.0 v2:192.168.123.106:3300/0 2 ==== config(25 keys) ==== 1038+0+0 (secure 0 0 0) 0x7f02c003ca90 con 0x7f02d80737a0
2026-03-10T10:22:59.287 INFO:teuthology.orchestra.run.vm06.stdout:/usr/bin/ceph: stderr
2026-03-10T10:22:55.605+0000 7f02ddd10640 1 -- 192.168.123.106:0/1599674003 >> [v2:192.168.123.106:3300/0,v1:192.168.123.106:6789/0] conn(0x7f02d80737a0 msgr2=0x7f02d8073ba0 secure :-1 s=STATE_CONNECTION_ESTABLISHED l=1).mark_down
2026-03-10T10:22:59.287 INFO:teuthology.orchestra.run.vm06.stdout:/usr/bin/ceph: stderr
2026-03-10T10:22:55.605+0000 7f02ddd10640 1 --2- 192.168.123.106:0/1599674003 >> [v2:192.168.123.106:3300/0,v1:192.168.123.106:6789/0] conn(0x7f02d80737a0 0x7f02d8073ba0 secure :-1 s=READY pgs=59 cs=0 l=1 rev1=1 crypto rx=0x7f02c00089a0 tx=0x7f02c0031440 comp rx=0 tx=0).stop
2026-03-10T10:22:59.287 INFO:teuthology.orchestra.run.vm06.stdout:/usr/bin/ceph: stderr
2026-03-10T10:22:55.605+0000 7f02ddd10640 1 -- 192.168.123.106:0/1599674003 shutdown_connections
2026-03-10T10:22:59.287 INFO:teuthology.orchestra.run.vm06.stdout:/usr/bin/ceph: stderr
2026-03-10T10:22:55.605+0000 7f02ddd10640 1 --2- 192.168.123.106:0/1599674003 >> [v2:192.168.123.106:3300/0,v1:192.168.123.106:6789/0] conn(0x7f02d80737a0 0x7f02d8073ba0 unknown :-1 s=CLOSED pgs=59 cs=0 l=1 rev1=1 crypto rx=0 tx=0 comp rx=0 tx=0).stop
2026-03-10T10:22:59.287 INFO:teuthology.orchestra.run.vm06.stdout:/usr/bin/ceph: stderr
2026-03-10T10:22:55.605+0000 7f02ddd10640 1 -- 192.168.123.106:0/1599674003 >> 192.168.123.106:0/1599674003 conn(0x7f02d806ede0 msgr2=0x7f02d8071260 unknown :-1 s=STATE_NONE l=0).mark_down
2026-03-10T10:22:59.287 INFO:teuthology.orchestra.run.vm06.stdout:/usr/bin/ceph: stderr
2026-03-10T10:22:55.605+0000 7f02ddd10640 1 -- 192.168.123.106:0/1599674003 shutdown_connections
2026-03-10T10:22:59.287 INFO:teuthology.orchestra.run.vm06.stdout:/usr/bin/ceph: stderr
2026-03-10T10:22:55.605+0000 7f02ddd10640 1 -- 192.168.123.106:0/1599674003 wait complete.
2026-03-10T10:22:59.287 INFO:teuthology.orchestra.run.vm06.stdout:/usr/bin/ceph: stderr
2026-03-10T10:22:55.605+0000 7f02ddd10640 1 Processor -- start
2026-03-10T10:22:59.287 INFO:teuthology.orchestra.run.vm06.stdout:/usr/bin/ceph: stderr
2026-03-10T10:22:55.605+0000 7f02ddd10640 1 -- start start
2026-03-10T10:22:59.287 INFO:teuthology.orchestra.run.vm06.stdout:/usr/bin/ceph: stderr
2026-03-10T10:22:55.605+0000 7f02ddd10640 1 --2- >> [v2:192.168.123.106:3300/0,v1:192.168.123.106:6789/0] conn(0x7f02d80737a0 0x7f02d81a3b70 unknown :-1 s=NONE pgs=0 cs=0 l=1 rev1=0 crypto rx=0 tx=0 comp rx=0 tx=0).connect
2026-03-10T10:22:59.287 INFO:teuthology.orchestra.run.vm06.stdout:/usr/bin/ceph: stderr
2026-03-10T10:22:55.605+0000 7f02ddd10640 1 -- --> [v2:192.168.123.106:3300/0,v1:192.168.123.106:6789/0] -- mon_getmap magic: 0 -- 0x7f02d8112060 con 0x7f02d80737a0
2026-03-10T10:22:59.287 INFO:teuthology.orchestra.run.vm06.stdout:/usr/bin/ceph: stderr
2026-03-10T10:22:55.605+0000 7f02d77fe640 1 --2- >> [v2:192.168.123.106:3300/0,v1:192.168.123.106:6789/0] conn(0x7f02d80737a0 0x7f02d81a3b70 unknown :-1 s=BANNER_CONNECTING pgs=0 cs=0 l=1 rev1=0 crypto rx=0 tx=0 comp rx=0 tx=0)._handle_peer_banner_payload supported=3 required=0
2026-03-10T10:22:59.287 INFO:teuthology.orchestra.run.vm06.stdout:/usr/bin/ceph: stderr
2026-03-10T10:22:55.605+0000 7f02d77fe640 1 --2- >> [v2:192.168.123.106:3300/0,v1:192.168.123.106:6789/0] conn(0x7f02d80737a0 0x7f02d81a3b70 unknown :-1 s=HELLO_CONNECTING pgs=0 cs=0 l=1 rev1=1 crypto rx=0 tx=0 comp rx=0 tx=0).handle_hello peer v2:192.168.123.106:3300/0 says I am v2:192.168.123.106:40546/0 (socket says 192.168.123.106:40546)
2026-03-10T10:22:59.287 INFO:teuthology.orchestra.run.vm06.stdout:/usr/bin/ceph: stderr
2026-03-10T10:22:55.605+0000 7f02d77fe640 1 -- 192.168.123.106:0/380142374 learned_addr learned my addr 192.168.123.106:0/380142374 (peer_addr_for_me v2:192.168.123.106:0/0)
2026-03-10T10:22:59.287 INFO:teuthology.orchestra.run.vm06.stdout:/usr/bin/ceph: stderr
2026-03-10T10:22:55.605+0000 7f02d77fe640 1 -- 192.168.123.106:0/380142374 --> [v2:192.168.123.106:3300/0,v1:192.168.123.106:6789/0] -- mon_subscribe({config=0+,monmap=0+}) -- 0x7f02d81a40b0 con 0x7f02d80737a0
2026-03-10T10:22:59.287 INFO:teuthology.orchestra.run.vm06.stdout:/usr/bin/ceph: stderr
2026-03-10T10:22:55.605+0000 7f02d77fe640 1 --2- 192.168.123.106:0/380142374 >> [v2:192.168.123.106:3300/0,v1:192.168.123.106:6789/0] conn(0x7f02d80737a0 0x7f02d81a3b70 secure :-1 s=READY pgs=60 cs=0 l=1 rev1=1 crypto rx=0x7f02c0006b90 tx=0x7f02c0009dc0 comp rx=0 tx=0).ready entity=mon.0 client_cookie=0 server_cookie=0 in_seq=0 out_seq=0
2026-03-10T10:22:59.287 INFO:teuthology.orchestra.run.vm06.stdout:/usr/bin/ceph: stderr
2026-03-10T10:22:55.605+0000 7f02d57fa640 1 -- 192.168.123.106:0/380142374 <== mon.0 v2:192.168.123.106:3300/0 1 ==== mon_map magic: 0 ==== 205+0+0 (secure 0 0 0) 0x7f02c003c690 con 0x7f02d80737a0
2026-03-10T10:22:59.287 INFO:teuthology.orchestra.run.vm06.stdout:/usr/bin/ceph: stderr
2026-03-10T10:22:55.605+0000 7f02ddd10640 1 -- 192.168.123.106:0/380142374 --> [v2:192.168.123.106:3300/0,v1:192.168.123.106:6789/0] -- mon_subscribe({mgrmap=0+}) -- 0x7f02d81a4340 con 0x7f02d80737a0
2026-03-10T10:22:59.287 INFO:teuthology.orchestra.run.vm06.stdout:/usr/bin/ceph: stderr
2026-03-10T10:22:55.605+0000 7f02ddd10640 1 -- 192.168.123.106:0/380142374 --> [v2:192.168.123.106:3300/0,v1:192.168.123.106:6789/0] -- mon_subscribe({osdmap=0}) -- 0x7f02d81a47a0 con 0x7f02d80737a0
2026-03-10T10:22:59.287 INFO:teuthology.orchestra.run.vm06.stdout:/usr/bin/ceph: stderr
2026-03-10T10:22:55.605+0000 7f02d57fa640 1 -- 192.168.123.106:0/380142374 <== mon.0 v2:192.168.123.106:3300/0 2 ==== config(25 keys) ==== 1038+0+0 (secure 0 0 0) 0x7f02c003c830 con 0x7f02d80737a0
2026-03-10T10:22:59.287 INFO:teuthology.orchestra.run.vm06.stdout:/usr/bin/ceph: stderr
2026-03-10T10:22:55.605+0000 7f02d57fa640 1 -- 192.168.123.106:0/380142374 <== mon.0 v2:192.168.123.106:3300/0 3 ==== mon_map magic: 0 ==== 205+0+0 (secure 0 0 0) 0x7f02c0045520 con 0x7f02d80737a0
2026-03-10T10:22:59.287 INFO:teuthology.orchestra.run.vm06.stdout:/usr/bin/ceph: stderr
2026-03-10T10:22:55.609+0000 7f02d57fa640 1 -- 192.168.123.106:0/380142374 <== mon.0 v2:192.168.123.106:3300/0 4 ==== mgrmap(e 9) ==== 50260+0+0 (secure 0 0 0) 0x7f02c000bce0 con 0x7f02d80737a0
2026-03-10T10:22:59.287 INFO:teuthology.orchestra.run.vm06.stdout:/usr/bin/ceph: stderr
2026-03-10T10:22:55.609+0000 7f02d57fa640 1 --2- 192.168.123.106:0/380142374 >> [v2:192.168.123.106:6800/4004663633,v1:192.168.123.106:6801/4004663633] conn(0x7f02b803dd60 0x7f02b8040220 unknown :-1 s=NONE pgs=0 cs=0 l=1 rev1=0 crypto rx=0 tx=0 comp rx=0 tx=0).connect
2026-03-10T10:22:59.287 INFO:teuthology.orchestra.run.vm06.stdout:/usr/bin/ceph: stderr
2026-03-10T10:22:55.609+0000 7f02ceffd640 1 -- 192.168.123.106:0/380142374 >> [v2:192.168.123.106:6800/4004663633,v1:192.168.123.106:6801/4004663633] conn(0x7f02b803dd60 msgr2=0x7f02b8040220 unknown :-1 s=STATE_CONNECTING_RE l=1).process reconnect failed to v2:192.168.123.106:6800/4004663633
2026-03-10T10:22:59.287 INFO:teuthology.orchestra.run.vm06.stdout:/usr/bin/ceph: stderr
2026-03-10T10:22:55.609+0000 7f02ceffd640 1 --2- 192.168.123.106:0/380142374 >> [v2:192.168.123.106:6800/4004663633,v1:192.168.123.106:6801/4004663633] conn(0x7f02b803dd60 0x7f02b8040220 unknown :-1 s=START_CONNECT pgs=0 cs=0 l=1 rev1=0 crypto rx=0 tx=0 comp rx=0 tx=0)._fault waiting 0.200000
2026-03-10T10:22:59.287 INFO:teuthology.orchestra.run.vm06.stdout:/usr/bin/ceph: stderr
2026-03-10T10:22:55.609+0000 7f02d57fa640 1 -- 192.168.123.106:0/380142374 <== mon.0 v2:192.168.123.106:3300/0 5 ==== osd_map(2..2 src has 1..2) ==== 940+0+0 (secure 0 0 0) 0x7f02c0077710 con 0x7f02d80737a0
2026-03-10T10:22:59.287 INFO:teuthology.orchestra.run.vm06.stdout:/usr/bin/ceph: stderr
2026-03-10T10:22:55.609+0000 7f02ddd10640 1 -- 192.168.123.106:0/380142374 --> [v2:192.168.123.106:6800/4004663633,v1:192.168.123.106:6801/4004663633] -- command(tid 0: {"prefix": "get_command_descriptions"}) -- 0x7f0298000d10 con 0x7f02b803dd60
2026-03-10T10:22:59.287 INFO:teuthology.orchestra.run.vm06.stdout:/usr/bin/ceph: stderr
2026-03-10T10:22:55.809+0000 7f02ceffd640 1 -- 192.168.123.106:0/380142374 >> [v2:192.168.123.106:6800/4004663633,v1:192.168.123.106:6801/4004663633] conn(0x7f02b803dd60 msgr2=0x7f02b8040220 unknown :-1 s=STATE_CONNECTING_RE l=1).process reconnect failed to v2:192.168.123.106:6800/4004663633
2026-03-10T10:22:59.287 INFO:teuthology.orchestra.run.vm06.stdout:/usr/bin/ceph: stderr
2026-03-10T10:22:55.809+0000 7f02ceffd640 1 --2- 192.168.123.106:0/380142374 >> [v2:192.168.123.106:6800/4004663633,v1:192.168.123.106:6801/4004663633] conn(0x7f02b803dd60 0x7f02b8040220 unknown :-1 s=START_CONNECT pgs=0 cs=0 l=1 rev1=0 crypto rx=0 tx=0 comp rx=0 tx=0)._fault waiting 0.400000
2026-03-10T10:22:59.287 INFO:teuthology.orchestra.run.vm06.stdout:/usr/bin/ceph: stderr
2026-03-10T10:22:56.209+0000 7f02ceffd640 1 -- 192.168.123.106:0/380142374 >> [v2:192.168.123.106:6800/4004663633,v1:192.168.123.106:6801/4004663633] conn(0x7f02b803dd60 msgr2=0x7f02b8040220 unknown :-1 s=STATE_CONNECTING_RE l=1).process reconnect failed to v2:192.168.123.106:6800/4004663633
2026-03-10T10:22:59.287 INFO:teuthology.orchestra.run.vm06.stdout:/usr/bin/ceph: stderr
2026-03-10T10:22:56.209+0000 7f02ceffd640 1 --2- 192.168.123.106:0/380142374 >> [v2:192.168.123.106:6800/4004663633,v1:192.168.123.106:6801/4004663633] conn(0x7f02b803dd60 0x7f02b8040220 unknown :-1 s=START_CONNECT pgs=0 cs=0 l=1 rev1=0 crypto rx=0 tx=0 comp rx=0 tx=0)._fault waiting 0.800000
2026-03-10T10:22:59.287 INFO:teuthology.orchestra.run.vm06.stdout:/usr/bin/ceph: stderr
2026-03-10T10:22:57.009+0000 7f02ceffd640 1 -- 192.168.123.106:0/380142374 >> [v2:192.168.123.106:6800/4004663633,v1:192.168.123.106:6801/4004663633] conn(0x7f02b803dd60 msgr2=0x7f02b8040220 unknown :-1 s=STATE_CONNECTING_RE l=1).process reconnect failed to v2:192.168.123.106:6800/4004663633
2026-03-10T10:22:59.287 INFO:teuthology.orchestra.run.vm06.stdout:/usr/bin/ceph: stderr
2026-03-10T10:22:57.009+0000 7f02ceffd640 1 --2- 192.168.123.106:0/380142374 >> [v2:192.168.123.106:6800/4004663633,v1:192.168.123.106:6801/4004663633] conn(0x7f02b803dd60 0x7f02b8040220 unknown :-1 s=START_CONNECT pgs=0 cs=0 l=1 rev1=0 crypto rx=0 tx=0 comp rx=0 tx=0)._fault waiting 1.600000
2026-03-10T10:22:59.287 INFO:teuthology.orchestra.run.vm06.stdout:/usr/bin/ceph: stderr
2026-03-10T10:22:58.229+0000 7f02d57fa640 1 -- 192.168.123.106:0/380142374 <== mon.0 v2:192.168.123.106:3300/0 6 ==== mgrmap(e 10) ==== 50027+0+0 (secure 0 0 0) 0x7f02c0076510 con 0x7f02d80737a0
2026-03-10T10:22:59.287 INFO:teuthology.orchestra.run.vm06.stdout:/usr/bin/ceph: stderr
2026-03-10T10:22:58.229+0000 7f02d57fa640 1 -- 192.168.123.106:0/380142374 >> [v2:192.168.123.106:6800/4004663633,v1:192.168.123.106:6801/4004663633] conn(0x7f02b803dd60 msgr2=0x7f02b8040220 unknown :-1 s=STATE_CONNECTING l=1).mark_down
2026-03-10T10:22:59.287 INFO:teuthology.orchestra.run.vm06.stdout:/usr/bin/ceph: stderr
2026-03-10T10:22:58.229+0000 7f02d57fa640 1 --2- 192.168.123.106:0/380142374 >> [v2:192.168.123.106:6800/4004663633,v1:192.168.123.106:6801/4004663633] conn(0x7f02b803dd60 0x7f02b8040220 unknown :-1 s=START_CONNECT pgs=0 cs=0 l=1 rev1=0 crypto rx=0 tx=0 comp rx=0 tx=0).stop
2026-03-10T10:22:59.287 INFO:teuthology.orchestra.run.vm06.stdout:/usr/bin/ceph: stderr
2026-03-10T10:22:59.233+0000 7f02d57fa640 1 -- 192.168.123.106:0/380142374 <== mon.0 v2:192.168.123.106:3300/0 7 ==== mgrmap(e 11) ==== 50154+0+0 (secure 0 0 0) 0x7f02c0076f90 con 0x7f02d80737a0
2026-03-10T10:22:59.287 INFO:teuthology.orchestra.run.vm06.stdout:/usr/bin/ceph: stderr
2026-03-10T10:22:59.233+0000 7f02d57fa640 1 --2- 192.168.123.106:0/380142374 >> [v2:192.168.123.106:6800/2654396661,v1:192.168.123.106:6801/2654396661] conn(0x7f02b8041650 0x7f02b8043a40 unknown :-1 s=NONE pgs=0 cs=0 l=1 rev1=0 crypto rx=0 tx=0 comp rx=0 tx=0).connect
2026-03-10T10:22:59.287 INFO:teuthology.orchestra.run.vm06.stdout:/usr/bin/ceph: stderr
2026-03-10T10:22:59.233+0000 7f02d57fa640 1 -- 192.168.123.106:0/380142374 --> [v2:192.168.123.106:6800/2654396661,v1:192.168.123.106:6801/2654396661] -- command(tid 0: {"prefix": "get_command_descriptions"}) -- 0x7f02c0008dc0 con 0x7f02b8041650
2026-03-10T10:22:59.287 INFO:teuthology.orchestra.run.vm06.stdout:/usr/bin/ceph: stderr
2026-03-10T10:22:59.237+0000 7f02ceffd640 1 --2- 192.168.123.106:0/380142374 >> [v2:192.168.123.106:6800/2654396661,v1:192.168.123.106:6801/2654396661] conn(0x7f02b8041650 0x7f02b8043a40 unknown :-1 s=BANNER_CONNECTING pgs=0 cs=0 l=1 rev1=0 crypto rx=0 tx=0 comp rx=0 tx=0)._handle_peer_banner_payload supported=3 required=0
2026-03-10T10:22:59.287 INFO:teuthology.orchestra.run.vm06.stdout:/usr/bin/ceph: stderr
2026-03-10T10:22:59.237+0000 7f02ceffd640 1 --2- 192.168.123.106:0/380142374 >> [v2:192.168.123.106:6800/2654396661,v1:192.168.123.106:6801/2654396661] conn(0x7f02b8041650 0x7f02b8043a40 secure :-1 s=READY pgs=1 cs=0 l=1 rev1=1 crypto rx=0x7f02c4003a80 tx=0x7f02c40092b0 comp rx=0 tx=0).ready entity=mgr.14150 client_cookie=0 server_cookie=0 in_seq=0 out_seq=0
2026-03-10T10:22:59.287 INFO:teuthology.orchestra.run.vm06.stdout:/usr/bin/ceph: stderr
2026-03-10T10:22:59.237+0000 7f02d57fa640 1 -- 192.168.123.106:0/380142374 <== mgr.14150 v2:192.168.123.106:6800/2654396661 1 ==== command_reply(tid 0: 0 ) ==== 8+0+8901 (secure 0 0 0) 0x7f02c0008dc0 con 0x7f02b8041650
2026-03-10T10:22:59.287 INFO:teuthology.orchestra.run.vm06.stdout:/usr/bin/ceph: stderr
2026-03-10T10:22:59.241+0000 7f02ce7fc640 1 -- 192.168.123.106:0/380142374 --> [v2:192.168.123.106:6800/2654396661,v1:192.168.123.106:6801/2654396661] -- command(tid 1: {"prefix": "mgr_status"}) -- 0x7f029c000d10 con 0x7f02b8041650
2026-03-10T10:22:59.287 INFO:teuthology.orchestra.run.vm06.stdout:/usr/bin/ceph: stderr
2026-03-10T10:22:59.241+0000 7f02d57fa640 1 -- 192.168.123.106:0/380142374 <== mgr.14150 v2:192.168.123.106:6800/2654396661 2 ==== command_reply(tid 1: 0 ) ==== 8+0+52 (secure 0 0 0) 0x7f029c000d10 con 0x7f02b8041650
2026-03-10T10:22:59.287 INFO:teuthology.orchestra.run.vm06.stdout:/usr/bin/ceph: stderr
2026-03-10T10:22:59.241+0000 7f02ce7fc640 1 -- 192.168.123.106:0/380142374 >> [v2:192.168.123.106:6800/2654396661,v1:192.168.123.106:6801/2654396661] conn(0x7f02b8041650 msgr2=0x7f02b8043a40 secure :-1 s=STATE_CONNECTION_ESTABLISHED l=1).mark_down
2026-03-10T10:22:59.287 INFO:teuthology.orchestra.run.vm06.stdout:/usr/bin/ceph: stderr
2026-03-10T10:22:59.241+0000 7f02ce7fc640 1 --2- 192.168.123.106:0/380142374 >> [v2:192.168.123.106:6800/2654396661,v1:192.168.123.106:6801/2654396661] conn(0x7f02b8041650 0x7f02b8043a40 secure :-1 s=READY pgs=1 cs=0 l=1 rev1=1 crypto rx=0x7f02c4003a80 tx=0x7f02c40092b0 comp rx=0 tx=0).stop
2026-03-10T10:22:59.287 INFO:teuthology.orchestra.run.vm06.stdout:/usr/bin/ceph: stderr
2026-03-10T10:22:59.241+0000 7f02ce7fc640 1 -- 192.168.123.106:0/380142374 >> [v2:192.168.123.106:3300/0,v1:192.168.123.106:6789/0] conn(0x7f02d80737a0 msgr2=0x7f02d81a3b70 secure :-1 s=STATE_CONNECTION_ESTABLISHED l=1).mark_down
2026-03-10T10:22:59.287 INFO:teuthology.orchestra.run.vm06.stdout:/usr/bin/ceph: stderr
2026-03-10T10:22:59.241+0000 7f02ce7fc640 1 --2- 192.168.123.106:0/380142374 >> [v2:192.168.123.106:3300/0,v1:192.168.123.106:6789/0] conn(0x7f02d80737a0 0x7f02d81a3b70 secure :-1 s=READY pgs=60 cs=0 l=1 rev1=1 crypto rx=0x7f02c0006b90 tx=0x7f02c0009dc0 comp rx=0 tx=0).stop
2026-03-10T10:22:59.287 INFO:teuthology.orchestra.run.vm06.stdout:/usr/bin/ceph: stderr
2026-03-10T10:22:59.245+0000 7f02ce7fc640 1 -- 192.168.123.106:0/380142374 shutdown_connections
2026-03-10T10:22:59.287 INFO:teuthology.orchestra.run.vm06.stdout:/usr/bin/ceph: stderr
2026-03-10T10:22:59.245+0000 7f02ce7fc640 1 --2- 192.168.123.106:0/380142374 >> [v2:192.168.123.106:6800/4004663633,v1:192.168.123.106:6801/4004663633] conn(0x7f02b803dd60 0x7f02b8040220 unknown :-1 s=CLOSED pgs=0 cs=0 l=1 rev1=0 crypto rx=0 tx=0 comp rx=0 tx=0).stop
2026-03-10T10:22:59.287 INFO:teuthology.orchestra.run.vm06.stdout:/usr/bin/ceph: stderr
2026-03-10T10:22:59.245+0000 7f02ce7fc640 1 --2- 192.168.123.106:0/380142374 >> [v2:192.168.123.106:6800/2654396661,v1:192.168.123.106:6801/2654396661] conn(0x7f02b8041650 0x7f02b8043a40 unknown :-1 s=CLOSED pgs=1 cs=0 l=1 rev1=1 crypto rx=0 tx=0 comp rx=0 tx=0).stop
2026-03-10T10:22:59.287 INFO:teuthology.orchestra.run.vm06.stdout:/usr/bin/ceph: stderr
2026-03-10T10:22:59.245+0000 7f02ce7fc640 1 --2- 192.168.123.106:0/380142374 >> [v2:192.168.123.106:3300/0,v1:192.168.123.106:6789/0] conn(0x7f02d80737a0 0x7f02d81a3b70 unknown :-1 s=CLOSED pgs=60 cs=0 l=1 rev1=1 crypto rx=0 tx=0 comp rx=0 tx=0).stop
2026-03-10T10:22:59.288 INFO:teuthology.orchestra.run.vm06.stdout:/usr/bin/ceph: stderr
2026-03-10T10:22:59.245+0000 7f02ce7fc640 1 -- 192.168.123.106:0/380142374 >> 192.168.123.106:0/380142374 conn(0x7f02d806ede0 msgr2=0x7f02d806f920 unknown :-1 s=STATE_NONE l=0).mark_down
2026-03-10T10:22:59.288 INFO:teuthology.orchestra.run.vm06.stdout:/usr/bin/ceph: stderr
2026-03-10T10:22:59.245+0000 7f02ce7fc640 1 -- 192.168.123.106:0/380142374 shutdown_connections
2026-03-10T10:22:59.288 INFO:teuthology.orchestra.run.vm06.stdout:/usr/bin/ceph: stderr
2026-03-10T10:22:59.245+0000 7f02ce7fc640 1 -- 192.168.123.106:0/380142374 wait complete.
2026-03-10T10:22:59.288 INFO:teuthology.orchestra.run.vm06.stdout:mgr epoch 9 is available
2026-03-10T10:22:59.288 INFO:teuthology.orchestra.run.vm06.stdout:Generating a dashboard self-signed certificate...
2026-03-10T10:22:59.634 INFO:teuthology.orchestra.run.vm06.stdout:/usr/bin/ceph: stdout Self-signed certificate created
2026-03-10T10:22:59.634 INFO:teuthology.orchestra.run.vm06.stdout:/usr/bin/ceph: stderr
2026-03-10T10:22:59.413+0000 7f46f65b2640 1 Processor -- start
2026-03-10T10:22:59.634 INFO:teuthology.orchestra.run.vm06.stdout:/usr/bin/ceph: stderr
2026-03-10T10:22:59.413+0000 7f46f65b2640 1 -- start start
2026-03-10T10:22:59.634 INFO:teuthology.orchestra.run.vm06.stdout:/usr/bin/ceph: stderr
2026-03-10T10:22:59.413+0000 7f46f65b2640 1 --2- >> [v2:192.168.123.106:3300/0,v1:192.168.123.106:6789/0] conn(0x7f46f0073480 0x7f46f00738a0 unknown :-1 s=NONE pgs=0 cs=0 l=0 rev1=0 crypto rx=0 tx=0 comp rx=0 tx=0).connect
2026-03-10T10:22:59.634 INFO:teuthology.orchestra.run.vm06.stdout:/usr/bin/ceph: stderr
2026-03-10T10:22:59.413+0000 7f46f65b2640 1 -- --> [v2:192.168.123.106:3300/0,v1:192.168.123.106:6789/0] -- mon_getmap magic: 0 -- 0x7f46f00750b0 con 0x7f46f0073480
2026-03-10T10:22:59.634 INFO:teuthology.orchestra.run.vm06.stdout:/usr/bin/ceph: stderr
2026-03-10T10:22:59.413+0000 7f46effff640 1 --2- >> [v2:192.168.123.106:3300/0,v1:192.168.123.106:6789/0] conn(0x7f46f0073480 0x7f46f00738a0 unknown :-1 s=BANNER_CONNECTING pgs=0 cs=0 l=0 rev1=0 crypto rx=0 tx=0 comp rx=0 tx=0)._handle_peer_banner_payload supported=3 required=0
2026-03-10T10:22:59.634 INFO:teuthology.orchestra.run.vm06.stdout:/usr/bin/ceph: stderr
2026-03-10T10:22:59.413+0000 7f46effff640 1 --2- >> [v2:192.168.123.106:3300/0,v1:192.168.123.106:6789/0] conn(0x7f46f0073480 0x7f46f00738a0 unknown :-1 s=HELLO_CONNECTING pgs=0 cs=0 l=0 rev1=1 crypto rx=0 tx=0 comp rx=0 tx=0).handle_hello peer v2:192.168.123.106:3300/0 says I am v2:192.168.123.106:54986/0 (socket says 192.168.123.106:54986)
2026-03-10T10:22:59.634 INFO:teuthology.orchestra.run.vm06.stdout:/usr/bin/ceph: stderr
2026-03-10T10:22:59.413+0000 7f46effff640 1 -- 192.168.123.106:0/2143194370 learned_addr learned my addr 192.168.123.106:0/2143194370 (peer_addr_for_me v2:192.168.123.106:0/0)
2026-03-10T10:22:59.634 INFO:teuthology.orchestra.run.vm06.stdout:/usr/bin/ceph: stderr
2026-03-10T10:22:59.413+0000 7f46effff640 1 -- 192.168.123.106:0/2143194370 --> [v2:192.168.123.106:3300/0,v1:192.168.123.106:6789/0] -- mon_subscribe({config=0+,monmap=0+}) -- 0x7f46f0073de0 con 0x7f46f0073480
2026-03-10T10:22:59.634 INFO:teuthology.orchestra.run.vm06.stdout:/usr/bin/ceph: stderr
2026-03-10T10:22:59.413+0000 7f46effff640 1 --2- 192.168.123.106:0/2143194370 >> [v2:192.168.123.106:3300/0,v1:192.168.123.106:6789/0] conn(0x7f46f0073480 0x7f46f00738a0 secure :-1 s=READY pgs=68 cs=0 l=1 rev1=1 crypto rx=0x7f46e0009b80 tx=0x7f46e002f190 comp rx=0 tx=0).ready entity=mon.0 client_cookie=45f4616ec68103cb server_cookie=0 in_seq=0 out_seq=0
2026-03-10T10:22:59.634 INFO:teuthology.orchestra.run.vm06.stdout:/usr/bin/ceph: stderr
2026-03-10T10:22:59.413+0000 7f46eeffd640 1 -- 192.168.123.106:0/2143194370 <== mon.0 v2:192.168.123.106:3300/0 1 ==== mon_map magic: 0 ==== 205+0+0 (secure 0 0 0) 0x7f46e003c070 con 0x7f46f0073480
2026-03-10T10:22:59.634 INFO:teuthology.orchestra.run.vm06.stdout:/usr/bin/ceph: stderr
2026-03-10T10:22:59.413+0000 7f46eeffd640 1 -- 192.168.123.106:0/2143194370 <== mon.0 v2:192.168.123.106:3300/0 2 ==== config(25 keys) ==== 1038+0+0 (secure 0 0 0) 0x7f46e0037440 con 0x7f46f0073480
2026-03-10T10:22:59.634 INFO:teuthology.orchestra.run.vm06.stdout:/usr/bin/ceph: stderr
2026-03-10T10:22:59.413+0000 7f46eeffd640 1 -- 192.168.123.106:0/2143194370 <== mon.0 v2:192.168.123.106:3300/0 3 ==== mon_map magic: 0 ==== 205+0+0 (secure 0 0 0) 0x7f46e00354d0 con 0x7f46f0073480
2026-03-10T10:22:59.634 INFO:teuthology.orchestra.run.vm06.stdout:/usr/bin/ceph: stderr
2026-03-10T10:22:59.413+0000 7f46f65b2640 1 -- 192.168.123.106:0/2143194370 >> [v2:192.168.123.106:3300/0,v1:192.168.123.106:6789/0] conn(0x7f46f0073480 msgr2=0x7f46f00738a0 secure :-1 s=STATE_CONNECTION_ESTABLISHED l=1).mark_down
2026-03-10T10:22:59.634 INFO:teuthology.orchestra.run.vm06.stdout:/usr/bin/ceph: stderr
2026-03-10T10:22:59.413+0000 7f46f65b2640 1 --2- 192.168.123.106:0/2143194370 >> [v2:192.168.123.106:3300/0,v1:192.168.123.106:6789/0] conn(0x7f46f0073480 0x7f46f00738a0 secure :-1 s=READY pgs=68 cs=0 l=1 rev1=1 crypto rx=0x7f46e0009b80 tx=0x7f46e002f190 comp rx=0 tx=0).stop
2026-03-10T10:22:59.634 INFO:teuthology.orchestra.run.vm06.stdout:/usr/bin/ceph: stderr
2026-03-10T10:22:59.413+0000 7f46f65b2640 1 -- 192.168.123.106:0/2143194370 shutdown_connections
2026-03-10T10:22:59.634 INFO:teuthology.orchestra.run.vm06.stdout:/usr/bin/ceph: stderr
2026-03-10T10:22:59.413+0000 7f46f65b2640 1 --2- 192.168.123.106:0/2143194370 >> [v2:192.168.123.106:3300/0,v1:192.168.123.106:6789/0] conn(0x7f46f0073480 0x7f46f00738a0 unknown :-1 s=CLOSED pgs=68 cs=0 l=1 rev1=1 crypto rx=0 tx=0 comp rx=0 tx=0).stop
2026-03-10T10:22:59.634 INFO:teuthology.orchestra.run.vm06.stdout:/usr/bin/ceph: stderr
2026-03-10T10:22:59.413+0000 7f46f65b2640 1 -- 192.168.123.106:0/2143194370 >> 192.168.123.106:0/2143194370 conn(0x7f46f006f1a0 msgr2=0x7f46f00715e0 unknown :-1 s=STATE_NONE l=0).mark_down
2026-03-10T10:22:59.634 INFO:teuthology.orchestra.run.vm06.stdout:/usr/bin/ceph: stderr
2026-03-10T10:22:59.413+0000 7f46f65b2640 1 -- 192.168.123.106:0/2143194370 shutdown_connections
2026-03-10T10:22:59.635 INFO:teuthology.orchestra.run.vm06.stdout:/usr/bin/ceph: stderr
2026-03-10T10:22:59.413+0000 7f46f65b2640 1 -- 192.168.123.106:0/2143194370 wait complete.
2026-03-10T10:22:59.635 INFO:teuthology.orchestra.run.vm06.stdout:/usr/bin/ceph: stderr
2026-03-10T10:22:59.413+0000 7f46f65b2640 1 Processor -- start
2026-03-10T10:22:59.635 INFO:teuthology.orchestra.run.vm06.stdout:/usr/bin/ceph: stderr
2026-03-10T10:22:59.413+0000 7f46f65b2640 1 -- start start
2026-03-10T10:22:59.635 INFO:teuthology.orchestra.run.vm06.stdout:/usr/bin/ceph: stderr
2026-03-10T10:22:59.417+0000 7f46f65b2640 1 --2- >> [v2:192.168.123.106:3300/0,v1:192.168.123.106:6789/0] conn(0x7f46f0073480 0x7f46f0089ee0 unknown :-1 s=NONE pgs=0 cs=0 l=1 rev1=0 crypto rx=0 tx=0 comp rx=0 tx=0).connect
2026-03-10T10:22:59.635 INFO:teuthology.orchestra.run.vm06.stdout:/usr/bin/ceph: stderr
2026-03-10T10:22:59.417+0000 7f46f65b2640 1 -- --> [v2:192.168.123.106:3300/0,v1:192.168.123.106:6789/0] -- mon_getmap magic: 0 -- 0x7f46f0081580 con 0x7f46f0073480
2026-03-10T10:22:59.635 INFO:teuthology.orchestra.run.vm06.stdout:/usr/bin/ceph: stderr
2026-03-10T10:22:59.417+0000 7f46effff640 1 --2- >> [v2:192.168.123.106:3300/0,v1:192.168.123.106:6789/0] conn(0x7f46f0073480 0x7f46f0089ee0 unknown :-1 s=BANNER_CONNECTING pgs=0 cs=0 l=1 rev1=0 crypto rx=0 tx=0 comp rx=0 tx=0)._handle_peer_banner_payload supported=3 required=0
2026-03-10T10:22:59.635 INFO:teuthology.orchestra.run.vm06.stdout:/usr/bin/ceph: stderr
2026-03-10T10:22:59.417+0000 7f46effff640 1 --2- >> [v2:192.168.123.106:3300/0,v1:192.168.123.106:6789/0] conn(0x7f46f0073480 0x7f46f0089ee0 unknown :-1 s=HELLO_CONNECTING pgs=0 cs=0 l=1 rev1=1 crypto rx=0 tx=0 comp rx=0 tx=0).handle_hello peer v2:192.168.123.106:3300/0 says I am v2:192.168.123.106:54990/0 (socket says 192.168.123.106:54990)
2026-03-10T10:22:59.635 INFO:teuthology.orchestra.run.vm06.stdout:/usr/bin/ceph: stderr
2026-03-10T10:22:59.417+0000 7f46effff640 1 -- 192.168.123.106:0/3759612264 learned_addr learned my addr 192.168.123.106:0/3759612264 (peer_addr_for_me v2:192.168.123.106:0/0)
2026-03-10T10:22:59.635 INFO:teuthology.orchestra.run.vm06.stdout:/usr/bin/ceph: stderr
2026-03-10T10:22:59.417+0000 7f46effff640 1 -- 192.168.123.106:0/3759612264 --> [v2:192.168.123.106:3300/0,v1:192.168.123.106:6789/0] -- mon_subscribe({config=0+,monmap=0+}) -- 0x7f46f0086a20 con 0x7f46f0073480
2026-03-10T10:22:59.635 INFO:teuthology.orchestra.run.vm06.stdout:/usr/bin/ceph: stderr
2026-03-10T10:22:59.417+0000 7f46effff640 1 --2- 192.168.123.106:0/3759612264 >> [v2:192.168.123.106:3300/0,v1:192.168.123.106:6789/0] conn(0x7f46f0073480 0x7f46f0089ee0 secure :-1 s=READY pgs=69 cs=0 l=1 rev1=1 crypto rx=0x7f46e0037960 tx=0x7f46e0037990 comp rx=0 tx=0).ready entity=mon.0 client_cookie=0 server_cookie=0 in_seq=0 out_seq=0
2026-03-10T10:22:59.635 INFO:teuthology.orchestra.run.vm06.stdout:/usr/bin/ceph: stderr
2026-03-10T10:22:59.417+0000 7f46ed7fa640 1 -- 192.168.123.106:0/3759612264 <== mon.0 v2:192.168.123.106:3300/0 1 ==== mon_map magic: 0 ==== 205+0+0 (secure 0 0 0) 0x7f46e0047070 con 0x7f46f0073480
2026-03-10T10:22:59.635 INFO:teuthology.orchestra.run.vm06.stdout:/usr/bin/ceph: stderr
2026-03-10T10:22:59.417+0000 7f46ed7fa640 1 -- 192.168.123.106:0/3759612264 <== mon.0 v2:192.168.123.106:3300/0 2 ==== config(25 keys) ==== 1038+0+0 (secure 0 0 0) 0x7f46e0035d70 con 0x7f46f0073480
2026-03-10T10:22:59.635 INFO:teuthology.orchestra.run.vm06.stdout:/usr/bin/ceph: stderr
2026-03-10T10:22:59.417+0000 7f46ed7fa640 1 -- 192.168.123.106:0/3759612264 <== mon.0 v2:192.168.123.106:3300/0 3 ==== mon_map magic: 0 ==== 205+0+0 (secure 0 0 0) 0x7f46e003c070 con 0x7f46f0073480
2026-03-10T10:22:59.635 INFO:teuthology.orchestra.run.vm06.stdout:/usr/bin/ceph: stderr
2026-03-10T10:22:59.417+0000 7f46f65b2640 1 -- 192.168.123.106:0/3759612264 --> [v2:192.168.123.106:3300/0,v1:192.168.123.106:6789/0] -- mon_subscribe({mgrmap=0+}) -- 0x7f46f0086cb0 con 0x7f46f0073480
2026-03-10T10:22:59.635 INFO:teuthology.orchestra.run.vm06.stdout:/usr/bin/ceph: stderr
2026-03-10T10:22:59.417+0000 7f46f65b2640 1 -- 192.168.123.106:0/3759612264 --> [v2:192.168.123.106:3300/0,v1:192.168.123.106:6789/0] -- mon_subscribe({osdmap=0}) -- 0x7f46f0087190 con 0x7f46f0073480
2026-03-10T10:22:59.635 INFO:teuthology.orchestra.run.vm06.stdout:/usr/bin/ceph: stderr
2026-03-10T10:22:59.417+0000 7f46ed7fa640 1 -- 192.168.123.106:0/3759612264 <== mon.0 v2:192.168.123.106:3300/0 4 ==== mgrmap(e 11) ==== 50154+0+0 (secure 0 0 0) 0x7f46e0042440 con 0x7f46f0073480
2026-03-10T10:22:59.635 INFO:teuthology.orchestra.run.vm06.stdout:/usr/bin/ceph: stderr
2026-03-10T10:22:59.417+0000 7f46ed7fa640 1 --2- 192.168.123.106:0/3759612264 >> [v2:192.168.123.106:6800/2654396661,v1:192.168.123.106:6801/2654396661] conn(0x7f46c003d7b0 0x7f46c003fc70 unknown :-1 s=NONE pgs=0 cs=0 l=1 rev1=0 crypto rx=0 tx=0 comp rx=0 tx=0).connect
2026-03-10T10:22:59.635 INFO:teuthology.orchestra.run.vm06.stdout:/usr/bin/ceph: stderr
2026-03-10T10:22:59.417+0000 7f46ed7fa640 1 -- 192.168.123.106:0/3759612264 <== mon.0 v2:192.168.123.106:3300/0 5 ==== osd_map(3..3 src has 1..3) ==== 1155+0+0 (secure 0 0 0) 0x7f46e0076d10 con 0x7f46f0073480
2026-03-10T10:22:59.635 INFO:teuthology.orchestra.run.vm06.stdout:/usr/bin/ceph: stderr
2026-03-10T10:22:59.417+0000 7f46f65b2640 1 -- 192.168.123.106:0/3759612264 --> [v2:192.168.123.106:3300/0,v1:192.168.123.106:6789/0] -- mon_command({"prefix": "get_command_descriptions"} v 0) -- 0x7f46bc005390 con 0x7f46f0073480
2026-03-10T10:22:59.635 INFO:teuthology.orchestra.run.vm06.stdout:/usr/bin/ceph: stderr
2026-03-10T10:22:59.417+0000 7f46ef7fe640 1 --2- 192.168.123.106:0/3759612264 >> [v2:192.168.123.106:6800/2654396661,v1:192.168.123.106:6801/2654396661] conn(0x7f46c003d7b0 0x7f46c003fc70 unknown :-1 s=BANNER_CONNECTING pgs=0 cs=0 l=1 rev1=0 crypto rx=0 tx=0 comp rx=0 tx=0)._handle_peer_banner_payload supported=3 required=0
2026-03-10T10:22:59.635 INFO:teuthology.orchestra.run.vm06.stdout:/usr/bin/ceph: stderr
2026-03-10T10:22:59.417+0000 7f46ef7fe640 1 --2- 192.168.123.106:0/3759612264 >> [v2:192.168.123.106:6800/2654396661,v1:192.168.123.106:6801/2654396661] conn(0x7f46c003d7b0 0x7f46c003fc70 secure :-1 s=READY pgs=7 cs=0 l=1 rev1=1 crypto rx=0x7f46e800ad80 tx=0x7f46e80093f0 comp rx=0 tx=0).ready entity=mgr.14150 client_cookie=0 server_cookie=0 in_seq=0 out_seq=0
2026-03-10T10:22:59.635 INFO:teuthology.orchestra.run.vm06.stdout:/usr/bin/ceph: stderr
2026-03-10T10:22:59.425+0000 7f46ed7fa640 1 -- 192.168.123.106:0/3759612264 <== mon.0 v2:192.168.123.106:3300/0 6 ==== mon_command_ack([{"prefix": "get_command_descriptions"}]=0 v0) ==== 72+0+195034 (secure 0 0 0) 0x7f46e003e350 con 0x7f46f0073480
2026-03-10T10:22:59.635 INFO:teuthology.orchestra.run.vm06.stdout:/usr/bin/ceph: stderr
2026-03-10T10:22:59.533+0000 7f46f65b2640 1 -- 192.168.123.106:0/3759612264 --> [v2:192.168.123.106:6800/2654396661,v1:192.168.123.106:6801/2654396661] -- mgr_command(tid 0: {"prefix": "dashboard create-self-signed-cert", "target": ["mon-mgr", ""]}) -- 0x7f46bc002bf0 con 0x7f46c003d7b0
2026-03-10T10:22:59.635 INFO:teuthology.orchestra.run.vm06.stdout:/usr/bin/ceph: stderr
2026-03-10T10:22:59.589+0000 7f46ed7fa640 1 -- 192.168.123.106:0/3759612264 <== mgr.14150 v2:192.168.123.106:6800/2654396661 1 ==== mgr_command_reply(tid 0: 0 ) ==== 8+0+32 (secure 0 0 0) 0x7f46bc002bf0 con 0x7f46c003d7b0
2026-03-10T10:22:59.635 INFO:teuthology.orchestra.run.vm06.stdout:/usr/bin/ceph: stderr
2026-03-10T10:22:59.593+0000 7f46f65b2640 1 -- 192.168.123.106:0/3759612264 >> [v2:192.168.123.106:6800/2654396661,v1:192.168.123.106:6801/2654396661] conn(0x7f46c003d7b0 msgr2=0x7f46c003fc70 secure :-1 s=STATE_CONNECTION_ESTABLISHED l=1).mark_down
2026-03-10T10:22:59.635 INFO:teuthology.orchestra.run.vm06.stdout:/usr/bin/ceph: stderr
2026-03-10T10:22:59.593+0000 7f46f65b2640 1 --2- 192.168.123.106:0/3759612264 >> [v2:192.168.123.106:6800/2654396661,v1:192.168.123.106:6801/2654396661] conn(0x7f46c003d7b0 0x7f46c003fc70 secure :-1 s=READY pgs=7 cs=0 l=1 rev1=1 crypto rx=0x7f46e800ad80 tx=0x7f46e80093f0 comp rx=0 tx=0).stop
2026-03-10T10:22:59.635 INFO:teuthology.orchestra.run.vm06.stdout:/usr/bin/ceph: stderr
2026-03-10T10:22:59.593+0000 7f46f65b2640 1 -- 192.168.123.106:0/3759612264 >> [v2:192.168.123.106:3300/0,v1:192.168.123.106:6789/0] conn(0x7f46f0073480 msgr2=0x7f46f0089ee0 secure :-1 s=STATE_CONNECTION_ESTABLISHED l=1).mark_down
2026-03-10T10:22:59.635 INFO:teuthology.orchestra.run.vm06.stdout:/usr/bin/ceph: stderr
2026-03-10T10:22:59.593+0000 7f46f65b2640 1 --2- 192.168.123.106:0/3759612264 >> [v2:192.168.123.106:3300/0,v1:192.168.123.106:6789/0] conn(0x7f46f0073480 0x7f46f0089ee0 secure :-1 s=READY pgs=69 cs=0 l=1 rev1=1 crypto rx=0x7f46e0037960 tx=0x7f46e0037990 comp rx=0 tx=0).stop
2026-03-10T10:22:59.635 INFO:teuthology.orchestra.run.vm06.stdout:/usr/bin/ceph: stderr
2026-03-10T10:22:59.593+0000 7f46f65b2640 1 -- 192.168.123.106:0/3759612264 shutdown_connections
2026-03-10T10:22:59.635 INFO:teuthology.orchestra.run.vm06.stdout:/usr/bin/ceph: stderr
2026-03-10T10:22:59.593+0000 7f46f65b2640 1 --2- 192.168.123.106:0/3759612264 >> [v2:192.168.123.106:6800/2654396661,v1:192.168.123.106:6801/2654396661] conn(0x7f46c003d7b0 0x7f46c003fc70 unknown :-1 s=CLOSED pgs=7 cs=0 l=1 rev1=1 crypto rx=0 tx=0 comp rx=0 tx=0).stop
2026-03-10T10:22:59.635 INFO:teuthology.orchestra.run.vm06.stdout:/usr/bin/ceph: stderr
2026-03-10T10:22:59.593+0000 7f46f65b2640 1 --2- 192.168.123.106:0/3759612264 >> [v2:192.168.123.106:3300/0,v1:192.168.123.106:6789/0] conn(0x7f46f0073480 0x7f46f0089ee0 unknown :-1 s=CLOSED pgs=69 cs=0 l=1 rev1=1 crypto rx=0 tx=0 comp rx=0 tx=0).stop
2026-03-10T10:22:59.635 INFO:teuthology.orchestra.run.vm06.stdout:/usr/bin/ceph: stderr
2026-03-10T10:22:59.593+0000 7f46f65b2640 1 -- 192.168.123.106:0/3759612264 >> 192.168.123.106:0/3759612264 conn(0x7f46f006f1a0 msgr2=0x7f46f007c0b0 unknown :-1 s=STATE_NONE l=0).mark_down
2026-03-10T10:22:59.635 INFO:teuthology.orchestra.run.vm06.stdout:/usr/bin/ceph: stderr
2026-03-10T10:22:59.593+0000 7f46f65b2640 1 -- 192.168.123.106:0/3759612264 shutdown_connections
2026-03-10T10:22:59.635 INFO:teuthology.orchestra.run.vm06.stdout:/usr/bin/ceph: stderr
2026-03-10T10:22:59.593+0000 7f46f65b2640 1 -- 192.168.123.106:0/3759612264 wait complete.
2026-03-10T10:22:59.635 INFO:teuthology.orchestra.run.vm06.stdout:Creating initial admin user...
2026-03-10T10:23:00.173 INFO:teuthology.orchestra.run.vm06.stdout:/usr/bin/ceph: stdout {"username": "admin", "password": "$2b$12$T/RRhB6.iVcOanJ8SlB/p.DvsPlwStF/fTIrK5Td5h3gkkpWRcjVG", "roles": ["administrator"], "name": null, "email": null, "lastUpdate": 1773138180, "enabled": true, "pwdExpirationDate": null, "pwdUpdateRequired": true}
2026-03-10T10:23:00.173 INFO:teuthology.orchestra.run.vm06.stdout:/usr/bin/ceph: stderr
2026-03-10T10:22:59.753+0000 7f4ca6fca640 1 Processor -- start
2026-03-10T10:23:00.173 INFO:teuthology.orchestra.run.vm06.stdout:/usr/bin/ceph: stderr
2026-03-10T10:22:59.753+0000 7f4ca6fca640 1 -- start start
2026-03-10T10:23:00.173 INFO:teuthology.orchestra.run.vm06.stdout:/usr/bin/ceph: stderr
2026-03-10T10:22:59.753+0000 7f4ca6fca640 1 --2- >> [v2:192.168.123.106:3300/0,v1:192.168.123.106:6789/0] conn(0x7f4ca0109a70 0x7f4ca0109e70 unknown :-1 s=NONE pgs=0 cs=0 l=0 rev1=0 crypto rx=0 tx=0 comp rx=0 tx=0).connect
2026-03-10T10:23:00.173 INFO:teuthology.orchestra.run.vm06.stdout:/usr/bin/ceph: stderr
2026-03-10T10:22:59.753+0000 7f4ca6fca640 1 -- --> [v2:192.168.123.106:3300/0,v1:192.168.123.106:6789/0] -- mon_getmap magic: 0 -- 0x7f4ca010a440 con 0x7f4ca0109a70
2026-03-10T10:23:00.173 INFO:teuthology.orchestra.run.vm06.stdout:/usr/bin/ceph: stderr
2026-03-10T10:22:59.753+0000 7f4ca4d3f640 1 --2- >> [v2:192.168.123.106:3300/0,v1:192.168.123.106:6789/0] conn(0x7f4ca0109a70 0x7f4ca0109e70 unknown :-1 s=BANNER_CONNECTING pgs=0 cs=0 l=0 rev1=0 crypto rx=0 tx=0 comp rx=0 tx=0)._handle_peer_banner_payload supported=3 required=0
2026-03-10T10:23:00.173 INFO:teuthology.orchestra.run.vm06.stdout:/usr/bin/ceph: stderr
2026-03-10T10:22:59.753+0000 7f4ca4d3f640 1 --2- >> [v2:192.168.123.106:3300/0,v1:192.168.123.106:6789/0] conn(0x7f4ca0109a70 0x7f4ca0109e70 unknown :-1 s=HELLO_CONNECTING pgs=0 cs=0 l=0 rev1=1 crypto rx=0 tx=0 comp rx=0 tx=0).handle_hello peer v2:192.168.123.106:3300/0 says I am v2:192.168.123.106:54992/0 (socket says 192.168.123.106:54992)
2026-03-10T10:23:00.173 INFO:teuthology.orchestra.run.vm06.stdout:/usr/bin/ceph: stderr
2026-03-10T10:22:59.753+0000 7f4ca4d3f640 1 -- 192.168.123.106:0/1868397430 learned_addr learned my addr 192.168.123.106:0/1868397430 (peer_addr_for_me v2:192.168.123.106:0/0)
2026-03-10T10:23:00.173 INFO:teuthology.orchestra.run.vm06.stdout:/usr/bin/ceph: stderr
2026-03-10T10:22:59.753+0000 7f4ca4d3f640 1 -- 192.168.123.106:0/1868397430 --> [v2:192.168.123.106:3300/0,v1:192.168.123.106:6789/0] -- mon_subscribe({config=0+,monmap=0+}) -- 0x7f4ca010ac10 con 0x7f4ca0109a70
2026-03-10T10:23:00.173 INFO:teuthology.orchestra.run.vm06.stdout:/usr/bin/ceph: stderr
2026-03-10T10:22:59.753+0000 7f4ca4d3f640 1 --2- 192.168.123.106:0/1868397430 >> [v2:192.168.123.106:3300/0,v1:192.168.123.106:6789/0] conn(0x7f4ca0109a70 0x7f4ca0109e70 secure :-1 s=READY pgs=70 cs=0 l=1 rev1=1 crypto rx=0x7f4c90009b80 tx=0x7f4c9002f190 comp rx=0 tx=0).ready entity=mon.0 client_cookie=d83270ecce6159c3 server_cookie=0 in_seq=0 out_seq=0
2026-03-10T10:23:00.173 INFO:teuthology.orchestra.run.vm06.stdout:/usr/bin/ceph: stderr
2026-03-10T10:22:59.757+0000 7f4c977fe640 1 -- 192.168.123.106:0/1868397430 <== mon.0 v2:192.168.123.106:3300/0 1 ==== mon_map magic: 0 ==== 205+0+0 (secure 0 0 0) 0x7f4c9003c070 con 0x7f4ca0109a70
2026-03-10T10:23:00.173 INFO:teuthology.orchestra.run.vm06.stdout:/usr/bin/ceph: stderr
2026-03-10T10:22:59.757+0000 7f4c977fe640 1 -- 192.168.123.106:0/1868397430 <== mon.0 v2:192.168.123.106:3300/0 2 ==== config(25 keys) ==== 1038+0+0 (secure 0 0 0) 0x7f4c90037440 con 0x7f4ca0109a70
2026-03-10T10:23:00.173 INFO:teuthology.orchestra.run.vm06.stdout:/usr/bin/ceph: stderr
2026-03-10T10:22:59.757+0000 7f4ca6fca640 1 -- 192.168.123.106:0/1868397430 >> [v2:192.168.123.106:3300/0,v1:192.168.123.106:6789/0] conn(0x7f4ca0109a70 msgr2=0x7f4ca0109e70 secure :-1 s=STATE_CONNECTION_ESTABLISHED l=1).mark_down
2026-03-10T10:23:00.173 INFO:teuthology.orchestra.run.vm06.stdout:/usr/bin/ceph: stderr
2026-03-10T10:22:59.757+0000 7f4ca6fca640 1 --2- 192.168.123.106:0/1868397430 >> [v2:192.168.123.106:3300/0,v1:192.168.123.106:6789/0] conn(0x7f4ca0109a70 0x7f4ca0109e70 secure :-1 s=READY pgs=70 cs=0 l=1 rev1=1 crypto rx=0x7f4c90009b80 tx=0x7f4c9002f190 comp rx=0 tx=0).stop
2026-03-10T10:23:00.173 INFO:teuthology.orchestra.run.vm06.stdout:/usr/bin/ceph: stderr
2026-03-10T10:22:59.757+0000 7f4ca6fca640 1 -- 192.168.123.106:0/1868397430 shutdown_connections
2026-03-10T10:23:00.173 INFO:teuthology.orchestra.run.vm06.stdout:/usr/bin/ceph: stderr
2026-03-10T10:22:59.757+0000 7f4ca6fca640 1 --2- 192.168.123.106:0/1868397430 >> [v2:192.168.123.106:3300/0,v1:192.168.123.106:6789/0] conn(0x7f4ca0109a70 0x7f4ca0109e70 unknown :-1 s=CLOSED pgs=70 cs=0 l=1 rev1=1 crypto rx=0 tx=0 comp rx=0 tx=0).stop
2026-03-10T10:23:00.173 INFO:teuthology.orchestra.run.vm06.stdout:/usr/bin/ceph: stderr
2026-03-10T10:22:59.757+0000 7f4ca6fca640 1 -- 192.168.123.106:0/1868397430 >> 192.168.123.106:0/1868397430 conn(0x7f4ca007d070 msgr2=0x7f4ca007d4c0 unknown :-1 s=STATE_NONE l=0).mark_down
2026-03-10T10:23:00.173 INFO:teuthology.orchestra.run.vm06.stdout:/usr/bin/ceph: stderr
2026-03-10T10:22:59.757+0000 7f4ca6fca640 1 -- 192.168.123.106:0/1868397430 shutdown_connections
2026-03-10T10:23:00.173 INFO:teuthology.orchestra.run.vm06.stdout:/usr/bin/ceph: stderr
2026-03-10T10:22:59.757+0000 7f4ca6fca640 1 -- 192.168.123.106:0/1868397430 wait complete.
2026-03-10T10:23:00.173 INFO:teuthology.orchestra.run.vm06.stdout:/usr/bin/ceph: stderr
2026-03-10T10:22:59.757+0000 7f4ca6fca640 1 Processor -- start
2026-03-10T10:23:00.173 INFO:teuthology.orchestra.run.vm06.stdout:/usr/bin/ceph: stderr
2026-03-10T10:22:59.757+0000 7f4ca6fca640 1 -- start start
2026-03-10T10:23:00.173 INFO:teuthology.orchestra.run.vm06.stdout:/usr/bin/ceph: stderr
2026-03-10T10:22:59.757+0000 7f4ca6fca640 1 --2- >> [v2:192.168.123.106:3300/0,v1:192.168.123.106:6789/0] conn(0x7f4ca0109a70 0x7f4ca019f9f0 unknown :-1 s=NONE pgs=0 cs=0 l=1 rev1=0 crypto rx=0 tx=0 comp rx=0 tx=0).connect
2026-03-10T10:23:00.173 INFO:teuthology.orchestra.run.vm06.stdout:/usr/bin/ceph: stderr
2026-03-10T10:22:59.757+0000 7f4ca6fca640 1 -- --> [v2:192.168.123.106:3300/0,v1:192.168.123.106:6789/0] -- mon_getmap magic: 0 -- 0x7f4ca010de40 con 0x7f4ca0109a70
2026-03-10T10:23:00.173 INFO:teuthology.orchestra.run.vm06.stdout:/usr/bin/ceph: stderr
2026-03-10T10:22:59.757+0000 7f4ca4d3f640 1 --2- >> [v2:192.168.123.106:3300/0,v1:192.168.123.106:6789/0] conn(0x7f4ca0109a70 0x7f4ca019f9f0 unknown :-1 s=BANNER_CONNECTING pgs=0 cs=0 l=1 rev1=0 crypto rx=0 tx=0 comp rx=0 tx=0)._handle_peer_banner_payload supported=3 required=0
2026-03-10T10:23:00.173 INFO:teuthology.orchestra.run.vm06.stdout:/usr/bin/ceph: stderr
2026-03-10T10:22:59.757+0000 7f4ca4d3f640 1 --2- >> [v2:192.168.123.106:3300/0,v1:192.168.123.106:6789/0] conn(0x7f4ca0109a70 0x7f4ca019f9f0 unknown :-1 s=HELLO_CONNECTING pgs=0 cs=0 l=1 rev1=1 crypto rx=0 tx=0 comp rx=0 tx=0).handle_hello peer v2:192.168.123.106:3300/0 says I am v2:192.168.123.106:54996/0 (socket says 192.168.123.106:54996)
2026-03-10T10:23:00.173 INFO:teuthology.orchestra.run.vm06.stdout:/usr/bin/ceph: stderr
2026-03-10T10:22:59.757+0000 7f4ca4d3f640 1 -- 192.168.123.106:0/3860283872 learned_addr learned my addr 192.168.123.106:0/3860283872 (peer_addr_for_me v2:192.168.123.106:0/0)
2026-03-10T10:23:00.173 INFO:teuthology.orchestra.run.vm06.stdout:/usr/bin/ceph: stderr
2026-03-10T10:22:59.757+0000 7f4ca4d3f640 1 -- 192.168.123.106:0/3860283872 --> [v2:192.168.123.106:3300/0,v1:192.168.123.106:6789/0] -- mon_subscribe({config=0+,monmap=0+}) -- 0x7f4ca019ff30 con 0x7f4ca0109a70
2026-03-10T10:23:00.173 INFO:teuthology.orchestra.run.vm06.stdout:/usr/bin/ceph: stderr
2026-03-10T10:22:59.757+0000 7f4ca4d3f640 1 --2- 192.168.123.106:0/3860283872 >> [v2:192.168.123.106:3300/0,v1:192.168.123.106:6789/0] conn(0x7f4ca0109a70 0x7f4ca019f9f0 secure :-1 s=READY pgs=71 cs=0 l=1 rev1=1 crypto rx=0x7f4c90035a00 tx=0x7f4c90035a30 comp rx=0 tx=0).ready entity=mon.0 client_cookie=0 server_cookie=0 in_seq=0 out_seq=0
2026-03-10T10:23:00.173 INFO:teuthology.orchestra.run.vm06.stdout:/usr/bin/ceph: stderr
2026-03-10T10:22:59.757+0000 7f4c95ffb640 1 -- 192.168.123.106:0/3860283872 <== mon.0 v2:192.168.123.106:3300/0 1 ==== mon_map magic: 0 ==== 205+0+0 (secure 0 0 0) 0x7f4c9003c040 con 0x7f4ca0109a70
2026-03-10T10:23:00.173 INFO:teuthology.orchestra.run.vm06.stdout:/usr/bin/ceph: stderr
2026-03-10T10:22:59.757+0000 7f4ca6fca640 1 -- 192.168.123.106:0/3860283872 --> [v2:192.168.123.106:3300/0,v1:192.168.123.106:6789/0] -- mon_subscribe({mgrmap=0+}) -- 0x7f4ca01a01c0 con 0x7f4ca0109a70
2026-03-10T10:23:00.173 INFO:teuthology.orchestra.run.vm06.stdout:/usr/bin/ceph: stderr
2026-03-10T10:22:59.757+0000 7f4ca6fca640 1 -- 192.168.123.106:0/3860283872 --> [v2:192.168.123.106:3300/0,v1:192.168.123.106:6789/0] -- mon_subscribe({osdmap=0}) -- 0x7f4ca01a2eb0 con 0x7f4ca0109a70
2026-03-10T10:23:00.173 INFO:teuthology.orchestra.run.vm06.stdout:/usr/bin/ceph: stderr
2026-03-10T10:22:59.757+0000 7f4c95ffb640 1 -- 192.168.123.106:0/3860283872 <== mon.0 v2:192.168.123.106:3300/0 2 ==== config(25 keys) ==== 1038+0+0 (secure 0 0 0) 0x7f4c90035c80 con 0x7f4ca0109a70
2026-03-10T10:23:00.173 INFO:teuthology.orchestra.run.vm06.stdout:/usr/bin/ceph: stderr
2026-03-10T10:22:59.757+0000 7f4c95ffb640 1 -- 192.168.123.106:0/3860283872 <== mon.0 v2:192.168.123.106:3300/0 3 ==== mon_map magic: 0 ==== 205+0+0 (secure 0 0 0) 0x7f4c900378c0 con 0x7f4ca0109a70
2026-03-10T10:23:00.173 INFO:teuthology.orchestra.run.vm06.stdout:/usr/bin/ceph: stderr
2026-03-10T10:22:59.757+0000 7f4c95ffb640 1 -- 192.168.123.106:0/3860283872 <== mon.0 v2:192.168.123.106:3300/0 4 ==== mgrmap(e 11) ==== 50154+0+0 (secure 0 0 0) 0x7f4c90037b20 con 0x7f4ca0109a70
2026-03-10T10:23:00.174 INFO:teuthology.orchestra.run.vm06.stdout:/usr/bin/ceph: stderr
2026-03-10T10:22:59.757+0000 7f4c95ffb640 1 --2- 192.168.123.106:0/3860283872 >> [v2:192.168.123.106:6800/2654396661,v1:192.168.123.106:6801/2654396661] conn(0x7f4c6803dc10 0x7f4c680400d0 unknown :-1 s=NONE pgs=0 cs=0 l=1 rev1=0 crypto rx=0 tx=0 comp rx=0 tx=0).connect
2026-03-10T10:23:00.174 INFO:teuthology.orchestra.run.vm06.stdout:/usr/bin/ceph: stderr
2026-03-10T10:22:59.757+0000 7f4c95ffb640 1 -- 192.168.123.106:0/3860283872 <== mon.0 v2:192.168.123.106:3300/0 5 ==== osd_map(3..3 src has 1..3) ==== 1155+0+0 (secure 0 0 0) 0x7f4c9007d660 con 0x7f4ca0109a70
2026-03-10T10:23:00.174 INFO:teuthology.orchestra.run.vm06.stdout:/usr/bin/ceph: stderr
2026-03-10T10:22:59.757+0000 7f4ca6fca640 1 -- 192.168.123.106:0/3860283872 --> [v2:192.168.123.106:3300/0,v1:192.168.123.106:6789/0] -- mon_command({"prefix": "get_command_descriptions"} v 0) -- 0x7f4c6c005390 con 0x7f4ca0109a70
2026-03-10T10:23:00.174 INFO:teuthology.orchestra.run.vm06.stdout:/usr/bin/ceph: stderr
2026-03-10T10:22:59.757+0000 7f4c97fff640 1 --2- 192.168.123.106:0/3860283872 >> [v2:192.168.123.106:6800/2654396661,v1:192.168.123.106:6801/2654396661] conn(0x7f4c6803dc10 0x7f4c680400d0 unknown :-1 s=BANNER_CONNECTING pgs=0 cs=0 l=1 rev1=0 crypto rx=0 tx=0 comp rx=0 tx=0)._handle_peer_banner_payload supported=3 required=0
2026-03-10T10:23:00.174 INFO:teuthology.orchestra.run.vm06.stdout:/usr/bin/ceph: stderr
2026-03-10T10:22:59.761+0000 7f4c95ffb640 1 -- 192.168.123.106:0/3860283872 <== mon.0 v2:192.168.123.106:3300/0 6 ==== mon_command_ack([{"prefix": "get_command_descriptions"}]=0 v0) ==== 72+0+195034 (secure 0 0 0) 0x7f4c9003ebe0 con 0x7f4ca0109a70
2026-03-10T10:23:00.174 INFO:teuthology.orchestra.run.vm06.stdout:/usr/bin/ceph: stderr
2026-03-10T10:22:59.761+0000 7f4c97fff640 1 --2- 192.168.123.106:0/3860283872 >> [v2:192.168.123.106:6800/2654396661,v1:192.168.123.106:6801/2654396661] conn(0x7f4c6803dc10 0x7f4c680400d0 secure :-1 s=READY pgs=8 cs=0 l=1 rev1=1 crypto rx=0x7f4c880099c0 tx=0x7f4c88006eb0 comp rx=0 tx=0).ready entity=mgr.14150 client_cookie=0 server_cookie=0 in_seq=0 out_seq=0
2026-03-10T10:23:00.174 INFO:teuthology.orchestra.run.vm06.stdout:/usr/bin/ceph: stderr
2026-03-10T10:22:59.869+0000 7f4ca6fca640 1 -- 192.168.123.106:0/3860283872 --> [v2:192.168.123.106:6800/2654396661,v1:192.168.123.106:6801/2654396661] -- mgr_command(tid 0: {"prefix": "dashboard ac-user-create", "username": "admin", "rolename": "administrator", "force_password": true, "pwd_update_required": true, "target": ["mon-mgr", ""]}) -- 0x7f4c6c005a10 con 0x7f4c6803dc10
2026-03-10T10:23:00.174 INFO:teuthology.orchestra.run.vm06.stdout:/usr/bin/ceph: stderr
2026-03-10T10:23:00.121+0000 7f4c95ffb640 1 -- 192.168.123.106:0/3860283872 <== mgr.14150 v2:192.168.123.106:6800/2654396661 1 ==== mgr_command_reply(tid 0: 0 ) ==== 8+0+252 (secure 0 0 0) 0x7f4c8800b8e0 con 0x7f4c6803dc10
2026-03-10T10:23:00.174 INFO:teuthology.orchestra.run.vm06.stdout:/usr/bin/ceph: stderr
2026-03-10T10:23:00.125+0000 7f4ca6fca640 1 -- 192.168.123.106:0/3860283872 >> [v2:192.168.123.106:6800/2654396661,v1:192.168.123.106:6801/2654396661] conn(0x7f4c6803dc10 msgr2=0x7f4c680400d0 secure :-1 s=STATE_CONNECTION_ESTABLISHED l=1).mark_down
2026-03-10T10:23:00.174 INFO:teuthology.orchestra.run.vm06.stdout:/usr/bin/ceph: stderr
2026-03-10T10:23:00.125+0000 7f4ca6fca640 1 --2- 192.168.123.106:0/3860283872 >> [v2:192.168.123.106:6800/2654396661,v1:192.168.123.106:6801/2654396661] conn(0x7f4c6803dc10 0x7f4c680400d0 secure :-1 s=READY pgs=8 cs=0 l=1 rev1=1 crypto rx=0x7f4c880099c0 tx=0x7f4c88006eb0 comp rx=0 tx=0).stop
2026-03-10T10:23:00.174 INFO:teuthology.orchestra.run.vm06.stdout:/usr/bin/ceph: stderr
2026-03-10T10:23:00.125+0000 7f4ca6fca640 1 -- 192.168.123.106:0/3860283872 >> [v2:192.168.123.106:3300/0,v1:192.168.123.106:6789/0] conn(0x7f4ca0109a70 msgr2=0x7f4ca019f9f0 secure :-1 s=STATE_CONNECTION_ESTABLISHED l=1).mark_down
2026-03-10T10:23:00.174 INFO:teuthology.orchestra.run.vm06.stdout:/usr/bin/ceph: stderr
2026-03-10T10:23:00.125+0000 7f4ca6fca640 1 --2- 192.168.123.106:0/3860283872 >> [v2:192.168.123.106:3300/0,v1:192.168.123.106:6789/0] conn(0x7f4ca0109a70 0x7f4ca019f9f0 secure :-1 s=READY pgs=71 cs=0 l=1 rev1=1 crypto rx=0x7f4c90035a00 tx=0x7f4c90035a30 comp rx=0 tx=0).stop
2026-03-10T10:23:00.174 INFO:teuthology.orchestra.run.vm06.stdout:/usr/bin/ceph: stderr
2026-03-10T10:23:00.125+0000 7f4ca6fca640 1 -- 192.168.123.106:0/3860283872 shutdown_connections
