2026-03-31T12:27:57.345+0000 7fe7727fc640 1 -- 192.168.123.102:0/1312023702 <== mon.1 v1:192.168.123.109:6789/0 8 ==== osd_map(22..22 src has 1..22) ==== 4071+0+0 (unknown 1810131669 0 0) 0x7fe76c08b660 con 0x55d039a827f0
2026-03-31T12:27:57.760 INFO:tasks.workunit.client.0.vm02.stdout: api_asio:
2026-03-31T12:27:57.345+0000 7fe783b13980 1 -- 192.168.123.102:0/1312023702 --> v1:192.168.123.109:6789/0 -- mon_get_version(what=osdmap handle=1) -- 0x55d03995d0f0 con 0x55d039a827f0
2026-03-31T12:27:57.760 INFO:tasks.workunit.client.0.vm02.stdout: api_asio:
2026-03-31T12:27:57.345+0000 7fe7727fc640 1 -- 192.168.123.102:0/1312023702 <== mon.1 v1:192.168.123.109:6789/0 9 ==== mon_get_version_reply(handle=1 version=22) ==== 24+0+0 (unknown 3265615600 0 0) 0x7fe76c053a50 con 0x55d039a827f0
2026-03-31T12:27:57.760 INFO:tasks.workunit.client.0.vm02.stdout: api_asio:
2026-03-31T12:27:57.345+0000 7fe783b13980 1 -- 192.168.123.102:0/1312023702 --> v1:192.168.123.109:6789/0 -- pool_op(create pool 0 tid 1 name ceph_test_rados_api_asio v0) -- 0x55d0398e16a0 con 0x55d039a827f0
2026-03-31T12:27:57.760 INFO:tasks.workunit.client.0.vm02.stdout: api_asio:
2026-03-31T12:27:57.749+0000 7fe7727fc640 1 -- 192.168.123.102:0/1312023702 <== mon.1 v1:192.168.123.109:6789/0 10 ==== pool_op_reply(tid 1 (0) Success v23) ==== 43+0+0 (unknown 3040997269 0 0) 0x7fe76c0576e0 con 0x55d039a827f0
2026-03-31T12:27:57.760 INFO:tasks.workunit.client.0.vm02.stdout: api_asio:
2026-03-31T12:27:57.749+0000 7fe7727fc640 1 -- 192.168.123.102:0/1312023702 --> v1:192.168.123.109:6789/0 -- mon_subscribe({osdmap=23}) -- 0x55d0399cfbb0 con 0x55d039a827f0
2026-03-31T12:27:57.760 INFO:tasks.workunit.client.0.vm02.stdout: api_asio:
2026-03-31T12:27:57.753+0000 7fe7727fc640 1 -- 192.168.123.102:0/1312023702 <== mon.1 v1:192.168.123.109:6789/0 11 ==== osd_map(23..23 src has 1..23) ==== 13234+0+0 (unknown 3263871252 0 0) 0x7fe76c08a320 con 0x55d039a827f0
2026-03-31T12:27:59.065 INFO:tasks.workunit.client.0.vm02.stdout: api_asio:
2026-03-31T12:27:57.753+0000 7fe783b13980 1 -- 192.168.123.102:0/1312023702 --> v1:192.168.123.109:6801/3541943304 -- osd_op(unknown.0.0:2 7.1 7:8049a5cb:::exist:head [writefull 0~5 in=5b] snapc 0=[] ondisk+write+known_if_redirected+supports_pool_eio e23) -- 0x55d039ba7d90 con 0x55d039b86290
2026-03-31T12:27:59.065 INFO:tasks.workunit.client.0.vm02.stdout: api_asio:
2026-03-31T12:27:59.001+0000 7fe7727fc640 1 -- 192.168.123.102:0/1312023702 <== osd.4 v1:192.168.123.109:6801/3541943304 1 ==== osd_map(24..24 src has 1..24) ==== 7798+0+0 (unknown 1109710759 0 0) 0x7fe774002210 con 0x55d039b86290
2026-03-31T12:27:59.065 INFO:tasks.workunit.client.0.vm02.stdout: api_asio:
2026-03-31T12:27:59.061+0000 7fe780de7640 1 -- 192.168.123.102:0/1312023702 <== osd.4 v1:192.168.123.109:6801/3541943304 2 ==== osd_op_reply(2 exist [writefull 0~5] v24'1 uv1 ondisk = 0) ==== 149+0+0 (unknown 3319509797 0 0) 0x7fe774004790 con 0x55d039b86290
2026-03-31T12:27:59.065 INFO:tasks.workunit.client.0.vm02.stdout: api_asio: [ RUN ] AsioRados.AsyncReadCallback
2026-03-31T12:27:59.065 INFO:tasks.workunit.client.0.vm02.stdout: api_asio:
2026-03-31T12:27:59.061+0000 7fe783b13980 1 -- 192.168.123.102:0/1312023702 --> v1:192.168.123.109:6801/3541943304 -- osd_op(unknown.0.0:3 7.1 7:8049a5cb:::exist:head [read 0~256] snapc 0=[] ondisk+read+known_if_redirected+supports_pool_eio e24) -- 0x55d039b84d70 con 0x55d039b86290
2026-03-31T12:27:59.065 INFO:tasks.workunit.client.0.vm02.stdout: api_asio:
2026-03-31T12:27:59.061+0000 7fe783b13980 1 -- 192.168.123.102:0/1312023702 --> v1:192.168.123.109:6801/3541943304 -- osd_op(unknown.0.0:4 7.1 7:855dde50:::noexist:head [read 0~256] snapc 0=[] ondisk+read+known_if_redirected+supports_pool_eio e24) -- 0x55d039b85730 con 0x55d039b86290
2026-03-31T12:27:59.065 INFO:tasks.workunit.client.0.vm02.stdout: api_asio:
2026-03-31T12:27:59.061+0000 7fe780de7640 1 -- 192.168.123.102:0/1312023702 <== osd.4 v1:192.168.123.109:6801/3541943304 3 ==== osd_op_reply(3 exist [read 0~5 out=5b] v0'0 uv1 ondisk = 0) ==== 149+0+5 (unknown 563510364 0 3741568377) 0x7fe774004790 con 0x55d039b86290
2026-03-31T12:27:59.065 INFO:tasks.workunit.client.0.vm02.stdout: api_asio:
2026-03-31T12:27:59.061+0000 7fe780de7640 1 -- 192.168.123.102:0/1312023702 <== osd.4 v1:192.168.123.109:6801/3541943304 4 ==== osd_op_reply(4 noexist [read 0~256] v0'0 uv0 ondisk = -2 ((2) No such file or directory)) ==== 151+0+0 (unknown 3058534533 0 0) 0x7fe774004790 con 0x55d039b86290
2026-03-31T12:27:59.065 INFO:tasks.workunit.client.0.vm02.stdout: api_asio: [ OK ] AsioRados.AsyncReadCallback (0 ms)
2026-03-31T12:27:59.065 INFO:tasks.workunit.client.0.vm02.stdout: api_asio: [ RUN ] AsioRados.AsyncReadDeferred
2026-03-31T12:27:59.065 INFO:tasks.workunit.client.0.vm02.stdout: api_asio:
2026-03-31T12:27:59.061+0000 7fe783b13980 1 -- 192.168.123.102:0/1312023702 --> v1:192.168.123.109:6801/3541943304 -- osd_op(unknown.0.0:5 7.1 7:8049a5cb:::exist:head [read 0~256] snapc 0=[] ondisk+read+known_if_redirected+supports_pool_eio e24) -- 0x55d039b85260 con 0x55d039b86290
2026-03-31T12:27:59.065 INFO:tasks.workunit.client.0.vm02.stdout: api_asio:
2026-03-31T12:27:59.061+0000 7fe783b13980 1 -- 192.168.123.102:0/1312023702 --> v1:192.168.123.109:6801/3541943304 -- osd_op(unknown.0.0:6 7.1 7:855dde50:::noexist:head [read 0~256] snapc 0=[] ondisk+read+known_if_redirected+supports_pool_eio e24) -- 0x55d039ba85e0 con 0x55d039b86290
2026-03-31T12:27:59.065 INFO:tasks.workunit.client.0.vm02.stdout: api_asio:
2026-03-31T12:27:59.061+0000 7fe780de7640 1 -- 192.168.123.102:0/1312023702 <== osd.4 v1:192.168.123.109:6801/3541943304 5 ==== osd_op_reply(5 exist [read 0~5 out=5b] v0'0 uv1 ondisk = 0) ==== 149+0+5 (unknown 563510364 0 3741568377) 0x7fe774004790 con 0x55d039b86290
2026-03-31T12:27:59.065 INFO:tasks.workunit.client.0.vm02.stdout: api_asio:
2026-03-31T12:27:59.061+0000 7fe780de7640 1 -- 192.168.123.102:0/1312023702 <== osd.4 v1:192.168.123.109:6801/3541943304 6 ==== osd_op_reply(6 noexist [read 0~256] v0'0 uv0 ondisk = -2 ((2) No such file or directory)) ==== 151+0+0 (unknown 3058534533 0 0) 0x7fe774004790 con 0x55d039b86290
2026-03-31T12:27:59.065 INFO:tasks.workunit.client.0.vm02.stdout: api_asio: [ OK ] AsioRados.AsyncReadDeferred (0 ms)
2026-03-31T12:27:59.065 INFO:tasks.workunit.client.0.vm02.stdout: api_asio: [ RUN ] AsioRados.AsyncReadFuture
2026-03-31T12:27:59.065 INFO:tasks.workunit.client.0.vm02.stdout: api_asio:
2026-03-31T12:27:59.061+0000 7fe783b13980 1 -- 192.168.123.102:0/1312023702 --> v1:192.168.123.109:6801/3541943304 -- osd_op(unknown.0.0:7 7.1 7:8049a5cb:::exist:head [read 0~256] snapc 0=[] ondisk+read+known_if_redirected+supports_pool_eio e24) -- 0x55d039a628f0 con 0x55d039b86290
2026-03-31T12:27:59.093 INFO:tasks.workunit.client.0.vm02.stdout: api_asio:
2026-03-31T12:27:59.061+0000 7fe783b13980 1 -- 192.168.123.102:0/1312023702 --> v1:192.168.123.109:6801/3541943304 -- osd_op(unknown.0.0:8 7.1 7:855dde50:::noexist:head [read 0~256] snapc 0=[] ondisk+read+known_if_redirected+supports_pool_eio e24) -- 0x55d039ba8e30 con 0x55d039b86290
2026-03-31T12:27:59.093 INFO:tasks.workunit.client.0.vm02.stdout: api_asio:
2026-03-31T12:27:59.061+0000 7fe780de7640 1 -- 192.168.123.102:0/1312023702 <== osd.4 v1:192.168.123.109:6801/3541943304 7 ==== osd_op_reply(7 exist [read 0~5 out=5b] v0'0 uv1 ondisk = 0) ==== 149+0+5 (unknown 563510364 0 3741568377) 0x7fe774004790 con 0x55d039b86290
2026-03-31T12:27:59.093 INFO:tasks.workunit.client.0.vm02.stdout: api_asio:
2026-03-31T12:27:59.061+0000 7fe780de7640 1 -- 192.168.123.102:0/1312023702 <== osd.4 v1:192.168.123.109:6801/3541943304 8 ==== osd_op_reply(8 noexist [read 0~256] v0'0 uv0 ondisk = -2 ((2) No such file or directory)) ==== 151+0+0 (unknown 3058534533 0 0) 0x7fe774004790 con 0x55d039b86290
2026-03-31T12:27:59.093 INFO:tasks.workunit.client.0.vm02.stdout: api_asio: [ OK ] AsioRados.AsyncReadFuture (0 ms)
2026-03-31T12:27:59.093 INFO:tasks.workunit.client.0.vm02.stdout: api_asio: [ RUN ] AsioRados.AsyncReadYield
2026-03-31T12:27:59.093 INFO:tasks.workunit.client.0.vm02.stdout: api_asio:
2026-03-31T12:27:59.061+0000 7fe783b13980 1 -- 192.168.123.102:0/1312023702 --> v1:192.168.123.109:6801/3541943304 -- osd_op(unknown.0.0:9 7.1 7:8049a5cb:::exist:head [read 0~256] snapc 0=[] ondisk+read+known_if_redirected+supports_pool_eio e24) -- 0x55d039ba8a90 con 0x55d039b86290
2026-03-31T12:27:59.093 INFO:tasks.workunit.client.0.vm02.stdout: api_asio:
2026-03-31T12:27:59.061+0000 7fe783b13980 1 -- 192.168.123.102:0/1312023702 --> v1:192.168.123.109:6801/3541943304 -- osd_op(unknown.0.0:10 7.1 7:855dde50:::noexist:head [read 0~256] snapc 0=[] ondisk+read+known_if_redirected+supports_pool_eio e24) -- 0x55d039be98b0 con 0x55d039b86290
2026-03-31T12:27:59.093 INFO:tasks.workunit.client.0.vm02.stdout: api_asio: [ OK ] AsioRados.AsyncReadYield (0 ms)
2026-03-31T12:27:59.094 INFO:tasks.workunit.client.0.vm02.stdout: api_asio: [ RUN ] AsioRados.AsyncReadAwaitable
2026-03-31T12:27:59.094 INFO:tasks.workunit.client.0.vm02.stdout: api_asio:
2026-03-31T12:27:59.061+0000 7fe780de7640 1 -- 192.168.123.102:0/1312023702 <== osd.4 v1:192.168.123.109:6801/3541943304 9 ==== osd_op_reply(9 exist [read 0~5 out=5b] v0'0 uv1 ondisk = 0) ==== 149+0+5 (unknown 563510364 0 3741568377) 0x7fe774004790 con 0x55d039b86290
2026-03-31T12:27:59.094 INFO:tasks.workunit.client.0.vm02.stdout: api_asio:
2026-03-31T12:27:59.061+0000 7fe780de7640 1 -- 192.168.123.102:0/1312023702 <== osd.4 v1:192.168.123.109:6801/3541943304 10 ==== osd_op_reply(10 noexist [read 0~256] v0'0 uv0 ondisk = -2 ((2) No such file or directory)) ==== 151+0+0 (unknown 3058534533 0 0) 0x7fe774004790 con 0x55d039b86290
2026-03-31T12:27:59.094 INFO:tasks.workunit.client.0.vm02.stdout: api_asio:
2026-03-31T12:27:59.061+0000 7fe783b13980 1 -- 192.168.123.102:0/1312023702 --> v1:192.168.123.109:6801/3541943304 -- osd_op(unknown.0.0:11 7.1 7:8049a5cb:::exist:head [read 0~256] snapc 0=[] ondisk+read+known_if_redirected+supports_pool_eio e24) -- 0x55d039be98b0 con 0x55d039b86290
2026-03-31T12:27:59.094 INFO:tasks.workunit.client.0.vm02.stdout: api_asio:
2026-03-31T12:27:59.061+0000 7fe783b13980 1 -- 192.168.123.102:0/1312023702 --> v1:192.168.123.109:6801/3541943304 -- osd_op(unknown.0.0:12 7.1 7:855dde50:::noexist:head [read 0~256] snapc 0=[] ondisk+read+known_if_redirected+supports_pool_eio e24) -- 0x55d039ba9680 con 0x55d039b86290
2026-03-31T12:27:59.094 INFO:tasks.workunit.client.0.vm02.stdout: api_asio:
2026-03-31T12:27:59.061+0000 7fe780de7640 1 -- 192.168.123.102:0/1312023702 <== osd.4 v1:192.168.123.109:6801/3541943304 11 ==== osd_op_reply(11 exist [read 0~5 out=5b] v0'0 uv1 ondisk = 0) ==== 149+0+5 (unknown 563510364 0 3741568377) 0x7fe774004790 con 0x55d039b86290
2026-03-31T12:27:59.094 INFO:tasks.workunit.client.0.vm02.stdout: api_asio:
2026-03-31T12:27:59.061+0000 7fe780de7640 1 -- 192.168.123.102:0/1312023702 <== osd.4 v1:192.168.123.109:6801/3541943304 12 ==== osd_op_reply(12 noexist [read 0~256] v0'0 uv0 ondisk = -2 ((2) No such file or directory)) ==== 151+0+0 (unknown 3058534533 0 0) 0x7fe774004790 con 0x55d039b86290
2026-03-31T12:27:59.094 INFO:tasks.workunit.client.0.vm02.stdout: api_asio: [ OK ] AsioRados.AsyncReadAwaitable (0 ms)
2026-03-31T12:27:59.094 INFO:tasks.workunit.client.0.vm02.stdout: api_asio: [ RUN ] AsioRados.AsyncWriteCallback
2026-03-31T12:27:59.094 INFO:tasks.workunit.client.0.vm02.stdout: api_asio:
2026-03-31T12:27:59.061+0000 7fe783b13980 1 -- 192.168.123.102:0/1312023702 --> v1:192.168.123.109:6801/3541943304 -- osd_op(unknown.0.0:13 7.1 7:8049a5cb:::exist:head [write 0~5 in=5b] snapc 0=[] ondisk+write+known_if_redirected+supports_pool_eio e24) -- 0x55d039ba9680 con 0x55d039b86290
2026-03-31T12:27:59.094 INFO:tasks.workunit.client.0.vm02.stdout: api_asio: [ OK ] AsioRados.AsyncWriteCallback (26 ms)
2026-03-31T12:27:59.094 INFO:tasks.workunit.client.0.vm02.stdout: api_asio: [ RUN ] AsioRados.AsyncWriteDeferred
2026-03-31T12:27:59.123 INFO:tasks.workunit.client.0.vm02.stdout: api_asio:
2026-03-31T12:27:59.089+0000 7fe780de7640 1 -- 192.168.123.102:0/1312023702 <== osd.4 v1:192.168.123.109:6801/3541943304 13 ==== osd_op_reply(13 exist [write 0~5] v24'2 uv2 ondisk = 0) ==== 149+0+0 (unknown 3312306637 0 0) 0x7fe774004790 con 0x55d039b86290
2026-03-31T12:27:59.123 INFO:tasks.workunit.client.0.vm02.stdout: api_asio:
2026-03-31T12:27:59.089+0000 7fe783b13980 1 -- 192.168.123.102:0/1312023702 --> v1:192.168.123.109:6801/3541943304 -- osd_op(unknown.0.0:14 7.1 7:8049a5cb:::exist:head [write 0~5 in=5b] snapc 0=[] ondisk+write+known_if_redirected+supports_pool_eio e24) -- 0x55d039ba91d0 con 0x55d039b86290
2026-03-31T12:27:59.123 INFO:tasks.workunit.client.0.vm02.stdout: api_asio:
2026-03-31T12:27:59.109+0000 7fe780de7640 1 -- 192.168.123.102:0/1312023702 <== osd.4 v1:192.168.123.109:6801/3541943304 14 ==== osd_op_reply(14 exist [write 0~5] v24'3 uv3 ondisk = 0) ==== 149+0+0 (unknown 2985128473 0 0) 0x7fe774004790 con 0x55d039b86290
2026-03-31T12:27:59.123 INFO:tasks.workunit.client.0.vm02.stdout: api_asio: [ OK ] AsioRados.AsyncWriteDeferred (18 ms)
2026-03-31T12:27:59.123 INFO:tasks.workunit.client.0.vm02.stdout: api_asio: [ RUN ] AsioRados.AsyncWriteFuture
2026-03-31T12:27:59.123 INFO:tasks.workunit.client.0.vm02.stdout: api_asio:
2026-03-31T12:27:59.109+0000 7fe783b13980 1 -- 192.168.123.102:0/1312023702 --> v1:192.168.123.109:6801/3541943304 -- osd_op(unknown.0.0:15 7.1 7:8049a5cb:::exist:head [write 0~5 in=5b] snapc 0=[] ondisk+write+known_if_redirected+supports_pool_eio e24) -- 0x55d039ba91d0 con 0x55d039b86290
2026-03-31T12:27:59.123 INFO:tasks.workunit.client.0.vm02.stdout: api_asio:
2026-03-31T12:27:59.113+0000 7fe780de7640 1 -- 192.168.123.102:0/1312023702 <== osd.4 v1:192.168.123.109:6801/3541943304 15 ==== osd_op_reply(15 exist [write 0~5] v24'4 uv4 ondisk = 0) ==== 149+0+0 (unknown 4219611076 0 0) 0x7fe774004790 con 0x55d039b86290
2026-03-31T12:27:59.123 INFO:tasks.workunit.client.0.vm02.stdout: api_asio: [ OK ] AsioRados.AsyncWriteFuture (4 ms)
2026-03-31T12:27:59.123 INFO:tasks.workunit.client.0.vm02.stdout: api_asio: [ RUN ] AsioRados.AsyncWriteYield
2026-03-31T12:27:59.123 INFO:tasks.workunit.client.0.vm02.stdout: api_asio:
2026-03-31T12:27:59.113+0000 7fe783b13980 1 -- 192.168.123.102:0/1312023702 --> v1:192.168.123.109:6801/3541943304 -- osd_op(unknown.0.0:16 7.1 7:8049a5cb:::exist:head [write 0~5 in=5b] snapc 0=[] ondisk+write+known_if_redirected+supports_pool_eio e24) -- 0x55d039ba91d0 con 0x55d039b86290
2026-03-31T12:27:59.123 INFO:tasks.workunit.client.0.vm02.stdout: api_asio:
2026-03-31T12:27:59.117+0000 7fe780de7640 1 -- 192.168.123.102:0/1312023702 <== osd.4 v1:192.168.123.109:6801/3541943304 16 ==== osd_op_reply(16 exist [write 0~5] v24'5 uv5 ondisk = 0) ==== 149+0+0 (unknown 2399312912 0 0) 0x7fe774004790 con 0x55d039b86290
2026-03-31T12:27:59.123 INFO:tasks.workunit.client.0.vm02.stdout: api_asio: [ OK ] AsioRados.AsyncWriteYield (3 ms)
2026-03-31T12:27:59.123 INFO:tasks.workunit.client.0.vm02.stdout: api_asio: [ RUN ] AsioRados.AsyncWriteAwaitable
2026-03-31T12:27:59.123 INFO:tasks.workunit.client.0.vm02.stdout: api_asio:
2026-03-31T12:27:59.117+0000 7fe783b13980 1 -- 192.168.123.102:0/1312023702 --> v1:192.168.123.109:6801/3541943304 -- osd_op(unknown.0.0:17 7.1 7:8049a5cb:::exist:head [write 0~5 in=5b] snapc 0=[] ondisk+write+known_if_redirected+supports_pool_eio e24) -- 0x55d039babac0 con 0x55d039b86290
2026-03-31T12:27:59.123 INFO:tasks.workunit.client.0.vm02.stdout: api_asio:
2026-03-31T12:27:59.117+0000 7fe780de7640 1 -- 192.168.123.102:0/1312023702 <== osd.4 v1:192.168.123.109:6801/3541943304 17 ==== osd_op_reply(17 exist [write 0~5] v24'6 uv6 ondisk = 0) ==== 149+0+0 (unknown 310595692 0 0) 0x7fe774004790 con 0x55d039b86290
2026-03-31T12:27:59.123 INFO:tasks.workunit.client.0.vm02.stdout: api_asio: [ OK ] AsioRados.AsyncWriteAwaitable (2 ms)
2026-03-31T12:27:59.123 INFO:tasks.workunit.client.0.vm02.stdout: api_asio: [ RUN ] AsioRados.AsyncReadOperationCallback
2026-03-31T12:27:59.123 INFO:tasks.workunit.client.0.vm02.stdout: api_asio:
2026-03-31T12:27:59.117+0000 7fe783b13980 1 -- 192.168.123.102:0/1312023702 --> v1:192.168.123.109:6801/3541943304 -- osd_op(unknown.0.0:18 7.1 7:8049a5cb:::exist:head [read 0~0] snapc 0=[] ondisk+read+known_if_redirected+supports_pool_eio e24) -- 0x55d039babac0 con 0x55d039b86290
2026-03-31T12:27:59.123 INFO:tasks.workunit.client.0.vm02.stdout: api_asio:
2026-03-31T12:27:59.117+0000 7fe783b13980 1 -- 192.168.123.102:0/1312023702 --> v1:192.168.123.109:6801/3541943304 -- osd_op(unknown.0.0:19 7.1 7:855dde50:::noexist:head [read 0~0] snapc 0=[] ondisk+read+known_if_redirected+supports_pool_eio e24) -- 0x55d039ba9f20 con 0x55d039b86290
2026-03-31T12:27:59.124 INFO:tasks.workunit.client.0.vm02.stdout: api_asio:
2026-03-31T12:27:59.117+0000 7fe780de7640 1 -- 192.168.123.102:0/1312023702 <== osd.4 v1:192.168.123.109:6801/3541943304 18 ==== osd_op_reply(18 exist [read 0~5 out=5b] v0'0 uv6 ondisk = 0) ==== 149+0+5 (unknown 1743102055 0 3741568377) 0x7fe774004790 con 0x55d039b86290
2026-03-31T12:27:59.125 INFO:tasks.workunit.client.0.vm02.stdout: api_asio:
2026-03-31T12:27:59.117+0000 7fe780de7640 1 -- 192.168.123.102:0/1312023702 <== osd.4 v1:192.168.123.109:6801/3541943304 19 ==== osd_op_reply(19 noexist [read 0~0] v0'0 uv0 ondisk = -2 ((2) No such file or directory)) ==== 151+0+0 (unknown 3687167677 0 0) 0x7fe774004790 con 0x55d039b86290
2026-03-31T12:27:59.125 INFO:tasks.workunit.client.0.vm02.stdout: api_asio: [ OK ] AsioRados.AsyncReadOperationCallback (0 ms)
2026-03-31T12:27:59.125 INFO:tasks.workunit.client.0.vm02.stdout: api_asio: [ RUN ] AsioRados.AsyncReadOperationDeferred
2026-03-31T12:27:59.125 INFO:tasks.workunit.client.0.vm02.stdout: api_asio:
2026-03-31T12:27:59.117+0000 7fe783b13980 1 -- 192.168.123.102:0/1312023702 --> v1:192.168.123.109:6801/3541943304 -- osd_op(unknown.0.0:20 7.1 7:8049a5cb:::exist:head [read 0~0] snapc 0=[] ondisk+read+known_if_redirected+supports_pool_eio e24) -- 0x55d039babac0 con 0x55d039b86290
2026-03-31T12:27:59.125 INFO:tasks.workunit.client.0.vm02.stdout: api_asio:
2026-03-31T12:27:59.117+0000 7fe783b13980 1 -- 192.168.123.102:0/1312023702 --> v1:192.168.123.109:6801/3541943304 -- osd_op(unknown.0.0:21 7.1 7:855dde50:::noexist:head [read 0~0] snapc 0=[] ondisk+read+known_if_redirected+supports_pool_eio e24) -- 0x55d039baa050 con 0x55d039b86290
2026-03-31T12:27:59.125 INFO:tasks.workunit.client.0.vm02.stdout: api_asio:
2026-03-31T12:27:59.117+0000 7fe780de7640 1 -- 192.168.123.102:0/1312023702 <== osd.4 v1:192.168.123.109:6801/3541943304 20 ==== osd_op_reply(20 exist [read 0~5 out=5b] v0'0 uv6 ondisk = 0) ==== 149+0+5 (unknown 1743102055 0 3741568377) 0x7fe774004790 con 0x55d039b86290
2026-03-31T12:27:59.125 INFO:tasks.workunit.client.0.vm02.stdout: api_asio:
2026-03-31T12:27:59.117+0000 7fe780de7640 1 -- 192.168.123.102:0/1312023702 <== osd.4 v1:192.168.123.109:6801/3541943304 21 ==== osd_op_reply(21 noexist [read 0~0] v0'0 uv0 ondisk = -2 ((2) No such file or directory)) ==== 151+0+0 (unknown 3687167677 0 0) 0x7fe774004790 con 0x55d039b86290
2026-03-31T12:27:59.125 INFO:tasks.workunit.client.0.vm02.stdout: api_asio: [ OK ] AsioRados.AsyncReadOperationDeferred (0 ms)
2026-03-31T12:27:59.125 INFO:tasks.workunit.client.0.vm02.stdout: api_asio: [ RUN ] AsioRados.AsyncReadOperationFuture
2026-03-31T12:27:59.125 INFO:tasks.workunit.client.0.vm02.stdout: api_asio:
2026-03-31T12:27:59.117+0000 7fe783b13980 1 -- 192.168.123.102:0/1312023702 --> v1:192.168.123.109:6801/3541943304 -- osd_op(unknown.0.0:22 7.1 7:8049a5cb:::exist:head [read 0~0] snapc 0=[] ondisk+read+known_if_redirected+supports_pool_eio e24) -- 0x55d039babac0 con 0x55d039b86290
2026-03-31T12:27:59.125 INFO:tasks.workunit.client.0.vm02.stdout: api_asio:
2026-03-31T12:27:59.117+0000 7fe783b13980 1 -- 192.168.123.102:0/1312023702 --> v1:192.168.123.109:6801/3541943304 -- osd_op(unknown.0.0:23 7.1 7:855dde50:::noexist:head [read 0~0] snapc 0=[] ondisk+read+known_if_redirected+supports_pool_eio e24) -- 0x55d039ba9b80 con 0x55d039b86290
2026-03-31T12:27:59.125 INFO:tasks.workunit.client.0.vm02.stdout: api_asio:
2026-03-31T12:27:59.121+0000 7fe780de7640 1 -- 192.168.123.102:0/1312023702 <== osd.4 v1:192.168.123.109:6801/3541943304 22 ==== osd_op_reply(22 exist [read 0~5 out=5b] v0'0 uv6 ondisk = 0) ==== 149+0+5 (unknown 1743102055 0 3741568377) 0x7fe774004790 con 0x55d039b86290
2026-03-31T12:27:59.125 INFO:tasks.workunit.client.0.vm02.stdout: api_asio:
2026-03-31T12:27:59.121+0000 7fe780de7640 1 -- 192.168.123.102:0/1312023702 <== osd.4 v1:192.168.123.109:6801/3541943304 23 ==== osd_op_reply(23 noexist [read 0~0] v0'0 uv0 ondisk = -2 ((2) No such file or directory)) ==== 151+0+0 (unknown 3687167677 0 0) 0x7fe774004790 con 0x55d039b86290
2026-03-31T12:27:59.125 INFO:tasks.workunit.client.0.vm02.stdout: api_asio: [ OK ] AsioRados.AsyncReadOperationFuture (0 ms)
2026-03-31T12:27:59.125 INFO:tasks.workunit.client.0.vm02.stdout: api_asio: [ RUN ] AsioRados.AsyncReadOperationYield
2026-03-31T12:27:59.125 INFO:tasks.workunit.client.0.vm02.stdout: api_asio:
2026-03-31T12:27:59.121+0000 7fe783b13980 1 -- 192.168.123.102:0/1312023702 --> v1:192.168.123.109:6801/3541943304 -- osd_op(unknown.0.0:24 7.1 7:8049a5cb:::exist:head [read 0~0] snapc 0=[] ondisk+read+known_if_redirected+supports_pool_eio e24) -- 0x55d039ba9f70 con 0x55d039b86290
2026-03-31T12:27:59.125 INFO:tasks.workunit.client.0.vm02.stdout: api_asio:
2026-03-31T12:27:59.121+0000 7fe783b13980 1 -- 192.168.123.102:0/1312023702 --> v1:192.168.123.109:6801/3541943304 -- osd_op(unknown.0.0:25 7.1 7:855dde50:::noexist:head [read 0~0] snapc 0=[] ondisk+read+known_if_redirected+supports_pool_eio e24) -- 0x55d039baa4d0 con 0x55d039b86290
2026-03-31T12:27:59.132 INFO:tasks.workunit.client.0.vm02.stdout: api_asio:
2026-03-31T12:27:59.121+0000 7fe780de7640 1 -- 192.168.123.102:0/1312023702 <== osd.4 v1:192.168.123.109:6801/3541943304 24 ==== osd_op_reply(24 exist [read 0~5 out=5b] v0'0 uv6 ondisk = 0) ==== 149+0+5 (unknown 1743102055 0 3741568377) 0x7fe774004790 con 0x55d039b86290
2026-03-31T12:27:59.132 INFO:tasks.workunit.client.0.vm02.stdout: api_asio:
2026-03-31T12:27:59.121+0000 7fe780de7640 1 -- 192.168.123.102:0/1312023702 <== osd.4 v1:192.168.123.109:6801/3541943304 25 ==== osd_op_reply(25 noexist [read 0~0] v0'0 uv0 ondisk = -2 ((2) No such file or directory)) ==== 151+0+0 (unknown 3687167677 0 0) 0x7fe774004790 con 0x55d039b86290
2026-03-31T12:27:59.132 INFO:tasks.workunit.client.0.vm02.stdout: api_asio: [ OK ] AsioRados.AsyncReadOperationYield (0 ms)
2026-03-31T12:27:59.132 INFO:tasks.workunit.client.0.vm02.stdout: api_asio: [ RUN ] AsioRados.AsyncReadOperationAwaitable
2026-03-31T12:27:59.132 INFO:tasks.workunit.client.0.vm02.stdout: api_asio:
2026-03-31T12:27:59.121+0000 7fe783b13980 1 -- 192.168.123.102:0/1312023702 --> v1:192.168.123.109:6801/3541943304 -- osd_op(unknown.0.0:26 7.1 7:8049a5cb:::exist:head [read 0~0] snapc 0=[] ondisk+read+known_if_redirected+supports_pool_eio e24) -- 0x55d039ba9f70 con 0x55d039b86290
2026-03-31T12:27:59.132 INFO:tasks.workunit.client.0.vm02.stdout: api_asio:
2026-03-31T12:27:59.121+0000 7fe783b13980 1 -- 192.168.123.102:0/1312023702 --> v1:192.168.123.109:6801/3541943304 -- osd_op(unknown.0.0:27 7.1 7:855dde50:::noexist:head [read 0~0] snapc 0=[] ondisk+read+known_if_redirected+supports_pool_eio e24) -- 0x55d039baa4d0 con 0x55d039b86290
2026-03-31T12:27:59.132 INFO:tasks.workunit.client.0.vm02.stdout: api_asio:
2026-03-31T12:27:59.121+0000 7fe780de7640 1 -- 192.168.123.102:0/1312023702 <== osd.4 v1:192.168.123.109:6801/3541943304 26 ==== osd_op_reply(26 exist [read 0~5 out=5b] v0'0 uv6 ondisk = 0) ==== 149+0+5 (unknown 1743102055 0 3741568377) 0x7fe774004790 con 0x55d039b86290
2026-03-31T12:27:59.132 INFO:tasks.workunit.client.0.vm02.stdout: api_asio:
2026-03-31T12:27:59.121+0000 7fe780de7640 1 -- 192.168.123.102:0/1312023702 <== osd.4 v1:192.168.123.109:6801/3541943304 27 ==== osd_op_reply(27 noexist [read 0~0] v0'0 uv0 ondisk = -2 ((2) No such file or directory)) ==== 151+0+0 (unknown 3687167677 0 0) 0x7fe774004790 con 0x55d039b86290
2026-03-31T12:27:59.132 INFO:tasks.workunit.client.0.vm02.stdout: api_asio: [ OK ] AsioRados.AsyncReadOperationAwaitable (0 ms)
2026-03-31T12:27:59.132 INFO:tasks.workunit.client.0.vm02.stdout: api_asio: [ RUN ] AsioRados.AsyncWriteOperationCallback
2026-03-31T12:27:59.132 INFO:tasks.workunit.client.0.vm02.stdout: api_asio:
2026-03-31T12:27:59.121+0000 7fe783b13980 1 -- 192.168.123.102:0/1312023702 --> v1:192.168.123.109:6801/3541943304 -- osd_op(unknown.0.0:28 7.1 7:8049a5cb:::exist:head [writefull 0~5 in=5b] snapc 0=[] ondisk+write+known_if_redirected+supports_pool_eio e24) -- 0x55d039ba9f70 con 0x55d039b86290
2026-03-31T12:27:59.132 INFO:tasks.workunit.client.0.vm02.stdout: api_asio:
2026-03-31T12:27:59.125+0000 7fe780de7640 1 -- 192.168.123.102:0/1312023702 <== osd.4 v1:192.168.123.109:6801/3541943304 28 ==== osd_op_reply(28 exist [writefull 0~5] v24'7 uv7 ondisk = 0) ==== 149+0+0 (unknown 4214512940 0 0) 0x7fe774004790 con 0x55d039b86290
2026-03-31T12:27:59.132 INFO:tasks.workunit.client.0.vm02.stdout: api_asio: [ OK ] AsioRados.AsyncWriteOperationCallback (2 ms)
2026-03-31T12:27:59.132 INFO:tasks.workunit.client.0.vm02.stdout: api_asio: [ RUN ] AsioRados.AsyncWriteOperationDeferred
2026-03-31T12:27:59.132 INFO:tasks.workunit.client.0.vm02.stdout: api_asio:
2026-03-31T12:27:59.125+0000 7fe783b13980 1 -- 192.168.123.102:0/1312023702 --> v1:192.168.123.109:6801/3541943304 -- osd_op(unknown.0.0:29 7.1 7:8049a5cb:::exist:head [writefull 0~5 in=5b] snapc 0=[] ondisk+write+known_if_redirected+supports_pool_eio e24) -- 0x55d039ba9f70 con 0x55d039b86290
2026-03-31T12:27:59.132 INFO:tasks.workunit.client.0.vm02.stdout: api_asio:
2026-03-31T12:27:59.125+0000 7fe780de7640 1 -- 192.168.123.102:0/1312023702 <== osd.4 v1:192.168.123.109:6801/3541943304 29 ==== osd_op_reply(29 exist [writefull 0~5] v24'8 uv8 ondisk = 0) ==== 149+0+0 (unknown 459951426 0 0) 0x7fe774004790 con 0x55d039b86290
2026-03-31T12:27:59.132 INFO:tasks.workunit.client.0.vm02.stdout: api_asio: [ OK ] AsioRados.AsyncWriteOperationDeferred (1 ms)
2026-03-31T12:27:59.132 INFO:tasks.workunit.client.0.vm02.stdout: api_asio: [ RUN ] AsioRados.AsyncWriteOperationFuture
2026-03-31T12:27:59.132 INFO:tasks.workunit.client.0.vm02.stdout: api_asio:
2026-03-31T12:27:59.125+0000 7fe783b13980 1 -- 192.168.123.102:0/1312023702 --> v1:192.168.123.109:6801/3541943304 -- osd_op(unknown.0.0:30 7.1 7:8049a5cb:::exist:head [writefull 0~5 in=5b] snapc 0=[] ondisk+write+known_if_redirected+supports_pool_eio e24) -- 0x55d039ba9f70 con 0x55d039b86290
2026-03-31T12:27:59.132 INFO:tasks.workunit.client.0.vm02.stdout: api_asio: [ OK ] AsioRados.AsyncWriteOperationFuture (2 ms)
2026-03-31T12:27:59.136 INFO:tasks.workunit.client.0.vm02.stdout: api_asio: [ RUN ] AsioRados.AsyncWriteOperationYield
2026-03-31T12:27:59.136 INFO:tasks.workunit.client.0.vm02.stdout: api_asio:
2026-03-31T12:27:59.129+0000 7fe780de7640 1 -- 192.168.123.102:0/1312023702 <== osd.4 v1:192.168.123.109:6801/3541943304 30 ==== osd_op_reply(30 exist [writefull 0~5] v24'9 uv9 ondisk = 0) ==== 149+0+0 (unknown 1877669526 0 0) 0x7fe774004790 con 0x55d039b86290
2026-03-31T12:27:59.136 INFO:tasks.workunit.client.0.vm02.stdout: api_asio:
2026-03-31T12:27:59.129+0000 7fe783b13980 1 -- 192.168.123.102:0/1312023702 --> v1:192.168.123.109:6801/3541943304 -- osd_op(unknown.0.0:31 7.1 7:8049a5cb:::exist:head [writefull 0~5 in=5b] snapc 0=[] ondisk+write+known_if_redirected+supports_pool_eio e24) -- 0x55d039ba9f70 con 0x55d039b86290
2026-03-31T12:27:59.136 INFO:tasks.workunit.client.0.vm02.stdout: api_asio:
2026-03-31T12:27:59.129+0000 7fe780de7640 1 -- 192.168.123.102:0/1312023702 <== osd.4 v1:192.168.123.109:6801/3541943304 31 ==== osd_op_reply(31 exist [writefull 0~5] v24'10 uv10 ondisk = 0) ==== 149+0+0 (unknown 4067113706 0 0) 0x7fe774004790 con 0x55d039b86290
2026-03-31T12:27:59.136 INFO:tasks.workunit.client.0.vm02.stdout: api_asio: [ OK ] AsioRados.AsyncWriteOperationYield (2 ms)
2026-03-31T12:27:59.136 INFO:tasks.workunit.client.0.vm02.stdout: api_asio: [ RUN ] AsioRados.AsyncWriteOperationAwaitable
2026-03-31T12:27:59.137 INFO:tasks.workunit.client.0.vm02.stdout: api_asio:
2026-03-31T12:27:59.129+0000 7fe783b13980 1 -- 192.168.123.102:0/1312023702 --> v1:192.168.123.109:6801/3541943304 -- osd_op(unknown.0.0:32 7.1 7:8049a5cb:::exist:head [writefull 0~5 in=5b] snapc 0=[] ondisk+write+known_if_redirected+supports_pool_eio e24) -- 0x55d039ba9f70 con 0x55d039b86290
2026-03-31T12:27:59.137 INFO:tasks.workunit.client.0.vm02.stdout: api_asio:
2026-03-31T12:27:59.133+0000 7fe780de7640 1 -- 192.168.123.102:0/1312023702 <== osd.4 v1:192.168.123.109:6801/3541943304 32 ==== osd_op_reply(32 exist [writefull 0~5] v24'11 uv11 ondisk = 0) ==== 149+0+0 (unknown 2263580990 0 0) 0x7fe774004790 con 0x55d039b86290
2026-03-31T12:27:59.137 INFO:tasks.workunit.client.0.vm02.stdout: api_asio: [ OK ] AsioRados.AsyncWriteOperationAwaitable (1 ms)
2026-03-31T12:27:59.137 INFO:tasks.workunit.client.0.vm02.stdout: api_asio: [ RUN ] AsioRados.AsyncNotifyCallback
2026-03-31T12:27:59.137 INFO:tasks.workunit.client.0.vm02.stdout: api_asio:
2026-03-31T12:27:59.133+0000 7fe783b13980 1 -- 192.168.123.102:0/1312023702 --> v1:192.168.123.109:6801/3541943304 -- osd_op(unknown.0.0:33 7.1 7:8049a5cb:::exist:head [notify cookie 94352810089072 in=17b] snapc 0=[] ondisk+read+known_if_redirected+supports_pool_eio e24) -- 0x55d039ba9f70 con 0x55d039b86290
2026-03-31T12:27:59.137 INFO:tasks.workunit.client.0.vm02.stdout: api_asio:
2026-03-31T12:27:59.133+0000 7fe783b13980 1 -- 192.168.123.102:0/1312023702 --> v1:192.168.123.109:6801/3541943304 -- osd_op(unknown.0.0:34 7.1 7:855dde50:::noexist:head [notify cookie 94352810091728 in=17b] snapc 0=[] ondisk+read+known_if_redirected+supports_pool_eio e24) -- 0x55d039baf670 con 0x55d039b86290
2026-03-31T12:27:59.137 INFO:tasks.workunit.client.0.vm02.stdout: api_asio:
2026-03-31T12:27:59.133+0000 7fe780de7640 1 -- 192.168.123.102:0/1312023702 <== osd.4 v1:192.168.123.109:6801/3541943304 33 ==== watch-notify(notify_complete (2) cookie 94352810089072 notify 103079215104 ret 0) ==== 42+0+8 (unknown 2979089560 0 0) 0x55d039a7f100 con 0x55d039b86290
2026-03-31T12:27:59.137 INFO:tasks.workunit.client.0.vm02.stdout: api_asio:
2026-03-31T12:27:59.133+0000 7fe780de7640 1 -- 192.168.123.102:0/1312023702 <== osd.4 v1:192.168.123.109:6801/3541943304 34 ==== osd_op_reply(33 exist [notify cookie 94352810089072 out=8b] v0'0 uv11 ondisk = 0) ==== 149+0+8 (unknown 2366341380 0 522244827) 0x7fe774004790 con 0x55d039b86290
2026-03-31T12:27:59.137 INFO:tasks.workunit.client.0.vm02.stdout: api_asio:
2026-03-31T12:27:59.133+0000 7fe780de7640 1 -- 192.168.123.102:0/1312023702 <== osd.4 v1:192.168.123.109:6801/3541943304 35 ==== osd_op_reply(34 noexist [notify cookie 94352810091728] v0'0 uv0 ondisk = -2 ((2) No such file or directory)) ==== 151+0+0 (unknown 2526839255 0 0) 0x7fe774004790 con 0x55d039b86290
2026-03-31T12:27:59.137 INFO:tasks.workunit.client.0.vm02.stdout: api_asio: [ OK ] AsioRados.AsyncNotifyCallback (0 ms)
2026-03-31T12:27:59.137 INFO:tasks.workunit.client.0.vm02.stdout: api_asio: [ RUN ] AsioRados.AsyncNotifyDeferred
2026-03-31T12:27:59.137 INFO:tasks.workunit.client.0.vm02.stdout: api_asio:
2026-03-31T12:27:59.133+0000 7fe783b13980 1 -- 192.168.123.102:0/1312023702 --> v1:192.168.123.109:6801/3541943304 -- osd_op(unknown.0.0:35 7.1 7:8049a5cb:::exist:head [notify cookie 94352810089072 in=17b] snapc 0=[] ondisk+read+known_if_redirected+supports_pool_eio e24) -- 0x55d039ba9f70 con 0x55d039b86290
2026-03-31T12:27:59.139 INFO:tasks.workunit.client.0.vm02.stdout: api_asio:
2026-03-31T12:27:59.133+0000 7fe783b13980 1 -- 192.168.123.102:0/1312023702 --> v1:192.168.123.109:6801/3541943304 -- osd_op(unknown.0.0:36 7.1 7:855dde50:::noexist:head [notify cookie 94352810091728 in=17b] snapc 0=[] ondisk+read+known_if_redirected+supports_pool_eio e24) -- 0x55d039baf670 con 0x55d039b86290
2026-03-31T12:27:59.139 INFO:tasks.workunit.client.0.vm02.stdout: api_asio:
2026-03-31T12:27:59.133+0000 7fe780de7640 1 -- 192.168.123.102:0/1312023702 <== osd.4 v1:192.168.123.109:6801/3541943304 36 ==== watch-notify(notify_complete (2) cookie 94352810089072 notify 103079215105 ret 0) ==== 42+0+8 (unknown 199134742 0 0) 0x55d039a7f100 con 0x55d039b86290
2026-03-31T12:27:59.140 INFO:tasks.workunit.client.0.vm02.stdout: api_asio:
2026-03-31T12:27:59.133+0000 7fe780de7640 1 -- 192.168.123.102:0/1312023702 <== osd.4 v1:192.168.123.109:6801/3541943304 37 ==== osd_op_reply(35 exist [notify cookie 94352810089072 out=8b] v0'0 uv11 ondisk = 0) ==== 149+0+8 (unknown 2366341380 0 1444720636) 0x7fe774004790 con 0x55d039b86290
2026-03-31T12:27:59.140 INFO:tasks.workunit.client.0.vm02.stdout: api_asio:
2026-03-31T12:27:59.133+0000 7fe780de7640 1 -- 192.168.123.102:0/1312023702 <== osd.4 v1:192.168.123.109:6801/3541943304 38 ==== osd_op_reply(36 noexist [notify cookie 94352810091728] v0'0 uv0 ondisk = -2 ((2) No such file or directory)) ==== 151+0+0 (unknown 2526839255 0 0) 0x7fe774004790 con 0x55d039b86290
2026-03-31T12:27:59.140 INFO:tasks.workunit.client.0.vm02.stdout: api_asio: [ OK ] AsioRados.AsyncNotifyDeferred (0 ms)
2026-03-31T12:27:59.140 INFO:tasks.workunit.client.0.vm02.stdout: api_asio: [ RUN ] AsioRados.AsyncNotifyFuture
2026-03-31T12:27:59.140 INFO:tasks.workunit.client.0.vm02.stdout: api_asio:
2026-03-31T12:27:59.133+0000 7fe783b13980 1 -- 192.168.123.102:0/1312023702 --> v1:192.168.123.109:6801/3541943304 -- osd_op(unknown.0.0:37 7.1 7:8049a5cb:::exist:head [notify cookie 94352810091728 in=17b] snapc 0=[] ondisk+read+known_if_redirected+supports_pool_eio e24) -- 0x55d039ba9f70 con 0x55d039b86290
2026-03-31T12:27:59.140 INFO:tasks.workunit.client.0.vm02.stdout: api_asio:
2026-03-31T12:27:59.133+0000 7fe783b13980 1 -- 192.168.123.102:0/1312023702 --> v1:192.168.123.109:6801/3541943304 -- osd_op(unknown.0.0:38 7.1 7:855dde50:::noexist:head [notify cookie 94352810349840 in=17b] snapc 0=[] ondisk+read+known_if_redirected+supports_pool_eio e24) -- 0x55d039baf670 con 0x55d039b86290
2026-03-31T12:27:59.140 INFO:tasks.workunit.client.0.vm02.stdout: api_asio:
2026-03-31T12:27:59.133+0000 7fe780de7640 1 -- 192.168.123.102:0/1312023702 <== osd.4 v1:192.168.123.109:6801/3541943304 39 ==== watch-notify(notify_complete (2) cookie 94352810091728 notify 103079215106 ret 0) ==== 42+0+8 (unknown 3680382242 0 0) 0x55d039a7f100 con 0x55d039b86290
2026-03-31T12:27:59.140 INFO:tasks.workunit.client.0.vm02.stdout: api_asio:
2026-03-31T12:27:59.133+0000 7fe780de7640 1 -- 192.168.123.102:0/1312023702 <== osd.4 v1:192.168.123.109:6801/3541943304 40 ==== osd_op_reply(37 exist [notify cookie 94352810091728 out=8b] v0'0 uv11 ondisk = 0) ==== 149+0+8 (unknown 2409894231 0 2371365013) 0x7fe774004790 con 0x55d039b86290
2026-03-31T12:27:59.140 INFO:tasks.workunit.client.0.vm02.stdout: api_asio:
2026-03-31T12:27:59.133+0000 7fe780de7640 1 -- 192.168.123.102:0/1312023702 <== osd.4 v1:192.168.123.109:6801/3541943304 41 ==== osd_op_reply(38 noexist [notify cookie 94352810349840] v0'0 uv0 ondisk = -2 ((2) No such file or directory)) ==== 151+0+0 (unknown 369597787 0 0) 0x7fe774004790 con 0x55d039b86290
2026-03-31T12:27:59.140 INFO:tasks.workunit.client.0.vm02.stdout: api_asio: [ OK ] AsioRados.AsyncNotifyFuture (0 ms)
2026-03-31T12:27:59.140 INFO:tasks.workunit.client.0.vm02.stdout: api_asio: [ RUN ] AsioRados.AsyncNotifyYield
2026-03-31T12:27:59.140 INFO:tasks.workunit.client.0.vm02.stdout: api_asio:
2026-03-31T12:27:59.133+0000 7fe783b13980 1 -- 192.168.123.102:0/1312023702 --> v1:192.168.123.109:6801/3541943304 -- osd_op(unknown.0.0:39 7.1 7:8049a5cb:::exist:head [notify cookie 94352810349840 in=17b] snapc 0=[] ondisk+read+known_if_redirected+supports_pool_eio e24) -- 0x55d039ba9f70 con 0x55d039b86290
2026-03-31T12:27:59.140 INFO:tasks.workunit.client.0.vm02.stdout: api_asio:
2026-03-31T12:27:59.133+0000 7fe783b13980 1 -- 192.168.123.102:0/1312023702 --> v1:192.168.123.109:6801/3541943304 -- osd_op(unknown.0.0:40 7.1 7:855dde50:::noexist:head [notify cookie 94352810112624 in=17b] snapc 0=[] ondisk+read+known_if_redirected+supports_pool_eio e24) -- 0x55d039bafaa0 con 0x55d039b86290
2026-03-31T12:27:59.140 INFO:tasks.workunit.client.0.vm02.stdout: api_asio:
2026-03-31T12:27:59.137+0000 7fe780de7640 1 -- 192.168.123.102:0/1312023702 <== osd.4 v1:192.168.123.109:6801/3541943304 42 ==== watch-notify(notify_complete (2) cookie 94352810349840 notify 103079215107 ret 0) ==== 42+0+8 (unknown 3703745853 0 0) 0x55d039a7f100 con 0x55d039b86290
2026-03-31T12:27:59.142 INFO:tasks.workunit.client.0.vm02.stdout: api_asio:
2026-03-31T12:27:59.137+0000 7fe780de7640 1 -- 192.168.123.102:0/1312023702 <== osd.4 v1:192.168.123.109:6801/3541943304 43 ==== osd_op_reply(39 exist [notify cookie 94352810349840 out=8b] v0'0 uv11 ondisk = 0) ==== 149+0+8 (unknown 255790555 0 3294909874) 0x7fe774004790 con 0x55d039b86290
2026-03-31T12:27:59.142 INFO:tasks.workunit.client.0.vm02.stdout: api_asio:
2026-03-31T12:27:59.137+0000 7fe780de7640 1 -- 192.168.123.102:0/1312023702 <== osd.4 v1:192.168.123.109:6801/3541943304 44 ==== osd_op_reply(40 noexist [notify cookie 94352810112624] v0'0 uv0 ondisk = -2 ((2) No such file or directory)) ==== 151+0+0 (unknown 2289215988 0 0) 0x7fe774004790 con 0x55d039b86290
2026-03-31T12:27:59.142 INFO:tasks.workunit.client.0.vm02.stdout: api_asio: [ OK ] AsioRados.AsyncNotifyYield (2 ms)
2026-03-31T12:27:59.142 INFO:tasks.workunit.client.0.vm02.stdout: api_asio: [ RUN ] AsioRados.AsyncNotifyAwaitable
2026-03-31T12:27:59.142 INFO:tasks.workunit.client.0.vm02.stdout: api_asio:
2026-03-31T12:27:59.137+0000 7fe783b13980 1 -- 192.168.123.102:0/1312023702 --> v1:192.168.123.109:6801/3541943304 -- osd_op(unknown.0.0:41 7.1 7:8049a5cb:::exist:head [notify cookie 94352810349840 in=17b] snapc 0=[] ondisk+read+known_if_redirected+supports_pool_eio e24) -- 0x55d039ba9f70 con 0x55d039b86290
2026-03-31T12:27:59.142 INFO:tasks.workunit.client.0.vm02.stdout: api_asio:
2026-03-31T12:27:59.137+0000 7fe783b13980 1 -- 192.168.123.102:0/1312023702 --> v1:192.168.123.109:6801/3541943304 -- osd_op(unknown.0.0:42 7.1 7:855dde50:::noexist:head [notify cookie 94352810091840 in=17b] snapc 0=[] ondisk+read+known_if_redirected+supports_pool_eio e24) -- 0x55d039bafb20 con 0x55d039b86290
2026-03-31T12:27:59.142 INFO:tasks.workunit.client.0.vm02.stdout: api_asio:
2026-03-31T12:27:59.137+0000 7fe780de7640 1 -- 192.168.123.102:0/1312023702 <== osd.4 v1:192.168.123.109:6801/3541943304 45 ==== watch-notify(notify_complete (2) cookie 94352810349840 notify 103079215108 ret 0) ==== 42+0+8 (unknown 4112087940 0 0) 0x55d039a7f100 con 0x55d039b86290
2026-03-31T12:27:59.142 INFO:tasks.workunit.client.0.vm02.stdout: api_asio:
2026-03-31T12:27:59.137+0000 7fe780de7640 1 -- 192.168.123.102:0/1312023702 <== osd.4 v1:192.168.123.109:6801/3541943304 46 ==== osd_op_reply(41 exist [notify cookie 94352810349840 out=8b] v0'0 uv11 ondisk = 0) ==== 149+0+8 (unknown 255790555 0 1044205750) 0x7fe774004790 con 0x55d039b86290
2026-03-31T12:27:59.142 INFO:tasks.workunit.client.0.vm02.stdout: api_asio:
2026-03-31T12:27:59.137+0000 7fe780de7640 1 -- 192.168.123.102:0/1312023702 <== osd.4 v1:192.168.123.109:6801/3541943304 47 ==== osd_op_reply(42 noexist [notify cookie 94352810091840] v0'0 uv0 ondisk = -2 ((2) No such file or directory)) ==== 151+0+0 (unknown 925788632 0 0) 0x7fe774004790 con 0x55d039b86290
2026-03-31T12:27:59.142 INFO:tasks.workunit.client.0.vm02.stdout: api_asio: [ OK ] AsioRados.AsyncNotifyAwaitable (0 ms)
2026-03-31T12:27:59.142 INFO:tasks.workunit.client.0.vm02.stdout: api_asio: [ RUN ] AsioRados.AsyncReadOperationCancelTerminal
2026-03-31T12:27:59.142 INFO:tasks.workunit.client.0.vm02.stdout: api_asio:
2026-03-31T12:27:59.137+0000 7fe783b13980 1 -- 192.168.123.102:0/1312023702 --> v1:192.168.123.109:6801/3541943304 -- osd_op(unknown.0.0:43 7.1 7:855dde50:::noexist:head [stat] snapc 0=[] ondisk+read+known_if_redirected+supports_pool_eio e24) -- 0x55d039ba9f70 con 0x55d039b86290
2026-03-31T12:27:59.142 INFO:tasks.workunit.client.0.vm02.stdout: api_asio: [ OK ] AsioRados.AsyncReadOperationCancelTerminal (0 ms)
2026-03-31T12:27:59.142 INFO:tasks.workunit.client.0.vm02.stdout: api_asio: [ RUN ] AsioRados.AsyncReadOperationCancelTotal
2026-03-31T12:27:59.142 INFO:tasks.workunit.client.0.vm02.stdout: api_asio:
2026-03-31T12:27:59.137+0000 7fe783b13980 1 -- 192.168.123.102:0/1312023702 --> v1:192.168.123.109:6801/3541943304 -- osd_op(unknown.0.0:44 7.1 7:855dde50:::noexist:head [stat] snapc 0=[] ondisk+read+known_if_redirected+supports_pool_eio e24) -- 0x55d039be9510 con 0x55d039b86290
2026-03-31T12:27:59.142 INFO:tasks.workunit.client.0.vm02.stdout: api_asio: [ OK ] AsioRados.AsyncReadOperationCancelTotal (0 ms)
2026-03-31T12:27:59.142 INFO:tasks.workunit.client.0.vm02.stdout: api_asio: [ RUN ] AsioRados.AsyncWriteOperationCancelTerminal
2026-03-31T12:27:59.142 INFO:tasks.workunit.client.0.vm02.stdout: api_asio:
2026-03-31T12:27:59.137+0000 7fe783b13980 1 -- 192.168.123.102:0/1312023702 --> v1:192.168.123.109:6801/3541943304 -- osd_op(unknown.0.0:45 7.1 7:855dde50:::noexist:head [stat] snapc 0=[] ondisk+write+known_if_redirected+supports_pool_eio e24) -- 0x55d039ba9a70 con 0x55d039b86290
2026-03-31T12:27:59.142 INFO:tasks.workunit.client.0.vm02.stdout: api_asio: [ OK ] AsioRados.AsyncWriteOperationCancelTerminal (0 ms)
2026-03-31T12:27:59.142 INFO:tasks.workunit.client.0.vm02.stdout: api_asio: [ RUN ] AsioRados.AsyncWriteOperationCancelTotal
2026-03-31T12:27:59.161 INFO:tasks.workunit.client.0.vm02.stdout: api_asio:
2026-03-31T12:27:59.137+0000 7fe783b13980 1 -- 192.168.123.102:0/1312023702 --> v1:192.168.123.109:6801/3541943304 -- osd_op(unknown.0.0:46 7.1 7:855dde50:::noexist:head [stat] snapc 0=[] ondisk+write+known_if_redirected+supports_pool_eio e24) -- 0x55d039baf670 con 0x55d039b86290
2026-03-31T12:27:59.161 INFO:tasks.workunit.client.0.vm02.stdout: api_asio:
2026-03-31T12:27:59.137+0000 7fe780de7640 1 -- 192.168.123.102:0/1312023702 <== osd.4 v1:192.168.123.109:6801/3541943304 48 ==== osd_op_reply(43 noexist [stat] v0'0 uv0 ondisk = -2 ((2) No such file or directory)) ==== 151+0+0 (unknown 1190264873 0 0) 0x7fe774004790 con 0x55d039b86290
2026-03-31T12:27:59.161 INFO:tasks.workunit.client.0.vm02.stdout: api_asio:
2026-03-31T12:27:59.137+0000 7fe780de7640 1 -- 192.168.123.102:0/1312023702 <== osd.4 v1:192.168.123.109:6801/3541943304 49 ==== osd_op_reply(44 noexist [stat] v0'0 uv0 ondisk = -2 ((2) No such file or directory)) ==== 151+0+0 (unknown 1190264873 0 0) 0x7fe774004790 con 0x55d039b86290
2026-03-31T12:27:59.161 INFO:tasks.workunit.client.0.vm02.stdout: api_asio:
2026-03-31T12:27:59.137+0000 7fe780de7640 1 -- 192.168.123.102:0/1312023702 <== osd.4 v1:192.168.123.109:6801/3541943304 50 ==== osd_op_reply(45 noexist [stat] v0'0 uv0 ondisk = -2 ((2) No such file or directory)) ==== 151+0+0 (unknown 1322527139 0 0) 0x7fe774004790 con 0x55d039b86290
2026-03-31T12:27:59.161 INFO:tasks.workunit.client.0.vm02.stdout: api_asio:
2026-03-31T12:27:59.137+0000 7fe780de7640 1 -- 192.168.123.102:0/1312023702 <== osd.4 v1:192.168.123.109:6801/3541943304 51 ==== osd_op_reply(46 noexist [stat] v0'0 uv0 ondisk = -2 ((2) No such file or directory)) ==== 151+0+0 (unknown 1322527139 0 0) 0x7fe774004790 con 0x55d039b86290
2026-03-31T12:27:59.161 INFO:tasks.workunit.client.0.vm02.stdout: api_asio: [ OK ] AsioRados.AsyncWriteOperationCancelTotal (1 ms)
2026-03-31T12:27:59.161 INFO:tasks.workunit.client.0.vm02.stdout: api_asio:
2026-03-31T12:27:59.141+0000 7fe783b13980 1 -- 192.168.123.102:0/1312023702 >> v1:192.168.123.109:6801/3541943304 conn(0x55d039b86290 legacy=0x55d039ba6670 unknown :-1 s=STATE_CONNECTION_ESTABLISHED l=1).mark_down
2026-03-31T12:27:59.161 INFO:tasks.workunit.client.0.vm02.stdout: api_asio:
2026-03-31T12:27:59.141+0000 7fe783b13980 1 -- 192.168.123.102:0/1312023702 >> v1:192.168.123.109:6816/2183392247 conn(0x7fe760070370 legacy=0x7fe760090820 unknown :-1 s=STATE_CONNECTION_ESTABLISHED l=1).mark_down
2026-03-31T12:27:59.161 INFO:tasks.workunit.client.0.vm02.stdout: api_asio:
2026-03-31T12:27:59.141+0000 7fe783b13980 1 -- 192.168.123.102:0/1312023702 >> v1:192.168.123.109:6789/0 conn(0x55d039a827f0 legacy=0x55d039b1d870 unknown :-1 s=STATE_CONNECTION_ESTABLISHED l=1).mark_down
2026-03-31T12:27:59.161 INFO:tasks.workunit.client.0.vm02.stdout: api_asio:
2026-03-31T12:27:59.141+0000 7fe781de9640 1 -- 192.168.123.102:0/1312023702 reap_dead start
2026-03-31T12:27:59.161 INFO:tasks.workunit.client.0.vm02.stdout: api_asio:
2026-03-31T12:27:59.141+0000 7fe783b13980 1 -- 192.168.123.102:0/1312023702 shutdown_connections
2026-03-31T12:27:59.161 INFO:tasks.workunit.client.0.vm02.stdout: api_asio:
2026-03-31T12:27:59.141+0000 7fe783b13980 1 -- 192.168.123.102:0/1312023702 >> 192.168.123.102:0/1312023702 conn(0x55d0399d60e0 msgr2=0x55d039a80de0 unknown :-1 s=STATE_NONE l=0).mark_down
2026-03-31T12:27:59.161 INFO:tasks.workunit.client.0.vm02.stdout: api_asio:
2026-03-31T12:27:59.141+0000 7fe783b13980 1 -- 192.168.123.102:0/1312023702 shutdown_connections
2026-03-31T12:27:59.161 INFO:tasks.workunit.client.0.vm02.stdout: api_asio:
2026-03-31T12:27:59.141+0000 7fe783b13980 1 -- 192.168.123.102:0/1312023702 wait complete.
2026-03-31T12:27:59.161 INFO:tasks.workunit.client.0.vm02.stdout: api_asio: [----------] 29 tests from AsioRados (79 ms total)
2026-03-31T12:27:59.161 INFO:tasks.workunit.client.0.vm02.stdout: api_asio:
2026-03-31T12:27:59.161 INFO:tasks.workunit.client.0.vm02.stdout: api_asio: [----------] Global test environment tear-down
2026-03-31T12:27:59.161 INFO:tasks.workunit.client.0.vm02.stdout: api_asio: [==========] 29 tests from 1 test suite ran. (1804 ms total)
2026-03-31T12:27:59.161 INFO:tasks.workunit.client.0.vm02.stdout: api_asio: [ PASSED ] 29 tests.
2026-03-31T12:27:59.161 INFO:tasks.workunit.client.0.vm02.stderr:+ for t in "${!pids[@]}"
2026-03-31T12:27:59.161 INFO:tasks.workunit.client.0.vm02.stderr:+ pid=28926
2026-03-31T12:27:59.161 INFO:tasks.workunit.client.0.vm02.stderr:+ wait 28926
2026-03-31T12:27:59.414 INFO:tasks.workunit.client.0.vm02.stdout: api_list: [==========] Running 11 tests from 3 test suites.
2026-03-31T12:27:59.415 INFO:tasks.workunit.client.0.vm02.stdout: api_list: [----------] Global test environment set-up.
2026-03-31T12:27:59.415 INFO:tasks.workunit.client.0.vm02.stdout: api_list: [----------] 7 tests from LibRadosList
2026-03-31T12:27:59.415 INFO:tasks.workunit.client.0.vm02.stdout: api_list: [ RUN ] LibRadosList.ListObjects
2026-03-31T12:27:59.415 INFO:tasks.workunit.client.0.vm02.stdout: api_list: [ OK ] LibRadosList.ListObjects (385 ms)
2026-03-31T12:27:59.415 INFO:tasks.workunit.client.0.vm02.stdout: api_list: [ RUN ] LibRadosList.ListObjectsZeroInName
2026-03-31T12:27:59.415 INFO:tasks.workunit.client.0.vm02.stdout: api_list: [ OK ] LibRadosList.ListObjectsZeroInName (32 ms)
2026-03-31T12:27:59.415 INFO:tasks.workunit.client.0.vm02.stdout: api_list: [ RUN ] LibRadosList.ListObjectsNS
2026-03-31T12:27:59.415 INFO:tasks.workunit.client.0.vm02.stdout: api_list: myset foo1,foo2,foo3
2026-03-31T12:27:59.415 INFO:tasks.workunit.client.0.vm02.stdout: api_list: foo1
2026-03-31T12:27:59.415 INFO:tasks.workunit.client.0.vm02.stdout: api_list: foo2
2026-03-31T12:27:59.415 INFO:tasks.workunit.client.0.vm02.stdout: api_list: foo3
2026-03-31T12:27:59.415 INFO:tasks.workunit.client.0.vm02.stdout: api_list: myset foo1,foo4,foo5
2026-03-31T12:27:59.415 INFO:tasks.workunit.client.0.vm02.stdout: api_list: foo4
2026-03-31T12:27:59.415 INFO:tasks.workunit.client.0.vm02.stdout: api_list: foo5
2026-03-31T12:27:59.415 INFO:tasks.workunit.client.0.vm02.stdout: api_list: foo1
2026-03-31T12:27:59.415 INFO:tasks.workunit.client.0.vm02.stdout: api_list: myset foo6,foo7
2026-03-31T12:27:59.415 INFO:tasks.workunit.client.0.vm02.stdout: api_list: foo7
2026-03-31T12:27:59.415 INFO:tasks.workunit.client.0.vm02.stdout: api_list: foo6
2026-03-31T12:27:59.415 INFO:tasks.workunit.client.0.vm02.stdout: api_list: myset :foo1,:foo2,:foo3,ns1:foo1,ns1:foo4,ns1:foo5,ns2:foo6,ns2:foo7
2026-03-31T12:27:59.415 INFO:tasks.workunit.client.0.vm02.stdout: api_list: ns1:foo4
2026-03-31T12:27:59.415 INFO:tasks.workunit.client.0.vm02.stdout: api_list: ns1:foo5
2026-03-31T12:27:59.415 INFO:tasks.workunit.client.0.vm02.stdout: api_list: ns2:foo7
2026-03-31T12:27:59.415 INFO:tasks.workunit.client.0.vm02.stdout: api_list: ns2:foo6
2026-03-31T12:27:59.415 INFO:tasks.workunit.client.0.vm02.stdout: api_list: ns1:foo1
2026-03-31T12:27:59.415 INFO:tasks.workunit.client.0.vm02.stdout: api_list: :foo1
2026-03-31T12:27:59.415 INFO:tasks.workunit.client.0.vm02.stdout: api_list: :foo2
2026-03-31T12:27:59.415 INFO:tasks.workunit.client.0.vm02.stdout: api_list: :foo3
2026-03-31T12:27:59.415 INFO:tasks.workunit.client.0.vm02.stdout: api_list: [ OK ] LibRadosList.ListObjectsNS (98 ms)
2026-03-31T12:27:59.415 INFO:tasks.workunit.client.0.vm02.stdout: api_list: [ RUN ] LibRadosList.ListObjectsStart
2026-03-31T12:27:59.415 INFO:tasks.workunit.client.0.vm02.stdout: api_list: 1 0
2026-03-31T12:27:59.415 INFO:tasks.workunit.client.0.vm02.stdout: api_list: 10 0
2026-03-31T12:27:59.415 INFO:tasks.workunit.client.0.vm02.stdout: api_list: 13 0
2026-03-31T12:27:59.415 INFO:tasks.workunit.client.0.vm02.stdout: api_list: 7 0
2026-03-31T12:27:59.415 INFO:tasks.workunit.client.0.vm02.stdout: api_list: 14 0
2026-03-31T12:27:59.415 INFO:tasks.workunit.client.0.vm02.stdout: api_list: 0 0
2026-03-31T12:27:59.415 INFO:tasks.workunit.client.0.vm02.stdout: api_list: 15 0
2026-03-31T12:27:59.415 INFO:tasks.workunit.client.0.vm02.stdout: api_list: 11 0
2026-03-31T12:27:59.415 INFO:tasks.workunit.client.0.vm02.stdout: api_list: 5 0
2026-03-31T12:27:59.415 INFO:tasks.workunit.client.0.vm02.stdout: api_list: 8 0
2026-03-31T12:27:59.415 INFO:tasks.workunit.client.0.vm02.stdout: api_list: 6 0
